2024-01-04T20:43:36.524+0000 7efc8a7fc700 1 -- 172.21.15.16:0/333917376 <== mon.0 v2:172.21.15.16:3300/0 1 ==== mon_map magic: 0 v1 ==== 229+0+0 (secure 0 0 0) 0x7efc90010960 con 0x7efc94070f80
2024-01-04T20:43:37.242 INFO:teuthology.orchestra.run.smithi016.stdout:/usr/bin/ceph: stderr
2024-01-04T20:43:36.524+0000 7efc8a7fc700 1 -- 172.21.15.16:0/333917376 <== mon.0 v2:172.21.15.16:3300/0 2 ==== config(26 keys) v1 ==== 1074+0+0 (secure 0 0 0) 0x7efc9001a430 con 0x7efc94070f80
2024-01-04T20:43:37.242 INFO:teuthology.orchestra.run.smithi016.stdout:/usr/bin/ceph: stderr
2024-01-04T20:43:36.524+0000 7efc9c0f9700 1 -- 172.21.15.16:0/333917376 --> [v2:172.21.15.16:3300/0,v1:172.21.15.16:6789/0] -- mon_subscribe({mgrmap=0+}) v3 -- 0x7efc94113b00 con 0x7efc94070f80
2024-01-04T20:43:37.242 INFO:teuthology.orchestra.run.smithi016.stdout:/usr/bin/ceph: stderr
2024-01-04T20:43:36.524+0000 7efc8a7fc700 1 -- 172.21.15.16:0/333917376 <== mon.0 v2:172.21.15.16:3300/0 3 ==== mon_map magic: 0 v1 ==== 229+0+0 (secure 0 0 0) 0x7efc900245b0 con 0x7efc94070f80
2024-01-04T20:43:37.242 INFO:teuthology.orchestra.run.smithi016.stdout:/usr/bin/ceph: stderr
2024-01-04T20:43:36.524+0000 7efc9c0f9700 1 -- 172.21.15.16:0/333917376 --> [v2:172.21.15.16:3300/0,v1:172.21.15.16:6789/0] -- mon_subscribe({osdmap=0}) v3 -- 0x7efc94113f10 con 0x7efc94070f80
2024-01-04T20:43:37.242 INFO:teuthology.orchestra.run.smithi016.stdout:/usr/bin/ceph: stderr
2024-01-04T20:43:36.525+0000 7efc9c0f9700 1 -- 172.21.15.16:0/333917376 --> [v2:172.21.15.16:3300/0,v1:172.21.15.16:6789/0] -- mon_command({"prefix": "get_command_descriptions"} v 0) v1 -- 0x7efc9404bb80 con 0x7efc94070f80
2024-01-04T20:43:37.242 INFO:teuthology.orchestra.run.smithi016.stdout:/usr/bin/ceph: stderr
2024-01-04T20:43:36.525+0000 7efc8a7fc700 1 -- 172.21.15.16:0/333917376 <== mon.0 v2:172.21.15.16:3300/0 4 ==== mgrmap(e 11) v1 ==== 43188+0+0 (secure 0 0 0) 0x7efc9001a9f0 con 0x7efc94070f80
2024-01-04T20:43:37.242 INFO:teuthology.orchestra.run.smithi016.stdout:/usr/bin/ceph: stderr
2024-01-04T20:43:36.526+0000 7efc8a7fc700 1 --2- 172.21.15.16:0/333917376 >> [v2:172.21.15.16:6800/509642452,v1:172.21.15.16:6801/509642452] conn(0x7efc80036570 0x7efc80038a20 unknown :-1 s=NONE pgs=0 cs=0 l=1 rev1=0 crypto rx=0 tx=0 comp rx=0 tx=0).connect
2024-01-04T20:43:37.242 INFO:teuthology.orchestra.run.smithi016.stdout:/usr/bin/ceph: stderr
2024-01-04T20:43:36.526+0000 7efc8a7fc700 1 -- 172.21.15.16:0/333917376 <== mon.0 v2:172.21.15.16:3300/0 5 ==== osd_map(3..3 src has 1..3) v4 ==== 1151+0+0 (secure 0 0 0) 0x7efc9004a100 con 0x7efc94070f80
2024-01-04T20:43:37.242 INFO:teuthology.orchestra.run.smithi016.stdout:/usr/bin/ceph: stderr
2024-01-04T20:43:36.526+0000 7efc99694700 1 --2- 172.21.15.16:0/333917376 >> [v2:172.21.15.16:6800/509642452,v1:172.21.15.16:6801/509642452] conn(0x7efc80036570 0x7efc80038a20 unknown :-1 s=BANNER_CONNECTING pgs=0 cs=0 l=1 rev1=0 crypto rx=0 tx=0 comp rx=0 tx=0)._handle_peer_banner_payload supported=3 required=0
2024-01-04T20:43:37.242 INFO:teuthology.orchestra.run.smithi016.stdout:/usr/bin/ceph: stderr
2024-01-04T20:43:36.527+0000 7efc99694700 1 --2- 172.21.15.16:0/333917376 >> [v2:172.21.15.16:6800/509642452,v1:172.21.15.16:6801/509642452] conn(0x7efc80036570 0x7efc80038a20 secure :-1 s=READY pgs=7 cs=0 l=1 rev1=1 crypto rx=0x7efc84009990 tx=0x7efc84006e40 comp rx=0 tx=0).ready entity=mgr.14162 client_cookie=0 server_cookie=0 in_seq=0 out_seq=0
2024-01-04T20:43:37.243 INFO:teuthology.orchestra.run.smithi016.stdout:/usr/bin/ceph: stderr
2024-01-04T20:43:36.531+0000 7efc8a7fc700 1 -- 172.21.15.16:0/333917376 <== mon.0 v2:172.21.15.16:3300/0 6 ==== mon_command_ack([{"prefix": "get_command_descriptions"}]=0 v0) v1 ==== 72+0+174570 (secure 0 0 0) 0x7efc9002b8c0 con 0x7efc94070f80
2024-01-04T20:43:37.243 INFO:teuthology.orchestra.run.smithi016.stdout:/usr/bin/ceph: stderr
2024-01-04T20:43:36.744+0000 7efc9c0f9700 1 -- 172.21.15.16:0/333917376 --> [v2:172.21.15.16:6800/509642452,v1:172.21.15.16:6801/509642452] -- mgr_command(tid 0: {"prefix": "dashboard create-self-signed-cert", "target": ["mon-mgr", ""]}) v1 -- 0x7efc940008d0 con 0x7efc80036570
2024-01-04T20:43:37.243 INFO:teuthology.orchestra.run.smithi016.stdout:/usr/bin/ceph: stderr
2024-01-04T20:43:36.914+0000 7efc8a7fc700 1 -- 172.21.15.16:0/333917376 <== mgr.14162 v2:172.21.15.16:6800/509642452 1 ==== mgr_command_reply(tid 0: 0 ) v1 ==== 8+0+32 (secure 0 0 0) 0x7efc940008d0 con 0x7efc80036570
2024-01-04T20:43:37.243 INFO:teuthology.orchestra.run.smithi016.stdout:/usr/bin/ceph: stderr
2024-01-04T20:43:36.917+0000 7efc9c0f9700 1 -- 172.21.15.16:0/333917376 >> [v2:172.21.15.16:6800/509642452,v1:172.21.15.16:6801/509642452] conn(0x7efc80036570 msgr2=0x7efc80038a20 secure :-1 s=STATE_CONNECTION_ESTABLISHED l=1).mark_down
2024-01-04T20:43:37.243 INFO:teuthology.orchestra.run.smithi016.stdout:/usr/bin/ceph: stderr
2024-01-04T20:43:36.917+0000 7efc9c0f9700 1 --2- 172.21.15.16:0/333917376 >> [v2:172.21.15.16:6800/509642452,v1:172.21.15.16:6801/509642452] conn(0x7efc80036570 0x7efc80038a20 secure :-1 s=READY pgs=7 cs=0 l=1 rev1=1 crypto rx=0x7efc84009990 tx=0x7efc84006e40 comp rx=0 tx=0).stop
2024-01-04T20:43:37.243 INFO:teuthology.orchestra.run.smithi016.stdout:/usr/bin/ceph: stderr
2024-01-04T20:43:36.917+0000 7efc9c0f9700 1 -- 172.21.15.16:0/333917376 >> [v2:172.21.15.16:3300/0,v1:172.21.15.16:6789/0] conn(0x7efc94070f80 msgr2=0x7efc941133c0 secure :-1 s=STATE_CONNECTION_ESTABLISHED l=1).mark_down
2024-01-04T20:43:37.243 INFO:teuthology.orchestra.run.smithi016.stdout:/usr/bin/ceph: stderr
2024-01-04T20:43:36.917+0000 7efc9c0f9700 1 --2- 172.21.15.16:0/333917376 >> [v2:172.21.15.16:3300/0,v1:172.21.15.16:6789/0] conn(0x7efc94070f80 0x7efc941133c0 secure :-1 s=READY pgs=81 cs=0 l=1 rev1=1 crypto rx=0x7efc90006d40 tx=0x7efc90009250 comp rx=0 tx=0).stop
2024-01-04T20:43:37.243 INFO:teuthology.orchestra.run.smithi016.stdout:/usr/bin/ceph: stderr
2024-01-04T20:43:36.917+0000 7efc9c0f9700 1 -- 172.21.15.16:0/333917376 shutdown_connections
2024-01-04T20:43:37.243 INFO:teuthology.orchestra.run.smithi016.stdout:/usr/bin/ceph: stderr
2024-01-04T20:43:36.917+0000 7efc9c0f9700 1 --2- 172.21.15.16:0/333917376 >> [v2:172.21.15.16:6800/509642452,v1:172.21.15.16:6801/509642452] conn(0x7efc80036570 0x7efc80038a20 unknown :-1 s=CLOSED pgs=7 cs=0 l=1 rev1=1 crypto rx=0 tx=0 comp rx=0 tx=0).stop
2024-01-04T20:43:37.243 INFO:teuthology.orchestra.run.smithi016.stdout:/usr/bin/ceph: stderr
2024-01-04T20:43:36.917+0000 7efc9c0f9700 1 --2- 172.21.15.16:0/333917376 >> [v2:172.21.15.16:3300/0,v1:172.21.15.16:6789/0] conn(0x7efc94070f80 0x7efc941133c0 unknown :-1 s=CLOSED pgs=81 cs=0 l=1 rev1=1 crypto rx=0 tx=0 comp rx=0 tx=0).stop
2024-01-04T20:43:37.243 INFO:teuthology.orchestra.run.smithi016.stdout:/usr/bin/ceph: stderr
2024-01-04T20:43:36.917+0000 7efc9c0f9700 1 -- 172.21.15.16:0/333917376 >> 172.21.15.16:0/333917376 conn(0x7efc940fc970 msgr2=0x7efc940fe1d0 unknown :-1 s=STATE_NONE l=0).mark_down
2024-01-04T20:43:37.243 INFO:teuthology.orchestra.run.smithi016.stdout:/usr/bin/ceph: stderr
2024-01-04T20:43:36.917+0000 7efc9c0f9700 1 -- 172.21.15.16:0/333917376 shutdown_connections
2024-01-04T20:43:37.243 INFO:teuthology.orchestra.run.smithi016.stdout:/usr/bin/ceph: stderr
2024-01-04T20:43:36.917+0000 7efc9c0f9700 1 -- 172.21.15.16:0/333917376 wait complete.
2024-01-04T20:43:37.243 INFO:teuthology.orchestra.run.smithi016.stdout:Creating initial admin user...
2024-01-04T20:43:38.327 INFO:journalctl@ceph.mon.smithi016.smithi016.stdout:Jan 04 20:43:38 smithi016 ceph-mon[107121]: from='client.14174 -' entity='client.admin' cmd=[{"prefix": "dashboard create-self-signed-cert", "target": ["mon-mgr", ""]}]: dispatch
2024-01-04T20:43:38.328 INFO:journalctl@ceph.mon.smithi016.smithi016.stdout:Jan 04 20:43:38 smithi016 ceph-mon[107121]: mgrmap e12: smithi016.cvknts(active, since 2s)
2024-01-04T20:43:38.328 INFO:journalctl@ceph.mon.smithi016.smithi016.stdout:Jan 04 20:43:38 smithi016 ceph-mon[107121]: from='mgr.14162 172.21.15.16:0/461263348' entity='mgr.smithi016.cvknts'
2024-01-04T20:43:38.642 INFO:teuthology.orchestra.run.smithi016.stdout:/usr/bin/ceph: stdout {"username": "admin", "password": "$2b$12$yctR4pSKtY1OEWbT4ajsA.jv/mrJwme0CdtLwCzy2IRFiUSoj9RAS", "roles": ["administrator"], "name": null, "email": null, "lastUpdate": 1704401018, "enabled": true, "pwdExpirationDate": null, "pwdUpdateRequired": true}
2024-01-04T20:43:38.642 INFO:teuthology.orchestra.run.smithi016.stdout:/usr/bin/ceph: stderr
2024-01-04T20:43:37.678+0000 7f7e5d080700 1 Processor -- start
2024-01-04T20:43:38.642 INFO:teuthology.orchestra.run.smithi016.stdout:/usr/bin/ceph: stderr
2024-01-04T20:43:37.679+0000 7f7e5d080700 1 -- start start
2024-01-04T20:43:38.642 INFO:teuthology.orchestra.run.smithi016.stdout:/usr/bin/ceph: stderr
2024-01-04T20:43:37.679+0000 7f7e5d080700 1 --2- >> [v2:172.21.15.16:3300/0,v1:172.21.15.16:6789/0] conn(0x7f7e581022d0 0x7f7e581026e0 unknown :-1 s=NONE pgs=0 cs=0 l=0 rev1=0 crypto rx=0 tx=0 comp rx=0 tx=0).connect
2024-01-04T20:43:38.643 INFO:teuthology.orchestra.run.smithi016.stdout:/usr/bin/ceph: stderr
2024-01-04T20:43:37.679+0000 7f7e5d080700 1 -- --> [v2:172.21.15.16:3300/0,v1:172.21.15.16:6789/0] -- mon_getmap magic: 0 v1 -- 0x7f7e58102c20 con 0x7f7e581022d0
2024-01-04T20:43:38.643 INFO:teuthology.orchestra.run.smithi016.stdout:/usr/bin/ceph: stderr
2024-01-04T20:43:37.679+0000 7f7e56d9d700 1 --2- >> [v2:172.21.15.16:3300/0,v1:172.21.15.16:6789/0] conn(0x7f7e581022d0 0x7f7e581026e0 unknown :-1 s=BANNER_CONNECTING pgs=0 cs=0 l=0 rev1=0 crypto rx=0 tx=0 comp rx=0 tx=0)._handle_peer_banner_payload supported=3 required=0
2024-01-04T20:43:38.643 INFO:teuthology.orchestra.run.smithi016.stdout:/usr/bin/ceph: stderr
2024-01-04T20:43:37.679+0000 7f7e56d9d700 1 --2- >> [v2:172.21.15.16:3300/0,v1:172.21.15.16:6789/0] conn(0x7f7e581022d0 0x7f7e581026e0 unknown :-1 s=HELLO_CONNECTING pgs=0 cs=0 l=0 rev1=1 crypto rx=0 tx=0 comp rx=0 tx=0).handle_hello peer v2:172.21.15.16:3300/0 says I am v2:172.21.15.16:56158/0 (socket says 172.21.15.16:56158)
2024-01-04T20:43:38.643 INFO:teuthology.orchestra.run.smithi016.stdout:/usr/bin/ceph: stderr
2024-01-04T20:43:37.679+0000 7f7e56d9d700 1 -- 172.21.15.16:0/2970996993 learned_addr learned my addr 172.21.15.16:0/2970996993 (peer_addr_for_me v2:172.21.15.16:0/0)
2024-01-04T20:43:38.643 INFO:teuthology.orchestra.run.smithi016.stdout:/usr/bin/ceph: stderr
2024-01-04T20:43:37.680+0000 7f7e56d9d700 1 -- 172.21.15.16:0/2970996993 --> [v2:172.21.15.16:3300/0,v1:172.21.15.16:6789/0] -- mon_subscribe({config=0+,monmap=0+}) v3 -- 0x7f7e58102d60 con 0x7f7e581022d0
2024-01-04T20:43:38.643 INFO:teuthology.orchestra.run.smithi016.stdout:/usr/bin/ceph: stderr
2024-01-04T20:43:37.680+0000 7f7e56d9d700 1 --2- 172.21.15.16:0/2970996993 >> [v2:172.21.15.16:3300/0,v1:172.21.15.16:6789/0] conn(0x7f7e581022d0 0x7f7e581026e0 secure :-1 s=READY pgs=82 cs=0 l=1 rev1=1 crypto rx=0x7f7e480098e0 tx=0x7f7e48009250 comp rx=0 tx=0).ready entity=mon.0 client_cookie=84ff912b392b4b65 server_cookie=0 in_seq=0 out_seq=0
2024-01-04T20:43:38.643 INFO:teuthology.orchestra.run.smithi016.stdout:/usr/bin/ceph: stderr
2024-01-04T20:43:37.680+0000 7f7e55d9b700 1 -- 172.21.15.16:0/2970996993 <== mon.0 v2:172.21.15.16:3300/0 1 ==== mon_map magic: 0 v1 ==== 229+0+0 (secure 0 0 0) 0x7f7e4800b860 con 0x7f7e581022d0
2024-01-04T20:43:38.643 INFO:teuthology.orchestra.run.smithi016.stdout:/usr/bin/ceph: stderr
2024-01-04T20:43:37.680+0000 7f7e55d9b700 1 -- 172.21.15.16:0/2970996993 <== mon.0 v2:172.21.15.16:3300/0 2 ==== config(26 keys) v1 ==== 1074+0+0 (secure 0 0 0) 0x7f7e4800be70 con 0x7f7e581022d0
2024-01-04T20:43:38.643 INFO:teuthology.orchestra.run.smithi016.stdout:/usr/bin/ceph: stderr
2024-01-04T20:43:37.680+0000 7f7e55d9b700 1 -- 172.21.15.16:0/2970996993 <== mon.0 v2:172.21.15.16:3300/0 3 ==== mon_map magic: 0 v1 ==== 229+0+0 (secure 0 0 0) 0x7f7e48010380 con 0x7f7e581022d0
2024-01-04T20:43:38.643 INFO:teuthology.orchestra.run.smithi016.stdout:/usr/bin/ceph: stderr
2024-01-04T20:43:37.681+0000 7f7e5d080700 1 -- 172.21.15.16:0/2970996993 >> [v2:172.21.15.16:3300/0,v1:172.21.15.16:6789/0] conn(0x7f7e581022d0 msgr2=0x7f7e581026e0 secure :-1 s=STATE_CONNECTION_ESTABLISHED l=1).mark_down
2024-01-04T20:43:38.643 INFO:teuthology.orchestra.run.smithi016.stdout:/usr/bin/ceph: stderr
2024-01-04T20:43:37.681+0000 7f7e5d080700 1 --2- 172.21.15.16:0/2970996993 >> [v2:172.21.15.16:3300/0,v1:172.21.15.16:6789/0] conn(0x7f7e581022d0 0x7f7e581026e0 secure :-1 s=READY pgs=82 cs=0 l=1 rev1=1 crypto rx=0x7f7e480098e0 tx=0x7f7e48009250 comp rx=0 tx=0).stop
2024-01-04T20:43:38.643 INFO:teuthology.orchestra.run.smithi016.stdout:/usr/bin/ceph: stderr
2024-01-04T20:43:37.681+0000 7f7e5d080700 1 -- 172.21.15.16:0/2970996993 shutdown_connections
2024-01-04T20:43:38.643 INFO:teuthology.orchestra.run.smithi016.stdout:/usr/bin/ceph: stderr
2024-01-04T20:43:37.681+0000 7f7e5d080700 1 --2- 172.21.15.16:0/2970996993 >> [v2:172.21.15.16:3300/0,v1:172.21.15.16:6789/0] conn(0x7f7e581022d0 0x7f7e581026e0 unknown :-1 s=CLOSED pgs=82 cs=0 l=1 rev1=1 crypto rx=0 tx=0 comp rx=0 tx=0).stop
2024-01-04T20:43:38.643 INFO:teuthology.orchestra.run.smithi016.stdout:/usr/bin/ceph: stderr
2024-01-04T20:43:37.681+0000 7f7e5d080700 1 -- 172.21.15.16:0/2970996993 >> 172.21.15.16:0/2970996993 conn(0x7f7e580fda50 msgr2=0x7f7e580ffe60 unknown :-1 s=STATE_NONE l=0).mark_down
2024-01-04T20:43:38.644 INFO:teuthology.orchestra.run.smithi016.stdout:/usr/bin/ceph: stderr
2024-01-04T20:43:37.681+0000 7f7e5d080700 1 -- 172.21.15.16:0/2970996993 shutdown_connections
2024-01-04T20:43:38.644 INFO:teuthology.orchestra.run.smithi016.stdout:/usr/bin/ceph: stderr
2024-01-04T20:43:37.681+0000 7f7e5d080700 1 -- 172.21.15.16:0/2970996993 wait complete.
2024-01-04T20:43:38.644 INFO:teuthology.orchestra.run.smithi016.stdout:/usr/bin/ceph: stderr
2024-01-04T20:43:37.682+0000 7f7e5d080700 1 Processor -- start
2024-01-04T20:43:38.644 INFO:teuthology.orchestra.run.smithi016.stdout:/usr/bin/ceph: stderr
2024-01-04T20:43:37.682+0000 7f7e5d080700 1 -- start start
2024-01-04T20:43:38.644 INFO:teuthology.orchestra.run.smithi016.stdout:/usr/bin/ceph: stderr
2024-01-04T20:43:37.682+0000 7f7e5d080700 1 --2- >> [v2:172.21.15.16:3300/0,v1:172.21.15.16:6789/0] conn(0x7f7e581022d0 0x7f7e58111170 unknown :-1 s=NONE pgs=0 cs=0 l=1 rev1=0 crypto rx=0 tx=0 comp rx=0 tx=0).connect
2024-01-04T20:43:38.644 INFO:teuthology.orchestra.run.smithi016.stdout:/usr/bin/ceph: stderr
2024-01-04T20:43:37.682+0000 7f7e5d080700 1 -- --> [v2:172.21.15.16:3300/0,v1:172.21.15.16:6789/0] -- mon_getmap magic: 0 v1 -- 0x7f7e581116b0 con 0x7f7e581022d0
2024-01-04T20:43:38.644 INFO:teuthology.orchestra.run.smithi016.stdout:/usr/bin/ceph: stderr
2024-01-04T20:43:37.683+0000 7f7e56d9d700 1 --2- >> [v2:172.21.15.16:3300/0,v1:172.21.15.16:6789/0] conn(0x7f7e581022d0 0x7f7e58111170 unknown :-1 s=BANNER_CONNECTING pgs=0 cs=0 l=1 rev1=0 crypto rx=0 tx=0 comp rx=0 tx=0)._handle_peer_banner_payload supported=3 required=0
2024-01-04T20:43:38.644 INFO:teuthology.orchestra.run.smithi016.stdout:/usr/bin/ceph: stderr
2024-01-04T20:43:37.683+0000 7f7e56d9d700 1 --2- >> [v2:172.21.15.16:3300/0,v1:172.21.15.16:6789/0] conn(0x7f7e581022d0 0x7f7e58111170 unknown :-1 s=HELLO_CONNECTING pgs=0 cs=0 l=1 rev1=1 crypto rx=0 tx=0 comp rx=0 tx=0).handle_hello peer v2:172.21.15.16:3300/0 says I am v2:172.21.15.16:56162/0 (socket says 172.21.15.16:56162)
2024-01-04T20:43:38.644 INFO:teuthology.orchestra.run.smithi016.stdout:/usr/bin/ceph: stderr
2024-01-04T20:43:37.683+0000 7f7e56d9d700 1 -- 172.21.15.16:0/2295608514 learned_addr learned my addr 172.21.15.16:0/2295608514 (peer_addr_for_me v2:172.21.15.16:0/0)
2024-01-04T20:43:38.644 INFO:teuthology.orchestra.run.smithi016.stdout:/usr/bin/ceph: stderr
2024-01-04T20:43:37.683+0000 7f7e56d9d700 1 -- 172.21.15.16:0/2295608514 --> [v2:172.21.15.16:3300/0,v1:172.21.15.16:6789/0] -- mon_subscribe({config=0+,monmap=0+}) v3 -- 0x7f7e480094f0 con 0x7f7e581022d0
2024-01-04T20:43:38.644 INFO:teuthology.orchestra.run.smithi016.stdout:/usr/bin/ceph: stderr
2024-01-04T20:43:37.683+0000 7f7e56d9d700 1 --2- 172.21.15.16:0/2295608514 >> [v2:172.21.15.16:3300/0,v1:172.21.15.16:6789/0] conn(0x7f7e581022d0 0x7f7e58111170 secure :-1 s=READY pgs=83 cs=0 l=1 rev1=1 crypto rx=0x7f7e4800c010 tx=0x7f7e48009250 comp rx=0 tx=0).ready entity=mon.0 client_cookie=0 server_cookie=0 in_seq=0 out_seq=0
2024-01-04T20:43:38.644 INFO:teuthology.orchestra.run.smithi016.stdout:/usr/bin/ceph: stderr
2024-01-04T20:43:37.684+0000 7f7e3f7fe700 1 -- 172.21.15.16:0/2295608514 <== mon.0 v2:172.21.15.16:3300/0 1 ==== mon_map magic: 0 v1 ==== 229+0+0 (secure 0 0 0) 0x7f7e48010960 con 0x7f7e581022d0
2024-01-04T20:43:38.644 INFO:teuthology.orchestra.run.smithi016.stdout:/usr/bin/ceph: stderr
2024-01-04T20:43:37.684+0000 7f7e3f7fe700 1 -- 172.21.15.16:0/2295608514 <== mon.0 v2:172.21.15.16:3300/0 2 ==== config(26 keys) v1 ==== 1074+0+0 (secure 0 0 0) 0x7f7e4801a430 con 0x7f7e581022d0
2024-01-04T20:43:38.645 INFO:teuthology.orchestra.run.smithi016.stdout:/usr/bin/ceph: stderr
2024-01-04T20:43:37.684+0000 7f7e3f7fe700 1 -- 172.21.15.16:0/2295608514 <== mon.0 v2:172.21.15.16:3300/0 3 ==== mon_map magic: 0 v1 ==== 229+0+0 (secure 0 0 0) 0x7f7e48019580 con 0x7f7e581022d0
2024-01-04T20:43:38.645 INFO:teuthology.orchestra.run.smithi016.stdout:/usr/bin/ceph: stderr
2024-01-04T20:43:37.684+0000 7f7e5d080700 1 -- 172.21.15.16:0/2295608514 --> [v2:172.21.15.16:3300/0,v1:172.21.15.16:6789/0] -- mon_subscribe({mgrmap=0+}) v3 -- 0x7f7e581118b0 con 0x7f7e581022d0
2024-01-04T20:43:38.645 INFO:teuthology.orchestra.run.smithi016.stdout:/usr/bin/ceph: stderr
2024-01-04T20:43:37.684+0000 7f7e5d080700 1 -- 172.21.15.16:0/2295608514 --> [v2:172.21.15.16:3300/0,v1:172.21.15.16:6789/0] -- mon_subscribe({osdmap=0}) v3 -- 0x7f7e58111cc0 con 0x7f7e581022d0
2024-01-04T20:43:38.645 INFO:teuthology.orchestra.run.smithi016.stdout:/usr/bin/ceph: stderr
2024-01-04T20:43:37.685+0000 7f7e3f7fe700 1 -- 172.21.15.16:0/2295608514 <== mon.0 v2:172.21.15.16:3300/0 4 ==== mgrmap(e 12) v1 ==== 43294+0+0 (secure 0 0 0) 0x7f7e4801a980 con 0x7f7e581022d0
2024-01-04T20:43:38.645 INFO:teuthology.orchestra.run.smithi016.stdout:/usr/bin/ceph: stderr
2024-01-04T20:43:37.685+0000 7f7e5d080700 1 -- 172.21.15.16:0/2295608514 --> [v2:172.21.15.16:3300/0,v1:172.21.15.16:6789/0] -- mon_command({"prefix": "get_command_descriptions"} v 0) v1 -- 0x7f7e5804bb80 con 0x7f7e581022d0
2024-01-04T20:43:38.645 INFO:teuthology.orchestra.run.smithi016.stdout:/usr/bin/ceph: stderr
2024-01-04T20:43:37.685+0000 7f7e3f7fe700 1 --2- 172.21.15.16:0/2295608514 >> [v2:172.21.15.16:6800/509642452,v1:172.21.15.16:6801/509642452] conn(0x7f7e40036640 0x7f7e40038af0 unknown :-1 s=NONE pgs=0 cs=0 l=1 rev1=0 crypto rx=0 tx=0 comp rx=0 tx=0).connect
2024-01-04T20:43:38.645 INFO:teuthology.orchestra.run.smithi016.stdout:/usr/bin/ceph: stderr
2024-01-04T20:43:37.685+0000 7f7e3f7fe700 1 -- 172.21.15.16:0/2295608514 <== mon.0 v2:172.21.15.16:3300/0 5 ==== osd_map(3..3 src has 1..3) v4 ==== 1151+0+0 (secure 0 0 0) 0x7f7e4804a520 con 0x7f7e581022d0
2024-01-04T20:43:38.645 INFO:teuthology.orchestra.run.smithi016.stdout:/usr/bin/ceph: stderr
2024-01-04T20:43:37.686+0000 7f7e5659c700 1 --2- 172.21.15.16:0/2295608514 >> [v2:172.21.15.16:6800/509642452,v1:172.21.15.16:6801/509642452] conn(0x7f7e40036640 0x7f7e40038af0 unknown :-1 s=BANNER_CONNECTING pgs=0 cs=0 l=1 rev1=0 crypto rx=0 tx=0 comp rx=0 tx=0)._handle_peer_banner_payload supported=3 required=0
2024-01-04T20:43:38.645 INFO:teuthology.orchestra.run.smithi016.stdout:/usr/bin/ceph: stderr
2024-01-04T20:43:37.686+0000 7f7e5659c700 1 --2- 172.21.15.16:0/2295608514 >> [v2:172.21.15.16:6800/509642452,v1:172.21.15.16:6801/509642452] conn(0x7f7e40036640 0x7f7e40038af0 secure :-1 s=READY pgs=8 cs=0 l=1 rev1=1 crypto rx=0x7f7e4c009990 tx=0x7f7e4c006e40 comp rx=0 tx=0).ready entity=mgr.14162 client_cookie=0 server_cookie=0 in_seq=0 out_seq=0
2024-01-04T20:43:38.645 INFO:teuthology.orchestra.run.smithi016.stdout:/usr/bin/ceph: stderr
2024-01-04T20:43:37.690+0000 7f7e3f7fe700 1 -- 172.21.15.16:0/2295608514 <== mon.0 v2:172.21.15.16:3300/0 6 ==== mon_command_ack([{"prefix": "get_command_descriptions"}]=0 v0) v1 ==== 72+0+174570 (secure 0 0 0) 0x7f7e4802b950 con 0x7f7e581022d0
2024-01-04T20:43:38.645 INFO:teuthology.orchestra.run.smithi016.stdout:/usr/bin/ceph: stderr
2024-01-04T20:43:37.928+0000 7f7e5d080700 1 -- 172.21.15.16:0/2295608514 --> [v2:172.21.15.16:6800/509642452,v1:172.21.15.16:6801/509642452] -- mgr_command(tid 0: {"prefix": "dashboard ac-user-create", "username": "admin", "rolename": "administrator", "force_password": true, "pwd_update_required": true, "target": ["mon-mgr", ""]}) v1 -- 0x7f7e581040b0 con 0x7f7e40036640
2024-01-04T20:43:38.645 INFO:teuthology.orchestra.run.smithi016.stdout:/usr/bin/ceph: stderr
2024-01-04T20:43:38.179+0000 7f7e3f7fe700 1 -- 172.21.15.16:0/2295608514 <== mgr.14162 v2:172.21.15.16:6800/509642452 1 ==== mgr_command_reply(tid 0: 0 ) v1 ==== 8+0+252 (secure 0 0 0) 0x7f7e581040b0 con 0x7f7e40036640
2024-01-04T20:43:38.645 INFO:teuthology.orchestra.run.smithi016.stdout:/usr/bin/ceph: stderr
2024-01-04T20:43:38.181+0000 7f7e5d080700 1 -- 172.21.15.16:0/2295608514 >> [v2:172.21.15.16:6800/509642452,v1:172.21.15.16:6801/509642452] conn(0x7f7e40036640 msgr2=0x7f7e40038af0 secure :-1 s=STATE_CONNECTION_ESTABLISHED l=1).mark_down
2024-01-04T20:43:38.645 INFO:teuthology.orchestra.run.smithi016.stdout:/usr/bin/ceph: stderr
2024-01-04T20:43:38.181+0000 7f7e5d080700 1 --2- 172.21.15.16:0/2295608514 >> [v2:172.21.15.16:6800/509642452,v1:172.21.15.16:6801/509642452] conn(0x7f7e40036640 0x7f7e40038af0 secure :-1 s=READY pgs=8 cs=0 l=1 rev1=1 crypto rx=0x7f7e4c009990 tx=0x7f7e4c006e40 comp rx=0 tx=0).stop
2024-01-04T20:43:38.645 INFO:teuthology.orchestra.run.smithi016.stdout:/usr/bin/ceph: stderr
2024-01-04T20:43:38.181+0000 7f7e5d080700 1 -- 172.21.15.16:0/2295608514 >> [v2:172.21.15.16:3300/0,v1:172.21.15.16:6789/0] conn(0x7f7e581022d0 msgr2=0x7f7e58111170 secure :-1 s=STATE_CONNECTION_ESTABLISHED l=1).mark_down
2024-01-04T20:43:38.646 INFO:teuthology.orchestra.run.smithi016.stdout:/usr/bin/ceph: stderr
2024-01-04T20:43:38.181+0000 7f7e5d080700 1 --2- 172.21.15.16:0/2295608514 >> [v2:172.21.15.16:3300/0,v1:172.21.15.16:6789/0] conn(0x7f7e581022d0 0x7f7e58111170 secure :-1 s=READY pgs=83 cs=0 l=1 rev1=1 crypto rx=0x7f7e4800c010 tx=0x7f7e48009250 comp rx=0 tx=0).stop
2024-01-04T20:43:38.646 INFO:teuthology.orchestra.run.smithi016.stdout:/usr/bin/ceph: stderr
2024-01-04T20:43:38.182+0000 7f7e5d080700 1 -- 172.21.15.16:0/2295608514 shutdown_connections
2024-01-04T20:43:38.646 INFO:teuthology.orchestra.run.smithi016.stdout:/usr/bin/ceph: stderr
2024-01-04T20:43:38.182+0000 7f7e5d080700 1 --2- 172.21.15.16:0/2295608514 >> [v2:172.21.15.16:6800/509642452,v1:172.21.15.16:6801/509642452] conn(0x7f7e40036640 0x7f7e40038af0 unknown :-1 s=CLOSED pgs=8 cs=0 l=1 rev1=1 crypto rx=0 tx=0 comp rx=0 tx=0).stop
2024-01-04T20:43:38.646 INFO:teuthology.orchestra.run.smithi016.stdout:/usr/bin/ceph: stderr
2024-01-04T20:43:38.182+0000 7f7e5d080700 1 --2- 172.21.15.16:0/2295608514 >> [v2:172.21.15.16:3300/0,v1:172.21.15.16:6789/0] conn(0x7f7e581022d0 0x7f7e58111170 unknown :-1 s=CLOSED pgs=83 cs=0 l=1 rev1=1 crypto rx=0 tx=0 comp rx=0 tx=0).stop
2024-01-04T20:43:38.646 INFO:teuthology.orchestra.run.smithi016.stdout:/usr/bin/ceph: stderr
2024-01-04T20:43:38.182+0000 7f7e5d080700 1 -- 172.21.15.16:0/2295608514 >> 172.21.15.16:0/2295608514 conn(0x7f7e580fda50 msgr2=0x7f7e580ff250 unknown :-1 s=STATE_NONE l=0).mark_down
2024-01-04T20:43:38.646 INFO:teuthology.orchestra.run.smithi016.stdout:/usr/bin/ceph: stderr
2024-01-04T20:43:38.182+0000 7f7e5d080700 1 -- 172.21.15.16:0/2295608514 shutdown_connections
2024-01-04T20:43:38.646 INFO:teuthology.orchestra.run.smithi016.stdout:/usr/bin/ceph: stderr
2024-01-04T20:43:38.182+0000 7f7e5d080700 1 -- 172.21.15.16:0/2295608514 wait complete.
2024-01-04T20:43:38.646 INFO:teuthology.orchestra.run.smithi016.stdout:Fetching dashboard port number...
2024-01-04T20:43:39.327 INFO:journalctl@ceph.mon.smithi016.smithi016.stdout:Jan 04 20:43:39 smithi016 ceph-mon[107121]: from='client.14176 -' entity='client.admin' cmd=[{"prefix": "dashboard ac-user-create", "username": "admin", "rolename": "administrator", "force_password": true, "pwd_update_required": true, "target": ["mon-mgr", ""]}]: dispatch
2024-01-04T20:43:39.328 INFO:journalctl@ceph.mon.smithi016.smithi016.stdout:Jan 04 20:43:39 smithi016 ceph-mon[107121]: from='mgr.14162 172.21.15.16:0/461263348' entity='mgr.smithi016.cvknts'
2024-01-04T20:43:39.537 INFO:teuthology.orchestra.run.smithi016.stdout:/usr/bin/ceph: stdout 8443
2024-01-04T20:43:39.537 INFO:teuthology.orchestra.run.smithi016.stdout:/usr/bin/ceph: stderr
2024-01-04T20:43:39.006+0000 7f0f1fd3d700 1 Processor -- start
2024-01-04T20:43:39.537 INFO:teuthology.orchestra.run.smithi016.stdout:/usr/bin/ceph: stderr
2024-01-04T20:43:39.007+0000 7f0f1fd3d700 1 -- start start
2024-01-04T20:43:39.537 INFO:teuthology.orchestra.run.smithi016.stdout:/usr/bin/ceph: stderr
2024-01-04T20:43:39.007+0000 7f0f1fd3d700 1 --2- >> [v2:172.21.15.16:3300/0,v1:172.21.15.16:6789/0] conn(0x7f0f18077b90 0x7f0f180760a0 unknown :-1 s=NONE pgs=0 cs=0 l=0 rev1=0 crypto rx=0 tx=0 comp rx=0 tx=0).connect
2024-01-04T20:43:39.537 INFO:teuthology.orchestra.run.smithi016.stdout:/usr/bin/ceph: stderr
2024-01-04T20:43:39.007+0000 7f0f1fd3d700 1 -- --> [v2:172.21.15.16:3300/0,v1:172.21.15.16:6789/0] -- mon_getmap magic: 0 v1 -- 0x7f0f18077fa0 con 0x7f0f18077b90
2024-01-04T20:43:39.538 INFO:teuthology.orchestra.run.smithi016.stdout:/usr/bin/ceph: stderr
2024-01-04T20:43:39.007+0000 7f0f1dad9700 1 --2- >> [v2:172.21.15.16:3300/0,v1:172.21.15.16:6789/0] conn(0x7f0f18077b90 0x7f0f180760a0 unknown :-1 s=BANNER_CONNECTING pgs=0 cs=0 l=0 rev1=0 crypto rx=0 tx=0 comp rx=0 tx=0)._handle_peer_banner_payload supported=3 required=0
2024-01-04T20:43:39.538 INFO:teuthology.orchestra.run.smithi016.stdout:/usr/bin/ceph: stderr
2024-01-04T20:43:39.007+0000 7f0f1dad9700 1 --2- >> [v2:172.21.15.16:3300/0,v1:172.21.15.16:6789/0] conn(0x7f0f18077b90 0x7f0f180760a0 unknown :-1 s=HELLO_CONNECTING pgs=0 cs=0 l=0 rev1=1 crypto rx=0 tx=0 comp rx=0 tx=0).handle_hello peer v2:172.21.15.16:3300/0 says I am v2:172.21.15.16:56168/0 (socket says 172.21.15.16:56168)
2024-01-04T20:43:39.538 INFO:teuthology.orchestra.run.smithi016.stdout:/usr/bin/ceph: stderr
2024-01-04T20:43:39.007+0000 7f0f1dad9700 1 -- 172.21.15.16:0/2294123082 learned_addr learned my addr 172.21.15.16:0/2294123082 (peer_addr_for_me v2:172.21.15.16:0/0)
2024-01-04T20:43:39.538 INFO:teuthology.orchestra.run.smithi016.stdout:/usr/bin/ceph: stderr
2024-01-04T20:43:39.008+0000 7f0f1dad9700 1 -- 172.21.15.16:0/2294123082 --> [v2:172.21.15.16:3300/0,v1:172.21.15.16:6789/0] -- mon_subscribe({config=0+,monmap=0+}) v3 -- 0x7f0f180765e0 con 0x7f0f18077b90
2024-01-04T20:43:39.538 INFO:teuthology.orchestra.run.smithi016.stdout:/usr/bin/ceph: stderr
2024-01-04T20:43:39.008+0000 7f0f1dad9700 1 --2- 172.21.15.16:0/2294123082 >> [v2:172.21.15.16:3300/0,v1:172.21.15.16:6789/0] conn(0x7f0f18077b90 0x7f0f180760a0 secure :-1 s=READY pgs=84 cs=0 l=1 rev1=1 crypto rx=0x7f0f140098e0 tx=0x7f0f14009250 comp rx=0 tx=0).ready entity=mon.0 client_cookie=e2fa5e43ba9f84f8 server_cookie=0 in_seq=0 out_seq=0
2024-01-04T20:43:39.538 INFO:teuthology.orchestra.run.smithi016.stdout:/usr/bin/ceph: stderr
2024-01-04T20:43:39.008+0000 7f0f1cad7700 1 -- 172.21.15.16:0/2294123082 <== mon.0 v2:172.21.15.16:3300/0 1 ==== mon_map magic: 0 v1 ==== 229+0+0 (secure 0 0 0) 0x7f0f1400b860 con 0x7f0f18077b90
2024-01-04T20:43:39.538 INFO:teuthology.orchestra.run.smithi016.stdout:/usr/bin/ceph: stderr
2024-01-04T20:43:39.008+0000 7f0f1cad7700 1 -- 172.21.15.16:0/2294123082 <== mon.0 v2:172.21.15.16:3300/0 2 ==== config(26 keys) v1 ==== 1074+0+0 (secure 0 0 0) 0x7f0f1400be70 con 0x7f0f18077b90
2024-01-04T20:43:39.538 INFO:teuthology.orchestra.run.smithi016.stdout:/usr/bin/ceph: stderr
2024-01-04T20:43:39.008+0000 7f0f1cad7700 1 -- 172.21.15.16:0/2294123082 <== mon.0 v2:172.21.15.16:3300/0 3 ==== mon_map magic: 0 v1 ==== 229+0+0 (secure 0 0 0) 0x7f0f14010380 con 0x7f0f18077b90
2024-01-04T20:43:39.538 INFO:teuthology.orchestra.run.smithi016.stdout:/usr/bin/ceph: stderr
2024-01-04T20:43:39.009+0000 7f0f1fd3d700 1 -- 172.21.15.16:0/2294123082 >> [v2:172.21.15.16:3300/0,v1:172.21.15.16:6789/0] conn(0x7f0f18077b90 msgr2=0x7f0f180760a0 secure :-1 s=STATE_CONNECTION_ESTABLISHED l=1).mark_down
2024-01-04T20:43:39.538 INFO:teuthology.orchestra.run.smithi016.stdout:/usr/bin/ceph: stderr
2024-01-04T20:43:39.009+0000 7f0f1fd3d700 1 --2- 172.21.15.16:0/2294123082 >> [v2:172.21.15.16:3300/0,v1:172.21.15.16:6789/0] conn(0x7f0f18077b90 0x7f0f180760a0 secure :-1 s=READY pgs=84 cs=0 l=1 rev1=1 crypto rx=0x7f0f140098e0 tx=0x7f0f14009250 comp rx=0 tx=0).stop
2024-01-04T20:43:39.538 INFO:teuthology.orchestra.run.smithi016.stdout:/usr/bin/ceph: stderr
2024-01-04T20:43:39.009+0000 7f0f1fd3d700 1 -- 172.21.15.16:0/2294123082 shutdown_connections
2024-01-04T20:43:39.538 INFO:teuthology.orchestra.run.smithi016.stdout:/usr/bin/ceph: stderr
2024-01-04T20:43:39.009+0000 7f0f1fd3d700 1 --2- 172.21.15.16:0/2294123082 >> [v2:172.21.15.16:3300/0,v1:172.21.15.16:6789/0] conn(0x7f0f18077b90 0x7f0f180760a0 unknown :-1 s=CLOSED pgs=84 cs=0 l=1 rev1=1 crypto rx=0 tx=0 comp rx=0 tx=0).stop
2024-01-04T20:43:39.538 INFO:teuthology.orchestra.run.smithi016.stdout:/usr/bin/ceph: stderr
2024-01-04T20:43:39.009+0000 7f0f1fd3d700 1 -- 172.21.15.16:0/2294123082 >> 172.21.15.16:0/2294123082 conn(0x7f0f180fda50 msgr2=0x7f0f180ffe60 unknown :-1 s=STATE_NONE l=0).mark_down
2024-01-04T20:43:39.539 INFO:teuthology.orchestra.run.smithi016.stdout:/usr/bin/ceph: stderr
2024-01-04T20:43:39.009+0000 7f0f1fd3d700 1 -- 172.21.15.16:0/2294123082 shutdown_connections
2024-01-04T20:43:39.539 INFO:teuthology.orchestra.run.smithi016.stdout:/usr/bin/ceph: stderr
2024-01-04T20:43:39.009+0000 7f0f1fd3d700 1 -- 172.21.15.16:0/2294123082 wait complete.
2024-01-04T20:43:39.539 INFO:teuthology.orchestra.run.smithi016.stdout:/usr/bin/ceph: stderr
2024-01-04T20:43:39.010+0000 7f0f1fd3d700 1 Processor -- start
2024-01-04T20:43:39.539 INFO:teuthology.orchestra.run.smithi016.stdout:/usr/bin/ceph: stderr
2024-01-04T20:43:39.010+0000 7f0f1fd3d700 1 -- start start
2024-01-04T20:43:39.539 INFO:teuthology.orchestra.run.smithi016.stdout:/usr/bin/ceph: stderr
2024-01-04T20:43:39.010+0000 7f0f1fd3d700 1 --2- >> [v2:172.21.15.16:3300/0,v1:172.21.15.16:6789/0] conn(0x7f0f18077b90 0x7f0f18113380 unknown :-1 s=NONE pgs=0 cs=0 l=1 rev1=0 crypto rx=0 tx=0 comp rx=0 tx=0).connect
2024-01-04T20:43:39.539 INFO:teuthology.orchestra.run.smithi016.stdout:/usr/bin/ceph: stderr
2024-01-04T20:43:39.010+0000 7f0f1fd3d700 1 -- --> [v2:172.21.15.16:3300/0,v1:172.21.15.16:6789/0] -- mon_getmap magic: 0 v1 -- 0x7f0f181138c0 con 0x7f0f18077b90
2024-01-04T20:43:39.539 INFO:teuthology.orchestra.run.smithi016.stdout:/usr/bin/ceph: stderr
2024-01-04T20:43:39.011+0000 7f0f1dad9700 1 --2- >> [v2:172.21.15.16:3300/0,v1:172.21.15.16:6789/0] conn(0x7f0f18077b90 0x7f0f18113380 unknown :-1 s=BANNER_CONNECTING pgs=0 cs=0 l=1 rev1=0 crypto rx=0 tx=0 comp rx=0 tx=0)._handle_peer_banner_payload supported=3 required=0
2024-01-04T20:43:39.539 INFO:teuthology.orchestra.run.smithi016.stdout:/usr/bin/ceph: stderr
2024-01-04T20:43:39.011+0000 7f0f1dad9700 1 --2- >> [v2:172.21.15.16:3300/0,v1:172.21.15.16:6789/0] conn(0x7f0f18077b90 0x7f0f18113380 unknown :-1 s=HELLO_CONNECTING pgs=0 cs=0 l=1 rev1=1 crypto rx=0 tx=0 comp rx=0 tx=0).handle_hello peer v2:172.21.15.16:3300/0 says I am v2:172.21.15.16:56174/0 (socket says 172.21.15.16:56174)
2024-01-04T20:43:39.539 INFO:teuthology.orchestra.run.smithi016.stdout:/usr/bin/ceph: stderr
2024-01-04T20:43:39.011+0000 7f0f1dad9700 1 -- 172.21.15.16:0/2663814699 learned_addr learned my addr 172.21.15.16:0/2663814699 (peer_addr_for_me v2:172.21.15.16:0/0)
2024-01-04T20:43:39.539 INFO:teuthology.orchestra.run.smithi016.stdout:/usr/bin/ceph: stderr
2024-01-04T20:43:39.011+0000 7f0f1dad9700 1 -- 172.21.15.16:0/2663814699 --> [v2:172.21.15.16:3300/0,v1:172.21.15.16:6789/0] -- mon_subscribe({config=0+,monmap=0+}) v3 -- 0x7f0f140094f0 con 0x7f0f18077b90
2024-01-04T20:43:39.539 INFO:teuthology.orchestra.run.smithi016.stdout:/usr/bin/ceph: stderr
2024-01-04T20:43:39.011+0000 7f0f1dad9700 1 --2- 172.21.15.16:0/2663814699 >> [v2:172.21.15.16:3300/0,v1:172.21.15.16:6789/0] conn(0x7f0f18077b90 0x7f0f18113380 secure :-1 s=READY pgs=85 cs=0 l=1 rev1=1 crypto rx=0x7f0f14006d40 tx=0x7f0f14009250 comp rx=0 tx=0).ready entity=mon.0 client_cookie=0 server_cookie=0 in_seq=0 out_seq=0
2024-01-04T20:43:39.539 INFO:teuthology.orchestra.run.smithi016.stdout:/usr/bin/ceph: stderr
2024-01-04T20:43:39.011+0000 7f0f0e7fc700 1 -- 172.21.15.16:0/2663814699 <== mon.0 v2:172.21.15.16:3300/0 1 ==== mon_map magic: 0 v1 ==== 229+0+0 (secure 0 0 0) 0x7f0f14010960 con 0x7f0f18077b90
2024-01-04T20:43:39.539 INFO:teuthology.orchestra.run.smithi016.stdout:/usr/bin/ceph: stderr
2024-01-04T20:43:39.011+0000 7f0f0e7fc700 1 -- 172.21.15.16:0/2663814699 <== mon.0 v2:172.21.15.16:3300/0 2 ==== config(26 keys) v1 ==== 1074+0+0 (secure 0 0 0) 0x7f0f1401a430 con 0x7f0f18077b90
2024-01-04T20:43:39.539 INFO:teuthology.orchestra.run.smithi016.stdout:/usr/bin/ceph: stderr
2024-01-04T20:43:39.011+0000 7f0f0e7fc700 1 -- 172.21.15.16:0/2663814699 <== mon.0 v2:172.21.15.16:3300/0 3 ==== mon_map magic: 0 v1 ==== 229+0+0 (secure 0 0 0) 0x7f0f140245b0 con 0x7f0f18077b90
2024-01-04T20:43:39.539 INFO:teuthology.orchestra.run.smithi016.stdout:/usr/bin/ceph: stderr
2024-01-04T20:43:39.011+0000 7f0f1fd3d700 1 -- 172.21.15.16:0/2663814699 --> [v2:172.21.15.16:3300/0,v1:172.21.15.16:6789/0] -- mon_subscribe({mgrmap=0+}) v3 -- 0x7f0f18113ac0 con 0x7f0f18077b90
2024-01-04T20:43:39.540 INFO:teuthology.orchestra.run.smithi016.stdout:/usr/bin/ceph: stderr
2024-01-04T20:43:39.012+0000 7f0f1fd3d700 1 -- 172.21.15.16:0/2663814699 --> [v2:172.21.15.16:3300/0,v1:172.21.15.16:6789/0] -- mon_subscribe({osdmap=0}) v3 -- 0x7f0f18113ed0 con 0x7f0f18077b90
2024-01-04T20:43:39.540 INFO:teuthology.orchestra.run.smithi016.stdout:/usr/bin/ceph: stderr
2024-01-04T20:43:39.012+0000 7f0f0e7fc700 1 -- 172.21.15.16:0/2663814699 <== mon.0 v2:172.21.15.16:3300/0 4 ==== mgrmap(e 12) v1 ==== 43294+0+0 (secure 0 0 0) 0x7f0f1401a9f0 con 0x7f0f18077b90
2024-01-04T20:43:39.540 INFO:teuthology.orchestra.run.smithi016.stdout:/usr/bin/ceph: stderr
2024-01-04T20:43:39.013+0000 7f0f1fd3d700 1 -- 172.21.15.16:0/2663814699 --> [v2:172.21.15.16:3300/0,v1:172.21.15.16:6789/0] -- mon_command({"prefix": "get_command_descriptions"} v 0) v1 -- 0x7f0f1804bb80 con 0x7f0f18077b90
2024-01-04T20:43:39.540 INFO:teuthology.orchestra.run.smithi016.stdout:/usr/bin/ceph: stderr
2024-01-04T20:43:39.013+0000 7f0f0e7fc700 1 --2- 172.21.15.16:0/2663814699 >> [v2:172.21.15.16:6800/509642452,v1:172.21.15.16:6801/509642452] conn(0x7f0f04036690 0x7f0f04038b40 unknown :-1 s=NONE pgs=0 cs=0 l=1 rev1=0 crypto rx=0 tx=0 comp rx=0 tx=0).connect
2024-01-04T20:43:39.540 INFO:teuthology.orchestra.run.smithi016.stdout:/usr/bin/ceph: stderr
2024-01-04T20:43:39.013+0000 7f0f0e7fc700 1 -- 172.21.15.16:0/2663814699 <== mon.0 v2:172.21.15.16:3300/0 5 ==== osd_map(3..3 src has 1..3) v4 ==== 1151+0+0 (secure 0 0 0) 0x7f0f1404a300 con 0x7f0f18077b90
2024-01-04T20:43:39.540 INFO:teuthology.orchestra.run.smithi016.stdout:/usr/bin/ceph: stderr
2024-01-04T20:43:39.013+0000 7f0f1d2d8700 1 --2- 172.21.15.16:0/2663814699 >> [v2:172.21.15.16:6800/509642452,v1:172.21.15.16:6801/509642452] conn(0x7f0f04036690 0x7f0f04038b40 unknown :-1 s=BANNER_CONNECTING pgs=0 cs=0 l=1 rev1=0 crypto rx=0 tx=0 comp rx=0 tx=0)._handle_peer_banner_payload supported=3 required=0
2024-01-04T20:43:39.540 INFO:teuthology.orchestra.run.smithi016.stdout:/usr/bin/ceph: stderr
2024-01-04T20:43:39.014+0000 7f0f1d2d8700 1 --2- 172.21.15.16:0/2663814699 >> [v2:172.21.15.16:6800/509642452,v1:172.21.15.16:6801/509642452] conn(0x7f0f04036690 0x7f0f04038b40 secure :-1 s=READY pgs=9 cs=0 l=1 rev1=1 crypto rx=0x7f0f08009990 tx=0x7f0f08006e40 comp rx=0 tx=0).ready entity=mgr.14162 client_cookie=0 server_cookie=0 in_seq=0 out_seq=0
2024-01-04T20:43:39.540 INFO:teuthology.orchestra.run.smithi016.stdout:/usr/bin/ceph: stderr
2024-01-04T20:43:39.018+0000 7f0f0e7fc700 1 -- 172.21.15.16:0/2663814699 <== mon.0 v2:172.21.15.16:3300/0 6 ==== mon_command_ack([{"prefix": "get_command_descriptions"}]=0 v0) v1 ==== 72+0+174570 (secure 0 0 0) 0x7f0f1402b8c0 con 0x7f0f18077b90
2024-01-04T20:43:39.540 INFO:teuthology.orchestra.run.smithi016.stdout:/usr/bin/ceph: stderr
2024-01-04T20:43:39.221+0000 7f0f1fd3d700 1 -- 172.21.15.16:0/2663814699 --> [v2:172.21.15.16:3300/0,v1:172.21.15.16:6789/0] -- mon_command({"prefix": "config get", "who": "mgr", "key": "mgr/dashboard/ssl_server_port"} v 0) v1 -- 0x7f0f18108570 con 0x7f0f18077b90
2024-01-04T20:43:39.540 INFO:teuthology.orchestra.run.smithi016.stdout:/usr/bin/ceph: stderr
2024-01-04T20:43:39.222+0000 7f0f0e7fc700 1 -- 172.21.15.16:0/2663814699 <== mon.0 v2:172.21.15.16:3300/0 7 ==== mon_command_ack([{"prefix": "config get", "who": "mgr", "key": "mgr/dashboard/ssl_server_port"}]=0 v8) v1 ==== 112+0+5 (secure 0 0 0) 0x7f0f1402b2f0 con 0x7f0f18077b90
2024-01-04T20:43:39.540 INFO:teuthology.orchestra.run.smithi016.stdout:/usr/bin/ceph: stderr
2024-01-04T20:43:39.224+0000 7f0f1fd3d700 1 -- 172.21.15.16:0/2663814699 >> [v2:172.21.15.16:6800/509642452,v1:172.21.15.16:6801/509642452] conn(0x7f0f04036690 msgr2=0x7f0f04038b40 secure :-1 s=STATE_CONNECTION_ESTABLISHED l=1).mark_down
2024-01-04T20:43:39.540 INFO:teuthology.orchestra.run.smithi016.stdout:/usr/bin/ceph: stderr
2024-01-04T20:43:39.224+0000 7f0f1fd3d700 1 --2- 172.21.15.16:0/2663814699 >> [v2:172.21.15.16:6800/509642452,v1:172.21.15.16:6801/509642452] conn(0x7f0f04036690 0x7f0f04038b40 secure :-1 s=READY pgs=9 cs=0 l=1 rev1=1 crypto rx=0x7f0f08009990 tx=0x7f0f08006e40 comp rx=0 tx=0).stop
2024-01-04T20:43:39.540 INFO:teuthology.orchestra.run.smithi016.stdout:/usr/bin/ceph: stderr
2024-01-04T20:43:39.224+0000 7f0f1fd3d700 1 -- 172.21.15.16:0/2663814699 >> [v2:172.21.15.16:3300/0,v1:172.21.15.16:6789/0] conn(0x7f0f18077b90 msgr2=0x7f0f18113380 secure :-1 s=STATE_CONNECTION_ESTABLISHED l=1).mark_down
2024-01-04T20:43:39.540 INFO:teuthology.orchestra.run.smithi016.stdout:/usr/bin/ceph: stderr
2024-01-04T20:43:39.224+0000 7f0f1fd3d700 1 --2- 172.21.15.16:0/2663814699 >> [v2:172.21.15.16:3300/0,v1:172.21.15.16:6789/0] conn(0x7f0f18077b90 0x7f0f18113380 secure :-1 s=READY pgs=85 cs=0 l=1 rev1=1 crypto rx=0x7f0f14006d40 tx=0x7f0f14009250 comp rx=0 tx=0).stop
2024-01-04T20:43:39.541 INFO:teuthology.orchestra.run.smithi016.stdout:/usr/bin/ceph: stderr
2024-01-04T20:43:39.224+0000 7f0f1fd3d700 1 -- 172.21.15.16:0/2663814699 shutdown_connections
2024-01-04T20:43:39.541 INFO:teuthology.orchestra.run.smithi016.stdout:/usr/bin/ceph: stderr
2024-01-04T20:43:39.224+0000 7f0f1fd3d700 1 --2- 172.21.15.16:0/2663814699 >> [v2:172.21.15.16:6800/509642452,v1:172.21.15.16:6801/509642452] conn(0x7f0f04036690 0x7f0f04038b40 unknown :-1 s=CLOSED pgs=9 cs=0 l=1 rev1=1 crypto rx=0 tx=0 comp rx=0 tx=0).stop
2024-01-04T20:43:39.541 INFO:teuthology.orchestra.run.smithi016.stdout:/usr/bin/ceph: stderr
2024-01-04T20:43:39.224+0000 7f0f1fd3d700 1 --2- 172.21.15.16:0/2663814699 >> [v2:172.21.15.16:3300/0,v1:172.21.15.16:6789/0] conn(0x7f0f18077b90 0x7f0f18113380 unknown :-1 s=CLOSED pgs=85 cs=0 l=1 rev1=1 crypto rx=0 tx=0 comp rx=0 tx=0).stop
2024-01-04T20:43:39.541 INFO:teuthology.orchestra.run.smithi016.stdout:/usr/bin/ceph: stderr
2024-01-04T20:43:39.224+0000 7f0f1fd3d700 1 -- 172.21.15.16:0/2663814699 >> 172.21.15.16:0/2663814699 conn(0x7f0f180fda50 msgr2=0x7f0f180ff2f0 unknown :-1 s=STATE_NONE l=0).mark_down
2024-01-04T20:43:39.541 INFO:teuthology.orchestra.run.smithi016.stdout:/usr/bin/ceph: stderr
2024-01-04T20:43:39.224+0000 7f0f1fd3d700 1 -- 172.21.15.16:0/2663814699 shutdown_connections
2024-01-04T20:43:39.541 INFO:teuthology.orchestra.run.smithi016.stdout:/usr/bin/ceph: stderr
2024-01-04T20:43:39.224+0000 7f0f1fd3d700 1 -- 172.21.15.16:0/2663814699 wait complete.
2024-01-04T20:43:39.555 INFO:teuthology.orchestra.run.smithi016.stdout:Non-zero exit code 1 from systemctl is-enabled firewalld.service
2024-01-04T20:43:39.555 INFO:teuthology.orchestra.run.smithi016.stdout:systemctl: stdout disabled
2024-01-04T20:43:39.573 INFO:teuthology.orchestra.run.smithi016.stdout:Non-zero exit code 3 from systemctl is-active firewalld.service
2024-01-04T20:43:39.573 INFO:teuthology.orchestra.run.smithi016.stdout:systemctl: stdout inactive
2024-01-04T20:43:39.573 INFO:teuthology.orchestra.run.smithi016.stdout:firewalld.service is not enabled
2024-01-04T20:43:39.573 INFO:teuthology.orchestra.run.smithi016.stdout:Not possible to open ports <[8443]>. firewalld.service is not available
2024-01-04T20:43:39.575 INFO:teuthology.orchestra.run.smithi016.stdout:Ceph Dashboard is now available at:
2024-01-04T20:43:39.575 INFO:teuthology.orchestra.run.smithi016.stdout:
2024-01-04T20:43:39.575 INFO:teuthology.orchestra.run.smithi016.stdout: URL: https://smithi016.front.sepia.ceph.com:8443/
2024-01-04T20:43:39.576 INFO:teuthology.orchestra.run.smithi016.stdout: User: admin
2024-01-04T20:43:39.576 INFO:teuthology.orchestra.run.smithi016.stdout: Password: i8ocggrasu
2024-01-04T20:43:39.576 INFO:teuthology.orchestra.run.smithi016.stdout:
2024-01-04T20:43:39.576 INFO:teuthology.orchestra.run.smithi016.stdout:Saving cluster configuration to /var/lib/ceph/b1b02366-ab41-11ee-95a9-87774f69a715/config directory
2024-01-04T20:43:39.576 INFO:teuthology.orchestra.run.smithi016.stdout:Enabling autotune for osd_memory_target
2024-01-04T20:43:40.328 INFO:journalctl@ceph.mon.smithi016.smithi016.stdout:Jan 04 20:43:40 smithi016 ceph-mon[107121]: from='client.? 172.21.15.16:0/2663814699' entity='client.admin' cmd=[{"prefix": "config get", "who": "mgr", "key": "mgr/dashboard/ssl_server_port"}]: dispatch
2024-01-04T20:43:40.608 INFO:teuthology.orchestra.run.smithi016.stdout:/usr/bin/ceph: stderr
2024-01-04T20:43:39.959+0000 7f556dcda700 1 Processor -- start
2024-01-04T20:43:40.608 INFO:teuthology.orchestra.run.smithi016.stdout:/usr/bin/ceph: stderr
2024-01-04T20:43:39.960+0000 7f556dcda700 1 -- start start
2024-01-04T20:43:40.608 INFO:teuthology.orchestra.run.smithi016.stdout:/usr/bin/ceph: stderr
2024-01-04T20:43:39.960+0000 7f556dcda700 1 --2- >> [v2:172.21.15.16:3300/0,v1:172.21.15.16:6789/0] conn(0x7f5568071000 0x7f55681070f0 unknown :-1 s=NONE pgs=0 cs=0 l=0 rev1=0 crypto rx=0 tx=0 comp rx=0 tx=0).connect
2024-01-04T20:43:40.608 INFO:teuthology.orchestra.run.smithi016.stdout:/usr/bin/ceph: stderr
2024-01-04T20:43:39.960+0000 7f556dcda700 1 -- --> [v2:172.21.15.16:3300/0,v1:172.21.15.16:6789/0] -- mon_getmap magic: 0 v1 -- 0x7f5568102ae0 con 0x7f5568071000
2024-01-04T20:43:40.608 INFO:teuthology.orchestra.run.smithi016.stdout:/usr/bin/ceph: stderr
2024-01-04T20:43:39.960+0000 7f556ccd8700 1 --2- >> [v2:172.21.15.16:3300/0,v1:172.21.15.16:6789/0] conn(0x7f5568071000 0x7f55681070f0 unknown :-1 s=BANNER_CONNECTING pgs=0 cs=0 l=0 rev1=0 crypto rx=0 tx=0 comp rx=0 tx=0)._handle_peer_banner_payload supported=3 required=0
2024-01-04T20:43:40.608 INFO:teuthology.orchestra.run.smithi016.stdout:/usr/bin/ceph: stderr
2024-01-04T20:43:39.960+0000 7f556ccd8700 1 --2- >> [v2:172.21.15.16:3300/0,v1:172.21.15.16:6789/0] conn(0x7f5568071000 0x7f55681070f0 unknown :-1 s=HELLO_CONNECTING pgs=0 cs=0 l=0 rev1=1 crypto rx=0 tx=0 comp rx=0 tx=0).handle_hello peer v2:172.21.15.16:3300/0 says I am v2:172.21.15.16:56182/0 (socket says 172.21.15.16:56182)
2024-01-04T20:43:40.608 INFO:teuthology.orchestra.run.smithi016.stdout:/usr/bin/ceph: stderr
2024-01-04T20:43:39.960+0000 7f556ccd8700 1 -- 172.21.15.16:0/1031675161 learned_addr learned my addr 172.21.15.16:0/1031675161 (peer_addr_for_me v2:172.21.15.16:0/0)
2024-01-04T20:43:40.608 INFO:teuthology.orchestra.run.smithi016.stdout:/usr/bin/ceph: stderr
2024-01-04T20:43:39.961+0000 7f556ccd8700 1 -- 172.21.15.16:0/1031675161 --> [v2:172.21.15.16:3300/0,v1:172.21.15.16:6789/0] -- mon_subscribe({config=0+,monmap=0+}) v3 -- 0x7f5568107630 con 0x7f5568071000
2024-01-04T20:43:40.608 INFO:teuthology.orchestra.run.smithi016.stdout:/usr/bin/ceph: stderr
2024-01-04T20:43:39.961+0000 7f556ccd8700 1 --2- 172.21.15.16:0/1031675161 >> [v2:172.21.15.16:3300/0,v1:172.21.15.16:6789/0] conn(0x7f5568071000 0x7f55681070f0 secure :-1 s=READY pgs=86 cs=0 l=1 rev1=1 crypto rx=0x7f555c0098e0 tx=0x7f555c009250 comp rx=0 tx=0).ready entity=mon.0 client_cookie=aae19b5e57bb014a server_cookie=0 in_seq=0 out_seq=0
2024-01-04T20:43:40.608 INFO:teuthology.orchestra.run.smithi016.stdout:/usr/bin/ceph: stderr
2024-01-04T20:43:39.961+0000 7f55677fe700 1 -- 172.21.15.16:0/1031675161 <== mon.0 v2:172.21.15.16:3300/0 1 ==== mon_map magic: 0 v1 ==== 229+0+0 (secure 0 0 0) 0x7f555c00b860 con 0x7f5568071000
2024-01-04T20:43:40.608 INFO:teuthology.orchestra.run.smithi016.stdout:/usr/bin/ceph: stderr
2024-01-04T20:43:39.961+0000 7f55677fe700 1 -- 172.21.15.16:0/1031675161 <== mon.0 v2:172.21.15.16:3300/0 2 ==== config(26 keys) v1 ==== 1074+0+0 (secure 0 0 0) 0x7f555c00be70 con 0x7f5568071000
2024-01-04T20:43:40.609 INFO:teuthology.orchestra.run.smithi016.stdout:/usr/bin/ceph: stderr
2024-01-04T20:43:39.961+0000 7f55677fe700 1 -- 172.21.15.16:0/1031675161 <== mon.0 v2:172.21.15.16:3300/0 3 ==== mon_map magic: 0 v1 ==== 229+0+0 (secure 0 0 0) 0x7f555c010380 con 0x7f5568071000
2024-01-04T20:43:40.609 INFO:teuthology.orchestra.run.smithi016.stdout:/usr/bin/ceph: stderr
2024-01-04T20:43:39.962+0000 7f556dcda700 1 -- 172.21.15.16:0/1031675161 >> [v2:172.21.15.16:3300/0,v1:172.21.15.16:6789/0] conn(0x7f5568071000 msgr2=0x7f55681070f0 secure :-1 s=STATE_CONNECTION_ESTABLISHED l=1).mark_down
2024-01-04T20:43:40.609 INFO:teuthology.orchestra.run.smithi016.stdout:/usr/bin/ceph: stderr
2024-01-04T20:43:39.962+0000 7f556dcda700 1 --2- 172.21.15.16:0/1031675161 >> [v2:172.21.15.16:3300/0,v1:172.21.15.16:6789/0] conn(0x7f5568071000 0x7f55681070f0 secure :-1 s=READY pgs=86 cs=0 l=1 rev1=1 crypto rx=0x7f555c0098e0 tx=0x7f555c009250 comp rx=0 tx=0).stop
2024-01-04T20:43:40.609 INFO:teuthology.orchestra.run.smithi016.stdout:/usr/bin/ceph: stderr
2024-01-04T20:43:39.962+0000 7f556dcda700 1 -- 172.21.15.16:0/1031675161 shutdown_connections
2024-01-04T20:43:40.609 INFO:teuthology.orchestra.run.smithi016.stdout:/usr/bin/ceph: stderr
2024-01-04T20:43:39.962+0000 7f556dcda700 1 --2- 172.21.15.16:0/1031675161 >> [v2:172.21.15.16:3300/0,v1:172.21.15.16:6789/0] conn(0x7f5568071000 0x7f55681070f0 unknown :-1 s=CLOSED pgs=86 cs=0 l=1 rev1=1 crypto rx=0 tx=0 comp rx=0 tx=0).stop
2024-01-04T20:43:40.609 INFO:teuthology.orchestra.run.smithi016.stdout:/usr/bin/ceph: stderr
2024-01-04T20:43:39.962+0000 7f556dcda700 1 -- 172.21.15.16:0/1031675161 >> 172.21.15.16:0/1031675161 conn(0x7f55680fc760 msgr2=0x7f55680febb0 unknown :-1 s=STATE_NONE l=0).mark_down
2024-01-04T20:43:40.609 INFO:teuthology.orchestra.run.smithi016.stdout:/usr/bin/ceph: stderr
2024-01-04T20:43:39.962+0000 7f556dcda700 1 -- 172.21.15.16:0/1031675161 shutdown_connections
2024-01-04T20:43:40.609 INFO:teuthology.orchestra.run.smithi016.stdout:/usr/bin/ceph: stderr
2024-01-04T20:43:39.962+0000 7f556dcda700 1 -- 172.21.15.16:0/1031675161 wait complete.
2024-01-04T20:43:40.609 INFO:teuthology.orchestra.run.smithi016.stdout:/usr/bin/ceph: stderr
2024-01-04T20:43:39.963+0000 7f556dcda700 1 Processor -- start
2024-01-04T20:43:40.609 INFO:teuthology.orchestra.run.smithi016.stdout:/usr/bin/ceph: stderr
2024-01-04T20:43:39.963+0000 7f556dcda700 1 -- start start
2024-01-04T20:43:40.609 INFO:teuthology.orchestra.run.smithi016.stdout:/usr/bin/ceph: stderr
2024-01-04T20:43:39.964+0000 7f556dcda700 1 --2- >> [v2:172.21.15.16:3300/0,v1:172.21.15.16:6789/0] conn(0x7f5568071000 0x7f55681131b0 unknown :-1 s=NONE pgs=0 cs=0 l=1 rev1=0 crypto rx=0 tx=0 comp rx=0 tx=0).connect
2024-01-04T20:43:40.609 INFO:teuthology.orchestra.run.smithi016.stdout:/usr/bin/ceph: stderr
2024-01-04T20:43:39.964+0000 7f556dcda700 1 -- --> [v2:172.21.15.16:3300/0,v1:172.21.15.16:6789/0] -- mon_getmap magic: 0 v1 -- 0x7f55681136f0 con 0x7f5568071000
2024-01-04T20:43:40.609 INFO:teuthology.orchestra.run.smithi016.stdout:/usr/bin/ceph: stderr
2024-01-04T20:43:39.964+0000 7f556ccd8700 1 --2- >> [v2:172.21.15.16:3300/0,v1:172.21.15.16:6789/0] conn(0x7f5568071000 0x7f55681131b0 unknown :-1 s=BANNER_CONNECTING pgs=0 cs=0 l=1 rev1=0 crypto rx=0 tx=0 comp rx=0 tx=0)._handle_peer_banner_payload supported=3 required=0
2024-01-04T20:43:40.609 INFO:teuthology.orchestra.run.smithi016.stdout:/usr/bin/ceph: stderr
2024-01-04T20:43:39.964+0000 7f556ccd8700 1 --2- >> [v2:172.21.15.16:3300/0,v1:172.21.15.16:6789/0] conn(0x7f5568071000 0x7f55681131b0 unknown :-1 s=HELLO_CONNECTING pgs=0 cs=0 l=1 rev1=1 crypto rx=0 tx=0 comp rx=0 tx=0).handle_hello peer v2:172.21.15.16:3300/0 says I am v2:172.21.15.16:56186/0 (socket says 172.21.15.16:56186)
2024-01-04T20:43:40.609 INFO:teuthology.orchestra.run.smithi016.stdout:/usr/bin/ceph: stderr
2024-01-04T20:43:39.964+0000 7f556ccd8700 1 -- 172.21.15.16:0/2654550675 learned_addr learned my addr 172.21.15.16:0/2654550675 (peer_addr_for_me v2:172.21.15.16:0/0)
2024-01-04T20:43:40.610 INFO:teuthology.orchestra.run.smithi016.stdout:/usr/bin/ceph: stderr
2024-01-04T20:43:39.964+0000 7f556ccd8700 1 -- 172.21.15.16:0/2654550675 --> [v2:172.21.15.16:3300/0,v1:172.21.15.16:6789/0] -- mon_subscribe({config=0+,monmap=0+}) v3 -- 0x7f555c0094f0 con 0x7f5568071000
2024-01-04T20:43:40.610 INFO:teuthology.orchestra.run.smithi016.stdout:/usr/bin/ceph: stderr
