2024-01-04T21:47:14.597 INFO:teuthology.orchestra.run.smithi052.stdout:/usr/bin/ceph: stdout ssh-rsa AAAAB3NzaC1yc2EAAAADAQABAAABgQDAOvIrCuwYJTmYqvgHZZJXURpZZ8lGv4DIbLqpmW3yGmqJi13N5EQbgE2SzQPtOPjVddvlYQxtDem7o61Tk+gbFk2wHLtXJoFuC4h0ErXJMp8Ux2stRWqiBYXmJYPkyka4QnRbTPorJb6s/Q/D5ge0rUQX0P6KYnU9v3o/X+9m1XxQxskjUNLQk9r/2jRBQniXZxe0vG2SMqkeAfgqjUkoOUw85HMMOYbUYTwlIeb+q/tPAU4ovPJ83jlomy5KK8zx/0+B7JLLSuNjZpcUBcGW/4Ym8i4SmM6YqL2KcsRIt86loq5ADxlUZfqUXJ1WTHaoLYij3kQFlG9+V4tYTtDSM/o57baiIyd59RnXpYFEInrAD3GkNTBeb8XkIeOBH7GY0EuK+6/PrC9GlpuX8mFYtxj15AQ+iGf0K+4svc/NByjFobDKB2ByDNlpg4EAHev2sEe7XLFKs1UCvZVuQpcZtpRqAGPGbn6coS4Ho9HzZgxBKM6S6o/J+AJVGwmZmOs= ceph-a2275adc-ab4a-11ee-95a9-87774f69a715
2024-01-04T21:47:14.597 INFO:teuthology.orchestra.run.smithi052.stdout:/usr/bin/ceph: stderr
2024-01-04T21:47:13.947+0000 7facd63fe700 1 Processor -- start
2024-01-04T21:47:14.598 INFO:teuthology.orchestra.run.smithi052.stdout:/usr/bin/ceph: stderr
2024-01-04T21:47:13.947+0000 7facd63fe700 1 -- start start
2024-01-04T21:47:14.598 INFO:teuthology.orchestra.run.smithi052.stdout:/usr/bin/ceph: stderr
2024-01-04T21:47:13.948+0000 7facd63fe700 1 --2- >> [v2:172.21.15.52:3300/0,v1:172.21.15.52:6789/0] conn(0x7facd01022d0 0x7facd01026e0 unknown :-1 s=NONE pgs=0 cs=0 l=0 rev1=0 crypto rx=0 tx=0 comp rx=0 tx=0).connect
2024-01-04T21:47:14.598 INFO:teuthology.orchestra.run.smithi052.stdout:/usr/bin/ceph: stderr
2024-01-04T21:47:13.948+0000 7facd63fe700 1 -- --> [v2:172.21.15.52:3300/0,v1:172.21.15.52:6789/0] -- mon_getmap magic: 0 v1 -- 0x7facd0102c20 con 0x7facd01022d0
2024-01-04T21:47:14.598 INFO:teuthology.orchestra.run.smithi052.stdout:/usr/bin/ceph: stderr
2024-01-04T21:47:13.948+0000 7faccffff700 1 --2- >> [v2:172.21.15.52:3300/0,v1:172.21.15.52:6789/0] conn(0x7facd01022d0 0x7facd01026e0 unknown :-1 s=BANNER_CONNECTING pgs=0 cs=0 l=0 rev1=0 crypto rx=0 tx=0 comp rx=0 tx=0)._handle_peer_banner_payload supported=3 required=0
2024-01-04T21:47:14.598 INFO:teuthology.orchestra.run.smithi052.stdout:/usr/bin/ceph: stderr
2024-01-04T21:47:13.948+0000 7faccffff700 1 --2- >> [v2:172.21.15.52:3300/0,v1:172.21.15.52:6789/0] conn(0x7facd01022d0 0x7facd01026e0 unknown :-1 s=HELLO_CONNECTING pgs=0 cs=0 l=0 rev1=1 crypto rx=0 tx=0 comp rx=0 tx=0).handle_hello peer v2:172.21.15.52:3300/0 says I am v2:172.21.15.52:39880/0 (socket says 172.21.15.52:39880)
2024-01-04T21:47:14.598 INFO:teuthology.orchestra.run.smithi052.stdout:/usr/bin/ceph: stderr
2024-01-04T21:47:13.948+0000 7faccffff700 1 -- 172.21.15.52:0/1106894698 learned_addr learned my addr 172.21.15.52:0/1106894698 (peer_addr_for_me v2:172.21.15.52:0/0)
2024-01-04T21:47:14.598 INFO:teuthology.orchestra.run.smithi052.stdout:/usr/bin/ceph: stderr
2024-01-04T21:47:13.949+0000 7faccffff700 1 -- 172.21.15.52:0/1106894698 --> [v2:172.21.15.52:3300/0,v1:172.21.15.52:6789/0] -- mon_subscribe({config=0+,monmap=0+}) v3 -- 0x7facd0102d60 con 0x7facd01022d0
2024-01-04T21:47:14.598 INFO:teuthology.orchestra.run.smithi052.stdout:/usr/bin/ceph: stderr
2024-01-04T21:47:13.949+0000 7faccffff700 1 --2- 172.21.15.52:0/1106894698 >> [v2:172.21.15.52:3300/0,v1:172.21.15.52:6789/0] conn(0x7facd01022d0 0x7facd01026e0 secure :-1 s=READY pgs=43 cs=0 l=1 rev1=1 crypto rx=0x7facc00098e0 tx=0x7facc0009250 comp rx=0 tx=0).ready entity=mon.0 client_cookie=9c46882b44140aeb server_cookie=0 in_seq=0 out_seq=0
2024-01-04T21:47:14.598 INFO:teuthology.orchestra.run.smithi052.stdout:/usr/bin/ceph: stderr
2024-01-04T21:47:13.949+0000 7facceffd700 1 -- 172.21.15.52:0/1106894698 <== mon.0 v2:172.21.15.52:3300/0 1 ==== mon_map magic: 0 v1 ==== 229+0+0 (secure 0 0 0) 0x7facc000b860 con 0x7facd01022d0
2024-01-04T21:47:14.598 INFO:teuthology.orchestra.run.smithi052.stdout:/usr/bin/ceph: stderr
2024-01-04T21:47:13.949+0000 7facceffd700 1 -- 172.21.15.52:0/1106894698 <== mon.0 v2:172.21.15.52:3300/0 2 ==== config(26 keys) v1 ==== 1009+0+0 (secure 0 0 0) 0x7facc000be30 con 0x7facd01022d0
2024-01-04T21:47:14.598 INFO:teuthology.orchestra.run.smithi052.stdout:/usr/bin/ceph: stderr
2024-01-04T21:47:13.949+0000 7facceffd700 1 -- 172.21.15.52:0/1106894698 <== mon.0 v2:172.21.15.52:3300/0 3 ==== mon_map magic: 0 v1 ==== 229+0+0 (secure 0 0 0) 0x7facc0010380 con 0x7facd01022d0
2024-01-04T21:47:14.598 INFO:teuthology.orchestra.run.smithi052.stdout:/usr/bin/ceph: stderr
2024-01-04T21:47:13.950+0000 7facd63fe700 1 -- 172.21.15.52:0/1106894698 >> [v2:172.21.15.52:3300/0,v1:172.21.15.52:6789/0] conn(0x7facd01022d0 msgr2=0x7facd01026e0 secure :-1 s=STATE_CONNECTION_ESTABLISHED l=1).mark_down
2024-01-04T21:47:14.598 INFO:teuthology.orchestra.run.smithi052.stdout:/usr/bin/ceph: stderr
2024-01-04T21:47:13.950+0000 7facd63fe700 1 --2- 172.21.15.52:0/1106894698 >> [v2:172.21.15.52:3300/0,v1:172.21.15.52:6789/0] conn(0x7facd01022d0 0x7facd01026e0 secure :-1 s=READY pgs=43 cs=0 l=1 rev1=1 crypto rx=0x7facc00098e0 tx=0x7facc0009250 comp rx=0 tx=0).stop
2024-01-04T21:47:14.599 INFO:teuthology.orchestra.run.smithi052.stdout:/usr/bin/ceph: stderr
2024-01-04T21:47:13.950+0000 7facd63fe700 1 -- 172.21.15.52:0/1106894698 shutdown_connections
2024-01-04T21:47:14.599 INFO:teuthology.orchestra.run.smithi052.stdout:/usr/bin/ceph: stderr
2024-01-04T21:47:13.950+0000 7facd63fe700 1 --2- 172.21.15.52:0/1106894698 >> [v2:172.21.15.52:3300/0,v1:172.21.15.52:6789/0] conn(0x7facd01022d0 0x7facd01026e0 unknown :-1 s=CLOSED pgs=43 cs=0 l=1 rev1=1 crypto rx=0 tx=0 comp rx=0 tx=0).stop
2024-01-04T21:47:14.599 INFO:teuthology.orchestra.run.smithi052.stdout:/usr/bin/ceph: stderr
2024-01-04T21:47:13.950+0000 7facd63fe700 1 -- 172.21.15.52:0/1106894698 >> 172.21.15.52:0/1106894698 conn(0x7facd00fda50 msgr2=0x7facd00ffe60 unknown :-1 s=STATE_NONE l=0).mark_down
2024-01-04T21:47:14.599 INFO:teuthology.orchestra.run.smithi052.stdout:/usr/bin/ceph: stderr
2024-01-04T21:47:13.950+0000 7facd63fe700 1 -- 172.21.15.52:0/1106894698 shutdown_connections
2024-01-04T21:47:14.599 INFO:teuthology.orchestra.run.smithi052.stdout:/usr/bin/ceph: stderr
2024-01-04T21:47:13.950+0000 7facd63fe700 1 -- 172.21.15.52:0/1106894698 wait complete.
2024-01-04T21:47:14.599 INFO:teuthology.orchestra.run.smithi052.stdout:/usr/bin/ceph: stderr
2024-01-04T21:47:13.951+0000 7facd63fe700 1 Processor -- start
2024-01-04T21:47:14.599 INFO:teuthology.orchestra.run.smithi052.stdout:/usr/bin/ceph: stderr
2024-01-04T21:47:13.951+0000 7facd63fe700 1 -- start start
2024-01-04T21:47:14.599 INFO:teuthology.orchestra.run.smithi052.stdout:/usr/bin/ceph: stderr
2024-01-04T21:47:13.951+0000 7facd63fe700 1 --2- >> [v2:172.21.15.52:3300/0,v1:172.21.15.52:6789/0] conn(0x7facd01022d0 0x7facd0077c00 unknown :-1 s=NONE pgs=0 cs=0 l=1 rev1=0 crypto rx=0 tx=0 comp rx=0 tx=0).connect
2024-01-04T21:47:14.599 INFO:teuthology.orchestra.run.smithi052.stdout:/usr/bin/ceph: stderr
2024-01-04T21:47:13.951+0000 7facd63fe700 1 -- --> [v2:172.21.15.52:3300/0,v1:172.21.15.52:6789/0] -- mon_getmap magic: 0 v1 -- 0x7facd0076080 con 0x7facd01022d0
2024-01-04T21:47:14.599 INFO:teuthology.orchestra.run.smithi052.stdout:/usr/bin/ceph: stderr
2024-01-04T21:47:13.951+0000 7faccffff700 1 --2- >> [v2:172.21.15.52:3300/0,v1:172.21.15.52:6789/0] conn(0x7facd01022d0 0x7facd0077c00 unknown :-1 s=BANNER_CONNECTING pgs=0 cs=0 l=1 rev1=0 crypto rx=0 tx=0 comp rx=0 tx=0)._handle_peer_banner_payload supported=3 required=0
2024-01-04T21:47:14.599 INFO:teuthology.orchestra.run.smithi052.stdout:/usr/bin/ceph: stderr
2024-01-04T21:47:13.951+0000 7faccffff700 1 --2- >> [v2:172.21.15.52:3300/0,v1:172.21.15.52:6789/0] conn(0x7facd01022d0 0x7facd0077c00 unknown :-1 s=HELLO_CONNECTING pgs=0 cs=0 l=1 rev1=1 crypto rx=0 tx=0 comp rx=0 tx=0).handle_hello peer v2:172.21.15.52:3300/0 says I am v2:172.21.15.52:39894/0 (socket says 172.21.15.52:39894)
2024-01-04T21:47:14.599 INFO:teuthology.orchestra.run.smithi052.stdout:/usr/bin/ceph: stderr
2024-01-04T21:47:13.951+0000 7faccffff700 1 -- 172.21.15.52:0/3450158958 learned_addr learned my addr 172.21.15.52:0/3450158958 (peer_addr_for_me v2:172.21.15.52:0/0)
2024-01-04T21:47:14.599 INFO:teuthology.orchestra.run.smithi052.stdout:/usr/bin/ceph: stderr
2024-01-04T21:47:13.952+0000 7faccffff700 1 -- 172.21.15.52:0/3450158958 --> [v2:172.21.15.52:3300/0,v1:172.21.15.52:6789/0] -- mon_subscribe({config=0+,monmap=0+}) v3 -- 0x7facc00094f0 con 0x7facd01022d0
2024-01-04T21:47:14.599 INFO:teuthology.orchestra.run.smithi052.stdout:/usr/bin/ceph: stderr
2024-01-04T21:47:13.952+0000 7faccffff700 1 --2- 172.21.15.52:0/3450158958 >> [v2:172.21.15.52:3300/0,v1:172.21.15.52:6789/0] conn(0x7facd01022d0 0x7facd0077c00 secure :-1 s=READY pgs=44 cs=0 l=1 rev1=1 crypto rx=0x7facc0000c00 tx=0x7facc0009250 comp rx=0 tx=0).ready entity=mon.0 client_cookie=0 server_cookie=0 in_seq=0 out_seq=0
2024-01-04T21:47:14.600 INFO:teuthology.orchestra.run.smithi052.stdout:/usr/bin/ceph: stderr
2024-01-04T21:47:13.952+0000 7facccff9700 1 -- 172.21.15.52:0/3450158958 <== mon.0 v2:172.21.15.52:3300/0 1 ==== mon_map magic: 0 v1 ==== 229+0+0 (secure 0 0 0) 0x7facc0010a80 con 0x7facd01022d0
2024-01-04T21:47:14.600 INFO:teuthology.orchestra.run.smithi052.stdout:/usr/bin/ceph: stderr
2024-01-04T21:47:13.952+0000 7facd63fe700 1 -- 172.21.15.52:0/3450158958 --> [v2:172.21.15.52:3300/0,v1:172.21.15.52:6789/0] -- mon_subscribe({mgrmap=0+}) v3 -- 0x7facd0076280 con 0x7facd01022d0
2024-01-04T21:47:14.600 INFO:teuthology.orchestra.run.smithi052.stdout:/usr/bin/ceph: stderr
2024-01-04T21:47:13.952+0000 7facccff9700 1 -- 172.21.15.52:0/3450158958 <== mon.0 v2:172.21.15.52:3300/0 2 ==== config(26 keys) v1 ==== 1009+0+0 (secure 0 0 0) 0x7facc001a430 con 0x7facd01022d0
2024-01-04T21:47:14.600 INFO:teuthology.orchestra.run.smithi052.stdout:/usr/bin/ceph: stderr
2024-01-04T21:47:13.952+0000 7facccff9700 1 -- 172.21.15.52:0/3450158958 <== mon.0 v2:172.21.15.52:3300/0 3 ==== mon_map magic: 0 v1 ==== 229+0+0 (secure 0 0 0) 0x7facc00245b0 con 0x7facd01022d0
2024-01-04T21:47:14.600 INFO:teuthology.orchestra.run.smithi052.stdout:/usr/bin/ceph: stderr
2024-01-04T21:47:13.952+0000 7facd63fe700 1 -- 172.21.15.52:0/3450158958 --> [v2:172.21.15.52:3300/0,v1:172.21.15.52:6789/0] -- mon_subscribe({osdmap=0}) v3 -- 0x7facd0076690 con 0x7facd01022d0
2024-01-04T21:47:14.600 INFO:teuthology.orchestra.run.smithi052.stdout:/usr/bin/ceph: stderr
2024-01-04T21:47:13.953+0000 7facccff9700 1 -- 172.21.15.52:0/3450158958 <== mon.0 v2:172.21.15.52:3300/0 4 ==== mgrmap(e 8) v1 ==== 43281+0+0 (secure 0 0 0) 0x7facc001a5a0 con 0x7facd01022d0
2024-01-04T21:47:14.600 INFO:teuthology.orchestra.run.smithi052.stdout:/usr/bin/ceph: stderr
2024-01-04T21:47:13.953+0000 7facd63fe700 1 -- 172.21.15.52:0/3450158958 --> [v2:172.21.15.52:3300/0,v1:172.21.15.52:6789/0] -- mon_command({"prefix": "get_command_descriptions"} v 0) v1 -- 0x7facd004bb80 con 0x7facd01022d0
2024-01-04T21:47:14.600 INFO:teuthology.orchestra.run.smithi052.stdout:/usr/bin/ceph: stderr
2024-01-04T21:47:13.954+0000 7facccff9700 1 --2- 172.21.15.52:0/3450158958 >> [v2:172.21.15.52:6800/1050992614,v1:172.21.15.52:6801/1050992614] conn(0x7facb80365f0 0x7facb8038aa0 unknown :-1 s=NONE pgs=0 cs=0 l=1 rev1=0 crypto rx=0 tx=0 comp rx=0 tx=0).connect
2024-01-04T21:47:14.600 INFO:teuthology.orchestra.run.smithi052.stdout:/usr/bin/ceph: stderr
2024-01-04T21:47:13.954+0000 7facccff9700 1 -- 172.21.15.52:0/3450158958 <== mon.0 v2:172.21.15.52:3300/0 5 ==== osd_map(2..2 src has 1..2) v4 ==== 936+0+0 (secure 0 0 0) 0x7facc004ac50 con 0x7facd01022d0
2024-01-04T21:47:14.600 INFO:teuthology.orchestra.run.smithi052.stdout:/usr/bin/ceph: stderr
2024-01-04T21:47:13.954+0000 7faccf7fe700 1 --2- 172.21.15.52:0/3450158958 >> [v2:172.21.15.52:6800/1050992614,v1:172.21.15.52:6801/1050992614] conn(0x7facb80365f0 0x7facb8038aa0 unknown :-1 s=BANNER_CONNECTING pgs=0 cs=0 l=1 rev1=0 crypto rx=0 tx=0 comp rx=0 tx=0)._handle_peer_banner_payload supported=3 required=0
2024-01-04T21:47:14.600 INFO:teuthology.orchestra.run.smithi052.stdout:/usr/bin/ceph: stderr
2024-01-04T21:47:13.955+0000 7faccf7fe700 1 --2- 172.21.15.52:0/3450158958 >> [v2:172.21.15.52:6800/1050992614,v1:172.21.15.52:6801/1050992614] conn(0x7facb80365f0 0x7facb8038aa0 secure :-1 s=READY pgs=10 cs=0 l=1 rev1=1 crypto rx=0x7facc4009990 tx=0x7facc4006e40 comp rx=0 tx=0).ready entity=mgr.14120 client_cookie=0 server_cookie=0 in_seq=0 out_seq=0
2024-01-04T21:47:14.600 INFO:teuthology.orchestra.run.smithi052.stdout:/usr/bin/ceph: stderr
2024-01-04T21:47:13.959+0000 7facccff9700 1 -- 172.21.15.52:0/3450158958 <== mon.0 v2:172.21.15.52:3300/0 6 ==== mon_command_ack([{"prefix": "get_command_descriptions"}]=0 v0) v1 ==== 72+0+174570 (secure 0 0 0) 0x7facc0023df0 con 0x7facd01022d0
2024-01-04T21:47:14.600 INFO:teuthology.orchestra.run.smithi052.stdout:/usr/bin/ceph: stderr
2024-01-04T21:47:14.165+0000 7facd63fe700 1 -- 172.21.15.52:0/3450158958 --> [v2:172.21.15.52:6800/1050992614,v1:172.21.15.52:6801/1050992614] -- mgr_command(tid 0: {"prefix": "cephadm get-pub-key", "target": ["mon-mgr", ""]}) v1 -- 0x7facd010adc0 con 0x7facb80365f0
2024-01-04T21:47:14.601 INFO:teuthology.orchestra.run.smithi052.stdout:/usr/bin/ceph: stderr
2024-01-04T21:47:14.166+0000 7facccff9700 1 -- 172.21.15.52:0/3450158958 <== mgr.14120 v2:172.21.15.52:6800/1050992614 1 ==== mgr_command_reply(tid 0: 0 ) v1 ==== 8+0+595 (secure 0 0 0) 0x7facd010adc0 con 0x7facb80365f0
2024-01-04T21:47:14.601 INFO:teuthology.orchestra.run.smithi052.stdout:/usr/bin/ceph: stderr
2024-01-04T21:47:14.168+0000 7facd63fe700 1 -- 172.21.15.52:0/3450158958 >> [v2:172.21.15.52:6800/1050992614,v1:172.21.15.52:6801/1050992614] conn(0x7facb80365f0 msgr2=0x7facb8038aa0 secure :-1 s=STATE_CONNECTION_ESTABLISHED l=1).mark_down
2024-01-04T21:47:14.601 INFO:teuthology.orchestra.run.smithi052.stdout:/usr/bin/ceph: stderr
2024-01-04T21:47:14.168+0000 7facd63fe700 1 --2- 172.21.15.52:0/3450158958 >> [v2:172.21.15.52:6800/1050992614,v1:172.21.15.52:6801/1050992614] conn(0x7facb80365f0 0x7facb8038aa0 secure :-1 s=READY pgs=10 cs=0 l=1 rev1=1 crypto rx=0x7facc4009990 tx=0x7facc4006e40 comp rx=0 tx=0).stop
2024-01-04T21:47:14.601 INFO:teuthology.orchestra.run.smithi052.stdout:/usr/bin/ceph: stderr
2024-01-04T21:47:14.168+0000 7facd63fe700 1 -- 172.21.15.52:0/3450158958 >> [v2:172.21.15.52:3300/0,v1:172.21.15.52:6789/0] conn(0x7facd01022d0 msgr2=0x7facd0077c00 secure :-1 s=STATE_CONNECTION_ESTABLISHED l=1).mark_down
2024-01-04T21:47:14.601 INFO:teuthology.orchestra.run.smithi052.stdout:/usr/bin/ceph: stderr
2024-01-04T21:47:14.168+0000 7facd63fe700 1 --2- 172.21.15.52:0/3450158958 >> [v2:172.21.15.52:3300/0,v1:172.21.15.52:6789/0] conn(0x7facd01022d0 0x7facd0077c00 secure :-1 s=READY pgs=44 cs=0 l=1 rev1=1 crypto rx=0x7facc0000c00 tx=0x7facc0009250 comp rx=0 tx=0).stop
2024-01-04T21:47:14.601 INFO:teuthology.orchestra.run.smithi052.stdout:/usr/bin/ceph: stderr
2024-01-04T21:47:14.169+0000 7facd63fe700 1 -- 172.21.15.52:0/3450158958 shutdown_connections
2024-01-04T21:47:14.601 INFO:teuthology.orchestra.run.smithi052.stdout:/usr/bin/ceph: stderr
2024-01-04T21:47:14.169+0000 7facd63fe700 1 --2- 172.21.15.52:0/3450158958 >> [v2:172.21.15.52:6800/1050992614,v1:172.21.15.52:6801/1050992614] conn(0x7facb80365f0 0x7facb8038aa0 unknown :-1 s=CLOSED pgs=10 cs=0 l=1 rev1=1 crypto rx=0 tx=0 comp rx=0 tx=0).stop
2024-01-04T21:47:14.601 INFO:teuthology.orchestra.run.smithi052.stdout:/usr/bin/ceph: stderr
2024-01-04T21:47:14.169+0000 7facd63fe700 1 --2- 172.21.15.52:0/3450158958 >> [v2:172.21.15.52:3300/0,v1:172.21.15.52:6789/0] conn(0x7facd01022d0 0x7facd0077c00 unknown :-1 s=CLOSED pgs=44 cs=0 l=1 rev1=1 crypto rx=0 tx=0 comp rx=0 tx=0).stop
2024-01-04T21:47:14.601 INFO:teuthology.orchestra.run.smithi052.stdout:/usr/bin/ceph: stderr
2024-01-04T21:47:14.169+0000 7facd63fe700 1 -- 172.21.15.52:0/3450158958 >> 172.21.15.52:0/3450158958 conn(0x7facd00fda50 msgr2=0x7facd00ffe50 unknown :-1 s=STATE_NONE l=0).mark_down
2024-01-04T21:47:14.601 INFO:teuthology.orchestra.run.smithi052.stdout:/usr/bin/ceph: stderr
2024-01-04T21:47:14.169+0000 7facd63fe700 1 -- 172.21.15.52:0/3450158958 shutdown_connections
2024-01-04T21:47:14.601 INFO:teuthology.orchestra.run.smithi052.stdout:/usr/bin/ceph: stderr
2024-01-04T21:47:14.169+0000 7facd63fe700 1 -- 172.21.15.52:0/3450158958 wait complete.
2024-01-04T21:47:14.601 INFO:teuthology.orchestra.run.smithi052.stdout:Wrote public SSH key to /home/ubuntu/cephtest/ceph.pub
2024-01-04T21:47:14.601 INFO:teuthology.orchestra.run.smithi052.stdout:Adding key to root@localhost authorized_keys...
2024-01-04T21:47:14.601 INFO:teuthology.orchestra.run.smithi052.stdout:Adding host smithi052...
2024-01-04T21:47:15.654 INFO:journalctl@ceph.mon.smithi052.smithi052.stdout:Jan 04 21:47:15 smithi052 ceph-mon[107125]: from='client.14138 -' entity='client.admin' cmd=[{"prefix": "cephadm get-pub-key", "target": ["mon-mgr", ""]}]: dispatch
2024-01-04T21:47:16.613 INFO:journalctl@ceph.mon.smithi052.smithi052.stdout:Jan 04 21:47:16 smithi052 ceph-mon[107125]: from='client.14140 -' entity='client.admin' cmd=[{"prefix": "orch host add", "hostname": "smithi052", "addr": "172.21.15.52", "target": ["mon-mgr", ""]}]: dispatch
2024-01-04T21:47:17.463 INFO:journalctl@ceph.mon.smithi052.smithi052.stdout:Jan 04 21:47:17 smithi052 ceph-mon[107125]: Deploying cephadm binary to smithi052
2024-01-04T21:47:18.319 INFO:teuthology.orchestra.run.smithi052.stdout:/usr/bin/ceph: stdout Added host 'smithi052' with addr '172.21.15.52'
2024-01-04T21:47:18.319 INFO:teuthology.orchestra.run.smithi052.stdout:/usr/bin/ceph: stderr
2024-01-04T21:47:14.974+0000 7f70aaa97700 1 Processor -- start
2024-01-04T21:47:18.319 INFO:teuthology.orchestra.run.smithi052.stdout:/usr/bin/ceph: stderr
2024-01-04T21:47:14.974+0000 7f70aaa97700 1 -- start start
2024-01-04T21:47:18.319 INFO:teuthology.orchestra.run.smithi052.stdout:/usr/bin/ceph: stderr
2024-01-04T21:47:14.975+0000 7f70aaa97700 1 --2- >> [v2:172.21.15.52:3300/0,v1:172.21.15.52:6789/0] conn(0x7f70a4077b90 0x7f70a40760a0 unknown :-1 s=NONE pgs=0 cs=0 l=0 rev1=0 crypto rx=0 tx=0 comp rx=0 tx=0).connect
2024-01-04T21:47:18.319 INFO:teuthology.orchestra.run.smithi052.stdout:/usr/bin/ceph: stderr
2024-01-04T21:47:14.975+0000 7f70aaa97700 1 -- --> [v2:172.21.15.52:3300/0,v1:172.21.15.52:6789/0] -- mon_getmap magic: 0 v1 -- 0x7f70a4077fa0 con 0x7f70a4077b90
2024-01-04T21:47:18.319 INFO:teuthology.orchestra.run.smithi052.stdout:/usr/bin/ceph: stderr
2024-01-04T21:47:14.975+0000 7f70a8833700 1 --2- >> [v2:172.21.15.52:3300/0,v1:172.21.15.52:6789/0] conn(0x7f70a4077b90 0x7f70a40760a0 unknown :-1 s=BANNER_CONNECTING pgs=0 cs=0 l=0 rev1=0 crypto rx=0 tx=0 comp rx=0 tx=0)._handle_peer_banner_payload supported=3 required=0
2024-01-04T21:47:18.319 INFO:teuthology.orchestra.run.smithi052.stdout:/usr/bin/ceph: stderr
2024-01-04T21:47:14.975+0000 7f70a8833700 1 --2- >> [v2:172.21.15.52:3300/0,v1:172.21.15.52:6789/0] conn(0x7f70a4077b90 0x7f70a40760a0 unknown :-1 s=HELLO_CONNECTING pgs=0 cs=0 l=0 rev1=1 crypto rx=0 tx=0 comp rx=0 tx=0).handle_hello peer v2:172.21.15.52:3300/0 says I am v2:172.21.15.52:39906/0 (socket says 172.21.15.52:39906)
2024-01-04T21:47:18.319 INFO:teuthology.orchestra.run.smithi052.stdout:/usr/bin/ceph: stderr
2024-01-04T21:47:14.975+0000 7f70a8833700 1 -- 172.21.15.52:0/2462563955 learned_addr learned my addr 172.21.15.52:0/2462563955 (peer_addr_for_me v2:172.21.15.52:0/0)
2024-01-04T21:47:18.319 INFO:teuthology.orchestra.run.smithi052.stdout:/usr/bin/ceph: stderr
2024-01-04T21:47:14.975+0000 7f70a8833700 1 -- 172.21.15.52:0/2462563955 --> [v2:172.21.15.52:3300/0,v1:172.21.15.52:6789/0] -- mon_subscribe({config=0+,monmap=0+}) v3 -- 0x7f70a40765e0 con 0x7f70a4077b90
2024-01-04T21:47:18.319 INFO:teuthology.orchestra.run.smithi052.stdout:/usr/bin/ceph: stderr
2024-01-04T21:47:14.976+0000 7f70a8833700 1 --2- 172.21.15.52:0/2462563955 >> [v2:172.21.15.52:3300/0,v1:172.21.15.52:6789/0] conn(0x7f70a4077b90 0x7f70a40760a0 secure :-1 s=READY pgs=45 cs=0 l=1 rev1=1 crypto rx=0x7f70980098e0 tx=0x7f7098009250 comp rx=0 tx=0).ready entity=mon.0 client_cookie=dced929aeeb524e9 server_cookie=0 in_seq=0 out_seq=0
2024-01-04T21:47:18.319 INFO:teuthology.orchestra.run.smithi052.stdout:/usr/bin/ceph: stderr
2024-01-04T21:47:14.976+0000 7f70a37fe700 1 -- 172.21.15.52:0/2462563955 <== mon.0 v2:172.21.15.52:3300/0 1 ==== mon_map magic: 0 v1 ==== 229+0+0 (secure 0 0 0) 0x7f709800b860 con 0x7f70a4077b90
2024-01-04T21:47:18.319 INFO:teuthology.orchestra.run.smithi052.stdout:/usr/bin/ceph: stderr
2024-01-04T21:47:14.976+0000 7f70a37fe700 1 -- 172.21.15.52:0/2462563955 <== mon.0 v2:172.21.15.52:3300/0 2 ==== config(26 keys) v1 ==== 1009+0+0 (secure 0 0 0) 0x7f709800be30 con 0x7f70a4077b90
2024-01-04T21:47:18.320 INFO:teuthology.orchestra.run.smithi052.stdout:/usr/bin/ceph: stderr
2024-01-04T21:47:14.976+0000 7f70a37fe700 1 -- 172.21.15.52:0/2462563955 <== mon.0 v2:172.21.15.52:3300/0 3 ==== mon_map magic: 0 v1 ==== 229+0+0 (secure 0 0 0) 0x7f7098010380 con 0x7f70a4077b90
2024-01-04T21:47:18.320 INFO:teuthology.orchestra.run.smithi052.stdout:/usr/bin/ceph: stderr
2024-01-04T21:47:14.976+0000 7f70aaa97700 1 -- 172.21.15.52:0/2462563955 >> [v2:172.21.15.52:3300/0,v1:172.21.15.52:6789/0] conn(0x7f70a4077b90 msgr2=0x7f70a40760a0 secure :-1 s=STATE_CONNECTION_ESTABLISHED l=1).mark_down
2024-01-04T21:47:18.320 INFO:teuthology.orchestra.run.smithi052.stdout:/usr/bin/ceph: stderr
2024-01-04T21:47:14.976+0000 7f70aaa97700 1 --2- 172.21.15.52:0/2462563955 >> [v2:172.21.15.52:3300/0,v1:172.21.15.52:6789/0] conn(0x7f70a4077b90 0x7f70a40760a0 secure :-1 s=READY pgs=45 cs=0 l=1 rev1=1 crypto rx=0x7f70980098e0 tx=0x7f7098009250 comp rx=0 tx=0).stop
2024-01-04T21:47:18.320 INFO:teuthology.orchestra.run.smithi052.stdout:/usr/bin/ceph: stderr
2024-01-04T21:47:14.977+0000 7f70aaa97700 1 -- 172.21.15.52:0/2462563955 shutdown_connections
2024-01-04T21:47:18.320 INFO:teuthology.orchestra.run.smithi052.stdout:/usr/bin/ceph: stderr
2024-01-04T21:47:14.977+0000 7f70aaa97700 1 --2- 172.21.15.52:0/2462563955 >> [v2:172.21.15.52:3300/0,v1:172.21.15.52:6789/0] conn(0x7f70a4077b90 0x7f70a40760a0 unknown :-1 s=CLOSED pgs=45 cs=0 l=1 rev1=1 crypto rx=0 tx=0 comp rx=0 tx=0).stop
2024-01-04T21:47:18.320 INFO:teuthology.orchestra.run.smithi052.stdout:/usr/bin/ceph: stderr
2024-01-04T21:47:14.977+0000 7f70aaa97700 1 -- 172.21.15.52:0/2462563955 >> 172.21.15.52:0/2462563955 conn(0x7f70a40fda50 msgr2=0x7f70a40ffe60 unknown :-1 s=STATE_NONE l=0).mark_down
2024-01-04T21:47:18.320 INFO:teuthology.orchestra.run.smithi052.stdout:/usr/bin/ceph: stderr
2024-01-04T21:47:14.977+0000 7f70aaa97700 1 -- 172.21.15.52:0/2462563955 shutdown_connections
2024-01-04T21:47:18.320 INFO:teuthology.orchestra.run.smithi052.stdout:/usr/bin/ceph: stderr
2024-01-04T21:47:14.977+0000 7f70aaa97700 1 -- 172.21.15.52:0/2462563955 wait complete.
2024-01-04T21:47:18.320 INFO:teuthology.orchestra.run.smithi052.stdout:/usr/bin/ceph: stderr
2024-01-04T21:47:14.978+0000 7f70aaa97700 1 Processor -- start
2024-01-04T21:47:18.320 INFO:teuthology.orchestra.run.smithi052.stdout:/usr/bin/ceph: stderr
2024-01-04T21:47:14.978+0000 7f70aaa97700 1 -- start start
2024-01-04T21:47:18.320 INFO:teuthology.orchestra.run.smithi052.stdout:/usr/bin/ceph: stderr
2024-01-04T21:47:14.979+0000 7f70aaa97700 1 --2- >> [v2:172.21.15.52:3300/0,v1:172.21.15.52:6789/0] conn(0x7f70a4077b90 0x7f70a4113340 unknown :-1 s=NONE pgs=0 cs=0 l=1 rev1=0 crypto rx=0 tx=0 comp rx=0 tx=0).connect
2024-01-04T21:47:18.320 INFO:teuthology.orchestra.run.smithi052.stdout:/usr/bin/ceph: stderr
2024-01-04T21:47:14.979+0000 7f70aaa97700 1 -- --> [v2:172.21.15.52:3300/0,v1:172.21.15.52:6789/0] -- mon_getmap magic: 0 v1 -- 0x7f70a4113880 con 0x7f70a4077b90
2024-01-04T21:47:18.320 INFO:teuthology.orchestra.run.smithi052.stdout:/usr/bin/ceph: stderr
2024-01-04T21:47:14.979+0000 7f70a8833700 1 --2- >> [v2:172.21.15.52:3300/0,v1:172.21.15.52:6789/0] conn(0x7f70a4077b90 0x7f70a4113340 unknown :-1 s=BANNER_CONNECTING pgs=0 cs=0 l=1 rev1=0 crypto rx=0 tx=0 comp rx=0 tx=0)._handle_peer_banner_payload supported=3 required=0
2024-01-04T21:47:18.320 INFO:teuthology.orchestra.run.smithi052.stdout:/usr/bin/ceph: stderr
2024-01-04T21:47:14.979+0000 7f70a8833700 1 --2- >> [v2:172.21.15.52:3300/0,v1:172.21.15.52:6789/0] conn(0x7f70a4077b90 0x7f70a4113340 unknown :-1 s=HELLO_CONNECTING pgs=0 cs=0 l=1 rev1=1 crypto rx=0 tx=0 comp rx=0 tx=0).handle_hello peer v2:172.21.15.52:3300/0 says I am v2:172.21.15.52:39922/0 (socket says 172.21.15.52:39922)
2024-01-04T21:47:18.321 INFO:teuthology.orchestra.run.smithi052.stdout:/usr/bin/ceph: stderr
2024-01-04T21:47:14.979+0000 7f70a8833700 1 -- 172.21.15.52:0/2556796031 learned_addr learned my addr 172.21.15.52:0/2556796031 (peer_addr_for_me v2:172.21.15.52:0/0)
2024-01-04T21:47:18.321 INFO:teuthology.orchestra.run.smithi052.stdout:/usr/bin/ceph: stderr
2024-01-04T21:47:14.979+0000 7f70a8833700 1 -- 172.21.15.52:0/2556796031 --> [v2:172.21.15.52:3300/0,v1:172.21.15.52:6789/0] -- mon_subscribe({config=0+,monmap=0+}) v3 -- 0x7f70980094f0 con 0x7f70a4077b90
2024-01-04T21:47:18.321 INFO:teuthology.orchestra.run.smithi052.stdout:/usr/bin/ceph: stderr
2024-01-04T21:47:14.979+0000 7f70a8833700 1 --2- 172.21.15.52:0/2556796031 >> [v2:172.21.15.52:3300/0,v1:172.21.15.52:6789/0] conn(0x7f70a4077b90 0x7f70a4113340 secure :-1 s=READY pgs=46 cs=0 l=1 rev1=1 crypto rx=0x7f7098006b00 tx=0x7f7098009250 comp rx=0 tx=0).ready entity=mon.0 client_cookie=0 server_cookie=0 in_seq=0 out_seq=0
2024-01-04T21:47:18.321 INFO:teuthology.orchestra.run.smithi052.stdout:/usr/bin/ceph: stderr
2024-01-04T21:47:14.980+0000 7f70a17fa700 1 -- 172.21.15.52:0/2556796031 <== mon.0 v2:172.21.15.52:3300/0 1 ==== mon_map magic: 0 v1 ==== 229+0+0 (secure 0 0 0) 0x7f7098010a80 con 0x7f70a4077b90
2024-01-04T21:47:18.321 INFO:teuthology.orchestra.run.smithi052.stdout:/usr/bin/ceph: stderr
2024-01-04T21:47:14.980+0000 7f70a17fa700 1 -- 172.21.15.52:0/2556796031 <== mon.0 v2:172.21.15.52:3300/0 2 ==== config(26 keys) v1 ==== 1009+0+0 (secure 0 0 0) 0x7f709801a430 con 0x7f70a4077b90
2024-01-04T21:47:18.321 INFO:teuthology.orchestra.run.smithi052.stdout:/usr/bin/ceph: stderr
2024-01-04T21:47:14.980+0000 7f70a17fa700 1 -- 172.21.15.52:0/2556796031 <== mon.0 v2:172.21.15.52:3300/0 3 ==== mon_map magic: 0 v1 ==== 229+0+0 (secure 0 0 0) 0x7f70980245b0 con 0x7f70a4077b90
2024-01-04T21:47:18.321 INFO:teuthology.orchestra.run.smithi052.stdout:/usr/bin/ceph: stderr
2024-01-04T21:47:14.980+0000 7f70aaa97700 1 -- 172.21.15.52:0/2556796031 --> [v2:172.21.15.52:3300/0,v1:172.21.15.52:6789/0] -- mon_subscribe({mgrmap=0+}) v3 -- 0x7f70a4113a80 con 0x7f70a4077b90
2024-01-04T21:47:18.321 INFO:teuthology.orchestra.run.smithi052.stdout:/usr/bin/ceph: stderr
2024-01-04T21:47:14.980+0000 7f70aaa97700 1 -- 172.21.15.52:0/2556796031 --> [v2:172.21.15.52:3300/0,v1:172.21.15.52:6789/0] -- mon_subscribe({osdmap=0}) v3 -- 0x7f70a4113e90 con 0x7f70a4077b90
2024-01-04T21:47:18.321 INFO:teuthology.orchestra.run.smithi052.stdout:/usr/bin/ceph: stderr
2024-01-04T21:47:14.981+0000 7f70a17fa700 1 -- 172.21.15.52:0/2556796031 <== mon.0 v2:172.21.15.52:3300/0 4 ==== mgrmap(e 8) v1 ==== 43281+0+0 (secure 0 0 0) 0x7f7098010be0 con 0x7f70a4077b90
2024-01-04T21:47:18.321 INFO:teuthology.orchestra.run.smithi052.stdout:/usr/bin/ceph: stderr
2024-01-04T21:47:14.981+0000 7f70aaa97700 1 -- 172.21.15.52:0/2556796031 --> [v2:172.21.15.52:3300/0,v1:172.21.15.52:6789/0] -- mon_command({"prefix": "get_command_descriptions"} v 0) v1 -- 0x7f70a404bb80 con 0x7f70a4077b90
2024-01-04T21:47:18.321 INFO:teuthology.orchestra.run.smithi052.stdout:/usr/bin/ceph: stderr
2024-01-04T21:47:14.981+0000 7f70a17fa700 1 --2- 172.21.15.52:0/2556796031 >> [v2:172.21.15.52:6800/1050992614,v1:172.21.15.52:6801/1050992614] conn(0x7f7094036640 0x7f7094038af0 unknown :-1 s=NONE pgs=0 cs=0 l=1 rev1=0 crypto rx=0 tx=0 comp rx=0 tx=0).connect
2024-01-04T21:47:18.321 INFO:teuthology.orchestra.run.smithi052.stdout:/usr/bin/ceph: stderr
2024-01-04T21:47:14.981+0000 7f70a17fa700 1 -- 172.21.15.52:0/2556796031 <== mon.0 v2:172.21.15.52:3300/0 5 ==== osd_map(2..2 src has 1..2) v4 ==== 936+0+0 (secure 0 0 0) 0x7f709804abb0 con 0x7f70a4077b90
2024-01-04T21:47:18.321 INFO:teuthology.orchestra.run.smithi052.stdout:/usr/bin/ceph: stderr
2024-01-04T21:47:14.982+0000 7f70a3fff700 1 --2- 172.21.15.52:0/2556796031 >> [v2:172.21.15.52:6800/1050992614,v1:172.21.15.52:6801/1050992614] conn(0x7f7094036640 0x7f7094038af0 unknown :-1 s=BANNER_CONNECTING pgs=0 cs=0 l=1 rev1=0 crypto rx=0 tx=0 comp rx=0 tx=0)._handle_peer_banner_payload supported=3 required=0
2024-01-04T21:47:18.321 INFO:teuthology.orchestra.run.smithi052.stdout:/usr/bin/ceph: stderr
2024-01-04T21:47:14.982+0000 7f70a3fff700 1 --2- 172.21.15.52:0/2556796031 >> [v2:172.21.15.52:6800/1050992614,v1:172.21.15.52:6801/1050992614] conn(0x7f7094036640 0x7f7094038af0 secure :-1 s=READY pgs=11 cs=0 l=1 rev1=1 crypto rx=0x7f7090009990 tx=0x7f7090006e40 comp rx=0 tx=0).ready entity=mgr.14120 client_cookie=0 server_cookie=0 in_seq=0 out_seq=0
2024-01-04T21:47:18.322 INFO:teuthology.orchestra.run.smithi052.stdout:/usr/bin/ceph: stderr
2024-01-04T21:47:14.986+0000 7f70a17fa700 1 -- 172.21.15.52:0/2556796031 <== mon.0 v2:172.21.15.52:3300/0 6 ==== mon_command_ack([{"prefix": "get_command_descriptions"}]=0 v0) v1 ==== 72+0+174570 (secure 0 0 0) 0x7f709801a5a0 con 0x7f70a4077b90
2024-01-04T21:47:18.322 INFO:teuthology.orchestra.run.smithi052.stdout:/usr/bin/ceph: stderr
2024-01-04T21:47:15.193+0000 7f70aaa97700 1 -- 172.21.15.52:0/2556796031 --> [v2:172.21.15.52:6800/1050992614,v1:172.21.15.52:6801/1050992614] -- mgr_command(tid 0: {"prefix": "orch host add", "hostname": "smithi052", "addr": "172.21.15.52", "target": ["mon-mgr", ""]}) v1 -- 0x7f70a410d1b0 con 0x7f7094036640
2024-01-04T21:47:18.322 INFO:teuthology.orchestra.run.smithi052.stdout:/usr/bin/ceph: stderr
2024-01-04T21:47:17.979+0000 7f70a17fa700 1 -- 172.21.15.52:0/2556796031 <== mgr.14120 v2:172.21.15.52:6800/1050992614 1 ==== mgr_command_reply(tid 0: 0 ) v1 ==== 8+0+48 (secure 0 0 0) 0x7f70a410d1b0 con 0x7f7094036640
2024-01-04T21:47:18.322 INFO:teuthology.orchestra.run.smithi052.stdout:/usr/bin/ceph: stderr
2024-01-04T21:47:17.982+0000 7f70aaa97700 1 -- 172.21.15.52:0/2556796031 >> [v2:172.21.15.52:6800/1050992614,v1:172.21.15.52:6801/1050992614] conn(0x7f7094036640 msgr2=0x7f7094038af0 secure :-1 s=STATE_CONNECTION_ESTABLISHED l=1).mark_down
2024-01-04T21:47:18.322 INFO:teuthology.orchestra.run.smithi052.stdout:/usr/bin/ceph: stderr
2024-01-04T21:47:17.982+0000 7f70aaa97700 1 --2- 172.21.15.52:0/2556796031 >> [v2:172.21.15.52:6800/1050992614,v1:172.21.15.52:6801/1050992614] conn(0x7f7094036640 0x7f7094038af0 secure :-1 s=READY pgs=11 cs=0 l=1 rev1=1 crypto rx=0x7f7090009990 tx=0x7f7090006e40 comp rx=0 tx=0).stop
2024-01-04T21:47:18.322 INFO:teuthology.orchestra.run.smithi052.stdout:/usr/bin/ceph: stderr
2024-01-04T21:47:17.982+0000 7f70aaa97700 1 -- 172.21.15.52:0/2556796031 >> [v2:172.21.15.52:3300/0,v1:172.21.15.52:6789/0] conn(0x7f70a4077b90 msgr2=0x7f70a4113340 secure :-1 s=STATE_CONNECTION_ESTABLISHED l=1).mark_down
2024-01-04T21:47:18.322 INFO:teuthology.orchestra.run.smithi052.stdout:/usr/bin/ceph: stderr
2024-01-04T21:47:17.982+0000 7f70aaa97700 1 --2- 172.21.15.52:0/2556796031 >> [v2:172.21.15.52:3300/0,v1:172.21.15.52:6789/0] conn(0x7f70a4077b90 0x7f70a4113340 secure :-1 s=READY pgs=46 cs=0 l=1 rev1=1 crypto rx=0x7f7098006b00 tx=0x7f7098009250 comp rx=0 tx=0).stop
2024-01-04T21:47:18.322 INFO:teuthology.orchestra.run.smithi052.stdout:/usr/bin/ceph: stderr
2024-01-04T21:47:17.982+0000 7f70aaa97700 1 -- 172.21.15.52:0/2556796031 shutdown_connections
2024-01-04T21:47:18.322 INFO:teuthology.orchestra.run.smithi052.stdout:/usr/bin/ceph: stderr
2024-01-04T21:47:17.982+0000 7f70aaa97700 1 --2- 172.21.15.52:0/2556796031 >> [v2:172.21.15.52:6800/1050992614,v1:172.21.15.52:6801/1050992614] conn(0x7f7094036640 0x7f7094038af0 unknown :-1 s=CLOSED pgs=11 cs=0 l=1 rev1=1 crypto rx=0 tx=0 comp rx=0 tx=0).stop
2024-01-04T21:47:18.322 INFO:teuthology.orchestra.run.smithi052.stdout:/usr/bin/ceph: stderr
2024-01-04T21:47:17.982+0000 7f70aaa97700 1 --2- 172.21.15.52:0/2556796031 >> [v2:172.21.15.52:3300/0,v1:172.21.15.52:6789/0] conn(0x7f70a4077b90 0x7f70a4113340 unknown :-1 s=CLOSED pgs=46 cs=0 l=1 rev1=1 crypto rx=0 tx=0 comp rx=0 tx=0).stop
2024-01-04T21:47:18.322 INFO:teuthology.orchestra.run.smithi052.stdout:/usr/bin/ceph: stderr
2024-01-04T21:47:17.982+0000 7f70aaa97700 1 -- 172.21.15.52:0/2556796031 >> 172.21.15.52:0/2556796031 conn(0x7f70a40fda50 msgr2=0x7f70a40ff2f0 unknown :-1 s=STATE_NONE l=0).mark_down
2024-01-04T21:47:18.322 INFO:teuthology.orchestra.run.smithi052.stdout:/usr/bin/ceph: stderr
2024-01-04T21:47:17.982+0000 7f70aaa97700 1 -- 172.21.15.52:0/2556796031 shutdown_connections
2024-01-04T21:47:18.322 INFO:teuthology.orchestra.run.smithi052.stdout:/usr/bin/ceph: stderr
2024-01-04T21:47:17.982+0000 7f70aaa97700 1 -- 172.21.15.52:0/2556796031 wait complete.
2024-01-04T21:47:18.323 INFO:teuthology.orchestra.run.smithi052.stdout:Deploying mon service with default placement...
2024-01-04T21:47:19.404 INFO:journalctl@ceph.mon.smithi052.smithi052.stdout:Jan 04 21:47:18 smithi052 ceph-mon[107125]: from='mgr.14120 172.21.15.52:0/2159405366' entity='mgr.smithi052.uznooz'
2024-01-04T21:47:19.404 INFO:journalctl@ceph.mon.smithi052.smithi052.stdout:Jan 04 21:47:18 smithi052 ceph-mon[107125]: Added host smithi052
2024-01-04T21:47:19.404 INFO:journalctl@ceph.mon.smithi052.smithi052.stdout:Jan 04 21:47:18 smithi052 ceph-mon[107125]: from='mgr.14120 172.21.15.52:0/2159405366' entity='mgr.smithi052.uznooz' cmd=[{"prefix": "config dump", "format": "json"}]: dispatch
2024-01-04T21:47:19.404 INFO:journalctl@ceph.mon.smithi052.smithi052.stdout:Jan 04 21:47:18 smithi052 ceph-mon[107125]: from='mgr.14120 172.21.15.52:0/2159405366' entity='mgr.smithi052.uznooz'
2024-01-04T21:47:19.410 INFO:teuthology.orchestra.run.smithi052.stdout:/usr/bin/ceph: stdout Scheduled mon update...
2024-01-04T21:47:19.410 INFO:teuthology.orchestra.run.smithi052.stdout:/usr/bin/ceph: stderr
2024-01-04T21:47:18.733+0000 7f3331e6c700 1 Processor -- start
2024-01-04T21:47:19.410 INFO:teuthology.orchestra.run.smithi052.stdout:/usr/bin/ceph: stderr
2024-01-04T21:47:18.733+0000 7f3331e6c700 1 -- start start
2024-01-04T21:47:19.410 INFO:teuthology.orchestra.run.smithi052.stdout:/usr/bin/ceph: stderr
2024-01-04T21:47:18.734+0000 7f3331e6c700 1 --2- >> [v2:172.21.15.52:3300/0,v1:172.21.15.52:6789/0] conn(0x7f332c077b90 0x7f332c0760a0 unknown :-1 s=NONE pgs=0 cs=0 l=0 rev1=0 crypto rx=0 tx=0 comp rx=0 tx=0).connect
2024-01-04T21:47:19.411 INFO:teuthology.orchestra.run.smithi052.stdout:/usr/bin/ceph: stderr
2024-01-04T21:47:18.734+0000 7f3331e6c700 1 -- --> [v2:172.21.15.52:3300/0,v1:172.21.15.52:6789/0] -- mon_getmap magic: 0 v1 -- 0x7f332c077fa0 con 0x7f332c077b90
2024-01-04T21:47:19.411 INFO:teuthology.orchestra.run.smithi052.stdout:/usr/bin/ceph: stderr
2024-01-04T21:47:18.734+0000 7f332b7fe700 1 --2- >> [v2:172.21.15.52:3300/0,v1:172.21.15.52:6789/0] conn(0x7f332c077b90 0x7f332c0760a0 unknown :-1 s=BANNER_CONNECTING pgs=0 cs=0 l=0 rev1=0 crypto rx=0 tx=0 comp rx=0 tx=0)._handle_peer_banner_payload supported=3 required=0
2024-01-04T21:47:19.411 INFO:teuthology.orchestra.run.smithi052.stdout:/usr/bin/ceph: stderr
2024-01-04T21:47:18.734+0000 7f332b7fe700 1 --2- >> [v2:172.21.15.52:3300/0,v1:172.21.15.52:6789/0] conn(0x7f332c077b90 0x7f332c0760a0 unknown :-1 s=HELLO_CONNECTING pgs=0 cs=0 l=0 rev1=1 crypto rx=0 tx=0 comp rx=0 tx=0).handle_hello peer v2:172.21.15.52:3300/0 says I am v2:172.21.15.52:42892/0 (socket says 172.21.15.52:42892)
2024-01-04T21:47:19.411 INFO:teuthology.orchestra.run.smithi052.stdout:/usr/bin/ceph: stderr
2024-01-04T21:47:18.734+0000 7f332b7fe700 1 -- 172.21.15.52:0/3069661781 learned_addr learned my addr 172.21.15.52:0/3069661781 (peer_addr_for_me v2:172.21.15.52:0/0)
2024-01-04T21:47:19.411 INFO:teuthology.orchestra.run.smithi052.stdout:/usr/bin/ceph: stderr
2024-01-04T21:47:18.735+0000 7f332b7fe700 1 -- 172.21.15.52:0/3069661781 --> [v2:172.21.15.52:3300/0,v1:172.21.15.52:6789/0] -- mon_subscribe({config=0+,monmap=0+}) v3 -- 0x7f332c0765e0 con 0x7f332c077b90
2024-01-04T21:47:19.411 INFO:teuthology.orchestra.run.smithi052.stdout:/usr/bin/ceph: stderr
2024-01-04T21:47:18.735+0000 7f332b7fe700 1 --2- 172.21.15.52:0/3069661781 >> [v2:172.21.15.52:3300/0,v1:172.21.15.52:6789/0] conn(0x7f332c077b90 0x7f332c0760a0 secure :-1 s=READY pgs=47 cs=0 l=1 rev1=1 crypto rx=0x7f331c0098e0 tx=0x7f331c009250 comp rx=0 tx=0).ready entity=mon.0 client_cookie=42403a4904657ea8 server_cookie=0 in_seq=0 out_seq=0
2024-01-04T21:47:19.411 INFO:teuthology.orchestra.run.smithi052.stdout:/usr/bin/ceph: stderr
2024-01-04T21:47:18.735+0000 7f332a7fc700 1 -- 172.21.15.52:0/3069661781 <== mon.0 v2:172.21.15.52:3300/0 1 ==== mon_map magic: 0 v1 ==== 229+0+0 (secure 0 0 0) 0x7f331c00b860 con 0x7f332c077b90
2024-01-04T21:47:19.411 INFO:teuthology.orchestra.run.smithi052.stdout:/usr/bin/ceph: stderr
2024-01-04T21:47:18.735+0000 7f332a7fc700 1 -- 172.21.15.52:0/3069661781 <== mon.0 v2:172.21.15.52:3300/0 2 ==== config(26 keys) v1 ==== 1009+0+0 (secure 0 0 0) 0x7f331c00be30 con 0x7f332c077b90
2024-01-04T21:47:19.411 INFO:teuthology.orchestra.run.smithi052.stdout:/usr/bin/ceph: stderr
2024-01-04T21:47:18.735+0000 7f332a7fc700 1 -- 172.21.15.52:0/3069661781 <== mon.0 v2:172.21.15.52:3300/0 3 ==== mon_map magic: 0 v1 ==== 229+0+0 (secure 0 0 0) 0x7f331c010380 con 0x7f332c077b90
2024-01-04T21:47:19.411 INFO:teuthology.orchestra.run.smithi052.stdout:/usr/bin/ceph: stderr
2024-01-04T21:47:18.736+0000 7f3331e6c700 1 -- 172.21.15.52:0/3069661781 >> [v2:172.21.15.52:3300/0,v1:172.21.15.52:6789/0] conn(0x7f332c077b90 msgr2=0x7f332c0760a0 secure :-1 s=STATE_CONNECTION_ESTABLISHED l=1).mark_down
2024-01-04T21:47:19.411 INFO:teuthology.orchestra.run.smithi052.stdout:/usr/bin/ceph: stderr
2024-01-04T21:47:18.736+0000 7f3331e6c700 1 --2- 172.21.15.52:0/3069661781 >> [v2:172.21.15.52:3300/0,v1:172.21.15.52:6789/0] conn(0x7f332c077b90 0x7f332c0760a0 secure :-1 s=READY pgs=47 cs=0 l=1 rev1=1 crypto rx=0x7f331c0098e0 tx=0x7f331c009250 comp rx=0 tx=0).stop
2024-01-04T21:47:19.411 INFO:teuthology.orchestra.run.smithi052.stdout:/usr/bin/ceph: stderr
2024-01-04T21:47:18.736+0000 7f3331e6c700 1 -- 172.21.15.52:0/3069661781 shutdown_connections
2024-01-04T21:47:19.411 INFO:teuthology.orchestra.run.smithi052.stdout:/usr/bin/ceph: stderr
2024-01-04T21:47:18.736+0000 7f3331e6c700 1 --2- 172.21.15.52:0/3069661781 >> [v2:172.21.15.52:3300/0,v1:172.21.15.52:6789/0] conn(0x7f332c077b90 0x7f332c0760a0 unknown :-1 s=CLOSED pgs=47 cs=0 l=1 rev1=1 crypto rx=0 tx=0 comp rx=0 tx=0).stop
2024-01-04T21:47:19.411 INFO:teuthology.orchestra.run.smithi052.stdout:/usr/bin/ceph: stderr
2024-01-04T21:47:18.736+0000 7f3331e6c700 1 -- 172.21.15.52:0/3069661781 >> 172.21.15.52:0/3069661781 conn(0x7f332c0fda50 msgr2=0x7f332c0ffe60 unknown :-1 s=STATE_NONE l=0).mark_down
2024-01-04T21:47:19.412 INFO:teuthology.orchestra.run.smithi052.stdout:/usr/bin/ceph: stderr
2024-01-04T21:47:18.736+0000 7f3331e6c700 1 -- 172.21.15.52:0/3069661781 shutdown_connections
2024-01-04T21:47:19.412 INFO:teuthology.orchestra.run.smithi052.stdout:/usr/bin/ceph: stderr
2024-01-04T21:47:18.736+0000 7f3331e6c700 1 -- 172.21.15.52:0/3069661781 wait complete.
2024-01-04T21:47:19.412 INFO:teuthology.orchestra.run.smithi052.stdout:/usr/bin/ceph: stderr
2024-01-04T21:47:18.737+0000 7f3331e6c700 1 Processor -- start
2024-01-04T21:47:19.412 INFO:teuthology.orchestra.run.smithi052.stdout:/usr/bin/ceph: stderr
2024-01-04T21:47:18.737+0000 7f3331e6c700 1 -- start start
2024-01-04T21:47:19.412 INFO:teuthology.orchestra.run.smithi052.stdout:/usr/bin/ceph: stderr
2024-01-04T21:47:18.738+0000 7f3331e6c700 1 --2- >> [v2:172.21.15.52:3300/0,v1:172.21.15.52:6789/0] conn(0x7f332c077b90 0x7f332c113380 unknown :-1 s=NONE pgs=0 cs=0 l=1 rev1=0 crypto rx=0 tx=0 comp rx=0 tx=0).connect
2024-01-04T21:47:19.412 INFO:teuthology.orchestra.run.smithi052.stdout:/usr/bin/ceph: stderr
2024-01-04T21:47:18.738+0000 7f3331e6c700 1 -- --> [v2:172.21.15.52:3300/0,v1:172.21.15.52:6789/0] -- mon_getmap magic: 0 v1 -- 0x7f332c1138c0 con 0x7f332c077b90
2024-01-04T21:47:19.412 INFO:teuthology.orchestra.run.smithi052.stdout:/usr/bin/ceph: stderr
2024-01-04T21:47:18.738+0000 7f332b7fe700 1 --2- >> [v2:172.21.15.52:3300/0,v1:172.21.15.52:6789/0] conn(0x7f332c077b90 0x7f332c113380 unknown :-1 s=BANNER_CONNECTING pgs=0 cs=0 l=1 rev1=0 crypto rx=0 tx=0 comp rx=0 tx=0)._handle_peer_banner_payload supported=3 required=0
2024-01-04T21:47:19.412 INFO:teuthology.orchestra.run.smithi052.stdout:/usr/bin/ceph: stderr
2024-01-04T21:47:18.738+0000 7f332b7fe700 1 --2- >> [v2:172.21.15.52:3300/0,v1:172.21.15.52:6789/0] conn(0x7f332c077b90 0x7f332c113380 unknown :-1 s=HELLO_CONNECTING pgs=0 cs=0 l=1 rev1=1 crypto rx=0 tx=0 comp rx=0 tx=0).handle_hello peer v2:172.21.15.52:3300/0 says I am v2:172.21.15.52:42908/0 (socket says 172.21.15.52:42908)
2024-01-04T21:47:19.412 INFO:teuthology.orchestra.run.smithi052.stdout:/usr/bin/ceph: stderr
2024-01-04T21:47:18.738+0000 7f332b7fe700 1 -- 172.21.15.52:0/1611957023 learned_addr learned my addr 172.21.15.52:0/1611957023 (peer_addr_for_me v2:172.21.15.52:0/0)
2024-01-04T21:47:19.412 INFO:teuthology.orchestra.run.smithi052.stdout:/usr/bin/ceph: stderr
2024-01-04T21:47:18.738+0000 7f332b7fe700 1 -- 172.21.15.52:0/1611957023 --> [v2:172.21.15.52:3300/0,v1:172.21.15.52:6789/0] -- mon_subscribe({config=0+,monmap=0+}) v3 -- 0x7f331c0094f0 con 0x7f332c077b90
2024-01-04T21:47:19.412 INFO:teuthology.orchestra.run.smithi052.stdout:/usr/bin/ceph: stderr
2024-01-04T21:47:18.739+0000 7f332b7fe700 1 --2- 172.21.15.52:0/1611957023 >> [v2:172.21.15.52:3300/0,v1:172.21.15.52:6789/0] conn(0x7f332c077b90 0x7f332c113380 secure :-1 s=READY pgs=48 cs=0 l=1 rev1=1 crypto rx=0x7f331c006d40 tx=0x7f331c009250 comp rx=0 tx=0).ready entity=mon.0 client_cookie=0 server_cookie=0 in_seq=0 out_seq=0
2024-01-04T21:47:19.412 INFO:teuthology.orchestra.run.smithi052.stdout:/usr/bin/ceph: stderr
2024-01-04T21:47:18.739+0000 7f3313fff700 1 -- 172.21.15.52:0/1611957023 <== mon.0 v2:172.21.15.52:3300/0 1 ==== mon_map magic: 0 v1 ==== 229+0+0 (secure 0 0 0) 0x7f331c0109b0 con 0x7f332c077b90
2024-01-04T21:47:19.412 INFO:teuthology.orchestra.run.smithi052.stdout:/usr/bin/ceph: stderr
2024-01-04T21:47:18.739+0000 7f3313fff700 1 -- 172.21.15.52:0/1611957023 <== mon.0 v2:172.21.15.52:3300/0 2 ==== config(26 keys) v1 ==== 1009+0+0 (secure 0 0 0) 0x7f331c024440 con 0x7f332c077b90
2024-01-04T21:47:19.413 INFO:teuthology.orchestra.run.smithi052.stdout:/usr/bin/ceph: stderr
2024-01-04T21:47:18.739+0000 7f3331e6c700 1 -- 172.21.15.52:0/1611957023 --> [v2:172.21.15.52:3300/0,v1:172.21.15.52:6789/0] -- mon_subscribe({mgrmap=0+}) v3 -- 0x7f332c113ac0 con 0x7f332c077b90
2024-01-04T21:47:19.413 INFO:teuthology.orchestra.run.smithi052.stdout:/usr/bin/ceph: stderr
2024-01-04T21:47:18.739+0000 7f3313fff700 1 -- 172.21.15.52:0/1611957023 <== mon.0 v2:172.21.15.52:3300/0 3 ==== mon_map magic: 0 v1 ==== 229+0+0 (secure 0 0 0) 0x7f331c01a5f0 con 0x7f332c077b90
2024-01-04T21:47:19.413 INFO:teuthology.orchestra.run.smithi052.stdout:/usr/bin/ceph: stderr
2024-01-04T21:47:18.739+0000 7f3331e6c700 1 -- 172.21.15.52:0/1611957023 --> [v2:172.21.15.52:3300/0,v1:172.21.15.52:6789/0] -- mon_subscribe({osdmap=0}) v3 -- 0x7f332c113ed0 con 0x7f332c077b90
2024-01-04T21:47:19.413 INFO:teuthology.orchestra.run.smithi052.stdout:/usr/bin/ceph: stderr
2024-01-04T21:47:18.741+0000 7f3313fff700 1 -- 172.21.15.52:0/1611957023 <== mon.0 v2:172.21.15.52:3300/0 4 ==== mgrmap(e 8) v1 ==== 43281+0+0 (secure 0 0 0) 0x7f331c010b10 con 0x7f332c077b90
2024-01-04T21:47:19.413 INFO:teuthology.orchestra.run.smithi052.stdout:/usr/bin/ceph: stderr
2024-01-04T21:47:18.741+0000 7f3331e6c700 1 -- 172.21.15.52:0/1611957023 --> [v2:172.21.15.52:3300/0,v1:172.21.15.52:6789/0] -- mon_command({"prefix": "get_command_descriptions"} v 0) v1 -- 0x7f332c04bb80 con 0x7f332c077b90
2024-01-04T21:47:19.413 INFO:teuthology.orchestra.run.smithi052.stdout:/usr/bin/ceph: stderr
2024-01-04T21:47:18.741+0000 7f3313fff700 1 --2- 172.21.15.52:0/1611957023 >> [v2:172.21.15.52:6800/1050992614,v1:172.21.15.52:6801/1050992614] conn(0x7f33140365f0 0x7f3314038aa0 unknown :-1 s=NONE pgs=0 cs=0 l=1 rev1=0 crypto rx=0 tx=0 comp rx=0 tx=0).connect
2024-01-04T21:47:19.413 INFO:teuthology.orchestra.run.smithi052.stdout:/usr/bin/ceph: stderr
2024-01-04T21:47:18.741+0000 7f3313fff700 1 -- 172.21.15.52:0/1611957023 <== mon.0 v2:172.21.15.52:3300/0 5 ==== osd_map(2..2 src has 1..2) v4 ==== 936+0+0 (secure 0 0 0) 0x7f331c04a540 con 0x7f332c077b90
2024-01-04T21:47:19.413 INFO:teuthology.orchestra.run.smithi052.stdout:/usr/bin/ceph: stderr
2024-01-04T21:47:18.741+0000 7f332affd700 1 --2- 172.21.15.52:0/1611957023 >> [v2:172.21.15.52:6800/1050992614,v1:172.21.15.52:6801/1050992614] conn(0x7f33140365f0 0x7f3314038aa0 unknown :-1 s=BANNER_CONNECTING pgs=0 cs=0 l=1 rev1=0 crypto rx=0 tx=0 comp rx=0 tx=0)._handle_peer_banner_payload supported=3 required=0
2024-01-04T21:47:19.413 INFO:teuthology.orchestra.run.smithi052.stdout:/usr/bin/ceph: stderr
2024-01-04T21:47:18.742+0000 7f332affd700 1 --2- 172.21.15.52:0/1611957023 >> [v2:172.21.15.52:6800/1050992614,v1:172.21.15.52:6801/1050992614] conn(0x7f33140365f0 0x7f3314038aa0 secure :-1 s=READY pgs=12 cs=0 l=1 rev1=1 crypto rx=0x7f3320009990 tx=0x7f3320006e40 comp rx=0 tx=0).ready entity=mgr.14120 client_cookie=0 server_cookie=0 in_seq=0 out_seq=0
2024-01-04T21:47:19.413 INFO:teuthology.orchestra.run.smithi052.stdout:/usr/bin/ceph: stderr
2024-01-04T21:47:18.746+0000 7f3313fff700 1 -- 172.21.15.52:0/1611957023 <== mon.0 v2:172.21.15.52:3300/0 6 ==== mon_command_ack([{"prefix": "get_command_descriptions"}]=0 v0) v1 ==== 72+0+174570 (secure 0 0 0) 0x7f331c006d70 con 0x7f332c077b90
2024-01-04T21:47:19.413 INFO:teuthology.orchestra.run.smithi052.stdout:/usr/bin/ceph: stderr
2024-01-04T21:47:18.961+0000 7f3331e6c700 1 -- 172.21.15.52:0/1611957023 --> [v2:172.21.15.52:6800/1050992614,v1:172.21.15.52:6801/1050992614] -- mgr_command(tid 0: {"prefix": "orch apply", "service_type": "mon", "target": ["mon-mgr", ""]}) v1 -- 0x7f332c10d1b0 con 0x7f33140365f0
2024-01-04T21:47:19.413 INFO:teuthology.orchestra.run.smithi052.stdout:/usr/bin/ceph: stderr
2024-01-04T21:47:18.967+0000 7f3313fff700 1 -- 172.21.15.52:0/1611957023 <== mgr.14120 v2:172.21.15.52:6800/1050992614 1 ==== mgr_command_reply(tid 0: 0 ) v1 ==== 8+0+24 (secure 0 0 0) 0x7f332c10d1b0 con 0x7f33140365f0
2024-01-04T21:47:19.413 INFO:teuthology.orchestra.run.smithi052.stdout:/usr/bin/ceph: stderr
2024-01-04T21:47:18.969+0000 7f3331e6c700 1 -- 172.21.15.52:0/1611957023 >> [v2:172.21.15.52:6800/1050992614,v1:172.21.15.52:6801/1050992614] conn(0x7f33140365f0 msgr2=0x7f3314038aa0 secure :-1 s=STATE_CONNECTION_ESTABLISHED l=1).mark_down
2024-01-04T21:47:19.413 INFO:teuthology.orchestra.run.smithi052.stdout:/usr/bin/ceph: stderr
2024-01-04T21:47:18.969+0000 7f3331e6c700 1 --2- 172.21.15.52:0/1611957023 >> [v2:172.21.15.52:6800/1050992614,v1:172.21.15.52:6801/1050992614] conn(0x7f33140365f0 0x7f3314038aa0 secure :-1 s=READY pgs=12 cs=0 l=1 rev1=1 crypto rx=0x7f3320009990 tx=0x7f3320006e40 comp rx=0 tx=0).stop
2024-01-04T21:47:19.413 INFO:teuthology.orchestra.run.smithi052.stdout:/usr/bin/ceph: stderr
2024-01-04T21:47:18.969+0000 7f3331e6c700 1 -- 172.21.15.52:0/1611957023 >> [v2:172.21.15.52:3300/0,v1:172.21.15.52:6789/0] conn(0x7f332c077b90 msgr2=0x7f332c113380 secure :-1 s=STATE_CONNECTION_ESTABLISHED l=1).mark_down
2024-01-04T21:47:19.414 INFO:teuthology.orchestra.run.smithi052.stdout:/usr/bin/ceph: stderr
2024-01-04T21:47:18.969+0000 7f3331e6c700 1 --2- 172.21.15.52:0/1611957023 >> [v2:172.21.15.52:3300/0,v1:172.21.15.52:6789/0] conn(0x7f332c077b90 0x7f332c113380 secure :-1 s=READY pgs=48 cs=0 l=1 rev1=1 crypto rx=0x7f331c006d40 tx=0x7f331c009250 comp rx=0 tx=0).stop
2024-01-04T21:47:19.414 INFO:teuthology.orchestra.run.smithi052.stdout:/usr/bin/ceph: stderr
2024-01-04T21:47:18.969+0000 7f3331e6c700 1 -- 172.21.15.52:0/1611957023 shutdown_connections
2024-01-04T21:47:19.414 INFO:teuthology.orchestra.run.smithi052.stdout:/usr/bin/ceph: stderr
2024-01-04T21:47:18.969+0000 7f3331e6c700 1 --2- 172.21.15.52:0/1611957023 >> [v2:172.21.15.52:6800/1050992614,v1:172.21.15.52:6801/1050992614] conn(0x7f33140365f0 0x7f3314038aa0 unknown :-1 s=CLOSED pgs=12 cs=0 l=1 rev1=1 crypto rx=0 tx=0 comp rx=0 tx=0).stop
2024-01-04T21:47:19.414 INFO:teuthology.orchestra.run.smithi052.stdout:/usr/bin/ceph: stderr
2024-01-04T21:47:18.969+0000 7f3331e6c700 1 --2- 172.21.15.52:0/1611957023 >> [v2:172.21.15.52:3300/0,v1:172.21.15.52:6789/0] conn(0x7f332c077b90 0x7f332c113380 unknown :-1 s=CLOSED pgs=48 cs=0 l=1 rev1=1 crypto rx=0 tx=0 comp rx=0 tx=0).stop
2024-01-04T21:47:19.414 INFO:teuthology.orchestra.run.smithi052.stdout:/usr/bin/ceph: stderr
2024-01-04T21:47:18.969+0000 7f3331e6c700 1 -- 172.21.15.52:0/1611957023 >> 172.21.15.52:0/1611957023 conn(0x7f332c0fda50 msgr2=0x7f332c0ffe50 unknown :-1 s=STATE_NONE l=0).mark_down
2024-01-04T21:47:19.414 INFO:teuthology.orchestra.run.smithi052.stdout:/usr/bin/ceph: stderr
2024-01-04T21:47:18.969+0000 7f3331e6c700 1 -- 172.21.15.52:0/1611957023 shutdown_connections
2024-01-04T21:47:19.414 INFO:teuthology.orchestra.run.smithi052.stdout:/usr/bin/ceph: stderr
2024-01-04T21:47:18.969+0000 7f3331e6c700 1 -- 172.21.15.52:0/1611957023 wait complete.
2024-01-04T21:47:19.414 INFO:teuthology.orchestra.run.smithi052.stdout:Deploying mgr service with default placement...
2024-01-04T21:47:20.292 INFO:journalctl@ceph.mon.smithi052.smithi052.stdout:Jan 04 21:47:19 smithi052 ceph-mon[107125]: from='client.14142 -' entity='client.admin' cmd=[{"prefix": "orch apply", "service_type": "mon", "target": ["mon-mgr", ""]}]: dispatch
2024-01-04T21:47:20.292 INFO:journalctl@ceph.mon.smithi052.smithi052.stdout:Jan 04 21:47:19 smithi052 ceph-mon[107125]: Saving service mon spec with placement count:5
