2024-01-04T21:47:10.654 INFO:journalctl@ceph.mon.smithi052.smithi052.stdout:Jan 04 21:47:10 smithi052 ceph-mon[107125]: from='mgr.14120 172.21.15.52:0/2159405366' entity='mgr.smithi052.uznooz'
2024-01-04T21:47:10.654 INFO:journalctl@ceph.mon.smithi052.smithi052.stdout:Jan 04 21:47:10 smithi052 ceph-mon[107125]: from='mgr.14120 172.21.15.52:0/2159405366' entity='mgr.smithi052.uznooz' cmd=[{"prefix": "config dump", "format": "json"}]: dispatch
2024-01-04T21:47:11.313 INFO:teuthology.orchestra.run.smithi052.stdout:/usr/bin/ceph: stderr
2024-01-04T21:47:10.709+0000 7fc5c4706700 1 Processor -- start
2024-01-04T21:47:11.313 INFO:teuthology.orchestra.run.smithi052.stdout:/usr/bin/ceph: stderr
2024-01-04T21:47:10.709+0000 7fc5c4706700 1 -- start start
2024-01-04T21:47:11.313 INFO:teuthology.orchestra.run.smithi052.stdout:/usr/bin/ceph: stderr
2024-01-04T21:47:10.709+0000 7fc5c4706700 1 --2- >> [v2:172.21.15.52:3300/0,v1:172.21.15.52:6789/0] conn(0x7fc5bc077bb0 0x7fc5bc0760c0 unknown :-1 s=NONE pgs=0 cs=0 l=0 rev1=0 crypto rx=0 tx=0 comp rx=0 tx=0).connect
2024-01-04T21:47:11.314 INFO:teuthology.orchestra.run.smithi052.stdout:/usr/bin/ceph: stderr
2024-01-04T21:47:10.710+0000 7fc5c4706700 1 -- --> [v2:172.21.15.52:3300/0,v1:172.21.15.52:6789/0] -- mon_getmap magic: 0 v1 -- 0x7fc5bc077fc0 con 0x7fc5bc077bb0
2024-01-04T21:47:11.315 INFO:teuthology.orchestra.run.smithi052.stdout:/usr/bin/ceph: stderr
2024-01-04T21:47:10.710+0000 7fc5c24a2700 1 --2- >> [v2:172.21.15.52:3300/0,v1:172.21.15.52:6789/0] conn(0x7fc5bc077bb0 0x7fc5bc0760c0 unknown :-1 s=BANNER_CONNECTING pgs=0 cs=0 l=0 rev1=0 crypto rx=0 tx=0 comp rx=0 tx=0)._handle_peer_banner_payload supported=3 required=0
2024-01-04T21:47:11.315 INFO:teuthology.orchestra.run.smithi052.stdout:/usr/bin/ceph: stderr
2024-01-04T21:47:10.710+0000 7fc5c24a2700 1 --2- >> [v2:172.21.15.52:3300/0,v1:172.21.15.52:6789/0] conn(0x7fc5bc077bb0 0x7fc5bc0760c0 unknown :-1 s=HELLO_CONNECTING pgs=0 cs=0 l=0 rev1=1 crypto rx=0 tx=0 comp rx=0 tx=0).handle_hello peer v2:172.21.15.52:3300/0 says I am v2:172.21.15.52:39816/0 (socket says 172.21.15.52:39816)
2024-01-04T21:47:11.315 INFO:teuthology.orchestra.run.smithi052.stdout:/usr/bin/ceph: stderr
2024-01-04T21:47:10.710+0000 7fc5c24a2700 1 -- 172.21.15.52:0/953860096 learned_addr learned my addr 172.21.15.52:0/953860096 (peer_addr_for_me v2:172.21.15.52:0/0)
2024-01-04T21:47:11.315 INFO:teuthology.orchestra.run.smithi052.stdout:/usr/bin/ceph: stderr
2024-01-04T21:47:10.710+0000 7fc5c24a2700 1 -- 172.21.15.52:0/953860096 --> [v2:172.21.15.52:3300/0,v1:172.21.15.52:6789/0] -- mon_subscribe({config=0+,monmap=0+}) v3 -- 0x7fc5bc076600 con 0x7fc5bc077bb0
2024-01-04T21:47:11.315 INFO:teuthology.orchestra.run.smithi052.stdout:/usr/bin/ceph: stderr
2024-01-04T21:47:10.710+0000 7fc5c24a2700 1 --2- 172.21.15.52:0/953860096 >> [v2:172.21.15.52:3300/0,v1:172.21.15.52:6789/0] conn(0x7fc5bc077bb0 0x7fc5bc0760c0 secure :-1 s=READY pgs=37 cs=0 l=1 rev1=1 crypto rx=0x7fc5b80098e0 tx=0x7fc5b8009250 comp rx=0 tx=0).ready entity=mon.0 client_cookie=fdd9e8f9e3391cca server_cookie=0 in_seq=0 out_seq=0
2024-01-04T21:47:11.315 INFO:teuthology.orchestra.run.smithi052.stdout:/usr/bin/ceph: stderr
2024-01-04T21:47:10.711+0000 7fc5c14a0700 1 -- 172.21.15.52:0/953860096 <== mon.0 v2:172.21.15.52:3300/0 1 ==== mon_map magic: 0 v1 ==== 229+0+0 (secure 0 0 0) 0x7fc5b800b860 con 0x7fc5bc077bb0
2024-01-04T21:47:11.315 INFO:teuthology.orchestra.run.smithi052.stdout:/usr/bin/ceph: stderr
2024-01-04T21:47:10.711+0000 7fc5c14a0700 1 -- 172.21.15.52:0/953860096 <== mon.0 v2:172.21.15.52:3300/0 2 ==== config(26 keys) v1 ==== 1009+0+0 (secure 0 0 0) 0x7fc5b800be30 con 0x7fc5bc077bb0
2024-01-04T21:47:11.315 INFO:teuthology.orchestra.run.smithi052.stdout:/usr/bin/ceph: stderr
2024-01-04T21:47:10.711+0000 7fc5c14a0700 1 -- 172.21.15.52:0/953860096 <== mon.0 v2:172.21.15.52:3300/0 3 ==== mon_map magic: 0 v1 ==== 229+0+0 (secure 0 0 0) 0x7fc5b8010380 con 0x7fc5bc077bb0
2024-01-04T21:47:11.315 INFO:teuthology.orchestra.run.smithi052.stdout:/usr/bin/ceph: stderr
2024-01-04T21:47:10.711+0000 7fc5c4706700 1 -- 172.21.15.52:0/953860096 >> [v2:172.21.15.52:3300/0,v1:172.21.15.52:6789/0] conn(0x7fc5bc077bb0 msgr2=0x7fc5bc0760c0 secure :-1 s=STATE_CONNECTION_ESTABLISHED l=1).mark_down
2024-01-04T21:47:11.315 INFO:teuthology.orchestra.run.smithi052.stdout:/usr/bin/ceph: stderr
2024-01-04T21:47:10.711+0000 7fc5c4706700 1 --2- 172.21.15.52:0/953860096 >> [v2:172.21.15.52:3300/0,v1:172.21.15.52:6789/0] conn(0x7fc5bc077bb0 0x7fc5bc0760c0 secure :-1 s=READY pgs=37 cs=0 l=1 rev1=1 crypto rx=0x7fc5b80098e0 tx=0x7fc5b8009250 comp rx=0 tx=0).stop
2024-01-04T21:47:11.315 INFO:teuthology.orchestra.run.smithi052.stdout:/usr/bin/ceph: stderr
2024-01-04T21:47:10.711+0000 7fc5c4706700 1 -- 172.21.15.52:0/953860096 shutdown_connections
2024-01-04T21:47:11.315 INFO:teuthology.orchestra.run.smithi052.stdout:/usr/bin/ceph: stderr
2024-01-04T21:47:10.711+0000 7fc5c4706700 1 --2- 172.21.15.52:0/953860096 >> [v2:172.21.15.52:3300/0,v1:172.21.15.52:6789/0] conn(0x7fc5bc077bb0 0x7fc5bc0760c0 unknown :-1 s=CLOSED pgs=37 cs=0 l=1 rev1=1 crypto rx=0 tx=0 comp rx=0 tx=0).stop
2024-01-04T21:47:11.315 INFO:teuthology.orchestra.run.smithi052.stdout:/usr/bin/ceph: stderr
2024-01-04T21:47:10.711+0000 7fc5c4706700 1 -- 172.21.15.52:0/953860096 >> 172.21.15.52:0/953860096 conn(0x7fc5bc0fd9a0 msgr2=0x7fc5bc0ffdd0 unknown :-1 s=STATE_NONE l=0).mark_down
2024-01-04T21:47:11.315 INFO:teuthology.orchestra.run.smithi052.stdout:/usr/bin/ceph: stderr
2024-01-04T21:47:10.711+0000 7fc5c4706700 1 -- 172.21.15.52:0/953860096 shutdown_connections
2024-01-04T21:47:11.316 INFO:teuthology.orchestra.run.smithi052.stdout:/usr/bin/ceph: stderr
2024-01-04T21:47:10.712+0000 7fc5c4706700 1 -- 172.21.15.52:0/953860096 wait complete.
2024-01-04T21:47:11.316 INFO:teuthology.orchestra.run.smithi052.stdout:/usr/bin/ceph: stderr
2024-01-04T21:47:10.712+0000 7fc5c4706700 1 Processor -- start
2024-01-04T21:47:11.316 INFO:teuthology.orchestra.run.smithi052.stdout:/usr/bin/ceph: stderr
2024-01-04T21:47:10.712+0000 7fc5c4706700 1 -- start start
2024-01-04T21:47:11.316 INFO:teuthology.orchestra.run.smithi052.stdout:/usr/bin/ceph: stderr
2024-01-04T21:47:10.713+0000 7fc5c4706700 1 --2- >> [v2:172.21.15.52:3300/0,v1:172.21.15.52:6789/0] conn(0x7fc5bc077bb0 0x7fc5bc113260 unknown :-1 s=NONE pgs=0 cs=0 l=1 rev1=0 crypto rx=0 tx=0 comp rx=0 tx=0).connect
2024-01-04T21:47:11.316 INFO:teuthology.orchestra.run.smithi052.stdout:/usr/bin/ceph: stderr
2024-01-04T21:47:10.713+0000 7fc5c4706700 1 -- --> [v2:172.21.15.52:3300/0,v1:172.21.15.52:6789/0] -- mon_getmap magic: 0 v1 -- 0x7fc5bc1137a0 con 0x7fc5bc077bb0
2024-01-04T21:47:11.316 INFO:teuthology.orchestra.run.smithi052.stdout:/usr/bin/ceph: stderr
2024-01-04T21:47:10.713+0000 7fc5c24a2700 1 --2- >> [v2:172.21.15.52:3300/0,v1:172.21.15.52:6789/0] conn(0x7fc5bc077bb0 0x7fc5bc113260 unknown :-1 s=BANNER_CONNECTING pgs=0 cs=0 l=1 rev1=0 crypto rx=0 tx=0 comp rx=0 tx=0)._handle_peer_banner_payload supported=3 required=0
2024-01-04T21:47:11.316 INFO:teuthology.orchestra.run.smithi052.stdout:/usr/bin/ceph: stderr
2024-01-04T21:47:10.713+0000 7fc5c24a2700 1 --2- >> [v2:172.21.15.52:3300/0,v1:172.21.15.52:6789/0] conn(0x7fc5bc077bb0 0x7fc5bc113260 unknown :-1 s=HELLO_CONNECTING pgs=0 cs=0 l=1 rev1=1 crypto rx=0 tx=0 comp rx=0 tx=0).handle_hello peer v2:172.21.15.52:3300/0 says I am v2:172.21.15.52:39826/0 (socket says 172.21.15.52:39826)
2024-01-04T21:47:11.316 INFO:teuthology.orchestra.run.smithi052.stdout:/usr/bin/ceph: stderr
2024-01-04T21:47:10.713+0000 7fc5c24a2700 1 -- 172.21.15.52:0/1360287865 learned_addr learned my addr 172.21.15.52:0/1360287865 (peer_addr_for_me v2:172.21.15.52:0/0)
2024-01-04T21:47:11.316 INFO:teuthology.orchestra.run.smithi052.stdout:/usr/bin/ceph: stderr
2024-01-04T21:47:10.713+0000 7fc5c24a2700 1 -- 172.21.15.52:0/1360287865 --> [v2:172.21.15.52:3300/0,v1:172.21.15.52:6789/0] -- mon_subscribe({config=0+,monmap=0+}) v3 -- 0x7fc5b80094f0 con 0x7fc5bc077bb0
2024-01-04T21:47:11.316 INFO:teuthology.orchestra.run.smithi052.stdout:/usr/bin/ceph: stderr
2024-01-04T21:47:10.714+0000 7fc5c24a2700 1 --2- 172.21.15.52:0/1360287865 >> [v2:172.21.15.52:3300/0,v1:172.21.15.52:6789/0] conn(0x7fc5bc077bb0 0x7fc5bc113260 secure :-1 s=READY pgs=38 cs=0 l=1 rev1=1 crypto rx=0x7fc5b8006fd0 tx=0x7fc5b8009250 comp rx=0 tx=0).ready entity=mon.0 client_cookie=0 server_cookie=0 in_seq=0 out_seq=0
2024-01-04T21:47:11.316 INFO:teuthology.orchestra.run.smithi052.stdout:/usr/bin/ceph: stderr
2024-01-04T21:47:10.714+0000 7fc5b2ffd700 1 -- 172.21.15.52:0/1360287865 <== mon.0 v2:172.21.15.52:3300/0 1 ==== mon_map magic: 0 v1 ==== 229+0+0 (secure 0 0 0) 0x7fc5b8010800 con 0x7fc5bc077bb0
2024-01-04T21:47:11.316 INFO:teuthology.orchestra.run.smithi052.stdout:/usr/bin/ceph: stderr
2024-01-04T21:47:10.714+0000 7fc5b2ffd700 1 -- 172.21.15.52:0/1360287865 <== mon.0 v2:172.21.15.52:3300/0 2 ==== config(26 keys) v1 ==== 1009+0+0 (secure 0 0 0) 0x7fc5b8010dd0 con 0x7fc5bc077bb0
2024-01-04T21:47:11.316 INFO:teuthology.orchestra.run.smithi052.stdout:/usr/bin/ceph: stderr
2024-01-04T21:47:10.714+0000 7fc5b2ffd700 1 -- 172.21.15.52:0/1360287865 <== mon.0 v2:172.21.15.52:3300/0 3 ==== mon_map magic: 0 v1 ==== 229+0+0 (secure 0 0 0) 0x7fc5b801add0 con 0x7fc5bc077bb0
2024-01-04T21:47:11.317 INFO:teuthology.orchestra.run.smithi052.stdout:/usr/bin/ceph: stderr
2024-01-04T21:47:10.714+0000 7fc5c4706700 1 -- 172.21.15.52:0/1360287865 --> [v2:172.21.15.52:3300/0,v1:172.21.15.52:6789/0] -- mon_subscribe({mgrmap=0+}) v3 -- 0x7fc5bc1139a0 con 0x7fc5bc077bb0
2024-01-04T21:47:11.317 INFO:teuthology.orchestra.run.smithi052.stdout:/usr/bin/ceph: stderr
2024-01-04T21:47:10.714+0000 7fc5c4706700 1 -- 172.21.15.52:0/1360287865 --> [v2:172.21.15.52:3300/0,v1:172.21.15.52:6789/0] -- mon_subscribe({osdmap=0}) v3 -- 0x7fc5bc113db0 con 0x7fc5bc077bb0
2024-01-04T21:47:11.317 INFO:teuthology.orchestra.run.smithi052.stdout:/usr/bin/ceph: stderr
2024-01-04T21:47:10.715+0000 7fc5b2ffd700 1 -- 172.21.15.52:0/1360287865 <== mon.0 v2:172.21.15.52:3300/0 4 ==== mgrmap(e 7) v1 ==== 43175+0+0 (secure 0 0 0) 0x7fc5b8010960 con 0x7fc5bc077bb0
2024-01-04T21:47:11.318 INFO:teuthology.orchestra.run.smithi052.stdout:/usr/bin/ceph: stderr
2024-01-04T21:47:10.715+0000 7fc5c4706700 1 -- 172.21.15.52:0/1360287865 --> [v2:172.21.15.52:3300/0,v1:172.21.15.52:6789/0] -- mon_command({"prefix": "get_command_descriptions"} v 0) v1 -- 0x7fc5bc04bb80 con 0x7fc5bc077bb0
2024-01-04T21:47:11.319 INFO:teuthology.orchestra.run.smithi052.stdout:/usr/bin/ceph: stderr
2024-01-04T21:47:10.715+0000 7fc5b2ffd700 1 --2- 172.21.15.52:0/1360287865 >> [v2:172.21.15.52:6800/1050992614,v1:172.21.15.52:6801/1050992614] conn(0x7fc5a80364c0 0x7fc5a8038970 unknown :-1 s=NONE pgs=0 cs=0 l=1 rev1=0 crypto rx=0 tx=0 comp rx=0 tx=0).connect
2024-01-04T21:47:11.319 INFO:teuthology.orchestra.run.smithi052.stdout:/usr/bin/ceph: stderr
2024-01-04T21:47:10.715+0000 7fc5b2ffd700 1 -- 172.21.15.52:0/1360287865 <== mon.0 v2:172.21.15.52:3300/0 5 ==== osd_map(2..2 src has 1..2) v4 ==== 936+0+0 (secure 0 0 0) 0x7fc5b801e070 con 0x7fc5bc077bb0
2024-01-04T21:47:11.319 INFO:teuthology.orchestra.run.smithi052.stdout:/usr/bin/ceph: stderr
2024-01-04T21:47:10.716+0000 7fc5c1ca1700 1 --2- 172.21.15.52:0/1360287865 >> [v2:172.21.15.52:6800/1050992614,v1:172.21.15.52:6801/1050992614] conn(0x7fc5a80364c0 0x7fc5a8038970 unknown :-1 s=BANNER_CONNECTING pgs=0 cs=0 l=1 rev1=0 crypto rx=0 tx=0 comp rx=0 tx=0)._handle_peer_banner_payload supported=3 required=0
2024-01-04T21:47:11.319 INFO:teuthology.orchestra.run.smithi052.stdout:/usr/bin/ceph: stderr
2024-01-04T21:47:10.716+0000 7fc5c1ca1700 1 --2- 172.21.15.52:0/1360287865 >> [v2:172.21.15.52:6800/1050992614,v1:172.21.15.52:6801/1050992614] conn(0x7fc5a80364c0 0x7fc5a8038970 secure :-1 s=READY pgs=7 cs=0 l=1 rev1=1 crypto rx=0x7fc5ac009990 tx=0x7fc5ac006e40 comp rx=0 tx=0).ready entity=mgr.14120 client_cookie=0 server_cookie=0 in_seq=0 out_seq=0
2024-01-04T21:47:11.319 INFO:teuthology.orchestra.run.smithi052.stdout:/usr/bin/ceph: stderr
2024-01-04T21:47:10.720+0000 7fc5b2ffd700 1 -- 172.21.15.52:0/1360287865 <== mon.0 v2:172.21.15.52:3300/0 6 ==== mon_command_ack([{"prefix": "get_command_descriptions"}]=0 v0) v1 ==== 72+0+174570 (secure 0 0 0) 0x7fc5b801a5c0 con 0x7fc5bc077bb0
2024-01-04T21:47:11.319 INFO:teuthology.orchestra.run.smithi052.stdout:/usr/bin/ceph: stderr
2024-01-04T21:47:10.940+0000 7fc5c4706700 1 -- 172.21.15.52:0/1360287865 --> [v2:172.21.15.52:6800/1050992614,v1:172.21.15.52:6801/1050992614] -- mgr_command(tid 0: {"prefix": "orch set backend", "module_name": "cephadm", "target": ["mon-mgr", ""]}) v1 -- 0x7fc5bc0008d0 con 0x7fc5a80364c0
2024-01-04T21:47:11.319 INFO:teuthology.orchestra.run.smithi052.stdout:/usr/bin/ceph: stderr
2024-01-04T21:47:10.946+0000 7fc5b2ffd700 1 -- 172.21.15.52:0/1360287865 <== mgr.14120 v2:172.21.15.52:6800/1050992614 1 ==== mgr_command_reply(tid 0: 0 ) v1 ==== 8+0+0 (secure 0 0 0) 0x7fc5bc0008d0 con 0x7fc5a80364c0
2024-01-04T21:47:11.319 INFO:teuthology.orchestra.run.smithi052.stdout:/usr/bin/ceph: stderr
2024-01-04T21:47:10.949+0000 7fc5c4706700 1 -- 172.21.15.52:0/1360287865 >> [v2:172.21.15.52:6800/1050992614,v1:172.21.15.52:6801/1050992614] conn(0x7fc5a80364c0 msgr2=0x7fc5a8038970 secure :-1 s=STATE_CONNECTION_ESTABLISHED l=1).mark_down
2024-01-04T21:47:11.319 INFO:teuthology.orchestra.run.smithi052.stdout:/usr/bin/ceph: stderr
2024-01-04T21:47:10.949+0000 7fc5c4706700 1 --2- 172.21.15.52:0/1360287865 >> [v2:172.21.15.52:6800/1050992614,v1:172.21.15.52:6801/1050992614] conn(0x7fc5a80364c0 0x7fc5a8038970 secure :-1 s=READY pgs=7 cs=0 l=1 rev1=1 crypto rx=0x7fc5ac009990 tx=0x7fc5ac006e40 comp rx=0 tx=0).stop
2024-01-04T21:47:11.319 INFO:teuthology.orchestra.run.smithi052.stdout:/usr/bin/ceph: stderr
2024-01-04T21:47:10.949+0000 7fc5c4706700 1 -- 172.21.15.52:0/1360287865 >> [v2:172.21.15.52:3300/0,v1:172.21.15.52:6789/0] conn(0x7fc5bc077bb0 msgr2=0x7fc5bc113260 secure :-1 s=STATE_CONNECTION_ESTABLISHED l=1).mark_down
2024-01-04T21:47:11.319 INFO:teuthology.orchestra.run.smithi052.stdout:/usr/bin/ceph: stderr
2024-01-04T21:47:10.949+0000 7fc5c4706700 1 --2- 172.21.15.52:0/1360287865 >> [v2:172.21.15.52:3300/0,v1:172.21.15.52:6789/0] conn(0x7fc5bc077bb0 0x7fc5bc113260 secure :-1 s=READY pgs=38 cs=0 l=1 rev1=1 crypto rx=0x7fc5b8006fd0 tx=0x7fc5b8009250 comp rx=0 tx=0).stop
2024-01-04T21:47:11.319 INFO:teuthology.orchestra.run.smithi052.stdout:/usr/bin/ceph: stderr
2024-01-04T21:47:10.949+0000 7fc5c4706700 1 -- 172.21.15.52:0/1360287865 shutdown_connections
2024-01-04T21:47:11.319 INFO:teuthology.orchestra.run.smithi052.stdout:/usr/bin/ceph: stderr
2024-01-04T21:47:10.949+0000 7fc5c4706700 1 --2- 172.21.15.52:0/1360287865 >> [v2:172.21.15.52:6800/1050992614,v1:172.21.15.52:6801/1050992614] conn(0x7fc5a80364c0 0x7fc5a8038970 unknown :-1 s=CLOSED pgs=7 cs=0 l=1 rev1=1 crypto rx=0 tx=0 comp rx=0 tx=0).stop
2024-01-04T21:47:11.320 INFO:teuthology.orchestra.run.smithi052.stdout:/usr/bin/ceph: stderr
2024-01-04T21:47:10.949+0000 7fc5c4706700 1 --2- 172.21.15.52:0/1360287865 >> [v2:172.21.15.52:3300/0,v1:172.21.15.52:6789/0] conn(0x7fc5bc077bb0 0x7fc5bc113260 unknown :-1 s=CLOSED pgs=38 cs=0 l=1 rev1=1 crypto rx=0 tx=0 comp rx=0 tx=0).stop
2024-01-04T21:47:11.320 INFO:teuthology.orchestra.run.smithi052.stdout:/usr/bin/ceph: stderr
2024-01-04T21:47:10.949+0000 7fc5c4706700 1 -- 172.21.15.52:0/1360287865 >> 172.21.15.52:0/1360287865 conn(0x7fc5bc0fd9a0 msgr2=0x7fc5bc0ff130 unknown :-1 s=STATE_NONE l=0).mark_down
2024-01-04T21:47:11.320 INFO:teuthology.orchestra.run.smithi052.stdout:/usr/bin/ceph: stderr
2024-01-04T21:47:10.949+0000 7fc5c4706700 1 -- 172.21.15.52:0/1360287865 shutdown_connections
2024-01-04T21:47:11.320 INFO:teuthology.orchestra.run.smithi052.stdout:/usr/bin/ceph: stderr
2024-01-04T21:47:10.949+0000 7fc5c4706700 1 -- 172.21.15.52:0/1360287865 wait complete.
2024-01-04T21:47:11.654 INFO:journalctl@ceph.mon.smithi052.smithi052.stdout:Jan 04 21:47:11 smithi052 ceph-mon[107125]: from='client.14124 -' entity='client.admin' cmd=[{"prefix": "get_command_descriptions"}]: dispatch
2024-01-04T21:47:11.654 INFO:journalctl@ceph.mon.smithi052.smithi052.stdout:Jan 04 21:47:11 smithi052 ceph-mon[107125]: from='client.14124 -' entity='client.admin' cmd=[{"prefix": "mgr_status"}]: dispatch
2024-01-04T21:47:11.654 INFO:journalctl@ceph.mon.smithi052.smithi052.stdout:Jan 04 21:47:11 smithi052 ceph-mon[107125]: [04/Jan/2024:21:47:10] ENGINE Bus STARTING
2024-01-04T21:47:11.654 INFO:journalctl@ceph.mon.smithi052.smithi052.stdout:Jan 04 21:47:11 smithi052 ceph-mon[107125]: [04/Jan/2024:21:47:10] ENGINE Serving on https://172.21.15.52:7150
2024-01-04T21:47:11.654 INFO:journalctl@ceph.mon.smithi052.smithi052.stdout:Jan 04 21:47:11 smithi052 ceph-mon[107125]: [04/Jan/2024:21:47:10] ENGINE Bus STARTED
2024-01-04T21:47:11.655 INFO:journalctl@ceph.mon.smithi052.smithi052.stdout:Jan 04 21:47:11 smithi052 ceph-mon[107125]: from='mgr.14120 172.21.15.52:0/2159405366' entity='mgr.smithi052.uznooz'
2024-01-04T21:47:11.655 INFO:journalctl@ceph.mon.smithi052.smithi052.stdout:Jan 04 21:47:11 smithi052 ceph-mon[107125]: from='mgr.14120 172.21.15.52:0/2159405366' entity='mgr.smithi052.uznooz' cmd=[{"prefix": "config dump", "format": "json"}]: dispatch
2024-01-04T21:47:12.276 INFO:teuthology.orchestra.run.smithi052.stdout:/usr/bin/ceph: stdout value unchanged
2024-01-04T21:47:12.281 INFO:teuthology.orchestra.run.smithi052.stdout:/usr/bin/ceph: stderr
2024-01-04T21:47:11.723+0000 7f872118e700 1 Processor -- start
2024-01-04T21:47:12.281 INFO:teuthology.orchestra.run.smithi052.stdout:/usr/bin/ceph: stderr
2024-01-04T21:47:11.723+0000 7f872118e700 1 -- start start
2024-01-04T21:47:12.281 INFO:teuthology.orchestra.run.smithi052.stdout:/usr/bin/ceph: stderr
2024-01-04T21:47:11.724+0000 7f872118e700 1 --2- >> [v2:172.21.15.52:3300/0,v1:172.21.15.52:6789/0] conn(0x7f871c077b90 0x7f871c0760a0 unknown :-1 s=NONE pgs=0 cs=0 l=0 rev1=0 crypto rx=0 tx=0 comp rx=0 tx=0).connect
2024-01-04T21:47:12.281 INFO:teuthology.orchestra.run.smithi052.stdout:/usr/bin/ceph: stderr
2024-01-04T21:47:11.724+0000 7f872118e700 1 -- --> [v2:172.21.15.52:3300/0,v1:172.21.15.52:6789/0] -- mon_getmap magic: 0 v1 -- 0x7f871c077fa0 con 0x7f871c077b90
2024-01-04T21:47:12.281 INFO:teuthology.orchestra.run.smithi052.stdout:/usr/bin/ceph: stderr
2024-01-04T21:47:11.724+0000 7f871ad9d700 1 --2- >> [v2:172.21.15.52:3300/0,v1:172.21.15.52:6789/0] conn(0x7f871c077b90 0x7f871c0760a0 unknown :-1 s=BANNER_CONNECTING pgs=0 cs=0 l=0 rev1=0 crypto rx=0 tx=0 comp rx=0 tx=0)._handle_peer_banner_payload supported=3 required=0
2024-01-04T21:47:12.281 INFO:teuthology.orchestra.run.smithi052.stdout:/usr/bin/ceph: stderr
2024-01-04T21:47:11.724+0000 7f871ad9d700 1 --2- >> [v2:172.21.15.52:3300/0,v1:172.21.15.52:6789/0] conn(0x7f871c077b90 0x7f871c0760a0 unknown :-1 s=HELLO_CONNECTING pgs=0 cs=0 l=0 rev1=1 crypto rx=0 tx=0 comp rx=0 tx=0).handle_hello peer v2:172.21.15.52:3300/0 says I am v2:172.21.15.52:39836/0 (socket says 172.21.15.52:39836)
2024-01-04T21:47:12.281 INFO:teuthology.orchestra.run.smithi052.stdout:/usr/bin/ceph: stderr
2024-01-04T21:47:11.724+0000 7f871ad9d700 1 -- 172.21.15.52:0/781080018 learned_addr learned my addr 172.21.15.52:0/781080018 (peer_addr_for_me v2:172.21.15.52:0/0)
2024-01-04T21:47:12.281 INFO:teuthology.orchestra.run.smithi052.stdout:/usr/bin/ceph: stderr
2024-01-04T21:47:11.724+0000 7f871ad9d700 1 -- 172.21.15.52:0/781080018 --> [v2:172.21.15.52:3300/0,v1:172.21.15.52:6789/0] -- mon_subscribe({config=0+,monmap=0+}) v3 -- 0x7f871c0765e0 con 0x7f871c077b90
2024-01-04T21:47:12.282 INFO:teuthology.orchestra.run.smithi052.stdout:/usr/bin/ceph: stderr
2024-01-04T21:47:11.725+0000 7f871ad9d700 1 --2- 172.21.15.52:0/781080018 >> [v2:172.21.15.52:3300/0,v1:172.21.15.52:6789/0] conn(0x7f871c077b90 0x7f871c0760a0 secure :-1 s=READY pgs=39 cs=0 l=1 rev1=1 crypto rx=0x7f870c0098e0 tx=0x7f870c009250 comp rx=0 tx=0).ready entity=mon.0 client_cookie=bfebb65d18776195 server_cookie=0 in_seq=0 out_seq=0
2024-01-04T21:47:12.282 INFO:teuthology.orchestra.run.smithi052.stdout:/usr/bin/ceph: stderr
2024-01-04T21:47:11.725+0000 7f8719d9b700 1 -- 172.21.15.52:0/781080018 <== mon.0 v2:172.21.15.52:3300/0 1 ==== mon_map magic: 0 v1 ==== 229+0+0 (secure 0 0 0) 0x7f870c00b860 con 0x7f871c077b90
2024-01-04T21:47:12.282 INFO:teuthology.orchestra.run.smithi052.stdout:/usr/bin/ceph: stderr
2024-01-04T21:47:11.725+0000 7f8719d9b700 1 -- 172.21.15.52:0/781080018 <== mon.0 v2:172.21.15.52:3300/0 2 ==== config(26 keys) v1 ==== 1009+0+0 (secure 0 0 0) 0x7f870c00be30 con 0x7f871c077b90
2024-01-04T21:47:12.282 INFO:teuthology.orchestra.run.smithi052.stdout:/usr/bin/ceph: stderr
2024-01-04T21:47:11.725+0000 7f8719d9b700 1 -- 172.21.15.52:0/781080018 <== mon.0 v2:172.21.15.52:3300/0 3 ==== mon_map magic: 0 v1 ==== 229+0+0 (secure 0 0 0) 0x7f870c010380 con 0x7f871c077b90
2024-01-04T21:47:12.282 INFO:teuthology.orchestra.run.smithi052.stdout:/usr/bin/ceph: stderr
2024-01-04T21:47:11.725+0000 7f872118e700 1 -- 172.21.15.52:0/781080018 >> [v2:172.21.15.52:3300/0,v1:172.21.15.52:6789/0] conn(0x7f871c077b90 msgr2=0x7f871c0760a0 secure :-1 s=STATE_CONNECTION_ESTABLISHED l=1).mark_down
2024-01-04T21:47:12.282 INFO:teuthology.orchestra.run.smithi052.stdout:/usr/bin/ceph: stderr
2024-01-04T21:47:11.725+0000 7f872118e700 1 --2- 172.21.15.52:0/781080018 >> [v2:172.21.15.52:3300/0,v1:172.21.15.52:6789/0] conn(0x7f871c077b90 0x7f871c0760a0 secure :-1 s=READY pgs=39 cs=0 l=1 rev1=1 crypto rx=0x7f870c0098e0 tx=0x7f870c009250 comp rx=0 tx=0).stop
2024-01-04T21:47:12.282 INFO:teuthology.orchestra.run.smithi052.stdout:/usr/bin/ceph: stderr
2024-01-04T21:47:11.726+0000 7f872118e700 1 -- 172.21.15.52:0/781080018 shutdown_connections
2024-01-04T21:47:12.282 INFO:teuthology.orchestra.run.smithi052.stdout:/usr/bin/ceph: stderr
2024-01-04T21:47:11.726+0000 7f872118e700 1 --2- 172.21.15.52:0/781080018 >> [v2:172.21.15.52:3300/0,v1:172.21.15.52:6789/0] conn(0x7f871c077b90 0x7f871c0760a0 unknown :-1 s=CLOSED pgs=39 cs=0 l=1 rev1=1 crypto rx=0 tx=0 comp rx=0 tx=0).stop
2024-01-04T21:47:12.282 INFO:teuthology.orchestra.run.smithi052.stdout:/usr/bin/ceph: stderr
2024-01-04T21:47:11.726+0000 7f872118e700 1 -- 172.21.15.52:0/781080018 >> 172.21.15.52:0/781080018 conn(0x7f871c0fda50 msgr2=0x7f871c0ffe60 unknown :-1 s=STATE_NONE l=0).mark_down
2024-01-04T21:47:12.282 INFO:teuthology.orchestra.run.smithi052.stdout:/usr/bin/ceph: stderr
2024-01-04T21:47:11.726+0000 7f872118e700 1 -- 172.21.15.52:0/781080018 shutdown_connections
2024-01-04T21:47:12.282 INFO:teuthology.orchestra.run.smithi052.stdout:/usr/bin/ceph: stderr
2024-01-04T21:47:11.726+0000 7f872118e700 1 -- 172.21.15.52:0/781080018 wait complete.
2024-01-04T21:47:12.282 INFO:teuthology.orchestra.run.smithi052.stdout:/usr/bin/ceph: stderr
2024-01-04T21:47:11.726+0000 7f872118e700 1 Processor -- start
2024-01-04T21:47:12.282 INFO:teuthology.orchestra.run.smithi052.stdout:/usr/bin/ceph: stderr
2024-01-04T21:47:11.727+0000 7f872118e700 1 -- start start
2024-01-04T21:47:12.282 INFO:teuthology.orchestra.run.smithi052.stdout:/usr/bin/ceph: stderr
2024-01-04T21:47:11.727+0000 7f872118e700 1 --2- >> [v2:172.21.15.52:3300/0,v1:172.21.15.52:6789/0] conn(0x7f871c077b90 0x7f871c113380 unknown :-1 s=NONE pgs=0 cs=0 l=1 rev1=0 crypto rx=0 tx=0 comp rx=0 tx=0).connect
2024-01-04T21:47:12.283 INFO:teuthology.orchestra.run.smithi052.stdout:/usr/bin/ceph: stderr
2024-01-04T21:47:11.727+0000 7f872118e700 1 -- --> [v2:172.21.15.52:3300/0,v1:172.21.15.52:6789/0] -- mon_getmap magic: 0 v1 -- 0x7f871c1138c0 con 0x7f871c077b90
2024-01-04T21:47:12.283 INFO:teuthology.orchestra.run.smithi052.stdout:/usr/bin/ceph: stderr
2024-01-04T21:47:11.727+0000 7f871ad9d700 1 --2- >> [v2:172.21.15.52:3300/0,v1:172.21.15.52:6789/0] conn(0x7f871c077b90 0x7f871c113380 unknown :-1 s=BANNER_CONNECTING pgs=0 cs=0 l=1 rev1=0 crypto rx=0 tx=0 comp rx=0 tx=0)._handle_peer_banner_payload supported=3 required=0
2024-01-04T21:47:12.283 INFO:teuthology.orchestra.run.smithi052.stdout:/usr/bin/ceph: stderr
2024-01-04T21:47:11.727+0000 7f871ad9d700 1 --2- >> [v2:172.21.15.52:3300/0,v1:172.21.15.52:6789/0] conn(0x7f871c077b90 0x7f871c113380 unknown :-1 s=HELLO_CONNECTING pgs=0 cs=0 l=1 rev1=1 crypto rx=0 tx=0 comp rx=0 tx=0).handle_hello peer v2:172.21.15.52:3300/0 says I am v2:172.21.15.52:39852/0 (socket says 172.21.15.52:39852)
2024-01-04T21:47:12.283 INFO:teuthology.orchestra.run.smithi052.stdout:/usr/bin/ceph: stderr
2024-01-04T21:47:11.727+0000 7f871ad9d700 1 -- 172.21.15.52:0/177205725 learned_addr learned my addr 172.21.15.52:0/177205725 (peer_addr_for_me v2:172.21.15.52:0/0)
2024-01-04T21:47:12.283 INFO:teuthology.orchestra.run.smithi052.stdout:/usr/bin/ceph: stderr
2024-01-04T21:47:11.727+0000 7f871ad9d700 1 -- 172.21.15.52:0/177205725 --> [v2:172.21.15.52:3300/0,v1:172.21.15.52:6789/0] -- mon_subscribe({config=0+,monmap=0+}) v3 -- 0x7f870c0094f0 con 0x7f871c077b90
2024-01-04T21:47:12.283 INFO:teuthology.orchestra.run.smithi052.stdout:/usr/bin/ceph: stderr
2024-01-04T21:47:11.728+0000 7f871ad9d700 1 --2- 172.21.15.52:0/177205725 >> [v2:172.21.15.52:3300/0,v1:172.21.15.52:6789/0] conn(0x7f871c077b90 0x7f871c113380 secure :-1 s=READY pgs=40 cs=0 l=1 rev1=1 crypto rx=0x7f870c006b00 tx=0x7f870c009250 comp rx=0 tx=0).ready entity=mon.0 client_cookie=0 server_cookie=0 in_seq=0 out_seq=0
2024-01-04T21:47:12.283 INFO:teuthology.orchestra.run.smithi052.stdout:/usr/bin/ceph: stderr
2024-01-04T21:47:11.728+0000 7f87037fe700 1 -- 172.21.15.52:0/177205725 <== mon.0 v2:172.21.15.52:3300/0 1 ==== mon_map magic: 0 v1 ==== 229+0+0 (secure 0 0 0) 0x7f870c010a80 con 0x7f871c077b90
2024-01-04T21:47:12.283 INFO:teuthology.orchestra.run.smithi052.stdout:/usr/bin/ceph: stderr
2024-01-04T21:47:11.728+0000 7f87037fe700 1 -- 172.21.15.52:0/177205725 <== mon.0 v2:172.21.15.52:3300/0 2 ==== config(26 keys) v1 ==== 1009+0+0 (secure 0 0 0) 0x7f870c01a430 con 0x7f871c077b90
2024-01-04T21:47:12.283 INFO:teuthology.orchestra.run.smithi052.stdout:/usr/bin/ceph: stderr
2024-01-04T21:47:11.728+0000 7f87037fe700 1 -- 172.21.15.52:0/177205725 <== mon.0 v2:172.21.15.52:3300/0 3 ==== mon_map magic: 0 v1 ==== 229+0+0 (secure 0 0 0) 0x7f870c0245b0 con 0x7f871c077b90
2024-01-04T21:47:12.283 INFO:teuthology.orchestra.run.smithi052.stdout:/usr/bin/ceph: stderr
2024-01-04T21:47:11.728+0000 7f872118e700 1 -- 172.21.15.52:0/177205725 --> [v2:172.21.15.52:3300/0,v1:172.21.15.52:6789/0] -- mon_subscribe({mgrmap=0+}) v3 -- 0x7f871c113ac0 con 0x7f871c077b90
2024-01-04T21:47:12.283 INFO:teuthology.orchestra.run.smithi052.stdout:/usr/bin/ceph: stderr
2024-01-04T21:47:11.728+0000 7f872118e700 1 -- 172.21.15.52:0/177205725 --> [v2:172.21.15.52:3300/0,v1:172.21.15.52:6789/0] -- mon_subscribe({osdmap=0}) v3 -- 0x7f871c113ed0 con 0x7f871c077b90
2024-01-04T21:47:12.283 INFO:teuthology.orchestra.run.smithi052.stdout:/usr/bin/ceph: stderr
2024-01-04T21:47:11.729+0000 7f87037fe700 1 -- 172.21.15.52:0/177205725 <== mon.0 v2:172.21.15.52:3300/0 4 ==== mgrmap(e 7) v1 ==== 43175+0+0 (secure 0 0 0) 0x7f870c010be0 con 0x7f871c077b90
2024-01-04T21:47:12.283 INFO:teuthology.orchestra.run.smithi052.stdout:/usr/bin/ceph: stderr
2024-01-04T21:47:11.729+0000 7f872118e700 1 -- 172.21.15.52:0/177205725 --> [v2:172.21.15.52:3300/0,v1:172.21.15.52:6789/0] -- mon_command({"prefix": "get_command_descriptions"} v 0) v1 -- 0x7f871c04bb80 con 0x7f871c077b90
2024-01-04T21:47:12.283 INFO:teuthology.orchestra.run.smithi052.stdout:/usr/bin/ceph: stderr
2024-01-04T21:47:11.730+0000 7f87037fe700 1 --2- 172.21.15.52:0/177205725 >> [v2:172.21.15.52:6800/1050992614,v1:172.21.15.52:6801/1050992614] conn(0x7f8704036510 0x7f87040389c0 unknown :-1 s=NONE pgs=0 cs=0 l=1 rev1=0 crypto rx=0 tx=0 comp rx=0 tx=0).connect
2024-01-04T21:47:12.283 INFO:teuthology.orchestra.run.smithi052.stdout:/usr/bin/ceph: stderr
2024-01-04T21:47:11.730+0000 7f87037fe700 1 -- 172.21.15.52:0/177205725 <== mon.0 v2:172.21.15.52:3300/0 5 ==== osd_map(2..2 src has 1..2) v4 ==== 936+0+0 (secure 0 0 0) 0x7f870c04a9a0 con 0x7f871c077b90
2024-01-04T21:47:12.284 INFO:teuthology.orchestra.run.smithi052.stdout:/usr/bin/ceph: stderr
2024-01-04T21:47:11.730+0000 7f871a59c700 1 --2- 172.21.15.52:0/177205725 >> [v2:172.21.15.52:6800/1050992614,v1:172.21.15.52:6801/1050992614] conn(0x7f8704036510 0x7f87040389c0 unknown :-1 s=BANNER_CONNECTING pgs=0 cs=0 l=1 rev1=0 crypto rx=0 tx=0 comp rx=0 tx=0)._handle_peer_banner_payload supported=3 required=0
2024-01-04T21:47:12.284 INFO:teuthology.orchestra.run.smithi052.stdout:/usr/bin/ceph: stderr
2024-01-04T21:47:11.731+0000 7f871a59c700 1 --2- 172.21.15.52:0/177205725 >> [v2:172.21.15.52:6800/1050992614,v1:172.21.15.52:6801/1050992614] conn(0x7f8704036510 0x7f87040389c0 secure :-1 s=READY pgs=8 cs=0 l=1 rev1=1 crypto rx=0x7f8710009990 tx=0x7f8710006e40 comp rx=0 tx=0).ready entity=mgr.14120 client_cookie=0 server_cookie=0 in_seq=0 out_seq=0
2024-01-04T21:47:12.284 INFO:teuthology.orchestra.run.smithi052.stdout:/usr/bin/ceph: stderr
2024-01-04T21:47:11.734+0000 7f87037fe700 1 -- 172.21.15.52:0/177205725 <== mon.0 v2:172.21.15.52:3300/0 6 ==== mon_command_ack([{"prefix": "get_command_descriptions"}]=0 v0) v1 ==== 72+0+174570 (secure 0 0 0) 0x7f870c01a5a0 con 0x7f871c077b90
2024-01-04T21:47:12.284 INFO:teuthology.orchestra.run.smithi052.stdout:/usr/bin/ceph: stderr
2024-01-04T21:47:11.939+0000 7f872118e700 1 -- 172.21.15.52:0/177205725 --> [v2:172.21.15.52:6800/1050992614,v1:172.21.15.52:6801/1050992614] -- mgr_command(tid 0: {"prefix": "cephadm set-user", "user": "root", "target": ["mon-mgr", ""]}) v1 -- 0x7f871c10d1b0 con 0x7f8704036510
2024-01-04T21:47:12.284 INFO:teuthology.orchestra.run.smithi052.stdout:/usr/bin/ceph: stderr
2024-01-04T21:47:11.940+0000 7f87037fe700 1 -- 172.21.15.52:0/177205725 <== mgr.14120 v2:172.21.15.52:6800/1050992614 1 ==== mgr_command_reply(tid 0: 0 ) v1 ==== 8+0+16 (secure 0 0 0) 0x7f871c10d1b0 con 0x7f8704036510
2024-01-04T21:47:12.284 INFO:teuthology.orchestra.run.smithi052.stdout:/usr/bin/ceph: stderr
2024-01-04T21:47:11.943+0000 7f872118e700 1 -- 172.21.15.52:0/177205725 >> [v2:172.21.15.52:6800/1050992614,v1:172.21.15.52:6801/1050992614] conn(0x7f8704036510 msgr2=0x7f87040389c0 secure :-1 s=STATE_CONNECTION_ESTABLISHED l=1).mark_down
2024-01-04T21:47:12.284 INFO:teuthology.orchestra.run.smithi052.stdout:/usr/bin/ceph: stderr
2024-01-04T21:47:11.943+0000 7f872118e700 1 --2- 172.21.15.52:0/177205725 >> [v2:172.21.15.52:6800/1050992614,v1:172.21.15.52:6801/1050992614] conn(0x7f8704036510 0x7f87040389c0 secure :-1 s=READY pgs=8 cs=0 l=1 rev1=1 crypto rx=0x7f8710009990 tx=0x7f8710006e40 comp rx=0 tx=0).stop
2024-01-04T21:47:12.284 INFO:teuthology.orchestra.run.smithi052.stdout:/usr/bin/ceph: stderr
2024-01-04T21:47:11.943+0000 7f872118e700 1 -- 172.21.15.52:0/177205725 >> [v2:172.21.15.52:3300/0,v1:172.21.15.52:6789/0] conn(0x7f871c077b90 msgr2=0x7f871c113380 secure :-1 s=STATE_CONNECTION_ESTABLISHED l=1).mark_down
2024-01-04T21:47:12.284 INFO:teuthology.orchestra.run.smithi052.stdout:/usr/bin/ceph: stderr
2024-01-04T21:47:11.943+0000 7f872118e700 1 --2- 172.21.15.52:0/177205725 >> [v2:172.21.15.52:3300/0,v1:172.21.15.52:6789/0] conn(0x7f871c077b90 0x7f871c113380 secure :-1 s=READY pgs=40 cs=0 l=1 rev1=1 crypto rx=0x7f870c006b00 tx=0x7f870c009250 comp rx=0 tx=0).stop
2024-01-04T21:47:12.284 INFO:teuthology.orchestra.run.smithi052.stdout:/usr/bin/ceph: stderr
2024-01-04T21:47:11.943+0000 7f872118e700 1 -- 172.21.15.52:0/177205725 shutdown_connections
2024-01-04T21:47:12.284 INFO:teuthology.orchestra.run.smithi052.stdout:/usr/bin/ceph: stderr
2024-01-04T21:47:11.943+0000 7f872118e700 1 --2- 172.21.15.52:0/177205725 >> [v2:172.21.15.52:6800/1050992614,v1:172.21.15.52:6801/1050992614] conn(0x7f8704036510 0x7f87040389c0 unknown :-1 s=CLOSED pgs=8 cs=0 l=1 rev1=1 crypto rx=0 tx=0 comp rx=0 tx=0).stop
2024-01-04T21:47:12.284 INFO:teuthology.orchestra.run.smithi052.stdout:/usr/bin/ceph: stderr
2024-01-04T21:47:11.943+0000 7f872118e700 1 --2- 172.21.15.52:0/177205725 >> [v2:172.21.15.52:3300/0,v1:172.21.15.52:6789/0] conn(0x7f871c077b90 0x7f871c113380 unknown :-1 s=CLOSED pgs=40 cs=0 l=1 rev1=1 crypto rx=0 tx=0 comp rx=0 tx=0).stop
2024-01-04T21:47:12.284 INFO:teuthology.orchestra.run.smithi052.stdout:/usr/bin/ceph: stderr
2024-01-04T21:47:11.943+0000 7f872118e700 1 -- 172.21.15.52:0/177205725 >> 172.21.15.52:0/177205725 conn(0x7f871c0fda50 msgr2=0x7f871c0ffe50 unknown :-1 s=STATE_NONE l=0).mark_down
2024-01-04T21:47:12.284 INFO:teuthology.orchestra.run.smithi052.stdout:/usr/bin/ceph: stderr
2024-01-04T21:47:11.943+0000 7f872118e700 1 -- 172.21.15.52:0/177205725 shutdown_connections
2024-01-04T21:47:12.285 INFO:teuthology.orchestra.run.smithi052.stdout:/usr/bin/ceph: stderr
2024-01-04T21:47:11.943+0000 7f872118e700 1 -- 172.21.15.52:0/177205725 wait complete.
2024-01-04T21:47:12.285 INFO:teuthology.orchestra.run.smithi052.stdout:Generating ssh key...
2024-01-04T21:47:12.654 INFO:journalctl@ceph.mon.smithi052.smithi052.stdout:Jan 04 21:47:12 smithi052 ceph-mon[107125]: from='client.14132 -' entity='client.admin' cmd=[{"prefix": "orch set backend", "module_name": "cephadm", "target": ["mon-mgr", ""]}]: dispatch
2024-01-04T21:47:12.654 INFO:journalctl@ceph.mon.smithi052.smithi052.stdout:Jan 04 21:47:12 smithi052 ceph-mon[107125]: mgrmap e8: smithi052.uznooz(active, since 2s)
2024-01-04T21:47:13.529 INFO:teuthology.orchestra.run.smithi052.stdout:/usr/bin/ceph: stderr
2024-01-04T21:47:12.705+0000 7f5840df5700 1 Processor -- start
2024-01-04T21:47:13.529 INFO:teuthology.orchestra.run.smithi052.stdout:/usr/bin/ceph: stderr
2024-01-04T21:47:12.705+0000 7f5840df5700 1 -- start start
2024-01-04T21:47:13.529 INFO:teuthology.orchestra.run.smithi052.stdout:/usr/bin/ceph: stderr
2024-01-04T21:47:12.706+0000 7f5840df5700 1 --2- >> [v2:172.21.15.52:3300/0,v1:172.21.15.52:6789/0] conn(0x7f583c1044d0 0x7f583c1048e0 unknown :-1 s=NONE pgs=0 cs=0 l=0 rev1=0 crypto rx=0 tx=0 comp rx=0 tx=0).connect
2024-01-04T21:47:13.529 INFO:teuthology.orchestra.run.smithi052.stdout:/usr/bin/ceph: stderr
2024-01-04T21:47:12.706+0000 7f5840df5700 1 -- --> [v2:172.21.15.52:3300/0,v1:172.21.15.52:6789/0] -- mon_getmap magic: 0 v1 -- 0x7f583c104e20 con 0x7f583c1044d0
2024-01-04T21:47:13.529 INFO:teuthology.orchestra.run.smithi052.stdout:/usr/bin/ceph: stderr
2024-01-04T21:47:12.706+0000 7f583a59c700 1 --2- >> [v2:172.21.15.52:3300/0,v1:172.21.15.52:6789/0] conn(0x7f583c1044d0 0x7f583c1048e0 unknown :-1 s=BANNER_CONNECTING pgs=0 cs=0 l=0 rev1=0 crypto rx=0 tx=0 comp rx=0 tx=0)._handle_peer_banner_payload supported=3 required=0
2024-01-04T21:47:13.529 INFO:teuthology.orchestra.run.smithi052.stdout:/usr/bin/ceph: stderr
2024-01-04T21:47:12.706+0000 7f583a59c700 1 --2- >> [v2:172.21.15.52:3300/0,v1:172.21.15.52:6789/0] conn(0x7f583c1044d0 0x7f583c1048e0 unknown :-1 s=HELLO_CONNECTING pgs=0 cs=0 l=0 rev1=1 crypto rx=0 tx=0 comp rx=0 tx=0).handle_hello peer v2:172.21.15.52:3300/0 says I am v2:172.21.15.52:39854/0 (socket says 172.21.15.52:39854)
2024-01-04T21:47:13.529 INFO:teuthology.orchestra.run.smithi052.stdout:/usr/bin/ceph: stderr
2024-01-04T21:47:12.706+0000 7f583a59c700 1 -- 172.21.15.52:0/2590569542 learned_addr learned my addr 172.21.15.52:0/2590569542 (peer_addr_for_me v2:172.21.15.52:0/0)
2024-01-04T21:47:13.529 INFO:teuthology.orchestra.run.smithi052.stdout:/usr/bin/ceph: stderr
2024-01-04T21:47:12.706+0000 7f583a59c700 1 -- 172.21.15.52:0/2590569542 --> [v2:172.21.15.52:3300/0,v1:172.21.15.52:6789/0] -- mon_subscribe({config=0+,monmap=0+}) v3 -- 0x7f583c104f60 con 0x7f583c1044d0
2024-01-04T21:47:13.529 INFO:teuthology.orchestra.run.smithi052.stdout:/usr/bin/ceph: stderr
2024-01-04T21:47:12.707+0000 7f583a59c700 1 --2- 172.21.15.52:0/2590569542 >> [v2:172.21.15.52:3300/0,v1:172.21.15.52:6789/0] conn(0x7f583c1044d0 0x7f583c1048e0 secure :-1 s=READY pgs=41 cs=0 l=1 rev1=1 crypto rx=0x7f582c0098e0 tx=0x7f582c009250 comp rx=0 tx=0).ready entity=mon.0 client_cookie=5618648d5e82d850 server_cookie=0 in_seq=0 out_seq=0
2024-01-04T21:47:13.530 INFO:teuthology.orchestra.run.smithi052.stdout:/usr/bin/ceph: stderr
2024-01-04T21:47:12.707+0000 7f5839d9b700 1 -- 172.21.15.52:0/2590569542 <== mon.0 v2:172.21.15.52:3300/0 1 ==== mon_map magic: 0 v1 ==== 229+0+0 (secure 0 0 0) 0x7f582c00b860 con 0x7f583c1044d0
2024-01-04T21:47:13.530 INFO:teuthology.orchestra.run.smithi052.stdout:/usr/bin/ceph: stderr
2024-01-04T21:47:12.707+0000 7f5839d9b700 1 -- 172.21.15.52:0/2590569542 <== mon.0 v2:172.21.15.52:3300/0 2 ==== config(26 keys) v1 ==== 1009+0+0 (secure 0 0 0) 0x7f582c00be30 con 0x7f583c1044d0
2024-01-04T21:47:13.530 INFO:teuthology.orchestra.run.smithi052.stdout:/usr/bin/ceph: stderr
2024-01-04T21:47:12.707+0000 7f5839d9b700 1 -- 172.21.15.52:0/2590569542 <== mon.0 v2:172.21.15.52:3300/0 3 ==== mon_map magic: 0 v1 ==== 229+0+0 (secure 0 0 0) 0x7f582c010380 con 0x7f583c1044d0
2024-01-04T21:47:13.530 INFO:teuthology.orchestra.run.smithi052.stdout:/usr/bin/ceph: stderr
2024-01-04T21:47:12.707+0000 7f5840df5700 1 -- 172.21.15.52:0/2590569542 >> [v2:172.21.15.52:3300/0,v1:172.21.15.52:6789/0] conn(0x7f583c1044d0 msgr2=0x7f583c1048e0 secure :-1 s=STATE_CONNECTION_ESTABLISHED l=1).mark_down
2024-01-04T21:47:13.530 INFO:teuthology.orchestra.run.smithi052.stdout:/usr/bin/ceph: stderr
2024-01-04T21:47:12.707+0000 7f5840df5700 1 --2- 172.21.15.52:0/2590569542 >> [v2:172.21.15.52:3300/0,v1:172.21.15.52:6789/0] conn(0x7f583c1044d0 0x7f583c1048e0 secure :-1 s=READY pgs=41 cs=0 l=1 rev1=1 crypto rx=0x7f582c0098e0 tx=0x7f582c009250 comp rx=0 tx=0).stop
2024-01-04T21:47:13.530 INFO:teuthology.orchestra.run.smithi052.stdout:/usr/bin/ceph: stderr
2024-01-04T21:47:12.707+0000 7f5840df5700 1 -- 172.21.15.52:0/2590569542 shutdown_connections
2024-01-04T21:47:13.530 INFO:teuthology.orchestra.run.smithi052.stdout:/usr/bin/ceph: stderr
2024-01-04T21:47:12.707+0000 7f5840df5700 1 --2- 172.21.15.52:0/2590569542 >> [v2:172.21.15.52:3300/0,v1:172.21.15.52:6789/0] conn(0x7f583c1044d0 0x7f583c1048e0 unknown :-1 s=CLOSED pgs=41 cs=0 l=1 rev1=1 crypto rx=0 tx=0 comp rx=0 tx=0).stop
2024-01-04T21:47:13.530 INFO:teuthology.orchestra.run.smithi052.stdout:/usr/bin/ceph: stderr
2024-01-04T21:47:12.707+0000 7f5840df5700 1 -- 172.21.15.52:0/2590569542 >> 172.21.15.52:0/2590569542 conn(0x7f583c077a80 msgr2=0x7f583c102350 unknown :-1 s=STATE_NONE l=0).mark_down
2024-01-04T21:47:13.530 INFO:teuthology.orchestra.run.smithi052.stdout:/usr/bin/ceph: stderr
2024-01-04T21:47:12.708+0000 7f5840df5700 1 -- 172.21.15.52:0/2590569542 shutdown_connections
2024-01-04T21:47:13.530 INFO:teuthology.orchestra.run.smithi052.stdout:/usr/bin/ceph: stderr
2024-01-04T21:47:12.708+0000 7f5840df5700 1 -- 172.21.15.52:0/2590569542 wait complete.
2024-01-04T21:47:13.530 INFO:teuthology.orchestra.run.smithi052.stdout:/usr/bin/ceph: stderr
2024-01-04T21:47:12.708+0000 7f5840df5700 1 Processor -- start
2024-01-04T21:47:13.530 INFO:teuthology.orchestra.run.smithi052.stdout:/usr/bin/ceph: stderr
2024-01-04T21:47:12.709+0000 7f5840df5700 1 -- start start
2024-01-04T21:47:13.530 INFO:teuthology.orchestra.run.smithi052.stdout:/usr/bin/ceph: stderr
2024-01-04T21:47:12.709+0000 7f5840df5700 1 --2- >> [v2:172.21.15.52:3300/0,v1:172.21.15.52:6789/0] conn(0x7f583c1044d0 0x7f583c113340 unknown :-1 s=NONE pgs=0 cs=0 l=1 rev1=0 crypto rx=0 tx=0 comp rx=0 tx=0).connect
2024-01-04T21:47:13.530 INFO:teuthology.orchestra.run.smithi052.stdout:/usr/bin/ceph: stderr
2024-01-04T21:47:12.709+0000 7f5840df5700 1 -- --> [v2:172.21.15.52:3300/0,v1:172.21.15.52:6789/0] -- mon_getmap magic: 0 v1 -- 0x7f583c113880 con 0x7f583c1044d0
2024-01-04T21:47:13.531 INFO:teuthology.orchestra.run.smithi052.stdout:/usr/bin/ceph: stderr
2024-01-04T21:47:12.709+0000 7f583a59c700 1 --2- >> [v2:172.21.15.52:3300/0,v1:172.21.15.52:6789/0] conn(0x7f583c1044d0 0x7f583c113340 unknown :-1 s=BANNER_CONNECTING pgs=0 cs=0 l=1 rev1=0 crypto rx=0 tx=0 comp rx=0 tx=0)._handle_peer_banner_payload supported=3 required=0
2024-01-04T21:47:13.531 INFO:teuthology.orchestra.run.smithi052.stdout:/usr/bin/ceph: stderr
2024-01-04T21:47:12.709+0000 7f583a59c700 1 --2- >> [v2:172.21.15.52:3300/0,v1:172.21.15.52:6789/0] conn(0x7f583c1044d0 0x7f583c113340 unknown :-1 s=HELLO_CONNECTING pgs=0 cs=0 l=1 rev1=1 crypto rx=0 tx=0 comp rx=0 tx=0).handle_hello peer v2:172.21.15.52:3300/0 says I am v2:172.21.15.52:39866/0 (socket says 172.21.15.52:39866)
2024-01-04T21:47:13.531 INFO:teuthology.orchestra.run.smithi052.stdout:/usr/bin/ceph: stderr
2024-01-04T21:47:12.709+0000 7f583a59c700 1 -- 172.21.15.52:0/2019362673 learned_addr learned my addr 172.21.15.52:0/2019362673 (peer_addr_for_me v2:172.21.15.52:0/0)
2024-01-04T21:47:13.531 INFO:teuthology.orchestra.run.smithi052.stdout:/usr/bin/ceph: stderr
2024-01-04T21:47:12.709+0000 7f583a59c700 1 -- 172.21.15.52:0/2019362673 --> [v2:172.21.15.52:3300/0,v1:172.21.15.52:6789/0] -- mon_subscribe({config=0+,monmap=0+}) v3 -- 0x7f582c0094f0 con 0x7f583c1044d0
2024-01-04T21:47:13.531 INFO:teuthology.orchestra.run.smithi052.stdout:/usr/bin/ceph: stderr
2024-01-04T21:47:12.710+0000 7f583a59c700 1 --2- 172.21.15.52:0/2019362673 >> [v2:172.21.15.52:3300/0,v1:172.21.15.52:6789/0] conn(0x7f583c1044d0 0x7f583c113340 secure :-1 s=READY pgs=42 cs=0 l=1 rev1=1 crypto rx=0x7f582c000c00 tx=0x7f582c009250 comp rx=0 tx=0).ready entity=mon.0 client_cookie=0 server_cookie=0 in_seq=0 out_seq=0
2024-01-04T21:47:13.531 INFO:teuthology.orchestra.run.smithi052.stdout:/usr/bin/ceph: stderr
2024-01-04T21:47:12.710+0000 7f5832ffd700 1 -- 172.21.15.52:0/2019362673 <== mon.0 v2:172.21.15.52:3300/0 1 ==== mon_map magic: 0 v1 ==== 229+0+0 (secure 0 0 0) 0x7f582c010a80 con 0x7f583c1044d0
2024-01-04T21:47:13.531 INFO:teuthology.orchestra.run.smithi052.stdout:/usr/bin/ceph: stderr
2024-01-04T21:47:12.710+0000 7f5832ffd700 1 -- 172.21.15.52:0/2019362673 <== mon.0 v2:172.21.15.52:3300/0 2 ==== config(26 keys) v1 ==== 1009+0+0 (secure 0 0 0) 0x7f582c01a430 con 0x7f583c1044d0
2024-01-04T21:47:13.531 INFO:teuthology.orchestra.run.smithi052.stdout:/usr/bin/ceph: stderr
2024-01-04T21:47:12.710+0000 7f5832ffd700 1 -- 172.21.15.52:0/2019362673 <== mon.0 v2:172.21.15.52:3300/0 3 ==== mon_map magic: 0 v1 ==== 229+0+0 (secure 0 0 0) 0x7f582c0245b0 con 0x7f583c1044d0
2024-01-04T21:47:13.531 INFO:teuthology.orchestra.run.smithi052.stdout:/usr/bin/ceph: stderr
2024-01-04T21:47:12.710+0000 7f5840df5700 1 -- 172.21.15.52:0/2019362673 --> [v2:172.21.15.52:3300/0,v1:172.21.15.52:6789/0] -- mon_subscribe({mgrmap=0+}) v3 -- 0x7f583c113a80 con 0x7f583c1044d0
2024-01-04T21:47:13.531 INFO:teuthology.orchestra.run.smithi052.stdout:/usr/bin/ceph: stderr
2024-01-04T21:47:12.710+0000 7f5840df5700 1 -- 172.21.15.52:0/2019362673 --> [v2:172.21.15.52:3300/0,v1:172.21.15.52:6789/0] -- mon_subscribe({osdmap=0}) v3 -- 0x7f583c113e90 con 0x7f583c1044d0
2024-01-04T21:47:13.531 INFO:teuthology.orchestra.run.smithi052.stdout:/usr/bin/ceph: stderr
2024-01-04T21:47:12.711+0000 7f5832ffd700 1 -- 172.21.15.52:0/2019362673 <== mon.0 v2:172.21.15.52:3300/0 4 ==== mgrmap(e 8) v1 ==== 43281+0+0 (secure 0 0 0) 0x7f582c01a5a0 con 0x7f583c1044d0
2024-01-04T21:47:13.531 INFO:teuthology.orchestra.run.smithi052.stdout:/usr/bin/ceph: stderr
2024-01-04T21:47:12.711+0000 7f5840df5700 1 -- 172.21.15.52:0/2019362673 --> [v2:172.21.15.52:3300/0,v1:172.21.15.52:6789/0] -- mon_command({"prefix": "get_command_descriptions"} v 0) v1 -- 0x7f583c04bb80 con 0x7f583c1044d0
2024-01-04T21:47:13.531 INFO:teuthology.orchestra.run.smithi052.stdout:/usr/bin/ceph: stderr
2024-01-04T21:47:12.712+0000 7f5832ffd700 1 --2- 172.21.15.52:0/2019362673 >> [v2:172.21.15.52:6800/1050992614,v1:172.21.15.52:6801/1050992614] conn(0x7f58280365f0 0x7f5828038aa0 unknown :-1 s=NONE pgs=0 cs=0 l=1 rev1=0 crypto rx=0 tx=0 comp rx=0 tx=0).connect
2024-01-04T21:47:13.531 INFO:teuthology.orchestra.run.smithi052.stdout:/usr/bin/ceph: stderr
2024-01-04T21:47:12.712+0000 7f5832ffd700 1 -- 172.21.15.52:0/2019362673 <== mon.0 v2:172.21.15.52:3300/0 5 ==== osd_map(2..2 src has 1..2) v4 ==== 936+0+0 (secure 0 0 0) 0x7f582c04ab40 con 0x7f583c1044d0
2024-01-04T21:47:13.532 INFO:teuthology.orchestra.run.smithi052.stdout:/usr/bin/ceph: stderr
2024-01-04T21:47:12.712+0000 7f5833fff700 1 --2- 172.21.15.52:0/2019362673 >> [v2:172.21.15.52:6800/1050992614,v1:172.21.15.52:6801/1050992614] conn(0x7f58280365f0 0x7f5828038aa0 unknown :-1 s=BANNER_CONNECTING pgs=0 cs=0 l=1 rev1=0 crypto rx=0 tx=0 comp rx=0 tx=0)._handle_peer_banner_payload supported=3 required=0
2024-01-04T21:47:13.532 INFO:teuthology.orchestra.run.smithi052.stdout:/usr/bin/ceph: stderr
2024-01-04T21:47:12.713+0000 7f5833fff700 1 --2- 172.21.15.52:0/2019362673 >> [v2:172.21.15.52:6800/1050992614,v1:172.21.15.52:6801/1050992614] conn(0x7f58280365f0 0x7f5828038aa0 secure :-1 s=READY pgs=9 cs=0 l=1 rev1=1 crypto rx=0x7f5824009990 tx=0x7f5824006e40 comp rx=0 tx=0).ready entity=mgr.14120 client_cookie=0 server_cookie=0 in_seq=0 out_seq=0
2024-01-04T21:47:13.532 INFO:teuthology.orchestra.run.smithi052.stdout:/usr/bin/ceph: stderr
2024-01-04T21:47:12.717+0000 7f5832ffd700 1 -- 172.21.15.52:0/2019362673 <== mon.0 v2:172.21.15.52:3300/0 6 ==== mon_command_ack([{"prefix": "get_command_descriptions"}]=0 v0) v1 ==== 72+0+174570 (secure 0 0 0) 0x7f582c023df0 con 0x7f583c1044d0
2024-01-04T21:47:13.532 INFO:teuthology.orchestra.run.smithi052.stdout:/usr/bin/ceph: stderr
2024-01-04T21:47:12.920+0000 7f5840df5700 1 -- 172.21.15.52:0/2019362673 --> [v2:172.21.15.52:6800/1050992614,v1:172.21.15.52:6801/1050992614] -- mgr_command(tid 0: {"prefix": "cephadm generate-key", "target": ["mon-mgr", ""]}) v1 -- 0x7f583c0008d0 con 0x7f58280365f0
2024-01-04T21:47:13.532 INFO:teuthology.orchestra.run.smithi052.stdout:/usr/bin/ceph: stderr
2024-01-04T21:47:13.066+0000 7f5832ffd700 1 -- 172.21.15.52:0/2019362673 <== mgr.14120 v2:172.21.15.52:6800/1050992614 1 ==== mgr_command_reply(tid 0: 0 ) v1 ==== 8+0+0 (secure 0 0 0) 0x7f583c0008d0 con 0x7f58280365f0
2024-01-04T21:47:13.532 INFO:teuthology.orchestra.run.smithi052.stdout:/usr/bin/ceph: stderr
2024-01-04T21:47:13.068+0000 7f5840df5700 1 -- 172.21.15.52:0/2019362673 >> [v2:172.21.15.52:6800/1050992614,v1:172.21.15.52:6801/1050992614] conn(0x7f58280365f0 msgr2=0x7f5828038aa0 secure :-1 s=STATE_CONNECTION_ESTABLISHED l=1).mark_down
2024-01-04T21:47:13.532 INFO:teuthology.orchestra.run.smithi052.stdout:/usr/bin/ceph: stderr
2024-01-04T21:47:13.068+0000 7f5840df5700 1 --2- 172.21.15.52:0/2019362673 >> [v2:172.21.15.52:6800/1050992614,v1:172.21.15.52:6801/1050992614] conn(0x7f58280365f0 0x7f5828038aa0 secure :-1 s=READY pgs=9 cs=0 l=1 rev1=1 crypto rx=0x7f5824009990 tx=0x7f5824006e40 comp rx=0 tx=0).stop
2024-01-04T21:47:13.532 INFO:teuthology.orchestra.run.smithi052.stdout:/usr/bin/ceph: stderr
2024-01-04T21:47:13.068+0000 7f5840df5700 1 -- 172.21.15.52:0/2019362673 >> [v2:172.21.15.52:3300/0,v1:172.21.15.52:6789/0] conn(0x7f583c1044d0 msgr2=0x7f583c113340 secure :-1 s=STATE_CONNECTION_ESTABLISHED l=1).mark_down
2024-01-04T21:47:13.532 INFO:teuthology.orchestra.run.smithi052.stdout:/usr/bin/ceph: stderr
2024-01-04T21:47:13.068+0000 7f5840df5700 1 --2- 172.21.15.52:0/2019362673 >> [v2:172.21.15.52:3300/0,v1:172.21.15.52:6789/0] conn(0x7f583c1044d0 0x7f583c113340 secure :-1 s=READY pgs=42 cs=0 l=1 rev1=1 crypto rx=0x7f582c000c00 tx=0x7f582c009250 comp rx=0 tx=0).stop
2024-01-04T21:47:13.532 INFO:teuthology.orchestra.run.smithi052.stdout:/usr/bin/ceph: stderr
2024-01-04T21:47:13.069+0000 7f5840df5700 1 -- 172.21.15.52:0/2019362673 shutdown_connections
2024-01-04T21:47:13.532 INFO:teuthology.orchestra.run.smithi052.stdout:/usr/bin/ceph: stderr
2024-01-04T21:47:13.069+0000 7f5840df5700 1 --2- 172.21.15.52:0/2019362673 >> [v2:172.21.15.52:6800/1050992614,v1:172.21.15.52:6801/1050992614] conn(0x7f58280365f0 0x7f5828038aa0 unknown :-1 s=CLOSED pgs=9 cs=0 l=1 rev1=1 crypto rx=0 tx=0 comp rx=0 tx=0).stop
2024-01-04T21:47:13.532 INFO:teuthology.orchestra.run.smithi052.stdout:/usr/bin/ceph: stderr
2024-01-04T21:47:13.069+0000 7f5840df5700 1 --2- 172.21.15.52:0/2019362673 >> [v2:172.21.15.52:3300/0,v1:172.21.15.52:6789/0] conn(0x7f583c1044d0 0x7f583c113340 unknown :-1 s=CLOSED pgs=42 cs=0 l=1 rev1=1 crypto rx=0 tx=0 comp rx=0 tx=0).stop
2024-01-04T21:47:13.533 INFO:teuthology.orchestra.run.smithi052.stdout:/usr/bin/ceph: stderr
2024-01-04T21:47:13.069+0000 7f5840df5700 1 -- 172.21.15.52:0/2019362673 >> 172.21.15.52:0/2019362673 conn(0x7f583c077a80 msgr2=0x7f583c103310 unknown :-1 s=STATE_NONE l=0).mark_down
2024-01-04T21:47:13.533 INFO:teuthology.orchestra.run.smithi052.stdout:/usr/bin/ceph: stderr
2024-01-04T21:47:13.069+0000 7f5840df5700 1 -- 172.21.15.52:0/2019362673 shutdown_connections
2024-01-04T21:47:13.533 INFO:teuthology.orchestra.run.smithi052.stdout:/usr/bin/ceph: stderr
2024-01-04T21:47:13.069+0000 7f5840df5700 1 -- 172.21.15.52:0/2019362673 wait complete.
2024-01-04T21:47:13.654 INFO:journalctl@ceph.mon.smithi052.smithi052.stdout:Jan 04 21:47:13 smithi052 ceph-mon[107125]: from='client.14134 -' entity='client.admin' cmd=[{"prefix": "cephadm set-user", "user": "root", "target": ["mon-mgr", ""]}]: dispatch
2024-01-04T21:47:13.654 INFO:journalctl@ceph.mon.smithi052.smithi052.stdout:Jan 04 21:47:13 smithi052 ceph-mon[107125]: from='mgr.14120 172.21.15.52:0/2159405366' entity='mgr.smithi052.uznooz'
2024-01-04T21:47:13.654 INFO:journalctl@ceph.mon.smithi052.smithi052.stdout:Jan 04 21:47:13 smithi052 ceph-mon[107125]: from='mgr.14120 172.21.15.52:0/2159405366' entity='mgr.smithi052.uznooz'
2024-01-04T21:47:14.451 INFO:journalctl@ceph.mon.smithi052.smithi052.stdout:Jan 04 21:47:14 smithi052 ceph-mon[107125]: from='client.14136 -' entity='client.admin' cmd=[{"prefix": "cephadm generate-key", "target": ["mon-mgr", ""]}]: dispatch
2024-01-04T21:47:14.451 INFO:journalctl@ceph.mon.smithi052.smithi052.stdout:Jan 04 21:47:14 smithi052 ceph-mon[107125]: Generating ssh key...
