2024-03-08T20:47:53.130 INFO:journalctl@ceph.mon.a.smithi107.stdout:Mar 08 20:47:52 smithi107 ceph-mon[31381]: from='mgr.14120 172.21.15.107:0/283560839' entity='mgr.x'
2024-03-08T20:47:54.100 INFO:journalctl@ceph.mon.a.smithi107.stdout:Mar 08 20:47:54 smithi107 ceph-mon[31381]: from='client.14138 -' entity='client.admin' cmd=[{"prefix": "cephadm get-pub-key", "target": ["mon-mgr", ""]}]: dispatch
2024-03-08T20:47:54.116 INFO:teuthology.orchestra.run.smithi107.stdout:/usr/bin/ceph: stdout ssh-rsa AAAAB3NzaC1yc2EAAAADAQABAAABgQCpSCnHfXT8N65+lAbF0tgR7lX8z7143TQ6tzGE7sZGK4PwBUbhtdrDAxlVOYdfjeZGKeP96nxBvR81AA5J+H2JHkdx/t4LTAZ7HOvSM22Khg1HZerSDFYbI1QxcO41edXWx2E4IyynZ6DxFCmHSptTTnIbNDFi5TcLWjh5nKBWqGsfjNXDZcxYrbdc9Iq3AtFj0zk9XLyzreBFSlq5ykKVuaE+XryB8qIkGYIW4jo5ApNP8VRi00cNBiPDzcQDbzyYmazSMDpEq0Eg1TZyGHI7y/iJxQ1IiP+s14mtDk5FpKgvbfKJvl1AQTYZEqEQKUieZ17g0Ykiijx8Z9P2DcKTwl1xKz7N2SAD0OmO6/f2TgtQQTTi3UZxyJc3om2DJSQfguoWau6itWFl4sWre3A6fWfXjaVLQGTIA1gbPTn/4QpvI39vFk+cLWEC0P7GlYiuxzYSpQPJbEs48ZvFzUvUugoMh4o8HoQAkZL5fqTOUxodpNaireU770p3YXGOyxk= ceph-dc20f0f8-dd8c-11ee-95c6-87774f69a715
2024-03-08T20:47:54.116 INFO:teuthology.orchestra.run.smithi107.stdout:/usr/bin/ceph: stderr
2024-03-08T20:47:53.195+0000 7f8cd6200700 1 Processor -- start
2024-03-08T20:47:54.117 INFO:teuthology.orchestra.run.smithi107.stdout:/usr/bin/ceph: stderr
2024-03-08T20:47:53.195+0000 7f8cd6200700 1 -- start start
2024-03-08T20:47:54.117 INFO:teuthology.orchestra.run.smithi107.stdout:/usr/bin/ceph: stderr
2024-03-08T20:47:53.196+0000 7f8cd6200700 1 --2- >> [v2:172.21.15.107:3300/0,v1:172.21.15.107:6789/0] conn(0x7f8cd0107780 0x7f8cd0107ba0 unknown :-1 s=NONE pgs=0 cs=0 l=0 rev1=0 crypto rx=0 tx=0 comp rx=0 tx=0).connect
2024-03-08T20:47:54.117 INFO:teuthology.orchestra.run.smithi107.stdout:/usr/bin/ceph: stderr
2024-03-08T20:47:53.196+0000 7f8cd6200700 1 -- --> [v2:172.21.15.107:3300/0,v1:172.21.15.107:6789/0] -- mon_getmap magic: 0 v1 -- 0x7f8cd0108170 con 0x7f8cd0107780
2024-03-08T20:47:54.117 INFO:teuthology.orchestra.run.smithi107.stdout:/usr/bin/ceph: stderr
2024-03-08T20:47:53.196+0000 7f8ccf400700 1 --2- >> [v2:172.21.15.107:3300/0,v1:172.21.15.107:6789/0] conn(0x7f8cd0107780 0x7f8cd0107ba0 unknown :-1 s=BANNER_CONNECTING pgs=0 cs=0 l=0 rev1=0 crypto rx=0 tx=0 comp rx=0 tx=0)._handle_peer_banner_payload supported=3 required=0
2024-03-08T20:47:54.117 INFO:teuthology.orchestra.run.smithi107.stdout:/usr/bin/ceph: stderr
2024-03-08T20:47:53.196+0000 7f8ccf400700 1 --2- >> [v2:172.21.15.107:3300/0,v1:172.21.15.107:6789/0] conn(0x7f8cd0107780 0x7f8cd0107ba0 unknown :-1 s=HELLO_CONNECTING pgs=0 cs=0 l=0 rev1=1 crypto rx=0 tx=0 comp rx=0 tx=0).handle_hello peer v2:172.21.15.107:3300/0 says I am v2:172.21.15.107:39946/0 (socket says 172.21.15.107:39946)
2024-03-08T20:47:54.117 INFO:teuthology.orchestra.run.smithi107.stdout:/usr/bin/ceph: stderr
2024-03-08T20:47:53.196+0000 7f8ccf400700 1 -- 172.21.15.107:0/4150660863 learned_addr learned my addr 172.21.15.107:0/4150660863 (peer_addr_for_me v2:172.21.15.107:0/0)
2024-03-08T20:47:54.117 INFO:teuthology.orchestra.run.smithi107.stdout:/usr/bin/ceph: stderr
2024-03-08T20:47:53.196+0000 7f8ccf400700 1 -- 172.21.15.107:0/4150660863 --> [v2:172.21.15.107:3300/0,v1:172.21.15.107:6789/0] -- mon_subscribe({config=0+,monmap=0+}) v3 -- 0x7f8cd0108930 con 0x7f8cd0107780
2024-03-08T20:47:54.117 INFO:teuthology.orchestra.run.smithi107.stdout:/usr/bin/ceph: stderr
2024-03-08T20:47:53.197+0000 7f8ccf400700 1 --2- 172.21.15.107:0/4150660863 >> [v2:172.21.15.107:3300/0,v1:172.21.15.107:6789/0] conn(0x7f8cd0107780 0x7f8cd0107ba0 secure :-1 s=READY pgs=43 cs=0 l=1 rev1=1 crypto rx=0x7f8cc00098a0 tx=0x7f8cc0009bb0 comp rx=0 tx=0).ready entity=mon.0 client_cookie=fc147c8ad9aaf5e3 server_cookie=0 in_seq=0 out_seq=0
2024-03-08T20:47:54.117 INFO:teuthology.orchestra.run.smithi107.stdout:/usr/bin/ceph: stderr
2024-03-08T20:47:53.197+0000 7f8cce000700 1 -- 172.21.15.107:0/4150660863 <== mon.0 v2:172.21.15.107:3300/0 1 ==== mon_map magic: 0 v1 ==== 205+0+0 (secure 0 0 0) 0x7f8cc0004160 con 0x7f8cd0107780
2024-03-08T20:47:54.118 INFO:teuthology.orchestra.run.smithi107.stdout:/usr/bin/ceph: stderr
2024-03-08T20:47:53.197+0000 7f8cce000700 1 -- 172.21.15.107:0/4150660863 <== mon.0 v2:172.21.15.107:3300/0 2 ==== config(26 keys) v1 ==== 1071+0+0 (secure 0 0 0) 0x7f8cc0004300 con 0x7f8cd0107780
2024-03-08T20:47:54.118 INFO:teuthology.orchestra.run.smithi107.stdout:/usr/bin/ceph: stderr
2024-03-08T20:47:53.197+0000 7f8cce000700 1 -- 172.21.15.107:0/4150660863 <== mon.0 v2:172.21.15.107:3300/0 3 ==== mon_map magic: 0 v1 ==== 205+0+0 (secure 0 0 0) 0x7f8cc0011a80 con 0x7f8cd0107780
2024-03-08T20:47:54.118 INFO:teuthology.orchestra.run.smithi107.stdout:/usr/bin/ceph: stderr
2024-03-08T20:47:53.198+0000 7f8cd6200700 1 -- 172.21.15.107:0/4150660863 >> [v2:172.21.15.107:3300/0,v1:172.21.15.107:6789/0] conn(0x7f8cd0107780 msgr2=0x7f8cd0107ba0 secure :-1 s=STATE_CONNECTION_ESTABLISHED l=1).mark_down
2024-03-08T20:47:54.118 INFO:teuthology.orchestra.run.smithi107.stdout:/usr/bin/ceph: stderr
2024-03-08T20:47:53.198+0000 7f8cd6200700 1 --2- 172.21.15.107:0/4150660863 >> [v2:172.21.15.107:3300/0,v1:172.21.15.107:6789/0] conn(0x7f8cd0107780 0x7f8cd0107ba0 secure :-1 s=READY pgs=43 cs=0 l=1 rev1=1 crypto rx=0x7f8cc00098a0 tx=0x7f8cc0009bb0 comp rx=0 tx=0).stop
2024-03-08T20:47:54.118 INFO:teuthology.orchestra.run.smithi107.stdout:/usr/bin/ceph: stderr
2024-03-08T20:47:53.198+0000 7f8cd6200700 1 -- 172.21.15.107:0/4150660863 shutdown_connections
2024-03-08T20:47:54.118 INFO:teuthology.orchestra.run.smithi107.stdout:/usr/bin/ceph: stderr
2024-03-08T20:47:53.198+0000 7f8cd6200700 1 --2- 172.21.15.107:0/4150660863 >> [v2:172.21.15.107:3300/0,v1:172.21.15.107:6789/0] conn(0x7f8cd0107780 0x7f8cd0107ba0 unknown :-1 s=CLOSED pgs=43 cs=0 l=1 rev1=1 crypto rx=0 tx=0 comp rx=0 tx=0).stop
2024-03-08T20:47:54.118 INFO:teuthology.orchestra.run.smithi107.stdout:/usr/bin/ceph: stderr
2024-03-08T20:47:53.198+0000 7f8cd6200700 1 -- 172.21.15.107:0/4150660863 >> 172.21.15.107:0/4150660863 conn(0x7f8cd0102da0 msgr2=0x7f8cd01051c0 unknown :-1 s=STATE_NONE l=0).mark_down
2024-03-08T20:47:54.118 INFO:teuthology.orchestra.run.smithi107.stdout:/usr/bin/ceph: stderr
2024-03-08T20:47:53.198+0000 7f8cd6200700 1 -- 172.21.15.107:0/4150660863 shutdown_connections
2024-03-08T20:47:54.119 INFO:teuthology.orchestra.run.smithi107.stdout:/usr/bin/ceph: stderr
2024-03-08T20:47:53.198+0000 7f8cd6200700 1 -- 172.21.15.107:0/4150660863 wait complete.
2024-03-08T20:47:54.119 INFO:teuthology.orchestra.run.smithi107.stdout:/usr/bin/ceph: stderr
2024-03-08T20:47:53.199+0000 7f8cd6200700 1 Processor -- start
2024-03-08T20:47:54.119 INFO:teuthology.orchestra.run.smithi107.stdout:/usr/bin/ceph: stderr
2024-03-08T20:47:53.199+0000 7f8cd6200700 1 -- start start
2024-03-08T20:47:54.119 INFO:teuthology.orchestra.run.smithi107.stdout:/usr/bin/ceph: stderr
2024-03-08T20:47:53.199+0000 7f8cd6200700 1 --2- >> [v2:172.21.15.107:3300/0,v1:172.21.15.107:6789/0] conn(0x7f8cd0107780 0x7f8cd007cb90 unknown :-1 s=NONE pgs=0 cs=0 l=1 rev1=0 crypto rx=0 tx=0 comp rx=0 tx=0).connect
2024-03-08T20:47:54.119 INFO:teuthology.orchestra.run.smithi107.stdout:/usr/bin/ceph: stderr
2024-03-08T20:47:53.199+0000 7f8cd6200700 1 -- --> [v2:172.21.15.107:3300/0,v1:172.21.15.107:6789/0] -- mon_getmap magic: 0 v1 -- 0x7f8cd010bce0 con 0x7f8cd0107780
2024-03-08T20:47:54.119 INFO:teuthology.orchestra.run.smithi107.stdout:/usr/bin/ceph: stderr
2024-03-08T20:47:53.200+0000 7f8ccf400700 1 --2- >> [v2:172.21.15.107:3300/0,v1:172.21.15.107:6789/0] conn(0x7f8cd0107780 0x7f8cd007cb90 unknown :-1 s=BANNER_CONNECTING pgs=0 cs=0 l=1 rev1=0 crypto rx=0 tx=0 comp rx=0 tx=0)._handle_peer_banner_payload supported=3 required=0
2024-03-08T20:47:54.119 INFO:teuthology.orchestra.run.smithi107.stdout:/usr/bin/ceph: stderr
2024-03-08T20:47:53.200+0000 7f8ccf400700 1 --2- >> [v2:172.21.15.107:3300/0,v1:172.21.15.107:6789/0] conn(0x7f8cd0107780 0x7f8cd007cb90 unknown :-1 s=HELLO_CONNECTING pgs=0 cs=0 l=1 rev1=1 crypto rx=0 tx=0 comp rx=0 tx=0).handle_hello peer v2:172.21.15.107:3300/0 says I am v2:172.21.15.107:39956/0 (socket says 172.21.15.107:39956)
2024-03-08T20:47:54.120 INFO:teuthology.orchestra.run.smithi107.stdout:/usr/bin/ceph: stderr
2024-03-08T20:47:53.200+0000 7f8ccf400700 1 -- 172.21.15.107:0/3574673561 learned_addr learned my addr 172.21.15.107:0/3574673561 (peer_addr_for_me v2:172.21.15.107:0/0)
2024-03-08T20:47:54.120 INFO:teuthology.orchestra.run.smithi107.stdout:/usr/bin/ceph: stderr
2024-03-08T20:47:53.200+0000 7f8ccf400700 1 -- 172.21.15.107:0/3574673561 --> [v2:172.21.15.107:3300/0,v1:172.21.15.107:6789/0] -- mon_subscribe({config=0+,monmap=0+}) v3 -- 0x7f8cd007d0d0 con 0x7f8cd0107780
2024-03-08T20:47:54.120 INFO:teuthology.orchestra.run.smithi107.stdout:/usr/bin/ceph: stderr
2024-03-08T20:47:53.200+0000 7f8ccf400700 1 --2- 172.21.15.107:0/3574673561 >> [v2:172.21.15.107:3300/0,v1:172.21.15.107:6789/0] conn(0x7f8cd0107780 0x7f8cd007cb90 secure :-1 s=READY pgs=44 cs=0 l=1 rev1=1 crypto rx=0x7f8cc0000c00 tx=0x7f8cc0011b00 comp rx=0 tx=0).ready entity=mon.0 client_cookie=0 server_cookie=0 in_seq=0 out_seq=0
2024-03-08T20:47:54.120 INFO:teuthology.orchestra.run.smithi107.stdout:/usr/bin/ceph: stderr
2024-03-08T20:47:53.201+0000 7f8cc7e00700 1 -- 172.21.15.107:0/3574673561 <== mon.0 v2:172.21.15.107:3300/0 1 ==== mon_map magic: 0 v1 ==== 205+0+0 (secure 0 0 0) 0x7f8cc00039f0 con 0x7f8cd0107780
2024-03-08T20:47:54.120 INFO:teuthology.orchestra.run.smithi107.stdout:/usr/bin/ceph: stderr
2024-03-08T20:47:53.201+0000 7f8cc7e00700 1 -- 172.21.15.107:0/3574673561 <== mon.0 v2:172.21.15.107:3300/0 2 ==== config(26 keys) v1 ==== 1071+0+0 (secure 0 0 0) 0x7f8cc0003b90 con 0x7f8cd0107780
2024-03-08T20:47:54.120 INFO:teuthology.orchestra.run.smithi107.stdout:/usr/bin/ceph: stderr
2024-03-08T20:47:53.201+0000 7f8cd6200700 1 -- 172.21.15.107:0/3574673561 --> [v2:172.21.15.107:3300/0,v1:172.21.15.107:6789/0] -- mon_subscribe({mgrmap=0+}) v3 -- 0x7f8cd007b2c0 con 0x7f8cd0107780
2024-03-08T20:47:54.120 INFO:teuthology.orchestra.run.smithi107.stdout:/usr/bin/ceph: stderr
2024-03-08T20:47:53.201+0000 7f8cc7e00700 1 -- 172.21.15.107:0/3574673561 <== mon.0 v2:172.21.15.107:3300/0 3 ==== mon_map magic: 0 v1 ==== 205+0+0 (secure 0 0 0) 0x7f8cc001a740 con 0x7f8cd0107780
2024-03-08T20:47:54.120 INFO:teuthology.orchestra.run.smithi107.stdout:/usr/bin/ceph: stderr
2024-03-08T20:47:53.201+0000 7f8cd6200700 1 -- 172.21.15.107:0/3574673561 --> [v2:172.21.15.107:3300/0,v1:172.21.15.107:6789/0] -- mon_subscribe({osdmap=0}) v3 -- 0x7f8cd007b800 con 0x7f8cd0107780
2024-03-08T20:47:54.120 INFO:teuthology.orchestra.run.smithi107.stdout:/usr/bin/ceph: stderr
2024-03-08T20:47:53.202+0000 7f8cc7e00700 1 -- 172.21.15.107:0/3574673561 <== mon.0 v2:172.21.15.107:3300/0 4 ==== mgrmap(e 8) v1 ==== 46106+0+0 (secure 0 0 0) 0x7f8cc0024af0 con 0x7f8cd0107780
2024-03-08T20:47:54.120 INFO:teuthology.orchestra.run.smithi107.stdout:/usr/bin/ceph: stderr
2024-03-08T20:47:53.202+0000 7f8cd6200700 1 -- 172.21.15.107:0/3574673561 --> [v2:172.21.15.107:3300/0,v1:172.21.15.107:6789/0] -- mon_command({"prefix": "get_command_descriptions"} v 0) v1 -- 0x7f8cd0063410 con 0x7f8cd0107780
2024-03-08T20:47:54.120 INFO:teuthology.orchestra.run.smithi107.stdout:/usr/bin/ceph: stderr
2024-03-08T20:47:53.202+0000 7f8cc7e00700 1 --2- 172.21.15.107:0/3574673561 >> [v2:172.21.15.107:6800/426372446,v1:172.21.15.107:6801/426372446] conn(0x7f8cb4038f70 0x7f8cb403b430 unknown :-1 s=NONE pgs=0 cs=0 l=1 rev1=0 crypto rx=0 tx=0 comp rx=0 tx=0).connect
2024-03-08T20:47:54.121 INFO:teuthology.orchestra.run.smithi107.stdout:/usr/bin/ceph: stderr
2024-03-08T20:47:53.202+0000 7f8cc7e00700 1 -- 172.21.15.107:0/3574673561 <== mon.0 v2:172.21.15.107:3300/0 5 ==== osd_map(2..2 src has 1..2) v4 ==== 940+0+0 (secure 0 0 0) 0x7f8cc004d230 con 0x7f8cd0107780
2024-03-08T20:47:54.121 INFO:teuthology.orchestra.run.smithi107.stdout:/usr/bin/ceph: stderr
2024-03-08T20:47:53.203+0000 7f8ccea00700 1 --2- 172.21.15.107:0/3574673561 >> [v2:172.21.15.107:6800/426372446,v1:172.21.15.107:6801/426372446] conn(0x7f8cb4038f70 0x7f8cb403b430 unknown :-1 s=BANNER_CONNECTING pgs=0 cs=0 l=1 rev1=0 crypto rx=0 tx=0 comp rx=0 tx=0)._handle_peer_banner_payload supported=3 required=0
2024-03-08T20:47:54.121 INFO:teuthology.orchestra.run.smithi107.stdout:/usr/bin/ceph: stderr
2024-03-08T20:47:53.203+0000 7f8ccea00700 1 --2- 172.21.15.107:0/3574673561 >> [v2:172.21.15.107:6800/426372446,v1:172.21.15.107:6801/426372446] conn(0x7f8cb4038f70 0x7f8cb403b430 secure :-1 s=READY pgs=10 cs=0 l=1 rev1=1 crypto rx=0x7f8cbc006fd0 tx=0x7f8cbc006e40 comp rx=0 tx=0).ready entity=mgr.14120 client_cookie=0 server_cookie=0 in_seq=0 out_seq=0
2024-03-08T20:47:54.121 INFO:teuthology.orchestra.run.smithi107.stdout:/usr/bin/ceph: stderr
2024-03-08T20:47:53.207+0000 7f8cc7e00700 1 -- 172.21.15.107:0/3574673561 <== mon.0 v2:172.21.15.107:3300/0 6 ==== mon_command_ack([{"prefix": "get_command_descriptions"}]=0 v0) v1 ==== 72+0+184905 (secure 0 0 0) 0x7f8cc000e260 con 0x7f8cd0107780
2024-03-08T20:47:54.121 INFO:teuthology.orchestra.run.smithi107.stdout:/usr/bin/ceph: stderr
2024-03-08T20:47:53.433+0000 7f8cd6200700 1 -- 172.21.15.107:0/3574673561 --> [v2:172.21.15.107:6800/426372446,v1:172.21.15.107:6801/426372446] -- mgr_command(tid 0: {"prefix": "cephadm get-pub-key", "target": ["mon-mgr", ""]}) v1 -- 0x7f8cd0103fe0 con 0x7f8cb4038f70
2024-03-08T20:47:54.121 INFO:teuthology.orchestra.run.smithi107.stdout:/usr/bin/ceph: stderr
2024-03-08T20:47:53.435+0000 7f8cc7e00700 1 -- 172.21.15.107:0/3574673561 <== mgr.14120 v2:172.21.15.107:6800/426372446 1 ==== mgr_command_reply(tid 0: 0 ) v1 ==== 8+0+595 (secure 0 0 0) 0x7f8cd0103fe0 con 0x7f8cb4038f70
2024-03-08T20:47:54.121 INFO:teuthology.orchestra.run.smithi107.stdout:/usr/bin/ceph: stderr
2024-03-08T20:47:53.438+0000 7f8cd6200700 1 -- 172.21.15.107:0/3574673561 >> [v2:172.21.15.107:6800/426372446,v1:172.21.15.107:6801/426372446] conn(0x7f8cb4038f70 msgr2=0x7f8cb403b430 secure :-1 s=STATE_CONNECTION_ESTABLISHED l=1).mark_down
2024-03-08T20:47:54.121 INFO:teuthology.orchestra.run.smithi107.stdout:/usr/bin/ceph: stderr
2024-03-08T20:47:53.438+0000 7f8cd6200700 1 --2- 172.21.15.107:0/3574673561 >> [v2:172.21.15.107:6800/426372446,v1:172.21.15.107:6801/426372446] conn(0x7f8cb4038f70 0x7f8cb403b430 secure :-1 s=READY pgs=10 cs=0 l=1 rev1=1 crypto rx=0x7f8cbc006fd0 tx=0x7f8cbc006e40 comp rx=0 tx=0).stop
2024-03-08T20:47:54.121 INFO:teuthology.orchestra.run.smithi107.stdout:/usr/bin/ceph: stderr
2024-03-08T20:47:53.438+0000 7f8cd6200700 1 -- 172.21.15.107:0/3574673561 >> [v2:172.21.15.107:3300/0,v1:172.21.15.107:6789/0] conn(0x7f8cd0107780 msgr2=0x7f8cd007cb90 secure :-1 s=STATE_CONNECTION_ESTABLISHED l=1).mark_down
2024-03-08T20:47:54.121 INFO:teuthology.orchestra.run.smithi107.stdout:/usr/bin/ceph: stderr
2024-03-08T20:47:53.438+0000 7f8cd6200700 1 --2- 172.21.15.107:0/3574673561 >> [v2:172.21.15.107:3300/0,v1:172.21.15.107:6789/0] conn(0x7f8cd0107780 0x7f8cd007cb90 secure :-1 s=READY pgs=44 cs=0 l=1 rev1=1 crypto rx=0x7f8cc0000c00 tx=0x7f8cc0011b00 comp rx=0 tx=0).stop
2024-03-08T20:47:54.122 INFO:teuthology.orchestra.run.smithi107.stdout:/usr/bin/ceph: stderr
2024-03-08T20:47:53.438+0000 7f8cd6200700 1 -- 172.21.15.107:0/3574673561 shutdown_connections
2024-03-08T20:47:54.122 INFO:teuthology.orchestra.run.smithi107.stdout:/usr/bin/ceph: stderr
2024-03-08T20:47:53.438+0000 7f8cd6200700 1 --2- 172.21.15.107:0/3574673561 >> [v2:172.21.15.107:6800/426372446,v1:172.21.15.107:6801/426372446] conn(0x7f8cb4038f70 0x7f8cb403b430 unknown :-1 s=CLOSED pgs=10 cs=0 l=1 rev1=1 crypto rx=0 tx=0 comp rx=0 tx=0).stop
2024-03-08T20:47:54.122 INFO:teuthology.orchestra.run.smithi107.stdout:/usr/bin/ceph: stderr
2024-03-08T20:47:53.438+0000 7f8cd6200700 1 --2- 172.21.15.107:0/3574673561 >> [v2:172.21.15.107:3300/0,v1:172.21.15.107:6789/0] conn(0x7f8cd0107780 0x7f8cd007cb90 unknown :-1 s=CLOSED pgs=44 cs=0 l=1 rev1=1 crypto rx=0 tx=0 comp rx=0 tx=0).stop
2024-03-08T20:47:54.122 INFO:teuthology.orchestra.run.smithi107.stdout:/usr/bin/ceph: stderr
2024-03-08T20:47:53.438+0000 7f8cd6200700 1 -- 172.21.15.107:0/3574673561 >> 172.21.15.107:0/3574673561 conn(0x7f8cd0102da0 msgr2=0x7f8cd01038d0 unknown :-1 s=STATE_NONE l=0).mark_down
2024-03-08T20:47:54.122 INFO:teuthology.orchestra.run.smithi107.stdout:/usr/bin/ceph: stderr
2024-03-08T20:47:53.439+0000 7f8cd6200700 1 -- 172.21.15.107:0/3574673561 shutdown_connections
2024-03-08T20:47:54.122 INFO:teuthology.orchestra.run.smithi107.stdout:/usr/bin/ceph: stderr
2024-03-08T20:47:53.439+0000 7f8cd6200700 1 -- 172.21.15.107:0/3574673561 wait complete.
2024-03-08T20:47:54.122 INFO:teuthology.orchestra.run.smithi107.stdout:Wrote public SSH key to /home/ubuntu/cephtest/ceph.pub
2024-03-08T20:47:54.122 INFO:teuthology.orchestra.run.smithi107.stdout:Adding key to root@localhost authorized_keys...
2024-03-08T20:47:54.122 INFO:teuthology.orchestra.run.smithi107.stdout:Adding host smithi107...
2024-03-08T20:47:55.224 INFO:journalctl@ceph.mon.a.smithi107.stdout:Mar 08 20:47:55 smithi107 ceph-mon[31381]: from='client.14140 -' entity='client.admin' cmd=[{"prefix": "orch host add", "hostname": "smithi107", "addr": "172.21.15.107", "target": ["mon-mgr", ""]}]: dispatch
2024-03-08T20:47:57.324 INFO:journalctl@ceph.mon.a.smithi107.stdout:Mar 08 20:47:57 smithi107 ceph-mon[31381]: Deploying cephadm binary to smithi107
2024-03-08T20:48:01.871 INFO:teuthology.orchestra.run.smithi107.stdout:/usr/bin/ceph: stdout Added host 'smithi107' with addr '172.21.15.107'
2024-03-08T20:48:01.871 INFO:teuthology.orchestra.run.smithi107.stdout:/usr/bin/ceph: stderr
2024-03-08T20:47:54.703+0000 7fa025000700 1 Processor -- start
2024-03-08T20:48:01.871 INFO:teuthology.orchestra.run.smithi107.stdout:/usr/bin/ceph: stderr
2024-03-08T20:47:54.704+0000 7fa025000700 1 -- start start
2024-03-08T20:48:01.871 INFO:teuthology.orchestra.run.smithi107.stdout:/usr/bin/ceph: stderr
2024-03-08T20:47:54.704+0000 7fa025000700 1 --2- >> [v2:172.21.15.107:3300/0,v1:172.21.15.107:6789/0] conn(0x7fa020107590 0x7fa0201079b0 unknown :-1 s=NONE pgs=0 cs=0 l=0 rev1=0 crypto rx=0 tx=0 comp rx=0 tx=0).connect
2024-03-08T20:48:01.871 INFO:teuthology.orchestra.run.smithi107.stdout:/usr/bin/ceph: stderr
2024-03-08T20:47:54.704+0000 7fa025000700 1 -- --> [v2:172.21.15.107:3300/0,v1:172.21.15.107:6789/0] -- mon_getmap magic: 0 v1 -- 0x7fa020107f80 con 0x7fa020107590
2024-03-08T20:48:01.871 INFO:teuthology.orchestra.run.smithi107.stdout:/usr/bin/ceph: stderr
2024-03-08T20:47:54.704+0000 7fa01f400700 1 --2- >> [v2:172.21.15.107:3300/0,v1:172.21.15.107:6789/0] conn(0x7fa020107590 0x7fa0201079b0 unknown :-1 s=BANNER_CONNECTING pgs=0 cs=0 l=0 rev1=0 crypto rx=0 tx=0 comp rx=0 tx=0)._handle_peer_banner_payload supported=3 required=0
2024-03-08T20:48:01.872 INFO:teuthology.orchestra.run.smithi107.stdout:/usr/bin/ceph: stderr
2024-03-08T20:47:54.705+0000 7fa01f400700 1 --2- >> [v2:172.21.15.107:3300/0,v1:172.21.15.107:6789/0] conn(0x7fa020107590 0x7fa0201079b0 unknown :-1 s=HELLO_CONNECTING pgs=0 cs=0 l=0 rev1=1 crypto rx=0 tx=0 comp rx=0 tx=0).handle_hello peer v2:172.21.15.107:3300/0 says I am v2:172.21.15.107:39966/0 (socket says 172.21.15.107:39966)
2024-03-08T20:48:01.872 INFO:teuthology.orchestra.run.smithi107.stdout:/usr/bin/ceph: stderr
2024-03-08T20:47:54.705+0000 7fa01f400700 1 -- 172.21.15.107:0/2779614801 learned_addr learned my addr 172.21.15.107:0/2779614801 (peer_addr_for_me v2:172.21.15.107:0/0)
2024-03-08T20:48:01.872 INFO:teuthology.orchestra.run.smithi107.stdout:/usr/bin/ceph: stderr
2024-03-08T20:47:54.705+0000 7fa01f400700 1 -- 172.21.15.107:0/2779614801 --> [v2:172.21.15.107:3300/0,v1:172.21.15.107:6789/0] -- mon_subscribe({config=0+,monmap=0+}) v3 -- 0x7fa020108740 con 0x7fa020107590
2024-03-08T20:48:01.872 INFO:teuthology.orchestra.run.smithi107.stdout:/usr/bin/ceph: stderr
2024-03-08T20:47:54.705+0000 7fa01f400700 1 --2- 172.21.15.107:0/2779614801 >> [v2:172.21.15.107:3300/0,v1:172.21.15.107:6789/0] conn(0x7fa020107590 0x7fa0201079b0 secure :-1 s=READY pgs=45 cs=0 l=1 rev1=1 crypto rx=0x7fa0100098a0 tx=0x7fa010009bb0 comp rx=0 tx=0).ready entity=mon.0 client_cookie=6b373091bbd034c7 server_cookie=0 in_seq=0 out_seq=0
2024-03-08T20:48:01.872 INFO:teuthology.orchestra.run.smithi107.stdout:/usr/bin/ceph: stderr
2024-03-08T20:47:54.706+0000 7fa01e000700 1 -- 172.21.15.107:0/2779614801 <== mon.0 v2:172.21.15.107:3300/0 1 ==== mon_map magic: 0 v1 ==== 205+0+0 (secure 0 0 0) 0x7fa010004160 con 0x7fa020107590
2024-03-08T20:48:01.872 INFO:teuthology.orchestra.run.smithi107.stdout:/usr/bin/ceph: stderr
2024-03-08T20:47:54.706+0000 7fa01e000700 1 -- 172.21.15.107:0/2779614801 <== mon.0 v2:172.21.15.107:3300/0 2 ==== config(26 keys) v1 ==== 1071+0+0 (secure 0 0 0) 0x7fa010004300 con 0x7fa020107590
2024-03-08T20:48:01.872 INFO:teuthology.orchestra.run.smithi107.stdout:/usr/bin/ceph: stderr
2024-03-08T20:47:54.706+0000 7fa01e000700 1 -- 172.21.15.107:0/2779614801 <== mon.0 v2:172.21.15.107:3300/0 3 ==== mon_map magic: 0 v1 ==== 205+0+0 (secure 0 0 0) 0x7fa010011a80 con 0x7fa020107590
2024-03-08T20:48:01.872 INFO:teuthology.orchestra.run.smithi107.stdout:/usr/bin/ceph: stderr
2024-03-08T20:47:54.706+0000 7fa025000700 1 -- 172.21.15.107:0/2779614801 >> [v2:172.21.15.107:3300/0,v1:172.21.15.107:6789/0] conn(0x7fa020107590 msgr2=0x7fa0201079b0 secure :-1 s=STATE_CONNECTION_ESTABLISHED l=1).mark_down
2024-03-08T20:48:01.872 INFO:teuthology.orchestra.run.smithi107.stdout:/usr/bin/ceph: stderr
2024-03-08T20:47:54.706+0000 7fa025000700 1 --2- 172.21.15.107:0/2779614801 >> [v2:172.21.15.107:3300/0,v1:172.21.15.107:6789/0] conn(0x7fa020107590 0x7fa0201079b0 secure :-1 s=READY pgs=45 cs=0 l=1 rev1=1 crypto rx=0x7fa0100098a0 tx=0x7fa010009bb0 comp rx=0 tx=0).stop
2024-03-08T20:48:01.872 INFO:teuthology.orchestra.run.smithi107.stdout:/usr/bin/ceph: stderr
2024-03-08T20:47:54.706+0000 7fa025000700 1 -- 172.21.15.107:0/2779614801 shutdown_connections
2024-03-08T20:48:01.872 INFO:teuthology.orchestra.run.smithi107.stdout:/usr/bin/ceph: stderr
2024-03-08T20:47:54.706+0000 7fa025000700 1 --2- 172.21.15.107:0/2779614801 >> [v2:172.21.15.107:3300/0,v1:172.21.15.107:6789/0] conn(0x7fa020107590 0x7fa0201079b0 unknown :-1 s=CLOSED pgs=45 cs=0 l=1 rev1=1 crypto rx=0 tx=0 comp rx=0 tx=0).stop
2024-03-08T20:48:01.872 INFO:teuthology.orchestra.run.smithi107.stdout:/usr/bin/ceph: stderr
2024-03-08T20:47:54.706+0000 7fa025000700 1 -- 172.21.15.107:0/2779614801 >> 172.21.15.107:0/2779614801 conn(0x7fa020102bb0 msgr2=0x7fa020104fd0 unknown :-1 s=STATE_NONE l=0).mark_down
2024-03-08T20:48:01.872 INFO:teuthology.orchestra.run.smithi107.stdout:/usr/bin/ceph: stderr
2024-03-08T20:47:54.707+0000 7fa025000700 1 -- 172.21.15.107:0/2779614801 shutdown_connections
2024-03-08T20:48:01.873 INFO:teuthology.orchestra.run.smithi107.stdout:/usr/bin/ceph: stderr
2024-03-08T20:47:54.707+0000 7fa025000700 1 -- 172.21.15.107:0/2779614801 wait complete.
2024-03-08T20:48:01.873 INFO:teuthology.orchestra.run.smithi107.stdout:/usr/bin/ceph: stderr
2024-03-08T20:47:54.708+0000 7fa025000700 1 Processor -- start
2024-03-08T20:48:01.873 INFO:teuthology.orchestra.run.smithi107.stdout:/usr/bin/ceph: stderr
2024-03-08T20:47:54.708+0000 7fa025000700 1 -- start start
2024-03-08T20:48:01.873 INFO:teuthology.orchestra.run.smithi107.stdout:/usr/bin/ceph: stderr
2024-03-08T20:47:54.708+0000 7fa025000700 1 --2- >> [v2:172.21.15.107:3300/0,v1:172.21.15.107:6789/0] conn(0x7fa020107590 0x7fa02019b490 unknown :-1 s=NONE pgs=0 cs=0 l=1 rev1=0 crypto rx=0 tx=0 comp rx=0 tx=0).connect
2024-03-08T20:48:01.873 INFO:teuthology.orchestra.run.smithi107.stdout:/usr/bin/ceph: stderr
2024-03-08T20:47:54.708+0000 7fa025000700 1 -- --> [v2:172.21.15.107:3300/0,v1:172.21.15.107:6789/0] -- mon_getmap magic: 0 v1 -- 0x7fa02010baf0 con 0x7fa020107590
2024-03-08T20:48:01.873 INFO:teuthology.orchestra.run.smithi107.stdout:/usr/bin/ceph: stderr
2024-03-08T20:47:54.708+0000 7fa01f400700 1 --2- >> [v2:172.21.15.107:3300/0,v1:172.21.15.107:6789/0] conn(0x7fa020107590 0x7fa02019b490 unknown :-1 s=BANNER_CONNECTING pgs=0 cs=0 l=1 rev1=0 crypto rx=0 tx=0 comp rx=0 tx=0)._handle_peer_banner_payload supported=3 required=0
2024-03-08T20:48:01.873 INFO:teuthology.orchestra.run.smithi107.stdout:/usr/bin/ceph: stderr
2024-03-08T20:47:54.709+0000 7fa01f400700 1 --2- >> [v2:172.21.15.107:3300/0,v1:172.21.15.107:6789/0] conn(0x7fa020107590 0x7fa02019b490 unknown :-1 s=HELLO_CONNECTING pgs=0 cs=0 l=1 rev1=1 crypto rx=0 tx=0 comp rx=0 tx=0).handle_hello peer v2:172.21.15.107:3300/0 says I am v2:172.21.15.107:39976/0 (socket says 172.21.15.107:39976)
2024-03-08T20:48:01.873 INFO:teuthology.orchestra.run.smithi107.stdout:/usr/bin/ceph: stderr
2024-03-08T20:47:54.709+0000 7fa01f400700 1 -- 172.21.15.107:0/1585501982 learned_addr learned my addr 172.21.15.107:0/1585501982 (peer_addr_for_me v2:172.21.15.107:0/0)
2024-03-08T20:48:01.873 INFO:teuthology.orchestra.run.smithi107.stdout:/usr/bin/ceph: stderr
2024-03-08T20:47:54.709+0000 7fa01f400700 1 -- 172.21.15.107:0/1585501982 --> [v2:172.21.15.107:3300/0,v1:172.21.15.107:6789/0] -- mon_subscribe({config=0+,monmap=0+}) v3 -- 0x7fa02019b9d0 con 0x7fa020107590
2024-03-08T20:48:01.873 INFO:teuthology.orchestra.run.smithi107.stdout:/usr/bin/ceph: stderr
2024-03-08T20:47:54.710+0000 7fa01f400700 1 --2- 172.21.15.107:0/1585501982 >> [v2:172.21.15.107:3300/0,v1:172.21.15.107:6789/0] conn(0x7fa020107590 0x7fa02019b490 secure :-1 s=READY pgs=46 cs=0 l=1 rev1=1 crypto rx=0x7fa010000c00 tx=0x7fa010011b00 comp rx=0 tx=0).ready entity=mon.0 client_cookie=0 server_cookie=0 in_seq=0 out_seq=0
2024-03-08T20:48:01.873 INFO:teuthology.orchestra.run.smithi107.stdout:/usr/bin/ceph: stderr
2024-03-08T20:47:54.710+0000 7fa017e00700 1 -- 172.21.15.107:0/1585501982 <== mon.0 v2:172.21.15.107:3300/0 1 ==== mon_map magic: 0 v1 ==== 205+0+0 (secure 0 0 0) 0x7fa0100039f0 con 0x7fa020107590
2024-03-08T20:48:01.873 INFO:teuthology.orchestra.run.smithi107.stdout:/usr/bin/ceph: stderr
2024-03-08T20:47:54.710+0000 7fa025000700 1 -- 172.21.15.107:0/1585501982 --> [v2:172.21.15.107:3300/0,v1:172.21.15.107:6789/0] -- mon_subscribe({mgrmap=0+}) v3 -- 0x7fa02019bc60 con 0x7fa020107590
2024-03-08T20:48:01.873 INFO:teuthology.orchestra.run.smithi107.stdout:/usr/bin/ceph: stderr
2024-03-08T20:47:54.710+0000 7fa017e00700 1 -- 172.21.15.107:0/1585501982 <== mon.0 v2:172.21.15.107:3300/0 2 ==== config(26 keys) v1 ==== 1071+0+0 (secure 0 0 0) 0x7fa010003b90 con 0x7fa020107590
2024-03-08T20:48:01.873 INFO:teuthology.orchestra.run.smithi107.stdout:/usr/bin/ceph: stderr
2024-03-08T20:47:54.710+0000 7fa017e00700 1 -- 172.21.15.107:0/1585501982 <== mon.0 v2:172.21.15.107:3300/0 3 ==== mon_map magic: 0 v1 ==== 205+0+0 (secure 0 0 0) 0x7fa01001a740 con 0x7fa020107590
2024-03-08T20:48:01.874 INFO:teuthology.orchestra.run.smithi107.stdout:/usr/bin/ceph: stderr
2024-03-08T20:47:54.710+0000 7fa025000700 1 -- 172.21.15.107:0/1585501982 --> [v2:172.21.15.107:3300/0,v1:172.21.15.107:6789/0] -- mon_subscribe({osdmap=0}) v3 -- 0x7fa02019e950 con 0x7fa020107590
2024-03-08T20:48:01.874 INFO:teuthology.orchestra.run.smithi107.stdout:/usr/bin/ceph: stderr
2024-03-08T20:47:54.711+0000 7fa025000700 1 -- 172.21.15.107:0/1585501982 --> [v2:172.21.15.107:3300/0,v1:172.21.15.107:6789/0] -- mon_command({"prefix": "get_command_descriptions"} v 0) v1 -- 0x7fa020063410 con 0x7fa020107590
2024-03-08T20:48:01.874 INFO:teuthology.orchestra.run.smithi107.stdout:/usr/bin/ceph: stderr
2024-03-08T20:47:54.712+0000 7fa017e00700 1 -- 172.21.15.107:0/1585501982 <== mon.0 v2:172.21.15.107:3300/0 4 ==== mgrmap(e 8) v1 ==== 46106+0+0 (secure 0 0 0) 0x7fa010024af0 con 0x7fa020107590
2024-03-08T20:48:01.874 INFO:teuthology.orchestra.run.smithi107.stdout:/usr/bin/ceph: stderr
2024-03-08T20:47:54.712+0000 7fa017e00700 1 --2- 172.21.15.107:0/1585501982 >> [v2:172.21.15.107:6800/426372446,v1:172.21.15.107:6801/426372446] conn(0x7fa004038fd0 0x7fa00403b490 unknown :-1 s=NONE pgs=0 cs=0 l=1 rev1=0 crypto rx=0 tx=0 comp rx=0 tx=0).connect
2024-03-08T20:48:01.874 INFO:teuthology.orchestra.run.smithi107.stdout:/usr/bin/ceph: stderr
2024-03-08T20:47:54.712+0000 7fa017e00700 1 -- 172.21.15.107:0/1585501982 <== mon.0 v2:172.21.15.107:3300/0 5 ==== osd_map(2..2 src has 1..2) v4 ==== 940+0+0 (secure 0 0 0) 0x7fa01004d230 con 0x7fa020107590
2024-03-08T20:48:01.874 INFO:teuthology.orchestra.run.smithi107.stdout:/usr/bin/ceph: stderr
2024-03-08T20:47:54.713+0000 7fa01ea00700 1 --2- 172.21.15.107:0/1585501982 >> [v2:172.21.15.107:6800/426372446,v1:172.21.15.107:6801/426372446] conn(0x7fa004038fd0 0x7fa00403b490 unknown :-1 s=BANNER_CONNECTING pgs=0 cs=0 l=1 rev1=0 crypto rx=0 tx=0 comp rx=0 tx=0)._handle_peer_banner_payload supported=3 required=0
2024-03-08T20:48:01.874 INFO:teuthology.orchestra.run.smithi107.stdout:/usr/bin/ceph: stderr
2024-03-08T20:47:54.714+0000 7fa01ea00700 1 --2- 172.21.15.107:0/1585501982 >> [v2:172.21.15.107:6800/426372446,v1:172.21.15.107:6801/426372446] conn(0x7fa004038fd0 0x7fa00403b490 secure :-1 s=READY pgs=11 cs=0 l=1 rev1=1 crypto rx=0x7fa00c006fd0 tx=0x7fa00c006e40 comp rx=0 tx=0).ready entity=mgr.14120 client_cookie=0 server_cookie=0 in_seq=0 out_seq=0
2024-03-08T20:48:01.874 INFO:teuthology.orchestra.run.smithi107.stdout:/usr/bin/ceph: stderr
2024-03-08T20:47:54.718+0000 7fa017e00700 1 -- 172.21.15.107:0/1585501982 <== mon.0 v2:172.21.15.107:3300/0 6 ==== mon_command_ack([{"prefix": "get_command_descriptions"}]=0 v0) v1 ==== 72+0+184905 (secure 0 0 0) 0x7fa01000e260 con 0x7fa020107590
2024-03-08T20:48:01.874 INFO:teuthology.orchestra.run.smithi107.stdout:/usr/bin/ceph: stderr
2024-03-08T20:47:54.943+0000 7fa025000700 1 -- 172.21.15.107:0/1585501982 --> [v2:172.21.15.107:6800/426372446,v1:172.21.15.107:6801/426372446] -- mgr_command(tid 0: {"prefix": "orch host add", "hostname": "smithi107", "addr": "172.21.15.107", "target": ["mon-mgr", ""]}) v1 -- 0x7fa020103d90 con 0x7fa004038fd0
2024-03-08T20:48:01.874 INFO:teuthology.orchestra.run.smithi107.stdout:/usr/bin/ceph: stderr
2024-03-08T20:48:01.174+0000 7fa017e00700 1 -- 172.21.15.107:0/1585501982 <== mgr.14120 v2:172.21.15.107:6800/426372446 1 ==== mgr_command_reply(tid 0: 0 ) v1 ==== 8+0+49 (secure 0 0 0) 0x7fa020103d90 con 0x7fa004038fd0
2024-03-08T20:48:01.874 INFO:teuthology.orchestra.run.smithi107.stdout:/usr/bin/ceph: stderr
2024-03-08T20:48:01.178+0000 7fa025000700 1 -- 172.21.15.107:0/1585501982 >> [v2:172.21.15.107:6800/426372446,v1:172.21.15.107:6801/426372446] conn(0x7fa004038fd0 msgr2=0x7fa00403b490 secure :-1 s=STATE_CONNECTION_ESTABLISHED l=1).mark_down
2024-03-08T20:48:01.874 INFO:teuthology.orchestra.run.smithi107.stdout:/usr/bin/ceph: stderr
2024-03-08T20:48:01.178+0000 7fa025000700 1 --2- 172.21.15.107:0/1585501982 >> [v2:172.21.15.107:6800/426372446,v1:172.21.15.107:6801/426372446] conn(0x7fa004038fd0 0x7fa00403b490 secure :-1 s=READY pgs=11 cs=0 l=1 rev1=1 crypto rx=0x7fa00c006fd0 tx=0x7fa00c006e40 comp rx=0 tx=0).stop
2024-03-08T20:48:01.874 INFO:teuthology.orchestra.run.smithi107.stdout:/usr/bin/ceph: stderr
2024-03-08T20:48:01.178+0000 7fa025000700 1 -- 172.21.15.107:0/1585501982 >> [v2:172.21.15.107:3300/0,v1:172.21.15.107:6789/0] conn(0x7fa020107590 msgr2=0x7fa02019b490 secure :-1 s=STATE_CONNECTION_ESTABLISHED l=1).mark_down
2024-03-08T20:48:01.874 INFO:teuthology.orchestra.run.smithi107.stdout:/usr/bin/ceph: stderr
2024-03-08T20:48:01.178+0000 7fa025000700 1 --2- 172.21.15.107:0/1585501982 >> [v2:172.21.15.107:3300/0,v1:172.21.15.107:6789/0] conn(0x7fa020107590 0x7fa02019b490 secure :-1 s=READY pgs=46 cs=0 l=1 rev1=1 crypto rx=0x7fa010000c00 tx=0x7fa010011b00 comp rx=0 tx=0).stop
2024-03-08T20:48:01.875 INFO:teuthology.orchestra.run.smithi107.stdout:/usr/bin/ceph: stderr
2024-03-08T20:48:01.178+0000 7fa025000700 1 -- 172.21.15.107:0/1585501982 shutdown_connections
2024-03-08T20:48:01.875 INFO:teuthology.orchestra.run.smithi107.stdout:/usr/bin/ceph: stderr
2024-03-08T20:48:01.178+0000 7fa025000700 1 --2- 172.21.15.107:0/1585501982 >> [v2:172.21.15.107:6800/426372446,v1:172.21.15.107:6801/426372446] conn(0x7fa004038fd0 0x7fa00403b490 unknown :-1 s=CLOSED pgs=11 cs=0 l=1 rev1=1 crypto rx=0 tx=0 comp rx=0 tx=0).stop
2024-03-08T20:48:01.875 INFO:teuthology.orchestra.run.smithi107.stdout:/usr/bin/ceph: stderr
2024-03-08T20:48:01.178+0000 7fa025000700 1 --2- 172.21.15.107:0/1585501982 >> [v2:172.21.15.107:3300/0,v1:172.21.15.107:6789/0] conn(0x7fa020107590 0x7fa02019b490 unknown :-1 s=CLOSED pgs=46 cs=0 l=1 rev1=1 crypto rx=0 tx=0 comp rx=0 tx=0).stop
2024-03-08T20:48:01.875 INFO:teuthology.orchestra.run.smithi107.stdout:/usr/bin/ceph: stderr
2024-03-08T20:48:01.178+0000 7fa025000700 1 -- 172.21.15.107:0/1585501982 >> 172.21.15.107:0/1585501982 conn(0x7fa020102bb0 msgr2=0x7fa020103680 unknown :-1 s=STATE_NONE l=0).mark_down
2024-03-08T20:48:01.875 INFO:teuthology.orchestra.run.smithi107.stdout:/usr/bin/ceph: stderr
2024-03-08T20:48:01.179+0000 7fa025000700 1 -- 172.21.15.107:0/1585501982 shutdown_connections
2024-03-08T20:48:01.875 INFO:teuthology.orchestra.run.smithi107.stdout:/usr/bin/ceph: stderr
2024-03-08T20:48:01.179+0000 7fa025000700 1 -- 172.21.15.107:0/1585501982 wait complete.
2024-03-08T20:48:01.875 INFO:teuthology.orchestra.run.smithi107.stdout:Deploying unmanaged mon service...
2024-03-08T20:48:02.455 INFO:journalctl@ceph.mon.a.smithi107.stdout:Mar 08 20:48:02 smithi107 ceph-mon[31381]: from='mgr.14120 172.21.15.107:0/283560839' entity='mgr.x'
2024-03-08T20:48:02.455 INFO:journalctl@ceph.mon.a.smithi107.stdout:Mar 08 20:48:02 smithi107 ceph-mon[31381]: Added host smithi107
2024-03-08T20:48:02.455 INFO:journalctl@ceph.mon.a.smithi107.stdout:Mar 08 20:48:02 smithi107 ceph-mon[31381]: from='mgr.14120 172.21.15.107:0/283560839' entity='mgr.x' cmd=[{"prefix": "config dump", "format": "json"}]: dispatch
2024-03-08T20:48:03.569 INFO:teuthology.orchestra.run.smithi107.stdout:/usr/bin/ceph: stdout Scheduled mon update...
2024-03-08T20:48:03.569 INFO:teuthology.orchestra.run.smithi107.stdout:/usr/bin/ceph: stderr
2024-03-08T20:48:02.461+0000 7f67f6e00700 1 Processor -- start
2024-03-08T20:48:03.570 INFO:teuthology.orchestra.run.smithi107.stdout:/usr/bin/ceph: stderr
2024-03-08T20:48:02.461+0000 7f67f6e00700 1 -- start start
2024-03-08T20:48:03.570 INFO:teuthology.orchestra.run.smithi107.stdout:/usr/bin/ceph: stderr
2024-03-08T20:48:02.461+0000 7f67f6e00700 1 --2- >> [v2:172.21.15.107:3300/0,v1:172.21.15.107:6789/0] conn(0x7f67f01081e0 0x7f67f010a5d0 unknown :-1 s=NONE pgs=0 cs=0 l=0 rev1=0 crypto rx=0 tx=0 comp rx=0 tx=0).connect
2024-03-08T20:48:03.570 INFO:teuthology.orchestra.run.smithi107.stdout:/usr/bin/ceph: stderr
2024-03-08T20:48:02.461+0000 7f67f6e00700 1 -- --> [v2:172.21.15.107:3300/0,v1:172.21.15.107:6789/0] -- mon_getmap magic: 0 v1 -- 0x7f67f007aed0 con 0x7f67f01081e0
2024-03-08T20:48:03.570 INFO:teuthology.orchestra.run.smithi107.stdout:/usr/bin/ceph: stderr
2024-03-08T20:48:02.462+0000 7f67efe00700 1 --2- >> [v2:172.21.15.107:3300/0,v1:172.21.15.107:6789/0] conn(0x7f67f01081e0 0x7f67f010a5d0 unknown :-1 s=BANNER_CONNECTING pgs=0 cs=0 l=0 rev1=0 crypto rx=0 tx=0 comp rx=0 tx=0)._handle_peer_banner_payload supported=3 required=0
2024-03-08T20:48:03.570 INFO:teuthology.orchestra.run.smithi107.stdout:/usr/bin/ceph: stderr
2024-03-08T20:48:02.462+0000 7f67efe00700 1 --2- >> [v2:172.21.15.107:3300/0,v1:172.21.15.107:6789/0] conn(0x7f67f01081e0 0x7f67f010a5d0 unknown :-1 s=HELLO_CONNECTING pgs=0 cs=0 l=0 rev1=1 crypto rx=0 tx=0 comp rx=0 tx=0).handle_hello peer v2:172.21.15.107:3300/0 says I am v2:172.21.15.107:33402/0 (socket says 172.21.15.107:33402)
2024-03-08T20:48:03.570 INFO:teuthology.orchestra.run.smithi107.stdout:/usr/bin/ceph: stderr
2024-03-08T20:48:02.462+0000 7f67efe00700 1 -- 172.21.15.107:0/2863636681 learned_addr learned my addr 172.21.15.107:0/2863636681 (peer_addr_for_me v2:172.21.15.107:0/0)
2024-03-08T20:48:03.570 INFO:teuthology.orchestra.run.smithi107.stdout:/usr/bin/ceph: stderr
2024-03-08T20:48:02.463+0000 7f67efe00700 1 -- 172.21.15.107:0/2863636681 --> [v2:172.21.15.107:3300/0,v1:172.21.15.107:6789/0] -- mon_subscribe({config=0+,monmap=0+}) v3 -- 0x7f67f010ab10 con 0x7f67f01081e0
2024-03-08T20:48:03.570 INFO:teuthology.orchestra.run.smithi107.stdout:/usr/bin/ceph: stderr
2024-03-08T20:48:02.463+0000 7f67efe00700 1 --2- 172.21.15.107:0/2863636681 >> [v2:172.21.15.107:3300/0,v1:172.21.15.107:6789/0] conn(0x7f67f01081e0 0x7f67f010a5d0 secure :-1 s=READY pgs=47 cs=0 l=1 rev1=1 crypto rx=0x7f67e00098a0 tx=0x7f67e0009bb0 comp rx=0 tx=0).ready entity=mon.0 client_cookie=dafc3b6c5f5523fa server_cookie=0 in_seq=0 out_seq=0
2024-03-08T20:48:03.570 INFO:teuthology.orchestra.run.smithi107.stdout:/usr/bin/ceph: stderr
2024-03-08T20:48:02.463+0000 7f67ef400700 1 -- 172.21.15.107:0/2863636681 <== mon.0 v2:172.21.15.107:3300/0 1 ==== mon_map magic: 0 v1 ==== 205+0+0 (secure 0 0 0) 0x7f67e0004160 con 0x7f67f01081e0
2024-03-08T20:48:03.570 INFO:teuthology.orchestra.run.smithi107.stdout:/usr/bin/ceph: stderr
2024-03-08T20:48:02.463+0000 7f67ef400700 1 -- 172.21.15.107:0/2863636681 <== mon.0 v2:172.21.15.107:3300/0 2 ==== config(26 keys) v1 ==== 1071+0+0 (secure 0 0 0) 0x7f67e0004300 con 0x7f67f01081e0
2024-03-08T20:48:03.570 INFO:teuthology.orchestra.run.smithi107.stdout:/usr/bin/ceph: stderr
2024-03-08T20:48:02.463+0000 7f67ef400700 1 -- 172.21.15.107:0/2863636681 <== mon.0 v2:172.21.15.107:3300/0 3 ==== mon_map magic: 0 v1 ==== 205+0+0 (secure 0 0 0) 0x7f67e0011a80 con 0x7f67f01081e0
2024-03-08T20:48:03.570 INFO:teuthology.orchestra.run.smithi107.stdout:/usr/bin/ceph: stderr
2024-03-08T20:48:02.464+0000 7f67f6e00700 1 -- 172.21.15.107:0/2863636681 >> [v2:172.21.15.107:3300/0,v1:172.21.15.107:6789/0] conn(0x7f67f01081e0 msgr2=0x7f67f010a5d0 secure :-1 s=STATE_CONNECTION_ESTABLISHED l=1).mark_down
2024-03-08T20:48:03.570 INFO:teuthology.orchestra.run.smithi107.stdout:/usr/bin/ceph: stderr
2024-03-08T20:48:02.464+0000 7f67f6e00700 1 --2- 172.21.15.107:0/2863636681 >> [v2:172.21.15.107:3300/0,v1:172.21.15.107:6789/0] conn(0x7f67f01081e0 0x7f67f010a5d0 secure :-1 s=READY pgs=47 cs=0 l=1 rev1=1 crypto rx=0x7f67e00098a0 tx=0x7f67e0009bb0 comp rx=0 tx=0).stop
2024-03-08T20:48:03.571 INFO:teuthology.orchestra.run.smithi107.stdout:/usr/bin/ceph: stderr
2024-03-08T20:48:02.464+0000 7f67f6e00700 1 -- 172.21.15.107:0/2863636681 shutdown_connections
2024-03-08T20:48:03.571 INFO:teuthology.orchestra.run.smithi107.stdout:/usr/bin/ceph: stderr
2024-03-08T20:48:02.464+0000 7f67f6e00700 1 --2- 172.21.15.107:0/2863636681 >> [v2:172.21.15.107:3300/0,v1:172.21.15.107:6789/0] conn(0x7f67f01081e0 0x7f67f010a5d0 unknown :-1 s=CLOSED pgs=47 cs=0 l=1 rev1=1 crypto rx=0 tx=0 comp rx=0 tx=0).stop
2024-03-08T20:48:03.571 INFO:teuthology.orchestra.run.smithi107.stdout:/usr/bin/ceph: stderr
2024-03-08T20:48:02.464+0000 7f67f6e00700 1 -- 172.21.15.107:0/2863636681 >> 172.21.15.107:0/2863636681 conn(0x7f67f0101c90 msgr2=0x7f67f01040b0 unknown :-1 s=STATE_NONE l=0).mark_down
2024-03-08T20:48:03.571 INFO:teuthology.orchestra.run.smithi107.stdout:/usr/bin/ceph: stderr
2024-03-08T20:48:02.464+0000 7f67f6e00700 1 -- 172.21.15.107:0/2863636681 shutdown_connections
2024-03-08T20:48:03.571 INFO:teuthology.orchestra.run.smithi107.stdout:/usr/bin/ceph: stderr
2024-03-08T20:48:02.464+0000 7f67f6e00700 1 -- 172.21.15.107:0/2863636681 wait complete.
2024-03-08T20:48:03.571 INFO:teuthology.orchestra.run.smithi107.stdout:/usr/bin/ceph: stderr
2024-03-08T20:48:02.465+0000 7f67f6e00700 1 Processor -- start
2024-03-08T20:48:03.571 INFO:teuthology.orchestra.run.smithi107.stdout:/usr/bin/ceph: stderr
2024-03-08T20:48:02.466+0000 7f67f6e00700 1 -- start start
2024-03-08T20:48:03.571 INFO:teuthology.orchestra.run.smithi107.stdout:/usr/bin/ceph: stderr
2024-03-08T20:48:02.466+0000 7f67f6e00700 1 --2- >> [v2:172.21.15.107:3300/0,v1:172.21.15.107:6789/0] conn(0x7f67f01081e0 0x7f67f019d8b0 unknown :-1 s=NONE pgs=0 cs=0 l=1 rev1=0 crypto rx=0 tx=0 comp rx=0 tx=0).connect
2024-03-08T20:48:03.571 INFO:teuthology.orchestra.run.smithi107.stdout:/usr/bin/ceph: stderr
2024-03-08T20:48:02.466+0000 7f67f6e00700 1 -- --> [v2:172.21.15.107:3300/0,v1:172.21.15.107:6789/0] -- mon_getmap magic: 0 v1 -- 0x7f67f010bae0 con 0x7f67f01081e0
2024-03-08T20:48:03.571 INFO:teuthology.orchestra.run.smithi107.stdout:/usr/bin/ceph: stderr
2024-03-08T20:48:02.466+0000 7f67efe00700 1 --2- >> [v2:172.21.15.107:3300/0,v1:172.21.15.107:6789/0] conn(0x7f67f01081e0 0x7f67f019d8b0 unknown :-1 s=BANNER_CONNECTING pgs=0 cs=0 l=1 rev1=0 crypto rx=0 tx=0 comp rx=0 tx=0)._handle_peer_banner_payload supported=3 required=0
2024-03-08T20:48:03.571 INFO:teuthology.orchestra.run.smithi107.stdout:/usr/bin/ceph: stderr
2024-03-08T20:48:02.466+0000 7f67efe00700 1 --2- >> [v2:172.21.15.107:3300/0,v1:172.21.15.107:6789/0] conn(0x7f67f01081e0 0x7f67f019d8b0 unknown :-1 s=HELLO_CONNECTING pgs=0 cs=0 l=1 rev1=1 crypto rx=0 tx=0 comp rx=0 tx=0).handle_hello peer v2:172.21.15.107:3300/0 says I am v2:172.21.15.107:33410/0 (socket says 172.21.15.107:33410)
2024-03-08T20:48:03.571 INFO:teuthology.orchestra.run.smithi107.stdout:/usr/bin/ceph: stderr
2024-03-08T20:48:02.466+0000 7f67efe00700 1 -- 172.21.15.107:0/345424738 learned_addr learned my addr 172.21.15.107:0/345424738 (peer_addr_for_me v2:172.21.15.107:0/0)
2024-03-08T20:48:03.571 INFO:teuthology.orchestra.run.smithi107.stdout:/usr/bin/ceph: stderr
2024-03-08T20:48:02.467+0000 7f67efe00700 1 -- 172.21.15.107:0/345424738 --> [v2:172.21.15.107:3300/0,v1:172.21.15.107:6789/0] -- mon_subscribe({config=0+,monmap=0+}) v3 -- 0x7f67f019ddf0 con 0x7f67f01081e0
2024-03-08T20:48:03.572 INFO:teuthology.orchestra.run.smithi107.stdout:/usr/bin/ceph: stderr
2024-03-08T20:48:02.467+0000 7f67efe00700 1 --2- 172.21.15.107:0/345424738 >> [v2:172.21.15.107:3300/0,v1:172.21.15.107:6789/0] conn(0x7f67f01081e0 0x7f67f019d8b0 secure :-1 s=READY pgs=48 cs=0 l=1 rev1=1 crypto rx=0x7f67e0011a50 tx=0x7f67e0011b30 comp rx=0 tx=0).ready entity=mon.0 client_cookie=0 server_cookie=0 in_seq=0 out_seq=0
2024-03-08T20:48:03.572 INFO:teuthology.orchestra.run.smithi107.stdout:/usr/bin/ceph: stderr
2024-03-08T20:48:02.467+0000 7f67ed600700 1 -- 172.21.15.107:0/345424738 <== mon.0 v2:172.21.15.107:3300/0 1 ==== mon_map magic: 0 v1 ==== 205+0+0 (secure 0 0 0) 0x7f67e0003a80 con 0x7f67f01081e0
2024-03-08T20:48:03.572 INFO:teuthology.orchestra.run.smithi107.stdout:/usr/bin/ceph: stderr
2024-03-08T20:48:02.467+0000 7f67ed600700 1 -- 172.21.15.107:0/345424738 <== mon.0 v2:172.21.15.107:3300/0 2 ==== config(26 keys) v1 ==== 1071+0+0 (secure 0 0 0) 0x7f67e0003c20 con 0x7f67f01081e0
2024-03-08T20:48:03.574 INFO:teuthology.orchestra.run.smithi107.stdout:/usr/bin/ceph: stderr
2024-03-08T20:48:02.467+0000 7f67ed600700 1 -- 172.21.15.107:0/345424738 <== mon.0 v2:172.21.15.107:3300/0 3 ==== mon_map magic: 0 v1 ==== 205+0+0 (secure 0 0 0) 0x7f67e001a650 con 0x7f67f01081e0
2024-03-08T20:48:03.574 INFO:teuthology.orchestra.run.smithi107.stdout:/usr/bin/ceph: stderr
2024-03-08T20:48:02.467+0000 7f67f6e00700 1 -- 172.21.15.107:0/345424738 --> [v2:172.21.15.107:3300/0,v1:172.21.15.107:6789/0] -- mon_subscribe({mgrmap=0+}) v3 -- 0x7f67f019e080 con 0x7f67f01081e0
2024-03-08T20:48:03.574 INFO:teuthology.orchestra.run.smithi107.stdout:/usr/bin/ceph: stderr
2024-03-08T20:48:02.467+0000 7f67f6e00700 1 -- 172.21.15.107:0/345424738 --> [v2:172.21.15.107:3300/0,v1:172.21.15.107:6789/0] -- mon_subscribe({osdmap=0}) v3 -- 0x7f67f01a0d70 con 0x7f67f01081e0
2024-03-08T20:48:03.574 INFO:teuthology.orchestra.run.smithi107.stdout:/usr/bin/ceph: stderr
2024-03-08T20:48:02.468+0000 7f67ed600700 1 -- 172.21.15.107:0/345424738 <== mon.0 v2:172.21.15.107:3300/0 4 ==== mgrmap(e 8) v1 ==== 46106+0+0 (secure 0 0 0) 0x7f67e0024ad0 con 0x7f67f01081e0
2024-03-08T20:48:03.575 INFO:teuthology.orchestra.run.smithi107.stdout:/usr/bin/ceph: stderr
2024-03-08T20:48:02.468+0000 7f67f6e00700 1 -- 172.21.15.107:0/345424738 --> [v2:172.21.15.107:3300/0,v1:172.21.15.107:6789/0] -- mon_command({"prefix": "get_command_descriptions"} v 0) v1 -- 0x7f67f0063410 con 0x7f67f01081e0
2024-03-08T20:48:03.575 INFO:teuthology.orchestra.run.smithi107.stdout:/usr/bin/ceph: stderr
2024-03-08T20:48:02.469+0000 7f67ed600700 1 --2- 172.21.15.107:0/345424738 >> [v2:172.21.15.107:6800/426372446,v1:172.21.15.107:6801/426372446] conn(0x7f67d4038f20 0x7f67d403b3e0 unknown :-1 s=NONE pgs=0 cs=0 l=1 rev1=0 crypto rx=0 tx=0 comp rx=0 tx=0).connect
2024-03-08T20:48:03.575 INFO:teuthology.orchestra.run.smithi107.stdout:/usr/bin/ceph: stderr
2024-03-08T20:48:02.469+0000 7f67ed600700 1 -- 172.21.15.107:0/345424738 <== mon.0 v2:172.21.15.107:3300/0 5 ==== osd_map(2..2 src has 1..2) v4 ==== 940+0+0 (secure 0 0 0) 0x7f67e004d480 con 0x7f67f01081e0
2024-03-08T20:48:03.575 INFO:teuthology.orchestra.run.smithi107.stdout:/usr/bin/ceph: stderr
2024-03-08T20:48:02.469+0000 7f67e7400700 1 --2- 172.21.15.107:0/345424738 >> [v2:172.21.15.107:6800/426372446,v1:172.21.15.107:6801/426372446] conn(0x7f67d4038f20 0x7f67d403b3e0 unknown :-1 s=BANNER_CONNECTING pgs=0 cs=0 l=1 rev1=0 crypto rx=0 tx=0 comp rx=0 tx=0)._handle_peer_banner_payload supported=3 required=0
2024-03-08T20:48:03.575 INFO:teuthology.orchestra.run.smithi107.stdout:/usr/bin/ceph: stderr
2024-03-08T20:48:02.470+0000 7f67e7400700 1 --2- 172.21.15.107:0/345424738 >> [v2:172.21.15.107:6800/426372446,v1:172.21.15.107:6801/426372446] conn(0x7f67d4038f20 0x7f67d403b3e0 secure :-1 s=READY pgs=12 cs=0 l=1 rev1=1 crypto rx=0x7f67d8006fd0 tx=0x7f67d8006e40 comp rx=0 tx=0).ready entity=mgr.14120 client_cookie=0 server_cookie=0 in_seq=0 out_seq=0
2024-03-08T20:48:03.575 INFO:teuthology.orchestra.run.smithi107.stdout:/usr/bin/ceph: stderr
2024-03-08T20:48:02.474+0000 7f67ed600700 1 -- 172.21.15.107:0/345424738 <== mon.0 v2:172.21.15.107:3300/0 6 ==== mon_command_ack([{"prefix": "get_command_descriptions"}]=0 v0) v1 ==== 72+0+184905 (secure 0 0 0) 0x7f67e00244f0 con 0x7f67f01081e0
2024-03-08T20:48:03.575 INFO:teuthology.orchestra.run.smithi107.stdout:/usr/bin/ceph: stderr
2024-03-08T20:48:02.709+0000 7f67f6e00700 1 -- 172.21.15.107:0/345424738 --> [v2:172.21.15.107:6800/426372446,v1:172.21.15.107:6801/426372446] -- mgr_command(tid 0: {"prefix": "orch apply", "service_type": "mon", "unmanaged": true, "target": ["mon-mgr", ""]}) v1 -- 0x7f67f0102e70 con 0x7f67d4038f20
2024-03-08T20:48:03.575 INFO:teuthology.orchestra.run.smithi107.stdout:/usr/bin/ceph: stderr
2024-03-08T20:48:02.721+0000 7f67ed600700 1 -- 172.21.15.107:0/345424738 <== mgr.14120 v2:172.21.15.107:6800/426372446 1 ==== mgr_command_reply(tid 0: 0 ) v1 ==== 8+0+24 (secure 0 0 0) 0x7f67f0102e70 con 0x7f67d4038f20
2024-03-08T20:48:03.575 INFO:teuthology.orchestra.run.smithi107.stdout:/usr/bin/ceph: stderr
2024-03-08T20:48:02.724+0000 7f67f6e00700 1 -- 172.21.15.107:0/345424738 >> [v2:172.21.15.107:6800/426372446,v1:172.21.15.107:6801/426372446] conn(0x7f67d4038f20 msgr2=0x7f67d403b3e0 secure :-1 s=STATE_CONNECTION_ESTABLISHED l=1).mark_down
2024-03-08T20:48:03.575 INFO:teuthology.orchestra.run.smithi107.stdout:/usr/bin/ceph: stderr
2024-03-08T20:48:02.724+0000 7f67f6e00700 1 --2- 172.21.15.107:0/345424738 >> [v2:172.21.15.107:6800/426372446,v1:172.21.15.107:6801/426372446] conn(0x7f67d4038f20 0x7f67d403b3e0 secure :-1 s=READY pgs=12 cs=0 l=1 rev1=1 crypto rx=0x7f67d8006fd0 tx=0x7f67d8006e40 comp rx=0 tx=0).stop
2024-03-08T20:48:03.576 INFO:teuthology.orchestra.run.smithi107.stdout:/usr/bin/ceph: stderr
2024-03-08T20:48:02.724+0000 7f67f6e00700 1 -- 172.21.15.107:0/345424738 >> [v2:172.21.15.107:3300/0,v1:172.21.15.107:6789/0] conn(0x7f67f01081e0 msgr2=0x7f67f019d8b0 secure :-1 s=STATE_CONNECTION_ESTABLISHED l=1).mark_down
2024-03-08T20:48:03.576 INFO:teuthology.orchestra.run.smithi107.stdout:/usr/bin/ceph: stderr
2024-03-08T20:48:02.724+0000 7f67f6e00700 1 --2- 172.21.15.107:0/345424738 >> [v2:172.21.15.107:3300/0,v1:172.21.15.107:6789/0] conn(0x7f67f01081e0 0x7f67f019d8b0 secure :-1 s=READY pgs=48 cs=0 l=1 rev1=1 crypto rx=0x7f67e0011a50 tx=0x7f67e0011b30 comp rx=0 tx=0).stop
2024-03-08T20:48:03.576 INFO:teuthology.orchestra.run.smithi107.stdout:/usr/bin/ceph: stderr
2024-03-08T20:48:02.724+0000 7f67f6e00700 1 -- 172.21.15.107:0/345424738 shutdown_connections
2024-03-08T20:48:03.576 INFO:teuthology.orchestra.run.smithi107.stdout:/usr/bin/ceph: stderr
2024-03-08T20:48:02.724+0000 7f67f6e00700 1 --2- 172.21.15.107:0/345424738 >> [v2:172.21.15.107:6800/426372446,v1:172.21.15.107:6801/426372446] conn(0x7f67d4038f20 0x7f67d403b3e0 unknown :-1 s=CLOSED pgs=12 cs=0 l=1 rev1=1 crypto rx=0 tx=0 comp rx=0 tx=0).stop
2024-03-08T20:48:03.576 INFO:teuthology.orchestra.run.smithi107.stdout:/usr/bin/ceph: stderr
2024-03-08T20:48:02.724+0000 7f67f6e00700 1 --2- 172.21.15.107:0/345424738 >> [v2:172.21.15.107:3300/0,v1:172.21.15.107:6789/0] conn(0x7f67f01081e0 0x7f67f019d8b0 unknown :-1 s=CLOSED pgs=48 cs=0 l=1 rev1=1 crypto rx=0 tx=0 comp rx=0 tx=0).stop
2024-03-08T20:48:03.576 INFO:teuthology.orchestra.run.smithi107.stdout:/usr/bin/ceph: stderr
2024-03-08T20:48:02.724+0000 7f67f6e00700 1 -- 172.21.15.107:0/345424738 >> 172.21.15.107:0/345424738 conn(0x7f67f0101c90 msgr2=0x7f67f0102760 unknown :-1 s=STATE_NONE l=0).mark_down
2024-03-08T20:48:03.576 INFO:teuthology.orchestra.run.smithi107.stdout:/usr/bin/ceph: stderr
2024-03-08T20:48:02.724+0000 7f67f6e00700 1 -- 172.21.15.107:0/345424738 shutdown_connections
2024-03-08T20:48:03.576 INFO:teuthology.orchestra.run.smithi107.stdout:/usr/bin/ceph: stderr
2024-03-08T20:48:02.724+0000 7f67f6e00700 1 -- 172.21.15.107:0/345424738 wait complete.
2024-03-08T20:48:03.576 INFO:teuthology.orchestra.run.smithi107.stdout:Deploying unmanaged mgr service...
2024-03-08T20:48:03.827 INFO:journalctl@ceph.mon.a.smithi107.stdout:Mar 08 20:48:03 smithi107 ceph-mon[31381]: from='client.14142 -' entity='client.admin' cmd=[{"prefix": "orch apply", "service_type": "mon", "unmanaged": true, "target": ["mon-mgr", ""]}]: dispatch
