2024-03-08T20:48:15.117+0000 7f7611400700 1 --2- >> [v2:172.21.15.107:3300/0,v1:172.21.15.107:6789/0] conn(0x7f760c106050 0x7f760c19d800 unknown :-1 s=BANNER_CONNECTING pgs=0 cs=0 l=1 rev1=0 crypto rx=0 tx=0 comp rx=0 tx=0)._handle_peer_banner_payload supported=3 required=0
2024-03-08T20:48:21.839 INFO:teuthology.orchestra.run.smithi107.stdout:/usr/bin/ceph: stderr
2024-03-08T20:48:15.117+0000 7f7611400700 1 --2- >> [v2:172.21.15.107:3300/0,v1:172.21.15.107:6789/0] conn(0x7f760c106050 0x7f760c19d800 unknown :-1 s=HELLO_CONNECTING pgs=0 cs=0 l=1 rev1=1 crypto rx=0 tx=0 comp rx=0 tx=0).handle_hello peer v2:172.21.15.107:3300/0 says I am v2:172.21.15.107:59452/0 (socket says 172.21.15.107:59452)
2024-03-08T20:48:21.839 INFO:teuthology.orchestra.run.smithi107.stdout:/usr/bin/ceph: stderr
2024-03-08T20:48:15.117+0000 7f7611400700 1 -- 172.21.15.107:0/3204318732 learned_addr learned my addr 172.21.15.107:0/3204318732 (peer_addr_for_me v2:172.21.15.107:0/0)
2024-03-08T20:48:21.839 INFO:teuthology.orchestra.run.smithi107.stdout:/usr/bin/ceph: stderr
2024-03-08T20:48:15.118+0000 7f7611400700 1 -- 172.21.15.107:0/3204318732 --> [v2:172.21.15.107:3300/0,v1:172.21.15.107:6789/0] -- mon_subscribe({config=0+,monmap=0+}) v3 -- 0x7f760c19dd40 con 0x7f760c106050
2024-03-08T20:48:21.839 INFO:teuthology.orchestra.run.smithi107.stdout:/usr/bin/ceph: stderr
2024-03-08T20:48:15.118+0000 7f7611400700 1 --2- 172.21.15.107:0/3204318732 >> [v2:172.21.15.107:3300/0,v1:172.21.15.107:6789/0] conn(0x7f760c106050 0x7f760c19d800 secure :-1 s=READY pgs=62 cs=0 l=1 rev1=1 crypto rx=0x7f7600006b20 tx=0x7f7600011ad0 comp rx=0 tx=0).ready entity=mon.0 client_cookie=0 server_cookie=0 in_seq=0 out_seq=0
2024-03-08T20:48:21.839 INFO:teuthology.orchestra.run.smithi107.stdout:/usr/bin/ceph: stderr
2024-03-08T20:48:15.118+0000 7f760a000700 1 -- 172.21.15.107:0/3204318732 <== mon.0 v2:172.21.15.107:3300/0 1 ==== mon_map magic: 0 v1 ==== 205+0+0 (secure 0 0 0) 0x7f7600003b70 con 0x7f760c106050
2024-03-08T20:48:21.839 INFO:teuthology.orchestra.run.smithi107.stdout:/usr/bin/ceph: stderr
2024-03-08T20:48:15.118+0000 7f760a000700 1 -- 172.21.15.107:0/3204318732 <== mon.0 v2:172.21.15.107:3300/0 2 ==== config(26 keys) v1 ==== 1102+0+0 (secure 0 0 0) 0x7f760001a8e0 con 0x7f760c106050
2024-03-08T20:48:21.839 INFO:teuthology.orchestra.run.smithi107.stdout:/usr/bin/ceph: stderr
2024-03-08T20:48:15.118+0000 7f760a000700 1 -- 172.21.15.107:0/3204318732 <== mon.0 v2:172.21.15.107:3300/0 3 ==== mon_map magic: 0 v1 ==== 205+0+0 (secure 0 0 0) 0x7f76000249b0 con 0x7f760c106050
2024-03-08T20:48:21.839 INFO:teuthology.orchestra.run.smithi107.stdout:/usr/bin/ceph: stderr
2024-03-08T20:48:15.118+0000 7f7613e00700 1 -- 172.21.15.107:0/3204318732 --> [v2:172.21.15.107:3300/0,v1:172.21.15.107:6789/0] -- mon_subscribe({mgrmap=0+}) v3 -- 0x7f760c19dfd0 con 0x7f760c106050
2024-03-08T20:48:21.839 INFO:teuthology.orchestra.run.smithi107.stdout:/usr/bin/ceph: stderr
2024-03-08T20:48:15.118+0000 7f7613e00700 1 -- 172.21.15.107:0/3204318732 --> [v2:172.21.15.107:3300/0,v1:172.21.15.107:6789/0] -- mon_subscribe({osdmap=0}) v3 -- 0x7f760c1a0cc0 con 0x7f760c106050
2024-03-08T20:48:21.839 INFO:teuthology.orchestra.run.smithi107.stdout:/usr/bin/ceph: stderr
2024-03-08T20:48:15.120+0000 7f760a000700 1 -- 172.21.15.107:0/3204318732 <== mon.0 v2:172.21.15.107:3300/0 4 ==== mgrmap(e 9) v1 ==== 46119+0+0 (secure 0 0 0) 0x7f7600022020 con 0x7f760c106050
2024-03-08T20:48:21.839 INFO:teuthology.orchestra.run.smithi107.stdout:/usr/bin/ceph: stderr
2024-03-08T20:48:15.120+0000 7f760a000700 1 --2- 172.21.15.107:0/3204318732 >> [v2:172.21.15.107:6800/426372446,v1:172.21.15.107:6801/426372446] conn(0x7f75f4038f70 0x7f75f403b430 unknown :-1 s=NONE pgs=0 cs=0 l=1 rev1=0 crypto rx=0 tx=0 comp rx=0 tx=0).connect
2024-03-08T20:48:21.839 INFO:teuthology.orchestra.run.smithi107.stdout:/usr/bin/ceph: stderr
2024-03-08T20:48:15.120+0000 7f760a000700 1 -- 172.21.15.107:0/3204318732 --> [v2:172.21.15.107:6800/426372446,v1:172.21.15.107:6801/426372446] -- command(tid 0: {"prefix": "get_command_descriptions"}) v1 -- 0x7f75f403bb40 con 0x7f75f4038f70
2024-03-08T20:48:21.840 INFO:teuthology.orchestra.run.smithi107.stdout:/usr/bin/ceph: stderr
2024-03-08T20:48:15.120+0000 7f760a000700 1 -- 172.21.15.107:0/3204318732 <== mon.0 v2:172.21.15.107:3300/0 5 ==== osd_map(2..2 src has 1..2) v4 ==== 940+0+0 (secure 0 0 0) 0x7f760004d680 con 0x7f760c106050
2024-03-08T20:48:21.840 INFO:teuthology.orchestra.run.smithi107.stdout:/usr/bin/ceph: stderr
2024-03-08T20:48:15.121+0000 7f7610a00700 1 -- 172.21.15.107:0/3204318732 >> [v2:172.21.15.107:6800/426372446,v1:172.21.15.107:6801/426372446] conn(0x7f75f4038f70 msgr2=0x7f75f403b430 unknown :-1 s=STATE_CONNECTING_RE l=1).process reconnect failed to v2:172.21.15.107:6800/426372446
2024-03-08T20:48:21.840 INFO:teuthology.orchestra.run.smithi107.stdout:/usr/bin/ceph: stderr
2024-03-08T20:48:15.121+0000 7f7610a00700 1 --2- 172.21.15.107:0/3204318732 >> [v2:172.21.15.107:6800/426372446,v1:172.21.15.107:6801/426372446] conn(0x7f75f4038f70 0x7f75f403b430 unknown :-1 s=START_CONNECT pgs=0 cs=0 l=1 rev1=0 crypto rx=0 tx=0 comp rx=0 tx=0)._fault waiting 0.200000
2024-03-08T20:48:21.840 INFO:teuthology.orchestra.run.smithi107.stdout:/usr/bin/ceph: stderr
2024-03-08T20:48:15.322+0000 7f7610a00700 1 -- 172.21.15.107:0/3204318732 >> [v2:172.21.15.107:6800/426372446,v1:172.21.15.107:6801/426372446] conn(0x7f75f4038f70 msgr2=0x7f75f403b430 unknown :-1 s=STATE_CONNECTING_RE l=1).process reconnect failed to v2:172.21.15.107:6800/426372446
2024-03-08T20:48:21.840 INFO:teuthology.orchestra.run.smithi107.stdout:/usr/bin/ceph: stderr
2024-03-08T20:48:15.322+0000 7f7610a00700 1 --2- 172.21.15.107:0/3204318732 >> [v2:172.21.15.107:6800/426372446,v1:172.21.15.107:6801/426372446] conn(0x7f75f4038f70 0x7f75f403b430 unknown :-1 s=START_CONNECT pgs=0 cs=0 l=1 rev1=0 crypto rx=0 tx=0 comp rx=0 tx=0)._fault waiting 0.400000
2024-03-08T20:48:21.840 INFO:teuthology.orchestra.run.smithi107.stdout:/usr/bin/ceph: stderr
2024-03-08T20:48:15.723+0000 7f7610a00700 1 -- 172.21.15.107:0/3204318732 >> [v2:172.21.15.107:6800/426372446,v1:172.21.15.107:6801/426372446] conn(0x7f75f4038f70 msgr2=0x7f75f403b430 unknown :-1 s=STATE_CONNECTING_RE l=1).process reconnect failed to v2:172.21.15.107:6800/426372446
2024-03-08T20:48:21.840 INFO:teuthology.orchestra.run.smithi107.stdout:/usr/bin/ceph: stderr
2024-03-08T20:48:15.723+0000 7f7610a00700 1 --2- 172.21.15.107:0/3204318732 >> [v2:172.21.15.107:6800/426372446,v1:172.21.15.107:6801/426372446] conn(0x7f75f4038f70 0x7f75f403b430 unknown :-1 s=START_CONNECT pgs=0 cs=0 l=1 rev1=0 crypto rx=0 tx=0 comp rx=0 tx=0)._fault waiting 0.800000
2024-03-08T20:48:21.840 INFO:teuthology.orchestra.run.smithi107.stdout:/usr/bin/ceph: stderr
2024-03-08T20:48:16.524+0000 7f7610a00700 1 -- 172.21.15.107:0/3204318732 >> [v2:172.21.15.107:6800/426372446,v1:172.21.15.107:6801/426372446] conn(0x7f75f4038f70 msgr2=0x7f75f403b430 unknown :-1 s=STATE_CONNECTING_RE l=1).process reconnect failed to v2:172.21.15.107:6800/426372446
2024-03-08T20:48:21.840 INFO:teuthology.orchestra.run.smithi107.stdout:/usr/bin/ceph: stderr
2024-03-08T20:48:16.524+0000 7f7610a00700 1 --2- 172.21.15.107:0/3204318732 >> [v2:172.21.15.107:6800/426372446,v1:172.21.15.107:6801/426372446] conn(0x7f75f4038f70 0x7f75f403b430 unknown :-1 s=START_CONNECT pgs=0 cs=0 l=1 rev1=0 crypto rx=0 tx=0 comp rx=0 tx=0)._fault waiting 1.600000
2024-03-08T20:48:21.840 INFO:teuthology.orchestra.run.smithi107.stdout:/usr/bin/ceph: stderr
2024-03-08T20:48:18.126+0000 7f7610a00700 1 -- 172.21.15.107:0/3204318732 >> [v2:172.21.15.107:6800/426372446,v1:172.21.15.107:6801/426372446] conn(0x7f75f4038f70 msgr2=0x7f75f403b430 unknown :-1 s=STATE_CONNECTING_RE l=1).process reconnect failed to v2:172.21.15.107:6800/426372446
2024-03-08T20:48:21.840 INFO:teuthology.orchestra.run.smithi107.stdout:/usr/bin/ceph: stderr
2024-03-08T20:48:18.126+0000 7f7610a00700 1 --2- 172.21.15.107:0/3204318732 >> [v2:172.21.15.107:6800/426372446,v1:172.21.15.107:6801/426372446] conn(0x7f75f4038f70 0x7f75f403b430 unknown :-1 s=START_CONNECT pgs=0 cs=0 l=1 rev1=0 crypto rx=0 tx=0 comp rx=0 tx=0)._fault waiting 3.200000
2024-03-08T20:48:21.840 INFO:teuthology.orchestra.run.smithi107.stdout:/usr/bin/ceph: stderr
2024-03-08T20:48:20.154+0000 7f760a000700 1 -- 172.21.15.107:0/3204318732 <== mon.0 v2:172.21.15.107:3300/0 6 ==== mgrmap(e 10) v1 ==== 45886+0+0 (secure 0 0 0) 0x7f760000b3e0 con 0x7f760c106050
2024-03-08T20:48:21.840 INFO:teuthology.orchestra.run.smithi107.stdout:/usr/bin/ceph: stderr
2024-03-08T20:48:20.155+0000 7f760a000700 1 -- 172.21.15.107:0/3204318732 >> [v2:172.21.15.107:6800/426372446,v1:172.21.15.107:6801/426372446] conn(0x7f75f4038f70 msgr2=0x7f75f403b430 unknown :-1 s=STATE_CONNECTING l=1).mark_down
2024-03-08T20:48:21.841 INFO:teuthology.orchestra.run.smithi107.stdout:/usr/bin/ceph: stderr
2024-03-08T20:48:20.155+0000 7f760a000700 1 --2- 172.21.15.107:0/3204318732 >> [v2:172.21.15.107:6800/426372446,v1:172.21.15.107:6801/426372446] conn(0x7f75f4038f70 0x7f75f403b430 unknown :-1 s=START_CONNECT pgs=0 cs=0 l=1 rev1=0 crypto rx=0 tx=0 comp rx=0 tx=0).stop
2024-03-08T20:48:21.841 INFO:teuthology.orchestra.run.smithi107.stdout:/usr/bin/ceph: stderr
2024-03-08T20:48:21.156+0000 7f760a000700 1 -- 172.21.15.107:0/3204318732 <== mon.0 v2:172.21.15.107:3300/0 7 ==== mgrmap(e 11) v1 ==== 46013+0+0 (secure 0 0 0) 0x7f7600018550 con 0x7f760c106050
2024-03-08T20:48:21.841 INFO:teuthology.orchestra.run.smithi107.stdout:/usr/bin/ceph: stderr
2024-03-08T20:48:21.156+0000 7f760a000700 1 --2- 172.21.15.107:0/3204318732 >> [v2:172.21.15.107:6800/3376636618,v1:172.21.15.107:6801/3376636618] conn(0x7f75f403c9f0 0x7f75f403ede0 unknown :-1 s=NONE pgs=0 cs=0 l=1 rev1=0 crypto rx=0 tx=0 comp rx=0 tx=0).connect
2024-03-08T20:48:21.841 INFO:teuthology.orchestra.run.smithi107.stdout:/usr/bin/ceph: stderr
2024-03-08T20:48:21.156+0000 7f760a000700 1 -- 172.21.15.107:0/3204318732 --> [v2:172.21.15.107:6800/3376636618,v1:172.21.15.107:6801/3376636618] -- command(tid 0: {"prefix": "get_command_descriptions"}) v1 -- 0x7f75f403bb40 con 0x7f75f403c9f0
2024-03-08T20:48:21.841 INFO:teuthology.orchestra.run.smithi107.stdout:/usr/bin/ceph: stderr
2024-03-08T20:48:21.157+0000 7f7610a00700 1 --2- 172.21.15.107:0/3204318732 >> [v2:172.21.15.107:6800/3376636618,v1:172.21.15.107:6801/3376636618] conn(0x7f75f403c9f0 0x7f75f403ede0 unknown :-1 s=BANNER_CONNECTING pgs=0 cs=0 l=1 rev1=0 crypto rx=0 tx=0 comp rx=0 tx=0)._handle_peer_banner_payload supported=3 required=0
2024-03-08T20:48:21.841 INFO:teuthology.orchestra.run.smithi107.stdout:/usr/bin/ceph: stderr
2024-03-08T20:48:21.158+0000 7f7610a00700 1 --2- 172.21.15.107:0/3204318732 >> [v2:172.21.15.107:6800/3376636618,v1:172.21.15.107:6801/3376636618] conn(0x7f75f403c9f0 0x7f75f403ede0 secure :-1 s=READY pgs=1 cs=0 l=1 rev1=1 crypto rx=0x7f75f8003a10 tx=0x7f75f80092b0 comp rx=0 tx=0).ready entity=mgr.14152 client_cookie=0 server_cookie=0 in_seq=0 out_seq=0
2024-03-08T20:48:21.841 INFO:teuthology.orchestra.run.smithi107.stdout:/usr/bin/ceph: stderr
2024-03-08T20:48:21.159+0000 7f760a000700 1 -- 172.21.15.107:0/3204318732 <== mgr.14152 v2:172.21.15.107:6800/3376636618 1 ==== command_reply(tid 0: 0 ) v1 ==== 8+0+7774 (secure 0 0 0) 0x7f75f403bb40 con 0x7f75f403c9f0
2024-03-08T20:48:21.841 INFO:teuthology.orchestra.run.smithi107.stdout:/usr/bin/ceph: stderr
2024-03-08T20:48:21.167+0000 7f7613e00700 1 -- 172.21.15.107:0/3204318732 --> [v2:172.21.15.107:6800/3376636618,v1:172.21.15.107:6801/3376636618] -- command(tid 1: {"prefix": "mgr_status"}) v1 -- 0x7f760c19e4b0 con 0x7f75f403c9f0
2024-03-08T20:48:21.841 INFO:teuthology.orchestra.run.smithi107.stdout:/usr/bin/ceph: stderr
2024-03-08T20:48:21.168+0000 7f760a000700 1 -- 172.21.15.107:0/3204318732 <== mgr.14152 v2:172.21.15.107:6800/3376636618 2 ==== command_reply(tid 1: 0 ) v1 ==== 8+0+52 (secure 0 0 0) 0x7f760c19e4b0 con 0x7f75f403c9f0
2024-03-08T20:48:21.842 INFO:teuthology.orchestra.run.smithi107.stdout:/usr/bin/ceph: stderr
2024-03-08T20:48:21.168+0000 7f7613e00700 1 -- 172.21.15.107:0/3204318732 >> [v2:172.21.15.107:6800/3376636618,v1:172.21.15.107:6801/3376636618] conn(0x7f75f403c9f0 msgr2=0x7f75f403ede0 secure :-1 s=STATE_CONNECTION_ESTABLISHED l=1).mark_down
2024-03-08T20:48:21.842 INFO:teuthology.orchestra.run.smithi107.stdout:/usr/bin/ceph: stderr
2024-03-08T20:48:21.168+0000 7f7613e00700 1 --2- 172.21.15.107:0/3204318732 >> [v2:172.21.15.107:6800/3376636618,v1:172.21.15.107:6801/3376636618] conn(0x7f75f403c9f0 0x7f75f403ede0 secure :-1 s=READY pgs=1 cs=0 l=1 rev1=1 crypto rx=0x7f75f8003a10 tx=0x7f75f80092b0 comp rx=0 tx=0).stop
2024-03-08T20:48:21.842 INFO:teuthology.orchestra.run.smithi107.stdout:/usr/bin/ceph: stderr
2024-03-08T20:48:21.168+0000 7f7613e00700 1 -- 172.21.15.107:0/3204318732 >> [v2:172.21.15.107:3300/0,v1:172.21.15.107:6789/0] conn(0x7f760c106050 msgr2=0x7f760c19d800 secure :-1 s=STATE_CONNECTION_ESTABLISHED l=1).mark_down
2024-03-08T20:48:21.842 INFO:teuthology.orchestra.run.smithi107.stdout:/usr/bin/ceph: stderr
2024-03-08T20:48:21.168+0000 7f7613e00700 1 --2- 172.21.15.107:0/3204318732 >> [v2:172.21.15.107:3300/0,v1:172.21.15.107:6789/0] conn(0x7f760c106050 0x7f760c19d800 secure :-1 s=READY pgs=62 cs=0 l=1 rev1=1 crypto rx=0x7f7600006b20 tx=0x7f7600011ad0 comp rx=0 tx=0).stop
2024-03-08T20:48:21.842 INFO:teuthology.orchestra.run.smithi107.stdout:/usr/bin/ceph: stderr
2024-03-08T20:48:21.168+0000 7f7613e00700 1 -- 172.21.15.107:0/3204318732 shutdown_connections
2024-03-08T20:48:21.842 INFO:teuthology.orchestra.run.smithi107.stdout:/usr/bin/ceph: stderr
2024-03-08T20:48:21.168+0000 7f7613e00700 1 --2- 172.21.15.107:0/3204318732 >> [v2:172.21.15.107:6800/3376636618,v1:172.21.15.107:6801/3376636618] conn(0x7f75f403c9f0 0x7f75f403ede0 unknown :-1 s=CLOSED pgs=1 cs=0 l=1 rev1=1 crypto rx=0 tx=0 comp rx=0 tx=0).stop
2024-03-08T20:48:21.842 INFO:teuthology.orchestra.run.smithi107.stdout:/usr/bin/ceph: stderr
2024-03-08T20:48:21.168+0000 7f7613e00700 1 --2- 172.21.15.107:0/3204318732 >> [v2:172.21.15.107:3300/0,v1:172.21.15.107:6789/0] conn(0x7f760c106050 0x7f760c19d800 unknown :-1 s=CLOSED pgs=62 cs=0 l=1 rev1=1 crypto rx=0 tx=0 comp rx=0 tx=0).stop
2024-03-08T20:48:21.842 INFO:teuthology.orchestra.run.smithi107.stdout:/usr/bin/ceph: stderr
2024-03-08T20:48:21.168+0000 7f7613e00700 1 --2- 172.21.15.107:0/3204318732 >> [v2:172.21.15.107:6800/426372446,v1:172.21.15.107:6801/426372446] conn(0x7f75f4038f70 0x7f75f403b430 unknown :-1 s=CLOSED pgs=0 cs=0 l=1 rev1=0 crypto rx=0 tx=0 comp rx=0 tx=0).stop
2024-03-08T20:48:21.842 INFO:teuthology.orchestra.run.smithi107.stdout:/usr/bin/ceph: stderr
2024-03-08T20:48:21.168+0000 7f7613e00700 1 -- 172.21.15.107:0/3204318732 >> 172.21.15.107:0/3204318732 conn(0x7f760c101cd0 msgr2=0x7f760c194470 unknown :-1 s=STATE_NONE l=0).mark_down
2024-03-08T20:48:21.842 INFO:teuthology.orchestra.run.smithi107.stdout:/usr/bin/ceph: stderr
2024-03-08T20:48:21.168+0000 7f7613e00700 1 -- 172.21.15.107:0/3204318732 shutdown_connections
2024-03-08T20:48:21.842 INFO:teuthology.orchestra.run.smithi107.stdout:/usr/bin/ceph: stderr
2024-03-08T20:48:21.168+0000 7f7613e00700 1 -- 172.21.15.107:0/3204318732 wait complete.
2024-03-08T20:48:21.842 INFO:teuthology.orchestra.run.smithi107.stdout:mgr epoch 9 is available
2024-03-08T20:48:21.843 INFO:teuthology.orchestra.run.smithi107.stdout:Generating a dashboard self-signed certificate...
2024-03-08T20:48:22.385 INFO:journalctl@ceph.mon.a.smithi107.stdout:Mar 08 20:48:22 smithi107 ceph-mon[31381]: [08/Mar/2024:20:48:20] ENGINE Serving on http://172.21.15.107:8765
2024-03-08T20:48:22.385 INFO:journalctl@ceph.mon.a.smithi107.stdout:Mar 08 20:48:22 smithi107 ceph-mon[31381]: [08/Mar/2024:20:48:20] ENGINE Serving on https://172.21.15.107:7150
2024-03-08T20:48:22.385 INFO:journalctl@ceph.mon.a.smithi107.stdout:Mar 08 20:48:22 smithi107 ceph-mon[31381]: [08/Mar/2024:20:48:20] ENGINE Bus STARTED
2024-03-08T20:48:22.385 INFO:journalctl@ceph.mon.a.smithi107.stdout:Mar 08 20:48:22 smithi107 ceph-mon[31381]: from='client.14156 -' entity='client.admin' cmd=[{"prefix": "get_command_descriptions"}]: dispatch
2024-03-08T20:48:22.385 INFO:journalctl@ceph.mon.a.smithi107.stdout:Mar 08 20:48:22 smithi107 ceph-mon[31381]: from='client.14156 -' entity='client.admin' cmd=[{"prefix": "mgr_status"}]: dispatch
2024-03-08T20:48:23.477 INFO:journalctl@ceph.mon.a.smithi107.stdout:Mar 08 20:48:23 smithi107 ceph-mon[31381]: mgrmap e12: x(active, since 2s)
2024-03-08T20:48:23.477 INFO:journalctl@ceph.mon.a.smithi107.stdout:Mar 08 20:48:23 smithi107 ceph-mon[31381]: from='mgr.14152 172.21.15.107:0/4222642378' entity='mgr.x'
2024-03-08T20:48:23.477 INFO:journalctl@ceph.mon.a.smithi107.stdout:Mar 08 20:48:23 smithi107 ceph-mon[31381]: from='mgr.14152 172.21.15.107:0/4222642378' entity='mgr.x'
2024-03-08T20:48:23.676 INFO:teuthology.orchestra.run.smithi107.stdout:/usr/bin/ceph: stdout Self-signed certificate created
2024-03-08T20:48:23.676 INFO:teuthology.orchestra.run.smithi107.stdout:/usr/bin/ceph: stderr
2024-03-08T20:48:22.547+0000 7f076d200700 1 Processor -- start
2024-03-08T20:48:23.676 INFO:teuthology.orchestra.run.smithi107.stdout:/usr/bin/ceph: stderr
2024-03-08T20:48:22.547+0000 7f076d200700 1 -- start start
2024-03-08T20:48:23.677 INFO:teuthology.orchestra.run.smithi107.stdout:/usr/bin/ceph: stderr
2024-03-08T20:48:22.548+0000 7f076d200700 1 --2- >> [v2:172.21.15.107:3300/0,v1:172.21.15.107:6789/0] conn(0x7f076810e0d0 0x7f076810e4f0 unknown :-1 s=NONE pgs=0 cs=0 l=0 rev1=0 crypto rx=0 tx=0 comp rx=0 tx=0).connect
2024-03-08T20:48:23.677 INFO:teuthology.orchestra.run.smithi107.stdout:/usr/bin/ceph: stderr
2024-03-08T20:48:22.548+0000 7f076d200700 1 -- --> [v2:172.21.15.107:3300/0,v1:172.21.15.107:6789/0] -- mon_getmap magic: 0 v1 -- 0x7f076810eac0 con 0x7f076810e0d0
2024-03-08T20:48:23.677 INFO:teuthology.orchestra.run.smithi107.stdout:/usr/bin/ceph: stderr
2024-03-08T20:48:22.548+0000 7f0765e00700 1 --2- >> [v2:172.21.15.107:3300/0,v1:172.21.15.107:6789/0] conn(0x7f076810e0d0 0x7f076810e4f0 unknown :-1 s=BANNER_CONNECTING pgs=0 cs=0 l=0 rev1=0 crypto rx=0 tx=0 comp rx=0 tx=0)._handle_peer_banner_payload supported=3 required=0
2024-03-08T20:48:23.677 INFO:teuthology.orchestra.run.smithi107.stdout:/usr/bin/ceph: stderr
2024-03-08T20:48:22.548+0000 7f0765e00700 1 --2- >> [v2:172.21.15.107:3300/0,v1:172.21.15.107:6789/0] conn(0x7f076810e0d0 0x7f076810e4f0 unknown :-1 s=HELLO_CONNECTING pgs=0 cs=0 l=0 rev1=1 crypto rx=0 tx=0 comp rx=0 tx=0).handle_hello peer v2:172.21.15.107:3300/0 says I am v2:172.21.15.107:49506/0 (socket says 172.21.15.107:49506)
2024-03-08T20:48:23.677 INFO:teuthology.orchestra.run.smithi107.stdout:/usr/bin/ceph: stderr
2024-03-08T20:48:22.548+0000 7f0765e00700 1 -- 172.21.15.107:0/685213997 learned_addr learned my addr 172.21.15.107:0/685213997 (peer_addr_for_me v2:172.21.15.107:0/0)
2024-03-08T20:48:23.677 INFO:teuthology.orchestra.run.smithi107.stdout:/usr/bin/ceph: stderr
2024-03-08T20:48:22.549+0000 7f0765e00700 1 -- 172.21.15.107:0/685213997 --> [v2:172.21.15.107:3300/0,v1:172.21.15.107:6789/0] -- mon_subscribe({config=0+,monmap=0+}) v3 -- 0x7f076810ef10 con 0x7f076810e0d0
2024-03-08T20:48:23.677 INFO:teuthology.orchestra.run.smithi107.stdout:/usr/bin/ceph: stderr
2024-03-08T20:48:22.549+0000 7f0765e00700 1 --2- 172.21.15.107:0/685213997 >> [v2:172.21.15.107:3300/0,v1:172.21.15.107:6789/0] conn(0x7f076810e0d0 0x7f076810e4f0 secure :-1 s=READY pgs=70 cs=0 l=1 rev1=1 crypto rx=0x7f07580098a0 tx=0x7f0758009bb0 comp rx=0 tx=0).ready entity=mon.0 client_cookie=ab21f589587912fa server_cookie=0 in_seq=0 out_seq=0
2024-03-08T20:48:23.677 INFO:teuthology.orchestra.run.smithi107.stdout:/usr/bin/ceph: stderr
2024-03-08T20:48:22.549+0000 7f0765400700 1 -- 172.21.15.107:0/685213997 <== mon.0 v2:172.21.15.107:3300/0 1 ==== mon_map magic: 0 v1 ==== 205+0+0 (secure 0 0 0) 0x7f0758004160 con 0x7f076810e0d0
2024-03-08T20:48:23.677 INFO:teuthology.orchestra.run.smithi107.stdout:/usr/bin/ceph: stderr
2024-03-08T20:48:22.549+0000 7f0765400700 1 -- 172.21.15.107:0/685213997 <== mon.0 v2:172.21.15.107:3300/0 2 ==== config(26 keys) v1 ==== 1102+0+0 (secure 0 0 0) 0x7f0758004300 con 0x7f076810e0d0
2024-03-08T20:48:23.677 INFO:teuthology.orchestra.run.smithi107.stdout:/usr/bin/ceph: stderr
2024-03-08T20:48:22.549+0000 7f0765400700 1 -- 172.21.15.107:0/685213997 <== mon.0 v2:172.21.15.107:3300/0 3 ==== mon_map magic: 0 v1 ==== 205+0+0 (secure 0 0 0) 0x7f0758011a50 con 0x7f076810e0d0
2024-03-08T20:48:23.677 INFO:teuthology.orchestra.run.smithi107.stdout:/usr/bin/ceph: stderr
2024-03-08T20:48:22.550+0000 7f076d200700 1 -- 172.21.15.107:0/685213997 >> [v2:172.21.15.107:3300/0,v1:172.21.15.107:6789/0] conn(0x7f076810e0d0 msgr2=0x7f076810e4f0 secure :-1 s=STATE_CONNECTION_ESTABLISHED l=1).mark_down
2024-03-08T20:48:23.677 INFO:teuthology.orchestra.run.smithi107.stdout:/usr/bin/ceph: stderr
2024-03-08T20:48:22.550+0000 7f076d200700 1 --2- 172.21.15.107:0/685213997 >> [v2:172.21.15.107:3300/0,v1:172.21.15.107:6789/0] conn(0x7f076810e0d0 0x7f076810e4f0 secure :-1 s=READY pgs=70 cs=0 l=1 rev1=1 crypto rx=0x7f07580098a0 tx=0x7f0758009bb0 comp rx=0 tx=0).stop
2024-03-08T20:48:23.678 INFO:teuthology.orchestra.run.smithi107.stdout:/usr/bin/ceph: stderr
2024-03-08T20:48:22.550+0000 7f076d200700 1 -- 172.21.15.107:0/685213997 shutdown_connections
2024-03-08T20:48:23.678 INFO:teuthology.orchestra.run.smithi107.stdout:/usr/bin/ceph: stderr
2024-03-08T20:48:22.550+0000 7f076d200700 1 --2- 172.21.15.107:0/685213997 >> [v2:172.21.15.107:3300/0,v1:172.21.15.107:6789/0] conn(0x7f076810e0d0 0x7f076810e4f0 unknown :-1 s=CLOSED pgs=70 cs=0 l=1 rev1=1 crypto rx=0 tx=0 comp rx=0 tx=0).stop
2024-03-08T20:48:23.678 INFO:teuthology.orchestra.run.smithi107.stdout:/usr/bin/ceph: stderr
2024-03-08T20:48:22.550+0000 7f076d200700 1 -- 172.21.15.107:0/685213997 >> 172.21.15.107:0/685213997 conn(0x7f076807cdd0 msgr2=0x7f076807f1f0 unknown :-1 s=STATE_NONE l=0).mark_down
2024-03-08T20:48:23.678 INFO:teuthology.orchestra.run.smithi107.stdout:/usr/bin/ceph: stderr
2024-03-08T20:48:22.550+0000 7f076d200700 1 -- 172.21.15.107:0/685213997 shutdown_connections
2024-03-08T20:48:23.678 INFO:teuthology.orchestra.run.smithi107.stdout:/usr/bin/ceph: stderr
2024-03-08T20:48:22.550+0000 7f076d200700 1 -- 172.21.15.107:0/685213997 wait complete.
2024-03-08T20:48:23.678 INFO:teuthology.orchestra.run.smithi107.stdout:/usr/bin/ceph: stderr
2024-03-08T20:48:22.551+0000 7f076d200700 1 Processor -- start
2024-03-08T20:48:23.678 INFO:teuthology.orchestra.run.smithi107.stdout:/usr/bin/ceph: stderr
2024-03-08T20:48:22.551+0000 7f076d200700 1 -- start start
2024-03-08T20:48:23.678 INFO:teuthology.orchestra.run.smithi107.stdout:/usr/bin/ceph: stderr
2024-03-08T20:48:22.552+0000 7f076d200700 1 --2- >> [v2:172.21.15.107:3300/0,v1:172.21.15.107:6789/0] conn(0x7f076810e0d0 0x7f07681a1c10 unknown :-1 s=NONE pgs=0 cs=0 l=1 rev1=0 crypto rx=0 tx=0 comp rx=0 tx=0).connect
2024-03-08T20:48:23.678 INFO:teuthology.orchestra.run.smithi107.stdout:/usr/bin/ceph: stderr
2024-03-08T20:48:22.552+0000 7f076d200700 1 -- --> [v2:172.21.15.107:3300/0,v1:172.21.15.107:6789/0] -- mon_getmap magic: 0 v1 -- 0x7f07681122c0 con 0x7f076810e0d0
2024-03-08T20:48:23.678 INFO:teuthology.orchestra.run.smithi107.stdout:/usr/bin/ceph: stderr
2024-03-08T20:48:22.552+0000 7f0765e00700 1 --2- >> [v2:172.21.15.107:3300/0,v1:172.21.15.107:6789/0] conn(0x7f076810e0d0 0x7f07681a1c10 unknown :-1 s=BANNER_CONNECTING pgs=0 cs=0 l=1 rev1=0 crypto rx=0 tx=0 comp rx=0 tx=0)._handle_peer_banner_payload supported=3 required=0
2024-03-08T20:48:23.678 INFO:teuthology.orchestra.run.smithi107.stdout:/usr/bin/ceph: stderr
2024-03-08T20:48:22.552+0000 7f0765e00700 1 --2- >> [v2:172.21.15.107:3300/0,v1:172.21.15.107:6789/0] conn(0x7f076810e0d0 0x7f07681a1c10 unknown :-1 s=HELLO_CONNECTING pgs=0 cs=0 l=1 rev1=1 crypto rx=0 tx=0 comp rx=0 tx=0).handle_hello peer v2:172.21.15.107:3300/0 says I am v2:172.21.15.107:49520/0 (socket says 172.21.15.107:49520)
2024-03-08T20:48:23.678 INFO:teuthology.orchestra.run.smithi107.stdout:/usr/bin/ceph: stderr
2024-03-08T20:48:22.552+0000 7f0765e00700 1 -- 172.21.15.107:0/949401660 learned_addr learned my addr 172.21.15.107:0/949401660 (peer_addr_for_me v2:172.21.15.107:0/0)
2024-03-08T20:48:23.679 INFO:teuthology.orchestra.run.smithi107.stdout:/usr/bin/ceph: stderr
2024-03-08T20:48:22.552+0000 7f0765e00700 1 -- 172.21.15.107:0/949401660 --> [v2:172.21.15.107:3300/0,v1:172.21.15.107:6789/0] -- mon_subscribe({config=0+,monmap=0+}) v3 -- 0x7f07681a2150 con 0x7f076810e0d0
2024-03-08T20:48:23.679 INFO:teuthology.orchestra.run.smithi107.stdout:/usr/bin/ceph: stderr
2024-03-08T20:48:22.553+0000 7f0765e00700 1 --2- 172.21.15.107:0/949401660 >> [v2:172.21.15.107:3300/0,v1:172.21.15.107:6789/0] conn(0x7f076810e0d0 0x7f07681a1c10 secure :-1 s=READY pgs=71 cs=0 l=1 rev1=1 crypto rx=0x7f0758006b20 tx=0x7f0758011ad0 comp rx=0 tx=0).ready entity=mon.0 client_cookie=0 server_cookie=0 in_seq=0 out_seq=0
2024-03-08T20:48:23.679 INFO:teuthology.orchestra.run.smithi107.stdout:/usr/bin/ceph: stderr
2024-03-08T20:48:22.553+0000 7f075ea00700 1 -- 172.21.15.107:0/949401660 <== mon.0 v2:172.21.15.107:3300/0 1 ==== mon_map magic: 0 v1 ==== 205+0+0 (secure 0 0 0) 0x7f07580039e0 con 0x7f076810e0d0
2024-03-08T20:48:23.679 INFO:teuthology.orchestra.run.smithi107.stdout:/usr/bin/ceph: stderr
2024-03-08T20:48:22.553+0000 7f075ea00700 1 -- 172.21.15.107:0/949401660 <== mon.0 v2:172.21.15.107:3300/0 2 ==== config(26 keys) v1 ==== 1102+0+0 (secure 0 0 0) 0x7f075801a8e0 con 0x7f076810e0d0
2024-03-08T20:48:23.679 INFO:teuthology.orchestra.run.smithi107.stdout:/usr/bin/ceph: stderr
2024-03-08T20:48:22.553+0000 7f076d200700 1 -- 172.21.15.107:0/949401660 --> [v2:172.21.15.107:3300/0,v1:172.21.15.107:6789/0] -- mon_subscribe({mgrmap=0+}) v3 -- 0x7f07681a23e0 con 0x7f076810e0d0
2024-03-08T20:48:23.679 INFO:teuthology.orchestra.run.smithi107.stdout:/usr/bin/ceph: stderr
2024-03-08T20:48:22.553+0000 7f075ea00700 1 -- 172.21.15.107:0/949401660 <== mon.0 v2:172.21.15.107:3300/0 3 ==== mon_map magic: 0 v1 ==== 205+0+0 (secure 0 0 0) 0x7f07580247e0 con 0x7f076810e0d0
2024-03-08T20:48:23.679 INFO:teuthology.orchestra.run.smithi107.stdout:/usr/bin/ceph: stderr
2024-03-08T20:48:22.553+0000 7f076d200700 1 -- 172.21.15.107:0/949401660 --> [v2:172.21.15.107:3300/0,v1:172.21.15.107:6789/0] -- mon_subscribe({osdmap=0}) v3 -- 0x7f07681a50d0 con 0x7f076810e0d0
2024-03-08T20:48:23.679 INFO:teuthology.orchestra.run.smithi107.stdout:/usr/bin/ceph: stderr
2024-03-08T20:48:22.554+0000 7f075ea00700 1 -- 172.21.15.107:0/949401660 <== mon.0 v2:172.21.15.107:3300/0 4 ==== mgrmap(e 12) v1 ==== 46119+0+0 (secure 0 0 0) 0x7f0758022020 con 0x7f076810e0d0
2024-03-08T20:48:23.679 INFO:teuthology.orchestra.run.smithi107.stdout:/usr/bin/ceph: stderr
2024-03-08T20:48:22.554+0000 7f076d200700 1 -- 172.21.15.107:0/949401660 --> [v2:172.21.15.107:3300/0,v1:172.21.15.107:6789/0] -- mon_command({"prefix": "get_command_descriptions"} v 0) v1 -- 0x7f0768063410 con 0x7f076810e0d0
2024-03-08T20:48:23.679 INFO:teuthology.orchestra.run.smithi107.stdout:/usr/bin/ceph: stderr
2024-03-08T20:48:22.555+0000 7f075ea00700 1 --2- 172.21.15.107:0/949401660 >> [v2:172.21.15.107:6800/3376636618,v1:172.21.15.107:6801/3376636618] conn(0x7f074c038fc0 0x7f074c03b480 unknown :-1 s=NONE pgs=0 cs=0 l=1 rev1=0 crypto rx=0 tx=0 comp rx=0 tx=0).connect
2024-03-08T20:48:23.679 INFO:teuthology.orchestra.run.smithi107.stdout:/usr/bin/ceph: stderr
2024-03-08T20:48:22.555+0000 7f075ea00700 1 -- 172.21.15.107:0/949401660 <== mon.0 v2:172.21.15.107:3300/0 5 ==== osd_map(3..3 src has 1..3) v4 ==== 1155+0+0 (secure 0 0 0) 0x7f075804d3e0 con 0x7f076810e0d0
2024-03-08T20:48:23.679 INFO:teuthology.orchestra.run.smithi107.stdout:/usr/bin/ceph: stderr
2024-03-08T20:48:22.555+0000 7f075fe00700 1 --2- 172.21.15.107:0/949401660 >> [v2:172.21.15.107:6800/3376636618,v1:172.21.15.107:6801/3376636618] conn(0x7f074c038fc0 0x7f074c03b480 unknown :-1 s=BANNER_CONNECTING pgs=0 cs=0 l=1 rev1=0 crypto rx=0 tx=0 comp rx=0 tx=0)._handle_peer_banner_payload supported=3 required=0
2024-03-08T20:48:23.679 INFO:teuthology.orchestra.run.smithi107.stdout:/usr/bin/ceph: stderr
2024-03-08T20:48:22.556+0000 7f075fe00700 1 --2- 172.21.15.107:0/949401660 >> [v2:172.21.15.107:6800/3376636618,v1:172.21.15.107:6801/3376636618] conn(0x7f074c038fc0 0x7f074c03b480 secure :-1 s=READY pgs=7 cs=0 l=1 rev1=1 crypto rx=0x7f0750006fd0 tx=0x7f0750006e40 comp rx=0 tx=0).ready entity=mgr.14152 client_cookie=0 server_cookie=0 in_seq=0 out_seq=0
2024-03-08T20:48:23.680 INFO:teuthology.orchestra.run.smithi107.stdout:/usr/bin/ceph: stderr
2024-03-08T20:48:22.560+0000 7f075ea00700 1 -- 172.21.15.107:0/949401660 <== mon.0 v2:172.21.15.107:3300/0 6 ==== mon_command_ack([{"prefix": "get_command_descriptions"}]=0 v0) v1 ==== 72+0+184905 (secure 0 0 0) 0x7f075802ad60 con 0x7f076810e0d0
2024-03-08T20:48:23.680 INFO:teuthology.orchestra.run.smithi107.stdout:/usr/bin/ceph: stderr
2024-03-08T20:48:22.793+0000 7f076d200700 1 -- 172.21.15.107:0/949401660 --> [v2:172.21.15.107:6800/3376636618,v1:172.21.15.107:6801/3376636618] -- mgr_command(tid 0: {"prefix": "dashboard create-self-signed-cert", "target": ["mon-mgr", ""]}) v1 -- 0x7f076807df70 con 0x7f074c038fc0
2024-03-08T20:48:23.680 INFO:teuthology.orchestra.run.smithi107.stdout:/usr/bin/ceph: stderr
2024-03-08T20:48:22.932+0000 7f075ea00700 1 -- 172.21.15.107:0/949401660 <== mgr.14152 v2:172.21.15.107:6800/3376636618 1 ==== mgr_command_reply(tid 0: 0 ) v1 ==== 8+0+32 (secure 0 0 0) 0x7f076807df70 con 0x7f074c038fc0
2024-03-08T20:48:23.680 INFO:teuthology.orchestra.run.smithi107.stdout:/usr/bin/ceph: stderr
2024-03-08T20:48:22.935+0000 7f076d200700 1 -- 172.21.15.107:0/949401660 >> [v2:172.21.15.107:6800/3376636618,v1:172.21.15.107:6801/3376636618] conn(0x7f074c038fc0 msgr2=0x7f074c03b480 secure :-1 s=STATE_CONNECTION_ESTABLISHED l=1).mark_down
2024-03-08T20:48:23.680 INFO:teuthology.orchestra.run.smithi107.stdout:/usr/bin/ceph: stderr
2024-03-08T20:48:22.935+0000 7f076d200700 1 --2- 172.21.15.107:0/949401660 >> [v2:172.21.15.107:6800/3376636618,v1:172.21.15.107:6801/3376636618] conn(0x7f074c038fc0 0x7f074c03b480 secure :-1 s=READY pgs=7 cs=0 l=1 rev1=1 crypto rx=0x7f0750006fd0 tx=0x7f0750006e40 comp rx=0 tx=0).stop
2024-03-08T20:48:23.680 INFO:teuthology.orchestra.run.smithi107.stdout:/usr/bin/ceph: stderr
2024-03-08T20:48:22.935+0000 7f076d200700 1 -- 172.21.15.107:0/949401660 >> [v2:172.21.15.107:3300/0,v1:172.21.15.107:6789/0] conn(0x7f076810e0d0 msgr2=0x7f07681a1c10 secure :-1 s=STATE_CONNECTION_ESTABLISHED l=1).mark_down
2024-03-08T20:48:23.680 INFO:teuthology.orchestra.run.smithi107.stdout:/usr/bin/ceph: stderr
2024-03-08T20:48:22.935+0000 7f076d200700 1 --2- 172.21.15.107:0/949401660 >> [v2:172.21.15.107:3300/0,v1:172.21.15.107:6789/0] conn(0x7f076810e0d0 0x7f07681a1c10 secure :-1 s=READY pgs=71 cs=0 l=1 rev1=1 crypto rx=0x7f0758006b20 tx=0x7f0758011ad0 comp rx=0 tx=0).stop
2024-03-08T20:48:23.680 INFO:teuthology.orchestra.run.smithi107.stdout:/usr/bin/ceph: stderr
2024-03-08T20:48:22.936+0000 7f076d200700 1 -- 172.21.15.107:0/949401660 shutdown_connections
2024-03-08T20:48:23.680 INFO:teuthology.orchestra.run.smithi107.stdout:/usr/bin/ceph: stderr
2024-03-08T20:48:22.936+0000 7f076d200700 1 --2- 172.21.15.107:0/949401660 >> [v2:172.21.15.107:6800/3376636618,v1:172.21.15.107:6801/3376636618] conn(0x7f074c038fc0 0x7f074c03b480 unknown :-1 s=CLOSED pgs=7 cs=0 l=1 rev1=1 crypto rx=0 tx=0 comp rx=0 tx=0).stop
2024-03-08T20:48:23.680 INFO:teuthology.orchestra.run.smithi107.stdout:/usr/bin/ceph: stderr
2024-03-08T20:48:22.936+0000 7f076d200700 1 --2- 172.21.15.107:0/949401660 >> [v2:172.21.15.107:3300/0,v1:172.21.15.107:6789/0] conn(0x7f076810e0d0 0x7f07681a1c10 unknown :-1 s=CLOSED pgs=71 cs=0 l=1 rev1=1 crypto rx=0 tx=0 comp rx=0 tx=0).stop
2024-03-08T20:48:23.680 INFO:teuthology.orchestra.run.smithi107.stdout:/usr/bin/ceph: stderr
2024-03-08T20:48:22.936+0000 7f076d200700 1 -- 172.21.15.107:0/949401660 >> 172.21.15.107:0/949401660 conn(0x7f076807cdd0 msgr2=0x7f076807d860 unknown :-1 s=STATE_NONE l=0).mark_down
2024-03-08T20:48:23.680 INFO:teuthology.orchestra.run.smithi107.stdout:/usr/bin/ceph: stderr
2024-03-08T20:48:22.936+0000 7f076d200700 1 -- 172.21.15.107:0/949401660 shutdown_connections
2024-03-08T20:48:23.680 INFO:teuthology.orchestra.run.smithi107.stdout:/usr/bin/ceph: stderr
2024-03-08T20:48:22.936+0000 7f076d200700 1 -- 172.21.15.107:0/949401660 wait complete.
2024-03-08T20:48:23.680 INFO:teuthology.orchestra.run.smithi107.stdout:Creating initial admin user...
2024-03-08T20:48:24.510 INFO:journalctl@ceph.mon.a.smithi107.stdout:Mar 08 20:48:24 smithi107 ceph-mon[31381]: from='client.14164 -' entity='client.admin' cmd=[{"prefix": "dashboard create-self-signed-cert", "target": ["mon-mgr", ""]}]: dispatch
2024-03-08T20:48:24.511 INFO:journalctl@ceph.mon.a.smithi107.stdout:Mar 08 20:48:24 smithi107 ceph-mon[31381]: from='mgr.14152 172.21.15.107:0/4222642378' entity='mgr.x'
2024-03-08T20:48:25.435 INFO:teuthology.orchestra.run.smithi107.stdout:/usr/bin/ceph: stdout {"username": "admin", "password": "$2b$12$.qsQBvw4HIGUudet50SbPudFK602X2JINMA8OTzdNbF6iogKmaGXe", "roles": ["administrator"], "name": null, "email": null, "lastUpdate": 1709930904, "enabled": true, "pwdExpirationDate": null, "pwdUpdateRequired": true}
2024-03-08T20:48:25.435 INFO:teuthology.orchestra.run.smithi107.stdout:/usr/bin/ceph: stderr
2024-03-08T20:48:24.240+0000 7f20f3a00700 1 Processor -- start
2024-03-08T20:48:25.435 INFO:teuthology.orchestra.run.smithi107.stdout:/usr/bin/ceph: stderr
2024-03-08T20:48:24.240+0000 7f20f3a00700 1 -- start start
2024-03-08T20:48:25.435 INFO:teuthology.orchestra.run.smithi107.stdout:/usr/bin/ceph: stderr
2024-03-08T20:48:24.241+0000 7f20f3a00700 1 --2- >> [v2:172.21.15.107:3300/0,v1:172.21.15.107:6789/0] conn(0x7f20ec107770 0x7f20ec107b90 unknown :-1 s=NONE pgs=0 cs=0 l=0 rev1=0 crypto rx=0 tx=0 comp rx=0 tx=0).connect
2024-03-08T20:48:25.435 INFO:teuthology.orchestra.run.smithi107.stdout:/usr/bin/ceph: stderr
2024-03-08T20:48:24.241+0000 7f20f3a00700 1 -- --> [v2:172.21.15.107:3300/0,v1:172.21.15.107:6789/0] -- mon_getmap magic: 0 v1 -- 0x7f20ec108160 con 0x7f20ec107770
2024-03-08T20:48:25.435 INFO:teuthology.orchestra.run.smithi107.stdout:/usr/bin/ceph: stderr
2024-03-08T20:48:24.241+0000 7f20f1000700 1 --2- >> [v2:172.21.15.107:3300/0,v1:172.21.15.107:6789/0] conn(0x7f20ec107770 0x7f20ec107b90 unknown :-1 s=BANNER_CONNECTING pgs=0 cs=0 l=0 rev1=0 crypto rx=0 tx=0 comp rx=0 tx=0)._handle_peer_banner_payload supported=3 required=0
2024-03-08T20:48:25.435 INFO:teuthology.orchestra.run.smithi107.stdout:/usr/bin/ceph: stderr
2024-03-08T20:48:24.241+0000 7f20f1000700 1 --2- >> [v2:172.21.15.107:3300/0,v1:172.21.15.107:6789/0] conn(0x7f20ec107770 0x7f20ec107b90 unknown :-1 s=HELLO_CONNECTING pgs=0 cs=0 l=0 rev1=1 crypto rx=0 tx=0 comp rx=0 tx=0).handle_hello peer v2:172.21.15.107:3300/0 says I am v2:172.21.15.107:49522/0 (socket says 172.21.15.107:49522)
2024-03-08T20:48:25.435 INFO:teuthology.orchestra.run.smithi107.stdout:/usr/bin/ceph: stderr
2024-03-08T20:48:24.241+0000 7f20f1000700 1 -- 172.21.15.107:0/4184219284 learned_addr learned my addr 172.21.15.107:0/4184219284 (peer_addr_for_me v2:172.21.15.107:0/0)
2024-03-08T20:48:25.435 INFO:teuthology.orchestra.run.smithi107.stdout:/usr/bin/ceph: stderr
2024-03-08T20:48:24.242+0000 7f20f1000700 1 -- 172.21.15.107:0/4184219284 --> [v2:172.21.15.107:3300/0,v1:172.21.15.107:6789/0] -- mon_subscribe({config=0+,monmap=0+}) v3 -- 0x7f20ec108920 con 0x7f20ec107770
2024-03-08T20:48:25.435 INFO:teuthology.orchestra.run.smithi107.stdout:/usr/bin/ceph: stderr
2024-03-08T20:48:24.242+0000 7f20f1000700 1 --2- 172.21.15.107:0/4184219284 >> [v2:172.21.15.107:3300/0,v1:172.21.15.107:6789/0] conn(0x7f20ec107770 0x7f20ec107b90 secure :-1 s=READY pgs=72 cs=0 l=1 rev1=1 crypto rx=0x7f20e00098a0 tx=0x7f20e0009bb0 comp rx=0 tx=0).ready entity=mon.0 client_cookie=d25cc2ab46717058 server_cookie=0 in_seq=0 out_seq=0
2024-03-08T20:48:25.435 INFO:teuthology.orchestra.run.smithi107.stdout:/usr/bin/ceph: stderr
2024-03-08T20:48:24.242+0000 7f20eb400700 1 -- 172.21.15.107:0/4184219284 <== mon.0 v2:172.21.15.107:3300/0 1 ==== mon_map magic: 0 v1 ==== 205+0+0 (secure 0 0 0) 0x7f20e0004160 con 0x7f20ec107770
2024-03-08T20:48:25.436 INFO:teuthology.orchestra.run.smithi107.stdout:/usr/bin/ceph: stderr
2024-03-08T20:48:24.242+0000 7f20eb400700 1 -- 172.21.15.107:0/4184219284 <== mon.0 v2:172.21.15.107:3300/0 2 ==== config(26 keys) v1 ==== 1102+0+0 (secure 0 0 0) 0x7f20e0004300 con 0x7f20ec107770
2024-03-08T20:48:25.436 INFO:teuthology.orchestra.run.smithi107.stdout:/usr/bin/ceph: stderr
2024-03-08T20:48:24.242+0000 7f20eb400700 1 -- 172.21.15.107:0/4184219284 <== mon.0 v2:172.21.15.107:3300/0 3 ==== mon_map magic: 0 v1 ==== 205+0+0 (secure 0 0 0) 0x7f20e0011a50 con 0x7f20ec107770
2024-03-08T20:48:25.436 INFO:teuthology.orchestra.run.smithi107.stdout:/usr/bin/ceph: stderr
2024-03-08T20:48:24.243+0000 7f20f3a00700 1 -- 172.21.15.107:0/4184219284 >> [v2:172.21.15.107:3300/0,v1:172.21.15.107:6789/0] conn(0x7f20ec107770 msgr2=0x7f20ec107b90 secure :-1 s=STATE_CONNECTION_ESTABLISHED l=1).mark_down
2024-03-08T20:48:25.436 INFO:teuthology.orchestra.run.smithi107.stdout:/usr/bin/ceph: stderr
2024-03-08T20:48:24.243+0000 7f20f3a00700 1 --2- 172.21.15.107:0/4184219284 >> [v2:172.21.15.107:3300/0,v1:172.21.15.107:6789/0] conn(0x7f20ec107770 0x7f20ec107b90 secure :-1 s=READY pgs=72 cs=0 l=1 rev1=1 crypto rx=0x7f20e00098a0 tx=0x7f20e0009bb0 comp rx=0 tx=0).stop
2024-03-08T20:48:25.436 INFO:teuthology.orchestra.run.smithi107.stdout:/usr/bin/ceph: stderr
2024-03-08T20:48:24.243+0000 7f20f3a00700 1 -- 172.21.15.107:0/4184219284 shutdown_connections
2024-03-08T20:48:25.436 INFO:teuthology.orchestra.run.smithi107.stdout:/usr/bin/ceph: stderr
2024-03-08T20:48:24.243+0000 7f20f3a00700 1 --2- 172.21.15.107:0/4184219284 >> [v2:172.21.15.107:3300/0,v1:172.21.15.107:6789/0] conn(0x7f20ec107770 0x7f20ec107b90 unknown :-1 s=CLOSED pgs=72 cs=0 l=1 rev1=1 crypto rx=0 tx=0 comp rx=0 tx=0).stop
2024-03-08T20:48:25.436 INFO:teuthology.orchestra.run.smithi107.stdout:/usr/bin/ceph: stderr
2024-03-08T20:48:24.243+0000 7f20f3a00700 1 -- 172.21.15.107:0/4184219284 >> 172.21.15.107:0/4184219284 conn(0x7f20ec102dd0 msgr2=0x7f20ec1051f0 unknown :-1 s=STATE_NONE l=0).mark_down
2024-03-08T20:48:25.436 INFO:teuthology.orchestra.run.smithi107.stdout:/usr/bin/ceph: stderr
2024-03-08T20:48:24.244+0000 7f20f3a00700 1 -- 172.21.15.107:0/4184219284 shutdown_connections
2024-03-08T20:48:25.436 INFO:teuthology.orchestra.run.smithi107.stdout:/usr/bin/ceph: stderr
2024-03-08T20:48:24.244+0000 7f20f3a00700 1 -- 172.21.15.107:0/4184219284 wait complete.
2024-03-08T20:48:25.436 INFO:teuthology.orchestra.run.smithi107.stdout:/usr/bin/ceph: stderr
2024-03-08T20:48:24.245+0000 7f20f3a00700 1 Processor -- start
2024-03-08T20:48:25.436 INFO:teuthology.orchestra.run.smithi107.stdout:/usr/bin/ceph: stderr
2024-03-08T20:48:24.245+0000 7f20f3a00700 1 -- start start
2024-03-08T20:48:25.436 INFO:teuthology.orchestra.run.smithi107.stdout:/usr/bin/ceph: stderr
2024-03-08T20:48:24.245+0000 7f20f3a00700 1 --2- >> [v2:172.21.15.107:3300/0,v1:172.21.15.107:6789/0] conn(0x7f20ec107770 0x7f20ec19b620 unknown :-1 s=NONE pgs=0 cs=0 l=1 rev1=0 crypto rx=0 tx=0 comp rx=0 tx=0).connect
2024-03-08T20:48:25.436 INFO:teuthology.orchestra.run.smithi107.stdout:/usr/bin/ceph: stderr
2024-03-08T20:48:24.245+0000 7f20f3a00700 1 -- --> [v2:172.21.15.107:3300/0,v1:172.21.15.107:6789/0] -- mon_getmap magic: 0 v1 -- 0x7f20ec10bcd0 con 0x7f20ec107770
2024-03-08T20:48:25.437 INFO:teuthology.orchestra.run.smithi107.stdout:/usr/bin/ceph: stderr
2024-03-08T20:48:24.245+0000 7f20f1000700 1 --2- >> [v2:172.21.15.107:3300/0,v1:172.21.15.107:6789/0] conn(0x7f20ec107770 0x7f20ec19b620 unknown :-1 s=BANNER_CONNECTING pgs=0 cs=0 l=1 rev1=0 crypto rx=0 tx=0 comp rx=0 tx=0)._handle_peer_banner_payload supported=3 required=0
2024-03-08T20:48:25.437 INFO:teuthology.orchestra.run.smithi107.stdout:/usr/bin/ceph: stderr
2024-03-08T20:48:24.245+0000 7f20f1000700 1 --2- >> [v2:172.21.15.107:3300/0,v1:172.21.15.107:6789/0] conn(0x7f20ec107770 0x7f20ec19b620 unknown :-1 s=HELLO_CONNECTING pgs=0 cs=0 l=1 rev1=1 crypto rx=0 tx=0 comp rx=0 tx=0).handle_hello peer v2:172.21.15.107:3300/0 says I am v2:172.21.15.107:49534/0 (socket says 172.21.15.107:49534)
2024-03-08T20:48:25.437 INFO:teuthology.orchestra.run.smithi107.stdout:/usr/bin/ceph: stderr
2024-03-08T20:48:24.245+0000 7f20f1000700 1 -- 172.21.15.107:0/4053185135 learned_addr learned my addr 172.21.15.107:0/4053185135 (peer_addr_for_me v2:172.21.15.107:0/0)
2024-03-08T20:48:25.437 INFO:teuthology.orchestra.run.smithi107.stdout:/usr/bin/ceph: stderr
2024-03-08T20:48:24.246+0000 7f20f1000700 1 -- 172.21.15.107:0/4053185135 --> [v2:172.21.15.107:3300/0,v1:172.21.15.107:6789/0] -- mon_subscribe({config=0+,monmap=0+}) v3 -- 0x7f20ec19bb60 con 0x7f20ec107770
2024-03-08T20:48:25.437 INFO:teuthology.orchestra.run.smithi107.stdout:/usr/bin/ceph: stderr
2024-03-08T20:48:24.246+0000 7f20f1000700 1 --2- 172.21.15.107:0/4053185135 >> [v2:172.21.15.107:3300/0,v1:172.21.15.107:6789/0] conn(0x7f20ec107770 0x7f20ec19b620 secure :-1 s=READY pgs=73 cs=0 l=1 rev1=1 crypto rx=0x7f20e0006b20 tx=0x7f20e0011ad0 comp rx=0 tx=0).ready entity=mon.0 client_cookie=0 server_cookie=0 in_seq=0 out_seq=0
2024-03-08T20:48:25.437 INFO:teuthology.orchestra.run.smithi107.stdout:/usr/bin/ceph: stderr
2024-03-08T20:48:24.246+0000 7f20e9600700 1 -- 172.21.15.107:0/4053185135 <== mon.0 v2:172.21.15.107:3300/0 1 ==== mon_map magic: 0 v1 ==== 205+0+0 (secure 0 0 0) 0x7f20e00039e0 con 0x7f20ec107770
2024-03-08T20:48:25.437 INFO:teuthology.orchestra.run.smithi107.stdout:/usr/bin/ceph: stderr
2024-03-08T20:48:24.246+0000 7f20e9600700 1 -- 172.21.15.107:0/4053185135 <== mon.0 v2:172.21.15.107:3300/0 2 ==== config(26 keys) v1 ==== 1102+0+0 (secure 0 0 0) 0x7f20e001a8e0 con 0x7f20ec107770
2024-03-08T20:48:25.437 INFO:teuthology.orchestra.run.smithi107.stdout:/usr/bin/ceph: stderr
2024-03-08T20:48:24.246+0000 7f20f3a00700 1 -- 172.21.15.107:0/4053185135 --> [v2:172.21.15.107:3300/0,v1:172.21.15.107:6789/0] -- mon_subscribe({mgrmap=0+}) v3 -- 0x7f20ec19bdf0 con 0x7f20ec107770
2024-03-08T20:48:25.437 INFO:teuthology.orchestra.run.smithi107.stdout:/usr/bin/ceph: stderr
2024-03-08T20:48:24.246+0000 7f20e9600700 1 -- 172.21.15.107:0/4053185135 <== mon.0 v2:172.21.15.107:3300/0 3 ==== mon_map magic: 0 v1 ==== 205+0+0 (secure 0 0 0) 0x7f20e00247e0 con 0x7f20ec107770
2024-03-08T20:48:25.437 INFO:teuthology.orchestra.run.smithi107.stdout:/usr/bin/ceph: stderr
2024-03-08T20:48:24.246+0000 7f20f3a00700 1 -- 172.21.15.107:0/4053185135 --> [v2:172.21.15.107:3300/0,v1:172.21.15.107:6789/0] -- mon_subscribe({osdmap=0}) v3 -- 0x7f20ec19eae0 con 0x7f20ec107770
2024-03-08T20:48:25.437 INFO:teuthology.orchestra.run.smithi107.stdout:/usr/bin/ceph: stderr
2024-03-08T20:48:24.248+0000 7f20e9600700 1 -- 172.21.15.107:0/4053185135 <== mon.0 v2:172.21.15.107:3300/0 4 ==== mgrmap(e 12) v1 ==== 46119+0+0 (secure 0 0 0) 0x7f20e0022020 con 0x7f20ec107770
2024-03-08T20:48:25.437 INFO:teuthology.orchestra.run.smithi107.stdout:/usr/bin/ceph: stderr
2024-03-08T20:48:24.248+0000 7f20f3a00700 1 -- 172.21.15.107:0/4053185135 --> [v2:172.21.15.107:3300/0,v1:172.21.15.107:6789/0] -- mon_command({"prefix": "get_command_descriptions"} v 0) v1 -- 0x7f20ec063410 con 0x7f20ec107770
2024-03-08T20:48:25.437 INFO:teuthology.orchestra.run.smithi107.stdout:/usr/bin/ceph: stderr
2024-03-08T20:48:24.248+0000 7f20e9600700 1 --2- 172.21.15.107:0/4053185135 >> [v2:172.21.15.107:6800/3376636618,v1:172.21.15.107:6801/3376636618] conn(0x7f20d4038f70 0x7f20d403b430 unknown :-1 s=NONE pgs=0 cs=0 l=1 rev1=0 crypto rx=0 tx=0 comp rx=0 tx=0).connect
2024-03-08T20:48:25.438 INFO:teuthology.orchestra.run.smithi107.stdout:/usr/bin/ceph: stderr
2024-03-08T20:48:24.248+0000 7f20e9600700 1 -- 172.21.15.107:0/4053185135 <== mon.0 v2:172.21.15.107:3300/0 5 ==== osd_map(3..3 src has 1..3) v4 ==== 1155+0+0 (secure 0 0 0) 0x7f20e004d400 con 0x7f20ec107770
2024-03-08T20:48:25.438 INFO:teuthology.orchestra.run.smithi107.stdout:/usr/bin/ceph: stderr
2024-03-08T20:48:24.248+0000 7f20ebe00700 1 --2- 172.21.15.107:0/4053185135 >> [v2:172.21.15.107:6800/3376636618,v1:172.21.15.107:6801/3376636618] conn(0x7f20d4038f70 0x7f20d403b430 unknown :-1 s=BANNER_CONNECTING pgs=0 cs=0 l=1 rev1=0 crypto rx=0 tx=0 comp rx=0 tx=0)._handle_peer_banner_payload supported=3 required=0
2024-03-08T20:48:25.438 INFO:teuthology.orchestra.run.smithi107.stdout:/usr/bin/ceph: stderr
2024-03-08T20:48:24.249+0000 7f20ebe00700 1 --2- 172.21.15.107:0/4053185135 >> [v2:172.21.15.107:6800/3376636618,v1:172.21.15.107:6801/3376636618] conn(0x7f20d4038f70 0x7f20d403b430 secure :-1 s=READY pgs=8 cs=0 l=1 rev1=1 crypto rx=0x7f20d8006fd0 tx=0x7f20d8006e40 comp rx=0 tx=0).ready entity=mgr.14152 client_cookie=0 server_cookie=0 in_seq=0 out_seq=0
2024-03-08T20:48:25.438 INFO:teuthology.orchestra.run.smithi107.stdout:/usr/bin/ceph: stderr
2024-03-08T20:48:24.254+0000 7f20e9600700 1 -- 172.21.15.107:0/4053185135 <== mon.0 v2:172.21.15.107:3300/0 6 ==== mon_command_ack([{"prefix": "get_command_descriptions"}]=0 v0) v1 ==== 72+0+184905 (secure 0 0 0) 0x7f20e002ad60 con 0x7f20ec107770
2024-03-08T20:48:25.438 INFO:teuthology.orchestra.run.smithi107.stdout:/usr/bin/ceph: stderr
2024-03-08T20:48:24.517+0000 7f20f3a00700 1 -- 172.21.15.107:0/4053185135 --> [v2:172.21.15.107:6800/3376636618,v1:172.21.15.107:6801/3376636618] -- mgr_command(tid 0: {"prefix": "dashboard ac-user-create", "username": "admin", "rolename": "administrator", "force_password": true, "pwd_update_required": true, "target": ["mon-mgr", ""]}) v1 -- 0x7f20ec19c2d0 con 0x7f20d4038f70
2024-03-08T20:48:25.438 INFO:teuthology.orchestra.run.smithi107.stdout:/usr/bin/ceph: stderr
2024-03-08T20:48:24.767+0000 7f20e9600700 1 -- 172.21.15.107:0/4053185135 <== mgr.14152 v2:172.21.15.107:6800/3376636618 1 ==== mgr_command_reply(tid 0: 0 ) v1 ==== 8+0+252 (secure 0 0 0) 0x7f20ec19c2d0 con 0x7f20d4038f70
2024-03-08T20:48:25.438 INFO:teuthology.orchestra.run.smithi107.stdout:/usr/bin/ceph: stderr
2024-03-08T20:48:24.770+0000 7f20f3a00700 1 -- 172.21.15.107:0/4053185135 >> [v2:172.21.15.107:6800/3376636618,v1:172.21.15.107:6801/3376636618] conn(0x7f20d4038f70 msgr2=0x7f20d403b430 secure :-1 s=STATE_CONNECTION_ESTABLISHED l=1).mark_down
2024-03-08T20:48:25.438 INFO:teuthology.orchestra.run.smithi107.stdout:/usr/bin/ceph: stderr
2024-03-08T20:48:24.770+0000 7f20f3a00700 1 --2- 172.21.15.107:0/4053185135 >> [v2:172.21.15.107:6800/3376636618,v1:172.21.15.107:6801/3376636618] conn(0x7f20d4038f70 0x7f20d403b430 secure :-1 s=READY pgs=8 cs=0 l=1 rev1=1 crypto rx=0x7f20d8006fd0 tx=0x7f20d8006e40 comp rx=0 tx=0).stop
2024-03-08T20:48:25.438 INFO:teuthology.orchestra.run.smithi107.stdout:/usr/bin/ceph: stderr
2024-03-08T20:48:24.770+0000 7f20f3a00700 1 -- 172.21.15.107:0/4053185135 >> [v2:172.21.15.107:3300/0,v1:172.21.15.107:6789/0] conn(0x7f20ec107770 msgr2=0x7f20ec19b620 secure :-1 s=STATE_CONNECTION_ESTABLISHED l=1).mark_down
2024-03-08T20:48:25.438 INFO:teuthology.orchestra.run.smithi107.stdout:/usr/bin/ceph: stderr
2024-03-08T20:48:24.770+0000 7f20f3a00700 1 --2- 172.21.15.107:0/4053185135 >> [v2:172.21.15.107:3300/0,v1:172.21.15.107:6789/0] conn(0x7f20ec107770 0x7f20ec19b620 secure :-1 s=READY pgs=73 cs=0 l=1 rev1=1 crypto rx=0x7f20e0006b20 tx=0x7f20e0011ad0 comp rx=0 tx=0).stop
2024-03-08T20:48:25.438 INFO:teuthology.orchestra.run.smithi107.stdout:/usr/bin/ceph: stderr
2024-03-08T20:48:24.770+0000 7f20f3a00700 1 -- 172.21.15.107:0/4053185135 shutdown_connections
2024-03-08T20:48:25.438 INFO:teuthology.orchestra.run.smithi107.stdout:/usr/bin/ceph: stderr
2024-03-08T20:48:24.770+0000 7f20f3a00700 1 --2- 172.21.15.107:0/4053185135 >> [v2:172.21.15.107:6800/3376636618,v1:172.21.15.107:6801/3376636618] conn(0x7f20d4038f70 0x7f20d403b430 unknown :-1 s=CLOSED pgs=8 cs=0 l=1 rev1=1 crypto rx=0 tx=0 comp rx=0 tx=0).stop
2024-03-08T20:48:25.438 INFO:teuthology.orchestra.run.smithi107.stdout:/usr/bin/ceph: stderr
2024-03-08T20:48:24.770+0000 7f20f3a00700 1 --2- 172.21.15.107:0/4053185135 >> [v2:172.21.15.107:3300/0,v1:172.21.15.107:6789/0] conn(0x7f20ec107770 0x7f20ec19b620 unknown :-1 s=CLOSED pgs=73 cs=0 l=1 rev1=1 crypto rx=0 tx=0 comp rx=0 tx=0).stop
2024-03-08T20:48:25.439 INFO:teuthology.orchestra.run.smithi107.stdout:/usr/bin/ceph: stderr
2024-03-08T20:48:24.770+0000 7f20f3a00700 1 -- 172.21.15.107:0/4053185135 >> 172.21.15.107:0/4053185135 conn(0x7f20ec102dd0 msgr2=0x7f20ec103860 unknown :-1 s=STATE_NONE l=0).mark_down
2024-03-08T20:48:25.439 INFO:teuthology.orchestra.run.smithi107.stdout:/usr/bin/ceph: stderr
2024-03-08T20:48:24.770+0000 7f20f3a00700 1 -- 172.21.15.107:0/4053185135 shutdown_connections
2024-03-08T20:48:25.439 INFO:teuthology.orchestra.run.smithi107.stdout:/usr/bin/ceph: stderr
2024-03-08T20:48:24.770+0000 7f20f3a00700 1 -- 172.21.15.107:0/4053185135 wait complete.
2024-03-08T20:48:25.439 INFO:teuthology.orchestra.run.smithi107.stdout:Fetching dashboard port number...
2024-03-08T20:48:26.040 INFO:journalctl@ceph.mon.a.smithi107.stdout:Mar 08 20:48:25 smithi107 ceph-mon[31381]: from='client.14166 -' entity='client.admin' cmd=[{"prefix": "dashboard ac-user-create", "username": "admin", "rolename": "administrator", "force_password": true, "pwd_update_required": true, "target": ["mon-mgr", ""]}]: dispatch
2024-03-08T20:48:26.040 INFO:journalctl@ceph.mon.a.smithi107.stdout:Mar 08 20:48:25 smithi107 ceph-mon[31381]: from='mgr.14152 172.21.15.107:0/4222642378' entity='mgr.x'
2024-03-08T20:48:26.040 INFO:journalctl@ceph.mon.a.smithi107.stdout:Mar 08 20:48:25 smithi107 ceph-mon[31381]: from='mgr.14152 172.21.15.107:0/4222642378' entity='mgr.x'
