2024-03-08T20:47:48.109+0000 7fd580c00700 1 --2- >> [v2:172.21.15.107:3300/0,v1:172.21.15.107:6789/0] conn(0x7fd57c108e30 0x7fd57c109250 unknown :-1 s=BANNER_CONNECTING pgs=0 cs=0 l=0 rev1=0 crypto rx=0 tx=0 comp rx=0 tx=0)._handle_peer_banner_payload supported=3 required=0
2024-03-08T20:47:49.152 INFO:teuthology.orchestra.run.smithi107.stdout:/usr/bin/ceph: stderr
2024-03-08T20:47:48.109+0000 7fd580c00700 1 --2- >> [v2:172.21.15.107:3300/0,v1:172.21.15.107:6789/0] conn(0x7fd57c108e30 0x7fd57c109250 unknown :-1 s=HELLO_CONNECTING pgs=0 cs=0 l=0 rev1=1 crypto rx=0 tx=0 comp rx=0 tx=0).handle_hello peer v2:172.21.15.107:3300/0 says I am v2:172.21.15.107:39894/0 (socket says 172.21.15.107:39894)
2024-03-08T20:47:49.152 INFO:teuthology.orchestra.run.smithi107.stdout:/usr/bin/ceph: stderr
2024-03-08T20:47:48.109+0000 7fd580c00700 1 -- 172.21.15.107:0/221181987 learned_addr learned my addr 172.21.15.107:0/221181987 (peer_addr_for_me v2:172.21.15.107:0/0)
2024-03-08T20:47:49.152 INFO:teuthology.orchestra.run.smithi107.stdout:/usr/bin/ceph: stderr
2024-03-08T20:47:48.110+0000 7fd580c00700 1 -- 172.21.15.107:0/221181987 --> [v2:172.21.15.107:3300/0,v1:172.21.15.107:6789/0] -- mon_subscribe({config=0+,monmap=0+}) v3 -- 0x7fd57c107540 con 0x7fd57c108e30
2024-03-08T20:47:49.152 INFO:teuthology.orchestra.run.smithi107.stdout:/usr/bin/ceph: stderr
2024-03-08T20:47:48.110+0000 7fd580c00700 1 --2- 172.21.15.107:0/221181987 >> [v2:172.21.15.107:3300/0,v1:172.21.15.107:6789/0] conn(0x7fd57c108e30 0x7fd57c109250 secure :-1 s=READY pgs=37 cs=0 l=1 rev1=1 crypto rx=0x7fd5640098a0 tx=0x7fd564009bb0 comp rx=0 tx=0).ready entity=mon.0 client_cookie=ec81358a7bc31e44 server_cookie=0 in_seq=0 out_seq=0
2024-03-08T20:47:49.157 INFO:teuthology.orchestra.run.smithi107.stdout:/usr/bin/ceph: stderr
2024-03-08T20:47:48.110+0000 7fd57be00700 1 -- 172.21.15.107:0/221181987 <== mon.0 v2:172.21.15.107:3300/0 1 ==== mon_map magic: 0 v1 ==== 205+0+0 (secure 0 0 0) 0x7fd564004160 con 0x7fd57c108e30
2024-03-08T20:47:49.157 INFO:teuthology.orchestra.run.smithi107.stdout:/usr/bin/ceph: stderr
2024-03-08T20:47:48.110+0000 7fd57be00700 1 -- 172.21.15.107:0/221181987 <== mon.0 v2:172.21.15.107:3300/0 2 ==== config(26 keys) v1 ==== 1071+0+0 (secure 0 0 0) 0x7fd564004300 con 0x7fd57c108e30
2024-03-08T20:47:49.157 INFO:teuthology.orchestra.run.smithi107.stdout:/usr/bin/ceph: stderr
2024-03-08T20:47:48.110+0000 7fd57be00700 1 -- 172.21.15.107:0/221181987 <== mon.0 v2:172.21.15.107:3300/0 3 ==== mon_map magic: 0 v1 ==== 205+0+0 (secure 0 0 0) 0x7fd564011a80 con 0x7fd57c108e30
2024-03-08T20:47:49.157 INFO:teuthology.orchestra.run.smithi107.stdout:/usr/bin/ceph: stderr
2024-03-08T20:47:48.111+0000 7fd583600700 1 -- 172.21.15.107:0/221181987 >> [v2:172.21.15.107:3300/0,v1:172.21.15.107:6789/0] conn(0x7fd57c108e30 msgr2=0x7fd57c109250 secure :-1 s=STATE_CONNECTION_ESTABLISHED l=1).mark_down
2024-03-08T20:47:49.157 INFO:teuthology.orchestra.run.smithi107.stdout:/usr/bin/ceph: stderr
2024-03-08T20:47:48.111+0000 7fd583600700 1 --2- 172.21.15.107:0/221181987 >> [v2:172.21.15.107:3300/0,v1:172.21.15.107:6789/0] conn(0x7fd57c108e30 0x7fd57c109250 secure :-1 s=READY pgs=37 cs=0 l=1 rev1=1 crypto rx=0x7fd5640098a0 tx=0x7fd564009bb0 comp rx=0 tx=0).stop
2024-03-08T20:47:49.157 INFO:teuthology.orchestra.run.smithi107.stdout:/usr/bin/ceph: stderr
2024-03-08T20:47:48.111+0000 7fd583600700 1 -- 172.21.15.107:0/221181987 shutdown_connections
2024-03-08T20:47:49.157 INFO:teuthology.orchestra.run.smithi107.stdout:/usr/bin/ceph: stderr
2024-03-08T20:47:48.111+0000 7fd583600700 1 --2- 172.21.15.107:0/221181987 >> [v2:172.21.15.107:3300/0,v1:172.21.15.107:6789/0] conn(0x7fd57c108e30 0x7fd57c109250 unknown :-1 s=CLOSED pgs=37 cs=0 l=1 rev1=1 crypto rx=0 tx=0 comp rx=0 tx=0).stop
2024-03-08T20:47:49.157 INFO:teuthology.orchestra.run.smithi107.stdout:/usr/bin/ceph: stderr
2024-03-08T20:47:48.111+0000 7fd583600700 1 -- 172.21.15.107:0/221181987 >> 172.21.15.107:0/221181987 conn(0x7fd57c102da0 msgr2=0x7fd57c1051c0 unknown :-1 s=STATE_NONE l=0).mark_down
2024-03-08T20:47:49.157 INFO:teuthology.orchestra.run.smithi107.stdout:/usr/bin/ceph: stderr
2024-03-08T20:47:48.111+0000 7fd583600700 1 -- 172.21.15.107:0/221181987 shutdown_connections
2024-03-08T20:47:49.157 INFO:teuthology.orchestra.run.smithi107.stdout:/usr/bin/ceph: stderr
2024-03-08T20:47:48.112+0000 7fd583600700 1 -- 172.21.15.107:0/221181987 wait complete.
2024-03-08T20:47:49.157 INFO:teuthology.orchestra.run.smithi107.stdout:/usr/bin/ceph: stderr
2024-03-08T20:47:48.113+0000 7fd583600700 1 Processor -- start
2024-03-08T20:47:49.157 INFO:teuthology.orchestra.run.smithi107.stdout:/usr/bin/ceph: stderr
2024-03-08T20:47:48.113+0000 7fd583600700 1 -- start start
2024-03-08T20:47:49.158 INFO:teuthology.orchestra.run.smithi107.stdout:/usr/bin/ceph: stderr
2024-03-08T20:47:48.113+0000 7fd583600700 1 --2- >> [v2:172.21.15.107:3300/0,v1:172.21.15.107:6789/0] conn(0x7fd57c108e30 0x7fd57c19b790 unknown :-1 s=NONE pgs=0 cs=0 l=1 rev1=0 crypto rx=0 tx=0 comp rx=0 tx=0).connect
2024-03-08T20:47:49.158 INFO:teuthology.orchestra.run.smithi107.stdout:/usr/bin/ceph: stderr
2024-03-08T20:47:48.113+0000 7fd583600700 1 -- --> [v2:172.21.15.107:3300/0,v1:172.21.15.107:6789/0] -- mon_getmap magic: 0 v1 -- 0x7fd57c10bd00 con 0x7fd57c108e30
2024-03-08T20:47:49.158 INFO:teuthology.orchestra.run.smithi107.stdout:/usr/bin/ceph: stderr
2024-03-08T20:47:48.113+0000 7fd580c00700 1 --2- >> [v2:172.21.15.107:3300/0,v1:172.21.15.107:6789/0] conn(0x7fd57c108e30 0x7fd57c19b790 unknown :-1 s=BANNER_CONNECTING pgs=0 cs=0 l=1 rev1=0 crypto rx=0 tx=0 comp rx=0 tx=0)._handle_peer_banner_payload supported=3 required=0
2024-03-08T20:47:49.158 INFO:teuthology.orchestra.run.smithi107.stdout:/usr/bin/ceph: stderr
2024-03-08T20:47:48.113+0000 7fd580c00700 1 --2- >> [v2:172.21.15.107:3300/0,v1:172.21.15.107:6789/0] conn(0x7fd57c108e30 0x7fd57c19b790 unknown :-1 s=HELLO_CONNECTING pgs=0 cs=0 l=1 rev1=1 crypto rx=0 tx=0 comp rx=0 tx=0).handle_hello peer v2:172.21.15.107:3300/0 says I am v2:172.21.15.107:39906/0 (socket says 172.21.15.107:39906)
2024-03-08T20:47:49.158 INFO:teuthology.orchestra.run.smithi107.stdout:/usr/bin/ceph: stderr
2024-03-08T20:47:48.113+0000 7fd580c00700 1 -- 172.21.15.107:0/1707823593 learned_addr learned my addr 172.21.15.107:0/1707823593 (peer_addr_for_me v2:172.21.15.107:0/0)
2024-03-08T20:47:49.158 INFO:teuthology.orchestra.run.smithi107.stdout:/usr/bin/ceph: stderr
2024-03-08T20:47:48.114+0000 7fd580c00700 1 -- 172.21.15.107:0/1707823593 --> [v2:172.21.15.107:3300/0,v1:172.21.15.107:6789/0] -- mon_subscribe({config=0+,monmap=0+}) v3 -- 0x7fd57c19bcd0 con 0x7fd57c108e30
2024-03-08T20:47:49.158 INFO:teuthology.orchestra.run.smithi107.stdout:/usr/bin/ceph: stderr
2024-03-08T20:47:48.114+0000 7fd580c00700 1 --2- 172.21.15.107:0/1707823593 >> [v2:172.21.15.107:3300/0,v1:172.21.15.107:6789/0] conn(0x7fd57c108e30 0x7fd57c19b790 secure :-1 s=READY pgs=38 cs=0 l=1 rev1=1 crypto rx=0x7fd564006af0 tx=0x7fd564011c40 comp rx=0 tx=0).ready entity=mon.0 client_cookie=0 server_cookie=0 in_seq=0 out_seq=0
2024-03-08T20:47:49.158 INFO:teuthology.orchestra.run.smithi107.stdout:/usr/bin/ceph: stderr
2024-03-08T20:47:48.114+0000 7fd57a000700 1 -- 172.21.15.107:0/1707823593 <== mon.0 v2:172.21.15.107:3300/0 1 ==== mon_map magic: 0 v1 ==== 205+0+0 (secure 0 0 0) 0x7fd5640039e0 con 0x7fd57c108e30
2024-03-08T20:47:49.158 INFO:teuthology.orchestra.run.smithi107.stdout:/usr/bin/ceph: stderr
2024-03-08T20:47:48.114+0000 7fd57a000700 1 -- 172.21.15.107:0/1707823593 <== mon.0 v2:172.21.15.107:3300/0 2 ==== config(26 keys) v1 ==== 1071+0+0 (secure 0 0 0) 0x7fd564003b80 con 0x7fd57c108e30
2024-03-08T20:47:49.158 INFO:teuthology.orchestra.run.smithi107.stdout:/usr/bin/ceph: stderr
2024-03-08T20:47:48.114+0000 7fd583600700 1 -- 172.21.15.107:0/1707823593 --> [v2:172.21.15.107:3300/0,v1:172.21.15.107:6789/0] -- mon_subscribe({mgrmap=0+}) v3 -- 0x7fd57c19bf60 con 0x7fd57c108e30
2024-03-08T20:47:49.158 INFO:teuthology.orchestra.run.smithi107.stdout:/usr/bin/ceph: stderr
2024-03-08T20:47:48.114+0000 7fd57a000700 1 -- 172.21.15.107:0/1707823593 <== mon.0 v2:172.21.15.107:3300/0 3 ==== mon_map magic: 0 v1 ==== 205+0+0 (secure 0 0 0) 0x7fd5640196a0 con 0x7fd57c108e30
2024-03-08T20:47:49.158 INFO:teuthology.orchestra.run.smithi107.stdout:/usr/bin/ceph: stderr
2024-03-08T20:47:48.114+0000 7fd583600700 1 -- 172.21.15.107:0/1707823593 --> [v2:172.21.15.107:3300/0,v1:172.21.15.107:6789/0] -- mon_subscribe({osdmap=0}) v3 -- 0x7fd57c19ec50 con 0x7fd57c108e30
2024-03-08T20:47:49.158 INFO:teuthology.orchestra.run.smithi107.stdout:/usr/bin/ceph: stderr
2024-03-08T20:47:48.116+0000 7fd57a000700 1 -- 172.21.15.107:0/1707823593 <== mon.0 v2:172.21.15.107:3300/0 4 ==== mgrmap(e 8) v1 ==== 46106+0+0 (secure 0 0 0) 0x7fd56401a430 con 0x7fd57c108e30
2024-03-08T20:47:49.159 INFO:teuthology.orchestra.run.smithi107.stdout:/usr/bin/ceph: stderr
2024-03-08T20:47:48.116+0000 7fd572a00700 1 -- 172.21.15.107:0/1707823593 --> [v2:172.21.15.107:3300/0,v1:172.21.15.107:6789/0] -- mon_command({"prefix": "get_command_descriptions"} v 0) v1 -- 0x7fd550005330 con 0x7fd57c108e30
2024-03-08T20:47:49.159 INFO:teuthology.orchestra.run.smithi107.stdout:/usr/bin/ceph: stderr
2024-03-08T20:47:48.116+0000 7fd57a000700 1 --2- 172.21.15.107:0/1707823593 >> [v2:172.21.15.107:6800/426372446,v1:172.21.15.107:6801/426372446] conn(0x7fd55c038f20 0x7fd55c03b3e0 unknown :-1 s=NONE pgs=0 cs=0 l=1 rev1=0 crypto rx=0 tx=0 comp rx=0 tx=0).connect
2024-03-08T20:47:49.159 INFO:teuthology.orchestra.run.smithi107.stdout:/usr/bin/ceph: stderr
2024-03-08T20:47:48.116+0000 7fd57a000700 1 -- 172.21.15.107:0/1707823593 <== mon.0 v2:172.21.15.107:3300/0 5 ==== osd_map(2..2 src has 1..2) v4 ==== 940+0+0 (secure 0 0 0) 0x7fd56404d390 con 0x7fd57c108e30
2024-03-08T20:47:49.159 INFO:teuthology.orchestra.run.smithi107.stdout:/usr/bin/ceph: stderr
2024-03-08T20:47:48.116+0000 7fd573e00700 1 --2- 172.21.15.107:0/1707823593 >> [v2:172.21.15.107:6800/426372446,v1:172.21.15.107:6801/426372446] conn(0x7fd55c038f20 0x7fd55c03b3e0 unknown :-1 s=BANNER_CONNECTING pgs=0 cs=0 l=1 rev1=0 crypto rx=0 tx=0 comp rx=0 tx=0)._handle_peer_banner_payload supported=3 required=0
2024-03-08T20:47:49.159 INFO:teuthology.orchestra.run.smithi107.stdout:/usr/bin/ceph: stderr
2024-03-08T20:47:48.117+0000 7fd573e00700 1 --2- 172.21.15.107:0/1707823593 >> [v2:172.21.15.107:6800/426372446,v1:172.21.15.107:6801/426372446] conn(0x7fd55c038f20 0x7fd55c03b3e0 secure :-1 s=READY pgs=7 cs=0 l=1 rev1=1 crypto rx=0x7fd56c006fd0 tx=0x7fd56c006e40 comp rx=0 tx=0).ready entity=mgr.14120 client_cookie=0 server_cookie=0 in_seq=0 out_seq=0
2024-03-08T20:47:49.159 INFO:teuthology.orchestra.run.smithi107.stdout:/usr/bin/ceph: stderr
2024-03-08T20:47:48.122+0000 7fd57a000700 1 -- 172.21.15.107:0/1707823593 <== mon.0 v2:172.21.15.107:3300/0 6 ==== mon_command_ack([{"prefix": "get_command_descriptions"}]=0 v0) v1 ==== 72+0+184905 (secure 0 0 0) 0x7fd56401a720 con 0x7fd57c108e30
2024-03-08T20:47:49.159 INFO:teuthology.orchestra.run.smithi107.stdout:/usr/bin/ceph: stderr
2024-03-08T20:47:48.358+0000 7fd572a00700 1 -- 172.21.15.107:0/1707823593 --> [v2:172.21.15.107:6800/426372446,v1:172.21.15.107:6801/426372446] -- mgr_command(tid 0: {"prefix": "orch set backend", "module_name": "cephadm", "target": ["mon-mgr", ""]}) v1 -- 0x7fd550000bc0 con 0x7fd55c038f20
2024-03-08T20:47:49.159 INFO:teuthology.orchestra.run.smithi107.stdout:/usr/bin/ceph: stderr
2024-03-08T20:47:48.367+0000 7fd57a000700 1 -- 172.21.15.107:0/1707823593 <== mgr.14120 v2:172.21.15.107:6800/426372446 1 ==== mgr_command_reply(tid 0: 0 ) v1 ==== 8+0+0 (secure 0 0 0) 0x7fd550000bc0 con 0x7fd55c038f20
2024-03-08T20:47:49.159 INFO:teuthology.orchestra.run.smithi107.stdout:/usr/bin/ceph: stderr
2024-03-08T20:47:48.370+0000 7fd572a00700 1 -- 172.21.15.107:0/1707823593 >> [v2:172.21.15.107:6800/426372446,v1:172.21.15.107:6801/426372446] conn(0x7fd55c038f20 msgr2=0x7fd55c03b3e0 secure :-1 s=STATE_CONNECTION_ESTABLISHED l=1).mark_down
2024-03-08T20:47:49.159 INFO:teuthology.orchestra.run.smithi107.stdout:/usr/bin/ceph: stderr
2024-03-08T20:47:48.370+0000 7fd572a00700 1 --2- 172.21.15.107:0/1707823593 >> [v2:172.21.15.107:6800/426372446,v1:172.21.15.107:6801/426372446] conn(0x7fd55c038f20 0x7fd55c03b3e0 secure :-1 s=READY pgs=7 cs=0 l=1 rev1=1 crypto rx=0x7fd56c006fd0 tx=0x7fd56c006e40 comp rx=0 tx=0).stop
2024-03-08T20:47:49.159 INFO:teuthology.orchestra.run.smithi107.stdout:/usr/bin/ceph: stderr
2024-03-08T20:47:48.370+0000 7fd572a00700 1 -- 172.21.15.107:0/1707823593 >> [v2:172.21.15.107:3300/0,v1:172.21.15.107:6789/0] conn(0x7fd57c108e30 msgr2=0x7fd57c19b790 secure :-1 s=STATE_CONNECTION_ESTABLISHED l=1).mark_down
2024-03-08T20:47:49.159 INFO:teuthology.orchestra.run.smithi107.stdout:/usr/bin/ceph: stderr
2024-03-08T20:47:48.370+0000 7fd572a00700 1 --2- 172.21.15.107:0/1707823593 >> [v2:172.21.15.107:3300/0,v1:172.21.15.107:6789/0] conn(0x7fd57c108e30 0x7fd57c19b790 secure :-1 s=READY pgs=38 cs=0 l=1 rev1=1 crypto rx=0x7fd564006af0 tx=0x7fd564011c40 comp rx=0 tx=0).stop
2024-03-08T20:47:49.159 INFO:teuthology.orchestra.run.smithi107.stdout:/usr/bin/ceph: stderr
2024-03-08T20:47:48.370+0000 7fd572a00700 1 -- 172.21.15.107:0/1707823593 shutdown_connections
2024-03-08T20:47:49.160 INFO:teuthology.orchestra.run.smithi107.stdout:/usr/bin/ceph: stderr
2024-03-08T20:47:48.370+0000 7fd572a00700 1 --2- 172.21.15.107:0/1707823593 >> [v2:172.21.15.107:6800/426372446,v1:172.21.15.107:6801/426372446] conn(0x7fd55c038f20 0x7fd55c03b3e0 unknown :-1 s=CLOSED pgs=7 cs=0 l=1 rev1=1 crypto rx=0 tx=0 comp rx=0 tx=0).stop
2024-03-08T20:47:49.160 INFO:teuthology.orchestra.run.smithi107.stdout:/usr/bin/ceph: stderr
2024-03-08T20:47:48.370+0000 7fd572a00700 1 --2- 172.21.15.107:0/1707823593 >> [v2:172.21.15.107:3300/0,v1:172.21.15.107:6789/0] conn(0x7fd57c108e30 0x7fd57c19b790 unknown :-1 s=CLOSED pgs=38 cs=0 l=1 rev1=1 crypto rx=0 tx=0 comp rx=0 tx=0).stop
2024-03-08T20:47:49.160 INFO:teuthology.orchestra.run.smithi107.stdout:/usr/bin/ceph: stderr
2024-03-08T20:47:48.370+0000 7fd572a00700 1 -- 172.21.15.107:0/1707823593 >> 172.21.15.107:0/1707823593 conn(0x7fd57c102da0 msgr2=0x7fd57c1038d0 unknown :-1 s=STATE_NONE l=0).mark_down
2024-03-08T20:47:49.160 INFO:teuthology.orchestra.run.smithi107.stdout:/usr/bin/ceph: stderr
2024-03-08T20:47:48.370+0000 7fd572a00700 1 -- 172.21.15.107:0/1707823593 shutdown_connections
2024-03-08T20:47:49.160 INFO:teuthology.orchestra.run.smithi107.stdout:/usr/bin/ceph: stderr
2024-03-08T20:47:48.370+0000 7fd572a00700 1 -- 172.21.15.107:0/1707823593 wait complete.
2024-03-08T20:47:49.973 INFO:journalctl@ceph.mon.a.smithi107.stdout:Mar 08 20:47:49 smithi107 ceph-mon[31381]: from='client.14132 -' entity='client.admin' cmd=[{"prefix": "orch set backend", "module_name": "cephadm", "target": ["mon-mgr", ""]}]: dispatch
2024-03-08T20:47:50.636 INFO:teuthology.orchestra.run.smithi107.stdout:/usr/bin/ceph: stdout value unchanged
2024-03-08T20:47:50.636 INFO:teuthology.orchestra.run.smithi107.stdout:/usr/bin/ceph: stderr
2024-03-08T20:47:49.719+0000 7fd145e00700 1 Processor -- start
2024-03-08T20:47:50.636 INFO:teuthology.orchestra.run.smithi107.stdout:/usr/bin/ceph: stderr
2024-03-08T20:47:49.719+0000 7fd145e00700 1 -- start start
2024-03-08T20:47:50.636 INFO:teuthology.orchestra.run.smithi107.stdout:/usr/bin/ceph: stderr
2024-03-08T20:47:49.720+0000 7fd145e00700 1 --2- >> [v2:172.21.15.107:3300/0,v1:172.21.15.107:6789/0] conn(0x7fd140109960 0x7fd140109d80 unknown :-1 s=NONE pgs=0 cs=0 l=0 rev1=0 crypto rx=0 tx=0 comp rx=0 tx=0).connect
2024-03-08T20:47:50.636 INFO:teuthology.orchestra.run.smithi107.stdout:/usr/bin/ceph: stderr
2024-03-08T20:47:49.720+0000 7fd145e00700 1 -- --> [v2:172.21.15.107:3300/0,v1:172.21.15.107:6789/0] -- mon_getmap magic: 0 v1 -- 0x7fd14010a350 con 0x7fd140109960
2024-03-08T20:47:50.636 INFO:teuthology.orchestra.run.smithi107.stdout:/usr/bin/ceph: stderr
2024-03-08T20:47:49.720+0000 7fd13ea00700 1 --2- >> [v2:172.21.15.107:3300/0,v1:172.21.15.107:6789/0] conn(0x7fd140109960 0x7fd140109d80 unknown :-1 s=BANNER_CONNECTING pgs=0 cs=0 l=0 rev1=0 crypto rx=0 tx=0 comp rx=0 tx=0)._handle_peer_banner_payload supported=3 required=0
2024-03-08T20:47:50.636 INFO:teuthology.orchestra.run.smithi107.stdout:/usr/bin/ceph: stderr
2024-03-08T20:47:49.720+0000 7fd13ea00700 1 --2- >> [v2:172.21.15.107:3300/0,v1:172.21.15.107:6789/0] conn(0x7fd140109960 0x7fd140109d80 unknown :-1 s=HELLO_CONNECTING pgs=0 cs=0 l=0 rev1=1 crypto rx=0 tx=0 comp rx=0 tx=0).handle_hello peer v2:172.21.15.107:3300/0 says I am v2:172.21.15.107:39916/0 (socket says 172.21.15.107:39916)
2024-03-08T20:47:50.637 INFO:teuthology.orchestra.run.smithi107.stdout:/usr/bin/ceph: stderr
2024-03-08T20:47:49.720+0000 7fd13ea00700 1 -- 172.21.15.107:0/1151074121 learned_addr learned my addr 172.21.15.107:0/1151074121 (peer_addr_for_me v2:172.21.15.107:0/0)
2024-03-08T20:47:50.637 INFO:teuthology.orchestra.run.smithi107.stdout:/usr/bin/ceph: stderr
2024-03-08T20:47:49.721+0000 7fd13ea00700 1 -- 172.21.15.107:0/1151074121 --> [v2:172.21.15.107:3300/0,v1:172.21.15.107:6789/0] -- mon_subscribe({config=0+,monmap=0+}) v3 -- 0x7fd14010ab10 con 0x7fd140109960
2024-03-08T20:47:50.637 INFO:teuthology.orchestra.run.smithi107.stdout:/usr/bin/ceph: stderr
2024-03-08T20:47:49.721+0000 7fd13ea00700 1 --2- 172.21.15.107:0/1151074121 >> [v2:172.21.15.107:3300/0,v1:172.21.15.107:6789/0] conn(0x7fd140109960 0x7fd140109d80 secure :-1 s=READY pgs=39 cs=0 l=1 rev1=1 crypto rx=0x7fd1300098a0 tx=0x7fd130009bb0 comp rx=0 tx=0).ready entity=mon.0 client_cookie=7ef4eb5307398b1c server_cookie=0 in_seq=0 out_seq=0
2024-03-08T20:47:50.637 INFO:teuthology.orchestra.run.smithi107.stdout:/usr/bin/ceph: stderr
2024-03-08T20:47:49.721+0000 7fd13d600700 1 -- 172.21.15.107:0/1151074121 <== mon.0 v2:172.21.15.107:3300/0 1 ==== mon_map magic: 0 v1 ==== 205+0+0 (secure 0 0 0) 0x7fd130004160 con 0x7fd140109960
2024-03-08T20:47:50.637 INFO:teuthology.orchestra.run.smithi107.stdout:/usr/bin/ceph: stderr
2024-03-08T20:47:49.721+0000 7fd13d600700 1 -- 172.21.15.107:0/1151074121 <== mon.0 v2:172.21.15.107:3300/0 2 ==== config(26 keys) v1 ==== 1071+0+0 (secure 0 0 0) 0x7fd130004300 con 0x7fd140109960
2024-03-08T20:47:50.637 INFO:teuthology.orchestra.run.smithi107.stdout:/usr/bin/ceph: stderr
2024-03-08T20:47:49.721+0000 7fd13d600700 1 -- 172.21.15.107:0/1151074121 <== mon.0 v2:172.21.15.107:3300/0 3 ==== mon_map magic: 0 v1 ==== 205+0+0 (secure 0 0 0) 0x7fd130011a80 con 0x7fd140109960
2024-03-08T20:47:50.637 INFO:teuthology.orchestra.run.smithi107.stdout:/usr/bin/ceph: stderr
2024-03-08T20:47:49.722+0000 7fd145e00700 1 -- 172.21.15.107:0/1151074121 >> [v2:172.21.15.107:3300/0,v1:172.21.15.107:6789/0] conn(0x7fd140109960 msgr2=0x7fd140109d80 secure :-1 s=STATE_CONNECTION_ESTABLISHED l=1).mark_down
2024-03-08T20:47:50.637 INFO:teuthology.orchestra.run.smithi107.stdout:/usr/bin/ceph: stderr
2024-03-08T20:47:49.722+0000 7fd145e00700 1 --2- 172.21.15.107:0/1151074121 >> [v2:172.21.15.107:3300/0,v1:172.21.15.107:6789/0] conn(0x7fd140109960 0x7fd140109d80 secure :-1 s=READY pgs=39 cs=0 l=1 rev1=1 crypto rx=0x7fd1300098a0 tx=0x7fd130009bb0 comp rx=0 tx=0).stop
2024-03-08T20:47:50.637 INFO:teuthology.orchestra.run.smithi107.stdout:/usr/bin/ceph: stderr
2024-03-08T20:47:49.722+0000 7fd145e00700 1 -- 172.21.15.107:0/1151074121 shutdown_connections
2024-03-08T20:47:50.637 INFO:teuthology.orchestra.run.smithi107.stdout:/usr/bin/ceph: stderr
2024-03-08T20:47:49.722+0000 7fd145e00700 1 --2- 172.21.15.107:0/1151074121 >> [v2:172.21.15.107:3300/0,v1:172.21.15.107:6789/0] conn(0x7fd140109960 0x7fd140109d80 unknown :-1 s=CLOSED pgs=39 cs=0 l=1 rev1=1 crypto rx=0 tx=0 comp rx=0 tx=0).stop
2024-03-08T20:47:50.637 INFO:teuthology.orchestra.run.smithi107.stdout:/usr/bin/ceph: stderr
2024-03-08T20:47:49.722+0000 7fd145e00700 1 -- 172.21.15.107:0/1151074121 >> 172.21.15.107:0/1151074121 conn(0x7fd14007cdd0 msgr2=0x7fd1401074f0 unknown :-1 s=STATE_NONE l=0).mark_down
2024-03-08T20:47:50.637 INFO:teuthology.orchestra.run.smithi107.stdout:/usr/bin/ceph: stderr
2024-03-08T20:47:49.723+0000 7fd145e00700 1 -- 172.21.15.107:0/1151074121 shutdown_connections
2024-03-08T20:47:50.638 INFO:teuthology.orchestra.run.smithi107.stdout:/usr/bin/ceph: stderr
2024-03-08T20:47:49.723+0000 7fd145e00700 1 -- 172.21.15.107:0/1151074121 wait complete.
2024-03-08T20:47:50.638 INFO:teuthology.orchestra.run.smithi107.stdout:/usr/bin/ceph: stderr
2024-03-08T20:47:49.724+0000 7fd145e00700 1 Processor -- start
2024-03-08T20:47:50.638 INFO:teuthology.orchestra.run.smithi107.stdout:/usr/bin/ceph: stderr
2024-03-08T20:47:49.724+0000 7fd145e00700 1 -- start start
2024-03-08T20:47:50.638 INFO:teuthology.orchestra.run.smithi107.stdout:/usr/bin/ceph: stderr
2024-03-08T20:47:49.724+0000 7fd145e00700 1 --2- >> [v2:172.21.15.107:3300/0,v1:172.21.15.107:6789/0] conn(0x7fd140109960 0x7fd14019d880 unknown :-1 s=NONE pgs=0 cs=0 l=1 rev1=0 crypto rx=0 tx=0 comp rx=0 tx=0).connect
2024-03-08T20:47:50.638 INFO:teuthology.orchestra.run.smithi107.stdout:/usr/bin/ceph: stderr
2024-03-08T20:47:49.724+0000 7fd145e00700 1 -- --> [v2:172.21.15.107:3300/0,v1:172.21.15.107:6789/0] -- mon_getmap magic: 0 v1 -- 0x7fd14010dec0 con 0x7fd140109960
2024-03-08T20:47:50.638 INFO:teuthology.orchestra.run.smithi107.stdout:/usr/bin/ceph: stderr
2024-03-08T20:47:49.724+0000 7fd13ea00700 1 --2- >> [v2:172.21.15.107:3300/0,v1:172.21.15.107:6789/0] conn(0x7fd140109960 0x7fd14019d880 unknown :-1 s=BANNER_CONNECTING pgs=0 cs=0 l=1 rev1=0 crypto rx=0 tx=0 comp rx=0 tx=0)._handle_peer_banner_payload supported=3 required=0
2024-03-08T20:47:50.638 INFO:teuthology.orchestra.run.smithi107.stdout:/usr/bin/ceph: stderr
2024-03-08T20:47:49.724+0000 7fd13ea00700 1 --2- >> [v2:172.21.15.107:3300/0,v1:172.21.15.107:6789/0] conn(0x7fd140109960 0x7fd14019d880 unknown :-1 s=HELLO_CONNECTING pgs=0 cs=0 l=1 rev1=1 crypto rx=0 tx=0 comp rx=0 tx=0).handle_hello peer v2:172.21.15.107:3300/0 says I am v2:172.21.15.107:39918/0 (socket says 172.21.15.107:39918)
2024-03-08T20:47:50.638 INFO:teuthology.orchestra.run.smithi107.stdout:/usr/bin/ceph: stderr
2024-03-08T20:47:49.724+0000 7fd13ea00700 1 -- 172.21.15.107:0/1673603611 learned_addr learned my addr 172.21.15.107:0/1673603611 (peer_addr_for_me v2:172.21.15.107:0/0)
2024-03-08T20:47:50.638 INFO:teuthology.orchestra.run.smithi107.stdout:/usr/bin/ceph: stderr
2024-03-08T20:47:49.725+0000 7fd13ea00700 1 -- 172.21.15.107:0/1673603611 --> [v2:172.21.15.107:3300/0,v1:172.21.15.107:6789/0] -- mon_subscribe({config=0+,monmap=0+}) v3 -- 0x7fd14019ddc0 con 0x7fd140109960
2024-03-08T20:47:50.638 INFO:teuthology.orchestra.run.smithi107.stdout:/usr/bin/ceph: stderr
2024-03-08T20:47:49.725+0000 7fd13ea00700 1 --2- 172.21.15.107:0/1673603611 >> [v2:172.21.15.107:3300/0,v1:172.21.15.107:6789/0] conn(0x7fd140109960 0x7fd14019d880 secure :-1 s=READY pgs=40 cs=0 l=1 rev1=1 crypto rx=0x7fd130000c00 tx=0x7fd130011b00 comp rx=0 tx=0).ready entity=mon.0 client_cookie=0 server_cookie=0 in_seq=0 out_seq=0
2024-03-08T20:47:50.638 INFO:teuthology.orchestra.run.smithi107.stdout:/usr/bin/ceph: stderr
2024-03-08T20:47:49.725+0000 7fd144a00700 1 -- 172.21.15.107:0/1673603611 <== mon.0 v2:172.21.15.107:3300/0 1 ==== mon_map magic: 0 v1 ==== 205+0+0 (secure 0 0 0) 0x7fd1300039f0 con 0x7fd140109960
2024-03-08T20:47:50.639 INFO:teuthology.orchestra.run.smithi107.stdout:/usr/bin/ceph: stderr
2024-03-08T20:47:49.725+0000 7fd144a00700 1 -- 172.21.15.107:0/1673603611 <== mon.0 v2:172.21.15.107:3300/0 2 ==== config(26 keys) v1 ==== 1071+0+0 (secure 0 0 0) 0x7fd130003b90 con 0x7fd140109960
2024-03-08T20:47:50.639 INFO:teuthology.orchestra.run.smithi107.stdout:/usr/bin/ceph: stderr
2024-03-08T20:47:49.725+0000 7fd145e00700 1 -- 172.21.15.107:0/1673603611 --> [v2:172.21.15.107:3300/0,v1:172.21.15.107:6789/0] -- mon_subscribe({mgrmap=0+}) v3 -- 0x7fd14019e050 con 0x7fd140109960
2024-03-08T20:47:50.639 INFO:teuthology.orchestra.run.smithi107.stdout:/usr/bin/ceph: stderr
2024-03-08T20:47:49.725+0000 7fd144a00700 1 -- 172.21.15.107:0/1673603611 <== mon.0 v2:172.21.15.107:3300/0 3 ==== mon_map magic: 0 v1 ==== 205+0+0 (secure 0 0 0) 0x7fd13001a740 con 0x7fd140109960
2024-03-08T20:47:50.639 INFO:teuthology.orchestra.run.smithi107.stdout:/usr/bin/ceph: stderr
2024-03-08T20:47:49.725+0000 7fd145e00700 1 -- 172.21.15.107:0/1673603611 --> [v2:172.21.15.107:3300/0,v1:172.21.15.107:6789/0] -- mon_subscribe({osdmap=0}) v3 -- 0x7fd1401a0d40 con 0x7fd140109960
2024-03-08T20:47:50.639 INFO:teuthology.orchestra.run.smithi107.stdout:/usr/bin/ceph: stderr
2024-03-08T20:47:49.726+0000 7fd144a00700 1 -- 172.21.15.107:0/1673603611 <== mon.0 v2:172.21.15.107:3300/0 4 ==== mgrmap(e 8) v1 ==== 46106+0+0 (secure 0 0 0) 0x7fd13001a9f0 con 0x7fd140109960
2024-03-08T20:47:50.639 INFO:teuthology.orchestra.run.smithi107.stdout:/usr/bin/ceph: stderr
2024-03-08T20:47:49.726+0000 7fd145e00700 1 -- 172.21.15.107:0/1673603611 --> [v2:172.21.15.107:3300/0,v1:172.21.15.107:6789/0] -- mon_command({"prefix": "get_command_descriptions"} v 0) v1 -- 0x7fd140063410 con 0x7fd140109960
2024-03-08T20:47:50.639 INFO:teuthology.orchestra.run.smithi107.stdout:/usr/bin/ceph: stderr
2024-03-08T20:47:49.727+0000 7fd144a00700 1 --2- 172.21.15.107:0/1673603611 >> [v2:172.21.15.107:6800/426372446,v1:172.21.15.107:6801/426372446] conn(0x7fd124038f70 0x7fd12403b430 unknown :-1 s=NONE pgs=0 cs=0 l=1 rev1=0 crypto rx=0 tx=0 comp rx=0 tx=0).connect
2024-03-08T20:47:50.639 INFO:teuthology.orchestra.run.smithi107.stdout:/usr/bin/ceph: stderr
2024-03-08T20:47:49.727+0000 7fd144a00700 1 -- 172.21.15.107:0/1673603611 <== mon.0 v2:172.21.15.107:3300/0 5 ==== osd_map(2..2 src has 1..2) v4 ==== 940+0+0 (secure 0 0 0) 0x7fd13004d290 con 0x7fd140109960
2024-03-08T20:47:50.639 INFO:teuthology.orchestra.run.smithi107.stdout:/usr/bin/ceph: stderr
2024-03-08T20:47:49.727+0000 7fd13e000700 1 --2- 172.21.15.107:0/1673603611 >> [v2:172.21.15.107:6800/426372446,v1:172.21.15.107:6801/426372446] conn(0x7fd124038f70 0x7fd12403b430 unknown :-1 s=BANNER_CONNECTING pgs=0 cs=0 l=1 rev1=0 crypto rx=0 tx=0 comp rx=0 tx=0)._handle_peer_banner_payload supported=3 required=0
2024-03-08T20:47:50.639 INFO:teuthology.orchestra.run.smithi107.stdout:/usr/bin/ceph: stderr
2024-03-08T20:47:49.728+0000 7fd13e000700 1 --2- 172.21.15.107:0/1673603611 >> [v2:172.21.15.107:6800/426372446,v1:172.21.15.107:6801/426372446] conn(0x7fd124038f70 0x7fd12403b430 secure :-1 s=READY pgs=8 cs=0 l=1 rev1=1 crypto rx=0x7fd12c006fd0 tx=0x7fd12c006e40 comp rx=0 tx=0).ready entity=mgr.14120 client_cookie=0 server_cookie=0 in_seq=0 out_seq=0
2024-03-08T20:47:50.639 INFO:teuthology.orchestra.run.smithi107.stdout:/usr/bin/ceph: stderr
2024-03-08T20:47:49.733+0000 7fd144a00700 1 -- 172.21.15.107:0/1673603611 <== mon.0 v2:172.21.15.107:3300/0 6 ==== mon_command_ack([{"prefix": "get_command_descriptions"}]=0 v0) v1 ==== 72+0+184905 (secure 0 0 0) 0x7fd13004cbe0 con 0x7fd140109960
2024-03-08T20:47:50.639 INFO:teuthology.orchestra.run.smithi107.stdout:/usr/bin/ceph: stderr
2024-03-08T20:47:49.957+0000 7fd145e00700 1 -- 172.21.15.107:0/1673603611 --> [v2:172.21.15.107:6800/426372446,v1:172.21.15.107:6801/426372446] -- mgr_command(tid 0: {"prefix": "cephadm set-user", "user": "root", "target": ["mon-mgr", ""]}) v1 -- 0x7fd140107370 con 0x7fd124038f70
2024-03-08T20:47:50.639 INFO:teuthology.orchestra.run.smithi107.stdout:/usr/bin/ceph: stderr
2024-03-08T20:47:49.959+0000 7fd144a00700 1 -- 172.21.15.107:0/1673603611 <== mgr.14120 v2:172.21.15.107:6800/426372446 1 ==== mgr_command_reply(tid 0: 0 ) v1 ==== 8+0+16 (secure 0 0 0) 0x7fd140107370 con 0x7fd124038f70
2024-03-08T20:47:50.640 INFO:teuthology.orchestra.run.smithi107.stdout:/usr/bin/ceph: stderr
2024-03-08T20:47:49.961+0000 7fd145e00700 1 -- 172.21.15.107:0/1673603611 >> [v2:172.21.15.107:6800/426372446,v1:172.21.15.107:6801/426372446] conn(0x7fd124038f70 msgr2=0x7fd12403b430 secure :-1 s=STATE_CONNECTION_ESTABLISHED l=1).mark_down
2024-03-08T20:47:50.640 INFO:teuthology.orchestra.run.smithi107.stdout:/usr/bin/ceph: stderr
2024-03-08T20:47:49.961+0000 7fd145e00700 1 --2- 172.21.15.107:0/1673603611 >> [v2:172.21.15.107:6800/426372446,v1:172.21.15.107:6801/426372446] conn(0x7fd124038f70 0x7fd12403b430 secure :-1 s=READY pgs=8 cs=0 l=1 rev1=1 crypto rx=0x7fd12c006fd0 tx=0x7fd12c006e40 comp rx=0 tx=0).stop
2024-03-08T20:47:50.640 INFO:teuthology.orchestra.run.smithi107.stdout:/usr/bin/ceph: stderr
2024-03-08T20:47:49.961+0000 7fd145e00700 1 -- 172.21.15.107:0/1673603611 >> [v2:172.21.15.107:3300/0,v1:172.21.15.107:6789/0] conn(0x7fd140109960 msgr2=0x7fd14019d880 secure :-1 s=STATE_CONNECTION_ESTABLISHED l=1).mark_down
2024-03-08T20:47:50.640 INFO:teuthology.orchestra.run.smithi107.stdout:/usr/bin/ceph: stderr
2024-03-08T20:47:49.961+0000 7fd145e00700 1 --2- 172.21.15.107:0/1673603611 >> [v2:172.21.15.107:3300/0,v1:172.21.15.107:6789/0] conn(0x7fd140109960 0x7fd14019d880 secure :-1 s=READY pgs=40 cs=0 l=1 rev1=1 crypto rx=0x7fd130000c00 tx=0x7fd130011b00 comp rx=0 tx=0).stop
2024-03-08T20:47:50.640 INFO:teuthology.orchestra.run.smithi107.stdout:/usr/bin/ceph: stderr
2024-03-08T20:47:49.961+0000 7fd145e00700 1 -- 172.21.15.107:0/1673603611 shutdown_connections
2024-03-08T20:47:50.640 INFO:teuthology.orchestra.run.smithi107.stdout:/usr/bin/ceph: stderr
2024-03-08T20:47:49.961+0000 7fd145e00700 1 --2- 172.21.15.107:0/1673603611 >> [v2:172.21.15.107:6800/426372446,v1:172.21.15.107:6801/426372446] conn(0x7fd124038f70 0x7fd12403b430 unknown :-1 s=CLOSED pgs=8 cs=0 l=1 rev1=1 crypto rx=0 tx=0 comp rx=0 tx=0).stop
2024-03-08T20:47:50.640 INFO:teuthology.orchestra.run.smithi107.stdout:/usr/bin/ceph: stderr
2024-03-08T20:47:49.961+0000 7fd145e00700 1 --2- 172.21.15.107:0/1673603611 >> [v2:172.21.15.107:3300/0,v1:172.21.15.107:6789/0] conn(0x7fd140109960 0x7fd14019d880 unknown :-1 s=CLOSED pgs=40 cs=0 l=1 rev1=1 crypto rx=0 tx=0 comp rx=0 tx=0).stop
2024-03-08T20:47:50.640 INFO:teuthology.orchestra.run.smithi107.stdout:/usr/bin/ceph: stderr
2024-03-08T20:47:49.961+0000 7fd145e00700 1 -- 172.21.15.107:0/1673603611 >> 172.21.15.107:0/1673603611 conn(0x7fd14007cdd0 msgr2=0x7fd140106c60 unknown :-1 s=STATE_NONE l=0).mark_down
2024-03-08T20:47:50.640 INFO:teuthology.orchestra.run.smithi107.stdout:/usr/bin/ceph: stderr
2024-03-08T20:47:49.962+0000 7fd145e00700 1 -- 172.21.15.107:0/1673603611 shutdown_connections
2024-03-08T20:47:50.640 INFO:teuthology.orchestra.run.smithi107.stdout:/usr/bin/ceph: stderr
2024-03-08T20:47:49.962+0000 7fd145e00700 1 -- 172.21.15.107:0/1673603611 wait complete.
2024-03-08T20:47:50.640 INFO:teuthology.orchestra.run.smithi107.stdout:Generating ssh key...
2024-03-08T20:47:50.930 INFO:journalctl@ceph.mon.a.smithi107.stdout:Mar 08 20:47:50 smithi107 ceph-mon[31381]: from='client.14134 -' entity='client.admin' cmd=[{"prefix": "cephadm set-user", "user": "root", "target": ["mon-mgr", ""]}]: dispatch
2024-03-08T20:47:52.225 INFO:journalctl@ceph.mgr.x.smithi107.stdout:Mar 08 20:47:51 smithi107 ceph-dc20f0f8-dd8c-11ee-95c6-87774f69a715-mgr-x[31606]: Generating public/private rsa key pair.
2024-03-08T20:47:52.225 INFO:journalctl@ceph.mgr.x.smithi107.stdout:Mar 08 20:47:51 smithi107 ceph-dc20f0f8-dd8c-11ee-95c6-87774f69a715-mgr-x[31606]: Your identification has been saved in /tmp/tmp1y6gii45/key.
2024-03-08T20:47:52.225 INFO:journalctl@ceph.mgr.x.smithi107.stdout:Mar 08 20:47:51 smithi107 ceph-dc20f0f8-dd8c-11ee-95c6-87774f69a715-mgr-x[31606]: Your public key has been saved in /tmp/tmp1y6gii45/key.pub.
2024-03-08T20:47:52.225 INFO:journalctl@ceph.mgr.x.smithi107.stdout:Mar 08 20:47:51 smithi107 ceph-dc20f0f8-dd8c-11ee-95c6-87774f69a715-mgr-x[31606]: The key fingerprint is:
2024-03-08T20:47:52.225 INFO:journalctl@ceph.mgr.x.smithi107.stdout:Mar 08 20:47:51 smithi107 ceph-dc20f0f8-dd8c-11ee-95c6-87774f69a715-mgr-x[31606]: SHA256:Aoh7LIFDnWo8xJisDyzOAiObTdG2LZDskHF/+GkhWEs ceph-dc20f0f8-dd8c-11ee-95c6-87774f69a715
2024-03-08T20:47:52.225 INFO:journalctl@ceph.mgr.x.smithi107.stdout:Mar 08 20:47:51 smithi107 ceph-dc20f0f8-dd8c-11ee-95c6-87774f69a715-mgr-x[31606]: The key's randomart image is:
2024-03-08T20:47:52.225 INFO:journalctl@ceph.mgr.x.smithi107.stdout:Mar 08 20:47:51 smithi107 ceph-dc20f0f8-dd8c-11ee-95c6-87774f69a715-mgr-x[31606]: +---[RSA 3072]----+
2024-03-08T20:47:52.226 INFO:journalctl@ceph.mgr.x.smithi107.stdout:Mar 08 20:47:51 smithi107 ceph-dc20f0f8-dd8c-11ee-95c6-87774f69a715-mgr-x[31606]: |=*ooE |
2024-03-08T20:47:52.226 INFO:journalctl@ceph.mgr.x.smithi107.stdout:Mar 08 20:47:51 smithi107 ceph-dc20f0f8-dd8c-11ee-95c6-87774f69a715-mgr-x[31606]: |B*=Ooo |
2024-03-08T20:47:52.226 INFO:journalctl@ceph.mgr.x.smithi107.stdout:Mar 08 20:47:51 smithi107 ceph-dc20f0f8-dd8c-11ee-95c6-87774f69a715-mgr-x[31606]: |Xo++*oo |
2024-03-08T20:47:52.226 INFO:journalctl@ceph.mgr.x.smithi107.stdout:Mar 08 20:47:51 smithi107 ceph-dc20f0f8-dd8c-11ee-95c6-87774f69a715-mgr-x[31606]: |B@o o=.o |
2024-03-08T20:47:52.226 INFO:journalctl@ceph.mgr.x.smithi107.stdout:Mar 08 20:47:51 smithi107 ceph-dc20f0f8-dd8c-11ee-95c6-87774f69a715-mgr-x[31606]: |XO+ .= S |
2024-03-08T20:47:52.226 INFO:journalctl@ceph.mgr.x.smithi107.stdout:Mar 08 20:47:51 smithi107 ceph-dc20f0f8-dd8c-11ee-95c6-87774f69a715-mgr-x[31606]: |+=o . . |
2024-03-08T20:47:52.226 INFO:journalctl@ceph.mgr.x.smithi107.stdout:Mar 08 20:47:51 smithi107 ceph-dc20f0f8-dd8c-11ee-95c6-87774f69a715-mgr-x[31606]: |. |
2024-03-08T20:47:52.226 INFO:journalctl@ceph.mgr.x.smithi107.stdout:Mar 08 20:47:51 smithi107 ceph-dc20f0f8-dd8c-11ee-95c6-87774f69a715-mgr-x[31606]: | |
2024-03-08T20:47:52.226 INFO:journalctl@ceph.mgr.x.smithi107.stdout:Mar 08 20:47:51 smithi107 ceph-dc20f0f8-dd8c-11ee-95c6-87774f69a715-mgr-x[31606]: | |
2024-03-08T20:47:52.226 INFO:journalctl@ceph.mgr.x.smithi107.stdout:Mar 08 20:47:51 smithi107 ceph-dc20f0f8-dd8c-11ee-95c6-87774f69a715-mgr-x[31606]: +----[SHA256]-----+
2024-03-08T20:47:52.580 INFO:teuthology.orchestra.run.smithi107.stdout:/usr/bin/ceph: stderr
2024-03-08T20:47:51.233+0000 7f3661600700 1 Processor -- start
2024-03-08T20:47:52.580 INFO:teuthology.orchestra.run.smithi107.stdout:/usr/bin/ceph: stderr
2024-03-08T20:47:51.233+0000 7f3661600700 1 -- start start
2024-03-08T20:47:52.580 INFO:teuthology.orchestra.run.smithi107.stdout:/usr/bin/ceph: stderr
2024-03-08T20:47:51.233+0000 7f3661600700 1 --2- >> [v2:172.21.15.107:3300/0,v1:172.21.15.107:6789/0] conn(0x7f365c107780 0x7f365c107ba0 unknown :-1 s=NONE pgs=0 cs=0 l=0 rev1=0 crypto rx=0 tx=0 comp rx=0 tx=0).connect
2024-03-08T20:47:52.581 INFO:teuthology.orchestra.run.smithi107.stdout:/usr/bin/ceph: stderr
2024-03-08T20:47:51.233+0000 7f3661600700 1 -- --> [v2:172.21.15.107:3300/0,v1:172.21.15.107:6789/0] -- mon_getmap magic: 0 v1 -- 0x7f365c108170 con 0x7f365c107780
2024-03-08T20:47:52.581 INFO:teuthology.orchestra.run.smithi107.stdout:/usr/bin/ceph: stderr
2024-03-08T20:47:51.234+0000 7f365aa00700 1 --2- >> [v2:172.21.15.107:3300/0,v1:172.21.15.107:6789/0] conn(0x7f365c107780 0x7f365c107ba0 unknown :-1 s=BANNER_CONNECTING pgs=0 cs=0 l=0 rev1=0 crypto rx=0 tx=0 comp rx=0 tx=0)._handle_peer_banner_payload supported=3 required=0
2024-03-08T20:47:52.581 INFO:teuthology.orchestra.run.smithi107.stdout:/usr/bin/ceph: stderr
2024-03-08T20:47:51.234+0000 7f365aa00700 1 --2- >> [v2:172.21.15.107:3300/0,v1:172.21.15.107:6789/0] conn(0x7f365c107780 0x7f365c107ba0 unknown :-1 s=HELLO_CONNECTING pgs=0 cs=0 l=0 rev1=1 crypto rx=0 tx=0 comp rx=0 tx=0).handle_hello peer v2:172.21.15.107:3300/0 says I am v2:172.21.15.107:39920/0 (socket says 172.21.15.107:39920)
2024-03-08T20:47:52.581 INFO:teuthology.orchestra.run.smithi107.stdout:/usr/bin/ceph: stderr
2024-03-08T20:47:51.234+0000 7f365aa00700 1 -- 172.21.15.107:0/1574813684 learned_addr learned my addr 172.21.15.107:0/1574813684 (peer_addr_for_me v2:172.21.15.107:0/0)
2024-03-08T20:47:52.581 INFO:teuthology.orchestra.run.smithi107.stdout:/usr/bin/ceph: stderr
2024-03-08T20:47:51.234+0000 7f365aa00700 1 -- 172.21.15.107:0/1574813684 --> [v2:172.21.15.107:3300/0,v1:172.21.15.107:6789/0] -- mon_subscribe({config=0+,monmap=0+}) v3 -- 0x7f365c108930 con 0x7f365c107780
2024-03-08T20:47:52.581 INFO:teuthology.orchestra.run.smithi107.stdout:/usr/bin/ceph: stderr
2024-03-08T20:47:51.235+0000 7f365aa00700 1 --2- 172.21.15.107:0/1574813684 >> [v2:172.21.15.107:3300/0,v1:172.21.15.107:6789/0] conn(0x7f365c107780 0x7f365c107ba0 secure :-1 s=READY pgs=41 cs=0 l=1 rev1=1 crypto rx=0x7f364c0098a0 tx=0x7f364c009bb0 comp rx=0 tx=0).ready entity=mon.0 client_cookie=b32d122edb581391 server_cookie=0 in_seq=0 out_seq=0
2024-03-08T20:47:52.581 INFO:teuthology.orchestra.run.smithi107.stdout:/usr/bin/ceph: stderr
2024-03-08T20:47:51.235+0000 7f3659600700 1 -- 172.21.15.107:0/1574813684 <== mon.0 v2:172.21.15.107:3300/0 1 ==== mon_map magic: 0 v1 ==== 205+0+0 (secure 0 0 0) 0x7f364c004160 con 0x7f365c107780
2024-03-08T20:47:52.581 INFO:teuthology.orchestra.run.smithi107.stdout:/usr/bin/ceph: stderr
2024-03-08T20:47:51.235+0000 7f3659600700 1 -- 172.21.15.107:0/1574813684 <== mon.0 v2:172.21.15.107:3300/0 2 ==== config(26 keys) v1 ==== 1071+0+0 (secure 0 0 0) 0x7f364c004300 con 0x7f365c107780
2024-03-08T20:47:52.581 INFO:teuthology.orchestra.run.smithi107.stdout:/usr/bin/ceph: stderr
2024-03-08T20:47:51.235+0000 7f3659600700 1 -- 172.21.15.107:0/1574813684 <== mon.0 v2:172.21.15.107:3300/0 3 ==== mon_map magic: 0 v1 ==== 205+0+0 (secure 0 0 0) 0x7f364c011a80 con 0x7f365c107780
2024-03-08T20:47:52.581 INFO:teuthology.orchestra.run.smithi107.stdout:/usr/bin/ceph: stderr
2024-03-08T20:47:51.236+0000 7f3661600700 1 -- 172.21.15.107:0/1574813684 >> [v2:172.21.15.107:3300/0,v1:172.21.15.107:6789/0] conn(0x7f365c107780 msgr2=0x7f365c107ba0 secure :-1 s=STATE_CONNECTION_ESTABLISHED l=1).mark_down
2024-03-08T20:47:52.581 INFO:teuthology.orchestra.run.smithi107.stdout:/usr/bin/ceph: stderr
2024-03-08T20:47:51.236+0000 7f3661600700 1 --2- 172.21.15.107:0/1574813684 >> [v2:172.21.15.107:3300/0,v1:172.21.15.107:6789/0] conn(0x7f365c107780 0x7f365c107ba0 secure :-1 s=READY pgs=41 cs=0 l=1 rev1=1 crypto rx=0x7f364c0098a0 tx=0x7f364c009bb0 comp rx=0 tx=0).stop
2024-03-08T20:47:52.581 INFO:teuthology.orchestra.run.smithi107.stdout:/usr/bin/ceph: stderr
2024-03-08T20:47:51.236+0000 7f3661600700 1 -- 172.21.15.107:0/1574813684 shutdown_connections
2024-03-08T20:47:52.582 INFO:teuthology.orchestra.run.smithi107.stdout:/usr/bin/ceph: stderr
2024-03-08T20:47:51.236+0000 7f3661600700 1 --2- 172.21.15.107:0/1574813684 >> [v2:172.21.15.107:3300/0,v1:172.21.15.107:6789/0] conn(0x7f365c107780 0x7f365c107ba0 unknown :-1 s=CLOSED pgs=41 cs=0 l=1 rev1=1 crypto rx=0 tx=0 comp rx=0 tx=0).stop
2024-03-08T20:47:52.582 INFO:teuthology.orchestra.run.smithi107.stdout:/usr/bin/ceph: stderr
2024-03-08T20:47:51.236+0000 7f3661600700 1 -- 172.21.15.107:0/1574813684 >> 172.21.15.107:0/1574813684 conn(0x7f365c102da0 msgr2=0x7f365c1051c0 unknown :-1 s=STATE_NONE l=0).mark_down
2024-03-08T20:47:52.582 INFO:teuthology.orchestra.run.smithi107.stdout:/usr/bin/ceph: stderr
2024-03-08T20:47:51.236+0000 7f3661600700 1 -- 172.21.15.107:0/1574813684 shutdown_connections
2024-03-08T20:47:52.582 INFO:teuthology.orchestra.run.smithi107.stdout:/usr/bin/ceph: stderr
2024-03-08T20:47:51.236+0000 7f3661600700 1 -- 172.21.15.107:0/1574813684 wait complete.
2024-03-08T20:47:52.582 INFO:teuthology.orchestra.run.smithi107.stdout:/usr/bin/ceph: stderr
2024-03-08T20:47:51.237+0000 7f3661600700 1 Processor -- start
2024-03-08T20:47:52.582 INFO:teuthology.orchestra.run.smithi107.stdout:/usr/bin/ceph: stderr
2024-03-08T20:47:51.237+0000 7f3661600700 1 -- start start
2024-03-08T20:47:52.582 INFO:teuthology.orchestra.run.smithi107.stdout:/usr/bin/ceph: stderr
2024-03-08T20:47:51.238+0000 7f3661600700 1 --2- >> [v2:172.21.15.107:3300/0,v1:172.21.15.107:6789/0] conn(0x7f365c107780 0x7f365c07cb90 unknown :-1 s=NONE pgs=0 cs=0 l=1 rev1=0 crypto rx=0 tx=0 comp rx=0 tx=0).connect
2024-03-08T20:47:52.582 INFO:teuthology.orchestra.run.smithi107.stdout:/usr/bin/ceph: stderr
2024-03-08T20:47:51.238+0000 7f3661600700 1 -- --> [v2:172.21.15.107:3300/0,v1:172.21.15.107:6789/0] -- mon_getmap magic: 0 v1 -- 0x7f365c10bce0 con 0x7f365c107780
2024-03-08T20:47:52.582 INFO:teuthology.orchestra.run.smithi107.stdout:/usr/bin/ceph: stderr
2024-03-08T20:47:51.238+0000 7f365aa00700 1 --2- >> [v2:172.21.15.107:3300/0,v1:172.21.15.107:6789/0] conn(0x7f365c107780 0x7f365c07cb90 unknown :-1 s=BANNER_CONNECTING pgs=0 cs=0 l=1 rev1=0 crypto rx=0 tx=0 comp rx=0 tx=0)._handle_peer_banner_payload supported=3 required=0
2024-03-08T20:47:52.582 INFO:teuthology.orchestra.run.smithi107.stdout:/usr/bin/ceph: stderr
2024-03-08T20:47:51.238+0000 7f365aa00700 1 --2- >> [v2:172.21.15.107:3300/0,v1:172.21.15.107:6789/0] conn(0x7f365c107780 0x7f365c07cb90 unknown :-1 s=HELLO_CONNECTING pgs=0 cs=0 l=1 rev1=1 crypto rx=0 tx=0 comp rx=0 tx=0).handle_hello peer v2:172.21.15.107:3300/0 says I am v2:172.21.15.107:39934/0 (socket says 172.21.15.107:39934)
2024-03-08T20:47:52.582 INFO:teuthology.orchestra.run.smithi107.stdout:/usr/bin/ceph: stderr
2024-03-08T20:47:51.238+0000 7f365aa00700 1 -- 172.21.15.107:0/1207605888 learned_addr learned my addr 172.21.15.107:0/1207605888 (peer_addr_for_me v2:172.21.15.107:0/0)
2024-03-08T20:47:52.582 INFO:teuthology.orchestra.run.smithi107.stdout:/usr/bin/ceph: stderr
2024-03-08T20:47:51.238+0000 7f365aa00700 1 -- 172.21.15.107:0/1207605888 --> [v2:172.21.15.107:3300/0,v1:172.21.15.107:6789/0] -- mon_subscribe({config=0+,monmap=0+}) v3 -- 0x7f365c07d0d0 con 0x7f365c107780
2024-03-08T20:47:52.582 INFO:teuthology.orchestra.run.smithi107.stdout:/usr/bin/ceph: stderr
2024-03-08T20:47:51.238+0000 7f365aa00700 1 --2- 172.21.15.107:0/1207605888 >> [v2:172.21.15.107:3300/0,v1:172.21.15.107:6789/0] conn(0x7f365c107780 0x7f365c07cb90 secure :-1 s=READY pgs=42 cs=0 l=1 rev1=1 crypto rx=0x7f364c000c00 tx=0x7f364c011b00 comp rx=0 tx=0).ready entity=mon.0 client_cookie=0 server_cookie=0 in_seq=0 out_seq=0
2024-03-08T20:47:52.583 INFO:teuthology.orchestra.run.smithi107.stdout:/usr/bin/ceph: stderr
2024-03-08T20:47:51.239+0000 7f3653400700 1 -- 172.21.15.107:0/1207605888 <== mon.0 v2:172.21.15.107:3300/0 1 ==== mon_map magic: 0 v1 ==== 205+0+0 (secure 0 0 0) 0x7f364c0039f0 con 0x7f365c107780
2024-03-08T20:47:52.583 INFO:teuthology.orchestra.run.smithi107.stdout:/usr/bin/ceph: stderr
2024-03-08T20:47:51.239+0000 7f3653400700 1 -- 172.21.15.107:0/1207605888 <== mon.0 v2:172.21.15.107:3300/0 2 ==== config(26 keys) v1 ==== 1071+0+0 (secure 0 0 0) 0x7f364c003b90 con 0x7f365c107780
2024-03-08T20:47:52.583 INFO:teuthology.orchestra.run.smithi107.stdout:/usr/bin/ceph: stderr
2024-03-08T20:47:51.239+0000 7f3661600700 1 -- 172.21.15.107:0/1207605888 --> [v2:172.21.15.107:3300/0,v1:172.21.15.107:6789/0] -- mon_subscribe({mgrmap=0+}) v3 -- 0x7f365c07b2c0 con 0x7f365c107780
2024-03-08T20:47:52.583 INFO:teuthology.orchestra.run.smithi107.stdout:/usr/bin/ceph: stderr
2024-03-08T20:47:51.239+0000 7f3653400700 1 -- 172.21.15.107:0/1207605888 <== mon.0 v2:172.21.15.107:3300/0 3 ==== mon_map magic: 0 v1 ==== 205+0+0 (secure 0 0 0) 0x7f364c01a740 con 0x7f365c107780
2024-03-08T20:47:52.583 INFO:teuthology.orchestra.run.smithi107.stdout:/usr/bin/ceph: stderr
2024-03-08T20:47:51.239+0000 7f3661600700 1 -- 172.21.15.107:0/1207605888 --> [v2:172.21.15.107:3300/0,v1:172.21.15.107:6789/0] -- mon_subscribe({osdmap=0}) v3 -- 0x7f365c07b800 con 0x7f365c107780
2024-03-08T20:47:52.583 INFO:teuthology.orchestra.run.smithi107.stdout:/usr/bin/ceph: stderr
2024-03-08T20:47:51.240+0000 7f3653400700 1 -- 172.21.15.107:0/1207605888 <== mon.0 v2:172.21.15.107:3300/0 4 ==== mgrmap(e 8) v1 ==== 46106+0+0 (secure 0 0 0) 0x7f364c024af0 con 0x7f365c107780
2024-03-08T20:47:52.583 INFO:teuthology.orchestra.run.smithi107.stdout:/usr/bin/ceph: stderr
2024-03-08T20:47:51.240+0000 7f3661600700 1 -- 172.21.15.107:0/1207605888 --> [v2:172.21.15.107:3300/0,v1:172.21.15.107:6789/0] -- mon_command({"prefix": "get_command_descriptions"} v 0) v1 -- 0x7f365c063410 con 0x7f365c107780
2024-03-08T20:47:52.583 INFO:teuthology.orchestra.run.smithi107.stdout:/usr/bin/ceph: stderr
2024-03-08T20:47:51.240+0000 7f3653400700 1 --2- 172.21.15.107:0/1207605888 >> [v2:172.21.15.107:6800/426372446,v1:172.21.15.107:6801/426372446] conn(0x7f3640038f70 0x7f364003b430 unknown :-1 s=NONE pgs=0 cs=0 l=1 rev1=0 crypto rx=0 tx=0 comp rx=0 tx=0).connect
2024-03-08T20:47:52.583 INFO:teuthology.orchestra.run.smithi107.stdout:/usr/bin/ceph: stderr
2024-03-08T20:47:51.240+0000 7f3653400700 1 -- 172.21.15.107:0/1207605888 <== mon.0 v2:172.21.15.107:3300/0 5 ==== osd_map(2..2 src has 1..2) v4 ==== 940+0+0 (secure 0 0 0) 0x7f364c04d1f0 con 0x7f365c107780
2024-03-08T20:47:52.583 INFO:teuthology.orchestra.run.smithi107.stdout:/usr/bin/ceph: stderr
2024-03-08T20:47:51.241+0000 7f365a000700 1 --2- 172.21.15.107:0/1207605888 >> [v2:172.21.15.107:6800/426372446,v1:172.21.15.107:6801/426372446] conn(0x7f3640038f70 0x7f364003b430 unknown :-1 s=BANNER_CONNECTING pgs=0 cs=0 l=1 rev1=0 crypto rx=0 tx=0 comp rx=0 tx=0)._handle_peer_banner_payload supported=3 required=0
2024-03-08T20:47:52.583 INFO:teuthology.orchestra.run.smithi107.stdout:/usr/bin/ceph: stderr
2024-03-08T20:47:51.242+0000 7f365a000700 1 --2- 172.21.15.107:0/1207605888 >> [v2:172.21.15.107:6800/426372446,v1:172.21.15.107:6801/426372446] conn(0x7f3640038f70 0x7f364003b430 secure :-1 s=READY pgs=9 cs=0 l=1 rev1=1 crypto rx=0x7f3648006fd0 tx=0x7f3648006e40 comp rx=0 tx=0).ready entity=mgr.14120 client_cookie=0 server_cookie=0 in_seq=0 out_seq=0
2024-03-08T20:47:52.583 INFO:teuthology.orchestra.run.smithi107.stdout:/usr/bin/ceph: stderr
2024-03-08T20:47:51.246+0000 7f3653400700 1 -- 172.21.15.107:0/1207605888 <== mon.0 v2:172.21.15.107:3300/0 6 ==== mon_command_ack([{"prefix": "get_command_descriptions"}]=0 v0) v1 ==== 72+0+184905 (secure 0 0 0) 0x7f364c00bca0 con 0x7f365c107780
2024-03-08T20:47:52.583 INFO:teuthology.orchestra.run.smithi107.stdout:/usr/bin/ceph: stderr
2024-03-08T20:47:51.465+0000 7f3661600700 1 -- 172.21.15.107:0/1207605888 --> [v2:172.21.15.107:6800/426372446,v1:172.21.15.107:6801/426372446] -- mgr_command(tid 0: {"prefix": "cephadm generate-key", "target": ["mon-mgr", ""]}) v1 -- 0x7f365c103fe0 con 0x7f3640038f70
2024-03-08T20:47:52.584 INFO:teuthology.orchestra.run.smithi107.stdout:/usr/bin/ceph: stderr
2024-03-08T20:47:51.929+0000 7f3653400700 1 -- 172.21.15.107:0/1207605888 <== mgr.14120 v2:172.21.15.107:6800/426372446 1 ==== mgr_command_reply(tid 0: 0 ) v1 ==== 8+0+0 (secure 0 0 0) 0x7f365c103fe0 con 0x7f3640038f70
2024-03-08T20:47:52.584 INFO:teuthology.orchestra.run.smithi107.stdout:/usr/bin/ceph: stderr
2024-03-08T20:47:51.932+0000 7f3661600700 1 -- 172.21.15.107:0/1207605888 >> [v2:172.21.15.107:6800/426372446,v1:172.21.15.107:6801/426372446] conn(0x7f3640038f70 msgr2=0x7f364003b430 secure :-1 s=STATE_CONNECTION_ESTABLISHED l=1).mark_down
2024-03-08T20:47:52.584 INFO:teuthology.orchestra.run.smithi107.stdout:/usr/bin/ceph: stderr
2024-03-08T20:47:51.932+0000 7f3661600700 1 --2- 172.21.15.107:0/1207605888 >> [v2:172.21.15.107:6800/426372446,v1:172.21.15.107:6801/426372446] conn(0x7f3640038f70 0x7f364003b430 secure :-1 s=READY pgs=9 cs=0 l=1 rev1=1 crypto rx=0x7f3648006fd0 tx=0x7f3648006e40 comp rx=0 tx=0).stop
2024-03-08T20:47:52.584 INFO:teuthology.orchestra.run.smithi107.stdout:/usr/bin/ceph: stderr
2024-03-08T20:47:51.932+0000 7f3661600700 1 -- 172.21.15.107:0/1207605888 >> [v2:172.21.15.107:3300/0,v1:172.21.15.107:6789/0] conn(0x7f365c107780 msgr2=0x7f365c07cb90 secure :-1 s=STATE_CONNECTION_ESTABLISHED l=1).mark_down
2024-03-08T20:47:52.584 INFO:teuthology.orchestra.run.smithi107.stdout:/usr/bin/ceph: stderr
2024-03-08T20:47:51.932+0000 7f3661600700 1 --2- 172.21.15.107:0/1207605888 >> [v2:172.21.15.107:3300/0,v1:172.21.15.107:6789/0] conn(0x7f365c107780 0x7f365c07cb90 secure :-1 s=READY pgs=42 cs=0 l=1 rev1=1 crypto rx=0x7f364c000c00 tx=0x7f364c011b00 comp rx=0 tx=0).stop
2024-03-08T20:47:52.584 INFO:teuthology.orchestra.run.smithi107.stdout:/usr/bin/ceph: stderr
2024-03-08T20:47:51.932+0000 7f3661600700 1 -- 172.21.15.107:0/1207605888 shutdown_connections
2024-03-08T20:47:52.584 INFO:teuthology.orchestra.run.smithi107.stdout:/usr/bin/ceph: stderr
2024-03-08T20:47:51.932+0000 7f3661600700 1 --2- 172.21.15.107:0/1207605888 >> [v2:172.21.15.107:6800/426372446,v1:172.21.15.107:6801/426372446] conn(0x7f3640038f70 0x7f364003b430 unknown :-1 s=CLOSED pgs=9 cs=0 l=1 rev1=1 crypto rx=0 tx=0 comp rx=0 tx=0).stop
2024-03-08T20:47:52.584 INFO:teuthology.orchestra.run.smithi107.stdout:/usr/bin/ceph: stderr
2024-03-08T20:47:51.932+0000 7f3661600700 1 --2- 172.21.15.107:0/1207605888 >> [v2:172.21.15.107:3300/0,v1:172.21.15.107:6789/0] conn(0x7f365c107780 0x7f365c07cb90 unknown :-1 s=CLOSED pgs=42 cs=0 l=1 rev1=1 crypto rx=0 tx=0 comp rx=0 tx=0).stop
2024-03-08T20:47:52.584 INFO:teuthology.orchestra.run.smithi107.stdout:/usr/bin/ceph: stderr
2024-03-08T20:47:51.932+0000 7f3661600700 1 -- 172.21.15.107:0/1207605888 >> 172.21.15.107:0/1207605888 conn(0x7f365c102da0 msgr2=0x7f365c1038d0 unknown :-1 s=STATE_NONE l=0).mark_down
2024-03-08T20:47:52.584 INFO:teuthology.orchestra.run.smithi107.stdout:/usr/bin/ceph: stderr
2024-03-08T20:47:51.933+0000 7f3661600700 1 -- 172.21.15.107:0/1207605888 shutdown_connections
2024-03-08T20:47:52.584 INFO:teuthology.orchestra.run.smithi107.stdout:/usr/bin/ceph: stderr
2024-03-08T20:47:51.933+0000 7f3661600700 1 -- 172.21.15.107:0/1207605888 wait complete.
2024-03-08T20:47:53.130 INFO:journalctl@ceph.mon.a.smithi107.stdout:Mar 08 20:47:52 smithi107 ceph-mon[31381]: from='client.14136 -' entity='client.admin' cmd=[{"prefix": "cephadm generate-key", "target": ["mon-mgr", ""]}]: dispatch
2024-03-08T20:47:53.130 INFO:journalctl@ceph.mon.a.smithi107.stdout:Mar 08 20:47:52 smithi107 ceph-mon[31381]: Generating ssh key...
2024-03-08T20:47:53.130 INFO:journalctl@ceph.mon.a.smithi107.stdout:Mar 08 20:47:52 smithi107 ceph-mon[31381]: from='mgr.14120 172.21.15.107:0/283560839' entity='mgr.x'
