2024-03-08T22:47:01.400+0000 7f164a800700 1 -- 172.21.15.6:0/564209394 >> 172.21.15.6:0/564209394 conn(0x7f16440fded0 msgr2=0x7f1644100300 unknown :-1 s=STATE_NONE l=0).mark_down
2024-03-08T22:47:02.893 INFO:teuthology.orchestra.run.smithi006.stdout:/usr/bin/ceph: stderr
2024-03-08T22:47:01.400+0000 7f164a800700 1 -- 172.21.15.6:0/564209394 shutdown_connections
2024-03-08T22:47:02.893 INFO:teuthology.orchestra.run.smithi006.stdout:/usr/bin/ceph: stderr
2024-03-08T22:47:01.400+0000 7f164a800700 1 -- 172.21.15.6:0/564209394 wait complete.
2024-03-08T22:47:02.893 INFO:teuthology.orchestra.run.smithi006.stdout:/usr/bin/ceph: stderr
2024-03-08T22:47:01.401+0000 7f164a800700 1 Processor -- start
2024-03-08T22:47:02.893 INFO:teuthology.orchestra.run.smithi006.stdout:/usr/bin/ceph: stderr
2024-03-08T22:47:01.401+0000 7f164a800700 1 -- start start
2024-03-08T22:47:02.893 INFO:teuthology.orchestra.run.smithi006.stdout:/usr/bin/ceph: stderr
2024-03-08T22:47:01.401+0000 7f164a800700 1 --2- >> [v2:172.21.15.6:3300/0,v1:172.21.15.6:6789/0] conn(0x7f1644102770 0x7f1644077c00 unknown :-1 s=NONE pgs=0 cs=0 l=1 rev1=0 crypto rx=0 tx=0 comp rx=0 tx=0).connect
2024-03-08T22:47:02.893 INFO:teuthology.orchestra.run.smithi006.stdout:/usr/bin/ceph: stderr
2024-03-08T22:47:01.401+0000 7f164a800700 1 -- --> [v2:172.21.15.6:3300/0,v1:172.21.15.6:6789/0] -- mon_getmap magic: 0 v1 -- 0x7f1644076080 con 0x7f1644102770
2024-03-08T22:47:02.893 INFO:teuthology.orchestra.run.smithi006.stdout:/usr/bin/ceph: stderr
2024-03-08T22:47:01.401+0000 7f1643400700 1 --2- >> [v2:172.21.15.6:3300/0,v1:172.21.15.6:6789/0] conn(0x7f1644102770 0x7f1644077c00 unknown :-1 s=BANNER_CONNECTING pgs=0 cs=0 l=1 rev1=0 crypto rx=0 tx=0 comp rx=0 tx=0)._handle_peer_banner_payload supported=3 required=0
2024-03-08T22:47:02.893 INFO:teuthology.orchestra.run.smithi006.stdout:/usr/bin/ceph: stderr
2024-03-08T22:47:01.401+0000 7f1643400700 1 --2- >> [v2:172.21.15.6:3300/0,v1:172.21.15.6:6789/0] conn(0x7f1644102770 0x7f1644077c00 unknown :-1 s=HELLO_CONNECTING pgs=0 cs=0 l=1 rev1=1 crypto rx=0 tx=0 comp rx=0 tx=0).handle_hello peer v2:172.21.15.6:3300/0 says I am v2:172.21.15.6:41412/0 (socket says 172.21.15.6:41412)
2024-03-08T22:47:02.893 INFO:teuthology.orchestra.run.smithi006.stdout:/usr/bin/ceph: stderr
2024-03-08T22:47:01.402+0000 7f1643400700 1 -- 172.21.15.6:0/3079498997 learned_addr learned my addr 172.21.15.6:0/3079498997 (peer_addr_for_me v2:172.21.15.6:0/0)
2024-03-08T22:47:02.893 INFO:teuthology.orchestra.run.smithi006.stdout:/usr/bin/ceph: stderr
2024-03-08T22:47:01.402+0000 7f1643400700 1 -- 172.21.15.6:0/3079498997 --> [v2:172.21.15.6:3300/0,v1:172.21.15.6:6789/0] -- mon_subscribe({config=0+,monmap=0+}) v3 -- 0x7f16340094f0 con 0x7f1644102770
2024-03-08T22:47:02.893 INFO:teuthology.orchestra.run.smithi006.stdout:/usr/bin/ceph: stderr
2024-03-08T22:47:01.402+0000 7f1643400700 1 --2- 172.21.15.6:0/3079498997 >> [v2:172.21.15.6:3300/0,v1:172.21.15.6:6789/0] conn(0x7f1644102770 0x7f1644077c00 secure :-1 s=READY pgs=48 cs=0 l=1 rev1=1 crypto rx=0x7f163400b440 tx=0x7f1634009250 comp rx=0 tx=0).ready entity=mon.0 client_cookie=0 server_cookie=0 in_seq=0 out_seq=0
2024-03-08T22:47:02.894 INFO:teuthology.orchestra.run.smithi006.stdout:/usr/bin/ceph: stderr
2024-03-08T22:47:01.402+0000 7f163b400700 1 -- 172.21.15.6:0/3079498997 <== mon.0 v2:172.21.15.6:3300/0 1 ==== mon_map magic: 0 v1 ==== 229+0+0 (secure 0 0 0) 0x7f16340107c0 con 0x7f1644102770
2024-03-08T22:47:02.894 INFO:teuthology.orchestra.run.smithi006.stdout:/usr/bin/ceph: stderr
2024-03-08T22:47:01.402+0000 7f163b400700 1 -- 172.21.15.6:0/3079498997 <== mon.0 v2:172.21.15.6:3300/0 2 ==== config(27 keys) v1 ==== 1044+0+0 (secure 0 0 0) 0x7f1634010db0 con 0x7f1644102770
2024-03-08T22:47:02.894 INFO:teuthology.orchestra.run.smithi006.stdout:/usr/bin/ceph: stderr
2024-03-08T22:47:01.402+0000 7f163b400700 1 -- 172.21.15.6:0/3079498997 <== mon.0 v2:172.21.15.6:3300/0 3 ==== mon_map magic: 0 v1 ==== 229+0+0 (secure 0 0 0) 0x7f163401ada0 con 0x7f1644102770
2024-03-08T22:47:02.894 INFO:teuthology.orchestra.run.smithi006.stdout:/usr/bin/ceph: stderr
2024-03-08T22:47:01.402+0000 7f164a800700 1 -- 172.21.15.6:0/3079498997 --> [v2:172.21.15.6:3300/0,v1:172.21.15.6:6789/0] -- mon_subscribe({mgrmap=0+}) v3 -- 0x7f1644076280 con 0x7f1644102770
2024-03-08T22:47:02.894 INFO:teuthology.orchestra.run.smithi006.stdout:/usr/bin/ceph: stderr
2024-03-08T22:47:01.403+0000 7f164a800700 1 -- 172.21.15.6:0/3079498997 --> [v2:172.21.15.6:3300/0,v1:172.21.15.6:6789/0] -- mon_subscribe({osdmap=0}) v3 -- 0x7f1644076710 con 0x7f1644102770
2024-03-08T22:47:02.894 INFO:teuthology.orchestra.run.smithi006.stdout:/usr/bin/ceph: stderr
2024-03-08T22:47:01.404+0000 7f163b400700 1 -- 172.21.15.6:0/3079498997 <== mon.0 v2:172.21.15.6:3300/0 4 ==== mgrmap(e 8) v1 ==== 43368+0+0 (secure 0 0 0) 0x7f1634010920 con 0x7f1644102770
2024-03-08T22:47:02.894 INFO:teuthology.orchestra.run.smithi006.stdout:/usr/bin/ceph: stderr
2024-03-08T22:47:01.404+0000 7f164a800700 1 -- 172.21.15.6:0/3079498997 --> [v2:172.21.15.6:3300/0,v1:172.21.15.6:6789/0] -- mon_command({"prefix": "get_command_descriptions"} v 0) v1 -- 0x7f164410b670 con 0x7f1644102770
2024-03-08T22:47:02.894 INFO:teuthology.orchestra.run.smithi006.stdout:/usr/bin/ceph: stderr
2024-03-08T22:47:01.404+0000 7f163b400700 1 --2- 172.21.15.6:0/3079498997 >> [v2:172.21.15.6:6800/2944032136,v1:172.21.15.6:6801/2944032136] conn(0x7f16280367e0 0x7f1628038c90 unknown :-1 s=NONE pgs=0 cs=0 l=1 rev1=0 crypto rx=0 tx=0 comp rx=0 tx=0).connect
2024-03-08T22:47:02.894 INFO:teuthology.orchestra.run.smithi006.stdout:/usr/bin/ceph: stderr
2024-03-08T22:47:01.404+0000 7f163b400700 1 -- 172.21.15.6:0/3079498997 <== mon.0 v2:172.21.15.6:3300/0 5 ==== osd_map(2..2 src has 1..2) v4 ==== 936+0+0 (secure 0 0 0) 0x7f163404ad30 con 0x7f1644102770
2024-03-08T22:47:02.894 INFO:teuthology.orchestra.run.smithi006.stdout:/usr/bin/ceph: stderr
2024-03-08T22:47:01.405+0000 7f1642a00700 1 --2- 172.21.15.6:0/3079498997 >> [v2:172.21.15.6:6800/2944032136,v1:172.21.15.6:6801/2944032136] conn(0x7f16280367e0 0x7f1628038c90 unknown :-1 s=BANNER_CONNECTING pgs=0 cs=0 l=1 rev1=0 crypto rx=0 tx=0 comp rx=0 tx=0)._handle_peer_banner_payload supported=3 required=0
2024-03-08T22:47:02.894 INFO:teuthology.orchestra.run.smithi006.stdout:/usr/bin/ceph: stderr
2024-03-08T22:47:01.405+0000 7f1642a00700 1 --2- 172.21.15.6:0/3079498997 >> [v2:172.21.15.6:6800/2944032136,v1:172.21.15.6:6801/2944032136] conn(0x7f16280367e0 0x7f1628038c90 secure :-1 s=READY pgs=12 cs=0 l=1 rev1=1 crypto rx=0x7f1630009990 tx=0x7f1630006e40 comp rx=0 tx=0).ready entity=mgr.14120 client_cookie=0 server_cookie=0 in_seq=0 out_seq=0
2024-03-08T22:47:02.894 INFO:teuthology.orchestra.run.smithi006.stdout:/usr/bin/ceph: stderr
2024-03-08T22:47:01.410+0000 7f163b400700 1 -- 172.21.15.6:0/3079498997 <== mon.0 v2:172.21.15.6:3300/0 6 ==== mon_command_ack([{"prefix": "get_command_descriptions"}]=0 v0) v1 ==== 72+0+175031 (secure 0 0 0) 0x7f1634018710 con 0x7f1644102770
2024-03-08T22:47:02.894 INFO:teuthology.orchestra.run.smithi006.stdout:/usr/bin/ceph: stderr
2024-03-08T22:47:01.656+0000 7f164a800700 1 -- 172.21.15.6:0/3079498997 --> [v2:172.21.15.6:6800/2944032136,v1:172.21.15.6:6801/2944032136] -- mgr_command(tid 0: {"prefix": "orch apply", "service_type": "mon", "target": ["mon-mgr", ""]}) v1 -- 0x7f1644104750 con 0x7f16280367e0
2024-03-08T22:47:02.895 INFO:teuthology.orchestra.run.smithi006.stdout:/usr/bin/ceph: stderr
2024-03-08T22:47:01.665+0000 7f163b400700 1 -- 172.21.15.6:0/3079498997 <== mgr.14120 v2:172.21.15.6:6800/2944032136 1 ==== mgr_command_reply(tid 0: 0 ) v1 ==== 8+0+24 (secure 0 0 0) 0x7f1644104750 con 0x7f16280367e0
2024-03-08T22:47:02.895 INFO:teuthology.orchestra.run.smithi006.stdout:/usr/bin/ceph: stderr
2024-03-08T22:47:01.668+0000 7f164a800700 1 -- 172.21.15.6:0/3079498997 >> [v2:172.21.15.6:6800/2944032136,v1:172.21.15.6:6801/2944032136] conn(0x7f16280367e0 msgr2=0x7f1628038c90 secure :-1 s=STATE_CONNECTION_ESTABLISHED l=1).mark_down
2024-03-08T22:47:02.895 INFO:teuthology.orchestra.run.smithi006.stdout:/usr/bin/ceph: stderr
2024-03-08T22:47:01.668+0000 7f164a800700 1 --2- 172.21.15.6:0/3079498997 >> [v2:172.21.15.6:6800/2944032136,v1:172.21.15.6:6801/2944032136] conn(0x7f16280367e0 0x7f1628038c90 secure :-1 s=READY pgs=12 cs=0 l=1 rev1=1 crypto rx=0x7f1630009990 tx=0x7f1630006e40 comp rx=0 tx=0).stop
2024-03-08T22:47:02.895 INFO:teuthology.orchestra.run.smithi006.stdout:/usr/bin/ceph: stderr
2024-03-08T22:47:01.668+0000 7f164a800700 1 -- 172.21.15.6:0/3079498997 >> [v2:172.21.15.6:3300/0,v1:172.21.15.6:6789/0] conn(0x7f1644102770 msgr2=0x7f1644077c00 secure :-1 s=STATE_CONNECTION_ESTABLISHED l=1).mark_down
2024-03-08T22:47:02.895 INFO:teuthology.orchestra.run.smithi006.stdout:/usr/bin/ceph: stderr
2024-03-08T22:47:01.668+0000 7f164a800700 1 --2- 172.21.15.6:0/3079498997 >> [v2:172.21.15.6:3300/0,v1:172.21.15.6:6789/0] conn(0x7f1644102770 0x7f1644077c00 secure :-1 s=READY pgs=48 cs=0 l=1 rev1=1 crypto rx=0x7f163400b440 tx=0x7f1634009250 comp rx=0 tx=0).stop
2024-03-08T22:47:02.895 INFO:teuthology.orchestra.run.smithi006.stdout:/usr/bin/ceph: stderr
2024-03-08T22:47:01.669+0000 7f164a800700 1 -- 172.21.15.6:0/3079498997 shutdown_connections
2024-03-08T22:47:02.895 INFO:teuthology.orchestra.run.smithi006.stdout:/usr/bin/ceph: stderr
2024-03-08T22:47:01.669+0000 7f164a800700 1 --2- 172.21.15.6:0/3079498997 >> [v2:172.21.15.6:6800/2944032136,v1:172.21.15.6:6801/2944032136] conn(0x7f16280367e0 0x7f1628038c90 unknown :-1 s=CLOSED pgs=12 cs=0 l=1 rev1=1 crypto rx=0 tx=0 comp rx=0 tx=0).stop
2024-03-08T22:47:02.895 INFO:teuthology.orchestra.run.smithi006.stdout:/usr/bin/ceph: stderr
2024-03-08T22:47:01.669+0000 7f164a800700 1 --2- 172.21.15.6:0/3079498997 >> [v2:172.21.15.6:3300/0,v1:172.21.15.6:6789/0] conn(0x7f1644102770 0x7f1644077c00 unknown :-1 s=CLOSED pgs=48 cs=0 l=1 rev1=1 crypto rx=0 tx=0 comp rx=0 tx=0).stop
2024-03-08T22:47:02.895 INFO:teuthology.orchestra.run.smithi006.stdout:/usr/bin/ceph: stderr
2024-03-08T22:47:01.669+0000 7f164a800700 1 -- 172.21.15.6:0/3079498997 >> 172.21.15.6:0/3079498997 conn(0x7f16440fded0 msgr2=0x7f16440fed90 unknown :-1 s=STATE_NONE l=0).mark_down
2024-03-08T22:47:02.895 INFO:teuthology.orchestra.run.smithi006.stdout:/usr/bin/ceph: stderr
2024-03-08T22:47:01.669+0000 7f164a800700 1 -- 172.21.15.6:0/3079498997 shutdown_connections
2024-03-08T22:47:02.895 INFO:teuthology.orchestra.run.smithi006.stdout:/usr/bin/ceph: stderr
2024-03-08T22:47:01.669+0000 7f164a800700 1 -- 172.21.15.6:0/3079498997 wait complete.
2024-03-08T22:47:02.895 INFO:teuthology.orchestra.run.smithi006.stdout:Deploying mgr service with default placement...
2024-03-08T22:47:03.048 INFO:journalctl@ceph.mon.smithi006.smithi006.stdout:Mar 08 22:47:02 smithi006 ceph-mon[29176]: from='client.14142 -' entity='client.admin' cmd=[{"prefix": "orch apply", "service_type": "mon", "target": ["mon-mgr", ""]}]: dispatch
2024-03-08T22:47:03.048 INFO:journalctl@ceph.mon.smithi006.smithi006.stdout:Mar 08 22:47:02 smithi006 ceph-mon[29176]: Saving service mon spec with placement count:5
2024-03-08T22:47:03.048 INFO:journalctl@ceph.mon.smithi006.smithi006.stdout:Mar 08 22:47:02 smithi006 ceph-mon[29176]: from='mgr.14120 172.21.15.6:0/615158903' entity='mgr.smithi006.zliges'
2024-03-08T22:47:04.497 INFO:journalctl@ceph.mon.smithi006.smithi006.stdout:Mar 08 22:47:04 smithi006 ceph-mon[29176]: from='mgr.14120 172.21.15.6:0/615158903' entity='mgr.smithi006.zliges'
2024-03-08T22:47:04.497 INFO:journalctl@ceph.mon.smithi006.smithi006.stdout:Mar 08 22:47:04 smithi006 ceph-mon[29176]: from='mgr.14120 172.21.15.6:0/615158903' entity='mgr.smithi006.zliges'
2024-03-08T22:47:04.497 INFO:journalctl@ceph.mon.smithi006.smithi006.stdout:Mar 08 22:47:04 smithi006 ceph-mon[29176]: from='mgr.14120 172.21.15.6:0/615158903' entity='mgr.smithi006.zliges'
2024-03-08T22:47:04.797 INFO:teuthology.orchestra.run.smithi006.stdout:/usr/bin/ceph: stdout Scheduled mgr update...
2024-03-08T22:47:04.797 INFO:teuthology.orchestra.run.smithi006.stdout:/usr/bin/ceph: stderr
2024-03-08T22:47:03.885+0000 7fc013e00700 1 Processor -- start
2024-03-08T22:47:04.798 INFO:teuthology.orchestra.run.smithi006.stdout:/usr/bin/ceph: stderr
2024-03-08T22:47:03.885+0000 7fc013e00700 1 -- start start
2024-03-08T22:47:04.798 INFO:teuthology.orchestra.run.smithi006.stdout:/usr/bin/ceph: stderr
2024-03-08T22:47:03.885+0000 7fc013e00700 1 --2- >> [v2:172.21.15.6:3300/0,v1:172.21.15.6:6789/0] conn(0x7fc00c102770 0x7fc00c102b80 unknown :-1 s=NONE pgs=0 cs=0 l=0 rev1=0 crypto rx=0 tx=0 comp rx=0 tx=0).connect
2024-03-08T22:47:04.798 INFO:teuthology.orchestra.run.smithi006.stdout:/usr/bin/ceph: stderr
2024-03-08T22:47:03.885+0000 7fc013e00700 1 -- --> [v2:172.21.15.6:3300/0,v1:172.21.15.6:6789/0] -- mon_getmap magic: 0 v1 -- 0x7fc00c1030c0 con 0x7fc00c102770
2024-03-08T22:47:04.798 INFO:teuthology.orchestra.run.smithi006.stdout:/usr/bin/ceph: stderr
2024-03-08T22:47:03.886+0000 7fc011400700 1 --2- >> [v2:172.21.15.6:3300/0,v1:172.21.15.6:6789/0] conn(0x7fc00c102770 0x7fc00c102b80 unknown :-1 s=BANNER_CONNECTING pgs=0 cs=0 l=0 rev1=0 crypto rx=0 tx=0 comp rx=0 tx=0)._handle_peer_banner_payload supported=3 required=0
2024-03-08T22:47:04.798 INFO:teuthology.orchestra.run.smithi006.stdout:/usr/bin/ceph: stderr
2024-03-08T22:47:03.886+0000 7fc011400700 1 --2- >> [v2:172.21.15.6:3300/0,v1:172.21.15.6:6789/0] conn(0x7fc00c102770 0x7fc00c102b80 unknown :-1 s=HELLO_CONNECTING pgs=0 cs=0 l=0 rev1=1 crypto rx=0 tx=0 comp rx=0 tx=0).handle_hello peer v2:172.21.15.6:3300/0 says I am v2:172.21.15.6:41426/0 (socket says 172.21.15.6:41426)
2024-03-08T22:47:04.798 INFO:teuthology.orchestra.run.smithi006.stdout:/usr/bin/ceph: stderr
2024-03-08T22:47:03.886+0000 7fc011400700 1 -- 172.21.15.6:0/2290652238 learned_addr learned my addr 172.21.15.6:0/2290652238 (peer_addr_for_me v2:172.21.15.6:0/0)
2024-03-08T22:47:04.798 INFO:teuthology.orchestra.run.smithi006.stdout:/usr/bin/ceph: stderr
2024-03-08T22:47:03.887+0000 7fc011400700 1 -- 172.21.15.6:0/2290652238 --> [v2:172.21.15.6:3300/0,v1:172.21.15.6:6789/0] -- mon_subscribe({config=0+,monmap=0+}) v3 -- 0x7fc00c103200 con 0x7fc00c102770
2024-03-08T22:47:04.798 INFO:teuthology.orchestra.run.smithi006.stdout:/usr/bin/ceph: stderr
2024-03-08T22:47:03.887+0000 7fc011400700 1 --2- 172.21.15.6:0/2290652238 >> [v2:172.21.15.6:3300/0,v1:172.21.15.6:6789/0] conn(0x7fc00c102770 0x7fc00c102b80 secure :-1 s=READY pgs=49 cs=0 l=1 rev1=1 crypto rx=0x7fc000009e50 tx=0x7fc000009840 comp rx=0 tx=0).ready entity=mon.0 client_cookie=6682ae0600d51121 server_cookie=0 in_seq=0 out_seq=0
2024-03-08T22:47:04.798 INFO:teuthology.orchestra.run.smithi006.stdout:/usr/bin/ceph: stderr
2024-03-08T22:47:03.887+0000 7fc00be00700 1 -- 172.21.15.6:0/2290652238 <== mon.0 v2:172.21.15.6:3300/0 1 ==== mon_map magic: 0 v1 ==== 229+0+0 (secure 0 0 0) 0x7fc0000092e0 con 0x7fc00c102770
2024-03-08T22:47:04.798 INFO:teuthology.orchestra.run.smithi006.stdout:/usr/bin/ceph: stderr
2024-03-08T22:47:03.887+0000 7fc00be00700 1 -- 172.21.15.6:0/2290652238 <== mon.0 v2:172.21.15.6:3300/0 2 ==== config(27 keys) v1 ==== 1109+0+0 (secure 0 0 0) 0x7fc000012430 con 0x7fc00c102770
2024-03-08T22:47:04.798 INFO:teuthology.orchestra.run.smithi006.stdout:/usr/bin/ceph: stderr
2024-03-08T22:47:03.887+0000 7fc00be00700 1 -- 172.21.15.6:0/2290652238 <== mon.0 v2:172.21.15.6:3300/0 3 ==== mon_map magic: 0 v1 ==== 229+0+0 (secure 0 0 0) 0x7fc0000075a0 con 0x7fc00c102770
2024-03-08T22:47:04.798 INFO:teuthology.orchestra.run.smithi006.stdout:/usr/bin/ceph: stderr
2024-03-08T22:47:03.888+0000 7fc013e00700 1 -- 172.21.15.6:0/2290652238 >> [v2:172.21.15.6:3300/0,v1:172.21.15.6:6789/0] conn(0x7fc00c102770 msgr2=0x7fc00c102b80 secure :-1 s=STATE_CONNECTION_ESTABLISHED l=1).mark_down
2024-03-08T22:47:04.799 INFO:teuthology.orchestra.run.smithi006.stdout:/usr/bin/ceph: stderr
2024-03-08T22:47:03.888+0000 7fc013e00700 1 --2- 172.21.15.6:0/2290652238 >> [v2:172.21.15.6:3300/0,v1:172.21.15.6:6789/0] conn(0x7fc00c102770 0x7fc00c102b80 secure :-1 s=READY pgs=49 cs=0 l=1 rev1=1 crypto rx=0x7fc000009e50 tx=0x7fc000009840 comp rx=0 tx=0).stop
2024-03-08T22:47:04.799 INFO:teuthology.orchestra.run.smithi006.stdout:/usr/bin/ceph: stderr
2024-03-08T22:47:03.888+0000 7fc013e00700 1 -- 172.21.15.6:0/2290652238 shutdown_connections
2024-03-08T22:47:04.799 INFO:teuthology.orchestra.run.smithi006.stdout:/usr/bin/ceph: stderr
2024-03-08T22:47:03.888+0000 7fc013e00700 1 --2- 172.21.15.6:0/2290652238 >> [v2:172.21.15.6:3300/0,v1:172.21.15.6:6789/0] conn(0x7fc00c102770 0x7fc00c102b80 unknown :-1 s=CLOSED pgs=49 cs=0 l=1 rev1=1 crypto rx=0 tx=0 comp rx=0 tx=0).stop
2024-03-08T22:47:04.799 INFO:teuthology.orchestra.run.smithi006.stdout:/usr/bin/ceph: stderr
2024-03-08T22:47:03.888+0000 7fc013e00700 1 -- 172.21.15.6:0/2290652238 >> 172.21.15.6:0/2290652238 conn(0x7fc00c0fded0 msgr2=0x7fc00c100300 unknown :-1 s=STATE_NONE l=0).mark_down
2024-03-08T22:47:04.799 INFO:teuthology.orchestra.run.smithi006.stdout:/usr/bin/ceph: stderr
2024-03-08T22:47:03.888+0000 7fc013e00700 1 -- 172.21.15.6:0/2290652238 shutdown_connections
2024-03-08T22:47:04.799 INFO:teuthology.orchestra.run.smithi006.stdout:/usr/bin/ceph: stderr
2024-03-08T22:47:03.888+0000 7fc013e00700 1 -- 172.21.15.6:0/2290652238 wait complete.
2024-03-08T22:47:04.799 INFO:teuthology.orchestra.run.smithi006.stdout:/usr/bin/ceph: stderr
2024-03-08T22:47:03.889+0000 7fc013e00700 1 Processor -- start
2024-03-08T22:47:04.799 INFO:teuthology.orchestra.run.smithi006.stdout:/usr/bin/ceph: stderr
2024-03-08T22:47:03.889+0000 7fc013e00700 1 -- start start
2024-03-08T22:47:04.799 INFO:teuthology.orchestra.run.smithi006.stdout:/usr/bin/ceph: stderr
2024-03-08T22:47:03.889+0000 7fc013e00700 1 --2- >> [v2:172.21.15.6:3300/0,v1:172.21.15.6:6789/0] conn(0x7fc00c102770 0x7fc00c1118a0 unknown :-1 s=NONE pgs=0 cs=0 l=1 rev1=0 crypto rx=0 tx=0 comp rx=0 tx=0).connect
2024-03-08T22:47:04.799 INFO:teuthology.orchestra.run.smithi006.stdout:/usr/bin/ceph: stderr
2024-03-08T22:47:03.890+0000 7fc013e00700 1 -- --> [v2:172.21.15.6:3300/0,v1:172.21.15.6:6789/0] -- mon_getmap magic: 0 v1 -- 0x7fc00c111de0 con 0x7fc00c102770
2024-03-08T22:47:04.799 INFO:teuthology.orchestra.run.smithi006.stdout:/usr/bin/ceph: stderr
2024-03-08T22:47:03.890+0000 7fc011400700 1 --2- >> [v2:172.21.15.6:3300/0,v1:172.21.15.6:6789/0] conn(0x7fc00c102770 0x7fc00c1118a0 unknown :-1 s=BANNER_CONNECTING pgs=0 cs=0 l=1 rev1=0 crypto rx=0 tx=0 comp rx=0 tx=0)._handle_peer_banner_payload supported=3 required=0
2024-03-08T22:47:04.799 INFO:teuthology.orchestra.run.smithi006.stdout:/usr/bin/ceph: stderr
2024-03-08T22:47:03.890+0000 7fc011400700 1 --2- >> [v2:172.21.15.6:3300/0,v1:172.21.15.6:6789/0] conn(0x7fc00c102770 0x7fc00c1118a0 unknown :-1 s=HELLO_CONNECTING pgs=0 cs=0 l=1 rev1=1 crypto rx=0 tx=0 comp rx=0 tx=0).handle_hello peer v2:172.21.15.6:3300/0 says I am v2:172.21.15.6:41442/0 (socket says 172.21.15.6:41442)
2024-03-08T22:47:04.799 INFO:teuthology.orchestra.run.smithi006.stdout:/usr/bin/ceph: stderr
2024-03-08T22:47:03.890+0000 7fc011400700 1 -- 172.21.15.6:0/3907460942 learned_addr learned my addr 172.21.15.6:0/3907460942 (peer_addr_for_me v2:172.21.15.6:0/0)
2024-03-08T22:47:04.800 INFO:teuthology.orchestra.run.smithi006.stdout:/usr/bin/ceph: stderr
2024-03-08T22:47:03.890+0000 7fc011400700 1 -- 172.21.15.6:0/3907460942 --> [v2:172.21.15.6:3300/0,v1:172.21.15.6:6789/0] -- mon_subscribe({config=0+,monmap=0+}) v3 -- 0x7fc000009ae0 con 0x7fc00c102770
2024-03-08T22:47:04.800 INFO:teuthology.orchestra.run.smithi006.stdout:/usr/bin/ceph: stderr
2024-03-08T22:47:03.890+0000 7fc011400700 1 --2- 172.21.15.6:0/3907460942 >> [v2:172.21.15.6:3300/0,v1:172.21.15.6:6789/0] conn(0x7fc00c102770 0x7fc00c1118a0 secure :-1 s=READY pgs=50 cs=0 l=1 rev1=1 crypto rx=0x7fc000012800 tx=0x7fc000009840 comp rx=0 tx=0).ready entity=mon.0 client_cookie=0 server_cookie=0 in_seq=0 out_seq=0
2024-03-08T22:47:04.800 INFO:teuthology.orchestra.run.smithi006.stdout:/usr/bin/ceph: stderr
2024-03-08T22:47:03.891+0000 7fc009600700 1 -- 172.21.15.6:0/3907460942 <== mon.0 v2:172.21.15.6:3300/0 1 ==== mon_map magic: 0 v1 ==== 229+0+0 (secure 0 0 0) 0x7fc00000bc30 con 0x7fc00c102770
2024-03-08T22:47:04.800 INFO:teuthology.orchestra.run.smithi006.stdout:/usr/bin/ceph: stderr
2024-03-08T22:47:03.891+0000 7fc009600700 1 -- 172.21.15.6:0/3907460942 <== mon.0 v2:172.21.15.6:3300/0 2 ==== config(27 keys) v1 ==== 1109+0+0 (secure 0 0 0) 0x7fc00000bd90 con 0x7fc00c102770
2024-03-08T22:47:04.800 INFO:teuthology.orchestra.run.smithi006.stdout:/usr/bin/ceph: stderr
2024-03-08T22:47:03.891+0000 7fc013e00700 1 -- 172.21.15.6:0/3907460942 --> [v2:172.21.15.6:3300/0,v1:172.21.15.6:6789/0] -- mon_subscribe({mgrmap=0+}) v3 -- 0x7fc00c111fe0 con 0x7fc00c102770
2024-03-08T22:47:04.800 INFO:teuthology.orchestra.run.smithi006.stdout:/usr/bin/ceph: stderr
2024-03-08T22:47:03.891+0000 7fc009600700 1 -- 172.21.15.6:0/3907460942 <== mon.0 v2:172.21.15.6:3300/0 3 ==== mon_map magic: 0 v1 ==== 229+0+0 (secure 0 0 0) 0x7fc000025aa0 con 0x7fc00c102770
2024-03-08T22:47:04.800 INFO:teuthology.orchestra.run.smithi006.stdout:/usr/bin/ceph: stderr
2024-03-08T22:47:03.891+0000 7fc013e00700 1 -- 172.21.15.6:0/3907460942 --> [v2:172.21.15.6:3300/0,v1:172.21.15.6:6789/0] -- mon_subscribe({osdmap=0}) v3 -- 0x7fc00c112c80 con 0x7fc00c102770
2024-03-08T22:47:04.800 INFO:teuthology.orchestra.run.smithi006.stdout:/usr/bin/ceph: stderr
2024-03-08T22:47:03.892+0000 7fc009600700 1 -- 172.21.15.6:0/3907460942 <== mon.0 v2:172.21.15.6:3300/0 4 ==== mgrmap(e 8) v1 ==== 43368+0+0 (secure 0 0 0) 0x7fc000019050 con 0x7fc00c102770
2024-03-08T22:47:04.800 INFO:teuthology.orchestra.run.smithi006.stdout:/usr/bin/ceph: stderr
2024-03-08T22:47:03.892+0000 7fc013e00700 1 -- 172.21.15.6:0/3907460942 --> [v2:172.21.15.6:3300/0,v1:172.21.15.6:6789/0] -- mon_command({"prefix": "get_command_descriptions"} v 0) v1 -- 0x7fc00c05f5c0 con 0x7fc00c102770
2024-03-08T22:47:04.800 INFO:teuthology.orchestra.run.smithi006.stdout:/usr/bin/ceph: stderr
2024-03-08T22:47:03.893+0000 7fc009600700 1 --2- 172.21.15.6:0/3907460942 >> [v2:172.21.15.6:6800/2944032136,v1:172.21.15.6:6801/2944032136] conn(0x7fbff40367e0 0x7fbff4038c90 unknown :-1 s=NONE pgs=0 cs=0 l=1 rev1=0 crypto rx=0 tx=0 comp rx=0 tx=0).connect
2024-03-08T22:47:04.800 INFO:teuthology.orchestra.run.smithi006.stdout:/usr/bin/ceph: stderr
2024-03-08T22:47:03.893+0000 7fc009600700 1 -- 172.21.15.6:0/3907460942 <== mon.0 v2:172.21.15.6:3300/0 5 ==== osd_map(2..2 src has 1..2) v4 ==== 936+0+0 (secure 0 0 0) 0x7fc00004a330 con 0x7fc00c102770
2024-03-08T22:47:04.800 INFO:teuthology.orchestra.run.smithi006.stdout:/usr/bin/ceph: stderr
2024-03-08T22:47:03.893+0000 7fc010a00700 1 --2- 172.21.15.6:0/3907460942 >> [v2:172.21.15.6:6800/2944032136,v1:172.21.15.6:6801/2944032136] conn(0x7fbff40367e0 0x7fbff4038c90 unknown :-1 s=BANNER_CONNECTING pgs=0 cs=0 l=1 rev1=0 crypto rx=0 tx=0 comp rx=0 tx=0)._handle_peer_banner_payload supported=3 required=0
2024-03-08T22:47:04.800 INFO:teuthology.orchestra.run.smithi006.stdout:/usr/bin/ceph: stderr
2024-03-08T22:47:03.894+0000 7fc010a00700 1 --2- 172.21.15.6:0/3907460942 >> [v2:172.21.15.6:6800/2944032136,v1:172.21.15.6:6801/2944032136] conn(0x7fbff40367e0 0x7fbff4038c90 secure :-1 s=READY pgs=13 cs=0 l=1 rev1=1 crypto rx=0x7fbff8009990 tx=0x7fbff8006e40 comp rx=0 tx=0).ready entity=mgr.14120 client_cookie=0 server_cookie=0 in_seq=0 out_seq=0
2024-03-08T22:47:04.800 INFO:teuthology.orchestra.run.smithi006.stdout:/usr/bin/ceph: stderr
2024-03-08T22:47:03.898+0000 7fc009600700 1 -- 172.21.15.6:0/3907460942 <== mon.0 v2:172.21.15.6:3300/0 6 ==== mon_command_ack([{"prefix": "get_command_descriptions"}]=0 v0) v1 ==== 72+0+175031 (secure 0 0 0) 0x7fc000007810 con 0x7fc00c102770
2024-03-08T22:47:04.801 INFO:teuthology.orchestra.run.smithi006.stdout:/usr/bin/ceph: stderr
2024-03-08T22:47:04.150+0000 7fc013e00700 1 -- 172.21.15.6:0/3907460942 --> [v2:172.21.15.6:6800/2944032136,v1:172.21.15.6:6801/2944032136] -- mgr_command(tid 0: {"prefix": "orch apply", "service_type": "mgr", "target": ["mon-mgr", ""]}) v1 -- 0x7fc00c104720 con 0x7fbff40367e0
2024-03-08T22:47:04.801 INFO:teuthology.orchestra.run.smithi006.stdout:/usr/bin/ceph: stderr
2024-03-08T22:47:04.156+0000 7fc009600700 1 -- 172.21.15.6:0/3907460942 <== mgr.14120 v2:172.21.15.6:6800/2944032136 1 ==== mgr_command_reply(tid 0: 0 ) v1 ==== 8+0+24 (secure 0 0 0) 0x7fc00c104720 con 0x7fbff40367e0
2024-03-08T22:47:04.801 INFO:teuthology.orchestra.run.smithi006.stdout:/usr/bin/ceph: stderr
2024-03-08T22:47:04.158+0000 7fc013e00700 1 -- 172.21.15.6:0/3907460942 >> [v2:172.21.15.6:6800/2944032136,v1:172.21.15.6:6801/2944032136] conn(0x7fbff40367e0 msgr2=0x7fbff4038c90 secure :-1 s=STATE_CONNECTION_ESTABLISHED l=1).mark_down
2024-03-08T22:47:04.801 INFO:teuthology.orchestra.run.smithi006.stdout:/usr/bin/ceph: stderr
2024-03-08T22:47:04.158+0000 7fc013e00700 1 --2- 172.21.15.6:0/3907460942 >> [v2:172.21.15.6:6800/2944032136,v1:172.21.15.6:6801/2944032136] conn(0x7fbff40367e0 0x7fbff4038c90 secure :-1 s=READY pgs=13 cs=0 l=1 rev1=1 crypto rx=0x7fbff8009990 tx=0x7fbff8006e40 comp rx=0 tx=0).stop
2024-03-08T22:47:04.801 INFO:teuthology.orchestra.run.smithi006.stdout:/usr/bin/ceph: stderr
2024-03-08T22:47:04.158+0000 7fc013e00700 1 -- 172.21.15.6:0/3907460942 >> [v2:172.21.15.6:3300/0,v1:172.21.15.6:6789/0] conn(0x7fc00c102770 msgr2=0x7fc00c1118a0 secure :-1 s=STATE_CONNECTION_ESTABLISHED l=1).mark_down
2024-03-08T22:47:04.801 INFO:teuthology.orchestra.run.smithi006.stdout:/usr/bin/ceph: stderr
2024-03-08T22:47:04.158+0000 7fc013e00700 1 --2- 172.21.15.6:0/3907460942 >> [v2:172.21.15.6:3300/0,v1:172.21.15.6:6789/0] conn(0x7fc00c102770 0x7fc00c1118a0 secure :-1 s=READY pgs=50 cs=0 l=1 rev1=1 crypto rx=0x7fc000012800 tx=0x7fc000009840 comp rx=0 tx=0).stop
2024-03-08T22:47:04.801 INFO:teuthology.orchestra.run.smithi006.stdout:/usr/bin/ceph: stderr
2024-03-08T22:47:04.159+0000 7fc013e00700 1 -- 172.21.15.6:0/3907460942 shutdown_connections
2024-03-08T22:47:04.801 INFO:teuthology.orchestra.run.smithi006.stdout:/usr/bin/ceph: stderr
2024-03-08T22:47:04.159+0000 7fc013e00700 1 --2- 172.21.15.6:0/3907460942 >> [v2:172.21.15.6:6800/2944032136,v1:172.21.15.6:6801/2944032136] conn(0x7fbff40367e0 0x7fbff4038c90 unknown :-1 s=CLOSED pgs=13 cs=0 l=1 rev1=1 crypto rx=0 tx=0 comp rx=0 tx=0).stop
2024-03-08T22:47:04.801 INFO:teuthology.orchestra.run.smithi006.stdout:/usr/bin/ceph: stderr
2024-03-08T22:47:04.159+0000 7fc013e00700 1 --2- 172.21.15.6:0/3907460942 >> [v2:172.21.15.6:3300/0,v1:172.21.15.6:6789/0] conn(0x7fc00c102770 0x7fc00c1118a0 unknown :-1 s=CLOSED pgs=50 cs=0 l=1 rev1=1 crypto rx=0 tx=0 comp rx=0 tx=0).stop
2024-03-08T22:47:04.801 INFO:teuthology.orchestra.run.smithi006.stdout:/usr/bin/ceph: stderr
2024-03-08T22:47:04.159+0000 7fc013e00700 1 -- 172.21.15.6:0/3907460942 >> 172.21.15.6:0/3907460942 conn(0x7fc00c0fded0 msgr2=0x7fc00c0fee40 unknown :-1 s=STATE_NONE l=0).mark_down
2024-03-08T22:47:04.801 INFO:teuthology.orchestra.run.smithi006.stdout:/usr/bin/ceph: stderr
2024-03-08T22:47:04.159+0000 7fc013e00700 1 -- 172.21.15.6:0/3907460942 shutdown_connections
2024-03-08T22:47:04.801 INFO:teuthology.orchestra.run.smithi006.stdout:/usr/bin/ceph: stderr
2024-03-08T22:47:04.159+0000 7fc013e00700 1 -- 172.21.15.6:0/3907460942 wait complete.
2024-03-08T22:47:04.801 INFO:teuthology.orchestra.run.smithi006.stdout:Deploying crash service with default placement...
2024-03-08T22:47:05.390 INFO:journalctl@ceph.mon.smithi006.smithi006.stdout:Mar 08 22:47:05 smithi006 ceph-mon[29176]: from='client.14144 -' entity='client.admin' cmd=[{"prefix": "orch apply", "service_type": "mgr", "target": ["mon-mgr", ""]}]: dispatch
2024-03-08T22:47:05.390 INFO:journalctl@ceph.mon.smithi006.smithi006.stdout:Mar 08 22:47:05 smithi006 ceph-mon[29176]: Saving service mgr spec with placement count:2
2024-03-08T22:47:06.795 INFO:teuthology.orchestra.run.smithi006.stdout:/usr/bin/ceph: stdout Scheduled crash update...
2024-03-08T22:47:06.795 INFO:teuthology.orchestra.run.smithi006.stdout:/usr/bin/ceph: stderr
2024-03-08T22:47:05.385+0000 7f7551400700 1 Processor -- start
2024-03-08T22:47:06.795 INFO:teuthology.orchestra.run.smithi006.stdout:/usr/bin/ceph: stderr
2024-03-08T22:47:05.385+0000 7f7551400700 1 -- start start
2024-03-08T22:47:06.795 INFO:teuthology.orchestra.run.smithi006.stdout:/usr/bin/ceph: stderr
2024-03-08T22:47:05.386+0000 7f7551400700 1 --2- >> [v2:172.21.15.6:3300/0,v1:172.21.15.6:6789/0] conn(0x7f754c076be0 0x7f754c1053c0 unknown :-1 s=NONE pgs=0 cs=0 l=0 rev1=0 crypto rx=0 tx=0 comp rx=0 tx=0).connect
2024-03-08T22:47:06.799 INFO:teuthology.orchestra.run.smithi006.stdout:/usr/bin/ceph: stderr
2024-03-08T22:47:05.386+0000 7f7551400700 1 -- --> [v2:172.21.15.6:3300/0,v1:172.21.15.6:6789/0] -- mon_getmap magic: 0 v1 -- 0x7f754c105900 con 0x7f754c076be0
2024-03-08T22:47:06.799 INFO:teuthology.orchestra.run.smithi006.stdout:/usr/bin/ceph: stderr
2024-03-08T22:47:05.386+0000 7f754a800700 1 --2- >> [v2:172.21.15.6:3300/0,v1:172.21.15.6:6789/0] conn(0x7f754c076be0 0x7f754c1053c0 unknown :-1 s=BANNER_CONNECTING pgs=0 cs=0 l=0 rev1=0 crypto rx=0 tx=0 comp rx=0 tx=0)._handle_peer_banner_payload supported=3 required=0
2024-03-08T22:47:06.799 INFO:teuthology.orchestra.run.smithi006.stdout:/usr/bin/ceph: stderr
2024-03-08T22:47:05.386+0000 7f754a800700 1 --2- >> [v2:172.21.15.6:3300/0,v1:172.21.15.6:6789/0] conn(0x7f754c076be0 0x7f754c1053c0 unknown :-1 s=HELLO_CONNECTING pgs=0 cs=0 l=0 rev1=1 crypto rx=0 tx=0 comp rx=0 tx=0).handle_hello peer v2:172.21.15.6:3300/0 says I am v2:172.21.15.6:41458/0 (socket says 172.21.15.6:41458)
2024-03-08T22:47:06.799 INFO:teuthology.orchestra.run.smithi006.stdout:/usr/bin/ceph: stderr
2024-03-08T22:47:05.386+0000 7f754a800700 1 -- 172.21.15.6:0/3938738475 learned_addr learned my addr 172.21.15.6:0/3938738475 (peer_addr_for_me v2:172.21.15.6:0/0)
2024-03-08T22:47:06.800 INFO:teuthology.orchestra.run.smithi006.stdout:/usr/bin/ceph: stderr
2024-03-08T22:47:05.387+0000 7f754a800700 1 -- 172.21.15.6:0/3938738475 --> [v2:172.21.15.6:3300/0,v1:172.21.15.6:6789/0] -- mon_subscribe({config=0+,monmap=0+}) v3 -- 0x7f754c105a40 con 0x7f754c076be0
2024-03-08T22:47:06.800 INFO:teuthology.orchestra.run.smithi006.stdout:/usr/bin/ceph: stderr
2024-03-08T22:47:05.387+0000 7f754a800700 1 --2- 172.21.15.6:0/3938738475 >> [v2:172.21.15.6:3300/0,v1:172.21.15.6:6789/0] conn(0x7f754c076be0 0x7f754c1053c0 secure :-1 s=READY pgs=51 cs=0 l=1 rev1=1 crypto rx=0x7f753c0098e0 tx=0x7f753c009250 comp rx=0 tx=0).ready entity=mon.0 client_cookie=48e70e81cf37c74f server_cookie=0 in_seq=0 out_seq=0
2024-03-08T22:47:06.800 INFO:teuthology.orchestra.run.smithi006.stdout:/usr/bin/ceph: stderr
2024-03-08T22:47:05.388+0000 7f7549400700 1 -- 172.21.15.6:0/3938738475 <== mon.0 v2:172.21.15.6:3300/0 1 ==== mon_map magic: 0 v1 ==== 229+0+0 (secure 0 0 0) 0x7f753c00b860 con 0x7f754c076be0
2024-03-08T22:47:06.800 INFO:teuthology.orchestra.run.smithi006.stdout:/usr/bin/ceph: stderr
2024-03-08T22:47:05.388+0000 7f7549400700 1 -- 172.21.15.6:0/3938738475 <== mon.0 v2:172.21.15.6:3300/0 2 ==== config(27 keys) v1 ==== 1109+0+0 (secure 0 0 0) 0x7f753c00be90 con 0x7f754c076be0
2024-03-08T22:47:06.800 INFO:teuthology.orchestra.run.smithi006.stdout:/usr/bin/ceph: stderr
2024-03-08T22:47:05.388+0000 7f7549400700 1 -- 172.21.15.6:0/3938738475 <== mon.0 v2:172.21.15.6:3300/0 3 ==== mon_map magic: 0 v1 ==== 229+0+0 (secure 0 0 0) 0x7f753c0103c0 con 0x7f754c076be0
2024-03-08T22:47:06.800 INFO:teuthology.orchestra.run.smithi006.stdout:/usr/bin/ceph: stderr
2024-03-08T22:47:05.388+0000 7f7551400700 1 -- 172.21.15.6:0/3938738475 >> [v2:172.21.15.6:3300/0,v1:172.21.15.6:6789/0] conn(0x7f754c076be0 msgr2=0x7f754c1053c0 secure :-1 s=STATE_CONNECTION_ESTABLISHED l=1).mark_down
2024-03-08T22:47:06.800 INFO:teuthology.orchestra.run.smithi006.stdout:/usr/bin/ceph: stderr
2024-03-08T22:47:05.388+0000 7f7551400700 1 --2- 172.21.15.6:0/3938738475 >> [v2:172.21.15.6:3300/0,v1:172.21.15.6:6789/0] conn(0x7f754c076be0 0x7f754c1053c0 secure :-1 s=READY pgs=51 cs=0 l=1 rev1=1 crypto rx=0x7f753c0098e0 tx=0x7f753c009250 comp rx=0 tx=0).stop
2024-03-08T22:47:06.800 INFO:teuthology.orchestra.run.smithi006.stdout:/usr/bin/ceph: stderr
2024-03-08T22:47:05.388+0000 7f7551400700 1 -- 172.21.15.6:0/3938738475 shutdown_connections
2024-03-08T22:47:06.800 INFO:teuthology.orchestra.run.smithi006.stdout:/usr/bin/ceph: stderr
2024-03-08T22:47:05.388+0000 7f7551400700 1 --2- 172.21.15.6:0/3938738475 >> [v2:172.21.15.6:3300/0,v1:172.21.15.6:6789/0] conn(0x7f754c076be0 0x7f754c1053c0 unknown :-1 s=CLOSED pgs=51 cs=0 l=1 rev1=1 crypto rx=0 tx=0 comp rx=0 tx=0).stop
2024-03-08T22:47:06.800 INFO:teuthology.orchestra.run.smithi006.stdout:/usr/bin/ceph: stderr
2024-03-08T22:47:05.388+0000 7f7551400700 1 -- 172.21.15.6:0/3938738475 >> 172.21.15.6:0/3938738475 conn(0x7f754c0fcdd0 msgr2=0x7f754c0ff200 unknown :-1 s=STATE_NONE l=0).mark_down
2024-03-08T22:47:06.800 INFO:teuthology.orchestra.run.smithi006.stdout:/usr/bin/ceph: stderr
2024-03-08T22:47:05.389+0000 7f7551400700 1 -- 172.21.15.6:0/3938738475 shutdown_connections
2024-03-08T22:47:06.800 INFO:teuthology.orchestra.run.smithi006.stdout:/usr/bin/ceph: stderr
2024-03-08T22:47:05.389+0000 7f7551400700 1 -- 172.21.15.6:0/3938738475 wait complete.
2024-03-08T22:47:06.800 INFO:teuthology.orchestra.run.smithi006.stdout:/usr/bin/ceph: stderr
2024-03-08T22:47:05.389+0000 7f7551400700 1 Processor -- start
2024-03-08T22:47:06.800 INFO:teuthology.orchestra.run.smithi006.stdout:/usr/bin/ceph: stderr
2024-03-08T22:47:05.390+0000 7f7551400700 1 -- start start
2024-03-08T22:47:06.801 INFO:teuthology.orchestra.run.smithi006.stdout:/usr/bin/ceph: stderr
2024-03-08T22:47:05.390+0000 7f7551400700 1 --2- >> [v2:172.21.15.6:3300/0,v1:172.21.15.6:6789/0] conn(0x7f754c076be0 0x7f754c102e40 unknown :-1 s=NONE pgs=0 cs=0 l=1 rev1=0 crypto rx=0 tx=0 comp rx=0 tx=0).connect
2024-03-08T22:47:06.801 INFO:teuthology.orchestra.run.smithi006.stdout:/usr/bin/ceph: stderr
2024-03-08T22:47:05.390+0000 7f7551400700 1 -- --> [v2:172.21.15.6:3300/0,v1:172.21.15.6:6789/0] -- mon_getmap magic: 0 v1 -- 0x7f754c1012c0 con 0x7f754c076be0
2024-03-08T22:47:06.801 INFO:teuthology.orchestra.run.smithi006.stdout:/usr/bin/ceph: stderr
2024-03-08T22:47:05.390+0000 7f754a800700 1 --2- >> [v2:172.21.15.6:3300/0,v1:172.21.15.6:6789/0] conn(0x7f754c076be0 0x7f754c102e40 unknown :-1 s=BANNER_CONNECTING pgs=0 cs=0 l=1 rev1=0 crypto rx=0 tx=0 comp rx=0 tx=0)._handle_peer_banner_payload supported=3 required=0
2024-03-08T22:47:06.801 INFO:teuthology.orchestra.run.smithi006.stdout:/usr/bin/ceph: stderr
2024-03-08T22:47:05.390+0000 7f754a800700 1 --2- >> [v2:172.21.15.6:3300/0,v1:172.21.15.6:6789/0] conn(0x7f754c076be0 0x7f754c102e40 unknown :-1 s=HELLO_CONNECTING pgs=0 cs=0 l=1 rev1=1 crypto rx=0 tx=0 comp rx=0 tx=0).handle_hello peer v2:172.21.15.6:3300/0 says I am v2:172.21.15.6:41470/0 (socket says 172.21.15.6:41470)
2024-03-08T22:47:06.801 INFO:teuthology.orchestra.run.smithi006.stdout:/usr/bin/ceph: stderr
2024-03-08T22:47:05.390+0000 7f754a800700 1 -- 172.21.15.6:0/2480583223 learned_addr learned my addr 172.21.15.6:0/2480583223 (peer_addr_for_me v2:172.21.15.6:0/0)
2024-03-08T22:47:06.801 INFO:teuthology.orchestra.run.smithi006.stdout:/usr/bin/ceph: stderr
2024-03-08T22:47:05.391+0000 7f754a800700 1 -- 172.21.15.6:0/2480583223 --> [v2:172.21.15.6:3300/0,v1:172.21.15.6:6789/0] -- mon_subscribe({config=0+,monmap=0+}) v3 -- 0x7f753c0094f0 con 0x7f754c076be0
2024-03-08T22:47:06.801 INFO:teuthology.orchestra.run.smithi006.stdout:/usr/bin/ceph: stderr
2024-03-08T22:47:05.391+0000 7f754a800700 1 --2- 172.21.15.6:0/2480583223 >> [v2:172.21.15.6:3300/0,v1:172.21.15.6:6789/0] conn(0x7f754c076be0 0x7f754c102e40 secure :-1 s=READY pgs=52 cs=0 l=1 rev1=1 crypto rx=0x7f753c0090b0 tx=0x7f753c009250 comp rx=0 tx=0).ready entity=mon.0 client_cookie=0 server_cookie=0 in_seq=0 out_seq=0
2024-03-08T22:47:06.801 INFO:teuthology.orchestra.run.smithi006.stdout:/usr/bin/ceph: stderr
2024-03-08T22:47:05.391+0000 7f7542a00700 1 -- 172.21.15.6:0/2480583223 <== mon.0 v2:172.21.15.6:3300/0 1 ==== mon_map magic: 0 v1 ==== 229+0+0 (secure 0 0 0) 0x7f753c0118f0 con 0x7f754c076be0
2024-03-08T22:47:06.801 INFO:teuthology.orchestra.run.smithi006.stdout:/usr/bin/ceph: stderr
2024-03-08T22:47:05.391+0000 7f7542a00700 1 -- 172.21.15.6:0/2480583223 <== mon.0 v2:172.21.15.6:3300/0 2 ==== config(27 keys) v1 ==== 1109+0+0 (secure 0 0 0) 0x7f753c010d10 con 0x7f754c076be0
2024-03-08T22:47:06.801 INFO:teuthology.orchestra.run.smithi006.stdout:/usr/bin/ceph: stderr
2024-03-08T22:47:05.391+0000 7f7542a00700 1 -- 172.21.15.6:0/2480583223 <== mon.0 v2:172.21.15.6:3300/0 3 ==== mon_map magic: 0 v1 ==== 229+0+0 (secure 0 0 0) 0x7f753c024e70 con 0x7f754c076be0
2024-03-08T22:47:06.801 INFO:teuthology.orchestra.run.smithi006.stdout:/usr/bin/ceph: stderr
2024-03-08T22:47:05.391+0000 7f7551400700 1 -- 172.21.15.6:0/2480583223 --> [v2:172.21.15.6:3300/0,v1:172.21.15.6:6789/0] -- mon_subscribe({mgrmap=0+}) v3 -- 0x7f754c1014c0 con 0x7f754c076be0
2024-03-08T22:47:06.801 INFO:teuthology.orchestra.run.smithi006.stdout:/usr/bin/ceph: stderr
2024-03-08T22:47:05.392+0000 7f7551400700 1 -- 172.21.15.6:0/2480583223 --> [v2:172.21.15.6:3300/0,v1:172.21.15.6:6789/0] -- mon_subscribe({osdmap=0}) v3 -- 0x7f754c101950 con 0x7f754c076be0
2024-03-08T22:47:06.801 INFO:teuthology.orchestra.run.smithi006.stdout:/usr/bin/ceph: stderr
2024-03-08T22:47:05.393+0000 7f7542a00700 1 -- 172.21.15.6:0/2480583223 <== mon.0 v2:172.21.15.6:3300/0 4 ==== mgrmap(e 8) v1 ==== 43368+0+0 (secure 0 0 0) 0x7f753c024440 con 0x7f754c076be0
2024-03-08T22:47:06.801 INFO:teuthology.orchestra.run.smithi006.stdout:/usr/bin/ceph: stderr
2024-03-08T22:47:05.393+0000 7f7542a00700 1 --2- 172.21.15.6:0/2480583223 >> [v2:172.21.15.6:6800/2944032136,v1:172.21.15.6:6801/2944032136] conn(0x7f7530036790 0x7f7530038c40 unknown :-1 s=NONE pgs=0 cs=0 l=1 rev1=0 crypto rx=0 tx=0 comp rx=0 tx=0).connect
2024-03-08T22:47:06.801 INFO:teuthology.orchestra.run.smithi006.stdout:/usr/bin/ceph: stderr
2024-03-08T22:47:05.393+0000 7f7542a00700 1 -- 172.21.15.6:0/2480583223 <== mon.0 v2:172.21.15.6:3300/0 5 ==== osd_map(2..2 src has 1..2) v4 ==== 936+0+0 (secure 0 0 0) 0x7f753c04a550 con 0x7f754c076be0
2024-03-08T22:47:06.802 INFO:teuthology.orchestra.run.smithi006.stdout:/usr/bin/ceph: stderr
2024-03-08T22:47:05.393+0000 7f7551400700 1 -- 172.21.15.6:0/2480583223 --> [v2:172.21.15.6:3300/0,v1:172.21.15.6:6789/0] -- mon_command({"prefix": "get_command_descriptions"} v 0) v1 -- 0x7f754c04bed0 con 0x7f754c076be0
2024-03-08T22:47:06.802 INFO:teuthology.orchestra.run.smithi006.stdout:/usr/bin/ceph: stderr
2024-03-08T22:47:05.394+0000 7f7549e00700 1 --2- 172.21.15.6:0/2480583223 >> [v2:172.21.15.6:6800/2944032136,v1:172.21.15.6:6801/2944032136] conn(0x7f7530036790 0x7f7530038c40 unknown :-1 s=BANNER_CONNECTING pgs=0 cs=0 l=1 rev1=0 crypto rx=0 tx=0 comp rx=0 tx=0)._handle_peer_banner_payload supported=3 required=0
2024-03-08T22:47:06.802 INFO:teuthology.orchestra.run.smithi006.stdout:/usr/bin/ceph: stderr
2024-03-08T22:47:05.394+0000 7f7549e00700 1 --2- 172.21.15.6:0/2480583223 >> [v2:172.21.15.6:6800/2944032136,v1:172.21.15.6:6801/2944032136] conn(0x7f7530036790 0x7f7530038c40 secure :-1 s=READY pgs=14 cs=0 l=1 rev1=1 crypto rx=0x7f7538009990 tx=0x7f7538006e40 comp rx=0 tx=0).ready entity=mgr.14120 client_cookie=0 server_cookie=0 in_seq=0 out_seq=0
2024-03-08T22:47:06.802 INFO:teuthology.orchestra.run.smithi006.stdout:/usr/bin/ceph: stderr
2024-03-08T22:47:05.399+0000 7f7542a00700 1 -- 172.21.15.6:0/2480583223 <== mon.0 v2:172.21.15.6:3300/0 6 ==== mon_command_ack([{"prefix": "get_command_descriptions"}]=0 v0) v1 ==== 72+0+175031 (secure 0 0 0) 0x7f753c022520 con 0x7f754c076be0
2024-03-08T22:47:06.802 INFO:teuthology.orchestra.run.smithi006.stdout:/usr/bin/ceph: stderr
2024-03-08T22:47:05.648+0000 7f7551400700 1 -- 172.21.15.6:0/2480583223 --> [v2:172.21.15.6:6800/2944032136,v1:172.21.15.6:6801/2944032136] -- mgr_command(tid 0: {"prefix": "orch apply", "service_type": "crash", "target": ["mon-mgr", ""]}) v1 -- 0x7f754c102110 con 0x7f7530036790
2024-03-08T22:47:06.802 INFO:teuthology.orchestra.run.smithi006.stdout:/usr/bin/ceph: stderr
2024-03-08T22:47:05.658+0000 7f7542a00700 1 -- 172.21.15.6:0/2480583223 <== mgr.14120 v2:172.21.15.6:6800/2944032136 1 ==== mgr_command_reply(tid 0: 0 ) v1 ==== 8+0+26 (secure 0 0 0) 0x7f754c102110 con 0x7f7530036790
2024-03-08T22:47:06.802 INFO:teuthology.orchestra.run.smithi006.stdout:/usr/bin/ceph: stderr
2024-03-08T22:47:05.660+0000 7f7551400700 1 -- 172.21.15.6:0/2480583223 >> [v2:172.21.15.6:6800/2944032136,v1:172.21.15.6:6801/2944032136] conn(0x7f7530036790 msgr2=0x7f7530038c40 secure :-1 s=STATE_CONNECTION_ESTABLISHED l=1).mark_down
2024-03-08T22:47:06.803 INFO:teuthology.orchestra.run.smithi006.stdout:/usr/bin/ceph: stderr
2024-03-08T22:47:05.660+0000 7f7551400700 1 --2- 172.21.15.6:0/2480583223 >> [v2:172.21.15.6:6800/2944032136,v1:172.21.15.6:6801/2944032136] conn(0x7f7530036790 0x7f7530038c40 secure :-1 s=READY pgs=14 cs=0 l=1 rev1=1 crypto rx=0x7f7538009990 tx=0x7f7538006e40 comp rx=0 tx=0).stop
2024-03-08T22:47:06.803 INFO:teuthology.orchestra.run.smithi006.stdout:/usr/bin/ceph: stderr
2024-03-08T22:47:05.660+0000 7f7551400700 1 -- 172.21.15.6:0/2480583223 >> [v2:172.21.15.6:3300/0,v1:172.21.15.6:6789/0] conn(0x7f754c076be0 msgr2=0x7f754c102e40 secure :-1 s=STATE_CONNECTION_ESTABLISHED l=1).mark_down
2024-03-08T22:47:06.803 INFO:teuthology.orchestra.run.smithi006.stdout:/usr/bin/ceph: stderr
2024-03-08T22:47:05.660+0000 7f7551400700 1 --2- 172.21.15.6:0/2480583223 >> [v2:172.21.15.6:3300/0,v1:172.21.15.6:6789/0] conn(0x7f754c076be0 0x7f754c102e40 secure :-1 s=READY pgs=52 cs=0 l=1 rev1=1 crypto rx=0x7f753c0090b0 tx=0x7f753c009250 comp rx=0 tx=0).stop
2024-03-08T22:47:06.803 INFO:teuthology.orchestra.run.smithi006.stdout:/usr/bin/ceph: stderr
2024-03-08T22:47:05.661+0000 7f7551400700 1 -- 172.21.15.6:0/2480583223 shutdown_connections
2024-03-08T22:47:06.804 INFO:teuthology.orchestra.run.smithi006.stdout:/usr/bin/ceph: stderr
2024-03-08T22:47:05.661+0000 7f7551400700 1 --2- 172.21.15.6:0/2480583223 >> [v2:172.21.15.6:6800/2944032136,v1:172.21.15.6:6801/2944032136] conn(0x7f7530036790 0x7f7530038c40 unknown :-1 s=CLOSED pgs=14 cs=0 l=1 rev1=1 crypto rx=0 tx=0 comp rx=0 tx=0).stop
2024-03-08T22:47:06.804 INFO:teuthology.orchestra.run.smithi006.stdout:/usr/bin/ceph: stderr
2024-03-08T22:47:05.661+0000 7f7551400700 1 --2- 172.21.15.6:0/2480583223 >> [v2:172.21.15.6:3300/0,v1:172.21.15.6:6789/0] conn(0x7f754c076be0 0x7f754c102e40 unknown :-1 s=CLOSED pgs=52 cs=0 l=1 rev1=1 crypto rx=0 tx=0 comp rx=0 tx=0).stop
2024-03-08T22:47:06.804 INFO:teuthology.orchestra.run.smithi006.stdout:/usr/bin/ceph: stderr
2024-03-08T22:47:05.661+0000 7f7551400700 1 -- 172.21.15.6:0/2480583223 >> 172.21.15.6:0/2480583223 conn(0x7f754c0fcdd0 msgr2=0x7f754c0fdb90 unknown :-1 s=STATE_NONE l=0).mark_down
2024-03-08T22:47:06.804 INFO:teuthology.orchestra.run.smithi006.stdout:/usr/bin/ceph: stderr
2024-03-08T22:47:05.661+0000 7f7551400700 1 -- 172.21.15.6:0/2480583223 shutdown_connections
2024-03-08T22:47:06.804 INFO:teuthology.orchestra.run.smithi006.stdout:/usr/bin/ceph: stderr
2024-03-08T22:47:05.661+0000 7f7551400700 1 -- 172.21.15.6:0/2480583223 wait complete.
2024-03-08T22:47:06.804 INFO:teuthology.orchestra.run.smithi006.stdout:Deploying prometheus service with default placement...
2024-03-08T22:47:06.955 INFO:journalctl@ceph.mon.smithi006.smithi006.stdout:Mar 08 22:47:06 smithi006 ceph-mon[29176]: from='client.14146 -' entity='client.admin' cmd=[{"prefix": "orch apply", "service_type": "crash", "target": ["mon-mgr", ""]}]: dispatch
2024-03-08T22:47:06.955 INFO:journalctl@ceph.mon.smithi006.smithi006.stdout:Mar 08 22:47:06 smithi006 ceph-mon[29176]: Saving service crash spec with placement *
2024-03-08T22:47:06.955 INFO:journalctl@ceph.mon.smithi006.smithi006.stdout:Mar 08 22:47:06 smithi006 ceph-mon[29176]: from='mgr.14120 172.21.15.6:0/615158903' entity='mgr.smithi006.zliges'
2024-03-08T22:47:08.048 INFO:journalctl@ceph.mon.smithi006.smithi006.stdout:Mar 08 22:47:07 smithi006 ceph-mon[29176]: pgmap v3: 0 pgs: ; 0 B data, 0 B used, 0 B / 0 B avail
2024-03-08T22:47:08.048 INFO:journalctl@ceph.mon.smithi006.smithi006.stdout:Mar 08 22:47:07 smithi006 ceph-mon[29176]: from='mgr.14120 172.21.15.6:0/615158903' entity='mgr.smithi006.zliges'
2024-03-08T22:47:08.528 INFO:teuthology.orchestra.run.smithi006.stdout:/usr/bin/ceph: stdout Scheduled prometheus update...
2024-03-08T22:47:08.529 INFO:teuthology.orchestra.run.smithi006.stdout:/usr/bin/ceph: stderr
2024-03-08T22:47:07.454+0000 7f4604400700 1 Processor -- start
2024-03-08T22:47:08.529 INFO:teuthology.orchestra.run.smithi006.stdout:/usr/bin/ceph: stderr
2024-03-08T22:47:07.454+0000 7f4604400700 1 -- start start
2024-03-08T22:47:08.529 INFO:teuthology.orchestra.run.smithi006.stdout:/usr/bin/ceph: stderr
2024-03-08T22:47:07.455+0000 7f4604400700 1 --2- >> [v2:172.21.15.6:3300/0,v1:172.21.15.6:6789/0] conn(0x7f45fc102770 0x7f45fc102b80 unknown :-1 s=NONE pgs=0 cs=0 l=0 rev1=0 crypto rx=0 tx=0 comp rx=0 tx=0).connect
2024-03-08T22:47:08.529 INFO:teuthology.orchestra.run.smithi006.stdout:/usr/bin/ceph: stderr
2024-03-08T22:47:07.455+0000 7f4604400700 1 -- --> [v2:172.21.15.6:3300/0,v1:172.21.15.6:6789/0] -- mon_getmap magic: 0 v1 -- 0x7f45fc1030c0 con 0x7f45fc102770
2024-03-08T22:47:08.529 INFO:teuthology.orchestra.run.smithi006.stdout:/usr/bin/ceph: stderr
2024-03-08T22:47:07.455+0000 7f4601a00700 1 --2- >> [v2:172.21.15.6:3300/0,v1:172.21.15.6:6789/0] conn(0x7f45fc102770 0x7f45fc102b80 unknown :-1 s=BANNER_CONNECTING pgs=0 cs=0 l=0 rev1=0 crypto rx=0 tx=0 comp rx=0 tx=0)._handle_peer_banner_payload supported=3 required=0
2024-03-08T22:47:08.529 INFO:teuthology.orchestra.run.smithi006.stdout:/usr/bin/ceph: stderr
2024-03-08T22:47:07.455+0000 7f4601a00700 1 --2- >> [v2:172.21.15.6:3300/0,v1:172.21.15.6:6789/0] conn(0x7f45fc102770 0x7f45fc102b80 unknown :-1 s=HELLO_CONNECTING pgs=0 cs=0 l=0 rev1=1 crypto rx=0 tx=0 comp rx=0 tx=0).handle_hello peer v2:172.21.15.6:3300/0 says I am v2:172.21.15.6:48728/0 (socket says 172.21.15.6:48728)
2024-03-08T22:47:08.529 INFO:teuthology.orchestra.run.smithi006.stdout:/usr/bin/ceph: stderr
2024-03-08T22:47:07.455+0000 7f4601a00700 1 -- 172.21.15.6:0/969708508 learned_addr learned my addr 172.21.15.6:0/969708508 (peer_addr_for_me v2:172.21.15.6:0/0)
2024-03-08T22:47:08.529 INFO:teuthology.orchestra.run.smithi006.stdout:/usr/bin/ceph: stderr
2024-03-08T22:47:07.456+0000 7f4601a00700 1 -- 172.21.15.6:0/969708508 --> [v2:172.21.15.6:3300/0,v1:172.21.15.6:6789/0] -- mon_subscribe({config=0+,monmap=0+}) v3 -- 0x7f45fc103200 con 0x7f45fc102770
2024-03-08T22:47:08.529 INFO:teuthology.orchestra.run.smithi006.stdout:/usr/bin/ceph: stderr
2024-03-08T22:47:07.456+0000 7f4601a00700 1 --2- 172.21.15.6:0/969708508 >> [v2:172.21.15.6:3300/0,v1:172.21.15.6:6789/0] conn(0x7f45fc102770 0x7f45fc102b80 secure :-1 s=READY pgs=53 cs=0 l=1 rev1=1 crypto rx=0x7f45f00098e0 tx=0x7f45f0009250 comp rx=0 tx=0).ready entity=mon.0 client_cookie=911bb2b39e75e2c6 server_cookie=0 in_seq=0 out_seq=0
2024-03-08T22:47:08.529 INFO:teuthology.orchestra.run.smithi006.stdout:/usr/bin/ceph: stderr
2024-03-08T22:47:07.456+0000 7f45fbe00700 1 -- 172.21.15.6:0/969708508 <== mon.0 v2:172.21.15.6:3300/0 1 ==== mon_map magic: 0 v1 ==== 229+0+0 (secure 0 0 0) 0x7f45f000b860 con 0x7f45fc102770
2024-03-08T22:47:08.530 INFO:teuthology.orchestra.run.smithi006.stdout:/usr/bin/ceph: stderr
2024-03-08T22:47:07.456+0000 7f45fbe00700 1 -- 172.21.15.6:0/969708508 <== mon.0 v2:172.21.15.6:3300/0 2 ==== config(27 keys) v1 ==== 1109+0+0 (secure 0 0 0) 0x7f45f000be90 con 0x7f45fc102770
2024-03-08T22:47:08.530 INFO:teuthology.orchestra.run.smithi006.stdout:/usr/bin/ceph: stderr
2024-03-08T22:47:07.456+0000 7f45fbe00700 1 -- 172.21.15.6:0/969708508 <== mon.0 v2:172.21.15.6:3300/0 3 ==== mon_map magic: 0 v1 ==== 229+0+0 (secure 0 0 0) 0x7f45f00103c0 con 0x7f45fc102770
2024-03-08T22:47:08.530 INFO:teuthology.orchestra.run.smithi006.stdout:/usr/bin/ceph: stderr
2024-03-08T22:47:07.457+0000 7f4604400700 1 -- 172.21.15.6:0/969708508 >> [v2:172.21.15.6:3300/0,v1:172.21.15.6:6789/0] conn(0x7f45fc102770 msgr2=0x7f45fc102b80 secure :-1 s=STATE_CONNECTION_ESTABLISHED l=1).mark_down
2024-03-08T22:47:08.530 INFO:teuthology.orchestra.run.smithi006.stdout:/usr/bin/ceph: stderr
2024-03-08T22:47:07.457+0000 7f4604400700 1 --2- 172.21.15.6:0/969708508 >> [v2:172.21.15.6:3300/0,v1:172.21.15.6:6789/0] conn(0x7f45fc102770 0x7f45fc102b80 secure :-1 s=READY pgs=53 cs=0 l=1 rev1=1 crypto rx=0x7f45f00098e0 tx=0x7f45f0009250 comp rx=0 tx=0).stop
2024-03-08T22:47:08.530 INFO:teuthology.orchestra.run.smithi006.stdout:/usr/bin/ceph: stderr
2024-03-08T22:47:07.457+0000 7f4604400700 1 -- 172.21.15.6:0/969708508 shutdown_connections
2024-03-08T22:47:08.530 INFO:teuthology.orchestra.run.smithi006.stdout:/usr/bin/ceph: stderr
2024-03-08T22:47:07.457+0000 7f4604400700 1 --2- 172.21.15.6:0/969708508 >> [v2:172.21.15.6:3300/0,v1:172.21.15.6:6789/0] conn(0x7f45fc102770 0x7f45fc102b80 unknown :-1 s=CLOSED pgs=53 cs=0 l=1 rev1=1 crypto rx=0 tx=0 comp rx=0 tx=0).stop
2024-03-08T22:47:08.530 INFO:teuthology.orchestra.run.smithi006.stdout:/usr/bin/ceph: stderr
2024-03-08T22:47:07.457+0000 7f4604400700 1 -- 172.21.15.6:0/969708508 >> 172.21.15.6:0/969708508 conn(0x7f45fc0fded0 msgr2=0x7f45fc100300 unknown :-1 s=STATE_NONE l=0).mark_down
2024-03-08T22:47:08.530 INFO:teuthology.orchestra.run.smithi006.stdout:/usr/bin/ceph: stderr
2024-03-08T22:47:07.457+0000 7f4604400700 1 -- 172.21.15.6:0/969708508 shutdown_connections
2024-03-08T22:47:08.530 INFO:teuthology.orchestra.run.smithi006.stdout:/usr/bin/ceph: stderr
2024-03-08T22:47:07.457+0000 7f4604400700 1 -- 172.21.15.6:0/969708508 wait complete.
