2024-03-08T22:56:27.422+0000 7f026d600700 1 -- 172.21.15.46:0/1764840339 >> 172.21.15.46:0/1764840339 conn(0x7f0268102db0 msgr2=0x7f02681051d0 unknown :-1 s=STATE_NONE l=0).mark_down
2024-03-08T22:56:28.775 INFO:teuthology.orchestra.run.smithi046.stdout:/usr/bin/ceph: stderr
2024-03-08T22:56:27.422+0000 7f026d600700 1 -- 172.21.15.46:0/1764840339 shutdown_connections
2024-03-08T22:56:28.775 INFO:teuthology.orchestra.run.smithi046.stdout:/usr/bin/ceph: stderr
2024-03-08T22:56:27.422+0000 7f026d600700 1 -- 172.21.15.46:0/1764840339 wait complete.
2024-03-08T22:56:28.775 INFO:teuthology.orchestra.run.smithi046.stdout:/usr/bin/ceph: stderr
2024-03-08T22:56:27.423+0000 7f026d600700 1 Processor -- start
2024-03-08T22:56:28.775 INFO:teuthology.orchestra.run.smithi046.stdout:/usr/bin/ceph: stderr
2024-03-08T22:56:27.423+0000 7f026d600700 1 -- start start
2024-03-08T22:56:28.775 INFO:teuthology.orchestra.run.smithi046.stdout:/usr/bin/ceph: stderr
2024-03-08T22:56:27.423+0000 7f026d600700 1 --2- >> [v2:172.21.15.46:3300/0,v1:172.21.15.46:6789/0] conn(0x7f026819dc60 0x7f026819e080 unknown :-1 s=NONE pgs=0 cs=0 l=1 rev1=0 crypto rx=0 tx=0 comp rx=0 tx=0).connect
2024-03-08T22:56:28.775 INFO:teuthology.orchestra.run.smithi046.stdout:/usr/bin/ceph: stderr
2024-03-08T22:56:27.423+0000 7f026d600700 1 -- --> [v2:172.21.15.46:3300/0,v1:172.21.15.46:6789/0] -- mon_getmap magic: 0 v1 -- 0x7f026810bd50 con 0x7f026819dc60
2024-03-08T22:56:28.775 INFO:teuthology.orchestra.run.smithi046.stdout:/usr/bin/ceph: stderr
2024-03-08T22:56:27.424+0000 7f0266a00700 1 --2- >> [v2:172.21.15.46:3300/0,v1:172.21.15.46:6789/0] conn(0x7f026819dc60 0x7f026819e080 unknown :-1 s=BANNER_CONNECTING pgs=0 cs=0 l=1 rev1=0 crypto rx=0 tx=0 comp rx=0 tx=0)._handle_peer_banner_payload supported=3 required=0
2024-03-08T22:56:28.775 INFO:teuthology.orchestra.run.smithi046.stdout:/usr/bin/ceph: stderr
2024-03-08T22:56:27.424+0000 7f0266a00700 1 --2- >> [v2:172.21.15.46:3300/0,v1:172.21.15.46:6789/0] conn(0x7f026819dc60 0x7f026819e080 unknown :-1 s=HELLO_CONNECTING pgs=0 cs=0 l=1 rev1=1 crypto rx=0 tx=0 comp rx=0 tx=0).handle_hello peer v2:172.21.15.46:3300/0 says I am v2:172.21.15.46:36564/0 (socket says 172.21.15.46:36564)
2024-03-08T22:56:28.775 INFO:teuthology.orchestra.run.smithi046.stdout:/usr/bin/ceph: stderr
2024-03-08T22:56:27.424+0000 7f0266a00700 1 -- 172.21.15.46:0/3339152041 learned_addr learned my addr 172.21.15.46:0/3339152041 (peer_addr_for_me v2:172.21.15.46:0/0)
2024-03-08T22:56:28.775 INFO:teuthology.orchestra.run.smithi046.stdout:/usr/bin/ceph: stderr
2024-03-08T22:56:27.424+0000 7f0266a00700 1 -- 172.21.15.46:0/3339152041 --> [v2:172.21.15.46:3300/0,v1:172.21.15.46:6789/0] -- mon_subscribe({config=0+,monmap=0+}) v3 -- 0x7f026819e5c0 con 0x7f026819dc60
2024-03-08T22:56:28.775 INFO:teuthology.orchestra.run.smithi046.stdout:/usr/bin/ceph: stderr
2024-03-08T22:56:27.424+0000 7f0266a00700 1 --2- 172.21.15.46:0/3339152041 >> [v2:172.21.15.46:3300/0,v1:172.21.15.46:6789/0] conn(0x7f026819dc60 0x7f026819e080 secure :-1 s=READY pgs=54 cs=0 l=1 rev1=1 crypto rx=0x7f0258009fb0 tx=0x7f0258011b80 comp rx=0 tx=0).ready entity=mon.0 client_cookie=0 server_cookie=0 in_seq=0 out_seq=0
2024-03-08T22:56:28.775 INFO:teuthology.orchestra.run.smithi046.stdout:/usr/bin/ceph: stderr
2024-03-08T22:56:27.425+0000 7f025f400700 1 -- 172.21.15.46:0/3339152041 <== mon.0 v2:172.21.15.46:3300/0 1 ==== mon_map magic: 0 v1 ==== 205+0+0 (secure 0 0 0) 0x7f02580036a0 con 0x7f026819dc60
2024-03-08T22:56:28.775 INFO:teuthology.orchestra.run.smithi046.stdout:/usr/bin/ceph: stderr
2024-03-08T22:56:27.425+0000 7f025f400700 1 -- 172.21.15.46:0/3339152041 <== mon.0 v2:172.21.15.46:3300/0 2 ==== config(27 keys) v1 ==== 1140+0+0 (secure 0 0 0) 0x7f025801a460 con 0x7f026819dc60
2024-03-08T22:56:28.776 INFO:teuthology.orchestra.run.smithi046.stdout:/usr/bin/ceph: stderr
2024-03-08T22:56:27.425+0000 7f025f400700 1 -- 172.21.15.46:0/3339152041 <== mon.0 v2:172.21.15.46:3300/0 3 ==== mon_map magic: 0 v1 ==== 205+0+0 (secure 0 0 0) 0x7f025801b440 con 0x7f026819dc60
2024-03-08T22:56:28.776 INFO:teuthology.orchestra.run.smithi046.stdout:/usr/bin/ceph: stderr
2024-03-08T22:56:27.425+0000 7f026d600700 1 -- 172.21.15.46:0/3339152041 --> [v2:172.21.15.46:3300/0,v1:172.21.15.46:6789/0] -- mon_subscribe({mgrmap=0+}) v3 -- 0x7f026819e850 con 0x7f026819dc60
2024-03-08T22:56:28.776 INFO:teuthology.orchestra.run.smithi046.stdout:/usr/bin/ceph: stderr
2024-03-08T22:56:27.425+0000 7f026d600700 1 -- 172.21.15.46:0/3339152041 --> [v2:172.21.15.46:3300/0,v1:172.21.15.46:6789/0] -- mon_subscribe({osdmap=0}) v3 -- 0x7f02681a1330 con 0x7f026819dc60
2024-03-08T22:56:28.776 INFO:teuthology.orchestra.run.smithi046.stdout:/usr/bin/ceph: stderr
2024-03-08T22:56:27.426+0000 7f026d600700 1 -- 172.21.15.46:0/3339152041 --> [v2:172.21.15.46:3300/0,v1:172.21.15.46:6789/0] -- mon_command({"prefix": "get_command_descriptions"} v 0) v1 -- 0x7f0248005330 con 0x7f026819dc60
2024-03-08T22:56:28.776 INFO:teuthology.orchestra.run.smithi046.stdout:/usr/bin/ceph: stderr
2024-03-08T22:56:27.427+0000 7f025f400700 1 -- 172.21.15.46:0/3339152041 <== mon.0 v2:172.21.15.46:3300/0 4 ==== mgrmap(e 8) v1 ==== 46106+0+0 (secure 0 0 0) 0x7f0258003840 con 0x7f026819dc60
2024-03-08T22:56:28.776 INFO:teuthology.orchestra.run.smithi046.stdout:/usr/bin/ceph: stderr
2024-03-08T22:56:27.428+0000 7f025f400700 1 --2- 172.21.15.46:0/3339152041 >> [v2:172.21.15.46:6800/4209254516,v1:172.21.15.46:6801/4209254516] conn(0x7f024c038fd0 0x7f024c03b490 unknown :-1 s=NONE pgs=0 cs=0 l=1 rev1=0 crypto rx=0 tx=0 comp rx=0 tx=0).connect
2024-03-08T22:56:28.776 INFO:teuthology.orchestra.run.smithi046.stdout:/usr/bin/ceph: stderr
2024-03-08T22:56:27.428+0000 7f025f400700 1 -- 172.21.15.46:0/3339152041 <== mon.0 v2:172.21.15.46:3300/0 5 ==== osd_map(2..2 src has 1..2) v4 ==== 940+0+0 (secure 0 0 0) 0x7f025804d460 con 0x7f026819dc60
2024-03-08T22:56:28.776 INFO:teuthology.orchestra.run.smithi046.stdout:/usr/bin/ceph: stderr
2024-03-08T22:56:27.428+0000 7f0266000700 1 --2- 172.21.15.46:0/3339152041 >> [v2:172.21.15.46:6800/4209254516,v1:172.21.15.46:6801/4209254516] conn(0x7f024c038fd0 0x7f024c03b490 unknown :-1 s=BANNER_CONNECTING pgs=0 cs=0 l=1 rev1=0 crypto rx=0 tx=0 comp rx=0 tx=0)._handle_peer_banner_payload supported=3 required=0
2024-03-08T22:56:28.776 INFO:teuthology.orchestra.run.smithi046.stdout:/usr/bin/ceph: stderr
2024-03-08T22:56:27.429+0000 7f0266000700 1 --2- 172.21.15.46:0/3339152041 >> [v2:172.21.15.46:6800/4209254516,v1:172.21.15.46:6801/4209254516] conn(0x7f024c038fd0 0x7f024c03b490 secure :-1 s=READY pgs=15 cs=0 l=1 rev1=1 crypto rx=0x7f0254006fd0 tx=0x7f0254006e40 comp rx=0 tx=0).ready entity=mgr.14120 client_cookie=0 server_cookie=0 in_seq=0 out_seq=0
2024-03-08T22:56:28.776 INFO:teuthology.orchestra.run.smithi046.stdout:/usr/bin/ceph: stderr
2024-03-08T22:56:27.432+0000 7f025f400700 1 -- 172.21.15.46:0/3339152041 <== mon.0 v2:172.21.15.46:3300/0 6 ==== mon_command_ack([{"prefix": "get_command_descriptions"}]=0 v0) v1 ==== 72+0+184905 (secure 0 0 0) 0x7f025804c260 con 0x7f026819dc60
2024-03-08T22:56:28.776 INFO:teuthology.orchestra.run.smithi046.stdout:/usr/bin/ceph: stderr
2024-03-08T22:56:27.658+0000 7f026d600700 1 -- 172.21.15.46:0/3339152041 --> [v2:172.21.15.46:3300/0,v1:172.21.15.46:6789/0] -- mon_command([{prefix=config set, name=mgr/dashboard/ssl_server_port}] v 0) v1 -- 0x7f0248005620 con 0x7f026819dc60
2024-03-08T22:56:28.776 INFO:teuthology.orchestra.run.smithi046.stdout:/usr/bin/ceph: stderr
2024-03-08T22:56:27.664+0000 7f025f400700 1 -- 172.21.15.46:0/3339152041 <== mon.0 v2:172.21.15.46:3300/0 7 ==== mon_command_ack([{prefix=config set, name=mgr/dashboard/ssl_server_port}]=0 v8)=0 v8) v1 ==== 130+0+0 (secure 0 0 0) 0x7f025804c5e0 con 0x7f026819dc60
2024-03-08T22:56:28.776 INFO:teuthology.orchestra.run.smithi046.stdout:/usr/bin/ceph: stderr
2024-03-08T22:56:27.667+0000 7f026d600700 1 -- 172.21.15.46:0/3339152041 >> [v2:172.21.15.46:6800/4209254516,v1:172.21.15.46:6801/4209254516] conn(0x7f024c038fd0 msgr2=0x7f024c03b490 secure :-1 s=STATE_CONNECTION_ESTABLISHED l=1).mark_down
2024-03-08T22:56:28.776 INFO:teuthology.orchestra.run.smithi046.stdout:/usr/bin/ceph: stderr
2024-03-08T22:56:27.667+0000 7f026d600700 1 --2- 172.21.15.46:0/3339152041 >> [v2:172.21.15.46:6800/4209254516,v1:172.21.15.46:6801/4209254516] conn(0x7f024c038fd0 0x7f024c03b490 secure :-1 s=READY pgs=15 cs=0 l=1 rev1=1 crypto rx=0x7f0254006fd0 tx=0x7f0254006e40 comp rx=0 tx=0).stop
2024-03-08T22:56:28.776 INFO:teuthology.orchestra.run.smithi046.stdout:/usr/bin/ceph: stderr
2024-03-08T22:56:27.667+0000 7f026d600700 1 -- 172.21.15.46:0/3339152041 >> [v2:172.21.15.46:3300/0,v1:172.21.15.46:6789/0] conn(0x7f026819dc60 msgr2=0x7f026819e080 secure :-1 s=STATE_CONNECTION_ESTABLISHED l=1).mark_down
2024-03-08T22:56:28.777 INFO:teuthology.orchestra.run.smithi046.stdout:/usr/bin/ceph: stderr
2024-03-08T22:56:27.667+0000 7f026d600700 1 --2- 172.21.15.46:0/3339152041 >> [v2:172.21.15.46:3300/0,v1:172.21.15.46:6789/0] conn(0x7f026819dc60 0x7f026819e080 secure :-1 s=READY pgs=54 cs=0 l=1 rev1=1 crypto rx=0x7f0258009fb0 tx=0x7f0258011b80 comp rx=0 tx=0).stop
2024-03-08T22:56:28.777 INFO:teuthology.orchestra.run.smithi046.stdout:/usr/bin/ceph: stderr
2024-03-08T22:56:27.667+0000 7f026d600700 1 -- 172.21.15.46:0/3339152041 shutdown_connections
2024-03-08T22:56:28.778 INFO:teuthology.orchestra.run.smithi046.stdout:/usr/bin/ceph: stderr
2024-03-08T22:56:27.667+0000 7f026d600700 1 --2- 172.21.15.46:0/3339152041 >> [v2:172.21.15.46:6800/4209254516,v1:172.21.15.46:6801/4209254516] conn(0x7f024c038fd0 0x7f024c03b490 unknown :-1 s=CLOSED pgs=15 cs=0 l=1 rev1=1 crypto rx=0 tx=0 comp rx=0 tx=0).stop
2024-03-08T22:56:28.778 INFO:teuthology.orchestra.run.smithi046.stdout:/usr/bin/ceph: stderr
2024-03-08T22:56:27.668+0000 7f026d600700 1 --2- 172.21.15.46:0/3339152041 >> [v2:172.21.15.46:3300/0,v1:172.21.15.46:6789/0] conn(0x7f026819dc60 0x7f026819e080 unknown :-1 s=CLOSED pgs=54 cs=0 l=1 rev1=1 crypto rx=0 tx=0 comp rx=0 tx=0).stop
2024-03-08T22:56:28.778 INFO:teuthology.orchestra.run.smithi046.stdout:/usr/bin/ceph: stderr
2024-03-08T22:56:27.668+0000 7f026d600700 1 -- 172.21.15.46:0/3339152041 >> 172.21.15.46:0/3339152041 conn(0x7f0268102db0 msgr2=0x7f02681039b0 unknown :-1 s=STATE_NONE l=0).mark_down
2024-03-08T22:56:28.778 INFO:teuthology.orchestra.run.smithi046.stdout:/usr/bin/ceph: stderr
2024-03-08T22:56:27.668+0000 7f026d600700 1 -- 172.21.15.46:0/3339152041 shutdown_connections
2024-03-08T22:56:28.778 INFO:teuthology.orchestra.run.smithi046.stdout:/usr/bin/ceph: stderr
2024-03-08T22:56:27.668+0000 7f026d600700 1 -- 172.21.15.46:0/3339152041 wait complete.
2024-03-08T22:56:28.778 INFO:teuthology.orchestra.run.smithi046.stdout:Enabling the dashboard module...
2024-03-08T22:56:28.872 INFO:journalctl@ceph.mon.a.smithi046.stdout:Mar 08 22:56:28 smithi046 ceph-mon[31859]: pgmap v4: 0 pgs: ; 0 B data, 0 B used, 0 B / 0 B avail
2024-03-08T22:56:28.872 INFO:journalctl@ceph.mon.a.smithi046.stdout:Mar 08 22:56:28 smithi046 ceph-mon[31859]: from='client.? 172.21.15.46:0/3339152041' entity='client.admin'
2024-03-08T22:56:30.169 INFO:journalctl@ceph.mgr.x.smithi046.stdout:Mar 08 22:56:29 smithi046 ceph-ced7dd96-dd9e-11ee-95c6-87774f69a715-mgr-x[32101]: ignoring --setuser ceph since I am not root
2024-03-08T22:56:30.169 INFO:journalctl@ceph.mgr.x.smithi046.stdout:Mar 08 22:56:29 smithi046 ceph-ced7dd96-dd9e-11ee-95c6-87774f69a715-mgr-x[32101]: ignoring --setgroup ceph since I am not root
2024-03-08T22:56:30.169 INFO:journalctl@ceph.mon.a.smithi046.stdout:Mar 08 22:56:29 smithi046 ceph-mon[31859]: from='mgr.14120 172.21.15.46:0/3337980244' entity='mgr.x'
2024-03-08T22:56:30.169 INFO:journalctl@ceph.mon.a.smithi046.stdout:Mar 08 22:56:29 smithi046 ceph-mon[31859]: pgmap v5: 0 pgs: ; 0 B data, 0 B used, 0 B / 0 B avail
2024-03-08T22:56:30.169 INFO:journalctl@ceph.mon.a.smithi046.stdout:Mar 08 22:56:29 smithi046 ceph-mon[31859]: from='client.? 172.21.15.46:0/3206885948' entity='client.admin' cmd=[{"prefix": "mgr module enable", "module": "dashboard"}]: dispatch
2024-03-08T22:56:30.494 INFO:teuthology.orchestra.run.smithi046.stdout:/usr/bin/ceph: stderr
2024-03-08T22:56:29.311+0000 7f5e3a200700 1 Processor -- start
2024-03-08T22:56:30.494 INFO:teuthology.orchestra.run.smithi046.stdout:/usr/bin/ceph: stderr
2024-03-08T22:56:29.311+0000 7f5e3a200700 1 -- start start
2024-03-08T22:56:30.494 INFO:teuthology.orchestra.run.smithi046.stdout:/usr/bin/ceph: stderr
2024-03-08T22:56:29.312+0000 7f5e3a200700 1 --2- >> [v2:172.21.15.46:3300/0,v1:172.21.15.46:6789/0] conn(0x7f5e341077f0 0x7f5e34107c10 unknown :-1 s=NONE pgs=0 cs=0 l=0 rev1=0 crypto rx=0 tx=0 comp rx=0 tx=0).connect
2024-03-08T22:56:30.494 INFO:teuthology.orchestra.run.smithi046.stdout:/usr/bin/ceph: stderr
2024-03-08T22:56:29.312+0000 7f5e3a200700 1 -- --> [v2:172.21.15.46:3300/0,v1:172.21.15.46:6789/0] -- mon_getmap magic: 0 v1 -- 0x7f5e341081e0 con 0x7f5e341077f0
2024-03-08T22:56:30.494 INFO:teuthology.orchestra.run.smithi046.stdout:/usr/bin/ceph: stderr
2024-03-08T22:56:29.312+0000 7f5e33400700 1 --2- >> [v2:172.21.15.46:3300/0,v1:172.21.15.46:6789/0] conn(0x7f5e341077f0 0x7f5e34107c10 unknown :-1 s=BANNER_CONNECTING pgs=0 cs=0 l=0 rev1=0 crypto rx=0 tx=0 comp rx=0 tx=0)._handle_peer_banner_payload supported=3 required=0
2024-03-08T22:56:30.494 INFO:teuthology.orchestra.run.smithi046.stdout:/usr/bin/ceph: stderr
2024-03-08T22:56:29.312+0000 7f5e33400700 1 --2- >> [v2:172.21.15.46:3300/0,v1:172.21.15.46:6789/0] conn(0x7f5e341077f0 0x7f5e34107c10 unknown :-1 s=HELLO_CONNECTING pgs=0 cs=0 l=0 rev1=1 crypto rx=0 tx=0 comp rx=0 tx=0).handle_hello peer v2:172.21.15.46:3300/0 says I am v2:172.21.15.46:36566/0 (socket says 172.21.15.46:36566)
2024-03-08T22:56:30.494 INFO:teuthology.orchestra.run.smithi046.stdout:/usr/bin/ceph: stderr
2024-03-08T22:56:29.312+0000 7f5e33400700 1 -- 172.21.15.46:0/1779702337 learned_addr learned my addr 172.21.15.46:0/1779702337 (peer_addr_for_me v2:172.21.15.46:0/0)
2024-03-08T22:56:30.494 INFO:teuthology.orchestra.run.smithi046.stdout:/usr/bin/ceph: stderr
2024-03-08T22:56:29.313+0000 7f5e33400700 1 -- 172.21.15.46:0/1779702337 --> [v2:172.21.15.46:3300/0,v1:172.21.15.46:6789/0] -- mon_subscribe({config=0+,monmap=0+}) v3 -- 0x7f5e341089a0 con 0x7f5e341077f0
2024-03-08T22:56:30.494 INFO:teuthology.orchestra.run.smithi046.stdout:/usr/bin/ceph: stderr
2024-03-08T22:56:29.313+0000 7f5e33400700 1 --2- 172.21.15.46:0/1779702337 >> [v2:172.21.15.46:3300/0,v1:172.21.15.46:6789/0] conn(0x7f5e341077f0 0x7f5e34107c10 secure :-1 s=READY pgs=55 cs=0 l=1 rev1=1 crypto rx=0x7f5e240098a0 tx=0x7f5e24009bb0 comp rx=0 tx=0).ready entity=mon.0 client_cookie=426a76732d6460f7 server_cookie=0 in_seq=0 out_seq=0
2024-03-08T22:56:30.494 INFO:teuthology.orchestra.run.smithi046.stdout:/usr/bin/ceph: stderr
2024-03-08T22:56:29.313+0000 7f5e32000700 1 -- 172.21.15.46:0/1779702337 <== mon.0 v2:172.21.15.46:3300/0 1 ==== mon_map magic: 0 v1 ==== 205+0+0 (secure 0 0 0) 0x7f5e24004160 con 0x7f5e341077f0
2024-03-08T22:56:30.494 INFO:teuthology.orchestra.run.smithi046.stdout:/usr/bin/ceph: stderr
2024-03-08T22:56:29.313+0000 7f5e32000700 1 -- 172.21.15.46:0/1779702337 <== mon.0 v2:172.21.15.46:3300/0 2 ==== config(27 keys) v1 ==== 1140+0+0 (secure 0 0 0) 0x7f5e24004300 con 0x7f5e341077f0
2024-03-08T22:56:30.495 INFO:teuthology.orchestra.run.smithi046.stdout:/usr/bin/ceph: stderr
2024-03-08T22:56:29.313+0000 7f5e32000700 1 -- 172.21.15.46:0/1779702337 <== mon.0 v2:172.21.15.46:3300/0 3 ==== mon_map magic: 0 v1 ==== 205+0+0 (secure 0 0 0) 0x7f5e24011b20 con 0x7f5e341077f0
2024-03-08T22:56:30.495 INFO:teuthology.orchestra.run.smithi046.stdout:/usr/bin/ceph: stderr
2024-03-08T22:56:29.314+0000 7f5e3a200700 1 -- 172.21.15.46:0/1779702337 >> [v2:172.21.15.46:3300/0,v1:172.21.15.46:6789/0] conn(0x7f5e341077f0 msgr2=0x7f5e34107c10 secure :-1 s=STATE_CONNECTION_ESTABLISHED l=1).mark_down
2024-03-08T22:56:30.495 INFO:teuthology.orchestra.run.smithi046.stdout:/usr/bin/ceph: stderr
2024-03-08T22:56:29.314+0000 7f5e3a200700 1 --2- 172.21.15.46:0/1779702337 >> [v2:172.21.15.46:3300/0,v1:172.21.15.46:6789/0] conn(0x7f5e341077f0 0x7f5e34107c10 secure :-1 s=READY pgs=55 cs=0 l=1 rev1=1 crypto rx=0x7f5e240098a0 tx=0x7f5e24009bb0 comp rx=0 tx=0).stop
2024-03-08T22:56:30.495 INFO:teuthology.orchestra.run.smithi046.stdout:/usr/bin/ceph: stderr
2024-03-08T22:56:29.314+0000 7f5e3a200700 1 -- 172.21.15.46:0/1779702337 shutdown_connections
2024-03-08T22:56:30.495 INFO:teuthology.orchestra.run.smithi046.stdout:/usr/bin/ceph: stderr
2024-03-08T22:56:29.314+0000 7f5e3a200700 1 --2- 172.21.15.46:0/1779702337 >> [v2:172.21.15.46:3300/0,v1:172.21.15.46:6789/0] conn(0x7f5e341077f0 0x7f5e34107c10 unknown :-1 s=CLOSED pgs=55 cs=0 l=1 rev1=1 crypto rx=0 tx=0 comp rx=0 tx=0).stop
2024-03-08T22:56:30.495 INFO:teuthology.orchestra.run.smithi046.stdout:/usr/bin/ceph: stderr
2024-03-08T22:56:29.314+0000 7f5e3a200700 1 -- 172.21.15.46:0/1779702337 >> 172.21.15.46:0/1779702337 conn(0x7f5e34102db0 msgr2=0x7f5e341051d0 unknown :-1 s=STATE_NONE l=0).mark_down
2024-03-08T22:56:30.495 INFO:teuthology.orchestra.run.smithi046.stdout:/usr/bin/ceph: stderr
2024-03-08T22:56:29.314+0000 7f5e3a200700 1 -- 172.21.15.46:0/1779702337 shutdown_connections
2024-03-08T22:56:30.495 INFO:teuthology.orchestra.run.smithi046.stdout:/usr/bin/ceph: stderr
2024-03-08T22:56:29.315+0000 7f5e3a200700 1 -- 172.21.15.46:0/1779702337 wait complete.
2024-03-08T22:56:30.495 INFO:teuthology.orchestra.run.smithi046.stdout:/usr/bin/ceph: stderr
2024-03-08T22:56:29.316+0000 7f5e3a200700 1 Processor -- start
2024-03-08T22:56:30.495 INFO:teuthology.orchestra.run.smithi046.stdout:/usr/bin/ceph: stderr
2024-03-08T22:56:29.316+0000 7f5e3a200700 1 -- start start
2024-03-08T22:56:30.495 INFO:teuthology.orchestra.run.smithi046.stdout:/usr/bin/ceph: stderr
2024-03-08T22:56:29.316+0000 7f5e3a200700 1 --2- >> [v2:172.21.15.46:3300/0,v1:172.21.15.46:6789/0] conn(0x7f5e341077f0 0x7f5e3407cb70 unknown :-1 s=NONE pgs=0 cs=0 l=1 rev1=0 crypto rx=0 tx=0 comp rx=0 tx=0).connect
2024-03-08T22:56:30.495 INFO:teuthology.orchestra.run.smithi046.stdout:/usr/bin/ceph: stderr
2024-03-08T22:56:29.316+0000 7f5e3a200700 1 -- --> [v2:172.21.15.46:3300/0,v1:172.21.15.46:6789/0] -- mon_getmap magic: 0 v1 -- 0x7f5e3410bd50 con 0x7f5e341077f0
2024-03-08T22:56:30.495 INFO:teuthology.orchestra.run.smithi046.stdout:/usr/bin/ceph: stderr
2024-03-08T22:56:29.316+0000 7f5e33400700 1 --2- >> [v2:172.21.15.46:3300/0,v1:172.21.15.46:6789/0] conn(0x7f5e341077f0 0x7f5e3407cb70 unknown :-1 s=BANNER_CONNECTING pgs=0 cs=0 l=1 rev1=0 crypto rx=0 tx=0 comp rx=0 tx=0)._handle_peer_banner_payload supported=3 required=0
2024-03-08T22:56:30.496 INFO:teuthology.orchestra.run.smithi046.stdout:/usr/bin/ceph: stderr
2024-03-08T22:56:29.316+0000 7f5e33400700 1 --2- >> [v2:172.21.15.46:3300/0,v1:172.21.15.46:6789/0] conn(0x7f5e341077f0 0x7f5e3407cb70 unknown :-1 s=HELLO_CONNECTING pgs=0 cs=0 l=1 rev1=1 crypto rx=0 tx=0 comp rx=0 tx=0).handle_hello peer v2:172.21.15.46:3300/0 says I am v2:172.21.15.46:36574/0 (socket says 172.21.15.46:36574)
2024-03-08T22:56:30.496 INFO:teuthology.orchestra.run.smithi046.stdout:/usr/bin/ceph: stderr
2024-03-08T22:56:29.316+0000 7f5e33400700 1 -- 172.21.15.46:0/3206885948 learned_addr learned my addr 172.21.15.46:0/3206885948 (peer_addr_for_me v2:172.21.15.46:0/0)
2024-03-08T22:56:30.496 INFO:teuthology.orchestra.run.smithi046.stdout:/usr/bin/ceph: stderr
2024-03-08T22:56:29.317+0000 7f5e33400700 1 -- 172.21.15.46:0/3206885948 --> [v2:172.21.15.46:3300/0,v1:172.21.15.46:6789/0] -- mon_subscribe({config=0+,monmap=0+}) v3 -- 0x7f5e3407d0b0 con 0x7f5e341077f0
2024-03-08T22:56:30.496 INFO:teuthology.orchestra.run.smithi046.stdout:/usr/bin/ceph: stderr
2024-03-08T22:56:29.317+0000 7f5e33400700 1 --2- 172.21.15.46:0/3206885948 >> [v2:172.21.15.46:3300/0,v1:172.21.15.46:6789/0] conn(0x7f5e341077f0 0x7f5e3407cb70 secure :-1 s=READY pgs=56 cs=0 l=1 rev1=1 crypto rx=0x7f5e24000c00 tx=0x7f5e24011c10 comp rx=0 tx=0).ready entity=mon.0 client_cookie=0 server_cookie=0 in_seq=0 out_seq=0
2024-03-08T22:56:30.496 INFO:teuthology.orchestra.run.smithi046.stdout:/usr/bin/ceph: stderr
2024-03-08T22:56:29.317+0000 7f5e2be00700 1 -- 172.21.15.46:0/3206885948 <== mon.0 v2:172.21.15.46:3300/0 1 ==== mon_map magic: 0 v1 ==== 205+0+0 (secure 0 0 0) 0x7f5e24003b60 con 0x7f5e341077f0
2024-03-08T22:56:30.496 INFO:teuthology.orchestra.run.smithi046.stdout:/usr/bin/ceph: stderr
2024-03-08T22:56:29.317+0000 7f5e2be00700 1 -- 172.21.15.46:0/3206885948 <== mon.0 v2:172.21.15.46:3300/0 2 ==== config(27 keys) v1 ==== 1140+0+0 (secure 0 0 0) 0x7f5e2401a910 con 0x7f5e341077f0
2024-03-08T22:56:30.496 INFO:teuthology.orchestra.run.smithi046.stdout:/usr/bin/ceph: stderr
2024-03-08T22:56:29.317+0000 7f5e3a200700 1 -- 172.21.15.46:0/3206885948 --> [v2:172.21.15.46:3300/0,v1:172.21.15.46:6789/0] -- mon_subscribe({mgrmap=0+}) v3 -- 0x7f5e3407b2a0 con 0x7f5e341077f0
2024-03-08T22:56:30.496 INFO:teuthology.orchestra.run.smithi046.stdout:/usr/bin/ceph: stderr
2024-03-08T22:56:29.317+0000 7f5e2be00700 1 -- 172.21.15.46:0/3206885948 <== mon.0 v2:172.21.15.46:3300/0 3 ==== mon_map magic: 0 v1 ==== 205+0+0 (secure 0 0 0) 0x7f5e24024930 con 0x7f5e341077f0
2024-03-08T22:56:30.496 INFO:teuthology.orchestra.run.smithi046.stdout:/usr/bin/ceph: stderr
2024-03-08T22:56:29.318+0000 7f5e3a200700 1 -- 172.21.15.46:0/3206885948 --> [v2:172.21.15.46:3300/0,v1:172.21.15.46:6789/0] -- mon_subscribe({osdmap=0}) v3 -- 0x7f5e3407b760 con 0x7f5e341077f0
2024-03-08T22:56:30.496 INFO:teuthology.orchestra.run.smithi046.stdout:/usr/bin/ceph: stderr
2024-03-08T22:56:29.319+0000 7f5e3a200700 1 -- 172.21.15.46:0/3206885948 --> [v2:172.21.15.46:3300/0,v1:172.21.15.46:6789/0] -- mon_command({"prefix": "get_command_descriptions"} v 0) v1 -- 0x7f5e34063410 con 0x7f5e341077f0
2024-03-08T22:56:30.496 INFO:teuthology.orchestra.run.smithi046.stdout:/usr/bin/ceph: stderr
2024-03-08T22:56:29.319+0000 7f5e2be00700 1 -- 172.21.15.46:0/3206885948 <== mon.0 v2:172.21.15.46:3300/0 4 ==== mgrmap(e 8) v1 ==== 46106+0+0 (secure 0 0 0) 0x7f5e24022020 con 0x7f5e341077f0
2024-03-08T22:56:30.496 INFO:teuthology.orchestra.run.smithi046.stdout:/usr/bin/ceph: stderr
2024-03-08T22:56:29.320+0000 7f5e2be00700 1 --2- 172.21.15.46:0/3206885948 >> [v2:172.21.15.46:6800/4209254516,v1:172.21.15.46:6801/4209254516] conn(0x7f5e18038f20 0x7f5e1803b3e0 unknown :-1 s=NONE pgs=0 cs=0 l=1 rev1=0 crypto rx=0 tx=0 comp rx=0 tx=0).connect
2024-03-08T22:56:30.496 INFO:teuthology.orchestra.run.smithi046.stdout:/usr/bin/ceph: stderr
2024-03-08T22:56:29.320+0000 7f5e2be00700 1 -- 172.21.15.46:0/3206885948 <== mon.0 v2:172.21.15.46:3300/0 5 ==== osd_map(2..2 src has 1..2) v4 ==== 940+0+0 (secure 0 0 0) 0x7f5e2404d170 con 0x7f5e341077f0
2024-03-08T22:56:30.496 INFO:teuthology.orchestra.run.smithi046.stdout:/usr/bin/ceph: stderr
2024-03-08T22:56:29.320+0000 7f5e32a00700 1 --2- 172.21.15.46:0/3206885948 >> [v2:172.21.15.46:6800/4209254516,v1:172.21.15.46:6801/4209254516] conn(0x7f5e18038f20 0x7f5e1803b3e0 unknown :-1 s=BANNER_CONNECTING pgs=0 cs=0 l=1 rev1=0 crypto rx=0 tx=0 comp rx=0 tx=0)._handle_peer_banner_payload supported=3 required=0
2024-03-08T22:56:30.496 INFO:teuthology.orchestra.run.smithi046.stdout:/usr/bin/ceph: stderr
2024-03-08T22:56:29.321+0000 7f5e32a00700 1 --2- 172.21.15.46:0/3206885948 >> [v2:172.21.15.46:6800/4209254516,v1:172.21.15.46:6801/4209254516] conn(0x7f5e18038f20 0x7f5e1803b3e0 secure :-1 s=READY pgs=16 cs=0 l=1 rev1=1 crypto rx=0x7f5e20006fd0 tx=0x7f5e20006e40 comp rx=0 tx=0).ready entity=mgr.14120 client_cookie=0 server_cookie=0 in_seq=0 out_seq=0
2024-03-08T22:56:30.497 INFO:teuthology.orchestra.run.smithi046.stdout:/usr/bin/ceph: stderr
2024-03-08T22:56:29.325+0000 7f5e2be00700 1 -- 172.21.15.46:0/3206885948 <== mon.0 v2:172.21.15.46:3300/0 6 ==== mon_command_ack([{"prefix": "get_command_descriptions"}]=0 v0) v1 ==== 72+0+184905 (secure 0 0 0) 0x7f5e2401ab70 con 0x7f5e341077f0
2024-03-08T22:56:30.497 INFO:teuthology.orchestra.run.smithi046.stdout:/usr/bin/ceph: stderr
2024-03-08T22:56:29.618+0000 7f5e3a200700 1 -- 172.21.15.46:0/3206885948 --> [v2:172.21.15.46:3300/0,v1:172.21.15.46:6789/0] -- mon_command({"prefix": "mgr module enable", "module": "dashboard"} v 0) v1 -- 0x7f5e3407b9e0 con 0x7f5e341077f0
2024-03-08T22:56:30.497 INFO:teuthology.orchestra.run.smithi046.stdout:/usr/bin/ceph: stderr
2024-03-08T22:56:29.825+0000 7f5e2be00700 1 -- 172.21.15.46:0/3206885948 <== mon.0 v2:172.21.15.46:3300/0 7 ==== mon_command_ack([{"prefix": "mgr module enable", "module": "dashboard"}]=0 v9) v1 ==== 88+0+0 (secure 0 0 0) 0x7f5e2404cac0 con 0x7f5e341077f0
2024-03-08T22:56:30.497 INFO:teuthology.orchestra.run.smithi046.stdout:/usr/bin/ceph: stderr
2024-03-08T22:56:29.828+0000 7f5e2be00700 1 -- 172.21.15.46:0/3206885948 <== mon.0 v2:172.21.15.46:3300/0 8 ==== mgrmap(e 9) v1 ==== 46119+0+0 (secure 0 0 0) 0x7f5e2402d3f0 con 0x7f5e341077f0
2024-03-08T22:56:30.497 INFO:teuthology.orchestra.run.smithi046.stdout:/usr/bin/ceph: stderr
2024-03-08T22:56:29.829+0000 7f5e3a200700 1 -- 172.21.15.46:0/3206885948 >> [v2:172.21.15.46:6800/4209254516,v1:172.21.15.46:6801/4209254516] conn(0x7f5e18038f20 msgr2=0x7f5e1803b3e0 secure :-1 s=STATE_CONNECTION_ESTABLISHED l=1).mark_down
2024-03-08T22:56:30.497 INFO:teuthology.orchestra.run.smithi046.stdout:/usr/bin/ceph: stderr
2024-03-08T22:56:29.829+0000 7f5e3a200700 1 --2- 172.21.15.46:0/3206885948 >> [v2:172.21.15.46:6800/4209254516,v1:172.21.15.46:6801/4209254516] conn(0x7f5e18038f20 0x7f5e1803b3e0 secure :-1 s=READY pgs=16 cs=0 l=1 rev1=1 crypto rx=0x7f5e20006fd0 tx=0x7f5e20006e40 comp rx=0 tx=0).stop
2024-03-08T22:56:30.497 INFO:teuthology.orchestra.run.smithi046.stdout:/usr/bin/ceph: stderr
2024-03-08T22:56:29.829+0000 7f5e3a200700 1 -- 172.21.15.46:0/3206885948 >> [v2:172.21.15.46:3300/0,v1:172.21.15.46:6789/0] conn(0x7f5e341077f0 msgr2=0x7f5e3407cb70 secure :-1 s=STATE_CONNECTION_ESTABLISHED l=1).mark_down
2024-03-08T22:56:30.497 INFO:teuthology.orchestra.run.smithi046.stdout:/usr/bin/ceph: stderr
2024-03-08T22:56:29.829+0000 7f5e3a200700 1 --2- 172.21.15.46:0/3206885948 >> [v2:172.21.15.46:3300/0,v1:172.21.15.46:6789/0] conn(0x7f5e341077f0 0x7f5e3407cb70 secure :-1 s=READY pgs=56 cs=0 l=1 rev1=1 crypto rx=0x7f5e24000c00 tx=0x7f5e24011c10 comp rx=0 tx=0).stop
2024-03-08T22:56:30.497 INFO:teuthology.orchestra.run.smithi046.stdout:/usr/bin/ceph: stderr
2024-03-08T22:56:29.829+0000 7f5e3a200700 1 -- 172.21.15.46:0/3206885948 shutdown_connections
2024-03-08T22:56:30.497 INFO:teuthology.orchestra.run.smithi046.stdout:/usr/bin/ceph: stderr
2024-03-08T22:56:29.829+0000 7f5e3a200700 1 --2- 172.21.15.46:0/3206885948 >> [v2:172.21.15.46:6800/4209254516,v1:172.21.15.46:6801/4209254516] conn(0x7f5e18038f20 0x7f5e1803b3e0 unknown :-1 s=CLOSED pgs=16 cs=0 l=1 rev1=1 crypto rx=0 tx=0 comp rx=0 tx=0).stop
2024-03-08T22:56:30.497 INFO:teuthology.orchestra.run.smithi046.stdout:/usr/bin/ceph: stderr
2024-03-08T22:56:29.829+0000 7f5e3a200700 1 --2- 172.21.15.46:0/3206885948 >> [v2:172.21.15.46:3300/0,v1:172.21.15.46:6789/0] conn(0x7f5e341077f0 0x7f5e3407cb70 unknown :-1 s=CLOSED pgs=56 cs=0 l=1 rev1=1 crypto rx=0 tx=0 comp rx=0 tx=0).stop
2024-03-08T22:56:30.497 INFO:teuthology.orchestra.run.smithi046.stdout:/usr/bin/ceph: stderr
2024-03-08T22:56:29.829+0000 7f5e3a200700 1 -- 172.21.15.46:0/3206885948 >> 172.21.15.46:0/3206885948 conn(0x7f5e34102db0 msgr2=0x7f5e341038a0 unknown :-1 s=STATE_NONE l=0).mark_down
2024-03-08T22:56:30.497 INFO:teuthology.orchestra.run.smithi046.stdout:/usr/bin/ceph: stderr
2024-03-08T22:56:29.831+0000 7f5e3a200700 1 -- 172.21.15.46:0/3206885948 shutdown_connections
2024-03-08T22:56:30.497 INFO:teuthology.orchestra.run.smithi046.stdout:/usr/bin/ceph: stderr
2024-03-08T22:56:29.831+0000 7f5e3a200700 1 -- 172.21.15.46:0/3206885948 wait complete.
2024-03-08T22:56:30.796 INFO:journalctl@ceph.mgr.x.smithi046.stdout:Mar 08 22:56:30 smithi046 ceph-ced7dd96-dd9e-11ee-95c6-87774f69a715-mgr-x[32101]:
2024-03-08T22:56:30.677+0000 7ff0bc2b6200 -1 mgr[py] Module osd_perf_query has missing NOTIFY_TYPES member
2024-03-08T22:56:31.100 INFO:journalctl@ceph.mon.a.smithi046.stdout:Mar 08 22:56:30 smithi046 ceph-mon[31859]: from='client.? 172.21.15.46:0/3206885948' entity='client.admin' cmd='[{"prefix": "mgr module enable", "module": "dashboard"}]': finished
2024-03-08T22:56:31.100 INFO:journalctl@ceph.mon.a.smithi046.stdout:Mar 08 22:56:30 smithi046 ceph-mon[31859]: mgrmap e9: x(active, since 24s)
2024-03-08T22:56:31.100 INFO:journalctl@ceph.mgr.x.smithi046.stdout:Mar 08 22:56:30 smithi046 ceph-ced7dd96-dd9e-11ee-95c6-87774f69a715-mgr-x[32101]:
2024-03-08T22:56:30.805+0000 7ff0bc2b6200 -1 mgr[py] Module snap_schedule has missing NOTIFY_TYPES member
2024-03-08T22:56:31.726 INFO:journalctl@ceph.mgr.x.smithi046.stdout:Mar 08 22:56:31 smithi046 ceph-ced7dd96-dd9e-11ee-95c6-87774f69a715-mgr-x[32101]:
2024-03-08T22:56:31.635+0000 7ff0bc2b6200 -1 mgr[py] Module zabbix has missing NOTIFY_TYPES member
2024-03-08T22:56:32.083 INFO:journalctl@ceph.mon.a.smithi046.stdout:Mar 08 22:56:31 smithi046 ceph-mon[31859]: from='client.? 172.21.15.46:0/164392899' entity='client.admin' cmd=[{"prefix": "mgr stat"}]: dispatch
2024-03-08T22:56:32.084 INFO:journalctl@ceph.mgr.x.smithi046.stdout:Mar 08 22:56:31 smithi046 ceph-ced7dd96-dd9e-11ee-95c6-87774f69a715-mgr-x[32101]:
2024-03-08T22:56:31.763+0000 7ff0bc2b6200 -1 mgr[py] Module balancer has missing NOTIFY_TYPES member
2024-03-08T22:56:32.084 INFO:journalctl@ceph.mgr.x.smithi046.stdout:Mar 08 22:56:31 smithi046 ceph-ced7dd96-dd9e-11ee-95c6-87774f69a715-mgr-x[32101]:
2024-03-08T22:56:31.948+0000 7ff0bc2b6200 -1 mgr[py] Module influx has missing NOTIFY_TYPES member
2024-03-08T22:56:32.084 INFO:journalctl@ceph.mgr.x.smithi046.stdout:Mar 08 22:56:32 smithi046 ceph-ced7dd96-dd9e-11ee-95c6-87774f69a715-mgr-x[32101]:
2024-03-08T22:56:32.078+0000 7ff0bc2b6200 -1 mgr[py] Module alerts has missing NOTIFY_TYPES member
2024-03-08T22:56:32.095 INFO:teuthology.orchestra.run.smithi046.stdout:/usr/bin/ceph: stdout {
2024-03-08T22:56:32.106 INFO:teuthology.orchestra.run.smithi046.stdout:/usr/bin/ceph: stdout "epoch": 9,
2024-03-08T22:56:32.106 INFO:teuthology.orchestra.run.smithi046.stdout:/usr/bin/ceph: stdout "available": true,
2024-03-08T22:56:32.106 INFO:teuthology.orchestra.run.smithi046.stdout:/usr/bin/ceph: stdout "active_name": "x",
2024-03-08T22:56:32.106 INFO:teuthology.orchestra.run.smithi046.stdout:/usr/bin/ceph: stdout "num_standby": 0
2024-03-08T22:56:32.106 INFO:teuthology.orchestra.run.smithi046.stdout:/usr/bin/ceph: stdout }
2024-03-08T22:56:32.106 INFO:teuthology.orchestra.run.smithi046.stdout:/usr/bin/ceph: stderr
2024-03-08T22:56:31.094+0000 7f5977000700 1 Processor -- start
2024-03-08T22:56:32.106 INFO:teuthology.orchestra.run.smithi046.stdout:/usr/bin/ceph: stderr
2024-03-08T22:56:31.094+0000 7f5977000700 1 -- start start
2024-03-08T22:56:32.106 INFO:teuthology.orchestra.run.smithi046.stdout:/usr/bin/ceph: stderr
2024-03-08T22:56:31.095+0000 7f5977000700 1 --2- >> [v2:172.21.15.46:3300/0,v1:172.21.15.46:6789/0] conn(0x7f5970108e70 0x7f5970109290 unknown :-1 s=NONE pgs=0 cs=0 l=0 rev1=0 crypto rx=0 tx=0 comp rx=0 tx=0).connect
2024-03-08T22:56:32.106 INFO:teuthology.orchestra.run.smithi046.stdout:/usr/bin/ceph: stderr
2024-03-08T22:56:31.095+0000 7f5977000700 1 -- --> [v2:172.21.15.46:3300/0,v1:172.21.15.46:6789/0] -- mon_getmap magic: 0 v1 -- 0x7f5970107400 con 0x7f5970108e70
2024-03-08T22:56:32.107 INFO:teuthology.orchestra.run.smithi046.stdout:/usr/bin/ceph: stderr
2024-03-08T22:56:31.095+0000 7f596fe00700 1 --2- >> [v2:172.21.15.46:3300/0,v1:172.21.15.46:6789/0] conn(0x7f5970108e70 0x7f5970109290 unknown :-1 s=BANNER_CONNECTING pgs=0 cs=0 l=0 rev1=0 crypto rx=0 tx=0 comp rx=0 tx=0)._handle_peer_banner_payload supported=3 required=0
2024-03-08T22:56:32.107 INFO:teuthology.orchestra.run.smithi046.stdout:/usr/bin/ceph: stderr
2024-03-08T22:56:31.096+0000 7f596fe00700 1 --2- >> [v2:172.21.15.46:3300/0,v1:172.21.15.46:6789/0] conn(0x7f5970108e70 0x7f5970109290 unknown :-1 s=HELLO_CONNECTING pgs=0 cs=0 l=0 rev1=1 crypto rx=0 tx=0 comp rx=0 tx=0).handle_hello peer v2:172.21.15.46:3300/0 says I am v2:172.21.15.46:36606/0 (socket says 172.21.15.46:36606)
2024-03-08T22:56:32.107 INFO:teuthology.orchestra.run.smithi046.stdout:/usr/bin/ceph: stderr
2024-03-08T22:56:31.096+0000 7f596fe00700 1 -- 172.21.15.46:0/4281806519 learned_addr learned my addr 172.21.15.46:0/4281806519 (peer_addr_for_me v2:172.21.15.46:0/0)
2024-03-08T22:56:32.107 INFO:teuthology.orchestra.run.smithi046.stdout:/usr/bin/ceph: stderr
2024-03-08T22:56:31.096+0000 7f596fe00700 1 -- 172.21.15.46:0/4281806519 --> [v2:172.21.15.46:3300/0,v1:172.21.15.46:6789/0] -- mon_subscribe({config=0+,monmap=0+}) v3 -- 0x7f5970107580 con 0x7f5970108e70
2024-03-08T22:56:32.107 INFO:teuthology.orchestra.run.smithi046.stdout:/usr/bin/ceph: stderr
2024-03-08T22:56:31.096+0000 7f596fe00700 1 --2- 172.21.15.46:0/4281806519 >> [v2:172.21.15.46:3300/0,v1:172.21.15.46:6789/0] conn(0x7f5970108e70 0x7f5970109290 secure :-1 s=READY pgs=59 cs=0 l=1 rev1=1 crypto rx=0x7f5960009e80 tx=0x7f596000b330 comp rx=0 tx=0).ready entity=mon.0 client_cookie=d56a3e148e7ddad3 server_cookie=0 in_seq=0 out_seq=0
2024-03-08T22:56:32.107 INFO:teuthology.orchestra.run.smithi046.stdout:/usr/bin/ceph: stderr
2024-03-08T22:56:31.097+0000 7f596f400700 1 -- 172.21.15.46:0/4281806519 <== mon.0 v2:172.21.15.46:3300/0 1 ==== mon_map magic: 0 v1 ==== 205+0+0 (secure 0 0 0) 0x7f5960017070 con 0x7f5970108e70
2024-03-08T22:56:32.107 INFO:teuthology.orchestra.run.smithi046.stdout:/usr/bin/ceph: stderr
2024-03-08T22:56:31.097+0000 7f596f400700 1 -- 172.21.15.46:0/4281806519 <== mon.0 v2:172.21.15.46:3300/0 2 ==== config(27 keys) v1 ==== 1140+0+0 (secure 0 0 0) 0x7f596000b8c0 con 0x7f5970108e70
2024-03-08T22:56:32.107 INFO:teuthology.orchestra.run.smithi046.stdout:/usr/bin/ceph: stderr
2024-03-08T22:56:31.097+0000 7f596f400700 1 -- 172.21.15.46:0/4281806519 <== mon.0 v2:172.21.15.46:3300/0 3 ==== mon_map magic: 0 v1 ==== 205+0+0 (secure 0 0 0) 0x7f59600045c0 con 0x7f5970108e70
2024-03-08T22:56:32.107 INFO:teuthology.orchestra.run.smithi046.stdout:/usr/bin/ceph: stderr
2024-03-08T22:56:31.097+0000 7f5977000700 1 -- 172.21.15.46:0/4281806519 >> [v2:172.21.15.46:3300/0,v1:172.21.15.46:6789/0] conn(0x7f5970108e70 msgr2=0x7f5970109290 secure :-1 s=STATE_CONNECTION_ESTABLISHED l=1).mark_down
2024-03-08T22:56:32.107 INFO:teuthology.orchestra.run.smithi046.stdout:/usr/bin/ceph: stderr
2024-03-08T22:56:31.097+0000 7f5977000700 1 --2- 172.21.15.46:0/4281806519 >> [v2:172.21.15.46:3300/0,v1:172.21.15.46:6789/0] conn(0x7f5970108e70 0x7f5970109290 secure :-1 s=READY pgs=59 cs=0 l=1 rev1=1 crypto rx=0x7f5960009e80 tx=0x7f596000b330 comp rx=0 tx=0).stop
2024-03-08T22:56:32.107 INFO:teuthology.orchestra.run.smithi046.stdout:/usr/bin/ceph: stderr
2024-03-08T22:56:31.097+0000 7f5977000700 1 -- 172.21.15.46:0/4281806519 shutdown_connections
2024-03-08T22:56:32.108 INFO:teuthology.orchestra.run.smithi046.stdout:/usr/bin/ceph: stderr
2024-03-08T22:56:31.098+0000 7f5977000700 1 --2- 172.21.15.46:0/4281806519 >> [v2:172.21.15.46:3300/0,v1:172.21.15.46:6789/0] conn(0x7f5970108e70 0x7f5970109290 unknown :-1 s=CLOSED pgs=59 cs=0 l=1 rev1=1 crypto rx=0 tx=0 comp rx=0 tx=0).stop
2024-03-08T22:56:32.108 INFO:teuthology.orchestra.run.smithi046.stdout:/usr/bin/ceph: stderr
2024-03-08T22:56:31.098+0000 7f5977000700 1 -- 172.21.15.46:0/4281806519 >> 172.21.15.46:0/4281806519 conn(0x7f5970102d80 msgr2=0x7f59701051c0 unknown :-1 s=STATE_NONE l=0).mark_down
2024-03-08T22:56:32.108 INFO:teuthology.orchestra.run.smithi046.stdout:/usr/bin/ceph: stderr
2024-03-08T22:56:31.098+0000 7f5977000700 1 -- 172.21.15.46:0/4281806519 shutdown_connections
2024-03-08T22:56:32.108 INFO:teuthology.orchestra.run.smithi046.stdout:/usr/bin/ceph: stderr
2024-03-08T22:56:31.098+0000 7f5977000700 1 -- 172.21.15.46:0/4281806519 wait complete.
2024-03-08T22:56:32.108 INFO:teuthology.orchestra.run.smithi046.stdout:/usr/bin/ceph: stderr
2024-03-08T22:56:31.099+0000 7f5977000700 1 Processor -- start
2024-03-08T22:56:32.108 INFO:teuthology.orchestra.run.smithi046.stdout:/usr/bin/ceph: stderr
2024-03-08T22:56:31.099+0000 7f5977000700 1 -- start start
2024-03-08T22:56:32.108 INFO:teuthology.orchestra.run.smithi046.stdout:/usr/bin/ceph: stderr
2024-03-08T22:56:31.099+0000 7f5977000700 1 --2- >> [v2:172.21.15.46:3300/0,v1:172.21.15.46:6789/0] conn(0x7f5970108e70 0x7f597019da60 unknown :-1 s=NONE pgs=0 cs=0 l=1 rev1=0 crypto rx=0 tx=0 comp rx=0 tx=0).connect
2024-03-08T22:56:32.108 INFO:teuthology.orchestra.run.smithi046.stdout:/usr/bin/ceph: stderr
2024-03-08T22:56:31.099+0000 7f5977000700 1 -- --> [v2:172.21.15.46:3300/0,v1:172.21.15.46:6789/0] -- mon_getmap magic: 0 v1 -- 0x7f597010bd40 con 0x7f5970108e70
2024-03-08T22:56:32.108 INFO:teuthology.orchestra.run.smithi046.stdout:/usr/bin/ceph: stderr
2024-03-08T22:56:31.099+0000 7f596fe00700 1 --2- >> [v2:172.21.15.46:3300/0,v1:172.21.15.46:6789/0] conn(0x7f5970108e70 0x7f597019da60 unknown :-1 s=BANNER_CONNECTING pgs=0 cs=0 l=1 rev1=0 crypto rx=0 tx=0 comp rx=0 tx=0)._handle_peer_banner_payload supported=3 required=0
2024-03-08T22:56:32.108 INFO:teuthology.orchestra.run.smithi046.stdout:/usr/bin/ceph: stderr
2024-03-08T22:56:31.099+0000 7f596fe00700 1 --2- >> [v2:172.21.15.46:3300/0,v1:172.21.15.46:6789/0] conn(0x7f5970108e70 0x7f597019da60 unknown :-1 s=HELLO_CONNECTING pgs=0 cs=0 l=1 rev1=1 crypto rx=0 tx=0 comp rx=0 tx=0).handle_hello peer v2:172.21.15.46:3300/0 says I am v2:172.21.15.46:36618/0 (socket says 172.21.15.46:36618)
2024-03-08T22:56:32.108 INFO:teuthology.orchestra.run.smithi046.stdout:/usr/bin/ceph: stderr
2024-03-08T22:56:31.099+0000 7f596fe00700 1 -- 172.21.15.46:0/164392899 learned_addr learned my addr 172.21.15.46:0/164392899 (peer_addr_for_me v2:172.21.15.46:0/0)
2024-03-08T22:56:32.108 INFO:teuthology.orchestra.run.smithi046.stdout:/usr/bin/ceph: stderr
2024-03-08T22:56:31.100+0000 7f596fe00700 1 -- 172.21.15.46:0/164392899 --> [v2:172.21.15.46:3300/0,v1:172.21.15.46:6789/0] -- mon_subscribe({config=0+,monmap=0+}) v3 -- 0x7f597019dfa0 con 0x7f5970108e70
2024-03-08T22:56:32.109 INFO:teuthology.orchestra.run.smithi046.stdout:/usr/bin/ceph: stderr
2024-03-08T22:56:31.100+0000 7f596fe00700 1 --2- 172.21.15.46:0/164392899 >> [v2:172.21.15.46:3300/0,v1:172.21.15.46:6789/0] conn(0x7f5970108e70 0x7f597019da60 secure :-1 s=READY pgs=60 cs=0 l=1 rev1=1 crypto rx=0x7f5960009530 tx=0x7f5960003d00 comp rx=0 tx=0).ready entity=mon.0 client_cookie=0 server_cookie=0 in_seq=0 out_seq=0
2024-03-08T22:56:32.109 INFO:teuthology.orchestra.run.smithi046.stdout:/usr/bin/ceph: stderr
2024-03-08T22:56:31.100+0000 7f596d600700 1 -- 172.21.15.46:0/164392899 <== mon.0 v2:172.21.15.46:3300/0 1 ==== mon_map magic: 0 v1 ==== 205+0+0 (secure 0 0 0) 0x7f5960020020 con 0x7f5970108e70
2024-03-08T22:56:32.109 INFO:teuthology.orchestra.run.smithi046.stdout:/usr/bin/ceph: stderr
2024-03-08T22:56:31.100+0000 7f596d600700 1 -- 172.21.15.46:0/164392899 <== mon.0 v2:172.21.15.46:3300/0 2 ==== config(27 keys) v1 ==== 1140+0+0 (secure 0 0 0) 0x7f596000bba0 con 0x7f5970108e70
2024-03-08T22:56:32.109 INFO:teuthology.orchestra.run.smithi046.stdout:/usr/bin/ceph: stderr
2024-03-08T22:56:31.100+0000 7f5977000700 1 -- 172.21.15.46:0/164392899 --> [v2:172.21.15.46:3300/0,v1:172.21.15.46:6789/0] -- mon_subscribe({mgrmap=0+}) v3 -- 0x7f597019e230 con 0x7f5970108e70
2024-03-08T22:56:32.109 INFO:teuthology.orchestra.run.smithi046.stdout:/usr/bin/ceph: stderr
2024-03-08T22:56:31.100+0000 7f596d600700 1 -- 172.21.15.46:0/164392899 <== mon.0 v2:172.21.15.46:3300/0 3 ==== mon_map magic: 0 v1 ==== 205+0+0 (secure 0 0 0) 0x7f5960017040 con 0x7f5970108e70
2024-03-08T22:56:32.109 INFO:teuthology.orchestra.run.smithi046.stdout:/usr/bin/ceph: stderr
2024-03-08T22:56:31.101+0000 7f5977000700 1 -- 172.21.15.46:0/164392899 --> [v2:172.21.15.46:3300/0,v1:172.21.15.46:6789/0] -- mon_subscribe({osdmap=0}) v3 -- 0x7f59701a0f20 con 0x7f5970108e70
2024-03-08T22:56:32.109 INFO:teuthology.orchestra.run.smithi046.stdout:/usr/bin/ceph: stderr
2024-03-08T22:56:31.102+0000 7f5977000700 1 -- 172.21.15.46:0/164392899 --> [v2:172.21.15.46:3300/0,v1:172.21.15.46:6789/0] -- mon_command({"prefix": "get_command_descriptions"} v 0) v1 -- 0x7f597010bec0 con 0x7f5970108e70
2024-03-08T22:56:32.109 INFO:teuthology.orchestra.run.smithi046.stdout:/usr/bin/ceph: stderr
2024-03-08T22:56:31.102+0000 7f596d600700 1 -- 172.21.15.46:0/164392899 <== mon.0 v2:172.21.15.46:3300/0 4 ==== mgrmap(e 9) v1 ==== 46119+0+0 (secure 0 0 0) 0x7f5960023020 con 0x7f5970108e70
2024-03-08T22:56:32.109 INFO:teuthology.orchestra.run.smithi046.stdout:/usr/bin/ceph: stderr
2024-03-08T22:56:31.102+0000 7f596d600700 1 --2- 172.21.15.46:0/164392899 >> [v2:172.21.15.46:6800/4209254516,v1:172.21.15.46:6801/4209254516] conn(0x7f5954038f70 0x7f595403b430 unknown :-1 s=NONE pgs=0 cs=0 l=1 rev1=0 crypto rx=0 tx=0 comp rx=0 tx=0).connect
2024-03-08T22:56:32.109 INFO:teuthology.orchestra.run.smithi046.stdout:/usr/bin/ceph: stderr
2024-03-08T22:56:31.102+0000 7f596d600700 1 -- 172.21.15.46:0/164392899 <== mon.0 v2:172.21.15.46:3300/0 5 ==== osd_map(2..2 src has 1..2) v4 ==== 940+0+0 (secure 0 0 0) 0x7f596000f050 con 0x7f5970108e70
2024-03-08T22:56:32.109 INFO:teuthology.orchestra.run.smithi046.stdout:/usr/bin/ceph: stderr
2024-03-08T22:56:31.103+0000 7f5967400700 1 -- 172.21.15.46:0/164392899 >> [v2:172.21.15.46:6800/4209254516,v1:172.21.15.46:6801/4209254516] conn(0x7f5954038f70 msgr2=0x7f595403b430 unknown :-1 s=STATE_CONNECTING_RE l=1).process reconnect failed to v2:172.21.15.46:6800/4209254516
2024-03-08T22:56:32.109 INFO:teuthology.orchestra.run.smithi046.stdout:/usr/bin/ceph: stderr
2024-03-08T22:56:31.103+0000 7f5967400700 1 --2- 172.21.15.46:0/164392899 >> [v2:172.21.15.46:6800/4209254516,v1:172.21.15.46:6801/4209254516] conn(0x7f5954038f70 0x7f595403b430 unknown :-1 s=START_CONNECT pgs=0 cs=0 l=1 rev1=0 crypto rx=0 tx=0 comp rx=0 tx=0)._fault waiting 0.200000
2024-03-08T22:56:32.110 INFO:teuthology.orchestra.run.smithi046.stdout:/usr/bin/ceph: stderr
2024-03-08T22:56:31.108+0000 7f596d600700 1 -- 172.21.15.46:0/164392899 <== mon.0 v2:172.21.15.46:3300/0 6 ==== mon_command_ack([{"prefix": "get_command_descriptions"}]=0 v0) v1 ==== 72+0+184905 (secure 0 0 0) 0x7f596002a020 con 0x7f5970108e70
2024-03-08T22:56:32.110 INFO:teuthology.orchestra.run.smithi046.stdout:/usr/bin/ceph: stderr
2024-03-08T22:56:31.304+0000 7f5967400700 1 -- 172.21.15.46:0/164392899 >> [v2:172.21.15.46:6800/4209254516,v1:172.21.15.46:6801/4209254516] conn(0x7f5954038f70 msgr2=0x7f595403b430 unknown :-1 s=STATE_CONNECTING_RE l=1).process reconnect failed to v2:172.21.15.46:6800/4209254516
2024-03-08T22:56:32.110 INFO:teuthology.orchestra.run.smithi046.stdout:/usr/bin/ceph: stderr
2024-03-08T22:56:31.304+0000 7f5967400700 1 --2- 172.21.15.46:0/164392899 >> [v2:172.21.15.46:6800/4209254516,v1:172.21.15.46:6801/4209254516] conn(0x7f5954038f70 0x7f595403b430 unknown :-1 s=START_CONNECT pgs=0 cs=0 l=1 rev1=0 crypto rx=0 tx=0 comp rx=0 tx=0)._fault waiting 0.400000
2024-03-08T22:56:32.110 INFO:teuthology.orchestra.run.smithi046.stdout:/usr/bin/ceph: stderr
2024-03-08T22:56:31.391+0000 7f5977000700 1 -- 172.21.15.46:0/164392899 --> [v2:172.21.15.46:3300/0,v1:172.21.15.46:6789/0] -- mon_command({"prefix": "mgr stat"} v 0) v1 -- 0x7f59701a14a0 con 0x7f5970108e70
2024-03-08T22:56:32.110 INFO:teuthology.orchestra.run.smithi046.stdout:/usr/bin/ceph: stderr
2024-03-08T22:56:31.392+0000 7f596d600700 1 -- 172.21.15.46:0/164392899 <== mon.0 v2:172.21.15.46:3300/0 7 ==== mon_command_ack([{"prefix": "mgr stat"}]=0 v9) v1 ==== 56+0+88 (secure 0 0 0) 0x7f596001b530 con 0x7f5970108e70
2024-03-08T22:56:32.110 INFO:teuthology.orchestra.run.smithi046.stdout:/usr/bin/ceph: stderr
2024-03-08T22:56:31.395+0000 7f5977000700 1 -- 172.21.15.46:0/164392899 >> [v2:172.21.15.46:6800/4209254516,v1:172.21.15.46:6801/4209254516] conn(0x7f5954038f70 msgr2=0x7f595403b430 unknown :-1 s=STATE_CONNECTING l=1).mark_down
2024-03-08T22:56:32.110 INFO:teuthology.orchestra.run.smithi046.stdout:/usr/bin/ceph: stderr
2024-03-08T22:56:31.395+0000 7f5977000700 1 --2- 172.21.15.46:0/164392899 >> [v2:172.21.15.46:6800/4209254516,v1:172.21.15.46:6801/4209254516] conn(0x7f5954038f70 0x7f595403b430 unknown :-1 s=START_CONNECT pgs=0 cs=0 l=1 rev1=0 crypto rx=0 tx=0 comp rx=0 tx=0).stop
2024-03-08T22:56:32.110 INFO:teuthology.orchestra.run.smithi046.stdout:/usr/bin/ceph: stderr
2024-03-08T22:56:31.395+0000 7f5977000700 1 -- 172.21.15.46:0/164392899 >> [v2:172.21.15.46:3300/0,v1:172.21.15.46:6789/0] conn(0x7f5970108e70 msgr2=0x7f597019da60 secure :-1 s=STATE_CONNECTION_ESTABLISHED l=1).mark_down
2024-03-08T22:56:32.110 INFO:teuthology.orchestra.run.smithi046.stdout:/usr/bin/ceph: stderr
2024-03-08T22:56:31.395+0000 7f5977000700 1 --2- 172.21.15.46:0/164392899 >> [v2:172.21.15.46:3300/0,v1:172.21.15.46:6789/0] conn(0x7f5970108e70 0x7f597019da60 secure :-1 s=READY pgs=60 cs=0 l=1 rev1=1 crypto rx=0x7f5960009530 tx=0x7f5960003d00 comp rx=0 tx=0).stop
2024-03-08T22:56:32.110 INFO:teuthology.orchestra.run.smithi046.stdout:/usr/bin/ceph: stderr
2024-03-08T22:56:31.395+0000 7f5977000700 1 -- 172.21.15.46:0/164392899 shutdown_connections
2024-03-08T22:56:32.110 INFO:teuthology.orchestra.run.smithi046.stdout:/usr/bin/ceph: stderr
2024-03-08T22:56:31.395+0000 7f5977000700 1 --2- 172.21.15.46:0/164392899 >> [v2:172.21.15.46:6800/4209254516,v1:172.21.15.46:6801/4209254516] conn(0x7f5954038f70 0x7f595403b430 unknown :-1 s=CLOSED pgs=0 cs=0 l=1 rev1=0 crypto rx=0 tx=0 comp rx=0 tx=0).stop
2024-03-08T22:56:32.110 INFO:teuthology.orchestra.run.smithi046.stdout:/usr/bin/ceph: stderr
2024-03-08T22:56:31.395+0000 7f5977000700 1 --2- 172.21.15.46:0/164392899 >> [v2:172.21.15.46:3300/0,v1:172.21.15.46:6789/0] conn(0x7f5970108e70 0x7f597019da60 unknown :-1 s=CLOSED pgs=60 cs=0 l=1 rev1=1 crypto rx=0 tx=0 comp rx=0 tx=0).stop
2024-03-08T22:56:32.111 INFO:teuthology.orchestra.run.smithi046.stdout:/usr/bin/ceph: stderr
2024-03-08T22:56:31.395+0000 7f5977000700 1 -- 172.21.15.46:0/164392899 >> 172.21.15.46:0/164392899 conn(0x7f5970102d80 msgr2=0x7f59701038f0 unknown :-1 s=STATE_NONE l=0).mark_down
2024-03-08T22:56:32.111 INFO:teuthology.orchestra.run.smithi046.stdout:/usr/bin/ceph: stderr
2024-03-08T22:56:31.396+0000 7f5977000700 1 -- 172.21.15.46:0/164392899 shutdown_connections
2024-03-08T22:56:32.111 INFO:teuthology.orchestra.run.smithi046.stdout:/usr/bin/ceph: stderr
2024-03-08T22:56:31.396+0000 7f5977000700 1 -- 172.21.15.46:0/164392899 wait complete.
2024-03-08T22:56:32.111 INFO:teuthology.orchestra.run.smithi046.stdout:Waiting for the mgr to restart...
2024-03-08T22:56:32.111 INFO:teuthology.orchestra.run.smithi046.stdout:Waiting for mgr epoch 9...
2024-03-08T22:56:32.393 INFO:journalctl@ceph.mgr.x.smithi046.stdout:Mar 08 22:56:32 smithi046 ceph-ced7dd96-dd9e-11ee-95c6-87774f69a715-mgr-x[32101]:
2024-03-08T22:56:32.205+0000 7ff0bc2b6200 -1 mgr[py] Module iostat has missing NOTIFY_TYPES member
2024-03-08T22:56:32.671 INFO:journalctl@ceph.mgr.x.smithi046.stdout:Mar 08 22:56:32 smithi046 ceph-ced7dd96-dd9e-11ee-95c6-87774f69a715-mgr-x[32101]:
2024-03-08T22:56:32.561+0000 7ff0bc2b6200 -1 mgr[py] Module rgw has missing NOTIFY_TYPES member
2024-03-08T22:56:32.962 INFO:journalctl@ceph.mgr.x.smithi046.stdout:Mar 08 22:56:32 smithi046 ceph-ced7dd96-dd9e-11ee-95c6-87774f69a715-mgr-x[32101]:
2024-03-08T22:56:32.712+0000 7ff0bc2b6200 -1 mgr[py] Module rbd_support has missing NOTIFY_TYPES member
2024-03-08T22:56:32.962 INFO:journalctl@ceph.mgr.x.smithi046.stdout:Mar 08 22:56:32 smithi046 ceph-ced7dd96-dd9e-11ee-95c6-87774f69a715-mgr-x[32101]:
2024-03-08T22:56:32.829+0000 7ff0bc2b6200 -1 mgr[py] Module progress has missing NOTIFY_TYPES member
2024-03-08T22:56:32.962 INFO:journalctl@ceph.mgr.x.smithi046.stdout:Mar 08 22:56:32 smithi046 ceph-ced7dd96-dd9e-11ee-95c6-87774f69a715-mgr-x[32101]:
2024-03-08T22:56:32.956+0000 7ff0bc2b6200 -1 mgr[py] Module pg_autoscaler has missing NOTIFY_TYPES member
2024-03-08T22:56:33.226 INFO:journalctl@ceph.mgr.x.smithi046.stdout:Mar 08 22:56:33 smithi046 ceph-ced7dd96-dd9e-11ee-95c6-87774f69a715-mgr-x[32101]:
2024-03-08T22:56:33.182+0000 7ff0bc2b6200 -1 mgr[py] Module devicehealth has missing NOTIFY_TYPES member
2024-03-08T22:56:34.976 INFO:journalctl@ceph.mgr.x.smithi046.stdout:Mar 08 22:56:34 smithi046 ceph-ced7dd96-dd9e-11ee-95c6-87774f69a715-mgr-x[32101]:
2024-03-08T22:56:34.513+0000 7ff0bc2b6200 -1 mgr[py] Module rook has missing NOTIFY_TYPES member
2024-03-08T22:56:34.976 INFO:journalctl@ceph.mgr.x.smithi046.stdout:Mar 08 22:56:34 smithi046 ceph-ced7dd96-dd9e-11ee-95c6-87774f69a715-mgr-x[32101]:
2024-03-08T22:56:34.693+0000 7ff0bc2b6200 -1 mgr[py] Module diskprediction_local has missing NOTIFY_TYPES member
2024-03-08T22:56:35.476 INFO:journalctl@ceph.mgr.x.smithi046.stdout:Mar 08 22:56:35 smithi046 ceph-ced7dd96-dd9e-11ee-95c6-87774f69a715-mgr-x[32101]:
2024-03-08T22:56:35.121+0000 7ff0bc2b6200 -1 mgr[py] Module selftest has missing NOTIFY_TYPES member
2024-03-08T22:56:35.476 INFO:journalctl@ceph.mgr.x.smithi046.stdout:Mar 08 22:56:35 smithi046 ceph-ced7dd96-dd9e-11ee-95c6-87774f69a715-mgr-x[32101]:
2024-03-08T22:56:35.245+0000 7ff0bc2b6200 -1 mgr[py] Module telegraf has missing NOTIFY_TYPES member
2024-03-08T22:56:35.770 INFO:journalctl@ceph.mgr.x.smithi046.stdout:Mar 08 22:56:35 smithi046 ceph-ced7dd96-dd9e-11ee-95c6-87774f69a715-mgr-x[32101]:
2024-03-08T22:56:35.509+0000 7ff0bc2b6200 -1 mgr[py] Module test_orchestrator has missing NOTIFY_TYPES member
2024-03-08T22:56:36.161 INFO:journalctl@ceph.mgr.x.smithi046.stdout:Mar 08 22:56:35 smithi046 ceph-ced7dd96-dd9e-11ee-95c6-87774f69a715-mgr-x[32101]:
2024-03-08T22:56:35.764+0000 7ff0bc2b6200 -1 mgr[py] Module crash has missing NOTIFY_TYPES member
