2024-03-08T22:56:23.070 INFO:teuthology.orchestra.run.smithi046.stdout:/usr/bin/ceph: stderr
2024-03-08T22:56:22.070+0000 7f0aae600700 1 -- 172.21.15.46:0/3388452184 >> [v2:172.21.15.46:3300/0,v1:172.21.15.46:6789/0] conn(0x7f0aa810b140 msgr2=0x7f0aa810b560 secure :-1 s=STATE_CONNECTION_ESTABLISHED l=1).mark_down
2024-03-08T22:56:23.070 INFO:teuthology.orchestra.run.smithi046.stdout:/usr/bin/ceph: stderr
2024-03-08T22:56:22.070+0000 7f0aae600700 1 --2- 172.21.15.46:0/3388452184 >> [v2:172.21.15.46:3300/0,v1:172.21.15.46:6789/0] conn(0x7f0aa810b140 0x7f0aa810b560 secure :-1 s=READY pgs=47 cs=0 l=1 rev1=1 crypto rx=0x7f0a980098a0 tx=0x7f0a98009bb0 comp rx=0 tx=0).stop
2024-03-08T22:56:23.070 INFO:teuthology.orchestra.run.smithi046.stdout:/usr/bin/ceph: stderr
2024-03-08T22:56:22.070+0000 7f0aae600700 1 -- 172.21.15.46:0/3388452184 shutdown_connections
2024-03-08T22:56:23.070 INFO:teuthology.orchestra.run.smithi046.stdout:/usr/bin/ceph: stderr
2024-03-08T22:56:22.070+0000 7f0aae600700 1 --2- 172.21.15.46:0/3388452184 >> [v2:172.21.15.46:3300/0,v1:172.21.15.46:6789/0] conn(0x7f0aa810b140 0x7f0aa810b560 unknown :-1 s=CLOSED pgs=47 cs=0 l=1 rev1=1 crypto rx=0 tx=0 comp rx=0 tx=0).stop
2024-03-08T22:56:23.071 INFO:teuthology.orchestra.run.smithi046.stdout:/usr/bin/ceph: stderr
2024-03-08T22:56:22.070+0000 7f0aae600700 1 -- 172.21.15.46:0/3388452184 >> 172.21.15.46:0/3388452184 conn(0x7f0aa807ce90 msgr2=0x7f0aa81074d0 unknown :-1 s=STATE_NONE l=0).mark_down
2024-03-08T22:56:23.071 INFO:teuthology.orchestra.run.smithi046.stdout:/usr/bin/ceph: stderr
2024-03-08T22:56:22.070+0000 7f0aae600700 1 -- 172.21.15.46:0/3388452184 shutdown_connections
2024-03-08T22:56:23.071 INFO:teuthology.orchestra.run.smithi046.stdout:/usr/bin/ceph: stderr
2024-03-08T22:56:22.070+0000 7f0aae600700 1 -- 172.21.15.46:0/3388452184 wait complete.
2024-03-08T22:56:23.071 INFO:teuthology.orchestra.run.smithi046.stdout:/usr/bin/ceph: stderr
2024-03-08T22:56:22.071+0000 7f0aae600700 1 Processor -- start
2024-03-08T22:56:23.071 INFO:teuthology.orchestra.run.smithi046.stdout:/usr/bin/ceph: stderr
2024-03-08T22:56:22.071+0000 7f0aae600700 1 -- start start
2024-03-08T22:56:23.071 INFO:teuthology.orchestra.run.smithi046.stdout:/usr/bin/ceph: stderr
2024-03-08T22:56:22.072+0000 7f0aae600700 1 --2- >> [v2:172.21.15.46:3300/0,v1:172.21.15.46:6789/0] conn(0x7f0aa810b140 0x7f0aa819da60 unknown :-1 s=NONE pgs=0 cs=0 l=1 rev1=0 crypto rx=0 tx=0 comp rx=0 tx=0).connect
2024-03-08T22:56:23.071 INFO:teuthology.orchestra.run.smithi046.stdout:/usr/bin/ceph: stderr
2024-03-08T22:56:22.072+0000 7f0aae600700 1 -- --> [v2:172.21.15.46:3300/0,v1:172.21.15.46:6789/0] -- mon_getmap magic: 0 v1 -- 0x7f0aa810e010 con 0x7f0aa810b140
2024-03-08T22:56:23.071 INFO:teuthology.orchestra.run.smithi046.stdout:/usr/bin/ceph: stderr
2024-03-08T22:56:22.072+0000 7f0aa7400700 1 --2- >> [v2:172.21.15.46:3300/0,v1:172.21.15.46:6789/0] conn(0x7f0aa810b140 0x7f0aa819da60 unknown :-1 s=BANNER_CONNECTING pgs=0 cs=0 l=1 rev1=0 crypto rx=0 tx=0 comp rx=0 tx=0)._handle_peer_banner_payload supported=3 required=0
2024-03-08T22:56:23.071 INFO:teuthology.orchestra.run.smithi046.stdout:/usr/bin/ceph: stderr
2024-03-08T22:56:22.072+0000 7f0aa7400700 1 --2- >> [v2:172.21.15.46:3300/0,v1:172.21.15.46:6789/0] conn(0x7f0aa810b140 0x7f0aa819da60 unknown :-1 s=HELLO_CONNECTING pgs=0 cs=0 l=1 rev1=1 crypto rx=0 tx=0 comp rx=0 tx=0).handle_hello peer v2:172.21.15.46:3300/0 says I am v2:172.21.15.46:51316/0 (socket says 172.21.15.46:51316)
2024-03-08T22:56:23.071 INFO:teuthology.orchestra.run.smithi046.stdout:/usr/bin/ceph: stderr
2024-03-08T22:56:22.072+0000 7f0aa7400700 1 -- 172.21.15.46:0/4224031721 learned_addr learned my addr 172.21.15.46:0/4224031721 (peer_addr_for_me v2:172.21.15.46:0/0)
2024-03-08T22:56:23.071 INFO:teuthology.orchestra.run.smithi046.stdout:/usr/bin/ceph: stderr
2024-03-08T22:56:22.072+0000 7f0aa7400700 1 -- 172.21.15.46:0/4224031721 --> [v2:172.21.15.46:3300/0,v1:172.21.15.46:6789/0] -- mon_subscribe({config=0+,monmap=0+}) v3 -- 0x7f0aa819dfa0 con 0x7f0aa810b140
2024-03-08T22:56:23.071 INFO:teuthology.orchestra.run.smithi046.stdout:/usr/bin/ceph: stderr
2024-03-08T22:56:22.072+0000 7f0aa7400700 1 --2- 172.21.15.46:0/4224031721 >> [v2:172.21.15.46:3300/0,v1:172.21.15.46:6789/0] conn(0x7f0aa810b140 0x7f0aa819da60 secure :-1 s=READY pgs=48 cs=0 l=1 rev1=1 crypto rx=0x7f0a98011850 tx=0x7f0a98011c10 comp rx=0 tx=0).ready entity=mon.0 client_cookie=0 server_cookie=0 in_seq=0 out_seq=0
2024-03-08T22:56:23.071 INFO:teuthology.orchestra.run.smithi046.stdout:/usr/bin/ceph: stderr
2024-03-08T22:56:22.073+0000 7f0aa4c00700 1 -- 172.21.15.46:0/4224031721 <== mon.0 v2:172.21.15.46:3300/0 1 ==== mon_map magic: 0 v1 ==== 205+0+0 (secure 0 0 0) 0x7f0a98003af0 con 0x7f0aa810b140
2024-03-08T22:56:23.071 INFO:teuthology.orchestra.run.smithi046.stdout:/usr/bin/ceph: stderr
2024-03-08T22:56:22.073+0000 7f0aa4c00700 1 -- 172.21.15.46:0/4224031721 <== mon.0 v2:172.21.15.46:3300/0 2 ==== config(27 keys) v1 ==== 1109+0+0 (secure 0 0 0) 0x7f0a98020070 con 0x7f0aa810b140
2024-03-08T22:56:23.071 INFO:teuthology.orchestra.run.smithi046.stdout:/usr/bin/ceph: stderr
2024-03-08T22:56:22.073+0000 7f0aa4c00700 1 -- 172.21.15.46:0/4224031721 <== mon.0 v2:172.21.15.46:3300/0 3 ==== mon_map magic: 0 v1 ==== 205+0+0 (secure 0 0 0) 0x7f0a98019550 con 0x7f0aa810b140
2024-03-08T22:56:23.072 INFO:teuthology.orchestra.run.smithi046.stdout:/usr/bin/ceph: stderr
2024-03-08T22:56:22.073+0000 7f0aae600700 1 -- 172.21.15.46:0/4224031721 --> [v2:172.21.15.46:3300/0,v1:172.21.15.46:6789/0] -- mon_subscribe({mgrmap=0+}) v3 -- 0x7f0aa819e230 con 0x7f0aa810b140
2024-03-08T22:56:23.072 INFO:teuthology.orchestra.run.smithi046.stdout:/usr/bin/ceph: stderr
2024-03-08T22:56:22.073+0000 7f0aae600700 1 -- 172.21.15.46:0/4224031721 --> [v2:172.21.15.46:3300/0,v1:172.21.15.46:6789/0] -- mon_subscribe({osdmap=0}) v3 -- 0x7f0aa81a0f20 con 0x7f0aa810b140
2024-03-08T22:56:23.072 INFO:teuthology.orchestra.run.smithi046.stdout:/usr/bin/ceph: stderr
2024-03-08T22:56:22.074+0000 7f0aa4c00700 1 -- 172.21.15.46:0/4224031721 <== mon.0 v2:172.21.15.46:3300/0 4 ==== mgrmap(e 8) v1 ==== 46106+0+0 (secure 0 0 0) 0x7f0a9801a430 con 0x7f0aa810b140
2024-03-08T22:56:23.072 INFO:teuthology.orchestra.run.smithi046.stdout:/usr/bin/ceph: stderr
2024-03-08T22:56:22.074+0000 7f0aae600700 1 -- 172.21.15.46:0/4224031721 --> [v2:172.21.15.46:3300/0,v1:172.21.15.46:6789/0] -- mon_command({"prefix": "get_command_descriptions"} v 0) v1 -- 0x7f0aa8063410 con 0x7f0aa810b140
2024-03-08T22:56:23.072 INFO:teuthology.orchestra.run.smithi046.stdout:/usr/bin/ceph: stderr
2024-03-08T22:56:22.074+0000 7f0aa4c00700 1 --2- 172.21.15.46:0/4224031721 >> [v2:172.21.15.46:6800/4209254516,v1:172.21.15.46:6801/4209254516] conn(0x7f0a8c038f70 0x7f0a8c03b430 unknown :-1 s=NONE pgs=0 cs=0 l=1 rev1=0 crypto rx=0 tx=0 comp rx=0 tx=0).connect
2024-03-08T22:56:23.072 INFO:teuthology.orchestra.run.smithi046.stdout:/usr/bin/ceph: stderr
2024-03-08T22:56:22.075+0000 7f0aa4c00700 1 -- 172.21.15.46:0/4224031721 <== mon.0 v2:172.21.15.46:3300/0 5 ==== osd_map(2..2 src has 1..2) v4 ==== 940+0+0 (secure 0 0 0) 0x7f0a98011e00 con 0x7f0aa810b140
2024-03-08T22:56:23.072 INFO:teuthology.orchestra.run.smithi046.stdout:/usr/bin/ceph: stderr
2024-03-08T22:56:22.075+0000 7f0a9fe00700 1 --2- 172.21.15.46:0/4224031721 >> [v2:172.21.15.46:6800/4209254516,v1:172.21.15.46:6801/4209254516] conn(0x7f0a8c038f70 0x7f0a8c03b430 unknown :-1 s=BANNER_CONNECTING pgs=0 cs=0 l=1 rev1=0 crypto rx=0 tx=0 comp rx=0 tx=0)._handle_peer_banner_payload supported=3 required=0
2024-03-08T22:56:23.072 INFO:teuthology.orchestra.run.smithi046.stdout:/usr/bin/ceph: stderr
2024-03-08T22:56:22.076+0000 7f0a9fe00700 1 --2- 172.21.15.46:0/4224031721 >> [v2:172.21.15.46:6800/4209254516,v1:172.21.15.46:6801/4209254516] conn(0x7f0a8c038f70 0x7f0a8c03b430 secure :-1 s=READY pgs=12 cs=0 l=1 rev1=1 crypto rx=0x7f0a90006fd0 tx=0x7f0a90006e40 comp rx=0 tx=0).ready entity=mgr.14120 client_cookie=0 server_cookie=0 in_seq=0 out_seq=0
2024-03-08T22:56:23.072 INFO:teuthology.orchestra.run.smithi046.stdout:/usr/bin/ceph: stderr
2024-03-08T22:56:22.080+0000 7f0aa4c00700 1 -- 172.21.15.46:0/4224031721 <== mon.0 v2:172.21.15.46:3300/0 6 ==== mon_command_ack([{"prefix": "get_command_descriptions"}]=0 v0) v1 ==== 72+0+184905 (secure 0 0 0) 0x7f0a9801a720 con 0x7f0aa810b140
2024-03-08T22:56:23.072 INFO:teuthology.orchestra.run.smithi046.stdout:/usr/bin/ceph: stderr
2024-03-08T22:56:22.321+0000 7f0aae600700 1 -- 172.21.15.46:0/4224031721 --> [v2:172.21.15.46:6800/4209254516,v1:172.21.15.46:6801/4209254516] -- mgr_command(tid 0: {"prefix": "orch apply", "service_type": "mon", "unmanaged": true, "target": ["mon-mgr", ""]}) v1 -- 0x7f0aa81062b0 con 0x7f0a8c038f70
2024-03-08T22:56:23.072 INFO:teuthology.orchestra.run.smithi046.stdout:/usr/bin/ceph: stderr
2024-03-08T22:56:22.329+0000 7f0aa4c00700 1 -- 172.21.15.46:0/4224031721 <== mgr.14120 v2:172.21.15.46:6800/4209254516 1 ==== mgr_command_reply(tid 0: 0 ) v1 ==== 8+0+24 (secure 0 0 0) 0x7f0aa81062b0 con 0x7f0a8c038f70
2024-03-08T22:56:23.072 INFO:teuthology.orchestra.run.smithi046.stdout:/usr/bin/ceph: stderr
2024-03-08T22:56:22.332+0000 7f0aae600700 1 -- 172.21.15.46:0/4224031721 >> [v2:172.21.15.46:6800/4209254516,v1:172.21.15.46:6801/4209254516] conn(0x7f0a8c038f70 msgr2=0x7f0a8c03b430 secure :-1 s=STATE_CONNECTION_ESTABLISHED l=1).mark_down
2024-03-08T22:56:23.072 INFO:teuthology.orchestra.run.smithi046.stdout:/usr/bin/ceph: stderr
2024-03-08T22:56:22.332+0000 7f0aae600700 1 --2- 172.21.15.46:0/4224031721 >> [v2:172.21.15.46:6800/4209254516,v1:172.21.15.46:6801/4209254516] conn(0x7f0a8c038f70 0x7f0a8c03b430 secure :-1 s=READY pgs=12 cs=0 l=1 rev1=1 crypto rx=0x7f0a90006fd0 tx=0x7f0a90006e40 comp rx=0 tx=0).stop
2024-03-08T22:56:23.072 INFO:teuthology.orchestra.run.smithi046.stdout:/usr/bin/ceph: stderr
2024-03-08T22:56:22.332+0000 7f0aae600700 1 -- 172.21.15.46:0/4224031721 >> [v2:172.21.15.46:3300/0,v1:172.21.15.46:6789/0] conn(0x7f0aa810b140 msgr2=0x7f0aa819da60 secure :-1 s=STATE_CONNECTION_ESTABLISHED l=1).mark_down
2024-03-08T22:56:23.073 INFO:teuthology.orchestra.run.smithi046.stdout:/usr/bin/ceph: stderr
2024-03-08T22:56:22.332+0000 7f0aae600700 1 --2- 172.21.15.46:0/4224031721 >> [v2:172.21.15.46:3300/0,v1:172.21.15.46:6789/0] conn(0x7f0aa810b140 0x7f0aa819da60 secure :-1 s=READY pgs=48 cs=0 l=1 rev1=1 crypto rx=0x7f0a98011850 tx=0x7f0a98011c10 comp rx=0 tx=0).stop
2024-03-08T22:56:23.073 INFO:teuthology.orchestra.run.smithi046.stdout:/usr/bin/ceph: stderr
2024-03-08T22:56:22.332+0000 7f0aae600700 1 -- 172.21.15.46:0/4224031721 shutdown_connections
2024-03-08T22:56:23.073 INFO:teuthology.orchestra.run.smithi046.stdout:/usr/bin/ceph: stderr
2024-03-08T22:56:22.332+0000 7f0aae600700 1 --2- 172.21.15.46:0/4224031721 >> [v2:172.21.15.46:6800/4209254516,v1:172.21.15.46:6801/4209254516] conn(0x7f0a8c038f70 0x7f0a8c03b430 unknown :-1 s=CLOSED pgs=12 cs=0 l=1 rev1=1 crypto rx=0 tx=0 comp rx=0 tx=0).stop
2024-03-08T22:56:23.073 INFO:teuthology.orchestra.run.smithi046.stdout:/usr/bin/ceph: stderr
2024-03-08T22:56:22.332+0000 7f0aae600700 1 --2- 172.21.15.46:0/4224031721 >> [v2:172.21.15.46:3300/0,v1:172.21.15.46:6789/0] conn(0x7f0aa810b140 0x7f0aa819da60 unknown :-1 s=CLOSED pgs=48 cs=0 l=1 rev1=1 crypto rx=0 tx=0 comp rx=0 tx=0).stop
2024-03-08T22:56:23.073 INFO:teuthology.orchestra.run.smithi046.stdout:/usr/bin/ceph: stderr
2024-03-08T22:56:22.332+0000 7f0aae600700 1 -- 172.21.15.46:0/4224031721 >> 172.21.15.46:0/4224031721 conn(0x7f0aa807ce90 msgr2=0x7f0aa8105ba0 unknown :-1 s=STATE_NONE l=0).mark_down
2024-03-08T22:56:23.073 INFO:teuthology.orchestra.run.smithi046.stdout:/usr/bin/ceph: stderr
2024-03-08T22:56:22.332+0000 7f0aae600700 1 -- 172.21.15.46:0/4224031721 shutdown_connections
2024-03-08T22:56:23.073 INFO:teuthology.orchestra.run.smithi046.stdout:/usr/bin/ceph: stderr
2024-03-08T22:56:22.332+0000 7f0aae600700 1 -- 172.21.15.46:0/4224031721 wait complete.
2024-03-08T22:56:23.073 INFO:teuthology.orchestra.run.smithi046.stdout:Deploying unmanaged mgr service...
2024-03-08T22:56:23.586 INFO:journalctl@ceph.mon.a.smithi046.stdout:Mar 08 22:56:23 smithi046 ceph-mon[31859]: from='client.14142 -' entity='client.admin' cmd=[{"prefix": "orch apply", "service_type": "mon", "unmanaged": true, "target": ["mon-mgr", ""]}]: dispatch
2024-03-08T22:56:23.586 INFO:journalctl@ceph.mon.a.smithi046.stdout:Mar 08 22:56:23 smithi046 ceph-mon[31859]: Saving service mon spec with placement count:5
2024-03-08T22:56:23.586 INFO:journalctl@ceph.mon.a.smithi046.stdout:Mar 08 22:56:23 smithi046 ceph-mon[31859]: from='mgr.14120 172.21.15.46:0/3337980244' entity='mgr.x'
2024-03-08T22:56:25.319 INFO:teuthology.orchestra.run.smithi046.stdout:/usr/bin/ceph: stdout Scheduled mgr update...
2024-03-08T22:56:25.320 INFO:teuthology.orchestra.run.smithi046.stdout:/usr/bin/ceph: stderr
2024-03-08T22:56:24.225+0000 7fca0e000700 1 Processor -- start
2024-03-08T22:56:25.320 INFO:teuthology.orchestra.run.smithi046.stdout:/usr/bin/ceph: stderr
2024-03-08T22:56:24.225+0000 7fca0e000700 1 -- start start
2024-03-08T22:56:25.320 INFO:teuthology.orchestra.run.smithi046.stdout:/usr/bin/ceph: stderr
2024-03-08T22:56:24.226+0000 7fca0e000700 1 --2- >> [v2:172.21.15.46:3300/0,v1:172.21.15.46:6789/0] conn(0x7fca08106090 0x7fca081064b0 unknown :-1 s=NONE pgs=0 cs=0 l=0 rev1=0 crypto rx=0 tx=0 comp rx=0 tx=0).connect
2024-03-08T22:56:25.320 INFO:teuthology.orchestra.run.smithi046.stdout:/usr/bin/ceph: stderr
2024-03-08T22:56:24.226+0000 7fca0e000700 1 -- --> [v2:172.21.15.46:3300/0,v1:172.21.15.46:6789/0] -- mon_getmap magic: 0 v1 -- 0x7fca0807af30 con 0x7fca08106090
2024-03-08T22:56:25.320 INFO:teuthology.orchestra.run.smithi046.stdout:/usr/bin/ceph: stderr
2024-03-08T22:56:24.226+0000 7fca07400700 1 --2- >> [v2:172.21.15.46:3300/0,v1:172.21.15.46:6789/0] conn(0x7fca08106090 0x7fca081064b0 unknown :-1 s=BANNER_CONNECTING pgs=0 cs=0 l=0 rev1=0 crypto rx=0 tx=0 comp rx=0 tx=0)._handle_peer_banner_payload supported=3 required=0
2024-03-08T22:56:25.320 INFO:teuthology.orchestra.run.smithi046.stdout:/usr/bin/ceph: stderr
2024-03-08T22:56:24.226+0000 7fca07400700 1 --2- >> [v2:172.21.15.46:3300/0,v1:172.21.15.46:6789/0] conn(0x7fca08106090 0x7fca081064b0 unknown :-1 s=HELLO_CONNECTING pgs=0 cs=0 l=0 rev1=1 crypto rx=0 tx=0 comp rx=0 tx=0).handle_hello peer v2:172.21.15.46:3300/0 says I am v2:172.21.15.46:36522/0 (socket says 172.21.15.46:36522)
2024-03-08T22:56:25.320 INFO:teuthology.orchestra.run.smithi046.stdout:/usr/bin/ceph: stderr
2024-03-08T22:56:24.226+0000 7fca07400700 1 -- 172.21.15.46:0/1429121397 learned_addr learned my addr 172.21.15.46:0/1429121397 (peer_addr_for_me v2:172.21.15.46:0/0)
2024-03-08T22:56:25.320 INFO:teuthology.orchestra.run.smithi046.stdout:/usr/bin/ceph: stderr
2024-03-08T22:56:24.227+0000 7fca07400700 1 -- 172.21.15.46:0/1429121397 --> [v2:172.21.15.46:3300/0,v1:172.21.15.46:6789/0] -- mon_subscribe({config=0+,monmap=0+}) v3 -- 0x7fca081069f0 con 0x7fca08106090
2024-03-08T22:56:25.321 INFO:teuthology.orchestra.run.smithi046.stdout:/usr/bin/ceph: stderr
2024-03-08T22:56:24.227+0000 7fca07400700 1 --2- 172.21.15.46:0/1429121397 >> [v2:172.21.15.46:3300/0,v1:172.21.15.46:6789/0] conn(0x7fca08106090 0x7fca081064b0 secure :-1 s=READY pgs=49 cs=0 l=1 rev1=1 crypto rx=0x7fc9f80098a0 tx=0x7fc9f8009bb0 comp rx=0 tx=0).ready entity=mon.0 client_cookie=c64725cbb8eb6b32 server_cookie=0 in_seq=0 out_seq=0
2024-03-08T22:56:25.321 INFO:teuthology.orchestra.run.smithi046.stdout:/usr/bin/ceph: stderr
2024-03-08T22:56:24.227+0000 7fca06000700 1 -- 172.21.15.46:0/1429121397 <== mon.0 v2:172.21.15.46:3300/0 1 ==== mon_map magic: 0 v1 ==== 205+0+0 (secure 0 0 0) 0x7fc9f8004160 con 0x7fca08106090
2024-03-08T22:56:25.321 INFO:teuthology.orchestra.run.smithi046.stdout:/usr/bin/ceph: stderr
2024-03-08T22:56:24.227+0000 7fca06000700 1 -- 172.21.15.46:0/1429121397 <== mon.0 v2:172.21.15.46:3300/0 2 ==== config(27 keys) v1 ==== 1109+0+0 (secure 0 0 0) 0x7fc9f8004300 con 0x7fca08106090
2024-03-08T22:56:25.326 INFO:teuthology.orchestra.run.smithi046.stdout:/usr/bin/ceph: stderr
2024-03-08T22:56:24.227+0000 7fca06000700 1 -- 172.21.15.46:0/1429121397 <== mon.0 v2:172.21.15.46:3300/0 3 ==== mon_map magic: 0 v1 ==== 205+0+0 (secure 0 0 0) 0x7fc9f8011b50 con 0x7fca08106090
2024-03-08T22:56:25.326 INFO:teuthology.orchestra.run.smithi046.stdout:/usr/bin/ceph: stderr
2024-03-08T22:56:24.228+0000 7fca0e000700 1 -- 172.21.15.46:0/1429121397 >> [v2:172.21.15.46:3300/0,v1:172.21.15.46:6789/0] conn(0x7fca08106090 msgr2=0x7fca081064b0 secure :-1 s=STATE_CONNECTION_ESTABLISHED l=1).mark_down
2024-03-08T22:56:25.326 INFO:teuthology.orchestra.run.smithi046.stdout:/usr/bin/ceph: stderr
2024-03-08T22:56:24.228+0000 7fca0e000700 1 --2- 172.21.15.46:0/1429121397 >> [v2:172.21.15.46:3300/0,v1:172.21.15.46:6789/0] conn(0x7fca08106090 0x7fca081064b0 secure :-1 s=READY pgs=49 cs=0 l=1 rev1=1 crypto rx=0x7fc9f80098a0 tx=0x7fc9f8009bb0 comp rx=0 tx=0).stop
2024-03-08T22:56:25.326 INFO:teuthology.orchestra.run.smithi046.stdout:/usr/bin/ceph: stderr
2024-03-08T22:56:24.228+0000 7fca0e000700 1 -- 172.21.15.46:0/1429121397 shutdown_connections
2024-03-08T22:56:25.326 INFO:teuthology.orchestra.run.smithi046.stdout:/usr/bin/ceph: stderr
2024-03-08T22:56:24.228+0000 7fca0e000700 1 --2- 172.21.15.46:0/1429121397 >> [v2:172.21.15.46:3300/0,v1:172.21.15.46:6789/0] conn(0x7fca08106090 0x7fca081064b0 unknown :-1 s=CLOSED pgs=49 cs=0 l=1 rev1=1 crypto rx=0 tx=0 comp rx=0 tx=0).stop
2024-03-08T22:56:25.326 INFO:teuthology.orchestra.run.smithi046.stdout:/usr/bin/ceph: stderr
2024-03-08T22:56:24.228+0000 7fca0e000700 1 -- 172.21.15.46:0/1429121397 >> 172.21.15.46:0/1429121397 conn(0x7fca08101c70 msgr2=0x7fca08104090 unknown :-1 s=STATE_NONE l=0).mark_down
2024-03-08T22:56:25.326 INFO:teuthology.orchestra.run.smithi046.stdout:/usr/bin/ceph: stderr
2024-03-08T22:56:24.228+0000 7fca0e000700 1 -- 172.21.15.46:0/1429121397 shutdown_connections
2024-03-08T22:56:25.326 INFO:teuthology.orchestra.run.smithi046.stdout:/usr/bin/ceph: stderr
2024-03-08T22:56:24.228+0000 7fca0e000700 1 -- 172.21.15.46:0/1429121397 wait complete.
2024-03-08T22:56:25.326 INFO:teuthology.orchestra.run.smithi046.stdout:/usr/bin/ceph: stderr
2024-03-08T22:56:24.229+0000 7fca0e000700 1 Processor -- start
2024-03-08T22:56:25.326 INFO:teuthology.orchestra.run.smithi046.stdout:/usr/bin/ceph: stderr
2024-03-08T22:56:24.230+0000 7fca0e000700 1 -- start start
2024-03-08T22:56:25.326 INFO:teuthology.orchestra.run.smithi046.stdout:/usr/bin/ceph: stderr
2024-03-08T22:56:24.230+0000 7fca0e000700 1 --2- >> [v2:172.21.15.46:3300/0,v1:172.21.15.46:6789/0] conn(0x7fca08106090 0x7fca0819db30 unknown :-1 s=NONE pgs=0 cs=0 l=1 rev1=0 crypto rx=0 tx=0 comp rx=0 tx=0).connect
2024-03-08T22:56:25.327 INFO:teuthology.orchestra.run.smithi046.stdout:/usr/bin/ceph: stderr
2024-03-08T22:56:24.230+0000 7fca0e000700 1 -- --> [v2:172.21.15.46:3300/0,v1:172.21.15.46:6789/0] -- mon_getmap magic: 0 v1 -- 0x7fca08107a10 con 0x7fca08106090
2024-03-08T22:56:25.327 INFO:teuthology.orchestra.run.smithi046.stdout:/usr/bin/ceph: stderr
2024-03-08T22:56:24.230+0000 7fca07400700 1 --2- >> [v2:172.21.15.46:3300/0,v1:172.21.15.46:6789/0] conn(0x7fca08106090 0x7fca0819db30 unknown :-1 s=BANNER_CONNECTING pgs=0 cs=0 l=1 rev1=0 crypto rx=0 tx=0 comp rx=0 tx=0)._handle_peer_banner_payload supported=3 required=0
2024-03-08T22:56:25.327 INFO:teuthology.orchestra.run.smithi046.stdout:/usr/bin/ceph: stderr
2024-03-08T22:56:24.230+0000 7fca07400700 1 --2- >> [v2:172.21.15.46:3300/0,v1:172.21.15.46:6789/0] conn(0x7fca08106090 0x7fca0819db30 unknown :-1 s=HELLO_CONNECTING pgs=0 cs=0 l=1 rev1=1 crypto rx=0 tx=0 comp rx=0 tx=0).handle_hello peer v2:172.21.15.46:3300/0 says I am v2:172.21.15.46:36538/0 (socket says 172.21.15.46:36538)
2024-03-08T22:56:25.327 INFO:teuthology.orchestra.run.smithi046.stdout:/usr/bin/ceph: stderr
2024-03-08T22:56:24.230+0000 7fca07400700 1 -- 172.21.15.46:0/744669456 learned_addr learned my addr 172.21.15.46:0/744669456 (peer_addr_for_me v2:172.21.15.46:0/0)
2024-03-08T22:56:25.327 INFO:teuthology.orchestra.run.smithi046.stdout:/usr/bin/ceph: stderr
2024-03-08T22:56:24.231+0000 7fca07400700 1 -- 172.21.15.46:0/744669456 --> [v2:172.21.15.46:3300/0,v1:172.21.15.46:6789/0] -- mon_subscribe({config=0+,monmap=0+}) v3 -- 0x7fca0819e070 con 0x7fca08106090
2024-03-08T22:56:25.327 INFO:teuthology.orchestra.run.smithi046.stdout:/usr/bin/ceph: stderr
2024-03-08T22:56:24.231+0000 7fca07400700 1 --2- 172.21.15.46:0/744669456 >> [v2:172.21.15.46:3300/0,v1:172.21.15.46:6789/0] conn(0x7fca08106090 0x7fca0819db30 secure :-1 s=READY pgs=50 cs=0 l=1 rev1=1 crypto rx=0x7fc9f8011b60 tx=0x7fc9f8011c40 comp rx=0 tx=0).ready entity=mon.0 client_cookie=0 server_cookie=0 in_seq=0 out_seq=0
2024-03-08T22:56:25.327 INFO:teuthology.orchestra.run.smithi046.stdout:/usr/bin/ceph: stderr
2024-03-08T22:56:24.232+0000 7fc9ffe00700 1 -- 172.21.15.46:0/744669456 <== mon.0 v2:172.21.15.46:3300/0 1 ==== mon_map magic: 0 v1 ==== 205+0+0 (secure 0 0 0) 0x7fc9f8003970 con 0x7fca08106090
2024-03-08T22:56:25.327 INFO:teuthology.orchestra.run.smithi046.stdout:/usr/bin/ceph: stderr
2024-03-08T22:56:24.232+0000 7fc9ffe00700 1 -- 172.21.15.46:0/744669456 <== mon.0 v2:172.21.15.46:3300/0 2 ==== config(27 keys) v1 ==== 1109+0+0 (secure 0 0 0) 0x7fc9f8003b10 con 0x7fca08106090
2024-03-08T22:56:25.327 INFO:teuthology.orchestra.run.smithi046.stdout:/usr/bin/ceph: stderr
2024-03-08T22:56:24.232+0000 7fc9ffe00700 1 -- 172.21.15.46:0/744669456 <== mon.0 v2:172.21.15.46:3300/0 3 ==== mon_map magic: 0 v1 ==== 205+0+0 (secure 0 0 0) 0x7fc9f8024610 con 0x7fca08106090
2024-03-08T22:56:25.327 INFO:teuthology.orchestra.run.smithi046.stdout:/usr/bin/ceph: stderr
2024-03-08T22:56:24.232+0000 7fca0e000700 1 -- 172.21.15.46:0/744669456 --> [v2:172.21.15.46:3300/0,v1:172.21.15.46:6789/0] -- mon_subscribe({mgrmap=0+}) v3 -- 0x7fca0819e300 con 0x7fca08106090
2024-03-08T22:56:25.327 INFO:teuthology.orchestra.run.smithi046.stdout:/usr/bin/ceph: stderr
2024-03-08T22:56:24.232+0000 7fca0e000700 1 -- 172.21.15.46:0/744669456 --> [v2:172.21.15.46:3300/0,v1:172.21.15.46:6789/0] -- mon_subscribe({osdmap=0}) v3 -- 0x7fca0819ee20 con 0x7fca08106090
2024-03-08T22:56:25.327 INFO:teuthology.orchestra.run.smithi046.stdout:/usr/bin/ceph: stderr
2024-03-08T22:56:24.233+0000 7fc9ffe00700 1 -- 172.21.15.46:0/744669456 <== mon.0 v2:172.21.15.46:3300/0 4 ==== mgrmap(e 8) v1 ==== 46106+0+0 (secure 0 0 0) 0x7fc9f801a9f0 con 0x7fca08106090
2024-03-08T22:56:25.328 INFO:teuthology.orchestra.run.smithi046.stdout:/usr/bin/ceph: stderr
2024-03-08T22:56:24.233+0000 7fca0e000700 1 -- 172.21.15.46:0/744669456 --> [v2:172.21.15.46:3300/0,v1:172.21.15.46:6789/0] -- mon_command({"prefix": "get_command_descriptions"} v 0) v1 -- 0x7fca08063410 con 0x7fca08106090
2024-03-08T22:56:25.328 INFO:teuthology.orchestra.run.smithi046.stdout:/usr/bin/ceph: stderr
2024-03-08T22:56:24.233+0000 7fc9ffe00700 1 --2- 172.21.15.46:0/744669456 >> [v2:172.21.15.46:6800/4209254516,v1:172.21.15.46:6801/4209254516] conn(0x7fc9ec038f70 0x7fc9ec03b430 unknown :-1 s=NONE pgs=0 cs=0 l=1 rev1=0 crypto rx=0 tx=0 comp rx=0 tx=0).connect
2024-03-08T22:56:25.328 INFO:teuthology.orchestra.run.smithi046.stdout:/usr/bin/ceph: stderr
2024-03-08T22:56:24.233+0000 7fc9ffe00700 1 -- 172.21.15.46:0/744669456 <== mon.0 v2:172.21.15.46:3300/0 5 ==== osd_map(2..2 src has 1..2) v4 ==== 940+0+0 (secure 0 0 0) 0x7fc9f8011e00 con 0x7fca08106090
2024-03-08T22:56:25.328 INFO:teuthology.orchestra.run.smithi046.stdout:/usr/bin/ceph: stderr
2024-03-08T22:56:24.234+0000 7fca06a00700 1 --2- 172.21.15.46:0/744669456 >> [v2:172.21.15.46:6800/4209254516,v1:172.21.15.46:6801/4209254516] conn(0x7fc9ec038f70 0x7fc9ec03b430 unknown :-1 s=BANNER_CONNECTING pgs=0 cs=0 l=1 rev1=0 crypto rx=0 tx=0 comp rx=0 tx=0)._handle_peer_banner_payload supported=3 required=0
2024-03-08T22:56:25.328 INFO:teuthology.orchestra.run.smithi046.stdout:/usr/bin/ceph: stderr
2024-03-08T22:56:24.235+0000 7fca06a00700 1 --2- 172.21.15.46:0/744669456 >> [v2:172.21.15.46:6800/4209254516,v1:172.21.15.46:6801/4209254516] conn(0x7fc9ec038f70 0x7fc9ec03b430 secure :-1 s=READY pgs=13 cs=0 l=1 rev1=1 crypto rx=0x7fc9f4006fd0 tx=0x7fc9f4006e40 comp rx=0 tx=0).ready entity=mgr.14120 client_cookie=0 server_cookie=0 in_seq=0 out_seq=0
2024-03-08T22:56:25.328 INFO:teuthology.orchestra.run.smithi046.stdout:/usr/bin/ceph: stderr
2024-03-08T22:56:24.239+0000 7fc9ffe00700 1 -- 172.21.15.46:0/744669456 <== mon.0 v2:172.21.15.46:3300/0 6 ==== mon_command_ack([{"prefix": "get_command_descriptions"}]=0 v0) v1 ==== 72+0+184905 (secure 0 0 0) 0x7fc9f8019de0 con 0x7fca08106090
2024-03-08T22:56:25.328 INFO:teuthology.orchestra.run.smithi046.stdout:/usr/bin/ceph: stderr
2024-03-08T22:56:24.497+0000 7fca0e000700 1 -- 172.21.15.46:0/744669456 --> [v2:172.21.15.46:6800/4209254516,v1:172.21.15.46:6801/4209254516] -- mgr_command(tid 0: {"prefix": "orch apply", "service_type": "mgr", "unmanaged": true, "target": ["mon-mgr", ""]}) v1 -- 0x7fca0819fa60 con 0x7fc9ec038f70
2024-03-08T22:56:25.328 INFO:teuthology.orchestra.run.smithi046.stdout:/usr/bin/ceph: stderr
2024-03-08T22:56:24.505+0000 7fc9ffe00700 1 -- 172.21.15.46:0/744669456 <== mgr.14120 v2:172.21.15.46:6800/4209254516 1 ==== mgr_command_reply(tid 0: 0 ) v1 ==== 8+0+24 (secure 0 0 0) 0x7fca0819fa60 con 0x7fc9ec038f70
2024-03-08T22:56:25.328 INFO:teuthology.orchestra.run.smithi046.stdout:/usr/bin/ceph: stderr
2024-03-08T22:56:24.508+0000 7fca0e000700 1 -- 172.21.15.46:0/744669456 >> [v2:172.21.15.46:6800/4209254516,v1:172.21.15.46:6801/4209254516] conn(0x7fc9ec038f70 msgr2=0x7fc9ec03b430 secure :-1 s=STATE_CONNECTION_ESTABLISHED l=1).mark_down
2024-03-08T22:56:25.328 INFO:teuthology.orchestra.run.smithi046.stdout:/usr/bin/ceph: stderr
2024-03-08T22:56:24.508+0000 7fca0e000700 1 --2- 172.21.15.46:0/744669456 >> [v2:172.21.15.46:6800/4209254516,v1:172.21.15.46:6801/4209254516] conn(0x7fc9ec038f70 0x7fc9ec03b430 secure :-1 s=READY pgs=13 cs=0 l=1 rev1=1 crypto rx=0x7fc9f4006fd0 tx=0x7fc9f4006e40 comp rx=0 tx=0).stop
2024-03-08T22:56:25.328 INFO:teuthology.orchestra.run.smithi046.stdout:/usr/bin/ceph: stderr
2024-03-08T22:56:24.508+0000 7fca0e000700 1 -- 172.21.15.46:0/744669456 >> [v2:172.21.15.46:3300/0,v1:172.21.15.46:6789/0] conn(0x7fca08106090 msgr2=0x7fca0819db30 secure :-1 s=STATE_CONNECTION_ESTABLISHED l=1).mark_down
2024-03-08T22:56:25.328 INFO:teuthology.orchestra.run.smithi046.stdout:/usr/bin/ceph: stderr
2024-03-08T22:56:24.508+0000 7fca0e000700 1 --2- 172.21.15.46:0/744669456 >> [v2:172.21.15.46:3300/0,v1:172.21.15.46:6789/0] conn(0x7fca08106090 0x7fca0819db30 secure :-1 s=READY pgs=50 cs=0 l=1 rev1=1 crypto rx=0x7fc9f8011b60 tx=0x7fc9f8011c40 comp rx=0 tx=0).stop
2024-03-08T22:56:25.329 INFO:teuthology.orchestra.run.smithi046.stdout:/usr/bin/ceph: stderr
2024-03-08T22:56:24.508+0000 7fca0e000700 1 -- 172.21.15.46:0/744669456 shutdown_connections
2024-03-08T22:56:25.329 INFO:teuthology.orchestra.run.smithi046.stdout:/usr/bin/ceph: stderr
2024-03-08T22:56:24.508+0000 7fca0e000700 1 --2- 172.21.15.46:0/744669456 >> [v2:172.21.15.46:6800/4209254516,v1:172.21.15.46:6801/4209254516] conn(0x7fc9ec038f70 0x7fc9ec03b430 unknown :-1 s=CLOSED pgs=13 cs=0 l=1 rev1=1 crypto rx=0 tx=0 comp rx=0 tx=0).stop
2024-03-08T22:56:25.329 INFO:teuthology.orchestra.run.smithi046.stdout:/usr/bin/ceph: stderr
2024-03-08T22:56:24.508+0000 7fca0e000700 1 --2- 172.21.15.46:0/744669456 >> [v2:172.21.15.46:3300/0,v1:172.21.15.46:6789/0] conn(0x7fca08106090 0x7fca0819db30 unknown :-1 s=CLOSED pgs=50 cs=0 l=1 rev1=1 crypto rx=0 tx=0 comp rx=0 tx=0).stop
2024-03-08T22:56:25.329 INFO:teuthology.orchestra.run.smithi046.stdout:/usr/bin/ceph: stderr
2024-03-08T22:56:24.508+0000 7fca0e000700 1 -- 172.21.15.46:0/744669456 >> 172.21.15.46:0/744669456 conn(0x7fca08101c70 msgr2=0x7fca08194690 unknown :-1 s=STATE_NONE l=0).mark_down
2024-03-08T22:56:25.329 INFO:teuthology.orchestra.run.smithi046.stdout:/usr/bin/ceph: stderr
2024-03-08T22:56:24.509+0000 7fca0e000700 1 -- 172.21.15.46:0/744669456 shutdown_connections
2024-03-08T22:56:25.329 INFO:teuthology.orchestra.run.smithi046.stdout:/usr/bin/ceph: stderr
2024-03-08T22:56:24.509+0000 7fca0e000700 1 -- 172.21.15.46:0/744669456 wait complete.
2024-03-08T22:56:25.610 INFO:journalctl@ceph.mon.a.smithi046.stdout:Mar 08 22:56:25 smithi046 ceph-mon[31859]: from='client.14144 -' entity='client.admin' cmd=[{"prefix": "orch apply", "service_type": "mgr", "unmanaged": true, "target": ["mon-mgr", ""]}]: dispatch
2024-03-08T22:56:25.610 INFO:journalctl@ceph.mon.a.smithi046.stdout:Mar 08 22:56:25 smithi046 ceph-mon[31859]: Saving service mgr spec with placement count:2
2024-03-08T22:56:25.610 INFO:journalctl@ceph.mon.a.smithi046.stdout:Mar 08 22:56:25 smithi046 ceph-mon[31859]: from='mgr.14120 172.21.15.46:0/3337980244' entity='mgr.x'
2024-03-08T22:56:25.611 INFO:journalctl@ceph.mon.a.smithi046.stdout:Mar 08 22:56:25 smithi046 ceph-mon[31859]: from='mgr.14120 172.21.15.46:0/3337980244' entity='mgr.x'
2024-03-08T22:56:26.822 INFO:journalctl@ceph.mon.a.smithi046.stdout:Mar 08 22:56:26 smithi046 ceph-mon[31859]: pgmap v3: 0 pgs: ; 0 B data, 0 B used, 0 B / 0 B avail
2024-03-08T22:56:26.822 INFO:journalctl@ceph.mon.a.smithi046.stdout:Mar 08 22:56:26 smithi046 ceph-mon[31859]: from='mgr.14120 172.21.15.46:0/3337980244' entity='mgr.x'
2024-03-08T22:56:26.822 INFO:journalctl@ceph.mon.a.smithi046.stdout:Mar 08 22:56:26 smithi046 ceph-mon[31859]: from='client.? 172.21.15.46:0/1697489282' entity='client.admin'
2024-03-08T22:56:26.832 INFO:teuthology.orchestra.run.smithi046.stdout:/usr/bin/ceph: stderr
2024-03-08T22:56:25.922+0000 7f6943000700 1 Processor -- start
2024-03-08T22:56:26.833 INFO:teuthology.orchestra.run.smithi046.stdout:/usr/bin/ceph: stderr
2024-03-08T22:56:25.922+0000 7f6943000700 1 -- start start
2024-03-08T22:56:26.834 INFO:teuthology.orchestra.run.smithi046.stdout:/usr/bin/ceph: stderr
2024-03-08T22:56:25.922+0000 7f6943000700 1 --2- >> [v2:172.21.15.46:3300/0,v1:172.21.15.46:6789/0] conn(0x7f693c1077e0 0x7f693c107c00 unknown :-1 s=NONE pgs=0 cs=0 l=0 rev1=0 crypto rx=0 tx=0 comp rx=0 tx=0).connect
2024-03-08T22:56:26.834 INFO:teuthology.orchestra.run.smithi046.stdout:/usr/bin/ceph: stderr
2024-03-08T22:56:25.922+0000 7f6943000700 1 -- --> [v2:172.21.15.46:3300/0,v1:172.21.15.46:6789/0] -- mon_getmap magic: 0 v1 -- 0x7f693c1081d0 con 0x7f693c1077e0
2024-03-08T22:56:26.834 INFO:teuthology.orchestra.run.smithi046.stdout:/usr/bin/ceph: stderr
2024-03-08T22:56:25.923+0000 7f693be00700 1 --2- >> [v2:172.21.15.46:3300/0,v1:172.21.15.46:6789/0] conn(0x7f693c1077e0 0x7f693c107c00 unknown :-1 s=BANNER_CONNECTING pgs=0 cs=0 l=0 rev1=0 crypto rx=0 tx=0 comp rx=0 tx=0)._handle_peer_banner_payload supported=3 required=0
2024-03-08T22:56:26.834 INFO:teuthology.orchestra.run.smithi046.stdout:/usr/bin/ceph: stderr
2024-03-08T22:56:25.923+0000 7f693be00700 1 --2- >> [v2:172.21.15.46:3300/0,v1:172.21.15.46:6789/0] conn(0x7f693c1077e0 0x7f693c107c00 unknown :-1 s=HELLO_CONNECTING pgs=0 cs=0 l=0 rev1=1 crypto rx=0 tx=0 comp rx=0 tx=0).handle_hello peer v2:172.21.15.46:3300/0 says I am v2:172.21.15.46:36554/0 (socket says 172.21.15.46:36554)
2024-03-08T22:56:26.834 INFO:teuthology.orchestra.run.smithi046.stdout:/usr/bin/ceph: stderr
2024-03-08T22:56:25.923+0000 7f693be00700 1 -- 172.21.15.46:0/3728682218 learned_addr learned my addr 172.21.15.46:0/3728682218 (peer_addr_for_me v2:172.21.15.46:0/0)
2024-03-08T22:56:26.834 INFO:teuthology.orchestra.run.smithi046.stdout:/usr/bin/ceph: stderr
2024-03-08T22:56:25.924+0000 7f693be00700 1 -- 172.21.15.46:0/3728682218 --> [v2:172.21.15.46:3300/0,v1:172.21.15.46:6789/0] -- mon_subscribe({config=0+,monmap=0+}) v3 -- 0x7f693c108990 con 0x7f693c1077e0
2024-03-08T22:56:26.835 INFO:teuthology.orchestra.run.smithi046.stdout:/usr/bin/ceph: stderr
2024-03-08T22:56:25.924+0000 7f693be00700 1 --2- 172.21.15.46:0/3728682218 >> [v2:172.21.15.46:3300/0,v1:172.21.15.46:6789/0] conn(0x7f693c1077e0 0x7f693c107c00 secure :-1 s=READY pgs=51 cs=0 l=1 rev1=1 crypto rx=0x7f692c0098a0 tx=0x7f692c009bb0 comp rx=0 tx=0).ready entity=mon.0 client_cookie=1c6177ec148b0ea1 server_cookie=0 in_seq=0 out_seq=0
2024-03-08T22:56:26.835 INFO:teuthology.orchestra.run.smithi046.stdout:/usr/bin/ceph: stderr
2024-03-08T22:56:25.924+0000 7f693aa00700 1 -- 172.21.15.46:0/3728682218 <== mon.0 v2:172.21.15.46:3300/0 1 ==== mon_map magic: 0 v1 ==== 205+0+0 (secure 0 0 0) 0x7f692c004160 con 0x7f693c1077e0
2024-03-08T22:56:26.835 INFO:teuthology.orchestra.run.smithi046.stdout:/usr/bin/ceph: stderr
2024-03-08T22:56:25.925+0000 7f693aa00700 1 -- 172.21.15.46:0/3728682218 <== mon.0 v2:172.21.15.46:3300/0 2 ==== config(27 keys) v1 ==== 1140+0+0 (secure 0 0 0) 0x7f692c004300 con 0x7f693c1077e0
2024-03-08T22:56:26.835 INFO:teuthology.orchestra.run.smithi046.stdout:/usr/bin/ceph: stderr
2024-03-08T22:56:25.925+0000 7f693aa00700 1 -- 172.21.15.46:0/3728682218 <== mon.0 v2:172.21.15.46:3300/0 3 ==== mon_map magic: 0 v1 ==== 205+0+0 (secure 0 0 0) 0x7f692c011b20 con 0x7f693c1077e0
2024-03-08T22:56:26.835 INFO:teuthology.orchestra.run.smithi046.stdout:/usr/bin/ceph: stderr
2024-03-08T22:56:25.925+0000 7f6943000700 1 -- 172.21.15.46:0/3728682218 >> [v2:172.21.15.46:3300/0,v1:172.21.15.46:6789/0] conn(0x7f693c1077e0 msgr2=0x7f693c107c00 secure :-1 s=STATE_CONNECTION_ESTABLISHED l=1).mark_down
2024-03-08T22:56:26.836 INFO:teuthology.orchestra.run.smithi046.stdout:/usr/bin/ceph: stderr
2024-03-08T22:56:25.925+0000 7f6943000700 1 --2- 172.21.15.46:0/3728682218 >> [v2:172.21.15.46:3300/0,v1:172.21.15.46:6789/0] conn(0x7f693c1077e0 0x7f693c107c00 secure :-1 s=READY pgs=51 cs=0 l=1 rev1=1 crypto rx=0x7f692c0098a0 tx=0x7f692c009bb0 comp rx=0 tx=0).stop
2024-03-08T22:56:26.836 INFO:teuthology.orchestra.run.smithi046.stdout:/usr/bin/ceph: stderr
2024-03-08T22:56:25.926+0000 7f6943000700 1 -- 172.21.15.46:0/3728682218 shutdown_connections
2024-03-08T22:56:26.836 INFO:teuthology.orchestra.run.smithi046.stdout:/usr/bin/ceph: stderr
2024-03-08T22:56:25.926+0000 7f6943000700 1 --2- 172.21.15.46:0/3728682218 >> [v2:172.21.15.46:3300/0,v1:172.21.15.46:6789/0] conn(0x7f693c1077e0 0x7f693c107c00 unknown :-1 s=CLOSED pgs=51 cs=0 l=1 rev1=1 crypto rx=0 tx=0 comp rx=0 tx=0).stop
2024-03-08T22:56:26.836 INFO:teuthology.orchestra.run.smithi046.stdout:/usr/bin/ceph: stderr
2024-03-08T22:56:25.926+0000 7f6943000700 1 -- 172.21.15.46:0/3728682218 >> 172.21.15.46:0/3728682218 conn(0x7f693c102e20 msgr2=0x7f693c105240 unknown :-1 s=STATE_NONE l=0).mark_down
2024-03-08T22:56:26.840 INFO:teuthology.orchestra.run.smithi046.stdout:/usr/bin/ceph: stderr
2024-03-08T22:56:25.926+0000 7f6943000700 1 -- 172.21.15.46:0/3728682218 shutdown_connections
2024-03-08T22:56:26.841 INFO:teuthology.orchestra.run.smithi046.stdout:/usr/bin/ceph: stderr
2024-03-08T22:56:25.926+0000 7f6943000700 1 -- 172.21.15.46:0/3728682218 wait complete.
2024-03-08T22:56:26.841 INFO:teuthology.orchestra.run.smithi046.stdout:/usr/bin/ceph: stderr
2024-03-08T22:56:25.927+0000 7f6943000700 1 Processor -- start
2024-03-08T22:56:26.841 INFO:teuthology.orchestra.run.smithi046.stdout:/usr/bin/ceph: stderr
2024-03-08T22:56:25.927+0000 7f6943000700 1 -- start start
2024-03-08T22:56:26.841 INFO:teuthology.orchestra.run.smithi046.stdout:/usr/bin/ceph: stderr
2024-03-08T22:56:25.927+0000 7f6943000700 1 --2- >> [v2:172.21.15.46:3300/0,v1:172.21.15.46:6789/0] conn(0x7f693c1077e0 0x7f693c19d880 unknown :-1 s=NONE pgs=0 cs=0 l=1 rev1=0 crypto rx=0 tx=0 comp rx=0 tx=0).connect
2024-03-08T22:56:26.841 INFO:teuthology.orchestra.run.smithi046.stdout:/usr/bin/ceph: stderr
2024-03-08T22:56:25.927+0000 7f6943000700 1 -- --> [v2:172.21.15.46:3300/0,v1:172.21.15.46:6789/0] -- mon_getmap magic: 0 v1 -- 0x7f693c10bd40 con 0x7f693c1077e0
2024-03-08T22:56:26.841 INFO:teuthology.orchestra.run.smithi046.stdout:/usr/bin/ceph: stderr
2024-03-08T22:56:25.928+0000 7f693be00700 1 --2- >> [v2:172.21.15.46:3300/0,v1:172.21.15.46:6789/0] conn(0x7f693c1077e0 0x7f693c19d880 unknown :-1 s=BANNER_CONNECTING pgs=0 cs=0 l=1 rev1=0 crypto rx=0 tx=0 comp rx=0 tx=0)._handle_peer_banner_payload supported=3 required=0
2024-03-08T22:56:26.841 INFO:teuthology.orchestra.run.smithi046.stdout:/usr/bin/ceph: stderr
2024-03-08T22:56:25.928+0000 7f693be00700 1 --2- >> [v2:172.21.15.46:3300/0,v1:172.21.15.46:6789/0] conn(0x7f693c1077e0 0x7f693c19d880 unknown :-1 s=HELLO_CONNECTING pgs=0 cs=0 l=1 rev1=1 crypto rx=0 tx=0 comp rx=0 tx=0).handle_hello peer v2:172.21.15.46:3300/0 says I am v2:172.21.15.46:36556/0 (socket says 172.21.15.46:36556)
2024-03-08T22:56:26.841 INFO:teuthology.orchestra.run.smithi046.stdout:/usr/bin/ceph: stderr
2024-03-08T22:56:25.928+0000 7f693be00700 1 -- 172.21.15.46:0/1697489282 learned_addr learned my addr 172.21.15.46:0/1697489282 (peer_addr_for_me v2:172.21.15.46:0/0)
2024-03-08T22:56:26.841 INFO:teuthology.orchestra.run.smithi046.stdout:/usr/bin/ceph: stderr
2024-03-08T22:56:25.928+0000 7f693be00700 1 -- 172.21.15.46:0/1697489282 --> [v2:172.21.15.46:3300/0,v1:172.21.15.46:6789/0] -- mon_subscribe({config=0+,monmap=0+}) v3 -- 0x7f693c19ddc0 con 0x7f693c1077e0
2024-03-08T22:56:26.841 INFO:teuthology.orchestra.run.smithi046.stdout:/usr/bin/ceph: stderr
2024-03-08T22:56:25.928+0000 7f693be00700 1 --2- 172.21.15.46:0/1697489282 >> [v2:172.21.15.46:3300/0,v1:172.21.15.46:6789/0] conn(0x7f693c1077e0 0x7f693c19d880 secure :-1 s=READY pgs=52 cs=0 l=1 rev1=1 crypto rx=0x7f692c0117e0 tx=0x7f692c011ba0 comp rx=0 tx=0).ready entity=mon.0 client_cookie=0 server_cookie=0 in_seq=0 out_seq=0
2024-03-08T22:56:26.841 INFO:teuthology.orchestra.run.smithi046.stdout:/usr/bin/ceph: stderr
2024-03-08T22:56:25.929+0000 7f6938c00700 1 -- 172.21.15.46:0/1697489282 <== mon.0 v2:172.21.15.46:3300/0 1 ==== mon_map magic: 0 v1 ==== 205+0+0 (secure 0 0 0) 0x7f692c003bf0 con 0x7f693c1077e0
2024-03-08T22:56:26.841 INFO:teuthology.orchestra.run.smithi046.stdout:/usr/bin/ceph: stderr
2024-03-08T22:56:25.929+0000 7f6943000700 1 -- 172.21.15.46:0/1697489282 --> [v2:172.21.15.46:3300/0,v1:172.21.15.46:6789/0] -- mon_subscribe({mgrmap=0+}) v3 -- 0x7f693c19e050 con 0x7f693c1077e0
2024-03-08T22:56:26.841 INFO:teuthology.orchestra.run.smithi046.stdout:/usr/bin/ceph: stderr
2024-03-08T22:56:25.929+0000 7f6938c00700 1 -- 172.21.15.46:0/1697489282 <== mon.0 v2:172.21.15.46:3300/0 2 ==== config(27 keys) v1 ==== 1140+0+0 (secure 0 0 0) 0x7f692c01a910 con 0x7f693c1077e0
2024-03-08T22:56:26.842 INFO:teuthology.orchestra.run.smithi046.stdout:/usr/bin/ceph: stderr
2024-03-08T22:56:25.929+0000 7f6938c00700 1 -- 172.21.15.46:0/1697489282 <== mon.0 v2:172.21.15.46:3300/0 3 ==== mon_map magic: 0 v1 ==== 205+0+0 (secure 0 0 0) 0x7f692c024970 con 0x7f693c1077e0
2024-03-08T22:56:26.842 INFO:teuthology.orchestra.run.smithi046.stdout:/usr/bin/ceph: stderr
2024-03-08T22:56:25.929+0000 7f6943000700 1 -- 172.21.15.46:0/1697489282 --> [v2:172.21.15.46:3300/0,v1:172.21.15.46:6789/0] -- mon_subscribe({osdmap=0}) v3 -- 0x7f693c19e4b0 con 0x7f693c1077e0
2024-03-08T22:56:26.842 INFO:teuthology.orchestra.run.smithi046.stdout:/usr/bin/ceph: stderr
2024-03-08T22:56:25.930+0000 7f6938c00700 1 -- 172.21.15.46:0/1697489282 <== mon.0 v2:172.21.15.46:3300/0 4 ==== mgrmap(e 8) v1 ==== 46106+0+0 (secure 0 0 0) 0x7f692c022020 con 0x7f693c1077e0
2024-03-08T22:56:26.842 INFO:teuthology.orchestra.run.smithi046.stdout:/usr/bin/ceph: stderr
2024-03-08T22:56:25.930+0000 7f6943000700 1 -- 172.21.15.46:0/1697489282 --> [v2:172.21.15.46:3300/0,v1:172.21.15.46:6789/0] -- mon_command({"prefix": "get_command_descriptions"} v 0) v1 -- 0x7f693c063410 con 0x7f693c1077e0
2024-03-08T22:56:26.842 INFO:teuthology.orchestra.run.smithi046.stdout:/usr/bin/ceph: stderr
2024-03-08T22:56:25.930+0000 7f6938c00700 1 --2- 172.21.15.46:0/1697489282 >> [v2:172.21.15.46:6800/4209254516,v1:172.21.15.46:6801/4209254516] conn(0x7f6920038f20 0x7f692003b3e0 unknown :-1 s=NONE pgs=0 cs=0 l=1 rev1=0 crypto rx=0 tx=0 comp rx=0 tx=0).connect
2024-03-08T22:56:26.842 INFO:teuthology.orchestra.run.smithi046.stdout:/usr/bin/ceph: stderr
2024-03-08T22:56:25.931+0000 7f6938c00700 1 -- 172.21.15.46:0/1697489282 <== mon.0 v2:172.21.15.46:3300/0 5 ==== osd_map(2..2 src has 1..2) v4 ==== 940+0+0 (secure 0 0 0) 0x7f692c04d5d0 con 0x7f693c1077e0
2024-03-08T22:56:26.842 INFO:teuthology.orchestra.run.smithi046.stdout:/usr/bin/ceph: stderr
2024-03-08T22:56:25.931+0000 7f693b400700 1 --2- 172.21.15.46:0/1697489282 >> [v2:172.21.15.46:6800/4209254516,v1:172.21.15.46:6801/4209254516] conn(0x7f6920038f20 0x7f692003b3e0 unknown :-1 s=BANNER_CONNECTING pgs=0 cs=0 l=1 rev1=0 crypto rx=0 tx=0 comp rx=0 tx=0)._handle_peer_banner_payload supported=3 required=0
2024-03-08T22:56:26.842 INFO:teuthology.orchestra.run.smithi046.stdout:/usr/bin/ceph: stderr
2024-03-08T22:56:25.931+0000 7f693b400700 1 --2- 172.21.15.46:0/1697489282 >> [v2:172.21.15.46:6800/4209254516,v1:172.21.15.46:6801/4209254516] conn(0x7f6920038f20 0x7f692003b3e0 secure :-1 s=READY pgs=14 cs=0 l=1 rev1=1 crypto rx=0x7f6928006fd0 tx=0x7f6928006e40 comp rx=0 tx=0).ready entity=mgr.14120 client_cookie=0 server_cookie=0 in_seq=0 out_seq=0
2024-03-08T22:56:26.842 INFO:teuthology.orchestra.run.smithi046.stdout:/usr/bin/ceph: stderr
2024-03-08T22:56:25.937+0000 7f6938c00700 1 -- 172.21.15.46:0/1697489282 <== mon.0 v2:172.21.15.46:3300/0 6 ==== mon_command_ack([{"prefix": "get_command_descriptions"}]=0 v0) v1 ==== 72+0+184905 (secure 0 0 0) 0x7f692c017ca0 con 0x7f693c1077e0
2024-03-08T22:56:26.842 INFO:teuthology.orchestra.run.smithi046.stdout:/usr/bin/ceph: stderr
2024-03-08T22:56:26.167+0000 7f6943000700 1 -- 172.21.15.46:0/1697489282 --> [v2:172.21.15.46:3300/0,v1:172.21.15.46:6789/0] -- mon_command([{prefix=config set, name=mgr/cephadm/container_init}] v 0) v1 -- 0x7f693c1a0e00 con 0x7f693c1077e0
2024-03-08T22:56:26.842 INFO:teuthology.orchestra.run.smithi046.stdout:/usr/bin/ceph: stderr
2024-03-08T22:56:26.172+0000 7f6938c00700 1 -- 172.21.15.46:0/1697489282 <== mon.0 v2:172.21.15.46:3300/0 7 ==== mon_command_ack([{prefix=config set, name=mgr/cephadm/container_init}]=0 v7)=0 v7) v1 ==== 142+0+0 (secure 0 0 0) 0x7f692c01ab70 con 0x7f693c1077e0
2024-03-08T22:56:26.842 INFO:teuthology.orchestra.run.smithi046.stdout:/usr/bin/ceph: stderr
2024-03-08T22:56:26.175+0000 7f6943000700 1 -- 172.21.15.46:0/1697489282 >> [v2:172.21.15.46:6800/4209254516,v1:172.21.15.46:6801/4209254516] conn(0x7f6920038f20 msgr2=0x7f692003b3e0 secure :-1 s=STATE_CONNECTION_ESTABLISHED l=1).mark_down
2024-03-08T22:56:26.842 INFO:teuthology.orchestra.run.smithi046.stdout:/usr/bin/ceph: stderr
2024-03-08T22:56:26.175+0000 7f6943000700 1 --2- 172.21.15.46:0/1697489282 >> [v2:172.21.15.46:6800/4209254516,v1:172.21.15.46:6801/4209254516] conn(0x7f6920038f20 0x7f692003b3e0 secure :-1 s=READY pgs=14 cs=0 l=1 rev1=1 crypto rx=0x7f6928006fd0 tx=0x7f6928006e40 comp rx=0 tx=0).stop
2024-03-08T22:56:26.843 INFO:teuthology.orchestra.run.smithi046.stdout:/usr/bin/ceph: stderr
2024-03-08T22:56:26.175+0000 7f6943000700 1 -- 172.21.15.46:0/1697489282 >> [v2:172.21.15.46:3300/0,v1:172.21.15.46:6789/0] conn(0x7f693c1077e0 msgr2=0x7f693c19d880 secure :-1 s=STATE_CONNECTION_ESTABLISHED l=1).mark_down
2024-03-08T22:56:26.843 INFO:teuthology.orchestra.run.smithi046.stdout:/usr/bin/ceph: stderr
2024-03-08T22:56:26.175+0000 7f6943000700 1 --2- 172.21.15.46:0/1697489282 >> [v2:172.21.15.46:3300/0,v1:172.21.15.46:6789/0] conn(0x7f693c1077e0 0x7f693c19d880 secure :-1 s=READY pgs=52 cs=0 l=1 rev1=1 crypto rx=0x7f692c0117e0 tx=0x7f692c011ba0 comp rx=0 tx=0).stop
2024-03-08T22:56:26.843 INFO:teuthology.orchestra.run.smithi046.stdout:/usr/bin/ceph: stderr
2024-03-08T22:56:26.175+0000 7f6943000700 1 -- 172.21.15.46:0/1697489282 shutdown_connections
2024-03-08T22:56:26.843 INFO:teuthology.orchestra.run.smithi046.stdout:/usr/bin/ceph: stderr
2024-03-08T22:56:26.175+0000 7f6943000700 1 --2- 172.21.15.46:0/1697489282 >> [v2:172.21.15.46:6800/4209254516,v1:172.21.15.46:6801/4209254516] conn(0x7f6920038f20 0x7f692003b3e0 unknown :-1 s=CLOSED pgs=14 cs=0 l=1 rev1=1 crypto rx=0 tx=0 comp rx=0 tx=0).stop
2024-03-08T22:56:26.843 INFO:teuthology.orchestra.run.smithi046.stdout:/usr/bin/ceph: stderr
2024-03-08T22:56:26.175+0000 7f6943000700 1 --2- 172.21.15.46:0/1697489282 >> [v2:172.21.15.46:3300/0,v1:172.21.15.46:6789/0] conn(0x7f693c1077e0 0x7f693c19d880 unknown :-1 s=CLOSED pgs=52 cs=0 l=1 rev1=1 crypto rx=0 tx=0 comp rx=0 tx=0).stop
2024-03-08T22:56:26.843 INFO:teuthology.orchestra.run.smithi046.stdout:/usr/bin/ceph: stderr
2024-03-08T22:56:26.175+0000 7f6943000700 1 -- 172.21.15.46:0/1697489282 >> 172.21.15.46:0/1697489282 conn(0x7f693c102e20 msgr2=0x7f693c1037f0 unknown :-1 s=STATE_NONE l=0).mark_down
2024-03-08T22:56:26.843 INFO:teuthology.orchestra.run.smithi046.stdout:/usr/bin/ceph: stderr
2024-03-08T22:56:26.176+0000 7f6943000700 1 -- 172.21.15.46:0/1697489282 shutdown_connections
2024-03-08T22:56:26.843 INFO:teuthology.orchestra.run.smithi046.stdout:/usr/bin/ceph: stderr
2024-03-08T22:56:26.176+0000 7f6943000700 1 -- 172.21.15.46:0/1697489282 wait complete.
2024-03-08T22:56:28.704 INFO:teuthology.orchestra.run.smithi046.stdout:/usr/bin/ceph: stderr
2024-03-08T22:56:27.418+0000 7f026d600700 1 Processor -- start
2024-03-08T22:56:28.704 INFO:teuthology.orchestra.run.smithi046.stdout:/usr/bin/ceph: stderr
2024-03-08T22:56:27.419+0000 7f026d600700 1 -- start start
2024-03-08T22:56:28.704 INFO:teuthology.orchestra.run.smithi046.stdout:/usr/bin/ceph: stderr
2024-03-08T22:56:27.419+0000 7f026d600700 1 --2- >> [v2:172.21.15.46:3300/0,v1:172.21.15.46:6789/0] conn(0x7f0268108e80 0x7f02681092a0 unknown :-1 s=NONE pgs=0 cs=0 l=0 rev1=0 crypto rx=0 tx=0 comp rx=0 tx=0).connect
2024-03-08T22:56:28.704 INFO:teuthology.orchestra.run.smithi046.stdout:/usr/bin/ceph: stderr
2024-03-08T22:56:27.419+0000 7f026d600700 1 -- --> [v2:172.21.15.46:3300/0,v1:172.21.15.46:6789/0] -- mon_getmap magic: 0 v1 -- 0x7f0268107410 con 0x7f0268108e80
2024-03-08T22:56:28.704 INFO:teuthology.orchestra.run.smithi046.stdout:/usr/bin/ceph: stderr
2024-03-08T22:56:27.419+0000 7f0266a00700 1 --2- >> [v2:172.21.15.46:3300/0,v1:172.21.15.46:6789/0] conn(0x7f0268108e80 0x7f02681092a0 unknown :-1 s=BANNER_CONNECTING pgs=0 cs=0 l=0 rev1=0 crypto rx=0 tx=0 comp rx=0 tx=0)._handle_peer_banner_payload supported=3 required=0
2024-03-08T22:56:28.704 INFO:teuthology.orchestra.run.smithi046.stdout:/usr/bin/ceph: stderr
2024-03-08T22:56:27.419+0000 7f0266a00700 1 --2- >> [v2:172.21.15.46:3300/0,v1:172.21.15.46:6789/0] conn(0x7f0268108e80 0x7f02681092a0 unknown :-1 s=HELLO_CONNECTING pgs=0 cs=0 l=0 rev1=1 crypto rx=0 tx=0 comp rx=0 tx=0).handle_hello peer v2:172.21.15.46:3300/0 says I am v2:172.21.15.46:36558/0 (socket says 172.21.15.46:36558)
2024-03-08T22:56:28.705 INFO:teuthology.orchestra.run.smithi046.stdout:/usr/bin/ceph: stderr
2024-03-08T22:56:27.420+0000 7f0266a00700 1 -- 172.21.15.46:0/1764840339 learned_addr learned my addr 172.21.15.46:0/1764840339 (peer_addr_for_me v2:172.21.15.46:0/0)
2024-03-08T22:56:28.774 INFO:teuthology.orchestra.run.smithi046.stdout:/usr/bin/ceph: stderr
2024-03-08T22:56:27.420+0000 7f0266a00700 1 -- 172.21.15.46:0/1764840339 --> [v2:172.21.15.46:3300/0,v1:172.21.15.46:6789/0] -- mon_subscribe({config=0+,monmap=0+}) v3 -- 0x7f0268107590 con 0x7f0268108e80
2024-03-08T22:56:28.774 INFO:teuthology.orchestra.run.smithi046.stdout:/usr/bin/ceph: stderr
2024-03-08T22:56:27.420+0000 7f0266a00700 1 --2- 172.21.15.46:0/1764840339 >> [v2:172.21.15.46:3300/0,v1:172.21.15.46:6789/0] conn(0x7f0268108e80 0x7f02681092a0 secure :-1 s=READY pgs=53 cs=0 l=1 rev1=1 crypto rx=0x7f02580098a0 tx=0x7f0258009bb0 comp rx=0 tx=0).ready entity=mon.0 client_cookie=f40f3863d6454563 server_cookie=0 in_seq=0 out_seq=0
2024-03-08T22:56:28.774 INFO:teuthology.orchestra.run.smithi046.stdout:/usr/bin/ceph: stderr
2024-03-08T22:56:27.421+0000 7f0265600700 1 -- 172.21.15.46:0/1764840339 <== mon.0 v2:172.21.15.46:3300/0 1 ==== mon_map magic: 0 v1 ==== 205+0+0 (secure 0 0 0) 0x7f0258004160 con 0x7f0268108e80
2024-03-08T22:56:28.774 INFO:teuthology.orchestra.run.smithi046.stdout:/usr/bin/ceph: stderr
2024-03-08T22:56:27.421+0000 7f0265600700 1 -- 172.21.15.46:0/1764840339 <== mon.0 v2:172.21.15.46:3300/0 2 ==== config(27 keys) v1 ==== 1140+0+0 (secure 0 0 0) 0x7f0258004300 con 0x7f0268108e80
2024-03-08T22:56:28.774 INFO:teuthology.orchestra.run.smithi046.stdout:/usr/bin/ceph: stderr
2024-03-08T22:56:27.421+0000 7f0265600700 1 -- 172.21.15.46:0/1764840339 <== mon.0 v2:172.21.15.46:3300/0 3 ==== mon_map magic: 0 v1 ==== 205+0+0 (secure 0 0 0) 0x7f0258011b20 con 0x7f0268108e80
2024-03-08T22:56:28.774 INFO:teuthology.orchestra.run.smithi046.stdout:/usr/bin/ceph: stderr
2024-03-08T22:56:27.421+0000 7f026d600700 1 -- 172.21.15.46:0/1764840339 >> [v2:172.21.15.46:3300/0,v1:172.21.15.46:6789/0] conn(0x7f0268108e80 msgr2=0x7f02681092a0 secure :-1 s=STATE_CONNECTION_ESTABLISHED l=1).mark_down
2024-03-08T22:56:28.774 INFO:teuthology.orchestra.run.smithi046.stdout:/usr/bin/ceph: stderr
2024-03-08T22:56:27.421+0000 7f026d600700 1 --2- 172.21.15.46:0/1764840339 >> [v2:172.21.15.46:3300/0,v1:172.21.15.46:6789/0] conn(0x7f0268108e80 0x7f02681092a0 secure :-1 s=READY pgs=53 cs=0 l=1 rev1=1 crypto rx=0x7f02580098a0 tx=0x7f0258009bb0 comp rx=0 tx=0).stop
2024-03-08T22:56:28.774 INFO:teuthology.orchestra.run.smithi046.stdout:/usr/bin/ceph: stderr
2024-03-08T22:56:27.422+0000 7f026d600700 1 -- 172.21.15.46:0/1764840339 shutdown_connections
2024-03-08T22:56:28.774 INFO:teuthology.orchestra.run.smithi046.stdout:/usr/bin/ceph: stderr
2024-03-08T22:56:27.422+0000 7f026d600700 1 --2- 172.21.15.46:0/1764840339 >> [v2:172.21.15.46:3300/0,v1:172.21.15.46:6789/0] conn(0x7f0268108e80 0x7f02681092a0 unknown :-1 s=CLOSED pgs=53 cs=0 l=1 rev1=1 crypto rx=0 tx=0 comp rx=0 tx=0).stop
2024-03-08T22:56:28.774 INFO:teuthology.orchestra.run.smithi046.stdout:/usr/bin/ceph: stderr
