2024-03-08T22:56:10.717+0000 7f967aa00700 1 -- 172.21.15.46:0/2961386206 <== mon.0 v2:172.21.15.46:3300/0 3 ==== mon_map magic: 0 v1 ==== 205+0+0 (secure 0 0 0) 0x7f966c011b50 con 0x7f967c07cf10
2024-03-08T22:56:11.748 INFO:teuthology.orchestra.run.smithi046.stdout:/usr/bin/ceph: stderr
2024-03-08T22:56:10.718+0000 7f9683000700 1 -- 172.21.15.46:0/2961386206 >> [v2:172.21.15.46:3300/0,v1:172.21.15.46:6789/0] conn(0x7f967c07cf10 msgr2=0x7f967c07b2c0 secure :-1 s=STATE_CONNECTION_ESTABLISHED l=1).mark_down
2024-03-08T22:56:11.748 INFO:teuthology.orchestra.run.smithi046.stdout:/usr/bin/ceph: stderr
2024-03-08T22:56:10.718+0000 7f9683000700 1 --2- 172.21.15.46:0/2961386206 >> [v2:172.21.15.46:3300/0,v1:172.21.15.46:6789/0] conn(0x7f967c07cf10 0x7f967c07b2c0 secure :-1 s=READY pgs=41 cs=0 l=1 rev1=1 crypto rx=0x7f966c0098a0 tx=0x7f966c009bb0 comp rx=0 tx=0).stop
2024-03-08T22:56:11.748 INFO:teuthology.orchestra.run.smithi046.stdout:/usr/bin/ceph: stderr
2024-03-08T22:56:10.718+0000 7f9683000700 1 -- 172.21.15.46:0/2961386206 shutdown_connections
2024-03-08T22:56:11.748 INFO:teuthology.orchestra.run.smithi046.stdout:/usr/bin/ceph: stderr
2024-03-08T22:56:10.718+0000 7f9683000700 1 --2- 172.21.15.46:0/2961386206 >> [v2:172.21.15.46:3300/0,v1:172.21.15.46:6789/0] conn(0x7f967c07cf10 0x7f967c07b2c0 unknown :-1 s=CLOSED pgs=41 cs=0 l=1 rev1=1 crypto rx=0 tx=0 comp rx=0 tx=0).stop
2024-03-08T22:56:11.748 INFO:teuthology.orchestra.run.smithi046.stdout:/usr/bin/ceph: stderr
2024-03-08T22:56:10.718+0000 7f9683000700 1 -- 172.21.15.46:0/2961386206 >> 172.21.15.46:0/2961386206 conn(0x7f967c102d80 msgr2=0x7f967c1051c0 unknown :-1 s=STATE_NONE l=0).mark_down
2024-03-08T22:56:11.748 INFO:teuthology.orchestra.run.smithi046.stdout:/usr/bin/ceph: stderr
2024-03-08T22:56:10.718+0000 7f9683000700 1 -- 172.21.15.46:0/2961386206 shutdown_connections
2024-03-08T22:56:11.748 INFO:teuthology.orchestra.run.smithi046.stdout:/usr/bin/ceph: stderr
2024-03-08T22:56:10.718+0000 7f9683000700 1 -- 172.21.15.46:0/2961386206 wait complete.
2024-03-08T22:56:11.748 INFO:teuthology.orchestra.run.smithi046.stdout:/usr/bin/ceph: stderr
2024-03-08T22:56:10.719+0000 7f9683000700 1 Processor -- start
2024-03-08T22:56:11.748 INFO:teuthology.orchestra.run.smithi046.stdout:/usr/bin/ceph: stderr
2024-03-08T22:56:10.719+0000 7f9683000700 1 -- start start
2024-03-08T22:56:11.748 INFO:teuthology.orchestra.run.smithi046.stdout:/usr/bin/ceph: stderr
2024-03-08T22:56:10.720+0000 7f9683000700 1 --2- >> [v2:172.21.15.46:3300/0,v1:172.21.15.46:6789/0] conn(0x7f967c07cf10 0x7f967c19da50 unknown :-1 s=NONE pgs=0 cs=0 l=1 rev1=0 crypto rx=0 tx=0 comp rx=0 tx=0).connect
2024-03-08T22:56:11.748 INFO:teuthology.orchestra.run.smithi046.stdout:/usr/bin/ceph: stderr
2024-03-08T22:56:10.720+0000 7f9683000700 1 -- --> [v2:172.21.15.46:3300/0,v1:172.21.15.46:6789/0] -- mon_getmap magic: 0 v1 -- 0x7f967c10de20 con 0x7f967c07cf10
2024-03-08T22:56:11.748 INFO:teuthology.orchestra.run.smithi046.stdout:/usr/bin/ceph: stderr
2024-03-08T22:56:10.720+0000 7f967be00700 1 --2- >> [v2:172.21.15.46:3300/0,v1:172.21.15.46:6789/0] conn(0x7f967c07cf10 0x7f967c19da50 unknown :-1 s=BANNER_CONNECTING pgs=0 cs=0 l=1 rev1=0 crypto rx=0 tx=0 comp rx=0 tx=0)._handle_peer_banner_payload supported=3 required=0
2024-03-08T22:56:11.749 INFO:teuthology.orchestra.run.smithi046.stdout:/usr/bin/ceph: stderr
2024-03-08T22:56:10.720+0000 7f967be00700 1 --2- >> [v2:172.21.15.46:3300/0,v1:172.21.15.46:6789/0] conn(0x7f967c07cf10 0x7f967c19da50 unknown :-1 s=HELLO_CONNECTING pgs=0 cs=0 l=1 rev1=1 crypto rx=0 tx=0 comp rx=0 tx=0).handle_hello peer v2:172.21.15.46:3300/0 says I am v2:172.21.15.46:52020/0 (socket says 172.21.15.46:52020)
2024-03-08T22:56:11.749 INFO:teuthology.orchestra.run.smithi046.stdout:/usr/bin/ceph: stderr
2024-03-08T22:56:10.720+0000 7f967be00700 1 -- 172.21.15.46:0/2135623552 learned_addr learned my addr 172.21.15.46:0/2135623552 (peer_addr_for_me v2:172.21.15.46:0/0)
2024-03-08T22:56:11.749 INFO:teuthology.orchestra.run.smithi046.stdout:/usr/bin/ceph: stderr
2024-03-08T22:56:10.720+0000 7f967be00700 1 -- 172.21.15.46:0/2135623552 --> [v2:172.21.15.46:3300/0,v1:172.21.15.46:6789/0] -- mon_subscribe({config=0+,monmap=0+}) v3 -- 0x7f967c19df90 con 0x7f967c07cf10
2024-03-08T22:56:11.749 INFO:teuthology.orchestra.run.smithi046.stdout:/usr/bin/ceph: stderr
2024-03-08T22:56:10.721+0000 7f967be00700 1 --2- 172.21.15.46:0/2135623552 >> [v2:172.21.15.46:3300/0,v1:172.21.15.46:6789/0] conn(0x7f967c07cf10 0x7f967c19da50 secure :-1 s=READY pgs=42 cs=0 l=1 rev1=1 crypto rx=0x7f966c011b60 tx=0x7f966c011c40 comp rx=0 tx=0).ready entity=mon.0 client_cookie=0 server_cookie=0 in_seq=0 out_seq=0
2024-03-08T22:56:11.749 INFO:teuthology.orchestra.run.smithi046.stdout:/usr/bin/ceph: stderr
2024-03-08T22:56:10.721+0000 7f9678c00700 1 -- 172.21.15.46:0/2135623552 <== mon.0 v2:172.21.15.46:3300/0 1 ==== mon_map magic: 0 v1 ==== 205+0+0 (secure 0 0 0) 0x7f966c003970 con 0x7f967c07cf10
2024-03-08T22:56:11.749 INFO:teuthology.orchestra.run.smithi046.stdout:/usr/bin/ceph: stderr
2024-03-08T22:56:10.721+0000 7f9678c00700 1 -- 172.21.15.46:0/2135623552 <== mon.0 v2:172.21.15.46:3300/0 2 ==== config(27 keys) v1 ==== 1109+0+0 (secure 0 0 0) 0x7f966c003b10 con 0x7f967c07cf10
2024-03-08T22:56:11.749 INFO:teuthology.orchestra.run.smithi046.stdout:/usr/bin/ceph: stderr
2024-03-08T22:56:10.721+0000 7f9683000700 1 -- 172.21.15.46:0/2135623552 --> [v2:172.21.15.46:3300/0,v1:172.21.15.46:6789/0] -- mon_subscribe({mgrmap=0+}) v3 -- 0x7f967c19e220 con 0x7f967c07cf10
2024-03-08T22:56:11.749 INFO:teuthology.orchestra.run.smithi046.stdout:/usr/bin/ceph: stderr
2024-03-08T22:56:10.721+0000 7f9678c00700 1 -- 172.21.15.46:0/2135623552 <== mon.0 v2:172.21.15.46:3300/0 3 ==== mon_map magic: 0 v1 ==== 205+0+0 (secure 0 0 0) 0x7f966c024610 con 0x7f967c07cf10
2024-03-08T22:56:11.749 INFO:teuthology.orchestra.run.smithi046.stdout:/usr/bin/ceph: stderr
2024-03-08T22:56:10.721+0000 7f9683000700 1 -- 172.21.15.46:0/2135623552 --> [v2:172.21.15.46:3300/0,v1:172.21.15.46:6789/0] -- mon_subscribe({osdmap=0}) v3 -- 0x7f967c1a0f10 con 0x7f967c07cf10
2024-03-08T22:56:11.749 INFO:teuthology.orchestra.run.smithi046.stdout:/usr/bin/ceph: stderr
2024-03-08T22:56:10.722+0000 7f9678c00700 1 -- 172.21.15.46:0/2135623552 <== mon.0 v2:172.21.15.46:3300/0 4 ==== mgrmap(e 8) v1 ==== 46106+0+0 (secure 0 0 0) 0x7f966c024910 con 0x7f967c07cf10
2024-03-08T22:56:11.749 INFO:teuthology.orchestra.run.smithi046.stdout:/usr/bin/ceph: stderr
2024-03-08T22:56:10.722+0000 7f9683000700 1 -- 172.21.15.46:0/2135623552 --> [v2:172.21.15.46:3300/0,v1:172.21.15.46:6789/0] -- mon_command({"prefix": "get_command_descriptions"} v 0) v1 -- 0x7f967c063410 con 0x7f967c07cf10
2024-03-08T22:56:11.749 INFO:teuthology.orchestra.run.smithi046.stdout:/usr/bin/ceph: stderr
2024-03-08T22:56:10.723+0000 7f9678c00700 1 --2- 172.21.15.46:0/2135623552 >> [v2:172.21.15.46:6800/4209254516,v1:172.21.15.46:6801/4209254516] conn(0x7f9660038f20 0x7f966003b3e0 unknown :-1 s=NONE pgs=0 cs=0 l=1 rev1=0 crypto rx=0 tx=0 comp rx=0 tx=0).connect
2024-03-08T22:56:11.749 INFO:teuthology.orchestra.run.smithi046.stdout:/usr/bin/ceph: stderr
2024-03-08T22:56:10.723+0000 7f9678c00700 1 -- 172.21.15.46:0/2135623552 <== mon.0 v2:172.21.15.46:3300/0 5 ==== osd_map(2..2 src has 1..2) v4 ==== 940+0+0 (secure 0 0 0) 0x7f966c011e00 con 0x7f967c07cf10
2024-03-08T22:56:11.749 INFO:teuthology.orchestra.run.smithi046.stdout:/usr/bin/ceph: stderr
2024-03-08T22:56:10.723+0000 7f967b400700 1 --2- 172.21.15.46:0/2135623552 >> [v2:172.21.15.46:6800/4209254516,v1:172.21.15.46:6801/4209254516] conn(0x7f9660038f20 0x7f966003b3e0 unknown :-1 s=BANNER_CONNECTING pgs=0 cs=0 l=1 rev1=0 crypto rx=0 tx=0 comp rx=0 tx=0)._handle_peer_banner_payload supported=3 required=0
2024-03-08T22:56:11.749 INFO:teuthology.orchestra.run.smithi046.stdout:/usr/bin/ceph: stderr
2024-03-08T22:56:10.724+0000 7f967b400700 1 --2- 172.21.15.46:0/2135623552 >> [v2:172.21.15.46:6800/4209254516,v1:172.21.15.46:6801/4209254516] conn(0x7f9660038f20 0x7f966003b3e0 secure :-1 s=READY pgs=9 cs=0 l=1 rev1=1 crypto rx=0x7f9668006fd0 tx=0x7f9668006e40 comp rx=0 tx=0).ready entity=mgr.14120 client_cookie=0 server_cookie=0 in_seq=0 out_seq=0
2024-03-08T22:56:11.750 INFO:teuthology.orchestra.run.smithi046.stdout:/usr/bin/ceph: stderr
2024-03-08T22:56:10.728+0000 7f9678c00700 1 -- 172.21.15.46:0/2135623552 <== mon.0 v2:172.21.15.46:3300/0 6 ==== mon_command_ack([{"prefix": "get_command_descriptions"}]=0 v0) v1 ==== 72+0+184905 (secure 0 0 0) 0x7f966c00ba00 con 0x7f967c07cf10
2024-03-08T22:56:11.750 INFO:teuthology.orchestra.run.smithi046.stdout:/usr/bin/ceph: stderr
2024-03-08T22:56:10.956+0000 7f9683000700 1 -- 172.21.15.46:0/2135623552 --> [v2:172.21.15.46:6800/4209254516,v1:172.21.15.46:6801/4209254516] -- mgr_command(tid 0: {"prefix": "cephadm generate-key", "target": ["mon-mgr", ""]}) v1 -- 0x7f967c104090 con 0x7f9660038f20
2024-03-08T22:56:11.750 INFO:teuthology.orchestra.run.smithi046.stdout:/usr/bin/ceph: stderr
2024-03-08T22:56:11.079+0000 7f9678c00700 1 -- 172.21.15.46:0/2135623552 <== mgr.14120 v2:172.21.15.46:6800/4209254516 1 ==== mgr_command_reply(tid 0: 0 ) v1 ==== 8+0+0 (secure 0 0 0) 0x7f967c104090 con 0x7f9660038f20
2024-03-08T22:56:11.750 INFO:teuthology.orchestra.run.smithi046.stdout:/usr/bin/ceph: stderr
2024-03-08T22:56:11.082+0000 7f9683000700 1 -- 172.21.15.46:0/2135623552 >> [v2:172.21.15.46:6800/4209254516,v1:172.21.15.46:6801/4209254516] conn(0x7f9660038f20 msgr2=0x7f966003b3e0 secure :-1 s=STATE_CONNECTION_ESTABLISHED l=1).mark_down
2024-03-08T22:56:11.750 INFO:teuthology.orchestra.run.smithi046.stdout:/usr/bin/ceph: stderr
2024-03-08T22:56:11.082+0000 7f9683000700 1 --2- 172.21.15.46:0/2135623552 >> [v2:172.21.15.46:6800/4209254516,v1:172.21.15.46:6801/4209254516] conn(0x7f9660038f20 0x7f966003b3e0 secure :-1 s=READY pgs=9 cs=0 l=1 rev1=1 crypto rx=0x7f9668006fd0 tx=0x7f9668006e40 comp rx=0 tx=0).stop
2024-03-08T22:56:11.750 INFO:teuthology.orchestra.run.smithi046.stdout:/usr/bin/ceph: stderr
2024-03-08T22:56:11.082+0000 7f9683000700 1 -- 172.21.15.46:0/2135623552 >> [v2:172.21.15.46:3300/0,v1:172.21.15.46:6789/0] conn(0x7f967c07cf10 msgr2=0x7f967c19da50 secure :-1 s=STATE_CONNECTION_ESTABLISHED l=1).mark_down
2024-03-08T22:56:11.750 INFO:teuthology.orchestra.run.smithi046.stdout:/usr/bin/ceph: stderr
2024-03-08T22:56:11.082+0000 7f9683000700 1 --2- 172.21.15.46:0/2135623552 >> [v2:172.21.15.46:3300/0,v1:172.21.15.46:6789/0] conn(0x7f967c07cf10 0x7f967c19da50 secure :-1 s=READY pgs=42 cs=0 l=1 rev1=1 crypto rx=0x7f966c011b60 tx=0x7f966c011c40 comp rx=0 tx=0).stop
2024-03-08T22:56:11.750 INFO:teuthology.orchestra.run.smithi046.stdout:/usr/bin/ceph: stderr
2024-03-08T22:56:11.082+0000 7f9683000700 1 -- 172.21.15.46:0/2135623552 shutdown_connections
2024-03-08T22:56:11.750 INFO:teuthology.orchestra.run.smithi046.stdout:/usr/bin/ceph: stderr
2024-03-08T22:56:11.082+0000 7f9683000700 1 --2- 172.21.15.46:0/2135623552 >> [v2:172.21.15.46:6800/4209254516,v1:172.21.15.46:6801/4209254516] conn(0x7f9660038f20 0x7f966003b3e0 unknown :-1 s=CLOSED pgs=9 cs=0 l=1 rev1=1 crypto rx=0 tx=0 comp rx=0 tx=0).stop
2024-03-08T22:56:11.750 INFO:teuthology.orchestra.run.smithi046.stdout:/usr/bin/ceph: stderr
2024-03-08T22:56:11.082+0000 7f9683000700 1 --2- 172.21.15.46:0/2135623552 >> [v2:172.21.15.46:3300/0,v1:172.21.15.46:6789/0] conn(0x7f967c07cf10 0x7f967c19da50 unknown :-1 s=CLOSED pgs=42 cs=0 l=1 rev1=1 crypto rx=0 tx=0 comp rx=0 tx=0).stop
2024-03-08T22:56:11.750 INFO:teuthology.orchestra.run.smithi046.stdout:/usr/bin/ceph: stderr
2024-03-08T22:56:11.082+0000 7f9683000700 1 -- 172.21.15.46:0/2135623552 >> 172.21.15.46:0/2135623552 conn(0x7f967c102d80 msgr2=0x7f967c103980 unknown :-1 s=STATE_NONE l=0).mark_down
2024-03-08T22:56:11.750 INFO:teuthology.orchestra.run.smithi046.stdout:/usr/bin/ceph: stderr
2024-03-08T22:56:11.082+0000 7f9683000700 1 -- 172.21.15.46:0/2135623552 shutdown_connections
2024-03-08T22:56:11.750 INFO:teuthology.orchestra.run.smithi046.stdout:/usr/bin/ceph: stderr
2024-03-08T22:56:11.082+0000 7f9683000700 1 -- 172.21.15.46:0/2135623552 wait complete.
2024-03-08T22:56:12.349 INFO:journalctl@ceph.mon.a.smithi046.stdout:Mar 08 22:56:12 smithi046 ceph-mon[31859]: from='client.14136 -' entity='client.admin' cmd=[{"prefix": "cephadm generate-key", "target": ["mon-mgr", ""]}]: dispatch
2024-03-08T22:56:12.349 INFO:journalctl@ceph.mon.a.smithi046.stdout:Mar 08 22:56:12 smithi046 ceph-mon[31859]: Generating ssh key...
2024-03-08T22:56:12.349 INFO:journalctl@ceph.mon.a.smithi046.stdout:Mar 08 22:56:12 smithi046 ceph-mon[31859]: from='mgr.14120 172.21.15.46:0/3337980244' entity='mgr.x'
2024-03-08T22:56:12.349 INFO:journalctl@ceph.mon.a.smithi046.stdout:Mar 08 22:56:12 smithi046 ceph-mon[31859]: from='mgr.14120 172.21.15.46:0/3337980244' entity='mgr.x'
2024-03-08T22:56:13.315 INFO:teuthology.orchestra.run.smithi046.stdout:/usr/bin/ceph: stdout ssh-rsa AAAAB3NzaC1yc2EAAAADAQABAAABgQDO8lrbjRalx40K+6AXA9IVNBJnlVRxUqrjXZDhbV3ni2OdzGgcBHYF5A/KVRZG83ZgRAx/Zw5bzDRkxnk4SAzJWrsmYTqDIDHeZVNx5m3lZem5mkLyxsTGstzqGKyiTEk17oZRBZ9iiK0fE4/TzH7WM/VXxcnougJqm+Rud0exI0leYIu7NkCRU+6bJ3866Yb8Bm8RYQ2w/0VrkOFNwM4zKpE4wkFaboup+AAMpB7Amqq8HHkDacSQuiv8CP3A3TpJmp5k/99218IgMmBvU3xarItfC5GUYvZm2sSACILsEbIOuSOtORBiMuuxe5+zH/4ClQDJG3QCHtr+PLQxuUX5Q67uObyTj1aBPKsJICaAkDvvLkYT28WyngWpXvC8AokSfAzoAbw5oscYhT3iMEufoKmjGZ9V28m4squptFJJMCeuF3ekbKaNRba0+9sH2O4MgkJWGpcTXeD9QtpMP92H/G6u22NW4cQW9bpt/mc5jp2j5Tm1n4csc663RnlFM20= ceph-ced7dd96-dd9e-11ee-95c6-87774f69a715
2024-03-08T22:56:13.317 INFO:teuthology.orchestra.run.smithi046.stdout:/usr/bin/ceph: stderr
2024-03-08T22:56:12.343+0000 7ff894c00700 1 Processor -- start
2024-03-08T22:56:13.317 INFO:teuthology.orchestra.run.smithi046.stdout:/usr/bin/ceph: stderr
2024-03-08T22:56:12.343+0000 7ff894c00700 1 -- start start
2024-03-08T22:56:13.317 INFO:teuthology.orchestra.run.smithi046.stdout:/usr/bin/ceph: stderr
2024-03-08T22:56:12.344+0000 7ff894c00700 1 --2- >> [v2:172.21.15.46:3300/0,v1:172.21.15.46:6789/0] conn(0x7ff890108e70 0x7ff890109290 unknown :-1 s=NONE pgs=0 cs=0 l=0 rev1=0 crypto rx=0 tx=0 comp rx=0 tx=0).connect
2024-03-08T22:56:13.317 INFO:teuthology.orchestra.run.smithi046.stdout:/usr/bin/ceph: stderr
2024-03-08T22:56:12.344+0000 7ff894c00700 1 -- --> [v2:172.21.15.46:3300/0,v1:172.21.15.46:6789/0] -- mon_getmap magic: 0 v1 -- 0x7ff890107400 con 0x7ff890108e70
2024-03-08T22:56:13.317 INFO:teuthology.orchestra.run.smithi046.stdout:/usr/bin/ceph: stderr
2024-03-08T22:56:12.344+0000 7ff88de00700 1 --2- >> [v2:172.21.15.46:3300/0,v1:172.21.15.46:6789/0] conn(0x7ff890108e70 0x7ff890109290 unknown :-1 s=BANNER_CONNECTING pgs=0 cs=0 l=0 rev1=0 crypto rx=0 tx=0 comp rx=0 tx=0)._handle_peer_banner_payload supported=3 required=0
2024-03-08T22:56:13.317 INFO:teuthology.orchestra.run.smithi046.stdout:/usr/bin/ceph: stderr
2024-03-08T22:56:12.344+0000 7ff88de00700 1 --2- >> [v2:172.21.15.46:3300/0,v1:172.21.15.46:6789/0] conn(0x7ff890108e70 0x7ff890109290 unknown :-1 s=HELLO_CONNECTING pgs=0 cs=0 l=0 rev1=1 crypto rx=0 tx=0 comp rx=0 tx=0).handle_hello peer v2:172.21.15.46:3300/0 says I am v2:172.21.15.46:52028/0 (socket says 172.21.15.46:52028)
2024-03-08T22:56:13.318 INFO:teuthology.orchestra.run.smithi046.stdout:/usr/bin/ceph: stderr
2024-03-08T22:56:12.345+0000 7ff88de00700 1 -- 172.21.15.46:0/3790110395 learned_addr learned my addr 172.21.15.46:0/3790110395 (peer_addr_for_me v2:172.21.15.46:0/0)
2024-03-08T22:56:13.318 INFO:teuthology.orchestra.run.smithi046.stdout:/usr/bin/ceph: stderr
2024-03-08T22:56:12.345+0000 7ff88de00700 1 -- 172.21.15.46:0/3790110395 --> [v2:172.21.15.46:3300/0,v1:172.21.15.46:6789/0] -- mon_subscribe({config=0+,monmap=0+}) v3 -- 0x7ff890107580 con 0x7ff890108e70
2024-03-08T22:56:13.319 INFO:teuthology.orchestra.run.smithi046.stdout:/usr/bin/ceph: stderr
2024-03-08T22:56:12.345+0000 7ff88de00700 1 --2- 172.21.15.46:0/3790110395 >> [v2:172.21.15.46:3300/0,v1:172.21.15.46:6789/0] conn(0x7ff890108e70 0x7ff890109290 secure :-1 s=READY pgs=43 cs=0 l=1 rev1=1 crypto rx=0x7ff8800098a0 tx=0x7ff880009bb0 comp rx=0 tx=0).ready entity=mon.0 client_cookie=8071c15ed6d7901c server_cookie=0 in_seq=0 out_seq=0
2024-03-08T22:56:13.319 INFO:teuthology.orchestra.run.smithi046.stdout:/usr/bin/ceph: stderr
2024-03-08T22:56:12.346+0000 7ff88ca00700 1 -- 172.21.15.46:0/3790110395 <== mon.0 v2:172.21.15.46:3300/0 1 ==== mon_map magic: 0 v1 ==== 205+0+0 (secure 0 0 0) 0x7ff880004160 con 0x7ff890108e70
2024-03-08T22:56:13.319 INFO:teuthology.orchestra.run.smithi046.stdout:/usr/bin/ceph: stderr
2024-03-08T22:56:12.346+0000 7ff88ca00700 1 -- 172.21.15.46:0/3790110395 <== mon.0 v2:172.21.15.46:3300/0 2 ==== config(27 keys) v1 ==== 1109+0+0 (secure 0 0 0) 0x7ff880004300 con 0x7ff890108e70
2024-03-08T22:56:13.319 INFO:teuthology.orchestra.run.smithi046.stdout:/usr/bin/ceph: stderr
2024-03-08T22:56:12.346+0000 7ff88ca00700 1 -- 172.21.15.46:0/3790110395 <== mon.0 v2:172.21.15.46:3300/0 3 ==== mon_map magic: 0 v1 ==== 205+0+0 (secure 0 0 0) 0x7ff880011b50 con 0x7ff890108e70
2024-03-08T22:56:13.319 INFO:teuthology.orchestra.run.smithi046.stdout:/usr/bin/ceph: stderr
2024-03-08T22:56:12.347+0000 7ff894c00700 1 -- 172.21.15.46:0/3790110395 >> [v2:172.21.15.46:3300/0,v1:172.21.15.46:6789/0] conn(0x7ff890108e70 msgr2=0x7ff890109290 secure :-1 s=STATE_CONNECTION_ESTABLISHED l=1).mark_down
2024-03-08T22:56:13.319 INFO:teuthology.orchestra.run.smithi046.stdout:/usr/bin/ceph: stderr
2024-03-08T22:56:12.347+0000 7ff894c00700 1 --2- 172.21.15.46:0/3790110395 >> [v2:172.21.15.46:3300/0,v1:172.21.15.46:6789/0] conn(0x7ff890108e70 0x7ff890109290 secure :-1 s=READY pgs=43 cs=0 l=1 rev1=1 crypto rx=0x7ff8800098a0 tx=0x7ff880009bb0 comp rx=0 tx=0).stop
2024-03-08T22:56:13.321 INFO:teuthology.orchestra.run.smithi046.stdout:/usr/bin/ceph: stderr
2024-03-08T22:56:12.347+0000 7ff894c00700 1 -- 172.21.15.46:0/3790110395 shutdown_connections
2024-03-08T22:56:13.321 INFO:teuthology.orchestra.run.smithi046.stdout:/usr/bin/ceph: stderr
2024-03-08T22:56:12.347+0000 7ff894c00700 1 --2- 172.21.15.46:0/3790110395 >> [v2:172.21.15.46:3300/0,v1:172.21.15.46:6789/0] conn(0x7ff890108e70 0x7ff890109290 unknown :-1 s=CLOSED pgs=43 cs=0 l=1 rev1=1 crypto rx=0 tx=0 comp rx=0 tx=0).stop
2024-03-08T22:56:13.321 INFO:teuthology.orchestra.run.smithi046.stdout:/usr/bin/ceph: stderr
2024-03-08T22:56:12.347+0000 7ff894c00700 1 -- 172.21.15.46:0/3790110395 >> 172.21.15.46:0/3790110395 conn(0x7ff890102d80 msgr2=0x7ff8901051c0 unknown :-1 s=STATE_NONE l=0).mark_down
2024-03-08T22:56:13.321 INFO:teuthology.orchestra.run.smithi046.stdout:/usr/bin/ceph: stderr
2024-03-08T22:56:12.347+0000 7ff894c00700 1 -- 172.21.15.46:0/3790110395 shutdown_connections
2024-03-08T22:56:13.321 INFO:teuthology.orchestra.run.smithi046.stdout:/usr/bin/ceph: stderr
2024-03-08T22:56:12.347+0000 7ff894c00700 1 -- 172.21.15.46:0/3790110395 wait complete.
2024-03-08T22:56:13.321 INFO:teuthology.orchestra.run.smithi046.stdout:/usr/bin/ceph: stderr
2024-03-08T22:56:12.348+0000 7ff894c00700 1 Processor -- start
2024-03-08T22:56:13.321 INFO:teuthology.orchestra.run.smithi046.stdout:/usr/bin/ceph: stderr
2024-03-08T22:56:12.348+0000 7ff894c00700 1 -- start start
2024-03-08T22:56:13.321 INFO:teuthology.orchestra.run.smithi046.stdout:/usr/bin/ceph: stderr
2024-03-08T22:56:12.348+0000 7ff894c00700 1 --2- >> [v2:172.21.15.46:3300/0,v1:172.21.15.46:6789/0] conn(0x7ff890108e70 0x7ff89019b880 unknown :-1 s=NONE pgs=0 cs=0 l=1 rev1=0 crypto rx=0 tx=0 comp rx=0 tx=0).connect
2024-03-08T22:56:13.321 INFO:teuthology.orchestra.run.smithi046.stdout:/usr/bin/ceph: stderr
2024-03-08T22:56:12.348+0000 7ff894c00700 1 -- --> [v2:172.21.15.46:3300/0,v1:172.21.15.46:6789/0] -- mon_getmap magic: 0 v1 -- 0x7ff89010bd40 con 0x7ff890108e70
2024-03-08T22:56:13.322 INFO:teuthology.orchestra.run.smithi046.stdout:/usr/bin/ceph: stderr
2024-03-08T22:56:12.349+0000 7ff88de00700 1 --2- >> [v2:172.21.15.46:3300/0,v1:172.21.15.46:6789/0] conn(0x7ff890108e70 0x7ff89019b880 unknown :-1 s=BANNER_CONNECTING pgs=0 cs=0 l=1 rev1=0 crypto rx=0 tx=0 comp rx=0 tx=0)._handle_peer_banner_payload supported=3 required=0
2024-03-08T22:56:13.322 INFO:teuthology.orchestra.run.smithi046.stdout:/usr/bin/ceph: stderr
2024-03-08T22:56:12.349+0000 7ff88de00700 1 --2- >> [v2:172.21.15.46:3300/0,v1:172.21.15.46:6789/0] conn(0x7ff890108e70 0x7ff89019b880 unknown :-1 s=HELLO_CONNECTING pgs=0 cs=0 l=1 rev1=1 crypto rx=0 tx=0 comp rx=0 tx=0).handle_hello peer v2:172.21.15.46:3300/0 says I am v2:172.21.15.46:52040/0 (socket says 172.21.15.46:52040)
2024-03-08T22:56:13.322 INFO:teuthology.orchestra.run.smithi046.stdout:/usr/bin/ceph: stderr
2024-03-08T22:56:12.349+0000 7ff88de00700 1 -- 172.21.15.46:0/1936823418 learned_addr learned my addr 172.21.15.46:0/1936823418 (peer_addr_for_me v2:172.21.15.46:0/0)
2024-03-08T22:56:13.322 INFO:teuthology.orchestra.run.smithi046.stdout:/usr/bin/ceph: stderr
2024-03-08T22:56:12.349+0000 7ff88de00700 1 -- 172.21.15.46:0/1936823418 --> [v2:172.21.15.46:3300/0,v1:172.21.15.46:6789/0] -- mon_subscribe({config=0+,monmap=0+}) v3 -- 0x7ff89019bdc0 con 0x7ff890108e70
2024-03-08T22:56:13.322 INFO:teuthology.orchestra.run.smithi046.stdout:/usr/bin/ceph: stderr
2024-03-08T22:56:12.349+0000 7ff88de00700 1 --2- 172.21.15.46:0/1936823418 >> [v2:172.21.15.46:3300/0,v1:172.21.15.46:6789/0] conn(0x7ff890108e70 0x7ff89019b880 secure :-1 s=READY pgs=44 cs=0 l=1 rev1=1 crypto rx=0x7ff880011850 tx=0x7ff880011c10 comp rx=0 tx=0).ready entity=mon.0 client_cookie=0 server_cookie=0 in_seq=0 out_seq=0
2024-03-08T22:56:13.322 INFO:teuthology.orchestra.run.smithi046.stdout:/usr/bin/ceph: stderr
2024-03-08T22:56:12.350+0000 7ff886a00700 1 -- 172.21.15.46:0/1936823418 <== mon.0 v2:172.21.15.46:3300/0 1 ==== mon_map magic: 0 v1 ==== 205+0+0 (secure 0 0 0) 0x7ff880003af0 con 0x7ff890108e70
2024-03-08T22:56:13.322 INFO:teuthology.orchestra.run.smithi046.stdout:/usr/bin/ceph: stderr
2024-03-08T22:56:12.350+0000 7ff886a00700 1 -- 172.21.15.46:0/1936823418 <== mon.0 v2:172.21.15.46:3300/0 2 ==== config(27 keys) v1 ==== 1109+0+0 (secure 0 0 0) 0x7ff880020070 con 0x7ff890108e70
2024-03-08T22:56:13.325 INFO:teuthology.orchestra.run.smithi046.stdout:/usr/bin/ceph: stderr
2024-03-08T22:56:12.350+0000 7ff886a00700 1 -- 172.21.15.46:0/1936823418 <== mon.0 v2:172.21.15.46:3300/0 3 ==== mon_map magic: 0 v1 ==== 205+0+0 (secure 0 0 0) 0x7ff8800195a0 con 0x7ff890108e70
2024-03-08T22:56:13.325 INFO:teuthology.orchestra.run.smithi046.stdout:/usr/bin/ceph: stderr
2024-03-08T22:56:12.350+0000 7ff894c00700 1 -- 172.21.15.46:0/1936823418 --> [v2:172.21.15.46:3300/0,v1:172.21.15.46:6789/0] -- mon_subscribe({mgrmap=0+}) v3 -- 0x7ff89019c050 con 0x7ff890108e70
2024-03-08T22:56:13.325 INFO:teuthology.orchestra.run.smithi046.stdout:/usr/bin/ceph: stderr
2024-03-08T22:56:12.350+0000 7ff894c00700 1 -- 172.21.15.46:0/1936823418 --> [v2:172.21.15.46:3300/0,v1:172.21.15.46:6789/0] -- mon_subscribe({osdmap=0}) v3 -- 0x7ff89019ed40 con 0x7ff890108e70
2024-03-08T22:56:13.325 INFO:teuthology.orchestra.run.smithi046.stdout:/usr/bin/ceph: stderr
2024-03-08T22:56:12.351+0000 7ff894c00700 1 -- 172.21.15.46:0/1936823418 --> [v2:172.21.15.46:3300/0,v1:172.21.15.46:6789/0] -- mon_command({"prefix": "get_command_descriptions"} v 0) v1 -- 0x7ff89010bec0 con 0x7ff890108e70
2024-03-08T22:56:13.325 INFO:teuthology.orchestra.run.smithi046.stdout:/usr/bin/ceph: stderr
2024-03-08T22:56:12.351+0000 7ff886a00700 1 -- 172.21.15.46:0/1936823418 <== mon.0 v2:172.21.15.46:3300/0 4 ==== mgrmap(e 8) v1 ==== 46106+0+0 (secure 0 0 0) 0x7ff88001a430 con 0x7ff890108e70
2024-03-08T22:56:13.325 INFO:teuthology.orchestra.run.smithi046.stdout:/usr/bin/ceph: stderr
2024-03-08T22:56:12.352+0000 7ff886a00700 1 --2- 172.21.15.46:0/1936823418 >> [v2:172.21.15.46:6800/4209254516,v1:172.21.15.46:6801/4209254516] conn(0x7ff874038f20 0x7ff87403b3e0 unknown :-1 s=NONE pgs=0 cs=0 l=1 rev1=0 crypto rx=0 tx=0 comp rx=0 tx=0).connect
2024-03-08T22:56:13.325 INFO:teuthology.orchestra.run.smithi046.stdout:/usr/bin/ceph: stderr
2024-03-08T22:56:12.352+0000 7ff886a00700 1 -- 172.21.15.46:0/1936823418 <== mon.0 v2:172.21.15.46:3300/0 5 ==== osd_map(2..2 src has 1..2) v4 ==== 940+0+0 (secure 0 0 0) 0x7ff880011e00 con 0x7ff890108e70
2024-03-08T22:56:13.325 INFO:teuthology.orchestra.run.smithi046.stdout:/usr/bin/ceph: stderr
2024-03-08T22:56:12.352+0000 7ff88d400700 1 --2- 172.21.15.46:0/1936823418 >> [v2:172.21.15.46:6800/4209254516,v1:172.21.15.46:6801/4209254516] conn(0x7ff874038f20 0x7ff87403b3e0 unknown :-1 s=BANNER_CONNECTING pgs=0 cs=0 l=1 rev1=0 crypto rx=0 tx=0 comp rx=0 tx=0)._handle_peer_banner_payload supported=3 required=0
2024-03-08T22:56:13.325 INFO:teuthology.orchestra.run.smithi046.stdout:/usr/bin/ceph: stderr
2024-03-08T22:56:12.353+0000 7ff88d400700 1 --2- 172.21.15.46:0/1936823418 >> [v2:172.21.15.46:6800/4209254516,v1:172.21.15.46:6801/4209254516] conn(0x7ff874038f20 0x7ff87403b3e0 secure :-1 s=READY pgs=10 cs=0 l=1 rev1=1 crypto rx=0x7ff87c006fd0 tx=0x7ff87c006e40 comp rx=0 tx=0).ready entity=mgr.14120 client_cookie=0 server_cookie=0 in_seq=0 out_seq=0
2024-03-08T22:56:13.325 INFO:teuthology.orchestra.run.smithi046.stdout:/usr/bin/ceph: stderr
2024-03-08T22:56:12.357+0000 7ff886a00700 1 -- 172.21.15.46:0/1936823418 <== mon.0 v2:172.21.15.46:3300/0 6 ==== mon_command_ack([{"prefix": "get_command_descriptions"}]=0 v0) v1 ==== 72+0+184905 (secure 0 0 0) 0x7ff880021270 con 0x7ff890108e70
2024-03-08T22:56:13.325 INFO:teuthology.orchestra.run.smithi046.stdout:/usr/bin/ceph: stderr
2024-03-08T22:56:12.574+0000 7ff894c00700 1 -- 172.21.15.46:0/1936823418 --> [v2:172.21.15.46:6800/4209254516,v1:172.21.15.46:6801/4209254516] -- mgr_command(tid 0: {"prefix": "cephadm get-pub-key", "target": ["mon-mgr", ""]}) v1 -- 0x7ff8901040c0 con 0x7ff874038f20
2024-03-08T22:56:13.325 INFO:teuthology.orchestra.run.smithi046.stdout:/usr/bin/ceph: stderr
2024-03-08T22:56:12.576+0000 7ff886a00700 1 -- 172.21.15.46:0/1936823418 <== mgr.14120 v2:172.21.15.46:6800/4209254516 1 ==== mgr_command_reply(tid 0: 0 ) v1 ==== 8+0+595 (secure 0 0 0) 0x7ff8901040c0 con 0x7ff874038f20
2024-03-08T22:56:13.326 INFO:teuthology.orchestra.run.smithi046.stdout:/usr/bin/ceph: stderr
2024-03-08T22:56:12.578+0000 7ff894c00700 1 -- 172.21.15.46:0/1936823418 >> [v2:172.21.15.46:6800/4209254516,v1:172.21.15.46:6801/4209254516] conn(0x7ff874038f20 msgr2=0x7ff87403b3e0 secure :-1 s=STATE_CONNECTION_ESTABLISHED l=1).mark_down
2024-03-08T22:56:13.326 INFO:teuthology.orchestra.run.smithi046.stdout:/usr/bin/ceph: stderr
2024-03-08T22:56:12.578+0000 7ff894c00700 1 --2- 172.21.15.46:0/1936823418 >> [v2:172.21.15.46:6800/4209254516,v1:172.21.15.46:6801/4209254516] conn(0x7ff874038f20 0x7ff87403b3e0 secure :-1 s=READY pgs=10 cs=0 l=1 rev1=1 crypto rx=0x7ff87c006fd0 tx=0x7ff87c006e40 comp rx=0 tx=0).stop
2024-03-08T22:56:13.326 INFO:teuthology.orchestra.run.smithi046.stdout:/usr/bin/ceph: stderr
2024-03-08T22:56:12.578+0000 7ff894c00700 1 -- 172.21.15.46:0/1936823418 >> [v2:172.21.15.46:3300/0,v1:172.21.15.46:6789/0] conn(0x7ff890108e70 msgr2=0x7ff89019b880 secure :-1 s=STATE_CONNECTION_ESTABLISHED l=1).mark_down
2024-03-08T22:56:13.326 INFO:teuthology.orchestra.run.smithi046.stdout:/usr/bin/ceph: stderr
2024-03-08T22:56:12.578+0000 7ff894c00700 1 --2- 172.21.15.46:0/1936823418 >> [v2:172.21.15.46:3300/0,v1:172.21.15.46:6789/0] conn(0x7ff890108e70 0x7ff89019b880 secure :-1 s=READY pgs=44 cs=0 l=1 rev1=1 crypto rx=0x7ff880011850 tx=0x7ff880011c10 comp rx=0 tx=0).stop
2024-03-08T22:56:13.326 INFO:teuthology.orchestra.run.smithi046.stdout:/usr/bin/ceph: stderr
2024-03-08T22:56:12.579+0000 7ff894c00700 1 -- 172.21.15.46:0/1936823418 shutdown_connections
2024-03-08T22:56:13.326 INFO:teuthology.orchestra.run.smithi046.stdout:/usr/bin/ceph: stderr
2024-03-08T22:56:12.579+0000 7ff894c00700 1 --2- 172.21.15.46:0/1936823418 >> [v2:172.21.15.46:6800/4209254516,v1:172.21.15.46:6801/4209254516] conn(0x7ff874038f20 0x7ff87403b3e0 unknown :-1 s=CLOSED pgs=10 cs=0 l=1 rev1=1 crypto rx=0 tx=0 comp rx=0 tx=0).stop
2024-03-08T22:56:13.326 INFO:teuthology.orchestra.run.smithi046.stdout:/usr/bin/ceph: stderr
2024-03-08T22:56:12.579+0000 7ff894c00700 1 --2- 172.21.15.46:0/1936823418 >> [v2:172.21.15.46:3300/0,v1:172.21.15.46:6789/0] conn(0x7ff890108e70 0x7ff89019b880 unknown :-1 s=CLOSED pgs=44 cs=0 l=1 rev1=1 crypto rx=0 tx=0 comp rx=0 tx=0).stop
2024-03-08T22:56:13.326 INFO:teuthology.orchestra.run.smithi046.stdout:/usr/bin/ceph: stderr
2024-03-08T22:56:12.579+0000 7ff894c00700 1 -- 172.21.15.46:0/1936823418 >> 172.21.15.46:0/1936823418 conn(0x7ff890102d80 msgr2=0x7ff8901039b0 unknown :-1 s=STATE_NONE l=0).mark_down
2024-03-08T22:56:13.326 INFO:teuthology.orchestra.run.smithi046.stdout:/usr/bin/ceph: stderr
2024-03-08T22:56:12.579+0000 7ff894c00700 1 -- 172.21.15.46:0/1936823418 shutdown_connections
2024-03-08T22:56:13.326 INFO:teuthology.orchestra.run.smithi046.stdout:/usr/bin/ceph: stderr
2024-03-08T22:56:12.579+0000 7ff894c00700 1 -- 172.21.15.46:0/1936823418 wait complete.
2024-03-08T22:56:13.327 INFO:teuthology.orchestra.run.smithi046.stdout:Wrote public SSH key to /home/ubuntu/cephtest/ceph.pub
2024-03-08T22:56:13.327 INFO:teuthology.orchestra.run.smithi046.stdout:Adding key to root@localhost authorized_keys...
2024-03-08T22:56:13.328 INFO:teuthology.orchestra.run.smithi046.stdout:Adding host smithi046...
2024-03-08T22:56:13.857 INFO:journalctl@ceph.mon.a.smithi046.stdout:Mar 08 22:56:13 smithi046 ceph-mon[31859]: from='client.14138 -' entity='client.admin' cmd=[{"prefix": "cephadm get-pub-key", "target": ["mon-mgr", ""]}]: dispatch
2024-03-08T22:56:14.681 INFO:journalctl@ceph.mon.a.smithi046.stdout:Mar 08 22:56:14 smithi046 ceph-mon[31859]: from='client.14140 -' entity='client.admin' cmd=[{"prefix": "orch host add", "hostname": "smithi046", "addr": "172.21.15.46", "target": ["mon-mgr", ""]}]: dispatch
2024-03-08T22:56:16.713 INFO:journalctl@ceph.mon.a.smithi046.stdout:Mar 08 22:56:16 smithi046 ceph-mon[31859]: Deploying cephadm binary to smithi046
2024-03-08T22:56:21.450 INFO:teuthology.orchestra.run.smithi046.stdout:/usr/bin/ceph: stdout Added host 'smithi046' with addr '172.21.15.46'
2024-03-08T22:56:21.451 INFO:teuthology.orchestra.run.smithi046.stdout:/usr/bin/ceph: stderr
2024-03-08T22:56:13.931+0000 7efecb800700 1 Processor -- start
2024-03-08T22:56:21.451 INFO:teuthology.orchestra.run.smithi046.stdout:/usr/bin/ceph: stderr
2024-03-08T22:56:13.932+0000 7efecb800700 1 -- start start
2024-03-08T22:56:21.451 INFO:teuthology.orchestra.run.smithi046.stdout:/usr/bin/ceph: stderr
2024-03-08T22:56:13.932+0000 7efecb800700 1 --2- >> [v2:172.21.15.46:3300/0,v1:172.21.15.46:6789/0] conn(0x7efec4108e70 0x7efec4109290 unknown :-1 s=NONE pgs=0 cs=0 l=0 rev1=0 crypto rx=0 tx=0 comp rx=0 tx=0).connect
2024-03-08T22:56:21.451 INFO:teuthology.orchestra.run.smithi046.stdout:/usr/bin/ceph: stderr
2024-03-08T22:56:13.932+0000 7efecb800700 1 -- --> [v2:172.21.15.46:3300/0,v1:172.21.15.46:6789/0] -- mon_getmap magic: 0 v1 -- 0x7efec4107400 con 0x7efec4108e70
2024-03-08T22:56:21.451 INFO:teuthology.orchestra.run.smithi046.stdout:/usr/bin/ceph: stderr
2024-03-08T22:56:13.932+0000 7efec8e00700 1 --2- >> [v2:172.21.15.46:3300/0,v1:172.21.15.46:6789/0] conn(0x7efec4108e70 0x7efec4109290 unknown :-1 s=BANNER_CONNECTING pgs=0 cs=0 l=0 rev1=0 crypto rx=0 tx=0 comp rx=0 tx=0)._handle_peer_banner_payload supported=3 required=0
2024-03-08T22:56:21.451 INFO:teuthology.orchestra.run.smithi046.stdout:/usr/bin/ceph: stderr
2024-03-08T22:56:13.932+0000 7efec8e00700 1 --2- >> [v2:172.21.15.46:3300/0,v1:172.21.15.46:6789/0] conn(0x7efec4108e70 0x7efec4109290 unknown :-1 s=HELLO_CONNECTING pgs=0 cs=0 l=0 rev1=1 crypto rx=0 tx=0 comp rx=0 tx=0).handle_hello peer v2:172.21.15.46:3300/0 says I am v2:172.21.15.46:51288/0 (socket says 172.21.15.46:51288)
2024-03-08T22:56:21.451 INFO:teuthology.orchestra.run.smithi046.stdout:/usr/bin/ceph: stderr
2024-03-08T22:56:13.932+0000 7efec8e00700 1 -- 172.21.15.46:0/1317056056 learned_addr learned my addr 172.21.15.46:0/1317056056 (peer_addr_for_me v2:172.21.15.46:0/0)
2024-03-08T22:56:21.451 INFO:teuthology.orchestra.run.smithi046.stdout:/usr/bin/ceph: stderr
2024-03-08T22:56:13.933+0000 7efec8e00700 1 -- 172.21.15.46:0/1317056056 --> [v2:172.21.15.46:3300/0,v1:172.21.15.46:6789/0] -- mon_subscribe({config=0+,monmap=0+}) v3 -- 0x7efec4107580 con 0x7efec4108e70
2024-03-08T22:56:21.451 INFO:teuthology.orchestra.run.smithi046.stdout:/usr/bin/ceph: stderr
2024-03-08T22:56:13.933+0000 7efec8e00700 1 --2- 172.21.15.46:0/1317056056 >> [v2:172.21.15.46:3300/0,v1:172.21.15.46:6789/0] conn(0x7efec4108e70 0x7efec4109290 secure :-1 s=READY pgs=45 cs=0 l=1 rev1=1 crypto rx=0x7efeb40098a0 tx=0x7efeb4009bb0 comp rx=0 tx=0).ready entity=mon.0 client_cookie=9fae92c2fd92a4b4 server_cookie=0 in_seq=0 out_seq=0
2024-03-08T22:56:21.451 INFO:teuthology.orchestra.run.smithi046.stdout:/usr/bin/ceph: stderr
2024-03-08T22:56:13.934+0000 7efec3e00700 1 -- 172.21.15.46:0/1317056056 <== mon.0 v2:172.21.15.46:3300/0 1 ==== mon_map magic: 0 v1 ==== 205+0+0 (secure 0 0 0) 0x7efeb4004160 con 0x7efec4108e70
2024-03-08T22:56:21.451 INFO:teuthology.orchestra.run.smithi046.stdout:/usr/bin/ceph: stderr
2024-03-08T22:56:13.934+0000 7efec3e00700 1 -- 172.21.15.46:0/1317056056 <== mon.0 v2:172.21.15.46:3300/0 2 ==== config(27 keys) v1 ==== 1109+0+0 (secure 0 0 0) 0x7efeb4004300 con 0x7efec4108e70
2024-03-08T22:56:21.451 INFO:teuthology.orchestra.run.smithi046.stdout:/usr/bin/ceph: stderr
2024-03-08T22:56:13.934+0000 7efec3e00700 1 -- 172.21.15.46:0/1317056056 <== mon.0 v2:172.21.15.46:3300/0 3 ==== mon_map magic: 0 v1 ==== 205+0+0 (secure 0 0 0) 0x7efeb4011b50 con 0x7efec4108e70
2024-03-08T22:56:21.452 INFO:teuthology.orchestra.run.smithi046.stdout:/usr/bin/ceph: stderr
2024-03-08T22:56:13.934+0000 7efecb800700 1 -- 172.21.15.46:0/1317056056 >> [v2:172.21.15.46:3300/0,v1:172.21.15.46:6789/0] conn(0x7efec4108e70 msgr2=0x7efec4109290 secure :-1 s=STATE_CONNECTION_ESTABLISHED l=1).mark_down
2024-03-08T22:56:21.452 INFO:teuthology.orchestra.run.smithi046.stdout:/usr/bin/ceph: stderr
2024-03-08T22:56:13.934+0000 7efecb800700 1 --2- 172.21.15.46:0/1317056056 >> [v2:172.21.15.46:3300/0,v1:172.21.15.46:6789/0] conn(0x7efec4108e70 0x7efec4109290 secure :-1 s=READY pgs=45 cs=0 l=1 rev1=1 crypto rx=0x7efeb40098a0 tx=0x7efeb4009bb0 comp rx=0 tx=0).stop
2024-03-08T22:56:21.452 INFO:teuthology.orchestra.run.smithi046.stdout:/usr/bin/ceph: stderr
2024-03-08T22:56:13.934+0000 7efecb800700 1 -- 172.21.15.46:0/1317056056 shutdown_connections
2024-03-08T22:56:21.452 INFO:teuthology.orchestra.run.smithi046.stdout:/usr/bin/ceph: stderr
2024-03-08T22:56:13.934+0000 7efecb800700 1 --2- 172.21.15.46:0/1317056056 >> [v2:172.21.15.46:3300/0,v1:172.21.15.46:6789/0] conn(0x7efec4108e70 0x7efec4109290 unknown :-1 s=CLOSED pgs=45 cs=0 l=1 rev1=1 crypto rx=0 tx=0 comp rx=0 tx=0).stop
2024-03-08T22:56:21.452 INFO:teuthology.orchestra.run.smithi046.stdout:/usr/bin/ceph: stderr
2024-03-08T22:56:13.934+0000 7efecb800700 1 -- 172.21.15.46:0/1317056056 >> 172.21.15.46:0/1317056056 conn(0x7efec4102d80 msgr2=0x7efec41051c0 unknown :-1 s=STATE_NONE l=0).mark_down
2024-03-08T22:56:21.452 INFO:teuthology.orchestra.run.smithi046.stdout:/usr/bin/ceph: stderr
2024-03-08T22:56:13.935+0000 7efecb800700 1 -- 172.21.15.46:0/1317056056 shutdown_connections
2024-03-08T22:56:21.452 INFO:teuthology.orchestra.run.smithi046.stdout:/usr/bin/ceph: stderr
2024-03-08T22:56:13.935+0000 7efecb800700 1 -- 172.21.15.46:0/1317056056 wait complete.
2024-03-08T22:56:21.452 INFO:teuthology.orchestra.run.smithi046.stdout:/usr/bin/ceph: stderr
2024-03-08T22:56:13.936+0000 7efecb800700 1 Processor -- start
2024-03-08T22:56:21.452 INFO:teuthology.orchestra.run.smithi046.stdout:/usr/bin/ceph: stderr
2024-03-08T22:56:13.936+0000 7efecb800700 1 -- start start
2024-03-08T22:56:21.452 INFO:teuthology.orchestra.run.smithi046.stdout:/usr/bin/ceph: stderr
2024-03-08T22:56:13.936+0000 7efecb800700 1 --2- >> [v2:172.21.15.46:3300/0,v1:172.21.15.46:6789/0] conn(0x7efec4108e70 0x7efec419da90 unknown :-1 s=NONE pgs=0 cs=0 l=1 rev1=0 crypto rx=0 tx=0 comp rx=0 tx=0).connect
2024-03-08T22:56:21.452 INFO:teuthology.orchestra.run.smithi046.stdout:/usr/bin/ceph: stderr
2024-03-08T22:56:13.936+0000 7efecb800700 1 -- --> [v2:172.21.15.46:3300/0,v1:172.21.15.46:6789/0] -- mon_getmap magic: 0 v1 -- 0x7efec407b260 con 0x7efec4108e70
2024-03-08T22:56:21.453 INFO:teuthology.orchestra.run.smithi046.stdout:/usr/bin/ceph: stderr
2024-03-08T22:56:13.936+0000 7efec8e00700 1 --2- >> [v2:172.21.15.46:3300/0,v1:172.21.15.46:6789/0] conn(0x7efec4108e70 0x7efec419da90 unknown :-1 s=BANNER_CONNECTING pgs=0 cs=0 l=1 rev1=0 crypto rx=0 tx=0 comp rx=0 tx=0)._handle_peer_banner_payload supported=3 required=0
2024-03-08T22:56:21.453 INFO:teuthology.orchestra.run.smithi046.stdout:/usr/bin/ceph: stderr
2024-03-08T22:56:13.937+0000 7efec8e00700 1 --2- >> [v2:172.21.15.46:3300/0,v1:172.21.15.46:6789/0] conn(0x7efec4108e70 0x7efec419da90 unknown :-1 s=HELLO_CONNECTING pgs=0 cs=0 l=1 rev1=1 crypto rx=0 tx=0 comp rx=0 tx=0).handle_hello peer v2:172.21.15.46:3300/0 says I am v2:172.21.15.46:51292/0 (socket says 172.21.15.46:51292)
2024-03-08T22:56:21.453 INFO:teuthology.orchestra.run.smithi046.stdout:/usr/bin/ceph: stderr
2024-03-08T22:56:13.937+0000 7efec8e00700 1 -- 172.21.15.46:0/1642337757 learned_addr learned my addr 172.21.15.46:0/1642337757 (peer_addr_for_me v2:172.21.15.46:0/0)
2024-03-08T22:56:21.453 INFO:teuthology.orchestra.run.smithi046.stdout:/usr/bin/ceph: stderr
2024-03-08T22:56:13.937+0000 7efec8e00700 1 -- 172.21.15.46:0/1642337757 --> [v2:172.21.15.46:3300/0,v1:172.21.15.46:6789/0] -- mon_subscribe({config=0+,monmap=0+}) v3 -- 0x7efec419dfd0 con 0x7efec4108e70
2024-03-08T22:56:21.453 INFO:teuthology.orchestra.run.smithi046.stdout:/usr/bin/ceph: stderr
2024-03-08T22:56:13.937+0000 7efec8e00700 1 --2- 172.21.15.46:0/1642337757 >> [v2:172.21.15.46:3300/0,v1:172.21.15.46:6789/0] conn(0x7efec4108e70 0x7efec419da90 secure :-1 s=READY pgs=46 cs=0 l=1 rev1=1 crypto rx=0x7efeb4011850 tx=0x7efeb4011c10 comp rx=0 tx=0).ready entity=mon.0 client_cookie=0 server_cookie=0 in_seq=0 out_seq=0
2024-03-08T22:56:21.453 INFO:teuthology.orchestra.run.smithi046.stdout:/usr/bin/ceph: stderr
2024-03-08T22:56:13.938+0000 7efec2000700 1 -- 172.21.15.46:0/1642337757 <== mon.0 v2:172.21.15.46:3300/0 1 ==== mon_map magic: 0 v1 ==== 205+0+0 (secure 0 0 0) 0x7efeb4003af0 con 0x7efec4108e70
2024-03-08T22:56:21.453 INFO:teuthology.orchestra.run.smithi046.stdout:/usr/bin/ceph: stderr
2024-03-08T22:56:13.938+0000 7efec2000700 1 -- 172.21.15.46:0/1642337757 <== mon.0 v2:172.21.15.46:3300/0 2 ==== config(27 keys) v1 ==== 1109+0+0 (secure 0 0 0) 0x7efeb4020070 con 0x7efec4108e70
2024-03-08T22:56:21.453 INFO:teuthology.orchestra.run.smithi046.stdout:/usr/bin/ceph: stderr
2024-03-08T22:56:13.938+0000 7efec2000700 1 -- 172.21.15.46:0/1642337757 <== mon.0 v2:172.21.15.46:3300/0 3 ==== mon_map magic: 0 v1 ==== 205+0+0 (secure 0 0 0) 0x7efeb40195a0 con 0x7efec4108e70
2024-03-08T22:56:21.453 INFO:teuthology.orchestra.run.smithi046.stdout:/usr/bin/ceph: stderr
2024-03-08T22:56:13.938+0000 7efecb800700 1 -- 172.21.15.46:0/1642337757 --> [v2:172.21.15.46:3300/0,v1:172.21.15.46:6789/0] -- mon_subscribe({mgrmap=0+}) v3 -- 0x7efec419e260 con 0x7efec4108e70
2024-03-08T22:56:21.453 INFO:teuthology.orchestra.run.smithi046.stdout:/usr/bin/ceph: stderr
2024-03-08T22:56:13.938+0000 7efecb800700 1 -- 172.21.15.46:0/1642337757 --> [v2:172.21.15.46:3300/0,v1:172.21.15.46:6789/0] -- mon_subscribe({osdmap=0}) v3 -- 0x7efec41a0f50 con 0x7efec4108e70
2024-03-08T22:56:21.453 INFO:teuthology.orchestra.run.smithi046.stdout:/usr/bin/ceph: stderr
2024-03-08T22:56:13.939+0000 7efec2000700 1 -- 172.21.15.46:0/1642337757 <== mon.0 v2:172.21.15.46:3300/0 4 ==== mgrmap(e 8) v1 ==== 46106+0+0 (secure 0 0 0) 0x7efeb40198a0 con 0x7efec4108e70
2024-03-08T22:56:21.453 INFO:teuthology.orchestra.run.smithi046.stdout:/usr/bin/ceph: stderr
2024-03-08T22:56:13.939+0000 7efecb800700 1 -- 172.21.15.46:0/1642337757 --> [v2:172.21.15.46:3300/0,v1:172.21.15.46:6789/0] -- mon_command({"prefix": "get_command_descriptions"} v 0) v1 -- 0x7efec4063410 con 0x7efec4108e70
2024-03-08T22:56:21.453 INFO:teuthology.orchestra.run.smithi046.stdout:/usr/bin/ceph: stderr
2024-03-08T22:56:13.939+0000 7efec2000700 1 --2- 172.21.15.46:0/1642337757 >> [v2:172.21.15.46:6800/4209254516,v1:172.21.15.46:6801/4209254516] conn(0x7efea8038f20 0x7efea803b3e0 unknown :-1 s=NONE pgs=0 cs=0 l=1 rev1=0 crypto rx=0 tx=0 comp rx=0 tx=0).connect
2024-03-08T22:56:21.454 INFO:teuthology.orchestra.run.smithi046.stdout:/usr/bin/ceph: stderr
2024-03-08T22:56:13.939+0000 7efec2000700 1 -- 172.21.15.46:0/1642337757 <== mon.0 v2:172.21.15.46:3300/0 5 ==== osd_map(2..2 src has 1..2) v4 ==== 940+0+0 (secure 0 0 0) 0x7efeb4011e00 con 0x7efec4108e70
2024-03-08T22:56:21.454 INFO:teuthology.orchestra.run.smithi046.stdout:/usr/bin/ceph: stderr
2024-03-08T22:56:13.940+0000 7efebbe00700 1 --2- 172.21.15.46:0/1642337757 >> [v2:172.21.15.46:6800/4209254516,v1:172.21.15.46:6801/4209254516] conn(0x7efea8038f20 0x7efea803b3e0 unknown :-1 s=BANNER_CONNECTING pgs=0 cs=0 l=1 rev1=0 crypto rx=0 tx=0 comp rx=0 tx=0)._handle_peer_banner_payload supported=3 required=0
2024-03-08T22:56:21.454 INFO:teuthology.orchestra.run.smithi046.stdout:/usr/bin/ceph: stderr
2024-03-08T22:56:13.940+0000 7efebbe00700 1 --2- 172.21.15.46:0/1642337757 >> [v2:172.21.15.46:6800/4209254516,v1:172.21.15.46:6801/4209254516] conn(0x7efea8038f20 0x7efea803b3e0 secure :-1 s=READY pgs=11 cs=0 l=1 rev1=1 crypto rx=0x7efeac006fd0 tx=0x7efeac006e40 comp rx=0 tx=0).ready entity=mgr.14120 client_cookie=0 server_cookie=0 in_seq=0 out_seq=0
2024-03-08T22:56:21.454 INFO:teuthology.orchestra.run.smithi046.stdout:/usr/bin/ceph: stderr
2024-03-08T22:56:13.945+0000 7efec2000700 1 -- 172.21.15.46:0/1642337757 <== mon.0 v2:172.21.15.46:3300/0 6 ==== mon_command_ack([{"prefix": "get_command_descriptions"}]=0 v0) v1 ==== 72+0+184905 (secure 0 0 0) 0x7efeb4019b90 con 0x7efec4108e70
2024-03-08T22:56:21.454 INFO:teuthology.orchestra.run.smithi046.stdout:/usr/bin/ceph: stderr
2024-03-08T22:56:14.174+0000 7efecb800700 1 -- 172.21.15.46:0/1642337757 --> [v2:172.21.15.46:6800/4209254516,v1:172.21.15.46:6801/4209254516] -- mgr_command(tid 0: {"prefix": "orch host add", "hostname": "smithi046", "addr": "172.21.15.46", "target": ["mon-mgr", ""]}) v1 -- 0x7efec402da60 con 0x7efea8038f20
2024-03-08T22:56:21.454 INFO:teuthology.orchestra.run.smithi046.stdout:/usr/bin/ceph: stderr
2024-03-08T22:56:20.764+0000 7efec2000700 1 -- 172.21.15.46:0/1642337757 <== mgr.14120 v2:172.21.15.46:6800/4209254516 1 ==== mgr_command_reply(tid 0: 0 ) v1 ==== 8+0+48 (secure 0 0 0) 0x7efec402da60 con 0x7efea8038f20
2024-03-08T22:56:21.454 INFO:teuthology.orchestra.run.smithi046.stdout:/usr/bin/ceph: stderr
2024-03-08T22:56:20.768+0000 7efecb800700 1 -- 172.21.15.46:0/1642337757 >> [v2:172.21.15.46:6800/4209254516,v1:172.21.15.46:6801/4209254516] conn(0x7efea8038f20 msgr2=0x7efea803b3e0 secure :-1 s=STATE_CONNECTION_ESTABLISHED l=1).mark_down
2024-03-08T22:56:21.454 INFO:teuthology.orchestra.run.smithi046.stdout:/usr/bin/ceph: stderr
2024-03-08T22:56:20.768+0000 7efecb800700 1 --2- 172.21.15.46:0/1642337757 >> [v2:172.21.15.46:6800/4209254516,v1:172.21.15.46:6801/4209254516] conn(0x7efea8038f20 0x7efea803b3e0 secure :-1 s=READY pgs=11 cs=0 l=1 rev1=1 crypto rx=0x7efeac006fd0 tx=0x7efeac006e40 comp rx=0 tx=0).stop
2024-03-08T22:56:21.454 INFO:teuthology.orchestra.run.smithi046.stdout:/usr/bin/ceph: stderr
2024-03-08T22:56:20.768+0000 7efecb800700 1 -- 172.21.15.46:0/1642337757 >> [v2:172.21.15.46:3300/0,v1:172.21.15.46:6789/0] conn(0x7efec4108e70 msgr2=0x7efec419da90 secure :-1 s=STATE_CONNECTION_ESTABLISHED l=1).mark_down
2024-03-08T22:56:21.454 INFO:teuthology.orchestra.run.smithi046.stdout:/usr/bin/ceph: stderr
2024-03-08T22:56:20.768+0000 7efecb800700 1 --2- 172.21.15.46:0/1642337757 >> [v2:172.21.15.46:3300/0,v1:172.21.15.46:6789/0] conn(0x7efec4108e70 0x7efec419da90 secure :-1 s=READY pgs=46 cs=0 l=1 rev1=1 crypto rx=0x7efeb4011850 tx=0x7efeb4011c10 comp rx=0 tx=0).stop
2024-03-08T22:56:21.455 INFO:teuthology.orchestra.run.smithi046.stdout:/usr/bin/ceph: stderr
2024-03-08T22:56:20.768+0000 7efecb800700 1 -- 172.21.15.46:0/1642337757 shutdown_connections
2024-03-08T22:56:21.455 INFO:teuthology.orchestra.run.smithi046.stdout:/usr/bin/ceph: stderr
2024-03-08T22:56:20.768+0000 7efecb800700 1 --2- 172.21.15.46:0/1642337757 >> [v2:172.21.15.46:6800/4209254516,v1:172.21.15.46:6801/4209254516] conn(0x7efea8038f20 0x7efea803b3e0 unknown :-1 s=CLOSED pgs=11 cs=0 l=1 rev1=1 crypto rx=0 tx=0 comp rx=0 tx=0).stop
2024-03-08T22:56:21.455 INFO:teuthology.orchestra.run.smithi046.stdout:/usr/bin/ceph: stderr
2024-03-08T22:56:20.768+0000 7efecb800700 1 --2- 172.21.15.46:0/1642337757 >> [v2:172.21.15.46:3300/0,v1:172.21.15.46:6789/0] conn(0x7efec4108e70 0x7efec419da90 unknown :-1 s=CLOSED pgs=46 cs=0 l=1 rev1=1 crypto rx=0 tx=0 comp rx=0 tx=0).stop
2024-03-08T22:56:21.455 INFO:teuthology.orchestra.run.smithi046.stdout:/usr/bin/ceph: stderr
2024-03-08T22:56:20.768+0000 7efecb800700 1 -- 172.21.15.46:0/1642337757 >> 172.21.15.46:0/1642337757 conn(0x7efec4102d80 msgr2=0x7efec4194ce0 unknown :-1 s=STATE_NONE l=0).mark_down
2024-03-08T22:56:21.455 INFO:teuthology.orchestra.run.smithi046.stdout:/usr/bin/ceph: stderr
2024-03-08T22:56:20.768+0000 7efecb800700 1 -- 172.21.15.46:0/1642337757 shutdown_connections
2024-03-08T22:56:21.455 INFO:teuthology.orchestra.run.smithi046.stdout:/usr/bin/ceph: stderr
2024-03-08T22:56:20.769+0000 7efecb800700 1 -- 172.21.15.46:0/1642337757 wait complete.
2024-03-08T22:56:21.455 INFO:teuthology.orchestra.run.smithi046.stdout:Deploying unmanaged mon service...
2024-03-08T22:56:22.072 INFO:journalctl@ceph.mon.a.smithi046.stdout:Mar 08 22:56:21 smithi046 ceph-mon[31859]: from='mgr.14120 172.21.15.46:0/3337980244' entity='mgr.x'
2024-03-08T22:56:22.072 INFO:journalctl@ceph.mon.a.smithi046.stdout:Mar 08 22:56:21 smithi046 ceph-mon[31859]: Added host smithi046
2024-03-08T22:56:22.072 INFO:journalctl@ceph.mon.a.smithi046.stdout:Mar 08 22:56:21 smithi046 ceph-mon[31859]: from='mgr.14120 172.21.15.46:0/3337980244' entity='mgr.x' cmd=[{"prefix": "config dump", "format": "json"}]: dispatch
2024-03-08T22:56:23.069 INFO:teuthology.orchestra.run.smithi046.stdout:/usr/bin/ceph: stdout Scheduled mon update...
2024-03-08T22:56:23.069 INFO:teuthology.orchestra.run.smithi046.stdout:/usr/bin/ceph: stderr
2024-03-08T22:56:22.066+0000 7f0aae600700 1 Processor -- start
2024-03-08T22:56:23.069 INFO:teuthology.orchestra.run.smithi046.stdout:/usr/bin/ceph: stderr
2024-03-08T22:56:22.066+0000 7f0aae600700 1 -- start start
2024-03-08T22:56:23.069 INFO:teuthology.orchestra.run.smithi046.stdout:/usr/bin/ceph: stderr
2024-03-08T22:56:22.067+0000 7f0aae600700 1 --2- >> [v2:172.21.15.46:3300/0,v1:172.21.15.46:6789/0] conn(0x7f0aa810b140 0x7f0aa810b560 unknown :-1 s=NONE pgs=0 cs=0 l=0 rev1=0 crypto rx=0 tx=0 comp rx=0 tx=0).connect
2024-03-08T22:56:23.069 INFO:teuthology.orchestra.run.smithi046.stdout:/usr/bin/ceph: stderr
2024-03-08T22:56:22.067+0000 7f0aae600700 1 -- --> [v2:172.21.15.46:3300/0,v1:172.21.15.46:6789/0] -- mon_getmap magic: 0 v1 -- 0x7f0aa8109680 con 0x7f0aa810b140
2024-03-08T22:56:23.070 INFO:teuthology.orchestra.run.smithi046.stdout:/usr/bin/ceph: stderr
2024-03-08T22:56:22.067+0000 7f0aa7400700 1 --2- >> [v2:172.21.15.46:3300/0,v1:172.21.15.46:6789/0] conn(0x7f0aa810b140 0x7f0aa810b560 unknown :-1 s=BANNER_CONNECTING pgs=0 cs=0 l=0 rev1=0 crypto rx=0 tx=0 comp rx=0 tx=0)._handle_peer_banner_payload supported=3 required=0
2024-03-08T22:56:23.070 INFO:teuthology.orchestra.run.smithi046.stdout:/usr/bin/ceph: stderr
2024-03-08T22:56:22.068+0000 7f0aa7400700 1 --2- >> [v2:172.21.15.46:3300/0,v1:172.21.15.46:6789/0] conn(0x7f0aa810b140 0x7f0aa810b560 unknown :-1 s=HELLO_CONNECTING pgs=0 cs=0 l=0 rev1=1 crypto rx=0 tx=0 comp rx=0 tx=0).handle_hello peer v2:172.21.15.46:3300/0 says I am v2:172.21.15.46:51306/0 (socket says 172.21.15.46:51306)
2024-03-08T22:56:23.070 INFO:teuthology.orchestra.run.smithi046.stdout:/usr/bin/ceph: stderr
2024-03-08T22:56:22.068+0000 7f0aa7400700 1 -- 172.21.15.46:0/3388452184 learned_addr learned my addr 172.21.15.46:0/3388452184 (peer_addr_for_me v2:172.21.15.46:0/0)
2024-03-08T22:56:23.070 INFO:teuthology.orchestra.run.smithi046.stdout:/usr/bin/ceph: stderr
2024-03-08T22:56:22.068+0000 7f0aa7400700 1 -- 172.21.15.46:0/3388452184 --> [v2:172.21.15.46:3300/0,v1:172.21.15.46:6789/0] -- mon_subscribe({config=0+,monmap=0+}) v3 -- 0x7f0aa8109800 con 0x7f0aa810b140
2024-03-08T22:56:23.070 INFO:teuthology.orchestra.run.smithi046.stdout:/usr/bin/ceph: stderr
2024-03-08T22:56:22.068+0000 7f0aa7400700 1 --2- 172.21.15.46:0/3388452184 >> [v2:172.21.15.46:3300/0,v1:172.21.15.46:6789/0] conn(0x7f0aa810b140 0x7f0aa810b560 secure :-1 s=READY pgs=47 cs=0 l=1 rev1=1 crypto rx=0x7f0a980098a0 tx=0x7f0a98009bb0 comp rx=0 tx=0).ready entity=mon.0 client_cookie=cc99e8196645863b server_cookie=0 in_seq=0 out_seq=0
2024-03-08T22:56:23.070 INFO:teuthology.orchestra.run.smithi046.stdout:/usr/bin/ceph: stderr
2024-03-08T22:56:22.069+0000 7f0aa6a00700 1 -- 172.21.15.46:0/3388452184 <== mon.0 v2:172.21.15.46:3300/0 1 ==== mon_map magic: 0 v1 ==== 205+0+0 (secure 0 0 0) 0x7f0a98004160 con 0x7f0aa810b140
2024-03-08T22:56:23.070 INFO:teuthology.orchestra.run.smithi046.stdout:/usr/bin/ceph: stderr
2024-03-08T22:56:22.069+0000 7f0aa6a00700 1 -- 172.21.15.46:0/3388452184 <== mon.0 v2:172.21.15.46:3300/0 2 ==== config(27 keys) v1 ==== 1109+0+0 (secure 0 0 0) 0x7f0a98004300 con 0x7f0aa810b140
2024-03-08T22:56:23.070 INFO:teuthology.orchestra.run.smithi046.stdout:/usr/bin/ceph: stderr
2024-03-08T22:56:22.069+0000 7f0aa6a00700 1 -- 172.21.15.46:0/3388452184 <== mon.0 v2:172.21.15.46:3300/0 3 ==== mon_map magic: 0 v1 ==== 205+0+0 (secure 0 0 0) 0x7f0a98011b50 con 0x7f0aa810b140
