2024-03-08T23:44:51.290+0000 7f1cc3e6a700 1 -- 172.21.15.22:0/1729076108 wait complete.
2024-03-08T23:44:52.251 INFO:teuthology.orchestra.run.smithi022.stdout:/usr/bin/ceph: stderr
2024-03-08T23:44:51.291+0000 7f1cc3e6a700 1 Processor -- start
2024-03-08T23:44:52.251 INFO:teuthology.orchestra.run.smithi022.stdout:/usr/bin/ceph: stderr
2024-03-08T23:44:51.291+0000 7f1cc3e6a700 1 -- start start
2024-03-08T23:44:52.251 INFO:teuthology.orchestra.run.smithi022.stdout:/usr/bin/ceph: stderr
2024-03-08T23:44:51.291+0000 7f1cc3e6a700 1 --2- >> [v2:172.21.15.22:3300/0,v1:172.21.15.22:6789/0] conn(0x7f1cbc1077b0 0x7f1cbc07cb90 unknown :-1 s=NONE pgs=0 cs=0 l=1 rev1=0 crypto rx=0 tx=0 comp rx=0 tx=0).connect
2024-03-08T23:44:52.251 INFO:teuthology.orchestra.run.smithi022.stdout:/usr/bin/ceph: stderr
2024-03-08T23:44:51.291+0000 7f1cc3e6a700 1 -- --> [v2:172.21.15.22:3300/0,v1:172.21.15.22:6789/0] -- mon_getmap magic: 0 v1 -- 0x7f1cbc10bd10 con 0x7f1cbc1077b0
2024-03-08T23:44:52.251 INFO:teuthology.orchestra.run.smithi022.stdout:/usr/bin/ceph: stderr
2024-03-08T23:44:51.291+0000 7f1cc1c06700 1 --2- >> [v2:172.21.15.22:3300/0,v1:172.21.15.22:6789/0] conn(0x7f1cbc1077b0 0x7f1cbc07cb90 unknown :-1 s=BANNER_CONNECTING pgs=0 cs=0 l=1 rev1=0 crypto rx=0 tx=0 comp rx=0 tx=0)._handle_peer_banner_payload supported=3 required=0
2024-03-08T23:44:52.251 INFO:teuthology.orchestra.run.smithi022.stdout:/usr/bin/ceph: stderr
2024-03-08T23:44:51.291+0000 7f1cc1c06700 1 --2- >> [v2:172.21.15.22:3300/0,v1:172.21.15.22:6789/0] conn(0x7f1cbc1077b0 0x7f1cbc07cb90 unknown :-1 s=HELLO_CONNECTING pgs=0 cs=0 l=1 rev1=1 crypto rx=0 tx=0 comp rx=0 tx=0).handle_hello peer v2:172.21.15.22:3300/0 says I am v2:172.21.15.22:53462/0 (socket says 172.21.15.22:53462)
2024-03-08T23:44:52.251 INFO:teuthology.orchestra.run.smithi022.stdout:/usr/bin/ceph: stderr
2024-03-08T23:44:51.291+0000 7f1cc1c06700 1 -- 172.21.15.22:0/277070174 learned_addr learned my addr 172.21.15.22:0/277070174 (peer_addr_for_me v2:172.21.15.22:0/0)
2024-03-08T23:44:52.251 INFO:teuthology.orchestra.run.smithi022.stdout:/usr/bin/ceph: stderr
2024-03-08T23:44:51.291+0000 7f1cc1c06700 1 -- 172.21.15.22:0/277070174 --> [v2:172.21.15.22:3300/0,v1:172.21.15.22:6789/0] -- mon_subscribe({config=0+,monmap=0+}) v3 -- 0x7f1cbc07d0d0 con 0x7f1cbc1077b0
2024-03-08T23:44:52.252 INFO:teuthology.orchestra.run.smithi022.stdout:/usr/bin/ceph: stderr
2024-03-08T23:44:51.292+0000 7f1cc1c06700 1 --2- 172.21.15.22:0/277070174 >> [v2:172.21.15.22:3300/0,v1:172.21.15.22:6789/0] conn(0x7f1cbc1077b0 0x7f1cbc07cb90 secure :-1 s=READY pgs=77 cs=0 l=1 rev1=1 crypto rx=0x7f1cac00bca0 tx=0x7f1cac00bd80 comp rx=0 tx=0).ready entity=mon.0 client_cookie=0 server_cookie=0 in_seq=0 out_seq=0
2024-03-08T23:44:52.252 INFO:teuthology.orchestra.run.smithi022.stdout:/usr/bin/ceph: stderr
2024-03-08T23:44:51.292+0000 7f1cbaffd700 1 -- 172.21.15.22:0/277070174 <== mon.0 v2:172.21.15.22:3300/0 1 ==== mon_map magic: 0 v1 ==== 205+0+0 (secure 0 0 0) 0x7f1cac020020 con 0x7f1cbc1077b0
2024-03-08T23:44:52.252 INFO:teuthology.orchestra.run.smithi022.stdout:/usr/bin/ceph: stderr
2024-03-08T23:44:51.292+0000 7f1cbaffd700 1 -- 172.21.15.22:0/277070174 <== mon.0 v2:172.21.15.22:3300/0 2 ==== config(27 keys) v1 ==== 1140+0+0 (secure 0 0 0) 0x7f1cac003d90 con 0x7f1cbc1077b0
2024-03-08T23:44:52.252 INFO:teuthology.orchestra.run.smithi022.stdout:/usr/bin/ceph: stderr
2024-03-08T23:44:51.292+0000 7f1cc3e6a700 1 -- 172.21.15.22:0/277070174 --> [v2:172.21.15.22:3300/0,v1:172.21.15.22:6789/0] -- mon_subscribe({mgrmap=0+}) v3 -- 0x7f1cbc07b2c0 con 0x7f1cbc1077b0
2024-03-08T23:44:52.252 INFO:teuthology.orchestra.run.smithi022.stdout:/usr/bin/ceph: stderr
2024-03-08T23:44:51.292+0000 7f1cbaffd700 1 -- 172.21.15.22:0/277070174 <== mon.0 v2:172.21.15.22:3300/0 3 ==== mon_map magic: 0 v1 ==== 205+0+0 (secure 0 0 0) 0x7f1cac017040 con 0x7f1cbc1077b0
2024-03-08T23:44:52.252 INFO:teuthology.orchestra.run.smithi022.stdout:/usr/bin/ceph: stderr
2024-03-08T23:44:51.292+0000 7f1cc3e6a700 1 -- 172.21.15.22:0/277070174 --> [v2:172.21.15.22:3300/0,v1:172.21.15.22:6789/0] -- mon_subscribe({osdmap=0}) v3 -- 0x7f1cbc07b800 con 0x7f1cbc1077b0
2024-03-08T23:44:52.252 INFO:teuthology.orchestra.run.smithi022.stdout:/usr/bin/ceph: stderr
2024-03-08T23:44:51.293+0000 7f1cbaffd700 1 -- 172.21.15.22:0/277070174 <== mon.0 v2:172.21.15.22:3300/0 4 ==== mgrmap(e 13) v1 ==== 46162+0+0 (secure 0 0 0) 0x7f1cac023020 con 0x7f1cbc1077b0
2024-03-08T23:44:52.252 INFO:teuthology.orchestra.run.smithi022.stdout:/usr/bin/ceph: stderr
2024-03-08T23:44:51.293+0000 7f1cc3e6a700 1 -- 172.21.15.22:0/277070174 --> [v2:172.21.15.22:3300/0,v1:172.21.15.22:6789/0] -- mon_command({"prefix": "get_command_descriptions"} v 0) v1 -- 0x7f1cbc063410 con 0x7f1cbc1077b0
2024-03-08T23:44:52.252 INFO:teuthology.orchestra.run.smithi022.stdout:/usr/bin/ceph: stderr
2024-03-08T23:44:51.293+0000 7f1cbaffd700 1 --2- 172.21.15.22:0/277070174 >> [v2:172.21.15.22:6800/2813827512,v1:172.21.15.22:6801/2813827512] conn(0x7f1ca4038fc0 0x7f1ca403b480 unknown :-1 s=NONE pgs=0 cs=0 l=1 rev1=0 crypto rx=0 tx=0 comp rx=0 tx=0).connect
2024-03-08T23:44:52.252 INFO:teuthology.orchestra.run.smithi022.stdout:/usr/bin/ceph: stderr
2024-03-08T23:44:51.293+0000 7f1cbaffd700 1 -- 172.21.15.22:0/277070174 <== mon.0 v2:172.21.15.22:3300/0 5 ==== osd_map(3..3 src has 1..3) v4 ==== 1155+0+0 (secure 0 0 0) 0x7f1cac00f050 con 0x7f1cbc1077b0
2024-03-08T23:44:52.252 INFO:teuthology.orchestra.run.smithi022.stdout:/usr/bin/ceph: stderr
2024-03-08T23:44:51.293+0000 7f1cc1405700 1 --2- 172.21.15.22:0/277070174 >> [v2:172.21.15.22:6800/2813827512,v1:172.21.15.22:6801/2813827512] conn(0x7f1ca4038fc0 0x7f1ca403b480 unknown :-1 s=BANNER_CONNECTING pgs=0 cs=0 l=1 rev1=0 crypto rx=0 tx=0 comp rx=0 tx=0)._handle_peer_banner_payload supported=3 required=0
2024-03-08T23:44:52.252 INFO:teuthology.orchestra.run.smithi022.stdout:/usr/bin/ceph: stderr
2024-03-08T23:44:51.293+0000 7f1cc1405700 1 --2- 172.21.15.22:0/277070174 >> [v2:172.21.15.22:6800/2813827512,v1:172.21.15.22:6801/2813827512] conn(0x7f1ca4038fc0 0x7f1ca403b480 secure :-1 s=READY pgs=10 cs=0 l=1 rev1=1 crypto rx=0x7f1cb0006fd0 tx=0x7f1cb0006e40 comp rx=0 tx=0).ready entity=mgr.14152 client_cookie=0 server_cookie=0 in_seq=0 out_seq=0
2024-03-08T23:44:52.252 INFO:teuthology.orchestra.run.smithi022.stdout:/usr/bin/ceph: stderr
2024-03-08T23:44:51.298+0000 7f1cbaffd700 1 -- 172.21.15.22:0/277070174 <== mon.0 v2:172.21.15.22:3300/0 6 ==== mon_command_ack([{"prefix": "get_command_descriptions"}]=0 v0) v1 ==== 72+0+184905 (secure 0 0 0) 0x7f1cac02a020 con 0x7f1cbc1077b0
2024-03-08T23:44:52.253 INFO:teuthology.orchestra.run.smithi022.stdout:/usr/bin/ceph: stderr
2024-03-08T23:44:51.499+0000 7f1cc3e6a700 1 -- 172.21.15.22:0/277070174 --> [v2:172.21.15.22:3300/0,v1:172.21.15.22:6789/0] -- mon_command([{prefix=config set, name=osd_memory_target_autotune}] v 0) v1 -- 0x7f1cbc07c120 con 0x7f1cbc1077b0
2024-03-08T23:44:52.253 INFO:teuthology.orchestra.run.smithi022.stdout:/usr/bin/ceph: stderr
2024-03-08T23:44:51.500+0000 7f1cbaffd700 1 -- 172.21.15.22:0/277070174 <== mon.0 v2:172.21.15.22:3300/0 7 ==== mon_command_ack([{prefix=config set, name=osd_memory_target_autotune}]=0 v8)=0 v8) v1 ==== 127+0+0 (secure 0 0 0) 0x7f1cac02d350 con 0x7f1cbc1077b0
2024-03-08T23:44:52.253 INFO:teuthology.orchestra.run.smithi022.stdout:/usr/bin/ceph: stderr
2024-03-08T23:44:51.502+0000 7f1cc3e6a700 1 -- 172.21.15.22:0/277070174 >> [v2:172.21.15.22:6800/2813827512,v1:172.21.15.22:6801/2813827512] conn(0x7f1ca4038fc0 msgr2=0x7f1ca403b480 secure :-1 s=STATE_CONNECTION_ESTABLISHED l=1).mark_down
2024-03-08T23:44:52.253 INFO:teuthology.orchestra.run.smithi022.stdout:/usr/bin/ceph: stderr
2024-03-08T23:44:51.502+0000 7f1cc3e6a700 1 --2- 172.21.15.22:0/277070174 >> [v2:172.21.15.22:6800/2813827512,v1:172.21.15.22:6801/2813827512] conn(0x7f1ca4038fc0 0x7f1ca403b480 secure :-1 s=READY pgs=10 cs=0 l=1 rev1=1 crypto rx=0x7f1cb0006fd0 tx=0x7f1cb0006e40 comp rx=0 tx=0).stop
2024-03-08T23:44:52.253 INFO:teuthology.orchestra.run.smithi022.stdout:/usr/bin/ceph: stderr
2024-03-08T23:44:51.502+0000 7f1cc3e6a700 1 -- 172.21.15.22:0/277070174 >> [v2:172.21.15.22:3300/0,v1:172.21.15.22:6789/0] conn(0x7f1cbc1077b0 msgr2=0x7f1cbc07cb90 secure :-1 s=STATE_CONNECTION_ESTABLISHED l=1).mark_down
2024-03-08T23:44:52.253 INFO:teuthology.orchestra.run.smithi022.stdout:/usr/bin/ceph: stderr
2024-03-08T23:44:51.502+0000 7f1cc3e6a700 1 --2- 172.21.15.22:0/277070174 >> [v2:172.21.15.22:3300/0,v1:172.21.15.22:6789/0] conn(0x7f1cbc1077b0 0x7f1cbc07cb90 secure :-1 s=READY pgs=77 cs=0 l=1 rev1=1 crypto rx=0x7f1cac00bca0 tx=0x7f1cac00bd80 comp rx=0 tx=0).stop
2024-03-08T23:44:52.253 INFO:teuthology.orchestra.run.smithi022.stdout:/usr/bin/ceph: stderr
2024-03-08T23:44:51.502+0000 7f1cc3e6a700 1 -- 172.21.15.22:0/277070174 shutdown_connections
2024-03-08T23:44:52.253 INFO:teuthology.orchestra.run.smithi022.stdout:/usr/bin/ceph: stderr
2024-03-08T23:44:51.502+0000 7f1cc3e6a700 1 --2- 172.21.15.22:0/277070174 >> [v2:172.21.15.22:6800/2813827512,v1:172.21.15.22:6801/2813827512] conn(0x7f1ca4038fc0 0x7f1ca403b480 unknown :-1 s=CLOSED pgs=10 cs=0 l=1 rev1=1 crypto rx=0 tx=0 comp rx=0 tx=0).stop
2024-03-08T23:44:52.253 INFO:teuthology.orchestra.run.smithi022.stdout:/usr/bin/ceph: stderr
2024-03-08T23:44:51.502+0000 7f1cc3e6a700 1 --2- 172.21.15.22:0/277070174 >> [v2:172.21.15.22:3300/0,v1:172.21.15.22:6789/0] conn(0x7f1cbc1077b0 0x7f1cbc07cb90 unknown :-1 s=CLOSED pgs=77 cs=0 l=1 rev1=1 crypto rx=0 tx=0 comp rx=0 tx=0).stop
2024-03-08T23:44:52.253 INFO:teuthology.orchestra.run.smithi022.stdout:/usr/bin/ceph: stderr
2024-03-08T23:44:51.502+0000 7f1cc3e6a700 1 -- 172.21.15.22:0/277070174 >> 172.21.15.22:0/277070174 conn(0x7f1cbc102d70 msgr2=0x7f1cbc103920 unknown :-1 s=STATE_NONE l=0).mark_down
2024-03-08T23:44:52.253 INFO:teuthology.orchestra.run.smithi022.stdout:/usr/bin/ceph: stderr
2024-03-08T23:44:51.502+0000 7f1cc3e6a700 1 -- 172.21.15.22:0/277070174 shutdown_connections
2024-03-08T23:44:52.253 INFO:teuthology.orchestra.run.smithi022.stdout:/usr/bin/ceph: stderr
2024-03-08T23:44:51.502+0000 7f1cc3e6a700 1 -- 172.21.15.22:0/277070174 wait complete.
2024-03-08T23:44:53.506 INFO:teuthology.orchestra.run.smithi022.stdout:/usr/bin/ceph: stderr
2024-03-08T23:44:52.663+0000 7f4fe1808700 1 Processor -- start
2024-03-08T23:44:53.507 INFO:teuthology.orchestra.run.smithi022.stdout:/usr/bin/ceph: stderr
2024-03-08T23:44:52.663+0000 7f4fe1808700 1 -- start start
2024-03-08T23:44:53.507 INFO:teuthology.orchestra.run.smithi022.stdout:/usr/bin/ceph: stderr
2024-03-08T23:44:52.663+0000 7f4fe1808700 1 --2- >> [v2:172.21.15.22:3300/0,v1:172.21.15.22:6789/0] conn(0x7f4fdc107780 0x7f4fdc107ba0 unknown :-1 s=NONE pgs=0 cs=0 l=0 rev1=0 crypto rx=0 tx=0 comp rx=0 tx=0).connect
2024-03-08T23:44:53.507 INFO:teuthology.orchestra.run.smithi022.stdout:/usr/bin/ceph: stderr
2024-03-08T23:44:52.663+0000 7f4fe1808700 1 -- --> [v2:172.21.15.22:3300/0,v1:172.21.15.22:6789/0] -- mon_getmap magic: 0 v1 -- 0x7f4fdc108170 con 0x7f4fdc107780
2024-03-08T23:44:53.507 INFO:teuthology.orchestra.run.smithi022.stdout:/usr/bin/ceph: stderr
2024-03-08T23:44:52.663+0000 7f4fdaffd700 1 --2- >> [v2:172.21.15.22:3300/0,v1:172.21.15.22:6789/0] conn(0x7f4fdc107780 0x7f4fdc107ba0 unknown :-1 s=BANNER_CONNECTING pgs=0 cs=0 l=0 rev1=0 crypto rx=0 tx=0 comp rx=0 tx=0)._handle_peer_banner_payload supported=3 required=0
2024-03-08T23:44:53.507 INFO:teuthology.orchestra.run.smithi022.stdout:/usr/bin/ceph: stderr
2024-03-08T23:44:52.663+0000 7f4fdaffd700 1 --2- >> [v2:172.21.15.22:3300/0,v1:172.21.15.22:6789/0] conn(0x7f4fdc107780 0x7f4fdc107ba0 unknown :-1 s=HELLO_CONNECTING pgs=0 cs=0 l=0 rev1=1 crypto rx=0 tx=0 comp rx=0 tx=0).handle_hello peer v2:172.21.15.22:3300/0 says I am v2:172.21.15.22:53470/0 (socket says 172.21.15.22:53470)
2024-03-08T23:44:53.507 INFO:teuthology.orchestra.run.smithi022.stdout:/usr/bin/ceph: stderr
2024-03-08T23:44:52.663+0000 7f4fdaffd700 1 -- 172.21.15.22:0/3332438794 learned_addr learned my addr 172.21.15.22:0/3332438794 (peer_addr_for_me v2:172.21.15.22:0/0)
2024-03-08T23:44:53.507 INFO:teuthology.orchestra.run.smithi022.stdout:/usr/bin/ceph: stderr
2024-03-08T23:44:52.663+0000 7f4fdaffd700 1 -- 172.21.15.22:0/3332438794 --> [v2:172.21.15.22:3300/0,v1:172.21.15.22:6789/0] -- mon_subscribe({config=0+,monmap=0+}) v3 -- 0x7f4fdc108930 con 0x7f4fdc107780
2024-03-08T23:44:53.507 INFO:teuthology.orchestra.run.smithi022.stdout:/usr/bin/ceph: stderr
2024-03-08T23:44:52.663+0000 7f4fdaffd700 1 --2- 172.21.15.22:0/3332438794 >> [v2:172.21.15.22:3300/0,v1:172.21.15.22:6789/0] conn(0x7f4fdc107780 0x7f4fdc107ba0 secure :-1 s=READY pgs=78 cs=0 l=1 rev1=1 crypto rx=0x7f4fcc0098a0 tx=0x7f4fcc009bb0 comp rx=0 tx=0).ready entity=mon.0 client_cookie=b894aa016dfbfbc server_cookie=0 in_seq=0 out_seq=0
2024-03-08T23:44:53.507 INFO:teuthology.orchestra.run.smithi022.stdout:/usr/bin/ceph: stderr
2024-03-08T23:44:52.664+0000 7f4fd9ffb700 1 -- 172.21.15.22:0/3332438794 <== mon.0 v2:172.21.15.22:3300/0 1 ==== mon_map magic: 0 v1 ==== 205+0+0 (secure 0 0 0) 0x7f4fcc004160 con 0x7f4fdc107780
2024-03-08T23:44:53.507 INFO:teuthology.orchestra.run.smithi022.stdout:/usr/bin/ceph: stderr
2024-03-08T23:44:52.664+0000 7f4fd9ffb700 1 -- 172.21.15.22:0/3332438794 <== mon.0 v2:172.21.15.22:3300/0 2 ==== config(27 keys) v1 ==== 1140+0+0 (secure 0 0 0) 0x7f4fcc004300 con 0x7f4fdc107780
2024-03-08T23:44:53.507 INFO:teuthology.orchestra.run.smithi022.stdout:/usr/bin/ceph: stderr
2024-03-08T23:44:52.664+0000 7f4fd9ffb700 1 -- 172.21.15.22:0/3332438794 <== mon.0 v2:172.21.15.22:3300/0 3 ==== mon_map magic: 0 v1 ==== 205+0+0 (secure 0 0 0) 0x7f4fcc011b20 con 0x7f4fdc107780
2024-03-08T23:44:53.508 INFO:teuthology.orchestra.run.smithi022.stdout:/usr/bin/ceph: stderr
2024-03-08T23:44:52.664+0000 7f4fe1808700 1 -- 172.21.15.22:0/3332438794 >> [v2:172.21.15.22:3300/0,v1:172.21.15.22:6789/0] conn(0x7f4fdc107780 msgr2=0x7f4fdc107ba0 secure :-1 s=STATE_CONNECTION_ESTABLISHED l=1).mark_down
2024-03-08T23:44:53.508 INFO:teuthology.orchestra.run.smithi022.stdout:/usr/bin/ceph: stderr
2024-03-08T23:44:52.664+0000 7f4fe1808700 1 --2- 172.21.15.22:0/3332438794 >> [v2:172.21.15.22:3300/0,v1:172.21.15.22:6789/0] conn(0x7f4fdc107780 0x7f4fdc107ba0 secure :-1 s=READY pgs=78 cs=0 l=1 rev1=1 crypto rx=0x7f4fcc0098a0 tx=0x7f4fcc009bb0 comp rx=0 tx=0).stop
2024-03-08T23:44:53.508 INFO:teuthology.orchestra.run.smithi022.stdout:/usr/bin/ceph: stderr
2024-03-08T23:44:52.664+0000 7f4fe1808700 1 -- 172.21.15.22:0/3332438794 shutdown_connections
2024-03-08T23:44:53.508 INFO:teuthology.orchestra.run.smithi022.stdout:/usr/bin/ceph: stderr
2024-03-08T23:44:52.664+0000 7f4fe1808700 1 --2- 172.21.15.22:0/3332438794 >> [v2:172.21.15.22:3300/0,v1:172.21.15.22:6789/0] conn(0x7f4fdc107780 0x7f4fdc107ba0 unknown :-1 s=CLOSED pgs=78 cs=0 l=1 rev1=1 crypto rx=0 tx=0 comp rx=0 tx=0).stop
2024-03-08T23:44:53.508 INFO:teuthology.orchestra.run.smithi022.stdout:/usr/bin/ceph: stderr
2024-03-08T23:44:52.664+0000 7f4fe1808700 1 -- 172.21.15.22:0/3332438794 >> 172.21.15.22:0/3332438794 conn(0x7f4fdc102da0 msgr2=0x7f4fdc1051c0 unknown :-1 s=STATE_NONE l=0).mark_down
2024-03-08T23:44:53.508 INFO:teuthology.orchestra.run.smithi022.stdout:/usr/bin/ceph: stderr
2024-03-08T23:44:52.664+0000 7f4fe1808700 1 -- 172.21.15.22:0/3332438794 shutdown_connections
2024-03-08T23:44:53.508 INFO:teuthology.orchestra.run.smithi022.stdout:/usr/bin/ceph: stderr
2024-03-08T23:44:52.664+0000 7f4fe1808700 1 -- 172.21.15.22:0/3332438794 wait complete.
2024-03-08T23:44:53.508 INFO:teuthology.orchestra.run.smithi022.stdout:/usr/bin/ceph: stderr
2024-03-08T23:44:52.665+0000 7f4fe1808700 1 Processor -- start
2024-03-08T23:44:53.508 INFO:teuthology.orchestra.run.smithi022.stdout:/usr/bin/ceph: stderr
2024-03-08T23:44:52.665+0000 7f4fe1808700 1 -- start start
2024-03-08T23:44:53.508 INFO:teuthology.orchestra.run.smithi022.stdout:/usr/bin/ceph: stderr
2024-03-08T23:44:52.665+0000 7f4fe1808700 1 --2- >> [v2:172.21.15.22:3300/0,v1:172.21.15.22:6789/0] conn(0x7f4fdc107780 0x7f4fdc19b6a0 unknown :-1 s=NONE pgs=0 cs=0 l=1 rev1=0 crypto rx=0 tx=0 comp rx=0 tx=0).connect
2024-03-08T23:44:53.508 INFO:teuthology.orchestra.run.smithi022.stdout:/usr/bin/ceph: stderr
2024-03-08T23:44:52.665+0000 7f4fe1808700 1 -- --> [v2:172.21.15.22:3300/0,v1:172.21.15.22:6789/0] -- mon_getmap magic: 0 v1 -- 0x7f4fdc10bce0 con 0x7f4fdc107780
2024-03-08T23:44:53.508 INFO:teuthology.orchestra.run.smithi022.stdout:/usr/bin/ceph: stderr
2024-03-08T23:44:52.665+0000 7f4fdaffd700 1 --2- >> [v2:172.21.15.22:3300/0,v1:172.21.15.22:6789/0] conn(0x7f4fdc107780 0x7f4fdc19b6a0 unknown :-1 s=BANNER_CONNECTING pgs=0 cs=0 l=1 rev1=0 crypto rx=0 tx=0 comp rx=0 tx=0)._handle_peer_banner_payload supported=3 required=0
2024-03-08T23:44:53.508 INFO:teuthology.orchestra.run.smithi022.stdout:/usr/bin/ceph: stderr
2024-03-08T23:44:52.665+0000 7f4fdaffd700 1 --2- >> [v2:172.21.15.22:3300/0,v1:172.21.15.22:6789/0] conn(0x7f4fdc107780 0x7f4fdc19b6a0 unknown :-1 s=HELLO_CONNECTING pgs=0 cs=0 l=1 rev1=1 crypto rx=0 tx=0 comp rx=0 tx=0).handle_hello peer v2:172.21.15.22:3300/0 says I am v2:172.21.15.22:53486/0 (socket says 172.21.15.22:53486)
2024-03-08T23:44:53.509 INFO:teuthology.orchestra.run.smithi022.stdout:/usr/bin/ceph: stderr
2024-03-08T23:44:52.665+0000 7f4fdaffd700 1 -- 172.21.15.22:0/2843138249 learned_addr learned my addr 172.21.15.22:0/2843138249 (peer_addr_for_me v2:172.21.15.22:0/0)
2024-03-08T23:44:53.509 INFO:teuthology.orchestra.run.smithi022.stdout:/usr/bin/ceph: stderr
2024-03-08T23:44:52.666+0000 7f4fdaffd700 1 -- 172.21.15.22:0/2843138249 --> [v2:172.21.15.22:3300/0,v1:172.21.15.22:6789/0] -- mon_subscribe({config=0+,monmap=0+}) v3 -- 0x7f4fdc19bbe0 con 0x7f4fdc107780
2024-03-08T23:44:53.509 INFO:teuthology.orchestra.run.smithi022.stdout:/usr/bin/ceph: stderr
2024-03-08T23:44:52.666+0000 7f4fdaffd700 1 --2- 172.21.15.22:0/2843138249 >> [v2:172.21.15.22:3300/0,v1:172.21.15.22:6789/0] conn(0x7f4fdc107780 0x7f4fdc19b6a0 secure :-1 s=READY pgs=79 cs=0 l=1 rev1=1 crypto rx=0x7f4fcc0117e0 tx=0x7f4fcc011c10 comp rx=0 tx=0).ready entity=mon.0 client_cookie=0 server_cookie=0 in_seq=0 out_seq=0
2024-03-08T23:44:53.509 INFO:teuthology.orchestra.run.smithi022.stdout:/usr/bin/ceph: stderr
2024-03-08T23:44:52.666+0000 7f4fe0806700 1 -- 172.21.15.22:0/2843138249 <== mon.0 v2:172.21.15.22:3300/0 1 ==== mon_map magic: 0 v1 ==== 205+0+0 (secure 0 0 0) 0x7f4fcc003bf0 con 0x7f4fdc107780
2024-03-08T23:44:53.509 INFO:teuthology.orchestra.run.smithi022.stdout:/usr/bin/ceph: stderr
2024-03-08T23:44:52.666+0000 7f4fe0806700 1 -- 172.21.15.22:0/2843138249 <== mon.0 v2:172.21.15.22:3300/0 2 ==== config(27 keys) v1 ==== 1140+0+0 (secure 0 0 0) 0x7f4fcc01a910 con 0x7f4fdc107780
2024-03-08T23:44:53.509 INFO:teuthology.orchestra.run.smithi022.stdout:/usr/bin/ceph: stderr
2024-03-08T23:44:52.666+0000 7f4fe1808700 1 -- 172.21.15.22:0/2843138249 --> [v2:172.21.15.22:3300/0,v1:172.21.15.22:6789/0] -- mon_subscribe({mgrmap=0+}) v3 -- 0x7f4fdc19be70 con 0x7f4fdc107780
2024-03-08T23:44:53.509 INFO:teuthology.orchestra.run.smithi022.stdout:/usr/bin/ceph: stderr
2024-03-08T23:44:52.666+0000 7f4fe0806700 1 -- 172.21.15.22:0/2843138249 <== mon.0 v2:172.21.15.22:3300/0 3 ==== mon_map magic: 0 v1 ==== 205+0+0 (secure 0 0 0) 0x7f4fcc0249a0 con 0x7f4fdc107780
2024-03-08T23:44:53.509 INFO:teuthology.orchestra.run.smithi022.stdout:/usr/bin/ceph: stderr
2024-03-08T23:44:52.666+0000 7f4fe1808700 1 -- 172.21.15.22:0/2843138249 --> [v2:172.21.15.22:3300/0,v1:172.21.15.22:6789/0] -- mon_subscribe({osdmap=0}) v3 -- 0x7f4fdc19c2d0 con 0x7f4fdc107780
2024-03-08T23:44:53.509 INFO:teuthology.orchestra.run.smithi022.stdout:/usr/bin/ceph: stderr
2024-03-08T23:44:52.667+0000 7f4fe1808700 1 -- 172.21.15.22:0/2843138249 --> [v2:172.21.15.22:3300/0,v1:172.21.15.22:6789/0] -- mon_command({"prefix": "get_command_descriptions"} v 0) v1 -- 0x7f4fdc063410 con 0x7f4fdc107780
2024-03-08T23:44:53.509 INFO:teuthology.orchestra.run.smithi022.stdout:/usr/bin/ceph: stderr
2024-03-08T23:44:52.667+0000 7f4fe0806700 1 -- 172.21.15.22:0/2843138249 <== mon.0 v2:172.21.15.22:3300/0 4 ==== mgrmap(e 13) v1 ==== 46162+0+0 (secure 0 0 0) 0x7f4fcc022020 con 0x7f4fdc107780
2024-03-08T23:44:53.509 INFO:teuthology.orchestra.run.smithi022.stdout:/usr/bin/ceph: stderr
2024-03-08T23:44:52.667+0000 7f4fe0806700 1 --2- 172.21.15.22:0/2843138249 >> [v2:172.21.15.22:6800/2813827512,v1:172.21.15.22:6801/2813827512] conn(0x7f4fc4039020 0x7f4fc403b4e0 unknown :-1 s=NONE pgs=0 cs=0 l=1 rev1=0 crypto rx=0 tx=0 comp rx=0 tx=0).connect
2024-03-08T23:44:53.509 INFO:teuthology.orchestra.run.smithi022.stdout:/usr/bin/ceph: stderr
2024-03-08T23:44:52.667+0000 7f4fe0806700 1 -- 172.21.15.22:0/2843138249 <== mon.0 v2:172.21.15.22:3300/0 5 ==== osd_map(3..3 src has 1..3) v4 ==== 1155+0+0 (secure 0 0 0) 0x7f4fcc04d320 con 0x7f4fdc107780
2024-03-08T23:44:53.509 INFO:teuthology.orchestra.run.smithi022.stdout:/usr/bin/ceph: stderr
2024-03-08T23:44:52.667+0000 7f4fda7fc700 1 --2- 172.21.15.22:0/2843138249 >> [v2:172.21.15.22:6800/2813827512,v1:172.21.15.22:6801/2813827512] conn(0x7f4fc4039020 0x7f4fc403b4e0 unknown :-1 s=BANNER_CONNECTING pgs=0 cs=0 l=1 rev1=0 crypto rx=0 tx=0 comp rx=0 tx=0)._handle_peer_banner_payload supported=3 required=0
2024-03-08T23:44:53.510 INFO:teuthology.orchestra.run.smithi022.stdout:/usr/bin/ceph: stderr
2024-03-08T23:44:52.668+0000 7f4fda7fc700 1 --2- 172.21.15.22:0/2843138249 >> [v2:172.21.15.22:6800/2813827512,v1:172.21.15.22:6801/2813827512] conn(0x7f4fc4039020 0x7f4fc403b4e0 secure :-1 s=READY pgs=11 cs=0 l=1 rev1=1 crypto rx=0x7f4fd0006fd0 tx=0x7f4fd0006e40 comp rx=0 tx=0).ready entity=mgr.14152 client_cookie=0 server_cookie=0 in_seq=0 out_seq=0
2024-03-08T23:44:53.510 INFO:teuthology.orchestra.run.smithi022.stdout:/usr/bin/ceph: stderr
2024-03-08T23:44:52.672+0000 7f4fe0806700 1 -- 172.21.15.22:0/2843138249 <== mon.0 v2:172.21.15.22:3300/0 6 ==== mon_command_ack([{"prefix": "get_command_descriptions"}]=0 v0) v1 ==== 72+0+184905 (secure 0 0 0) 0x7f4fcc011e20 con 0x7f4fdc107780
2024-03-08T23:44:53.510 INFO:teuthology.orchestra.run.smithi022.stdout:/usr/bin/ceph: stderr
2024-03-08T23:44:52.986+0000 7f4fe1808700 1 -- 172.21.15.22:0/2843138249 --> [v2:172.21.15.22:3300/0,v1:172.21.15.22:6789/0] -- mon_command([{prefix=config-key set, key=mgr/dashboard/cluster/status}] v 0) v1 -- 0x7f4fdc19ed60 con 0x7f4fdc107780
2024-03-08T23:44:53.510 INFO:teuthology.orchestra.run.smithi022.stdout:/usr/bin/ceph: stderr
2024-03-08T23:44:52.988+0000 7f4fe0806700 1 -- 172.21.15.22:0/2843138249 <== mon.0 v2:172.21.15.22:3300/0 7 ==== mon_command_ack([{prefix=config-key set, key=mgr/dashboard/cluster/status}]=0 set mgr/dashboard/cluster/status v28)=0 set mgr/dashboard/cluster/status v28) v1 ==== 153+0+0 (secure 0 0 0) 0x7f4fcc004300 con 0x7f4fdc107780
2024-03-08T23:44:53.510 INFO:teuthology.orchestra.run.smithi022.stdout:/usr/bin/ceph: stderr
2024-03-08T23:44:52.991+0000 7f4fe1808700 1 -- 172.21.15.22:0/2843138249 >> [v2:172.21.15.22:6800/2813827512,v1:172.21.15.22:6801/2813827512] conn(0x7f4fc4039020 msgr2=0x7f4fc403b4e0 secure :-1 s=STATE_CONNECTION_ESTABLISHED l=1).mark_down
2024-03-08T23:44:53.510 INFO:teuthology.orchestra.run.smithi022.stdout:/usr/bin/ceph: stderr
2024-03-08T23:44:52.991+0000 7f4fe1808700 1 --2- 172.21.15.22:0/2843138249 >> [v2:172.21.15.22:6800/2813827512,v1:172.21.15.22:6801/2813827512] conn(0x7f4fc4039020 0x7f4fc403b4e0 secure :-1 s=READY pgs=11 cs=0 l=1 rev1=1 crypto rx=0x7f4fd0006fd0 tx=0x7f4fd0006e40 comp rx=0 tx=0).stop
2024-03-08T23:44:53.510 INFO:teuthology.orchestra.run.smithi022.stdout:/usr/bin/ceph: stderr
2024-03-08T23:44:52.991+0000 7f4fe1808700 1 -- 172.21.15.22:0/2843138249 >> [v2:172.21.15.22:3300/0,v1:172.21.15.22:6789/0] conn(0x7f4fdc107780 msgr2=0x7f4fdc19b6a0 secure :-1 s=STATE_CONNECTION_ESTABLISHED l=1).mark_down
2024-03-08T23:44:53.510 INFO:teuthology.orchestra.run.smithi022.stdout:/usr/bin/ceph: stderr
2024-03-08T23:44:52.991+0000 7f4fe1808700 1 --2- 172.21.15.22:0/2843138249 >> [v2:172.21.15.22:3300/0,v1:172.21.15.22:6789/0] conn(0x7f4fdc107780 0x7f4fdc19b6a0 secure :-1 s=READY pgs=79 cs=0 l=1 rev1=1 crypto rx=0x7f4fcc0117e0 tx=0x7f4fcc011c10 comp rx=0 tx=0).stop
2024-03-08T23:44:53.510 INFO:teuthology.orchestra.run.smithi022.stdout:/usr/bin/ceph: stderr
2024-03-08T23:44:52.991+0000 7f4fe1808700 1 -- 172.21.15.22:0/2843138249 shutdown_connections
2024-03-08T23:44:53.510 INFO:teuthology.orchestra.run.smithi022.stdout:/usr/bin/ceph: stderr
2024-03-08T23:44:52.991+0000 7f4fe1808700 1 --2- 172.21.15.22:0/2843138249 >> [v2:172.21.15.22:6800/2813827512,v1:172.21.15.22:6801/2813827512] conn(0x7f4fc4039020 0x7f4fc403b4e0 unknown :-1 s=CLOSED pgs=11 cs=0 l=1 rev1=1 crypto rx=0 tx=0 comp rx=0 tx=0).stop
2024-03-08T23:44:53.510 INFO:teuthology.orchestra.run.smithi022.stdout:/usr/bin/ceph: stderr
2024-03-08T23:44:52.991+0000 7f4fe1808700 1 --2- 172.21.15.22:0/2843138249 >> [v2:172.21.15.22:3300/0,v1:172.21.15.22:6789/0] conn(0x7f4fdc107780 0x7f4fdc19b6a0 unknown :-1 s=CLOSED pgs=79 cs=0 l=1 rev1=1 crypto rx=0 tx=0 comp rx=0 tx=0).stop
2024-03-08T23:44:53.510 INFO:teuthology.orchestra.run.smithi022.stdout:/usr/bin/ceph: stderr
2024-03-08T23:44:52.991+0000 7f4fe1808700 1 -- 172.21.15.22:0/2843138249 >> 172.21.15.22:0/2843138249 conn(0x7f4fdc102da0 msgr2=0x7f4fdc103860 unknown :-1 s=STATE_NONE l=0).mark_down
2024-03-08T23:44:53.510 INFO:teuthology.orchestra.run.smithi022.stdout:/usr/bin/ceph: stderr
2024-03-08T23:44:52.991+0000 7f4fe1808700 1 -- 172.21.15.22:0/2843138249 shutdown_connections
2024-03-08T23:44:53.511 INFO:teuthology.orchestra.run.smithi022.stdout:/usr/bin/ceph: stderr
2024-03-08T23:44:52.991+0000 7f4fe1808700 1 -- 172.21.15.22:0/2843138249 wait complete.
2024-03-08T23:44:53.511 INFO:teuthology.orchestra.run.smithi022.stdout:/usr/bin/ceph: stderr set mgr/dashboard/cluster/status
2024-03-08T23:44:53.511 INFO:teuthology.orchestra.run.smithi022.stdout:You can access the Ceph CLI as following in case of multi-cluster or non-default config:
2024-03-08T23:44:53.511 INFO:teuthology.orchestra.run.smithi022.stdout:
2024-03-08T23:44:53.511 INFO:teuthology.orchestra.run.smithi022.stdout: sudo /home/ubuntu/cephtest/cephadm shell --fsid 8c5a3016-dda5-11ee-95c6-87774f69a715 -c /etc/ceph/ceph.conf -k /etc/ceph/ceph.client.admin.keyring
2024-03-08T23:44:53.511 INFO:teuthology.orchestra.run.smithi022.stdout:
2024-03-08T23:44:53.511 INFO:teuthology.orchestra.run.smithi022.stdout:Or, if you are only running a single cluster on this host:
2024-03-08T23:44:53.511 INFO:teuthology.orchestra.run.smithi022.stdout:
2024-03-08T23:44:53.511 INFO:teuthology.orchestra.run.smithi022.stdout: sudo /home/ubuntu/cephtest/cephadm shell
2024-03-08T23:44:53.511 INFO:teuthology.orchestra.run.smithi022.stdout:
2024-03-08T23:44:53.511 INFO:teuthology.orchestra.run.smithi022.stdout:Please consider enabling telemetry to help improve Ceph:
2024-03-08T23:44:53.511 INFO:teuthology.orchestra.run.smithi022.stdout:
2024-03-08T23:44:53.511 INFO:teuthology.orchestra.run.smithi022.stdout: ceph telemetry on
2024-03-08T23:44:53.511 INFO:teuthology.orchestra.run.smithi022.stdout:
2024-03-08T23:44:53.511 INFO:teuthology.orchestra.run.smithi022.stdout:For more information see:
2024-03-08T23:44:53.512 INFO:teuthology.orchestra.run.smithi022.stdout:
2024-03-08T23:44:53.512 INFO:teuthology.orchestra.run.smithi022.stdout: https://docs.ceph.com/en/latest/mgr/telemetry/
2024-03-08T23:44:53.512 INFO:teuthology.orchestra.run.smithi022.stdout:
2024-03-08T23:44:53.512 INFO:teuthology.orchestra.run.smithi022.stdout:Bootstrap complete.
2024-03-08T23:44:53.543 INFO:tasks.cephadm:Fetching config...
2024-03-08T23:44:53.544 DEBUG:teuthology.orchestra.run.smithi022:> set -ex
2024-03-08T23:44:53.544 DEBUG:teuthology.orchestra.run.smithi022:> dd if=/etc/ceph/ceph.conf of=/dev/stdout
2024-03-08T23:44:53.560 INFO:tasks.cephadm:Fetching client.admin keyring...
2024-03-08T23:44:53.560 DEBUG:teuthology.orchestra.run.smithi022:> set -ex
2024-03-08T23:44:53.560 DEBUG:teuthology.orchestra.run.smithi022:> dd if=/etc/ceph/ceph.client.admin.keyring of=/dev/stdout
2024-03-08T23:44:53.615 INFO:tasks.cephadm:Fetching mon keyring...
2024-03-08T23:44:53.615 DEBUG:teuthology.orchestra.run.smithi022:> set -ex
2024-03-08T23:44:53.615 DEBUG:teuthology.orchestra.run.smithi022:> sudo dd if=/var/lib/ceph/8c5a3016-dda5-11ee-95c6-87774f69a715/mon.a/keyring of=/dev/stdout
2024-03-08T23:44:53.682 INFO:tasks.cephadm:Fetching pub ssh key...
2024-03-08T23:44:53.682 DEBUG:teuthology.orchestra.run.smithi022:> set -ex
2024-03-08T23:44:53.682 DEBUG:teuthology.orchestra.run.smithi022:> dd if=/home/ubuntu/cephtest/ceph.pub of=/dev/stdout
2024-03-08T23:44:53.736 INFO:tasks.cephadm:Installing pub ssh key for root users...
2024-03-08T23:44:53.737 DEBUG:teuthology.orchestra.run.smithi022:> sudo install -d -m 0700 /root/.ssh && echo 'ssh-rsa AAAAB3NzaC1yc2EAAAADAQABAAABgQC85usSZKjWMuxIhqOs3KZl0lHDRrFUJeLlIoSTeAwuJY1cw+YeRwl023yTbheHJT3OibrxirzVYjLiQUByPjfr8/FFYBwLpl5+SupJ6u5Hw8dr2DE5V93T/MG55eIYx4MWQaisZMNxzapnscnvd5njzx28KZnX+IYDFGPEa5DSoq0axRd2nRLEr6pKmGLYVHxtcnGu5QkbiTRMt6RGY41GSgrSJQOhwbPlJTDzeuKvyoKKi7TFIrGgb78wtKfd197nd1JQmDRkr/oIYJDmvAdg6oCPxfTjIhOBbDygGj4poO4cMp3LOKjB2BoxqA/KU77qT/4dAErLAbj6pEtZPVGYb1M9UBaiQdUepcoUCmn0IlJOlm3yhjFmEp8kc3Q4GLZFhSVA66gwu46TeNSf8QpqPU+ImeiOyrlzNaR79HH3Dznxjs13RmCRrM9D4gbvPqkmSNaFvqLu0R6Nxa1kCtxZ1R0FeLCzKhZWQ8v2aXWbhyE+bhYf7CtnBltBvod4I9s= ceph-8c5a3016-dda5-11ee-95c6-87774f69a715' | sudo tee -a /root/.ssh/authorized_keys && sudo chmod 0600 /root/.ssh/authorized_keys
2024-03-08T23:44:53.816 INFO:teuthology.orchestra.run.smithi022.stdout:ssh-rsa AAAAB3NzaC1yc2EAAAADAQABAAABgQC85usSZKjWMuxIhqOs3KZl0lHDRrFUJeLlIoSTeAwuJY1cw+YeRwl023yTbheHJT3OibrxirzVYjLiQUByPjfr8/FFYBwLpl5+SupJ6u5Hw8dr2DE5V93T/MG55eIYx4MWQaisZMNxzapnscnvd5njzx28KZnX+IYDFGPEa5DSoq0axRd2nRLEr6pKmGLYVHxtcnGu5QkbiTRMt6RGY41GSgrSJQOhwbPlJTDzeuKvyoKKi7TFIrGgb78wtKfd197nd1JQmDRkr/oIYJDmvAdg6oCPxfTjIhOBbDygGj4poO4cMp3LOKjB2BoxqA/KU77qT/4dAErLAbj6pEtZPVGYb1M9UBaiQdUepcoUCmn0IlJOlm3yhjFmEp8kc3Q4GLZFhSVA66gwu46TeNSf8QpqPU+ImeiOyrlzNaR79HH3Dznxjs13RmCRrM9D4gbvPqkmSNaFvqLu0R6Nxa1kCtxZ1R0FeLCzKhZWQ8v2aXWbhyE+bhYf7CtnBltBvod4I9s= ceph-8c5a3016-dda5-11ee-95c6-87774f69a715
2024-03-08T23:44:53.830 DEBUG:teuthology.orchestra.run.smithi062:> sudo install -d -m 0700 /root/.ssh && echo 'ssh-rsa AAAAB3NzaC1yc2EAAAADAQABAAABgQC85usSZKjWMuxIhqOs3KZl0lHDRrFUJeLlIoSTeAwuJY1cw+YeRwl023yTbheHJT3OibrxirzVYjLiQUByPjfr8/FFYBwLpl5+SupJ6u5Hw8dr2DE5V93T/MG55eIYx4MWQaisZMNxzapnscnvd5njzx28KZnX+IYDFGPEa5DSoq0axRd2nRLEr6pKmGLYVHxtcnGu5QkbiTRMt6RGY41GSgrSJQOhwbPlJTDzeuKvyoKKi7TFIrGgb78wtKfd197nd1JQmDRkr/oIYJDmvAdg6oCPxfTjIhOBbDygGj4poO4cMp3LOKjB2BoxqA/KU77qT/4dAErLAbj6pEtZPVGYb1M9UBaiQdUepcoUCmn0IlJOlm3yhjFmEp8kc3Q4GLZFhSVA66gwu46TeNSf8QpqPU+ImeiOyrlzNaR79HH3Dznxjs13RmCRrM9D4gbvPqkmSNaFvqLu0R6Nxa1kCtxZ1R0FeLCzKhZWQ8v2aXWbhyE+bhYf7CtnBltBvod4I9s= ceph-8c5a3016-dda5-11ee-95c6-87774f69a715' | sudo tee -a /root/.ssh/authorized_keys && sudo chmod 0600 /root/.ssh/authorized_keys
2024-03-08T23:44:53.884 INFO:teuthology.orchestra.run.smithi062.stdout:ssh-rsa AAAAB3NzaC1yc2EAAAADAQABAAABgQC85usSZKjWMuxIhqOs3KZl0lHDRrFUJeLlIoSTeAwuJY1cw+YeRwl023yTbheHJT3OibrxirzVYjLiQUByPjfr8/FFYBwLpl5+SupJ6u5Hw8dr2DE5V93T/MG55eIYx4MWQaisZMNxzapnscnvd5njzx28KZnX+IYDFGPEa5DSoq0axRd2nRLEr6pKmGLYVHxtcnGu5QkbiTRMt6RGY41GSgrSJQOhwbPlJTDzeuKvyoKKi7TFIrGgb78wtKfd197nd1JQmDRkr/oIYJDmvAdg6oCPxfTjIhOBbDygGj4poO4cMp3LOKjB2BoxqA/KU77qT/4dAErLAbj6pEtZPVGYb1M9UBaiQdUepcoUCmn0IlJOlm3yhjFmEp8kc3Q4GLZFhSVA66gwu46TeNSf8QpqPU+ImeiOyrlzNaR79HH3Dznxjs13RmCRrM9D4gbvPqkmSNaFvqLu0R6Nxa1kCtxZ1R0FeLCzKhZWQ8v2aXWbhyE+bhYf7CtnBltBvod4I9s= ceph-8c5a3016-dda5-11ee-95c6-87774f69a715
2024-03-08T23:44:53.902 DEBUG:teuthology.orchestra.run.smithi192:> sudo install -d -m 0700 /root/.ssh && echo 'ssh-rsa AAAAB3NzaC1yc2EAAAADAQABAAABgQC85usSZKjWMuxIhqOs3KZl0lHDRrFUJeLlIoSTeAwuJY1cw+YeRwl023yTbheHJT3OibrxirzVYjLiQUByPjfr8/FFYBwLpl5+SupJ6u5Hw8dr2DE5V93T/MG55eIYx4MWQaisZMNxzapnscnvd5njzx28KZnX+IYDFGPEa5DSoq0axRd2nRLEr6pKmGLYVHxtcnGu5QkbiTRMt6RGY41GSgrSJQOhwbPlJTDzeuKvyoKKi7TFIrGgb78wtKfd197nd1JQmDRkr/oIYJDmvAdg6oCPxfTjIhOBbDygGj4poO4cMp3LOKjB2BoxqA/KU77qT/4dAErLAbj6pEtZPVGYb1M9UBaiQdUepcoUCmn0IlJOlm3yhjFmEp8kc3Q4GLZFhSVA66gwu46TeNSf8QpqPU+ImeiOyrlzNaR79HH3Dznxjs13RmCRrM9D4gbvPqkmSNaFvqLu0R6Nxa1kCtxZ1R0FeLCzKhZWQ8v2aXWbhyE+bhYf7CtnBltBvod4I9s= ceph-8c5a3016-dda5-11ee-95c6-87774f69a715' | sudo tee -a /root/.ssh/authorized_keys && sudo chmod 0600 /root/.ssh/authorized_keys
2024-03-08T23:44:53.950 INFO:teuthology.orchestra.run.smithi192.stdout:ssh-rsa AAAAB3NzaC1yc2EAAAADAQABAAABgQC85usSZKjWMuxIhqOs3KZl0lHDRrFUJeLlIoSTeAwuJY1cw+YeRwl023yTbheHJT3OibrxirzVYjLiQUByPjfr8/FFYBwLpl5+SupJ6u5Hw8dr2DE5V93T/MG55eIYx4MWQaisZMNxzapnscnvd5njzx28KZnX+IYDFGPEa5DSoq0axRd2nRLEr6pKmGLYVHxtcnGu5QkbiTRMt6RGY41GSgrSJQOhwbPlJTDzeuKvyoKKi7TFIrGgb78wtKfd197nd1JQmDRkr/oIYJDmvAdg6oCPxfTjIhOBbDygGj4poO4cMp3LOKjB2BoxqA/KU77qT/4dAErLAbj6pEtZPVGYb1M9UBaiQdUepcoUCmn0IlJOlm3yhjFmEp8kc3Q4GLZFhSVA66gwu46TeNSf8QpqPU+ImeiOyrlzNaR79HH3Dznxjs13RmCRrM9D4gbvPqkmSNaFvqLu0R6Nxa1kCtxZ1R0FeLCzKhZWQ8v2aXWbhyE+bhYf7CtnBltBvod4I9s= ceph-8c5a3016-dda5-11ee-95c6-87774f69a715
2024-03-08T23:44:53.964 DEBUG:teuthology.orchestra.run.smithi022:> sudo /home/ubuntu/cephtest/cephadm --image quay-quay-quay.apps.os.sepia.ceph.com/ceph-ci/ceph:7d63482aa89628d733e298984a762389b625c761 shell -c /etc/ceph/ceph.conf -k /etc/ceph/ceph.client.admin.keyring --fsid 8c5a3016-dda5-11ee-95c6-87774f69a715 -- ceph config set mgr mgr/cephadm/allow_ptrace true
2024-03-08T23:44:54.204 INFO:teuthology.orchestra.run.smithi022.stderr:Inferring config /var/lib/ceph/8c5a3016-dda5-11ee-95c6-87774f69a715/mon.a/config
2024-03-08T23:44:54.237 INFO:journalctl@ceph.mon.a.smithi022.stdout:Mar 08 23:44:53 smithi022 ceph-mon[31894]: from='client.? 172.21.15.22:0/2843138249' entity='client.admin'
2024-03-08T23:44:56.410 INFO:teuthology.orchestra.run.smithi022.stderr:2024-03-08T23:44:56.411+0000 7f48f5d7c700 1 -- 172.21.15.22:0/3626797940 >> [v2:172.21.15.22:3300/0,v1:172.21.15.22:6789/0] conn(0x7f48f0100710 msgr2=0x7f48f0100b30 secure :-1 s=STATE_CONNECTION_ESTABLISHED l=1).mark_down
2024-03-08T23:44:56.410 INFO:teuthology.orchestra.run.smithi022.stderr:2024-03-08T23:44:56.411+0000 7f48f5d7c700 1 --2- 172.21.15.22:0/3626797940 >> [v2:172.21.15.22:3300/0,v1:172.21.15.22:6789/0] conn(0x7f48f0100710 0x7f48f0100b30 secure :-1 s=READY pgs=80 cs=0 l=1 rev1=1 crypto rx=0x7f48e000b0a0 tx=0x7f48e000b3b0 comp rx=0 tx=0).stop
2024-03-08T23:44:56.410 INFO:teuthology.orchestra.run.smithi022.stderr:2024-03-08T23:44:56.411+0000 7f48f5d7c700 1 -- 172.21.15.22:0/3626797940 shutdown_connections
2024-03-08T23:44:56.410 INFO:teuthology.orchestra.run.smithi022.stderr:2024-03-08T23:44:56.411+0000 7f48f5d7c700 1 --2- 172.21.15.22:0/3626797940 >> [v2:172.21.15.22:3300/0,v1:172.21.15.22:6789/0] conn(0x7f48f0100710 0x7f48f0100b30 unknown :-1 s=CLOSED pgs=80 cs=0 l=1 rev1=1 crypto rx=0 tx=0 comp rx=0 tx=0).stop
2024-03-08T23:44:56.410 INFO:teuthology.orchestra.run.smithi022.stderr:2024-03-08T23:44:56.411+0000 7f48f5d7c700 1 -- 172.21.15.22:0/3626797940 >> 172.21.15.22:0/3626797940 conn(0x7f48f00fbcb0 msgr2=0x7f48f00fe0f0 unknown :-1 s=STATE_NONE l=0).mark_down
2024-03-08T23:44:56.410 INFO:teuthology.orchestra.run.smithi022.stderr:2024-03-08T23:44:56.411+0000 7f48f5d7c700 1 -- 172.21.15.22:0/3626797940 shutdown_connections
2024-03-08T23:44:56.410 INFO:teuthology.orchestra.run.smithi022.stderr:2024-03-08T23:44:56.411+0000 7f48f5d7c700 1 -- 172.21.15.22:0/3626797940 wait complete.
2024-03-08T23:44:56.410 INFO:teuthology.orchestra.run.smithi022.stderr:2024-03-08T23:44:56.412+0000 7f48f5d7c700 1 Processor -- start
2024-03-08T23:44:56.411 INFO:teuthology.orchestra.run.smithi022.stderr:2024-03-08T23:44:56.412+0000 7f48f5d7c700 1 -- start start
2024-03-08T23:44:56.411 INFO:teuthology.orchestra.run.smithi022.stderr:2024-03-08T23:44:56.412+0000 7f48f5d7c700 1 --2- >> [v2:172.21.15.22:3300/0,v1:172.21.15.22:6789/0] conn(0x7f48f0100710 0x7f48f006a4b0 unknown :-1 s=NONE pgs=0 cs=0 l=1 rev1=0 crypto rx=0 tx=0 comp rx=0 tx=0).connect
2024-03-08T23:44:56.411 INFO:teuthology.orchestra.run.smithi022.stderr:2024-03-08T23:44:56.412+0000 7f48f5d7c700 1 -- --> [v2:172.21.15.22:3300/0,v1:172.21.15.22:6789/0] -- mon_getmap magic: 0 v1 -- 0x7f48f01067a0 con 0x7f48f0100710
2024-03-08T23:44:56.413 INFO:teuthology.orchestra.run.smithi022.stderr:2024-03-08T23:44:56.412+0000 7f48ef7fe700 1 --2- >> [v2:172.21.15.22:3300/0,v1:172.21.15.22:6789/0] conn(0x7f48f0100710 0x7f48f006a4b0 unknown :-1 s=BANNER_CONNECTING pgs=0 cs=0 l=1 rev1=0 crypto rx=0 tx=0 comp rx=0 tx=0)._handle_peer_banner_payload supported=3 required=0
2024-03-08T23:44:56.413 INFO:teuthology.orchestra.run.smithi022.stderr:2024-03-08T23:44:56.412+0000 7f48ef7fe700 1 --2- >> [v2:172.21.15.22:3300/0,v1:172.21.15.22:6789/0] conn(0x7f48f0100710 0x7f48f006a4b0 unknown :-1 s=HELLO_CONNECTING pgs=0 cs=0 l=1 rev1=1 crypto rx=0 tx=0 comp rx=0 tx=0).handle_hello peer v2:172.21.15.22:3300/0 says I am v2:172.21.15.22:53498/0 (socket says 172.21.15.22:53498)
2024-03-08T23:44:56.413 INFO:teuthology.orchestra.run.smithi022.stderr:2024-03-08T23:44:56.412+0000 7f48ef7fe700 1 -- 172.21.15.22:0/3700472579 learned_addr learned my addr 172.21.15.22:0/3700472579 (peer_addr_for_me v2:172.21.15.22:0/0)
2024-03-08T23:44:56.413 INFO:teuthology.orchestra.run.smithi022.stderr:2024-03-08T23:44:56.412+0000 7f48ef7fe700 1 -- 172.21.15.22:0/3700472579 --> [v2:172.21.15.22:3300/0,v1:172.21.15.22:6789/0] -- mon_subscribe({config=0+,monmap=0+}) v3 -- 0x7f48f0199bf0 con 0x7f48f0100710
2024-03-08T23:44:56.413 INFO:teuthology.orchestra.run.smithi022.stderr:2024-03-08T23:44:56.413+0000 7f48ef7fe700 1 --2- 172.21.15.22:0/3700472579 >> [v2:172.21.15.22:3300/0,v1:172.21.15.22:6789/0] conn(0x7f48f0100710 0x7f48f006a4b0 secure :-1 s=READY pgs=81 cs=0 l=1 rev1=1 crypto rx=0x7f48e0007890 tx=0x7f48e0009790 comp rx=0 tx=0).ready entity=mon.0 client_cookie=0 server_cookie=0 in_seq=0 out_seq=0
2024-03-08T23:44:56.413 INFO:teuthology.orchestra.run.smithi022.stderr:2024-03-08T23:44:56.413+0000 7f48ecff9700 1 -- 172.21.15.22:0/3700472579 <== mon.0 v2:172.21.15.22:3300/0 1 ==== mon_map magic: 0 v1 ==== 205+0+0 (secure 0 0 0) 0x7f48e0017040 con 0x7f48f0100710
2024-03-08T23:44:56.413 INFO:teuthology.orchestra.run.smithi022.stderr:2024-03-08T23:44:56.413+0000 7f48f5d7c700 1 -- 172.21.15.22:0/3700472579 --> [v2:172.21.15.22:3300/0,v1:172.21.15.22:6789/0] -- mon_subscribe({mgrmap=0+}) v3 -- 0x7f48f0199dc0 con 0x7f48f0100710
2024-03-08T23:44:56.413 INFO:teuthology.orchestra.run.smithi022.stderr:2024-03-08T23:44:56.413+0000 7f48ecff9700 1 -- 172.21.15.22:0/3700472579 <== mon.0 v2:172.21.15.22:3300/0 2 ==== config(27 keys) v1 ==== 1140+0+0 (secure 0 0 0) 0x7f48e000bd50 con 0x7f48f0100710
2024-03-08T23:44:56.413 INFO:teuthology.orchestra.run.smithi022.stderr:2024-03-08T23:44:56.413+0000 7f48f5d7c700 1 -- 172.21.15.22:0/3700472579 --> [v2:172.21.15.22:3300/0,v1:172.21.15.22:6789/0] -- mon_subscribe({osdmap=0}) v3 -- 0x7f48f019a160 con 0x7f48f0100710
2024-03-08T23:44:56.413 INFO:teuthology.orchestra.run.smithi022.stderr:2024-03-08T23:44:56.413+0000 7f48ecff9700 1 -- 172.21.15.22:0/3700472579 <== mon.0 v2:172.21.15.22:3300/0 3 ==== mon_map magic: 0 v1 ==== 205+0+0 (secure 0 0 0) 0x7f48e001d7a0 con 0x7f48f0100710
2024-03-08T23:44:56.414 INFO:teuthology.orchestra.run.smithi022.stderr:2024-03-08T23:44:56.414+0000 7f48f5d7c700 1 -- 172.21.15.22:0/3700472579 --> [v2:172.21.15.22:3300/0,v1:172.21.15.22:6789/0] -- mon_command({"prefix": "get_command_descriptions"} v 0) v1 -- 0x7f48f0106f20 con 0x7f48f0100710
2024-03-08T23:44:56.414 INFO:teuthology.orchestra.run.smithi022.stderr:2024-03-08T23:44:56.414+0000 7f48ecff9700 1 -- 172.21.15.22:0/3700472579 <== mon.0 v2:172.21.15.22:3300/0 4 ==== mgrmap(e 13) v1 ==== 46162+0+0 (secure 0 0 0) 0x7f48e0024020 con 0x7f48f0100710
2024-03-08T23:44:56.414 INFO:teuthology.orchestra.run.smithi022.stderr:2024-03-08T23:44:56.414+0000 7f48ecff9700 1 --2- 172.21.15.22:0/3700472579 >> [v2:172.21.15.22:6800/2813827512,v1:172.21.15.22:6801/2813827512] conn(0x7f48dc039070 0x7f48dc03b530 unknown :-1 s=NONE pgs=0 cs=0 l=1 rev1=0 crypto rx=0 tx=0 comp rx=0 tx=0).connect
2024-03-08T23:44:56.414 INFO:teuthology.orchestra.run.smithi022.stderr:2024-03-08T23:44:56.414+0000 7f48ecff9700 1 -- 172.21.15.22:0/3700472579 <== mon.0 v2:172.21.15.22:3300/0 5 ==== osd_map(3..3 src has 1..3) v4 ==== 1155+0+0 (secure 0 0 0) 0x7f48e0022020 con 0x7f48f0100710
2024-03-08T23:44:56.414 INFO:teuthology.orchestra.run.smithi022.stderr:2024-03-08T23:44:56.414+0000 7f48eeffd700 1 --2- 172.21.15.22:0/3700472579 >> [v2:172.21.15.22:6800/2813827512,v1:172.21.15.22:6801/2813827512] conn(0x7f48dc039070 0x7f48dc03b530 unknown :-1 s=BANNER_CONNECTING pgs=0 cs=0 l=1 rev1=0 crypto rx=0 tx=0 comp rx=0 tx=0)._handle_peer_banner_payload supported=3 required=0
2024-03-08T23:44:56.414 INFO:teuthology.orchestra.run.smithi022.stderr:2024-03-08T23:44:56.415+0000 7f48eeffd700 1 --2- 172.21.15.22:0/3700472579 >> [v2:172.21.15.22:6800/2813827512,v1:172.21.15.22:6801/2813827512] conn(0x7f48dc039070 0x7f48dc03b530 secure :-1 s=READY pgs=12 cs=0 l=1 rev1=1 crypto rx=0x7f48d8006fd0 tx=0x7f48d8006e40 comp rx=0 tx=0).ready entity=mgr.14152 client_cookie=0 server_cookie=0 in_seq=0 out_seq=0
2024-03-08T23:44:56.417 INFO:teuthology.orchestra.run.smithi022.stderr:2024-03-08T23:44:56.419+0000 7f48ecff9700 1 -- 172.21.15.22:0/3700472579 <== mon.0 v2:172.21.15.22:3300/0 6 ==== mon_command_ack([{"prefix": "get_command_descriptions"}]=0 v0) v1 ==== 72+0+184905 (secure 0 0 0) 0x7f48e002b020 con 0x7f48f0100710
2024-03-08T23:44:56.622 INFO:teuthology.orchestra.run.smithi022.stderr:2024-03-08T23:44:56.624+0000 7f48f5d7c700 1 -- 172.21.15.22:0/3700472579 --> [v2:172.21.15.22:3300/0,v1:172.21.15.22:6789/0] -- mon_command([{prefix=config set, name=mgr/cephadm/allow_ptrace}] v 0) v1 -- 0x7f48f002da40 con 0x7f48f0100710
2024-03-08T23:44:56.624 INFO:teuthology.orchestra.run.smithi022.stderr:2024-03-08T23:44:56.626+0000 7f48ecff9700 1 -- 172.21.15.22:0/3700472579 <== mon.0 v2:172.21.15.22:3300/0 7 ==== mon_command_ack([{prefix=config set, name=mgr/cephadm/allow_ptrace}]=0 v9)=0 v9) v1 ==== 125+0+0 (secure 0 0 0) 0x7f48e0007e20 con 0x7f48f0100710
2024-03-08T23:44:56.627 INFO:teuthology.orchestra.run.smithi022.stderr:2024-03-08T23:44:56.628+0000 7f48f5d7c700 1 -- 172.21.15.22:0/3700472579 >> [v2:172.21.15.22:6800/2813827512,v1:172.21.15.22:6801/2813827512] conn(0x7f48dc039070 msgr2=0x7f48dc03b530 secure :-1 s=STATE_CONNECTION_ESTABLISHED l=1).mark_down
2024-03-08T23:44:56.627 INFO:teuthology.orchestra.run.smithi022.stderr:2024-03-08T23:44:56.628+0000 7f48f5d7c700 1 --2- 172.21.15.22:0/3700472579 >> [v2:172.21.15.22:6800/2813827512,v1:172.21.15.22:6801/2813827512] conn(0x7f48dc039070 0x7f48dc03b530 secure :-1 s=READY pgs=12 cs=0 l=1 rev1=1 crypto rx=0x7f48d8006fd0 tx=0x7f48d8006e40 comp rx=0 tx=0).stop
2024-03-08T23:44:56.628 INFO:teuthology.orchestra.run.smithi022.stderr:2024-03-08T23:44:56.628+0000 7f48f5d7c700 1 -- 172.21.15.22:0/3700472579 >> [v2:172.21.15.22:3300/0,v1:172.21.15.22:6789/0] conn(0x7f48f0100710 msgr2=0x7f48f006a4b0 secure :-1 s=STATE_CONNECTION_ESTABLISHED l=1).mark_down
2024-03-08T23:44:56.628 INFO:teuthology.orchestra.run.smithi022.stderr:2024-03-08T23:44:56.628+0000 7f48f5d7c700 1 --2- 172.21.15.22:0/3700472579 >> [v2:172.21.15.22:3300/0,v1:172.21.15.22:6789/0] conn(0x7f48f0100710 0x7f48f006a4b0 secure :-1 s=READY pgs=81 cs=0 l=1 rev1=1 crypto rx=0x7f48e0007890 tx=0x7f48e0009790 comp rx=0 tx=0).stop
2024-03-08T23:44:56.628 INFO:teuthology.orchestra.run.smithi022.stderr:2024-03-08T23:44:56.629+0000 7f48f5d7c700 1 -- 172.21.15.22:0/3700472579 shutdown_connections
2024-03-08T23:44:56.628 INFO:teuthology.orchestra.run.smithi022.stderr:2024-03-08T23:44:56.629+0000 7f48f5d7c700 1 --2- 172.21.15.22:0/3700472579 >> [v2:172.21.15.22:6800/2813827512,v1:172.21.15.22:6801/2813827512] conn(0x7f48dc039070 0x7f48dc03b530 unknown :-1 s=CLOSED pgs=12 cs=0 l=1 rev1=1 crypto rx=0 tx=0 comp rx=0 tx=0).stop
2024-03-08T23:44:56.628 INFO:teuthology.orchestra.run.smithi022.stderr:2024-03-08T23:44:56.629+0000 7f48f5d7c700 1 --2- 172.21.15.22:0/3700472579 >> [v2:172.21.15.22:3300/0,v1:172.21.15.22:6789/0] conn(0x7f48f0100710 0x7f48f006a4b0 unknown :-1 s=CLOSED pgs=81 cs=0 l=1 rev1=1 crypto rx=0 tx=0 comp rx=0 tx=0).stop
2024-03-08T23:44:56.628 INFO:teuthology.orchestra.run.smithi022.stderr:2024-03-08T23:44:56.629+0000 7f48f5d7c700 1 -- 172.21.15.22:0/3700472579 >> 172.21.15.22:0/3700472579 conn(0x7f48f00fbcb0 msgr2=0x7f48f00fc6e0 unknown :-1 s=STATE_NONE l=0).mark_down
2024-03-08T23:44:56.628 INFO:teuthology.orchestra.run.smithi022.stderr:2024-03-08T23:44:56.629+0000 7f48f5d7c700 1 -- 172.21.15.22:0/3700472579 shutdown_connections
2024-03-08T23:44:56.628 INFO:teuthology.orchestra.run.smithi022.stderr:2024-03-08T23:44:56.629+0000 7f48f5d7c700 1 -- 172.21.15.22:0/3700472579 wait complete.
2024-03-08T23:44:56.931 INFO:journalctl@ceph.mon.a.smithi022.stdout:Mar 08 23:44:56 smithi022 ceph-mon[31894]: from='mgr.14152 172.21.15.22:0/2912677454' entity='mgr.x'
2024-03-08T23:44:56.931 INFO:journalctl@ceph.mon.a.smithi022.stdout:Mar 08 23:44:56 smithi022 ceph-mon[31894]: from='mgr.14152 172.21.15.22:0/2912677454' entity='mgr.x'
2024-03-08T23:44:56.931 INFO:journalctl@ceph.mon.a.smithi022.stdout:Mar 08 23:44:56 smithi022 ceph-mon[31894]: from='mgr.14152 172.21.15.22:0/2912677454' entity='mgr.x' cmd=[{"prefix": "config rm", "who": "osd/host:smithi022", "name": "osd_memory_target"}]: dispatch
2024-03-08T23:44:56.931 INFO:journalctl@ceph.mon.a.smithi022.stdout:Mar 08 23:44:56 smithi022 ceph-mon[31894]: from='mgr.14152 172.21.15.22:0/2912677454' entity='mgr.x'
2024-03-08T23:44:56.931 INFO:journalctl@ceph.mon.a.smithi022.stdout:Mar 08 23:44:56 smithi022 ceph-mon[31894]: from='mgr.14152 172.21.15.22:0/2912677454' entity='mgr.x' cmd=[{"prefix": "config dump", "format": "json"}]: dispatch
2024-03-08T23:44:56.931 INFO:journalctl@ceph.mon.a.smithi022.stdout:Mar 08 23:44:56 smithi022 ceph-mon[31894]: from='mgr.14152 172.21.15.22:0/2912677454' entity='mgr.x'
2024-03-08T23:44:56.932 INFO:journalctl@ceph.mon.a.smithi022.stdout:Mar 08 23:44:56 smithi022 ceph-mon[31894]: from='client.? 172.21.15.22:0/3700472579' entity='client.admin'
2024-03-08T23:44:56.932 INFO:journalctl@ceph.mon.a.smithi022.stdout:Mar 08 23:44:56 smithi022 ceph-mon[31894]: from='mgr.14152 172.21.15.22:0/2912677454' entity='mgr.x' cmd=[{"prefix": "config dump", "format": "json"}]: dispatch
2024-03-08T23:44:56.932 INFO:journalctl@ceph.mon.a.smithi022.stdout:Mar 08 23:44:56 smithi022 ceph-mon[31894]: from='mgr.14152 172.21.15.22:0/2912677454' entity='mgr.x'
2024-03-08T23:44:57.237 INFO:tasks.cephadm:Distributing conf and client.admin keyring to all hosts + 0755
2024-03-08T23:44:57.237 DEBUG:teuthology.orchestra.run.smithi022:> sudo /home/ubuntu/cephtest/cephadm --image quay-quay-quay.apps.os.sepia.ceph.com/ceph-ci/ceph:7d63482aa89628d733e298984a762389b625c761 shell -c /etc/ceph/ceph.conf -k /etc/ceph/ceph.client.admin.keyring --fsid 8c5a3016-dda5-11ee-95c6-87774f69a715 -- ceph orch client-keyring set client.admin '*' --mode 0755
2024-03-08T23:44:57.908 INFO:teuthology.orchestra.run.smithi022.stderr:Inferring config /var/lib/ceph/8c5a3016-dda5-11ee-95c6-87774f69a715/mon.a/config
2024-03-08T23:44:59.442 INFO:teuthology.orchestra.run.smithi022.stderr:2024-03-08T23:44:59.441+0000 7fd494c4d700 1 -- 172.21.15.22:0/923586877 >> [v2:172.21.15.22:3300/0,v1:172.21.15.22:6789/0] conn(0x7fd490101830 msgr2=0x7fd490101c50 secure :-1 s=STATE_CONNECTION_ESTABLISHED l=1).mark_down
2024-03-08T23:44:59.442 INFO:teuthology.orchestra.run.smithi022.stderr:2024-03-08T23:44:59.441+0000 7fd494c4d700 1 --2- 172.21.15.22:0/923586877 >> [v2:172.21.15.22:3300/0,v1:172.21.15.22:6789/0] conn(0x7fd490101830 0x7fd490101c50 secure :-1 s=READY pgs=82 cs=0 l=1 rev1=1 crypto rx=0x7fd480009910 tx=0x7fd480009c20 comp rx=0 tx=0).stop
2024-03-08T23:44:59.442 INFO:teuthology.orchestra.run.smithi022.stderr:2024-03-08T23:44:59.442+0000 7fd494c4d700 1 -- 172.21.15.22:0/923586877 shutdown_connections
2024-03-08T23:44:59.442 INFO:teuthology.orchestra.run.smithi022.stderr:2024-03-08T23:44:59.442+0000 7fd494c4d700 1 --2- 172.21.15.22:0/923586877 >> [v2:172.21.15.22:3300/0,v1:172.21.15.22:6789/0] conn(0x7fd490101830 0x7fd490101c50 unknown :-1 s=CLOSED pgs=82 cs=0 l=1 rev1=1 crypto rx=0 tx=0 comp rx=0 tx=0).stop
2024-03-08T23:44:59.442 INFO:teuthology.orchestra.run.smithi022.stderr:2024-03-08T23:44:59.442+0000 7fd494c4d700 1 -- 172.21.15.22:0/923586877 >> 172.21.15.22:0/923586877 conn(0x7fd4900fcdd0 msgr2=0x7fd4900ff210 unknown :-1 s=STATE_NONE l=0).mark_down
2024-03-08T23:44:59.442 INFO:teuthology.orchestra.run.smithi022.stderr:2024-03-08T23:44:59.442+0000 7fd494c4d700 1 -- 172.21.15.22:0/923586877 shutdown_connections
2024-03-08T23:44:59.442 INFO:teuthology.orchestra.run.smithi022.stderr:2024-03-08T23:44:59.442+0000 7fd494c4d700 1 -- 172.21.15.22:0/923586877 wait complete.
2024-03-08T23:44:59.442 INFO:teuthology.orchestra.run.smithi022.stderr:2024-03-08T23:44:59.442+0000 7fd494c4d700 1 Processor -- start
2024-03-08T23:44:59.442 INFO:teuthology.orchestra.run.smithi022.stderr:2024-03-08T23:44:59.442+0000 7fd494c4d700 1 -- start start
2024-03-08T23:44:59.442 INFO:teuthology.orchestra.run.smithi022.stderr:2024-03-08T23:44:59.443+0000 7fd494c4d700 1 --2- >> [v2:172.21.15.22:3300/0,v1:172.21.15.22:6789/0] conn(0x7fd490101830 0x7fd490075a50 unknown :-1 s=NONE pgs=0 cs=0 l=1 rev1=0 crypto rx=0 tx=0 comp rx=0 tx=0).connect
2024-03-08T23:44:59.443 INFO:teuthology.orchestra.run.smithi022.stderr:2024-03-08T23:44:59.443+0000 7fd494c4d700 1 -- --> [v2:172.21.15.22:3300/0,v1:172.21.15.22:6789/0] -- mon_getmap magic: 0 v1 -- 0x7fd4901078c0 con 0x7fd490101830
