2024-03-08T23:56:27.963+0000 7feac6ffd700 1 --2- >> [v2:172.21.15.73:3300/0,v1:172.21.15.73:6789/0] conn(0x7feac8105f10 0x7feac819d800 unknown :-1 s=HELLO_CONNECTING pgs=0 cs=0 l=1 rev1=1 crypto rx=0 tx=0 comp rx=0 tx=0).handle_hello peer v2:172.21.15.73:3300/0 says I am v2:172.21.15.73:44640/0 (socket says 172.21.15.73:44640)
2024-03-08T23:56:28.742 INFO:teuthology.orchestra.run.smithi073.stdout:/usr/bin/ceph: stderr
2024-03-08T23:56:27.963+0000 7feac6ffd700 1 -- 172.21.15.73:0/299955406 learned_addr learned my addr 172.21.15.73:0/299955406 (peer_addr_for_me v2:172.21.15.73:0/0)
2024-03-08T23:56:28.742 INFO:teuthology.orchestra.run.smithi073.stdout:/usr/bin/ceph: stderr
2024-03-08T23:56:27.964+0000 7feac6ffd700 1 -- 172.21.15.73:0/299955406 --> [v2:172.21.15.73:3300/0,v1:172.21.15.73:6789/0] -- mon_subscribe({config=0+,monmap=0+}) v3 -- 0x7feac819dd40 con 0x7feac8105f10
2024-03-08T23:56:28.742 INFO:teuthology.orchestra.run.smithi073.stdout:/usr/bin/ceph: stderr
2024-03-08T23:56:27.964+0000 7feac6ffd700 1 --2- 172.21.15.73:0/299955406 >> [v2:172.21.15.73:3300/0,v1:172.21.15.73:6789/0] conn(0x7feac8105f10 0x7feac819d800 secure :-1 s=READY pgs=21 cs=0 l=1 rev1=1 crypto rx=0x7feab8011b60 tx=0x7feab8011c40 comp rx=0 tx=0).ready entity=mon.0 client_cookie=0 server_cookie=0 in_seq=0 out_seq=0
2024-03-08T23:56:28.743 INFO:teuthology.orchestra.run.smithi073.stdout:/usr/bin/ceph: stderr
2024-03-08T23:56:27.964+0000 7feaaffff700 1 -- 172.21.15.73:0/299955406 <== mon.0 v2:172.21.15.73:3300/0 1 ==== mon_map magic: 0 v1 ==== 205+0+0 (secure 0 0 0) 0x7feab8003970 con 0x7feac8105f10
2024-03-08T23:56:28.743 INFO:teuthology.orchestra.run.smithi073.stdout:/usr/bin/ceph: stderr
2024-03-08T23:56:27.964+0000 7feaaffff700 1 -- 172.21.15.73:0/299955406 <== mon.0 v2:172.21.15.73:3300/0 2 ==== config(27 keys) v1 ==== 1109+0+0 (secure 0 0 0) 0x7feab8003b10 con 0x7feac8105f10
2024-03-08T23:56:28.743 INFO:teuthology.orchestra.run.smithi073.stdout:/usr/bin/ceph: stderr
2024-03-08T23:56:27.964+0000 7feacd28d700 1 -- 172.21.15.73:0/299955406 --> [v2:172.21.15.73:3300/0,v1:172.21.15.73:6789/0] -- mon_subscribe({mgrmap=0+}) v3 -- 0x7feac819dfd0 con 0x7feac8105f10
2024-03-08T23:56:28.743 INFO:teuthology.orchestra.run.smithi073.stdout:/usr/bin/ceph: stderr
2024-03-08T23:56:27.964+0000 7feaaffff700 1 -- 172.21.15.73:0/299955406 <== mon.0 v2:172.21.15.73:3300/0 3 ==== mon_map magic: 0 v1 ==== 205+0+0 (secure 0 0 0) 0x7feab8024610 con 0x7feac8105f10
2024-03-08T23:56:28.743 INFO:teuthology.orchestra.run.smithi073.stdout:/usr/bin/ceph: stderr
2024-03-08T23:56:27.964+0000 7feacd28d700 1 -- 172.21.15.73:0/299955406 --> [v2:172.21.15.73:3300/0,v1:172.21.15.73:6789/0] -- mon_subscribe({osdmap=0}) v3 -- 0x7feac81a0cc0 con 0x7feac8105f10
2024-03-08T23:56:28.743 INFO:teuthology.orchestra.run.smithi073.stdout:/usr/bin/ceph: stderr
2024-03-08T23:56:27.965+0000 7feaaffff700 1 -- 172.21.15.73:0/299955406 <== mon.0 v2:172.21.15.73:3300/0 4 ==== mgrmap(e 4) v1 ==== 46095+0+0 (secure 0 0 0) 0x7feab8024910 con 0x7feac8105f10
2024-03-08T23:56:28.743 INFO:teuthology.orchestra.run.smithi073.stdout:/usr/bin/ceph: stderr
2024-03-08T23:56:27.965+0000 7feaaffff700 1 --2- 172.21.15.73:0/299955406 >> [v2:172.21.15.73:6800/1574449933,v1:172.21.15.73:6801/1574449933] conn(0x7feab0038ed0 0x7feab003b390 unknown :-1 s=NONE pgs=0 cs=0 l=1 rev1=0 crypto rx=0 tx=0 comp rx=0 tx=0).connect
2024-03-08T23:56:28.743 INFO:teuthology.orchestra.run.smithi073.stdout:/usr/bin/ceph: stderr
2024-03-08T23:56:27.965+0000 7feaaffff700 1 -- 172.21.15.73:0/299955406 <== mon.0 v2:172.21.15.73:3300/0 5 ==== osd_map(1..1 src has 1..1) v4 ==== 725+0+0 (secure 0 0 0) 0x7feab8011e00 con 0x7feac8105f10
2024-03-08T23:56:28.743 INFO:teuthology.orchestra.run.smithi073.stdout:/usr/bin/ceph: stderr
2024-03-08T23:56:27.965+0000 7feacd28d700 1 -- 172.21.15.73:0/299955406 --> [v2:172.21.15.73:3300/0,v1:172.21.15.73:6789/0] -- mon_command({"prefix": "get_command_descriptions"} v 0) v1 -- 0x7feac8063410 con 0x7feac8105f10
2024-03-08T23:56:28.743 INFO:teuthology.orchestra.run.smithi073.stdout:/usr/bin/ceph: stderr
2024-03-08T23:56:27.965+0000 7feac67fc700 1 --2- 172.21.15.73:0/299955406 >> [v2:172.21.15.73:6800/1574449933,v1:172.21.15.73:6801/1574449933] conn(0x7feab0038ed0 0x7feab003b390 unknown :-1 s=BANNER_CONNECTING pgs=0 cs=0 l=1 rev1=0 crypto rx=0 tx=0 comp rx=0 tx=0)._handle_peer_banner_payload supported=3 required=0
2024-03-08T23:56:28.743 INFO:teuthology.orchestra.run.smithi073.stdout:/usr/bin/ceph: stderr
2024-03-08T23:56:27.965+0000 7feac67fc700 1 --2- 172.21.15.73:0/299955406 >> [v2:172.21.15.73:6800/1574449933,v1:172.21.15.73:6801/1574449933] conn(0x7feab0038ed0 0x7feab003b390 secure :-1 s=READY pgs=7 cs=0 l=1 rev1=1 crypto rx=0x7feabc006fd0 tx=0x7feabc006e40 comp rx=0 tx=0).ready entity=mgr.14100 client_cookie=0 server_cookie=0 in_seq=0 out_seq=0
2024-03-08T23:56:28.743 INFO:teuthology.orchestra.run.smithi073.stdout:/usr/bin/ceph: stderr
2024-03-08T23:56:27.970+0000 7feaaffff700 1 -- 172.21.15.73:0/299955406 <== mon.0 v2:172.21.15.73:3300/0 6 ==== mon_command_ack([{"prefix": "get_command_descriptions"}]=0 v0) v1 ==== 72+0+184905 (secure 0 0 0) 0x7feab800ba00 con 0x7feac8105f10
2024-03-08T23:56:28.743 INFO:teuthology.orchestra.run.smithi073.stdout:/usr/bin/ceph: stderr
2024-03-08T23:56:28.163+0000 7feacd28d700 1 -- 172.21.15.73:0/299955406 --> [v2:172.21.15.73:3300/0,v1:172.21.15.73:6789/0] -- mon_command({"prefix": "config assimilate-conf"} v 0) v1 -- 0x7feac802da40 con 0x7feac8105f10
2024-03-08T23:56:28.743 INFO:teuthology.orchestra.run.smithi073.stdout:/usr/bin/ceph: stderr
2024-03-08T23:56:28.164+0000 7feaaffff700 1 -- 172.21.15.73:0/299955406 <== mon.0 v2:172.21.15.73:3300/0 7 ==== mon_command_ack([{"prefix": "config assimilate-conf"}]=0 v3) v1 ==== 70+0+373 (secure 0 0 0) 0x7feab8032020 con 0x7feac8105f10
2024-03-08T23:56:28.744 INFO:teuthology.orchestra.run.smithi073.stdout:/usr/bin/ceph: stderr
2024-03-08T23:56:28.167+0000 7feacd28d700 1 -- 172.21.15.73:0/299955406 >> [v2:172.21.15.73:6800/1574449933,v1:172.21.15.73:6801/1574449933] conn(0x7feab0038ed0 msgr2=0x7feab003b390 secure :-1 s=STATE_CONNECTION_ESTABLISHED l=1).mark_down
2024-03-08T23:56:28.744 INFO:teuthology.orchestra.run.smithi073.stdout:/usr/bin/ceph: stderr
2024-03-08T23:56:28.167+0000 7feacd28d700 1 --2- 172.21.15.73:0/299955406 >> [v2:172.21.15.73:6800/1574449933,v1:172.21.15.73:6801/1574449933] conn(0x7feab0038ed0 0x7feab003b390 secure :-1 s=READY pgs=7 cs=0 l=1 rev1=1 crypto rx=0x7feabc006fd0 tx=0x7feabc006e40 comp rx=0 tx=0).stop
2024-03-08T23:56:28.744 INFO:teuthology.orchestra.run.smithi073.stdout:/usr/bin/ceph: stderr
2024-03-08T23:56:28.167+0000 7feacd28d700 1 -- 172.21.15.73:0/299955406 >> [v2:172.21.15.73:3300/0,v1:172.21.15.73:6789/0] conn(0x7feac8105f10 msgr2=0x7feac819d800 secure :-1 s=STATE_CONNECTION_ESTABLISHED l=1).mark_down
2024-03-08T23:56:28.744 INFO:teuthology.orchestra.run.smithi073.stdout:/usr/bin/ceph: stderr
2024-03-08T23:56:28.167+0000 7feacd28d700 1 --2- 172.21.15.73:0/299955406 >> [v2:172.21.15.73:3300/0,v1:172.21.15.73:6789/0] conn(0x7feac8105f10 0x7feac819d800 secure :-1 s=READY pgs=21 cs=0 l=1 rev1=1 crypto rx=0x7feab8011b60 tx=0x7feab8011c40 comp rx=0 tx=0).stop
2024-03-08T23:56:28.744 INFO:teuthology.orchestra.run.smithi073.stdout:/usr/bin/ceph: stderr
2024-03-08T23:56:28.167+0000 7feacd28d700 1 -- 172.21.15.73:0/299955406 shutdown_connections
2024-03-08T23:56:28.744 INFO:teuthology.orchestra.run.smithi073.stdout:/usr/bin/ceph: stderr
2024-03-08T23:56:28.167+0000 7feacd28d700 1 --2- 172.21.15.73:0/299955406 >> [v2:172.21.15.73:6800/1574449933,v1:172.21.15.73:6801/1574449933] conn(0x7feab0038ed0 0x7feab003b390 unknown :-1 s=CLOSED pgs=7 cs=0 l=1 rev1=1 crypto rx=0 tx=0 comp rx=0 tx=0).stop
2024-03-08T23:56:28.744 INFO:teuthology.orchestra.run.smithi073.stdout:/usr/bin/ceph: stderr
2024-03-08T23:56:28.167+0000 7feacd28d700 1 --2- 172.21.15.73:0/299955406 >> [v2:172.21.15.73:3300/0,v1:172.21.15.73:6789/0] conn(0x7feac8105f10 0x7feac819d800 unknown :-1 s=CLOSED pgs=21 cs=0 l=1 rev1=1 crypto rx=0 tx=0 comp rx=0 tx=0).stop
2024-03-08T23:56:28.744 INFO:teuthology.orchestra.run.smithi073.stdout:/usr/bin/ceph: stderr
2024-03-08T23:56:28.167+0000 7feacd28d700 1 -- 172.21.15.73:0/299955406 >> 172.21.15.73:0/299955406 conn(0x7feac8101b70 msgr2=0x7feac8194470 unknown :-1 s=STATE_NONE l=0).mark_down
2024-03-08T23:56:28.744 INFO:teuthology.orchestra.run.smithi073.stdout:/usr/bin/ceph: stderr
2024-03-08T23:56:28.167+0000 7feacd28d700 1 -- 172.21.15.73:0/299955406 shutdown_connections
2024-03-08T23:56:28.744 INFO:teuthology.orchestra.run.smithi073.stdout:/usr/bin/ceph: stderr
2024-03-08T23:56:28.167+0000 7feacd28d700 1 -- 172.21.15.73:0/299955406 wait complete.
2024-03-08T23:56:28.744 INFO:teuthology.orchestra.run.smithi073.stdout:Enabling cephadm module...
2024-03-08T23:56:29.652 INFO:journalctl@ceph.mon.a.smithi073.stdout:Mar 08 23:56:29 smithi073 ceph-mon[32309]: from='client.? 172.21.15.73:0/1052689986' entity='client.admin' cmd=[{"prefix": "mgr module enable", "module": "cephadm"}]: dispatch
2024-03-08T23:56:29.652 INFO:journalctl@ceph.mgr.x.smithi073.stdout:Mar 08 23:56:29 smithi073 ceph-44f886a8-dda7-11ee-95c6-87774f69a715-mgr-x[32539]: ignoring --setuser ceph since I am not root
2024-03-08T23:56:29.652 INFO:journalctl@ceph.mgr.x.smithi073.stdout:Mar 08 23:56:29 smithi073 ceph-44f886a8-dda7-11ee-95c6-87774f69a715-mgr-x[32539]: ignoring --setgroup ceph since I am not root
2024-03-08T23:56:30.071 INFO:teuthology.orchestra.run.smithi073.stdout:/usr/bin/ceph: stderr
2024-03-08T23:56:29.160+0000 7f01bea3f700 1 Processor -- start
2024-03-08T23:56:30.071 INFO:teuthology.orchestra.run.smithi073.stdout:/usr/bin/ceph: stderr
2024-03-08T23:56:29.160+0000 7f01bea3f700 1 -- start start
2024-03-08T23:56:30.071 INFO:teuthology.orchestra.run.smithi073.stdout:/usr/bin/ceph: stderr
2024-03-08T23:56:29.160+0000 7f01bea3f700 1 --2- >> [v2:172.21.15.73:3300/0,v1:172.21.15.73:6789/0] conn(0x7f01b8106530 0x7f01b8106950 unknown :-1 s=NONE pgs=0 cs=0 l=0 rev1=0 crypto rx=0 tx=0 comp rx=0 tx=0).connect
2024-03-08T23:56:30.071 INFO:teuthology.orchestra.run.smithi073.stdout:/usr/bin/ceph: stderr
2024-03-08T23:56:29.160+0000 7f01bea3f700 1 -- --> [v2:172.21.15.73:3300/0,v1:172.21.15.73:6789/0] -- mon_getmap magic: 0 v1 -- 0x7f01b8106f20 con 0x7f01b8106530
2024-03-08T23:56:30.071 INFO:teuthology.orchestra.run.smithi073.stdout:/usr/bin/ceph: stderr
2024-03-08T23:56:29.161+0000 7f01b7fff700 1 --2- >> [v2:172.21.15.73:3300/0,v1:172.21.15.73:6789/0] conn(0x7f01b8106530 0x7f01b8106950 unknown :-1 s=BANNER_CONNECTING pgs=0 cs=0 l=0 rev1=0 crypto rx=0 tx=0 comp rx=0 tx=0)._handle_peer_banner_payload supported=3 required=0
2024-03-08T23:56:30.071 INFO:teuthology.orchestra.run.smithi073.stdout:/usr/bin/ceph: stderr
2024-03-08T23:56:29.161+0000 7f01b7fff700 1 --2- >> [v2:172.21.15.73:3300/0,v1:172.21.15.73:6789/0] conn(0x7f01b8106530 0x7f01b8106950 unknown :-1 s=HELLO_CONNECTING pgs=0 cs=0 l=0 rev1=1 crypto rx=0 tx=0 comp rx=0 tx=0).handle_hello peer v2:172.21.15.73:3300/0 says I am v2:172.21.15.73:36140/0 (socket says 172.21.15.73:36140)
2024-03-08T23:56:30.071 INFO:teuthology.orchestra.run.smithi073.stdout:/usr/bin/ceph: stderr
2024-03-08T23:56:29.161+0000 7f01b7fff700 1 -- 172.21.15.73:0/960623460 learned_addr learned my addr 172.21.15.73:0/960623460 (peer_addr_for_me v2:172.21.15.73:0/0)
2024-03-08T23:56:30.072 INFO:teuthology.orchestra.run.smithi073.stdout:/usr/bin/ceph: stderr
2024-03-08T23:56:29.161+0000 7f01b7fff700 1 -- 172.21.15.73:0/960623460 --> [v2:172.21.15.73:3300/0,v1:172.21.15.73:6789/0] -- mon_subscribe({config=0+,monmap=0+}) v3 -- 0x7f01b8107730 con 0x7f01b8106530
2024-03-08T23:56:30.072 INFO:teuthology.orchestra.run.smithi073.stdout:/usr/bin/ceph: stderr
2024-03-08T23:56:29.161+0000 7f01b7fff700 1 --2- 172.21.15.73:0/960623460 >> [v2:172.21.15.73:3300/0,v1:172.21.15.73:6789/0] conn(0x7f01b8106530 0x7f01b8106950 secure :-1 s=READY pgs=22 cs=0 l=1 rev1=1 crypto rx=0x7f01ac0098a0 tx=0x7f01ac009bb0 comp rx=0 tx=0).ready entity=mon.0 client_cookie=187eaf2968413946 server_cookie=0 in_seq=0 out_seq=0
2024-03-08T23:56:30.072 INFO:teuthology.orchestra.run.smithi073.stdout:/usr/bin/ceph: stderr
2024-03-08T23:56:29.161+0000 7f01b6ffd700 1 -- 172.21.15.73:0/960623460 <== mon.0 v2:172.21.15.73:3300/0 1 ==== mon_map magic: 0 v1 ==== 205+0+0 (secure 0 0 0) 0x7f01ac004160 con 0x7f01b8106530
2024-03-08T23:56:30.072 INFO:teuthology.orchestra.run.smithi073.stdout:/usr/bin/ceph: stderr
2024-03-08T23:56:29.161+0000 7f01b6ffd700 1 -- 172.21.15.73:0/960623460 <== mon.0 v2:172.21.15.73:3300/0 2 ==== config(27 keys) v1 ==== 1109+0+0 (secure 0 0 0) 0x7f01ac004300 con 0x7f01b8106530
2024-03-08T23:56:30.072 INFO:teuthology.orchestra.run.smithi073.stdout:/usr/bin/ceph: stderr
2024-03-08T23:56:29.161+0000 7f01b6ffd700 1 -- 172.21.15.73:0/960623460 <== mon.0 v2:172.21.15.73:3300/0 3 ==== mon_map magic: 0 v1 ==== 205+0+0 (secure 0 0 0) 0x7f01ac011b50 con 0x7f01b8106530
2024-03-08T23:56:30.072 INFO:teuthology.orchestra.run.smithi073.stdout:/usr/bin/ceph: stderr
2024-03-08T23:56:29.162+0000 7f01bea3f700 1 -- 172.21.15.73:0/960623460 >> [v2:172.21.15.73:3300/0,v1:172.21.15.73:6789/0] conn(0x7f01b8106530 msgr2=0x7f01b8106950 secure :-1 s=STATE_CONNECTION_ESTABLISHED l=1).mark_down
2024-03-08T23:56:30.072 INFO:teuthology.orchestra.run.smithi073.stdout:/usr/bin/ceph: stderr
2024-03-08T23:56:29.162+0000 7f01bea3f700 1 --2- 172.21.15.73:0/960623460 >> [v2:172.21.15.73:3300/0,v1:172.21.15.73:6789/0] conn(0x7f01b8106530 0x7f01b8106950 secure :-1 s=READY pgs=22 cs=0 l=1 rev1=1 crypto rx=0x7f01ac0098a0 tx=0x7f01ac009bb0 comp rx=0 tx=0).stop
2024-03-08T23:56:30.072 INFO:teuthology.orchestra.run.smithi073.stdout:/usr/bin/ceph: stderr
2024-03-08T23:56:29.162+0000 7f01bea3f700 1 -- 172.21.15.73:0/960623460 shutdown_connections
2024-03-08T23:56:30.072 INFO:teuthology.orchestra.run.smithi073.stdout:/usr/bin/ceph: stderr
2024-03-08T23:56:29.162+0000 7f01bea3f700 1 --2- 172.21.15.73:0/960623460 >> [v2:172.21.15.73:3300/0,v1:172.21.15.73:6789/0] conn(0x7f01b8106530 0x7f01b8106950 unknown :-1 s=CLOSED pgs=22 cs=0 l=1 rev1=1 crypto rx=0 tx=0 comp rx=0 tx=0).stop
2024-03-08T23:56:30.072 INFO:teuthology.orchestra.run.smithi073.stdout:/usr/bin/ceph: stderr
2024-03-08T23:56:29.162+0000 7f01bea3f700 1 -- 172.21.15.73:0/960623460 >> 172.21.15.73:0/960623460 conn(0x7f01b8101b70 msgr2=0x7f01b8103f90 unknown :-1 s=STATE_NONE l=0).mark_down
2024-03-08T23:56:30.073 INFO:teuthology.orchestra.run.smithi073.stdout:/usr/bin/ceph: stderr
2024-03-08T23:56:29.162+0000 7f01bea3f700 1 -- 172.21.15.73:0/960623460 shutdown_connections
2024-03-08T23:56:30.073 INFO:teuthology.orchestra.run.smithi073.stdout:/usr/bin/ceph: stderr
2024-03-08T23:56:29.162+0000 7f01bea3f700 1 -- 172.21.15.73:0/960623460 wait complete.
2024-03-08T23:56:30.073 INFO:teuthology.orchestra.run.smithi073.stdout:/usr/bin/ceph: stderr
2024-03-08T23:56:29.163+0000 7f01bea3f700 1 Processor -- start
2024-03-08T23:56:30.073 INFO:teuthology.orchestra.run.smithi073.stdout:/usr/bin/ceph: stderr
2024-03-08T23:56:29.163+0000 7f01bea3f700 1 -- start start
2024-03-08T23:56:30.073 INFO:teuthology.orchestra.run.smithi073.stdout:/usr/bin/ceph: stderr
2024-03-08T23:56:29.163+0000 7f01bea3f700 1 --2- >> [v2:172.21.15.73:3300/0,v1:172.21.15.73:6789/0] conn(0x7f01b8106530 0x7f01b819a570 unknown :-1 s=NONE pgs=0 cs=0 l=1 rev1=0 crypto rx=0 tx=0 comp rx=0 tx=0).connect
2024-03-08T23:56:30.073 INFO:teuthology.orchestra.run.smithi073.stdout:/usr/bin/ceph: stderr
2024-03-08T23:56:29.163+0000 7f01bea3f700 1 -- --> [v2:172.21.15.73:3300/0,v1:172.21.15.73:6789/0] -- mon_getmap magic: 0 v1 -- 0x7f01b810aae0 con 0x7f01b8106530
2024-03-08T23:56:30.073 INFO:teuthology.orchestra.run.smithi073.stdout:/usr/bin/ceph: stderr
2024-03-08T23:56:29.163+0000 7f01b7fff700 1 --2- >> [v2:172.21.15.73:3300/0,v1:172.21.15.73:6789/0] conn(0x7f01b8106530 0x7f01b819a570 unknown :-1 s=BANNER_CONNECTING pgs=0 cs=0 l=1 rev1=0 crypto rx=0 tx=0 comp rx=0 tx=0)._handle_peer_banner_payload supported=3 required=0
2024-03-08T23:56:30.073 INFO:teuthology.orchestra.run.smithi073.stdout:/usr/bin/ceph: stderr
2024-03-08T23:56:29.163+0000 7f01b7fff700 1 --2- >> [v2:172.21.15.73:3300/0,v1:172.21.15.73:6789/0] conn(0x7f01b8106530 0x7f01b819a570 unknown :-1 s=HELLO_CONNECTING pgs=0 cs=0 l=1 rev1=1 crypto rx=0 tx=0 comp rx=0 tx=0).handle_hello peer v2:172.21.15.73:3300/0 says I am v2:172.21.15.73:36154/0 (socket says 172.21.15.73:36154)
2024-03-08T23:56:30.073 INFO:teuthology.orchestra.run.smithi073.stdout:/usr/bin/ceph: stderr
2024-03-08T23:56:29.163+0000 7f01b7fff700 1 -- 172.21.15.73:0/1052689986 learned_addr learned my addr 172.21.15.73:0/1052689986 (peer_addr_for_me v2:172.21.15.73:0/0)
2024-03-08T23:56:30.073 INFO:teuthology.orchestra.run.smithi073.stdout:/usr/bin/ceph: stderr
2024-03-08T23:56:29.163+0000 7f01b7fff700 1 -- 172.21.15.73:0/1052689986 --> [v2:172.21.15.73:3300/0,v1:172.21.15.73:6789/0] -- mon_subscribe({config=0+,monmap=0+}) v3 -- 0x7f01b819aab0 con 0x7f01b8106530
2024-03-08T23:56:30.073 INFO:teuthology.orchestra.run.smithi073.stdout:/usr/bin/ceph: stderr
2024-03-08T23:56:29.164+0000 7f01b7fff700 1 --2- 172.21.15.73:0/1052689986 >> [v2:172.21.15.73:3300/0,v1:172.21.15.73:6789/0] conn(0x7f01b8106530 0x7f01b819a570 secure :-1 s=READY pgs=23 cs=0 l=1 rev1=1 crypto rx=0x7f01ac009fb0 tx=0x7f01ac011bf0 comp rx=0 tx=0).ready entity=mon.0 client_cookie=0 server_cookie=0 in_seq=0 out_seq=0
2024-03-08T23:56:30.074 INFO:teuthology.orchestra.run.smithi073.stdout:/usr/bin/ceph: stderr
2024-03-08T23:56:29.164+0000 7f01b57fa700 1 -- 172.21.15.73:0/1052689986 <== mon.0 v2:172.21.15.73:3300/0 1 ==== mon_map magic: 0 v1 ==== 205+0+0 (secure 0 0 0) 0x7f01ac0038b0 con 0x7f01b8106530
2024-03-08T23:56:30.074 INFO:teuthology.orchestra.run.smithi073.stdout:/usr/bin/ceph: stderr
2024-03-08T23:56:29.164+0000 7f01b57fa700 1 -- 172.21.15.73:0/1052689986 <== mon.0 v2:172.21.15.73:3300/0 2 ==== config(27 keys) v1 ==== 1109+0+0 (secure 0 0 0) 0x7f01ac011e50 con 0x7f01b8106530
2024-03-08T23:56:30.074 INFO:teuthology.orchestra.run.smithi073.stdout:/usr/bin/ceph: stderr
2024-03-08T23:56:29.164+0000 7f01b57fa700 1 -- 172.21.15.73:0/1052689986 <== mon.0 v2:172.21.15.73:3300/0 3 ==== mon_map magic: 0 v1 ==== 205+0+0 (secure 0 0 0) 0x7f01ac019550 con 0x7f01b8106530
2024-03-08T23:56:30.074 INFO:teuthology.orchestra.run.smithi073.stdout:/usr/bin/ceph: stderr
2024-03-08T23:56:29.164+0000 7f01bea3f700 1 -- 172.21.15.73:0/1052689986 --> [v2:172.21.15.73:3300/0,v1:172.21.15.73:6789/0] -- mon_subscribe({mgrmap=0+}) v3 -- 0x7f01b819ad40 con 0x7f01b8106530
2024-03-08T23:56:30.074 INFO:teuthology.orchestra.run.smithi073.stdout:/usr/bin/ceph: stderr
2024-03-08T23:56:29.164+0000 7f01bea3f700 1 -- 172.21.15.73:0/1052689986 --> [v2:172.21.15.73:3300/0,v1:172.21.15.73:6789/0] -- mon_subscribe({osdmap=0}) v3 -- 0x7f01b819da30 con 0x7f01b8106530
2024-03-08T23:56:30.074 INFO:teuthology.orchestra.run.smithi073.stdout:/usr/bin/ceph: stderr
2024-03-08T23:56:29.165+0000 7f01b57fa700 1 -- 172.21.15.73:0/1052689986 <== mon.0 v2:172.21.15.73:3300/0 4 ==== mgrmap(e 4) v1 ==== 46095+0+0 (secure 0 0 0) 0x7f01ac019800 con 0x7f01b8106530
2024-03-08T23:56:30.074 INFO:teuthology.orchestra.run.smithi073.stdout:/usr/bin/ceph: stderr
2024-03-08T23:56:29.165+0000 7f01bea3f700 1 -- 172.21.15.73:0/1052689986 --> [v2:172.21.15.73:3300/0,v1:172.21.15.73:6789/0] -- mon_command({"prefix": "get_command_descriptions"} v 0) v1 -- 0x7f01b8063410 con 0x7f01b8106530
2024-03-08T23:56:30.074 INFO:teuthology.orchestra.run.smithi073.stdout:/usr/bin/ceph: stderr
2024-03-08T23:56:29.165+0000 7f01b57fa700 1 --2- 172.21.15.73:0/1052689986 >> [v2:172.21.15.73:6800/1574449933,v1:172.21.15.73:6801/1574449933] conn(0x7f01a0038ed0 0x7f01a003b390 unknown :-1 s=NONE pgs=0 cs=0 l=1 rev1=0 crypto rx=0 tx=0 comp rx=0 tx=0).connect
2024-03-08T23:56:30.074 INFO:teuthology.orchestra.run.smithi073.stdout:/usr/bin/ceph: stderr
2024-03-08T23:56:29.165+0000 7f01b57fa700 1 -- 172.21.15.73:0/1052689986 <== mon.0 v2:172.21.15.73:3300/0 5 ==== osd_map(1..1 src has 1..1) v4 ==== 725+0+0 (secure 0 0 0) 0x7f01ac04d080 con 0x7f01b8106530
2024-03-08T23:56:30.075 INFO:teuthology.orchestra.run.smithi073.stdout:/usr/bin/ceph: stderr
2024-03-08T23:56:29.165+0000 7f01b77fe700 1 --2- 172.21.15.73:0/1052689986 >> [v2:172.21.15.73:6800/1574449933,v1:172.21.15.73:6801/1574449933] conn(0x7f01a0038ed0 0x7f01a003b390 unknown :-1 s=BANNER_CONNECTING pgs=0 cs=0 l=1 rev1=0 crypto rx=0 tx=0 comp rx=0 tx=0)._handle_peer_banner_payload supported=3 required=0
2024-03-08T23:56:30.075 INFO:teuthology.orchestra.run.smithi073.stdout:/usr/bin/ceph: stderr
2024-03-08T23:56:29.165+0000 7f01b77fe700 1 --2- 172.21.15.73:0/1052689986 >> [v2:172.21.15.73:6800/1574449933,v1:172.21.15.73:6801/1574449933] conn(0x7f01a0038ed0 0x7f01a003b390 secure :-1 s=READY pgs=8 cs=0 l=1 rev1=1 crypto rx=0x7f01a8006fd0 tx=0x7f01a8006e40 comp rx=0 tx=0).ready entity=mgr.14100 client_cookie=0 server_cookie=0 in_seq=0 out_seq=0
2024-03-08T23:56:30.075 INFO:teuthology.orchestra.run.smithi073.stdout:/usr/bin/ceph: stderr
2024-03-08T23:56:29.174+0000 7f01b57fa700 1 -- 172.21.15.73:0/1052689986 <== mon.0 v2:172.21.15.73:3300/0 6 ==== mon_command_ack([{"prefix": "get_command_descriptions"}]=0 v0) v1 ==== 72+0+184905 (secure 0 0 0) 0x7f01ac04caa0 con 0x7f01b8106530
2024-03-08T23:56:30.075 INFO:teuthology.orchestra.run.smithi073.stdout:/usr/bin/ceph: stderr
2024-03-08T23:56:29.436+0000 7f01bea3f700 1 -- 172.21.15.73:0/1052689986 --> [v2:172.21.15.73:3300/0,v1:172.21.15.73:6789/0] -- mon_command({"prefix": "mgr module enable", "module": "cephadm"} v 0) v1 -- 0x7f01b819dc00 con 0x7f01b8106530
2024-03-08T23:56:30.075 INFO:teuthology.orchestra.run.smithi073.stdout:/usr/bin/ceph: stderr
2024-03-08T23:56:29.487+0000 7f01b57fa700 1 -- 172.21.15.73:0/1052689986 <== mon.0 v2:172.21.15.73:3300/0 7 ==== mon_command_ack([{"prefix": "mgr module enable", "module": "cephadm"}]=0 v5) v1 ==== 86+0+0 (secure 0 0 0) 0x7f01b819dc00 con 0x7f01b8106530
2024-03-08T23:56:30.075 INFO:teuthology.orchestra.run.smithi073.stdout:/usr/bin/ceph: stderr
2024-03-08T23:56:29.488+0000 7f01b57fa700 1 -- 172.21.15.73:0/1052689986 <== mon.0 v2:172.21.15.73:3300/0 8 ==== mgrmap(e 5) v1 ==== 46106+0+0 (secure 0 0 0) 0x7f01ac02d960 con 0x7f01b8106530
2024-03-08T23:56:30.075 INFO:teuthology.orchestra.run.smithi073.stdout:/usr/bin/ceph: stderr
2024-03-08T23:56:29.490+0000 7f01bea3f700 1 -- 172.21.15.73:0/1052689986 >> [v2:172.21.15.73:6800/1574449933,v1:172.21.15.73:6801/1574449933] conn(0x7f01a0038ed0 msgr2=0x7f01a003b390 secure :-1 s=STATE_CONNECTION_ESTABLISHED l=1).mark_down
2024-03-08T23:56:30.075 INFO:teuthology.orchestra.run.smithi073.stdout:/usr/bin/ceph: stderr
2024-03-08T23:56:29.490+0000 7f01bea3f700 1 --2- 172.21.15.73:0/1052689986 >> [v2:172.21.15.73:6800/1574449933,v1:172.21.15.73:6801/1574449933] conn(0x7f01a0038ed0 0x7f01a003b390 secure :-1 s=READY pgs=8 cs=0 l=1 rev1=1 crypto rx=0x7f01a8006fd0 tx=0x7f01a8006e40 comp rx=0 tx=0).stop
2024-03-08T23:56:30.075 INFO:teuthology.orchestra.run.smithi073.stdout:/usr/bin/ceph: stderr
2024-03-08T23:56:29.490+0000 7f01bea3f700 1 -- 172.21.15.73:0/1052689986 >> [v2:172.21.15.73:3300/0,v1:172.21.15.73:6789/0] conn(0x7f01b8106530 msgr2=0x7f01b819a570 secure :-1 s=STATE_CONNECTION_ESTABLISHED l=1).mark_down
2024-03-08T23:56:30.075 INFO:teuthology.orchestra.run.smithi073.stdout:/usr/bin/ceph: stderr
2024-03-08T23:56:29.490+0000 7f01bea3f700 1 --2- 172.21.15.73:0/1052689986 >> [v2:172.21.15.73:3300/0,v1:172.21.15.73:6789/0] conn(0x7f01b8106530 0x7f01b819a570 secure :-1 s=READY pgs=23 cs=0 l=1 rev1=1 crypto rx=0x7f01ac009fb0 tx=0x7f01ac011bf0 comp rx=0 tx=0).stop
2024-03-08T23:56:30.075 INFO:teuthology.orchestra.run.smithi073.stdout:/usr/bin/ceph: stderr
2024-03-08T23:56:29.490+0000 7f01bea3f700 1 -- 172.21.15.73:0/1052689986 shutdown_connections
2024-03-08T23:56:30.075 INFO:teuthology.orchestra.run.smithi073.stdout:/usr/bin/ceph: stderr
2024-03-08T23:56:29.490+0000 7f01bea3f700 1 --2- 172.21.15.73:0/1052689986 >> [v2:172.21.15.73:6800/1574449933,v1:172.21.15.73:6801/1574449933] conn(0x7f01a0038ed0 0x7f01a003b390 unknown :-1 s=CLOSED pgs=8 cs=0 l=1 rev1=1 crypto rx=0 tx=0 comp rx=0 tx=0).stop
2024-03-08T23:56:30.075 INFO:teuthology.orchestra.run.smithi073.stdout:/usr/bin/ceph: stderr
2024-03-08T23:56:29.490+0000 7f01bea3f700 1 --2- 172.21.15.73:0/1052689986 >> [v2:172.21.15.73:3300/0,v1:172.21.15.73:6789/0] conn(0x7f01b8106530 0x7f01b819a570 unknown :-1 s=CLOSED pgs=23 cs=0 l=1 rev1=1 crypto rx=0 tx=0 comp rx=0 tx=0).stop
2024-03-08T23:56:30.076 INFO:teuthology.orchestra.run.smithi073.stdout:/usr/bin/ceph: stderr
2024-03-08T23:56:29.490+0000 7f01bea3f700 1 -- 172.21.15.73:0/1052689986 >> 172.21.15.73:0/1052689986 conn(0x7f01b8101b70 msgr2=0x7f01b8102720 unknown :-1 s=STATE_NONE l=0).mark_down
2024-03-08T23:56:30.076 INFO:teuthology.orchestra.run.smithi073.stdout:/usr/bin/ceph: stderr
2024-03-08T23:56:29.491+0000 7f01bea3f700 1 -- 172.21.15.73:0/1052689986 shutdown_connections
2024-03-08T23:56:30.076 INFO:teuthology.orchestra.run.smithi073.stdout:/usr/bin/ceph: stderr
2024-03-08T23:56:29.491+0000 7f01bea3f700 1 -- 172.21.15.73:0/1052689986 wait complete.
2024-03-08T23:56:30.142 INFO:journalctl@ceph.mgr.x.smithi073.stdout:Mar 08 23:56:30 smithi073 ceph-44f886a8-dda7-11ee-95c6-87774f69a715-mgr-x[32539]:
2024-03-08T23:56:30.048+0000 7fc6df65b200 -1 mgr[py] Module osd_perf_query has missing NOTIFY_TYPES member
2024-03-08T23:56:30.143 INFO:journalctl@ceph.mgr.x.smithi073.stdout:Mar 08 23:56:30 smithi073 ceph-44f886a8-dda7-11ee-95c6-87774f69a715-mgr-x[32539]:
2024-03-08T23:56:30.146+0000 7fc6df65b200 -1 mgr[py] Module snap_schedule has missing NOTIFY_TYPES member
2024-03-08T23:56:30.719 INFO:journalctl@ceph.mon.a.smithi073.stdout:Mar 08 23:56:30 smithi073 ceph-mon[32309]: from='client.? 172.21.15.73:0/1052689986' entity='client.admin' cmd='[{"prefix": "mgr module enable", "module": "cephadm"}]': finished
2024-03-08T23:56:30.719 INFO:journalctl@ceph.mon.a.smithi073.stdout:Mar 08 23:56:30 smithi073 ceph-mon[32309]: mgrmap e5: x(active, since 6s)
2024-03-08T23:56:31.037 INFO:journalctl@ceph.mgr.x.smithi073.stdout:Mar 08 23:56:30 smithi073 ceph-44f886a8-dda7-11ee-95c6-87774f69a715-mgr-x[32539]:
2024-03-08T23:56:30.803+0000 7fc6df65b200 -1 mgr[py] Module zabbix has missing NOTIFY_TYPES member
2024-03-08T23:56:31.037 INFO:journalctl@ceph.mgr.x.smithi073.stdout:Mar 08 23:56:30 smithi073 ceph-44f886a8-dda7-11ee-95c6-87774f69a715-mgr-x[32539]:
2024-03-08T23:56:30.897+0000 7fc6df65b200 -1 mgr[py] Module balancer has missing NOTIFY_TYPES member
2024-03-08T23:56:31.037 INFO:journalctl@ceph.mgr.x.smithi073.stdout:Mar 08 23:56:31 smithi073 ceph-44f886a8-dda7-11ee-95c6-87774f69a715-mgr-x[32539]:
2024-03-08T23:56:31.040+0000 7fc6df65b200 -1 mgr[py] Module influx has missing NOTIFY_TYPES member
2024-03-08T23:56:31.350 INFO:journalctl@ceph.mgr.x.smithi073.stdout:Mar 08 23:56:31 smithi073 ceph-44f886a8-dda7-11ee-95c6-87774f69a715-mgr-x[32539]:
2024-03-08T23:56:31.136+0000 7fc6df65b200 -1 mgr[py] Module alerts has missing NOTIFY_TYPES member
2024-03-08T23:56:31.350 INFO:journalctl@ceph.mgr.x.smithi073.stdout:Mar 08 23:56:31 smithi073 ceph-44f886a8-dda7-11ee-95c6-87774f69a715-mgr-x[32539]:
2024-03-08T23:56:31.219+0000 7fc6df65b200 -1 mgr[py] Module iostat has missing NOTIFY_TYPES member
2024-03-08T23:56:31.359 INFO:teuthology.orchestra.run.smithi073.stdout:/usr/bin/ceph: stdout {
2024-03-08T23:56:31.359 INFO:teuthology.orchestra.run.smithi073.stdout:/usr/bin/ceph: stdout "epoch": 5,
2024-03-08T23:56:31.359 INFO:teuthology.orchestra.run.smithi073.stdout:/usr/bin/ceph: stdout "available": true,
2024-03-08T23:56:31.359 INFO:teuthology.orchestra.run.smithi073.stdout:/usr/bin/ceph: stdout "active_name": "x",
2024-03-08T23:56:31.360 INFO:teuthology.orchestra.run.smithi073.stdout:/usr/bin/ceph: stdout "num_standby": 0
2024-03-08T23:56:31.360 INFO:teuthology.orchestra.run.smithi073.stdout:/usr/bin/ceph: stdout }
2024-03-08T23:56:31.360 INFO:teuthology.orchestra.run.smithi073.stdout:/usr/bin/ceph: stderr
2024-03-08T23:56:30.517+0000 7f958446e700 1 Processor -- start
2024-03-08T23:56:31.360 INFO:teuthology.orchestra.run.smithi073.stdout:/usr/bin/ceph: stderr
2024-03-08T23:56:30.517+0000 7f958446e700 1 -- start start
2024-03-08T23:56:31.360 INFO:teuthology.orchestra.run.smithi073.stdout:/usr/bin/ceph: stderr
2024-03-08T23:56:30.517+0000 7f958446e700 1 --2- >> [v2:172.21.15.73:3300/0,v1:172.21.15.73:6789/0] conn(0x7f957c108160 0x7f957c10a550 unknown :-1 s=NONE pgs=0 cs=0 l=0 rev1=0 crypto rx=0 tx=0 comp rx=0 tx=0).connect
2024-03-08T23:56:31.360 INFO:teuthology.orchestra.run.smithi073.stdout:/usr/bin/ceph: stderr
2024-03-08T23:56:30.517+0000 7f958446e700 1 -- --> [v2:172.21.15.73:3300/0,v1:172.21.15.73:6789/0] -- mon_getmap magic: 0 v1 -- 0x7f957c07ade0 con 0x7f957c108160
2024-03-08T23:56:31.360 INFO:teuthology.orchestra.run.smithi073.stdout:/usr/bin/ceph: stderr
2024-03-08T23:56:30.518+0000 7f958220a700 1 --2- >> [v2:172.21.15.73:3300/0,v1:172.21.15.73:6789/0] conn(0x7f957c108160 0x7f957c10a550 unknown :-1 s=BANNER_CONNECTING pgs=0 cs=0 l=0 rev1=0 crypto rx=0 tx=0 comp rx=0 tx=0)._handle_peer_banner_payload supported=3 required=0
2024-03-08T23:56:31.360 INFO:teuthology.orchestra.run.smithi073.stdout:/usr/bin/ceph: stderr
2024-03-08T23:56:30.518+0000 7f958220a700 1 --2- >> [v2:172.21.15.73:3300/0,v1:172.21.15.73:6789/0] conn(0x7f957c108160 0x7f957c10a550 unknown :-1 s=HELLO_CONNECTING pgs=0 cs=0 l=0 rev1=1 crypto rx=0 tx=0 comp rx=0 tx=0).handle_hello peer v2:172.21.15.73:3300/0 says I am v2:172.21.15.73:36188/0 (socket says 172.21.15.73:36188)
2024-03-08T23:56:31.360 INFO:teuthology.orchestra.run.smithi073.stdout:/usr/bin/ceph: stderr
2024-03-08T23:56:30.518+0000 7f958220a700 1 -- 172.21.15.73:0/4158412858 learned_addr learned my addr 172.21.15.73:0/4158412858 (peer_addr_for_me v2:172.21.15.73:0/0)
2024-03-08T23:56:31.360 INFO:teuthology.orchestra.run.smithi073.stdout:/usr/bin/ceph: stderr
2024-03-08T23:56:30.518+0000 7f958220a700 1 -- 172.21.15.73:0/4158412858 --> [v2:172.21.15.73:3300/0,v1:172.21.15.73:6789/0] -- mon_subscribe({config=0+,monmap=0+}) v3 -- 0x7f957c10aa90 con 0x7f957c108160
2024-03-08T23:56:31.360 INFO:teuthology.orchestra.run.smithi073.stdout:/usr/bin/ceph: stderr
2024-03-08T23:56:30.518+0000 7f958220a700 1 --2- 172.21.15.73:0/4158412858 >> [v2:172.21.15.73:3300/0,v1:172.21.15.73:6789/0] conn(0x7f957c108160 0x7f957c10a550 secure :-1 s=READY pgs=26 cs=0 l=1 rev1=1 crypto rx=0x7f95700098a0 tx=0x7f9570009bb0 comp rx=0 tx=0).ready entity=mon.0 client_cookie=dc9a591340362ce9 server_cookie=0 in_seq=0 out_seq=0
2024-03-08T23:56:31.360 INFO:teuthology.orchestra.run.smithi073.stdout:/usr/bin/ceph: stderr
2024-03-08T23:56:30.518+0000 7f9581208700 1 -- 172.21.15.73:0/4158412858 <== mon.0 v2:172.21.15.73:3300/0 1 ==== mon_map magic: 0 v1 ==== 205+0+0 (secure 0 0 0) 0x7f9570004160 con 0x7f957c108160
2024-03-08T23:56:31.360 INFO:teuthology.orchestra.run.smithi073.stdout:/usr/bin/ceph: stderr
2024-03-08T23:56:30.518+0000 7f9581208700 1 -- 172.21.15.73:0/4158412858 <== mon.0 v2:172.21.15.73:3300/0 2 ==== config(27 keys) v1 ==== 1109+0+0 (secure 0 0 0) 0x7f9570004300 con 0x7f957c108160
2024-03-08T23:56:31.361 INFO:teuthology.orchestra.run.smithi073.stdout:/usr/bin/ceph: stderr
2024-03-08T23:56:30.518+0000 7f9581208700 1 -- 172.21.15.73:0/4158412858 <== mon.0 v2:172.21.15.73:3300/0 3 ==== mon_map magic: 0 v1 ==== 205+0+0 (secure 0 0 0) 0x7f9570011b50 con 0x7f957c108160
2024-03-08T23:56:31.361 INFO:teuthology.orchestra.run.smithi073.stdout:/usr/bin/ceph: stderr
2024-03-08T23:56:30.519+0000 7f958446e700 1 -- 172.21.15.73:0/4158412858 >> [v2:172.21.15.73:3300/0,v1:172.21.15.73:6789/0] conn(0x7f957c108160 msgr2=0x7f957c10a550 secure :-1 s=STATE_CONNECTION_ESTABLISHED l=1).mark_down
2024-03-08T23:56:31.361 INFO:teuthology.orchestra.run.smithi073.stdout:/usr/bin/ceph: stderr
2024-03-08T23:56:30.519+0000 7f958446e700 1 --2- 172.21.15.73:0/4158412858 >> [v2:172.21.15.73:3300/0,v1:172.21.15.73:6789/0] conn(0x7f957c108160 0x7f957c10a550 secure :-1 s=READY pgs=26 cs=0 l=1 rev1=1 crypto rx=0x7f95700098a0 tx=0x7f9570009bb0 comp rx=0 tx=0).stop
2024-03-08T23:56:31.361 INFO:teuthology.orchestra.run.smithi073.stdout:/usr/bin/ceph: stderr
2024-03-08T23:56:30.519+0000 7f958446e700 1 -- 172.21.15.73:0/4158412858 shutdown_connections
2024-03-08T23:56:31.361 INFO:teuthology.orchestra.run.smithi073.stdout:/usr/bin/ceph: stderr
2024-03-08T23:56:30.519+0000 7f958446e700 1 --2- 172.21.15.73:0/4158412858 >> [v2:172.21.15.73:3300/0,v1:172.21.15.73:6789/0] conn(0x7f957c108160 0x7f957c10a550 unknown :-1 s=CLOSED pgs=26 cs=0 l=1 rev1=1 crypto rx=0 tx=0 comp rx=0 tx=0).stop
2024-03-08T23:56:31.361 INFO:teuthology.orchestra.run.smithi073.stdout:/usr/bin/ceph: stderr
2024-03-08T23:56:30.519+0000 7f958446e700 1 -- 172.21.15.73:0/4158412858 >> 172.21.15.73:0/4158412858 conn(0x7f957c101b70 msgr2=0x7f957c103f90 unknown :-1 s=STATE_NONE l=0).mark_down
2024-03-08T23:56:31.361 INFO:teuthology.orchestra.run.smithi073.stdout:/usr/bin/ceph: stderr
2024-03-08T23:56:30.519+0000 7f958446e700 1 -- 172.21.15.73:0/4158412858 shutdown_connections
2024-03-08T23:56:31.361 INFO:teuthology.orchestra.run.smithi073.stdout:/usr/bin/ceph: stderr
2024-03-08T23:56:30.519+0000 7f958446e700 1 -- 172.21.15.73:0/4158412858 wait complete.
2024-03-08T23:56:31.361 INFO:teuthology.orchestra.run.smithi073.stdout:/usr/bin/ceph: stderr
2024-03-08T23:56:30.520+0000 7f958446e700 1 Processor -- start
2024-03-08T23:56:31.361 INFO:teuthology.orchestra.run.smithi073.stdout:/usr/bin/ceph: stderr
2024-03-08T23:56:30.520+0000 7f958446e700 1 -- start start
2024-03-08T23:56:31.361 INFO:teuthology.orchestra.run.smithi073.stdout:/usr/bin/ceph: stderr
2024-03-08T23:56:30.520+0000 7f958446e700 1 --2- >> [v2:172.21.15.73:3300/0,v1:172.21.15.73:6789/0] conn(0x7f957c108160 0x7f957c19b600 unknown :-1 s=NONE pgs=0 cs=0 l=1 rev1=0 crypto rx=0 tx=0 comp rx=0 tx=0).connect
2024-03-08T23:56:31.361 INFO:teuthology.orchestra.run.smithi073.stdout:/usr/bin/ceph: stderr
2024-03-08T23:56:30.520+0000 7f958446e700 1 -- --> [v2:172.21.15.73:3300/0,v1:172.21.15.73:6789/0] -- mon_getmap magic: 0 v1 -- 0x7f957c10ba00 con 0x7f957c108160
2024-03-08T23:56:31.361 INFO:teuthology.orchestra.run.smithi073.stdout:/usr/bin/ceph: stderr
2024-03-08T23:56:30.520+0000 7f958220a700 1 --2- >> [v2:172.21.15.73:3300/0,v1:172.21.15.73:6789/0] conn(0x7f957c108160 0x7f957c19b600 unknown :-1 s=BANNER_CONNECTING pgs=0 cs=0 l=1 rev1=0 crypto rx=0 tx=0 comp rx=0 tx=0)._handle_peer_banner_payload supported=3 required=0
2024-03-08T23:56:31.362 INFO:teuthology.orchestra.run.smithi073.stdout:/usr/bin/ceph: stderr
2024-03-08T23:56:30.520+0000 7f958220a700 1 --2- >> [v2:172.21.15.73:3300/0,v1:172.21.15.73:6789/0] conn(0x7f957c108160 0x7f957c19b600 unknown :-1 s=HELLO_CONNECTING pgs=0 cs=0 l=1 rev1=1 crypto rx=0 tx=0 comp rx=0 tx=0).handle_hello peer v2:172.21.15.73:3300/0 says I am v2:172.21.15.73:36196/0 (socket says 172.21.15.73:36196)
2024-03-08T23:56:31.362 INFO:teuthology.orchestra.run.smithi073.stdout:/usr/bin/ceph: stderr
2024-03-08T23:56:30.520+0000 7f958220a700 1 -- 172.21.15.73:0/691049698 learned_addr learned my addr 172.21.15.73:0/691049698 (peer_addr_for_me v2:172.21.15.73:0/0)
2024-03-08T23:56:31.362 INFO:teuthology.orchestra.run.smithi073.stdout:/usr/bin/ceph: stderr
2024-03-08T23:56:30.520+0000 7f958220a700 1 -- 172.21.15.73:0/691049698 --> [v2:172.21.15.73:3300/0,v1:172.21.15.73:6789/0] -- mon_subscribe({config=0+,monmap=0+}) v3 -- 0x7f957c19bb40 con 0x7f957c108160
2024-03-08T23:56:31.362 INFO:teuthology.orchestra.run.smithi073.stdout:/usr/bin/ceph: stderr
2024-03-08T23:56:30.521+0000 7f958220a700 1 --2- 172.21.15.73:0/691049698 >> [v2:172.21.15.73:3300/0,v1:172.21.15.73:6789/0] conn(0x7f957c108160 0x7f957c19b600 secure :-1 s=READY pgs=27 cs=0 l=1 rev1=1 crypto rx=0x7f9570009fb0 tx=0x7f9570011bf0 comp rx=0 tx=0).ready entity=mon.0 client_cookie=0 server_cookie=0 in_seq=0 out_seq=0
2024-03-08T23:56:31.362 INFO:teuthology.orchestra.run.smithi073.stdout:/usr/bin/ceph: stderr
2024-03-08T23:56:30.521+0000 7f956f7fe700 1 -- 172.21.15.73:0/691049698 <== mon.0 v2:172.21.15.73:3300/0 1 ==== mon_map magic: 0 v1 ==== 205+0+0 (secure 0 0 0) 0x7f95700038b0 con 0x7f957c108160
2024-03-08T23:56:31.362 INFO:teuthology.orchestra.run.smithi073.stdout:/usr/bin/ceph: stderr
2024-03-08T23:56:30.521+0000 7f956f7fe700 1 -- 172.21.15.73:0/691049698 <== mon.0 v2:172.21.15.73:3300/0 2 ==== config(27 keys) v1 ==== 1109+0+0 (secure 0 0 0) 0x7f9570011e50 con 0x7f957c108160
2024-03-08T23:56:31.362 INFO:teuthology.orchestra.run.smithi073.stdout:/usr/bin/ceph: stderr
2024-03-08T23:56:30.521+0000 7f958446e700 1 -- 172.21.15.73:0/691049698 --> [v2:172.21.15.73:3300/0,v1:172.21.15.73:6789/0] -- mon_subscribe({mgrmap=0+}) v3 -- 0x7f957c19bdd0 con 0x7f957c108160
2024-03-08T23:56:31.362 INFO:teuthology.orchestra.run.smithi073.stdout:/usr/bin/ceph: stderr
2024-03-08T23:56:30.521+0000 7f956f7fe700 1 -- 172.21.15.73:0/691049698 <== mon.0 v2:172.21.15.73:3300/0 3 ==== mon_map magic: 0 v1 ==== 205+0+0 (secure 0 0 0) 0x7f9570019420 con 0x7f957c108160
2024-03-08T23:56:31.362 INFO:teuthology.orchestra.run.smithi073.stdout:/usr/bin/ceph: stderr
2024-03-08T23:56:30.521+0000 7f958446e700 1 -- 172.21.15.73:0/691049698 --> [v2:172.21.15.73:3300/0,v1:172.21.15.73:6789/0] -- mon_subscribe({osdmap=0}) v3 -- 0x7f957c19eac0 con 0x7f957c108160
2024-03-08T23:56:31.362 INFO:teuthology.orchestra.run.smithi073.stdout:/usr/bin/ceph: stderr
2024-03-08T23:56:30.522+0000 7f956f7fe700 1 -- 172.21.15.73:0/691049698 <== mon.0 v2:172.21.15.73:3300/0 4 ==== mgrmap(e 5) v1 ==== 46106+0+0 (secure 0 0 0) 0x7f9570019720 con 0x7f957c108160
2024-03-08T23:56:31.362 INFO:teuthology.orchestra.run.smithi073.stdout:/usr/bin/ceph: stderr
2024-03-08T23:56:30.522+0000 7f956f7fe700 1 --2- 172.21.15.73:0/691049698 >> [v2:172.21.15.73:6800/1574449933,v1:172.21.15.73:6801/1574449933] conn(0x7f9568038ed0 0x7f956803b390 unknown :-1 s=NONE pgs=0 cs=0 l=1 rev1=0 crypto rx=0 tx=0 comp rx=0 tx=0).connect
2024-03-08T23:56:31.362 INFO:teuthology.orchestra.run.smithi073.stdout:/usr/bin/ceph: stderr
2024-03-08T23:56:30.522+0000 7f958446e700 1 -- 172.21.15.73:0/691049698 --> [v2:172.21.15.73:3300/0,v1:172.21.15.73:6789/0] -- mon_command({"prefix": "get_command_descriptions"} v 0) v1 -- 0x7f957c063410 con 0x7f957c108160
2024-03-08T23:56:31.362 INFO:teuthology.orchestra.run.smithi073.stdout:/usr/bin/ceph: stderr
2024-03-08T23:56:30.522+0000 7f9581a09700 1 -- 172.21.15.73:0/691049698 >> [v2:172.21.15.73:6800/1574449933,v1:172.21.15.73:6801/1574449933] conn(0x7f9568038ed0 msgr2=0x7f956803b390 unknown :-1 s=STATE_CONNECTING_RE l=1).process reconnect failed to v2:172.21.15.73:6800/1574449933
2024-03-08T23:56:31.363 INFO:teuthology.orchestra.run.smithi073.stdout:/usr/bin/ceph: stderr
2024-03-08T23:56:30.522+0000 7f956f7fe700 1 -- 172.21.15.73:0/691049698 <== mon.0 v2:172.21.15.73:3300/0 5 ==== osd_map(1..1 src has 1..1) v4 ==== 725+0+0 (secure 0 0 0) 0x7f957004d030 con 0x7f957c108160
2024-03-08T23:56:31.363 INFO:teuthology.orchestra.run.smithi073.stdout:/usr/bin/ceph: stderr
2024-03-08T23:56:30.522+0000 7f9581a09700 1 --2- 172.21.15.73:0/691049698 >> [v2:172.21.15.73:6800/1574449933,v1:172.21.15.73:6801/1574449933] conn(0x7f9568038ed0 0x7f956803b390 unknown :-1 s=START_CONNECT pgs=0 cs=0 l=1 rev1=0 crypto rx=0 tx=0 comp rx=0 tx=0)._fault waiting 0.200000
2024-03-08T23:56:31.363 INFO:teuthology.orchestra.run.smithi073.stdout:/usr/bin/ceph: stderr
2024-03-08T23:56:30.527+0000 7f956f7fe700 1 -- 172.21.15.73:0/691049698 <== mon.0 v2:172.21.15.73:3300/0 6 ==== mon_command_ack([{"prefix": "get_command_descriptions"}]=0 v0) v1 ==== 72+0+184905 (secure 0 0 0) 0x7f957000bc70 con 0x7f957c108160
2024-03-08T23:56:31.363 INFO:teuthology.orchestra.run.smithi073.stdout:/usr/bin/ceph: stderr
2024-03-08T23:56:30.723+0000 7f9581a09700 1 -- 172.21.15.73:0/691049698 >> [v2:172.21.15.73:6800/1574449933,v1:172.21.15.73:6801/1574449933] conn(0x7f9568038ed0 msgr2=0x7f956803b390 unknown :-1 s=STATE_CONNECTING_RE l=1).process reconnect failed to v2:172.21.15.73:6800/1574449933
2024-03-08T23:56:31.363 INFO:teuthology.orchestra.run.smithi073.stdout:/usr/bin/ceph: stderr
2024-03-08T23:56:30.723+0000 7f9581a09700 1 --2- 172.21.15.73:0/691049698 >> [v2:172.21.15.73:6800/1574449933,v1:172.21.15.73:6801/1574449933] conn(0x7f9568038ed0 0x7f956803b390 unknown :-1 s=START_CONNECT pgs=0 cs=0 l=1 rev1=0 crypto rx=0 tx=0 comp rx=0 tx=0)._fault waiting 0.400000
2024-03-08T23:56:31.363 INFO:teuthology.orchestra.run.smithi073.stdout:/usr/bin/ceph: stderr
2024-03-08T23:56:30.784+0000 7f958446e700 1 -- 172.21.15.73:0/691049698 --> [v2:172.21.15.73:3300/0,v1:172.21.15.73:6789/0] -- mon_command({"prefix": "mgr stat"} v 0) v1 -- 0x7f957c19ec90 con 0x7f957c108160
2024-03-08T23:56:31.363 INFO:teuthology.orchestra.run.smithi073.stdout:/usr/bin/ceph: stderr
2024-03-08T23:56:30.785+0000 7f956f7fe700 1 -- 172.21.15.73:0/691049698 <== mon.0 v2:172.21.15.73:3300/0 7 ==== mon_command_ack([{"prefix": "mgr stat"}]=0 v5) v1 ==== 56+0+88 (secure 0 0 0) 0x7f957c19ec90 con 0x7f957c108160
2024-03-08T23:56:31.363 INFO:teuthology.orchestra.run.smithi073.stdout:/usr/bin/ceph: stderr
2024-03-08T23:56:30.787+0000 7f958446e700 1 -- 172.21.15.73:0/691049698 >> [v2:172.21.15.73:6800/1574449933,v1:172.21.15.73:6801/1574449933] conn(0x7f9568038ed0 msgr2=0x7f956803b390 unknown :-1 s=STATE_CONNECTING l=1).mark_down
2024-03-08T23:56:31.363 INFO:teuthology.orchestra.run.smithi073.stdout:/usr/bin/ceph: stderr
2024-03-08T23:56:30.787+0000 7f958446e700 1 --2- 172.21.15.73:0/691049698 >> [v2:172.21.15.73:6800/1574449933,v1:172.21.15.73:6801/1574449933] conn(0x7f9568038ed0 0x7f956803b390 unknown :-1 s=START_CONNECT pgs=0 cs=0 l=1 rev1=0 crypto rx=0 tx=0 comp rx=0 tx=0).stop
2024-03-08T23:56:31.363 INFO:teuthology.orchestra.run.smithi073.stdout:/usr/bin/ceph: stderr
2024-03-08T23:56:30.787+0000 7f958446e700 1 -- 172.21.15.73:0/691049698 >> [v2:172.21.15.73:3300/0,v1:172.21.15.73:6789/0] conn(0x7f957c108160 msgr2=0x7f957c19b600 secure :-1 s=STATE_CONNECTION_ESTABLISHED l=1).mark_down
2024-03-08T23:56:31.363 INFO:teuthology.orchestra.run.smithi073.stdout:/usr/bin/ceph: stderr
2024-03-08T23:56:30.787+0000 7f958446e700 1 --2- 172.21.15.73:0/691049698 >> [v2:172.21.15.73:3300/0,v1:172.21.15.73:6789/0] conn(0x7f957c108160 0x7f957c19b600 secure :-1 s=READY pgs=27 cs=0 l=1 rev1=1 crypto rx=0x7f9570009fb0 tx=0x7f9570011bf0 comp rx=0 tx=0).stop
2024-03-08T23:56:31.363 INFO:teuthology.orchestra.run.smithi073.stdout:/usr/bin/ceph: stderr
2024-03-08T23:56:30.787+0000 7f958446e700 1 -- 172.21.15.73:0/691049698 shutdown_connections
2024-03-08T23:56:31.364 INFO:teuthology.orchestra.run.smithi073.stdout:/usr/bin/ceph: stderr
2024-03-08T23:56:30.787+0000 7f958446e700 1 --2- 172.21.15.73:0/691049698 >> [v2:172.21.15.73:6800/1574449933,v1:172.21.15.73:6801/1574449933] conn(0x7f9568038ed0 0x7f956803b390 unknown :-1 s=CLOSED pgs=0 cs=0 l=1 rev1=0 crypto rx=0 tx=0 comp rx=0 tx=0).stop
2024-03-08T23:56:31.364 INFO:teuthology.orchestra.run.smithi073.stdout:/usr/bin/ceph: stderr
2024-03-08T23:56:30.787+0000 7f958446e700 1 --2- 172.21.15.73:0/691049698 >> [v2:172.21.15.73:3300/0,v1:172.21.15.73:6789/0] conn(0x7f957c108160 0x7f957c19b600 unknown :-1 s=CLOSED pgs=27 cs=0 l=1 rev1=1 crypto rx=0 tx=0 comp rx=0 tx=0).stop
2024-03-08T23:56:31.364 INFO:teuthology.orchestra.run.smithi073.stdout:/usr/bin/ceph: stderr
2024-03-08T23:56:30.787+0000 7f958446e700 1 -- 172.21.15.73:0/691049698 >> 172.21.15.73:0/691049698 conn(0x7f957c101b70 msgr2=0x7f957c102670 unknown :-1 s=STATE_NONE l=0).mark_down
2024-03-08T23:56:31.364 INFO:teuthology.orchestra.run.smithi073.stdout:/usr/bin/ceph: stderr
2024-03-08T23:56:30.787+0000 7f958446e700 1 -- 172.21.15.73:0/691049698 shutdown_connections
2024-03-08T23:56:31.364 INFO:teuthology.orchestra.run.smithi073.stdout:/usr/bin/ceph: stderr
2024-03-08T23:56:30.787+0000 7f958446e700 1 -- 172.21.15.73:0/691049698 wait complete.
2024-03-08T23:56:31.364 INFO:teuthology.orchestra.run.smithi073.stdout:Waiting for the mgr to restart...
2024-03-08T23:56:31.364 INFO:teuthology.orchestra.run.smithi073.stdout:Waiting for mgr epoch 5...
2024-03-08T23:56:31.602 INFO:journalctl@ceph.mon.a.smithi073.stdout:Mar 08 23:56:31 smithi073 ceph-mon[32309]: from='client.? 172.21.15.73:0/691049698' entity='client.admin' cmd=[{"prefix": "mgr stat"}]: dispatch
2024-03-08T23:56:31.603 INFO:journalctl@ceph.mgr.x.smithi073.stdout:Mar 08 23:56:31 smithi073 ceph-44f886a8-dda7-11ee-95c6-87774f69a715-mgr-x[32539]:
2024-03-08T23:56:31.486+0000 7fc6df65b200 -1 mgr[py] Module rgw has missing NOTIFY_TYPES member
2024-03-08T23:56:31.603 INFO:journalctl@ceph.mgr.x.smithi073.stdout:Mar 08 23:56:31 smithi073 ceph-44f886a8-dda7-11ee-95c6-87774f69a715-mgr-x[32539]:
2024-03-08T23:56:31.597+0000 7fc6df65b200 -1 mgr[py] Module rbd_support has missing NOTIFY_TYPES member
2024-03-08T23:56:31.902 INFO:journalctl@ceph.mgr.x.smithi073.stdout:Mar 08 23:56:31 smithi073 ceph-44f886a8-dda7-11ee-95c6-87774f69a715-mgr-x[32539]:
2024-03-08T23:56:31.684+0000 7fc6df65b200 -1 mgr[py] Module progress has missing NOTIFY_TYPES member
2024-03-08T23:56:31.902 INFO:journalctl@ceph.mgr.x.smithi073.stdout:Mar 08 23:56:31 smithi073 ceph-44f886a8-dda7-11ee-95c6-87774f69a715-mgr-x[32539]:
2024-03-08T23:56:31.782+0000 7fc6df65b200 -1 mgr[py] Module pg_autoscaler has missing NOTIFY_TYPES member
2024-03-08T23:56:32.402 INFO:journalctl@ceph.mgr.x.smithi073.stdout:Mar 08 23:56:31 smithi073 ceph-44f886a8-dda7-11ee-95c6-87774f69a715-mgr-x[32539]:
2024-03-08T23:56:31.958+0000 7fc6df65b200 -1 mgr[py] Module devicehealth has missing NOTIFY_TYPES member
2024-03-08T23:56:33.203 INFO:journalctl@ceph.mgr.x.smithi073.stdout:Mar 08 23:56:32 smithi073 ceph-44f886a8-dda7-11ee-95c6-87774f69a715-mgr-x[32539]:
2024-03-08T23:56:32.907+0000 7fc6df65b200 -1 mgr[py] Module rook has missing NOTIFY_TYPES member
2024-03-08T23:56:33.203 INFO:journalctl@ceph.mgr.x.smithi073.stdout:Mar 08 23:56:33 smithi073 ceph-44f886a8-dda7-11ee-95c6-87774f69a715-mgr-x[32539]:
2024-03-08T23:56:33.035+0000 7fc6df65b200 -1 mgr[py] Module diskprediction_local has missing NOTIFY_TYPES member
2024-03-08T23:56:33.454 INFO:journalctl@ceph.mgr.x.smithi073.stdout:Mar 08 23:56:33 smithi073 ceph-44f886a8-dda7-11ee-95c6-87774f69a715-mgr-x[32539]:
2024-03-08T23:56:33.368+0000 7fc6df65b200 -1 mgr[py] Module selftest has missing NOTIFY_TYPES member
2024-03-08T23:56:33.454 INFO:journalctl@ceph.mgr.x.smithi073.stdout:Mar 08 23:56:33 smithi073 ceph-44f886a8-dda7-11ee-95c6-87774f69a715-mgr-x[32539]:
2024-03-08T23:56:33.458+0000 7fc6df65b200 -1 mgr[py] Module telegraf has missing NOTIFY_TYPES member
2024-03-08T23:56:33.832 INFO:journalctl@ceph.mgr.x.smithi073.stdout:Mar 08 23:56:33 smithi073 ceph-44f886a8-dda7-11ee-95c6-87774f69a715-mgr-x[32539]:
2024-03-08T23:56:33.651+0000 7fc6df65b200 -1 mgr[py] Module test_orchestrator has missing NOTIFY_TYPES member
2024-03-08T23:56:33.832 INFO:journalctl@ceph.mgr.x.smithi073.stdout:Mar 08 23:56:33 smithi073 ceph-44f886a8-dda7-11ee-95c6-87774f69a715-mgr-x[32539]:
2024-03-08T23:56:33.836+0000 7fc6df65b200 -1 mgr[py] Module crash has missing NOTIFY_TYPES member
2024-03-08T23:56:34.372 INFO:journalctl@ceph.mgr.x.smithi073.stdout:Mar 08 23:56:34 smithi073 ceph-44f886a8-dda7-11ee-95c6-87774f69a715-mgr-x[32539]:
2024-03-08T23:56:34.121+0000 7fc6df65b200 -1 mgr[py] Module orchestrator has missing NOTIFY_TYPES member
2024-03-08T23:56:34.373 INFO:journalctl@ceph.mgr.x.smithi073.stdout:Mar 08 23:56:34 smithi073 ceph-44f886a8-dda7-11ee-95c6-87774f69a715-mgr-x[32539]:
2024-03-08T23:56:34.376+0000 7fc6df65b200 -1 mgr[py] Module osd_support has missing NOTIFY_TYPES member
2024-03-08T23:56:34.652 INFO:journalctl@ceph.mgr.x.smithi073.stdout:Mar 08 23:56:34 smithi073 ceph-44f886a8-dda7-11ee-95c6-87774f69a715-mgr-x[32539]:
2024-03-08T23:56:34.612+0000 7fc6df65b200 -1 mgr[py] Module volumes has missing NOTIFY_TYPES member
2024-03-08T23:56:35.652 INFO:journalctl@ceph.mgr.x.smithi073.stdout:Mar 08 23:56:35 smithi073 ceph-44f886a8-dda7-11ee-95c6-87774f69a715-mgr-x[32539]:
2024-03-08T23:56:35.406+0000 7fc6df65b200 -1 mgr[py] Module telemetry has missing NOTIFY_TYPES member
2024-03-08T23:56:36.279 INFO:journalctl@ceph.mgr.x.smithi073.stdout:Mar 08 23:56:35 smithi073 ceph-44f886a8-dda7-11ee-95c6-87774f69a715-mgr-x[32539]:
2024-03-08T23:56:35.969+0000 7fc6df65b200 -1 mgr[py] Module prometheus has missing NOTIFY_TYPES member
2024-03-08T23:56:36.279 INFO:journalctl@ceph.mgr.x.smithi073.stdout:Mar 08 23:56:36 smithi073 ceph-44f886a8-dda7-11ee-95c6-87774f69a715-mgr-x[32539]:
2024-03-08T23:56:36.067+0000 7fc6df65b200 -1 mgr[py] Module status has missing NOTIFY_TYPES member
2024-03-08T23:56:36.279 INFO:journalctl@ceph.mgr.x.smithi073.stdout:Mar 08 23:56:36 smithi073 ceph-44f886a8-dda7-11ee-95c6-87774f69a715-mgr-x[32539]:
2024-03-08T23:56:36.283+0000 7fc6df65b200 -1 mgr[py] Module nfs has missing NOTIFY_TYPES member
2024-03-08T23:56:36.652 INFO:journalctl@ceph.mon.a.smithi073.stdout:Mar 08 23:56:36 smithi073 ceph-mon[32309]: Active manager daemon x restarted
2024-03-08T23:56:36.652 INFO:journalctl@ceph.mon.a.smithi073.stdout:Mar 08 23:56:36 smithi073 ceph-mon[32309]: Activating manager daemon x
2024-03-08T23:56:36.652 INFO:journalctl@ceph.mon.a.smithi073.stdout:Mar 08 23:56:36 smithi073 ceph-mon[32309]: osdmap e2: 0 total, 0 up, 0 in
2024-03-08T23:56:36.653 INFO:journalctl@ceph.mon.a.smithi073.stdout:Mar 08 23:56:36 smithi073 ceph-mon[32309]: mgrmap e6: x(active, starting, since 0.00353787s)
2024-03-08T23:56:36.653 INFO:journalctl@ceph.mon.a.smithi073.stdout:Mar 08 23:56:36 smithi073 ceph-mon[32309]: from='mgr.14120 172.21.15.73:0/3758283280' entity='mgr.x' cmd=[{"prefix": "mon metadata", "id": "a"}]: dispatch
2024-03-08T23:56:36.653 INFO:journalctl@ceph.mon.a.smithi073.stdout:Mar 08 23:56:36 smithi073 ceph-mon[32309]: from='mgr.14120 172.21.15.73:0/3758283280' entity='mgr.x' cmd=[{"prefix": "mgr metadata", "who": "x", "id": "x"}]: dispatch
