2024-03-08T23:56:39.639+0000 7f4156ffd700 1 --2- >> [v2:172.21.15.73:3300/0,v1:172.21.15.73:6789/0] conn(0x7f41581064e0 0x7f415807aa40 unknown :-1 s=HELLO_CONNECTING pgs=0 cs=0 l=1 rev1=1 crypto rx=0 tx=0 comp rx=0 tx=0).handle_hello peer v2:172.21.15.73:3300/0 says I am v2:172.21.15.73:33504/0 (socket says 172.21.15.73:33504)
2024-03-08T23:56:40.461 INFO:teuthology.orchestra.run.smithi073.stdout:/usr/bin/ceph: stderr
2024-03-08T23:56:39.639+0000 7f4156ffd700 1 -- 172.21.15.73:0/1818907392 learned_addr learned my addr 172.21.15.73:0/1818907392 (peer_addr_for_me v2:172.21.15.73:0/0)
2024-03-08T23:56:40.461 INFO:teuthology.orchestra.run.smithi073.stdout:/usr/bin/ceph: stderr
2024-03-08T23:56:39.639+0000 7f4156ffd700 1 -- 172.21.15.73:0/1818907392 --> [v2:172.21.15.73:3300/0,v1:172.21.15.73:6789/0] -- mon_subscribe({config=0+,monmap=0+}) v3 -- 0x7f415819e370 con 0x7f41581064e0
2024-03-08T23:56:40.461 INFO:teuthology.orchestra.run.smithi073.stdout:/usr/bin/ceph: stderr
2024-03-08T23:56:39.639+0000 7f4156ffd700 1 --2- 172.21.15.73:0/1818907392 >> [v2:172.21.15.73:3300/0,v1:172.21.15.73:6789/0] conn(0x7f41581064e0 0x7f415807aa40 secure :-1 s=READY pgs=40 cs=0 l=1 rev1=1 crypto rx=0x7f4148011670 tx=0x7f4148011b60 comp rx=0 tx=0).ready entity=mon.0 client_cookie=0 server_cookie=0 in_seq=0 out_seq=0
2024-03-08T23:56:40.461 INFO:teuthology.orchestra.run.smithi073.stdout:/usr/bin/ceph: stderr
2024-03-08T23:56:39.639+0000 7f4154ff9700 1 -- 172.21.15.73:0/1818907392 <== mon.0 v2:172.21.15.73:3300/0 1 ==== mon_map magic: 0 v1 ==== 205+0+0 (secure 0 0 0) 0x7f41480039c0 con 0x7f41581064e0
2024-03-08T23:56:40.461 INFO:teuthology.orchestra.run.smithi073.stdout:/usr/bin/ceph: stderr
2024-03-08T23:56:39.639+0000 7f4154ff9700 1 -- 172.21.15.73:0/1818907392 <== mon.0 v2:172.21.15.73:3300/0 2 ==== config(27 keys) v1 ==== 1109+0+0 (secure 0 0 0) 0x7f4148011e50 con 0x7f41581064e0
2024-03-08T23:56:40.461 INFO:teuthology.orchestra.run.smithi073.stdout:/usr/bin/ceph: stderr
2024-03-08T23:56:39.639+0000 7f415d764700 1 -- 172.21.15.73:0/1818907392 --> [v2:172.21.15.73:3300/0,v1:172.21.15.73:6789/0] -- mon_subscribe({mgrmap=0+}) v3 -- 0x7f415819e540 con 0x7f41581064e0
2024-03-08T23:56:40.461 INFO:teuthology.orchestra.run.smithi073.stdout:/usr/bin/ceph: stderr
2024-03-08T23:56:39.639+0000 7f4154ff9700 1 -- 172.21.15.73:0/1818907392 <== mon.0 v2:172.21.15.73:3300/0 3 ==== mon_map magic: 0 v1 ==== 205+0+0 (secure 0 0 0) 0x7f414801a5c0 con 0x7f41581064e0
2024-03-08T23:56:40.461 INFO:teuthology.orchestra.run.smithi073.stdout:/usr/bin/ceph: stderr
2024-03-08T23:56:39.639+0000 7f415d764700 1 -- 172.21.15.73:0/1818907392 --> [v2:172.21.15.73:3300/0,v1:172.21.15.73:6789/0] -- mon_subscribe({osdmap=0}) v3 -- 0x7f415819e8e0 con 0x7f41581064e0
2024-03-08T23:56:40.462 INFO:teuthology.orchestra.run.smithi073.stdout:/usr/bin/ceph: stderr
2024-03-08T23:56:39.640+0000 7f4154ff9700 1 -- 172.21.15.73:0/1818907392 <== mon.0 v2:172.21.15.73:3300/0 4 ==== mgrmap(e 8) v1 ==== 46106+0+0 (secure 0 0 0) 0x7f414801a8c0 con 0x7f41581064e0
2024-03-08T23:56:40.462 INFO:teuthology.orchestra.run.smithi073.stdout:/usr/bin/ceph: stderr
2024-03-08T23:56:39.640+0000 7f4154ff9700 1 --2- 172.21.15.73:0/1818907392 >> [v2:172.21.15.73:6800/4041937587,v1:172.21.15.73:6801/4041937587] conn(0x7f4144038ed0 0x7f414403b390 unknown :-1 s=NONE pgs=0 cs=0 l=1 rev1=0 crypto rx=0 tx=0 comp rx=0 tx=0).connect
2024-03-08T23:56:40.462 INFO:teuthology.orchestra.run.smithi073.stdout:/usr/bin/ceph: stderr
2024-03-08T23:56:39.640+0000 7f415d764700 1 -- 172.21.15.73:0/1818907392 --> [v2:172.21.15.73:3300/0,v1:172.21.15.73:6789/0] -- mon_command({"prefix": "get_command_descriptions"} v 0) v1 -- 0x7f4158063410 con 0x7f41581064e0
2024-03-08T23:56:40.462 INFO:teuthology.orchestra.run.smithi073.stdout:/usr/bin/ceph: stderr
2024-03-08T23:56:39.641+0000 7f4154ff9700 1 -- 172.21.15.73:0/1818907392 <== mon.0 v2:172.21.15.73:3300/0 5 ==== osd_map(2..2 src has 1..2) v4 ==== 940+0+0 (secure 0 0 0) 0x7f414804d520 con 0x7f41581064e0
2024-03-08T23:56:40.462 INFO:teuthology.orchestra.run.smithi073.stdout:/usr/bin/ceph: stderr
2024-03-08T23:56:39.641+0000 7f414e7fc700 1 --2- 172.21.15.73:0/1818907392 >> [v2:172.21.15.73:6800/4041937587,v1:172.21.15.73:6801/4041937587] conn(0x7f4144038ed0 0x7f414403b390 unknown :-1 s=BANNER_CONNECTING pgs=0 cs=0 l=1 rev1=0 crypto rx=0 tx=0 comp rx=0 tx=0)._handle_peer_banner_payload supported=3 required=0
2024-03-08T23:56:40.462 INFO:teuthology.orchestra.run.smithi073.stdout:/usr/bin/ceph: stderr
2024-03-08T23:56:39.641+0000 7f414e7fc700 1 --2- 172.21.15.73:0/1818907392 >> [v2:172.21.15.73:6800/4041937587,v1:172.21.15.73:6801/4041937587] conn(0x7f4144038ed0 0x7f414403b390 secure :-1 s=READY pgs=8 cs=0 l=1 rev1=1 crypto rx=0x7f4140006fd0 tx=0x7f4140006e40 comp rx=0 tx=0).ready entity=mgr.14120 client_cookie=0 server_cookie=0 in_seq=0 out_seq=0
2024-03-08T23:56:40.462 INFO:teuthology.orchestra.run.smithi073.stdout:/usr/bin/ceph: stderr
2024-03-08T23:56:39.645+0000 7f4154ff9700 1 -- 172.21.15.73:0/1818907392 <== mon.0 v2:172.21.15.73:3300/0 6 ==== mon_command_ack([{"prefix": "get_command_descriptions"}]=0 v0) v1 ==== 72+0+184905 (secure 0 0 0) 0x7f4148019c70 con 0x7f41581064e0
2024-03-08T23:56:40.462 INFO:teuthology.orchestra.run.smithi073.stdout:/usr/bin/ceph: stderr
2024-03-08T23:56:39.844+0000 7f415d764700 1 -- 172.21.15.73:0/1818907392 --> [v2:172.21.15.73:6800/4041937587,v1:172.21.15.73:6801/4041937587] -- mgr_command(tid 0: {"prefix": "cephadm set-user", "user": "root", "target": ["mon-mgr", ""]}) v1 -- 0x7f4158102d20 con 0x7f4144038ed0
2024-03-08T23:56:40.462 INFO:teuthology.orchestra.run.smithi073.stdout:/usr/bin/ceph: stderr
2024-03-08T23:56:39.845+0000 7f4154ff9700 1 -- 172.21.15.73:0/1818907392 <== mgr.14120 v2:172.21.15.73:6800/4041937587 1 ==== mgr_command_reply(tid 0: 0 ) v1 ==== 8+0+16 (secure 0 0 0) 0x7f4158102d20 con 0x7f4144038ed0
2024-03-08T23:56:40.462 INFO:teuthology.orchestra.run.smithi073.stdout:/usr/bin/ceph: stderr
2024-03-08T23:56:39.847+0000 7f415d764700 1 -- 172.21.15.73:0/1818907392 >> [v2:172.21.15.73:6800/4041937587,v1:172.21.15.73:6801/4041937587] conn(0x7f4144038ed0 msgr2=0x7f414403b390 secure :-1 s=STATE_CONNECTION_ESTABLISHED l=1).mark_down
2024-03-08T23:56:40.463 INFO:teuthology.orchestra.run.smithi073.stdout:/usr/bin/ceph: stderr
2024-03-08T23:56:39.847+0000 7f415d764700 1 --2- 172.21.15.73:0/1818907392 >> [v2:172.21.15.73:6800/4041937587,v1:172.21.15.73:6801/4041937587] conn(0x7f4144038ed0 0x7f414403b390 secure :-1 s=READY pgs=8 cs=0 l=1 rev1=1 crypto rx=0x7f4140006fd0 tx=0x7f4140006e40 comp rx=0 tx=0).stop
2024-03-08T23:56:40.463 INFO:teuthology.orchestra.run.smithi073.stdout:/usr/bin/ceph: stderr
2024-03-08T23:56:39.847+0000 7f415d764700 1 -- 172.21.15.73:0/1818907392 >> [v2:172.21.15.73:3300/0,v1:172.21.15.73:6789/0] conn(0x7f41581064e0 msgr2=0x7f415807aa40 secure :-1 s=STATE_CONNECTION_ESTABLISHED l=1).mark_down
2024-03-08T23:56:40.463 INFO:teuthology.orchestra.run.smithi073.stdout:/usr/bin/ceph: stderr
2024-03-08T23:56:39.847+0000 7f415d764700 1 --2- 172.21.15.73:0/1818907392 >> [v2:172.21.15.73:3300/0,v1:172.21.15.73:6789/0] conn(0x7f41581064e0 0x7f415807aa40 secure :-1 s=READY pgs=40 cs=0 l=1 rev1=1 crypto rx=0x7f4148011670 tx=0x7f4148011b60 comp rx=0 tx=0).stop
2024-03-08T23:56:40.463 INFO:teuthology.orchestra.run.smithi073.stdout:/usr/bin/ceph: stderr
2024-03-08T23:56:39.847+0000 7f415d764700 1 -- 172.21.15.73:0/1818907392 shutdown_connections
2024-03-08T23:56:40.463 INFO:teuthology.orchestra.run.smithi073.stdout:/usr/bin/ceph: stderr
2024-03-08T23:56:39.847+0000 7f415d764700 1 --2- 172.21.15.73:0/1818907392 >> [v2:172.21.15.73:6800/4041937587,v1:172.21.15.73:6801/4041937587] conn(0x7f4144038ed0 0x7f414403b390 unknown :-1 s=CLOSED pgs=8 cs=0 l=1 rev1=1 crypto rx=0 tx=0 comp rx=0 tx=0).stop
2024-03-08T23:56:40.463 INFO:teuthology.orchestra.run.smithi073.stdout:/usr/bin/ceph: stderr
2024-03-08T23:56:39.847+0000 7f415d764700 1 --2- 172.21.15.73:0/1818907392 >> [v2:172.21.15.73:3300/0,v1:172.21.15.73:6789/0] conn(0x7f41581064e0 0x7f415807aa40 unknown :-1 s=CLOSED pgs=40 cs=0 l=1 rev1=1 crypto rx=0 tx=0 comp rx=0 tx=0).stop
2024-03-08T23:56:40.463 INFO:teuthology.orchestra.run.smithi073.stdout:/usr/bin/ceph: stderr
2024-03-08T23:56:39.847+0000 7f415d764700 1 -- 172.21.15.73:0/1818907392 >> 172.21.15.73:0/1818907392 conn(0x7f4158101aa0 msgr2=0x7f4158102610 unknown :-1 s=STATE_NONE l=0).mark_down
2024-03-08T23:56:40.463 INFO:teuthology.orchestra.run.smithi073.stdout:/usr/bin/ceph: stderr
2024-03-08T23:56:39.847+0000 7f415d764700 1 -- 172.21.15.73:0/1818907392 shutdown_connections
2024-03-08T23:56:40.463 INFO:teuthology.orchestra.run.smithi073.stdout:/usr/bin/ceph: stderr
2024-03-08T23:56:39.848+0000 7f415d764700 1 -- 172.21.15.73:0/1818907392 wait complete.
2024-03-08T23:56:40.463 INFO:teuthology.orchestra.run.smithi073.stdout:Generating ssh key...
2024-03-08T23:56:41.652 INFO:journalctl@ceph.mon.a.smithi073.stdout:Mar 08 23:56:41 smithi073 ceph-mon[32309]: from='client.14134 -' entity='client.admin' cmd=[{"prefix": "cephadm set-user", "user": "root", "target": ["mon-mgr", ""]}]: dispatch
2024-03-08T23:56:41.653 INFO:journalctl@ceph.mgr.x.smithi073.stdout:Mar 08 23:56:41 smithi073 ceph-44f886a8-dda7-11ee-95c6-87774f69a715-mgr-x[32539]: Generating public/private rsa key pair.
2024-03-08T23:56:41.653 INFO:journalctl@ceph.mgr.x.smithi073.stdout:Mar 08 23:56:41 smithi073 ceph-44f886a8-dda7-11ee-95c6-87774f69a715-mgr-x[32539]: Your identification has been saved in /tmp/tmppxqvb17b/key.
2024-03-08T23:56:41.653 INFO:journalctl@ceph.mgr.x.smithi073.stdout:Mar 08 23:56:41 smithi073 ceph-44f886a8-dda7-11ee-95c6-87774f69a715-mgr-x[32539]: Your public key has been saved in /tmp/tmppxqvb17b/key.pub.
2024-03-08T23:56:41.653 INFO:journalctl@ceph.mgr.x.smithi073.stdout:Mar 08 23:56:41 smithi073 ceph-44f886a8-dda7-11ee-95c6-87774f69a715-mgr-x[32539]: The key fingerprint is:
2024-03-08T23:56:41.653 INFO:journalctl@ceph.mgr.x.smithi073.stdout:Mar 08 23:56:41 smithi073 ceph-44f886a8-dda7-11ee-95c6-87774f69a715-mgr-x[32539]: SHA256:S3ftkwtkYn9g/RNffaewPjW+szUZuR36pnz8pxa+JbA ceph-44f886a8-dda7-11ee-95c6-87774f69a715
2024-03-08T23:56:41.653 INFO:journalctl@ceph.mgr.x.smithi073.stdout:Mar 08 23:56:41 smithi073 ceph-44f886a8-dda7-11ee-95c6-87774f69a715-mgr-x[32539]: The key's randomart image is:
2024-03-08T23:56:41.653 INFO:journalctl@ceph.mgr.x.smithi073.stdout:Mar 08 23:56:41 smithi073 ceph-44f886a8-dda7-11ee-95c6-87774f69a715-mgr-x[32539]: +---[RSA 3072]----+
2024-03-08T23:56:41.653 INFO:journalctl@ceph.mgr.x.smithi073.stdout:Mar 08 23:56:41 smithi073 ceph-44f886a8-dda7-11ee-95c6-87774f69a715-mgr-x[32539]: | |
2024-03-08T23:56:41.654 INFO:journalctl@ceph.mgr.x.smithi073.stdout:Mar 08 23:56:41 smithi073 ceph-44f886a8-dda7-11ee-95c6-87774f69a715-mgr-x[32539]: | |
2024-03-08T23:56:41.654 INFO:journalctl@ceph.mgr.x.smithi073.stdout:Mar 08 23:56:41 smithi073 ceph-44f886a8-dda7-11ee-95c6-87774f69a715-mgr-x[32539]: | |
2024-03-08T23:56:41.654 INFO:journalctl@ceph.mgr.x.smithi073.stdout:Mar 08 23:56:41 smithi073 ceph-44f886a8-dda7-11ee-95c6-87774f69a715-mgr-x[32539]: | o o|
2024-03-08T23:56:41.654 INFO:journalctl@ceph.mgr.x.smithi073.stdout:Mar 08 23:56:41 smithi073 ceph-44f886a8-dda7-11ee-95c6-87774f69a715-mgr-x[32539]: | S + O o==|
2024-03-08T23:56:41.654 INFO:journalctl@ceph.mgr.x.smithi073.stdout:Mar 08 23:56:41 smithi073 ceph-44f886a8-dda7-11ee-95c6-87774f69a715-mgr-x[32539]: | . + B B=+%|
2024-03-08T23:56:41.654 INFO:journalctl@ceph.mgr.x.smithi073.stdout:Mar 08 23:56:41 smithi073 ceph-44f886a8-dda7-11ee-95c6-87774f69a715-mgr-x[32539]: | . E=OB*|
2024-03-08T23:56:41.654 INFO:journalctl@ceph.mgr.x.smithi073.stdout:Mar 08 23:56:41 smithi073 ceph-44f886a8-dda7-11ee-95c6-87774f69a715-mgr-x[32539]: | .oo*X+|
2024-03-08T23:56:41.654 INFO:journalctl@ceph.mgr.x.smithi073.stdout:Mar 08 23:56:41 smithi073 ceph-44f886a8-dda7-11ee-95c6-87774f69a715-mgr-x[32539]: | .=XB+|
2024-03-08T23:56:41.654 INFO:journalctl@ceph.mgr.x.smithi073.stdout:Mar 08 23:56:41 smithi073 ceph-44f886a8-dda7-11ee-95c6-87774f69a715-mgr-x[32539]: +----[SHA256]-----+
2024-03-08T23:56:42.112 INFO:teuthology.orchestra.run.smithi073.stdout:/usr/bin/ceph: stderr
2024-03-08T23:56:40.894+0000 7fe26ba93700 1 Processor -- start
2024-03-08T23:56:42.113 INFO:teuthology.orchestra.run.smithi073.stdout:/usr/bin/ceph: stderr
2024-03-08T23:56:40.894+0000 7fe26ba93700 1 -- start start
2024-03-08T23:56:42.113 INFO:teuthology.orchestra.run.smithi073.stdout:/usr/bin/ceph: stderr
2024-03-08T23:56:40.894+0000 7fe26ba93700 1 --2- >> [v2:172.21.15.73:3300/0,v1:172.21.15.73:6789/0] conn(0x7fe2641064e0 0x7fe264106900 unknown :-1 s=NONE pgs=0 cs=0 l=0 rev1=0 crypto rx=0 tx=0 comp rx=0 tx=0).connect
2024-03-08T23:56:42.113 INFO:teuthology.orchestra.run.smithi073.stdout:/usr/bin/ceph: stderr
2024-03-08T23:56:40.894+0000 7fe26ba93700 1 -- --> [v2:172.21.15.73:3300/0,v1:172.21.15.73:6789/0] -- mon_getmap magic: 0 v1 -- 0x7fe264106ed0 con 0x7fe2641064e0
2024-03-08T23:56:42.113 INFO:teuthology.orchestra.run.smithi073.stdout:/usr/bin/ceph: stderr
2024-03-08T23:56:40.894+0000 7fe26982f700 1 --2- >> [v2:172.21.15.73:3300/0,v1:172.21.15.73:6789/0] conn(0x7fe2641064e0 0x7fe264106900 unknown :-1 s=BANNER_CONNECTING pgs=0 cs=0 l=0 rev1=0 crypto rx=0 tx=0 comp rx=0 tx=0)._handle_peer_banner_payload supported=3 required=0
2024-03-08T23:56:42.113 INFO:teuthology.orchestra.run.smithi073.stdout:/usr/bin/ceph: stderr
2024-03-08T23:56:40.894+0000 7fe26982f700 1 --2- >> [v2:172.21.15.73:3300/0,v1:172.21.15.73:6789/0] conn(0x7fe2641064e0 0x7fe264106900 unknown :-1 s=HELLO_CONNECTING pgs=0 cs=0 l=0 rev1=1 crypto rx=0 tx=0 comp rx=0 tx=0).handle_hello peer v2:172.21.15.73:3300/0 says I am v2:172.21.15.73:33510/0 (socket says 172.21.15.73:33510)
2024-03-08T23:56:42.113 INFO:teuthology.orchestra.run.smithi073.stdout:/usr/bin/ceph: stderr
2024-03-08T23:56:40.894+0000 7fe26982f700 1 -- 172.21.15.73:0/3093206988 learned_addr learned my addr 172.21.15.73:0/3093206988 (peer_addr_for_me v2:172.21.15.73:0/0)
2024-03-08T23:56:42.113 INFO:teuthology.orchestra.run.smithi073.stdout:/usr/bin/ceph: stderr
2024-03-08T23:56:40.894+0000 7fe26982f700 1 -- 172.21.15.73:0/3093206988 --> [v2:172.21.15.73:3300/0,v1:172.21.15.73:6789/0] -- mon_subscribe({config=0+,monmap=0+}) v3 -- 0x7fe2641076e0 con 0x7fe2641064e0
2024-03-08T23:56:42.113 INFO:teuthology.orchestra.run.smithi073.stdout:/usr/bin/ceph: stderr
2024-03-08T23:56:40.895+0000 7fe26982f700 1 --2- 172.21.15.73:0/3093206988 >> [v2:172.21.15.73:3300/0,v1:172.21.15.73:6789/0] conn(0x7fe2641064e0 0x7fe264106900 secure :-1 s=READY pgs=41 cs=0 l=1 rev1=1 crypto rx=0x7fe2600098a0 tx=0x7fe260009bb0 comp rx=0 tx=0).ready entity=mon.0 client_cookie=553e9246a8f1b9ea server_cookie=0 in_seq=0 out_seq=0
2024-03-08T23:56:42.113 INFO:teuthology.orchestra.run.smithi073.stdout:/usr/bin/ceph: stderr
2024-03-08T23:56:40.895+0000 7fe26882d700 1 -- 172.21.15.73:0/3093206988 <== mon.0 v2:172.21.15.73:3300/0 1 ==== mon_map magic: 0 v1 ==== 205+0+0 (secure 0 0 0) 0x7fe260004160 con 0x7fe2641064e0
2024-03-08T23:56:42.113 INFO:teuthology.orchestra.run.smithi073.stdout:/usr/bin/ceph: stderr
2024-03-08T23:56:40.895+0000 7fe26882d700 1 -- 172.21.15.73:0/3093206988 <== mon.0 v2:172.21.15.73:3300/0 2 ==== config(27 keys) v1 ==== 1109+0+0 (secure 0 0 0) 0x7fe260004300 con 0x7fe2641064e0
2024-03-08T23:56:42.114 INFO:teuthology.orchestra.run.smithi073.stdout:/usr/bin/ceph: stderr
2024-03-08T23:56:40.895+0000 7fe26882d700 1 -- 172.21.15.73:0/3093206988 <== mon.0 v2:172.21.15.73:3300/0 3 ==== mon_map magic: 0 v1 ==== 205+0+0 (secure 0 0 0) 0x7fe260011b50 con 0x7fe2641064e0
2024-03-08T23:56:42.114 INFO:teuthology.orchestra.run.smithi073.stdout:/usr/bin/ceph: stderr
2024-03-08T23:56:40.895+0000 7fe26ba93700 1 -- 172.21.15.73:0/3093206988 >> [v2:172.21.15.73:3300/0,v1:172.21.15.73:6789/0] conn(0x7fe2641064e0 msgr2=0x7fe264106900 secure :-1 s=STATE_CONNECTION_ESTABLISHED l=1).mark_down
2024-03-08T23:56:42.114 INFO:teuthology.orchestra.run.smithi073.stdout:/usr/bin/ceph: stderr
2024-03-08T23:56:40.895+0000 7fe26ba93700 1 --2- 172.21.15.73:0/3093206988 >> [v2:172.21.15.73:3300/0,v1:172.21.15.73:6789/0] conn(0x7fe2641064e0 0x7fe264106900 secure :-1 s=READY pgs=41 cs=0 l=1 rev1=1 crypto rx=0x7fe2600098a0 tx=0x7fe260009bb0 comp rx=0 tx=0).stop
2024-03-08T23:56:42.114 INFO:teuthology.orchestra.run.smithi073.stdout:/usr/bin/ceph: stderr
2024-03-08T23:56:40.895+0000 7fe26ba93700 1 -- 172.21.15.73:0/3093206988 shutdown_connections
2024-03-08T23:56:42.114 INFO:teuthology.orchestra.run.smithi073.stdout:/usr/bin/ceph: stderr
2024-03-08T23:56:40.895+0000 7fe26ba93700 1 --2- 172.21.15.73:0/3093206988 >> [v2:172.21.15.73:3300/0,v1:172.21.15.73:6789/0] conn(0x7fe2641064e0 0x7fe264106900 unknown :-1 s=CLOSED pgs=41 cs=0 l=1 rev1=1 crypto rx=0 tx=0 comp rx=0 tx=0).stop
2024-03-08T23:56:42.114 INFO:teuthology.orchestra.run.smithi073.stdout:/usr/bin/ceph: stderr
2024-03-08T23:56:40.895+0000 7fe26ba93700 1 -- 172.21.15.73:0/3093206988 >> 172.21.15.73:0/3093206988 conn(0x7fe264101aa0 msgr2=0x7fe264103ec0 unknown :-1 s=STATE_NONE l=0).mark_down
2024-03-08T23:56:42.114 INFO:teuthology.orchestra.run.smithi073.stdout:/usr/bin/ceph: stderr
2024-03-08T23:56:40.896+0000 7fe26ba93700 1 -- 172.21.15.73:0/3093206988 shutdown_connections
2024-03-08T23:56:42.114 INFO:teuthology.orchestra.run.smithi073.stdout:/usr/bin/ceph: stderr
2024-03-08T23:56:40.896+0000 7fe26ba93700 1 -- 172.21.15.73:0/3093206988 wait complete.
2024-03-08T23:56:42.114 INFO:teuthology.orchestra.run.smithi073.stdout:/usr/bin/ceph: stderr
2024-03-08T23:56:40.896+0000 7fe26ba93700 1 Processor -- start
2024-03-08T23:56:42.114 INFO:teuthology.orchestra.run.smithi073.stdout:/usr/bin/ceph: stderr
2024-03-08T23:56:40.896+0000 7fe26ba93700 1 -- start start
2024-03-08T23:56:42.114 INFO:teuthology.orchestra.run.smithi073.stdout:/usr/bin/ceph: stderr
2024-03-08T23:56:40.896+0000 7fe26ba93700 1 --2- >> [v2:172.21.15.73:3300/0,v1:172.21.15.73:6789/0] conn(0x7fe2641064e0 0x7fe26419a520 unknown :-1 s=NONE pgs=0 cs=0 l=1 rev1=0 crypto rx=0 tx=0 comp rx=0 tx=0).connect
2024-03-08T23:56:42.115 INFO:teuthology.orchestra.run.smithi073.stdout:/usr/bin/ceph: stderr
2024-03-08T23:56:40.896+0000 7fe26ba93700 1 -- --> [v2:172.21.15.73:3300/0,v1:172.21.15.73:6789/0] -- mon_getmap magic: 0 v1 -- 0x7fe26410aa90 con 0x7fe2641064e0
2024-03-08T23:56:42.115 INFO:teuthology.orchestra.run.smithi073.stdout:/usr/bin/ceph: stderr
2024-03-08T23:56:40.896+0000 7fe26982f700 1 --2- >> [v2:172.21.15.73:3300/0,v1:172.21.15.73:6789/0] conn(0x7fe2641064e0 0x7fe26419a520 unknown :-1 s=BANNER_CONNECTING pgs=0 cs=0 l=1 rev1=0 crypto rx=0 tx=0 comp rx=0 tx=0)._handle_peer_banner_payload supported=3 required=0
2024-03-08T23:56:42.115 INFO:teuthology.orchestra.run.smithi073.stdout:/usr/bin/ceph: stderr
2024-03-08T23:56:40.896+0000 7fe26982f700 1 --2- >> [v2:172.21.15.73:3300/0,v1:172.21.15.73:6789/0] conn(0x7fe2641064e0 0x7fe26419a520 unknown :-1 s=HELLO_CONNECTING pgs=0 cs=0 l=1 rev1=1 crypto rx=0 tx=0 comp rx=0 tx=0).handle_hello peer v2:172.21.15.73:3300/0 says I am v2:172.21.15.73:33526/0 (socket says 172.21.15.73:33526)
2024-03-08T23:56:42.115 INFO:teuthology.orchestra.run.smithi073.stdout:/usr/bin/ceph: stderr
2024-03-08T23:56:40.896+0000 7fe26982f700 1 -- 172.21.15.73:0/1109931891 learned_addr learned my addr 172.21.15.73:0/1109931891 (peer_addr_for_me v2:172.21.15.73:0/0)
2024-03-08T23:56:42.115 INFO:teuthology.orchestra.run.smithi073.stdout:/usr/bin/ceph: stderr
2024-03-08T23:56:40.897+0000 7fe26982f700 1 -- 172.21.15.73:0/1109931891 --> [v2:172.21.15.73:3300/0,v1:172.21.15.73:6789/0] -- mon_subscribe({config=0+,monmap=0+}) v3 -- 0x7fe26419aa60 con 0x7fe2641064e0
2024-03-08T23:56:42.115 INFO:teuthology.orchestra.run.smithi073.stdout:/usr/bin/ceph: stderr
2024-03-08T23:56:40.897+0000 7fe26982f700 1 --2- 172.21.15.73:0/1109931891 >> [v2:172.21.15.73:3300/0,v1:172.21.15.73:6789/0] conn(0x7fe2641064e0 0x7fe26419a520 secure :-1 s=READY pgs=42 cs=0 l=1 rev1=1 crypto rx=0x7fe260011670 tx=0x7fe260011b60 comp rx=0 tx=0).ready entity=mon.0 client_cookie=0 server_cookie=0 in_seq=0 out_seq=0
2024-03-08T23:56:42.115 INFO:teuthology.orchestra.run.smithi073.stdout:/usr/bin/ceph: stderr
2024-03-08T23:56:40.897+0000 7fe25affd700 1 -- 172.21.15.73:0/1109931891 <== mon.0 v2:172.21.15.73:3300/0 1 ==== mon_map magic: 0 v1 ==== 205+0+0 (secure 0 0 0) 0x7fe2600039c0 con 0x7fe2641064e0
2024-03-08T23:56:42.115 INFO:teuthology.orchestra.run.smithi073.stdout:/usr/bin/ceph: stderr
2024-03-08T23:56:40.897+0000 7fe25affd700 1 -- 172.21.15.73:0/1109931891 <== mon.0 v2:172.21.15.73:3300/0 2 ==== config(27 keys) v1 ==== 1109+0+0 (secure 0 0 0) 0x7fe260011e50 con 0x7fe2641064e0
2024-03-08T23:56:42.115 INFO:teuthology.orchestra.run.smithi073.stdout:/usr/bin/ceph: stderr
2024-03-08T23:56:40.897+0000 7fe26ba93700 1 -- 172.21.15.73:0/1109931891 --> [v2:172.21.15.73:3300/0,v1:172.21.15.73:6789/0] -- mon_subscribe({mgrmap=0+}) v3 -- 0x7fe26419acf0 con 0x7fe2641064e0
2024-03-08T23:56:42.115 INFO:teuthology.orchestra.run.smithi073.stdout:/usr/bin/ceph: stderr
2024-03-08T23:56:40.897+0000 7fe25affd700 1 -- 172.21.15.73:0/1109931891 <== mon.0 v2:172.21.15.73:3300/0 3 ==== mon_map magic: 0 v1 ==== 205+0+0 (secure 0 0 0) 0x7fe26001a5c0 con 0x7fe2641064e0
2024-03-08T23:56:42.115 INFO:teuthology.orchestra.run.smithi073.stdout:/usr/bin/ceph: stderr
2024-03-08T23:56:40.897+0000 7fe26ba93700 1 -- 172.21.15.73:0/1109931891 --> [v2:172.21.15.73:3300/0,v1:172.21.15.73:6789/0] -- mon_subscribe({osdmap=0}) v3 -- 0x7fe26419d9e0 con 0x7fe2641064e0
2024-03-08T23:56:42.115 INFO:teuthology.orchestra.run.smithi073.stdout:/usr/bin/ceph: stderr
2024-03-08T23:56:40.898+0000 7fe26ba93700 1 -- 172.21.15.73:0/1109931891 --> [v2:172.21.15.73:3300/0,v1:172.21.15.73:6789/0] -- mon_command({"prefix": "get_command_descriptions"} v 0) v1 -- 0x7fe264063410 con 0x7fe2641064e0
2024-03-08T23:56:42.115 INFO:teuthology.orchestra.run.smithi073.stdout:/usr/bin/ceph: stderr
2024-03-08T23:56:40.898+0000 7fe25affd700 1 -- 172.21.15.73:0/1109931891 <== mon.0 v2:172.21.15.73:3300/0 4 ==== mgrmap(e 8) v1 ==== 46106+0+0 (secure 0 0 0) 0x7fe260024430 con 0x7fe2641064e0
2024-03-08T23:56:42.116 INFO:teuthology.orchestra.run.smithi073.stdout:/usr/bin/ceph: stderr
2024-03-08T23:56:40.898+0000 7fe25affd700 1 --2- 172.21.15.73:0/1109931891 >> [v2:172.21.15.73:6800/4041937587,v1:172.21.15.73:6801/4041937587] conn(0x7fe250038ed0 0x7fe25003b390 unknown :-1 s=NONE pgs=0 cs=0 l=1 rev1=0 crypto rx=0 tx=0 comp rx=0 tx=0).connect
2024-03-08T23:56:42.116 INFO:teuthology.orchestra.run.smithi073.stdout:/usr/bin/ceph: stderr
2024-03-08T23:56:40.898+0000 7fe25affd700 1 -- 172.21.15.73:0/1109931891 <== mon.0 v2:172.21.15.73:3300/0 5 ==== osd_map(2..2 src has 1..2) v4 ==== 940+0+0 (secure 0 0 0) 0x7fe26004d320 con 0x7fe2641064e0
2024-03-08T23:56:42.116 INFO:teuthology.orchestra.run.smithi073.stdout:/usr/bin/ceph: stderr
2024-03-08T23:56:40.898+0000 7fe26902e700 1 --2- 172.21.15.73:0/1109931891 >> [v2:172.21.15.73:6800/4041937587,v1:172.21.15.73:6801/4041937587] conn(0x7fe250038ed0 0x7fe25003b390 unknown :-1 s=BANNER_CONNECTING pgs=0 cs=0 l=1 rev1=0 crypto rx=0 tx=0 comp rx=0 tx=0)._handle_peer_banner_payload supported=3 required=0
2024-03-08T23:56:42.116 INFO:teuthology.orchestra.run.smithi073.stdout:/usr/bin/ceph: stderr
2024-03-08T23:56:40.899+0000 7fe26902e700 1 --2- 172.21.15.73:0/1109931891 >> [v2:172.21.15.73:6800/4041937587,v1:172.21.15.73:6801/4041937587] conn(0x7fe250038ed0 0x7fe25003b390 secure :-1 s=READY pgs=9 cs=0 l=1 rev1=1 crypto rx=0x7fe254006fd0 tx=0x7fe254006e40 comp rx=0 tx=0).ready entity=mgr.14120 client_cookie=0 server_cookie=0 in_seq=0 out_seq=0
2024-03-08T23:56:42.116 INFO:teuthology.orchestra.run.smithi073.stdout:/usr/bin/ceph: stderr
2024-03-08T23:56:40.903+0000 7fe25affd700 1 -- 172.21.15.73:0/1109931891 <== mon.0 v2:172.21.15.73:3300/0 6 ==== mon_command_ack([{"prefix": "get_command_descriptions"}]=0 v0) v1 ==== 72+0+184905 (secure 0 0 0) 0x7fe260017ca0 con 0x7fe2641064e0
2024-03-08T23:56:42.116 INFO:teuthology.orchestra.run.smithi073.stdout:/usr/bin/ceph: stderr
2024-03-08T23:56:41.098+0000 7fe26ba93700 1 -- 172.21.15.73:0/1109931891 --> [v2:172.21.15.73:6800/4041937587,v1:172.21.15.73:6801/4041937587] -- mgr_command(tid 0: {"prefix": "cephadm generate-key", "target": ["mon-mgr", ""]}) v1 -- 0x7fe264102d20 con 0x7fe250038ed0
2024-03-08T23:56:42.116 INFO:teuthology.orchestra.run.smithi073.stdout:/usr/bin/ceph: stderr
2024-03-08T23:56:41.558+0000 7fe25affd700 1 -- 172.21.15.73:0/1109931891 <== mgr.14120 v2:172.21.15.73:6800/4041937587 1 ==== mgr_command_reply(tid 0: 0 ) v1 ==== 8+0+0 (secure 0 0 0) 0x7fe264102d20 con 0x7fe250038ed0
2024-03-08T23:56:42.116 INFO:teuthology.orchestra.run.smithi073.stdout:/usr/bin/ceph: stderr
2024-03-08T23:56:41.560+0000 7fe26ba93700 1 -- 172.21.15.73:0/1109931891 >> [v2:172.21.15.73:6800/4041937587,v1:172.21.15.73:6801/4041937587] conn(0x7fe250038ed0 msgr2=0x7fe25003b390 secure :-1 s=STATE_CONNECTION_ESTABLISHED l=1).mark_down
2024-03-08T23:56:42.116 INFO:teuthology.orchestra.run.smithi073.stdout:/usr/bin/ceph: stderr
2024-03-08T23:56:41.560+0000 7fe26ba93700 1 --2- 172.21.15.73:0/1109931891 >> [v2:172.21.15.73:6800/4041937587,v1:172.21.15.73:6801/4041937587] conn(0x7fe250038ed0 0x7fe25003b390 secure :-1 s=READY pgs=9 cs=0 l=1 rev1=1 crypto rx=0x7fe254006fd0 tx=0x7fe254006e40 comp rx=0 tx=0).stop
2024-03-08T23:56:42.116 INFO:teuthology.orchestra.run.smithi073.stdout:/usr/bin/ceph: stderr
2024-03-08T23:56:41.560+0000 7fe26ba93700 1 -- 172.21.15.73:0/1109931891 >> [v2:172.21.15.73:3300/0,v1:172.21.15.73:6789/0] conn(0x7fe2641064e0 msgr2=0x7fe26419a520 secure :-1 s=STATE_CONNECTION_ESTABLISHED l=1).mark_down
2024-03-08T23:56:42.116 INFO:teuthology.orchestra.run.smithi073.stdout:/usr/bin/ceph: stderr
2024-03-08T23:56:41.560+0000 7fe26ba93700 1 --2- 172.21.15.73:0/1109931891 >> [v2:172.21.15.73:3300/0,v1:172.21.15.73:6789/0] conn(0x7fe2641064e0 0x7fe26419a520 secure :-1 s=READY pgs=42 cs=0 l=1 rev1=1 crypto rx=0x7fe260011670 tx=0x7fe260011b60 comp rx=0 tx=0).stop
2024-03-08T23:56:42.116 INFO:teuthology.orchestra.run.smithi073.stdout:/usr/bin/ceph: stderr
2024-03-08T23:56:41.560+0000 7fe26ba93700 1 -- 172.21.15.73:0/1109931891 shutdown_connections
2024-03-08T23:56:42.117 INFO:teuthology.orchestra.run.smithi073.stdout:/usr/bin/ceph: stderr
2024-03-08T23:56:41.560+0000 7fe26ba93700 1 --2- 172.21.15.73:0/1109931891 >> [v2:172.21.15.73:6800/4041937587,v1:172.21.15.73:6801/4041937587] conn(0x7fe250038ed0 0x7fe25003b390 unknown :-1 s=CLOSED pgs=9 cs=0 l=1 rev1=1 crypto rx=0 tx=0 comp rx=0 tx=0).stop
2024-03-08T23:56:42.117 INFO:teuthology.orchestra.run.smithi073.stdout:/usr/bin/ceph: stderr
2024-03-08T23:56:41.560+0000 7fe26ba93700 1 --2- 172.21.15.73:0/1109931891 >> [v2:172.21.15.73:3300/0,v1:172.21.15.73:6789/0] conn(0x7fe2641064e0 0x7fe26419a520 unknown :-1 s=CLOSED pgs=42 cs=0 l=1 rev1=1 crypto rx=0 tx=0 comp rx=0 tx=0).stop
2024-03-08T23:56:42.117 INFO:teuthology.orchestra.run.smithi073.stdout:/usr/bin/ceph: stderr
2024-03-08T23:56:41.560+0000 7fe26ba93700 1 -- 172.21.15.73:0/1109931891 >> 172.21.15.73:0/1109931891 conn(0x7fe264101aa0 msgr2=0x7fe264102610 unknown :-1 s=STATE_NONE l=0).mark_down
2024-03-08T23:56:42.117 INFO:teuthology.orchestra.run.smithi073.stdout:/usr/bin/ceph: stderr
2024-03-08T23:56:41.560+0000 7fe26ba93700 1 -- 172.21.15.73:0/1109931891 shutdown_connections
2024-03-08T23:56:42.117 INFO:teuthology.orchestra.run.smithi073.stdout:/usr/bin/ceph: stderr
2024-03-08T23:56:41.560+0000 7fe26ba93700 1 -- 172.21.15.73:0/1109931891 wait complete.
2024-03-08T23:56:42.652 INFO:journalctl@ceph.mon.a.smithi073.stdout:Mar 08 23:56:42 smithi073 ceph-mon[32309]: from='client.14136 -' entity='client.admin' cmd=[{"prefix": "cephadm generate-key", "target": ["mon-mgr", ""]}]: dispatch
2024-03-08T23:56:42.652 INFO:journalctl@ceph.mon.a.smithi073.stdout:Mar 08 23:56:42 smithi073 ceph-mon[32309]: Generating ssh key...
2024-03-08T23:56:42.652 INFO:journalctl@ceph.mon.a.smithi073.stdout:Mar 08 23:56:42 smithi073 ceph-mon[32309]: from='mgr.14120 172.21.15.73:0/3758283280' entity='mgr.x'
2024-03-08T23:56:42.653 INFO:journalctl@ceph.mon.a.smithi073.stdout:Mar 08 23:56:42 smithi073 ceph-mon[32309]: from='mgr.14120 172.21.15.73:0/3758283280' entity='mgr.x'
2024-03-08T23:56:43.402 INFO:teuthology.orchestra.run.smithi073.stdout:/usr/bin/ceph: stdout ssh-rsa AAAAB3NzaC1yc2EAAAADAQABAAABgQCeO025a45gNXB0a8KY462gfe9JNXfkKzebeYugitjLsVixGAuvrIj4UyhdrSLfKs3NVYzS5CsvP64bvE10tc3MJ/lTQstInEL+aRLibzVtpNN9XruCF8v9IcFNAjtJjUREoioqb4XX97OmdSKUOW/LJ9vV6pcX1v3PQpjE3txb5WOlT7iyiuuEtH5IOj7CRixsq3KZSwH3a44dLuOFeYTLv6e8iRD7dyAN7UkQriTMwqqhGbvli7RJb8H/1KgiSufR/N1/pcW4S/hAlet5FCNhMihIG6CkoLYr6AKRD2Mvl14+m7F+dZWj+euyG3Ju1TnkPkG5qdLoeRMB3bAYjUVpG0RKE9doiUry0/Q4UI7QLXqQDTWJPxMP5coy750cXEFXDdVf7qczUflxThBllx6b1dnSq3beAs+PxadGMMxpk3gdJ/2ylpuzT11hSICNJVjctJUKHyGq1N4OSBSmxHcakWWdn7yBKsvczDdXfZywuvBjTxWqK+1flozJS8C/sGk= ceph-44f886a8-dda7-11ee-95c6-87774f69a715
2024-03-08T23:56:43.402 INFO:teuthology.orchestra.run.smithi073.stdout:/usr/bin/ceph: stderr
2024-03-08T23:56:42.564+0000 7f2a2ce12700 1 Processor -- start
2024-03-08T23:56:43.402 INFO:teuthology.orchestra.run.smithi073.stdout:/usr/bin/ceph: stderr
2024-03-08T23:56:42.564+0000 7f2a2ce12700 1 -- start start
2024-03-08T23:56:43.402 INFO:teuthology.orchestra.run.smithi073.stdout:/usr/bin/ceph: stderr
2024-03-08T23:56:42.564+0000 7f2a2ce12700 1 --2- >> [v2:172.21.15.73:3300/0,v1:172.21.15.73:6789/0] conn(0x7f2a28106550 0x7f2a28106970 unknown :-1 s=NONE pgs=0 cs=0 l=0 rev1=0 crypto rx=0 tx=0 comp rx=0 tx=0).connect
2024-03-08T23:56:43.402 INFO:teuthology.orchestra.run.smithi073.stdout:/usr/bin/ceph: stderr
2024-03-08T23:56:42.564+0000 7f2a2ce12700 1 -- --> [v2:172.21.15.73:3300/0,v1:172.21.15.73:6789/0] -- mon_getmap magic: 0 v1 -- 0x7f2a28106f40 con 0x7f2a28106550
2024-03-08T23:56:43.402 INFO:teuthology.orchestra.run.smithi073.stdout:/usr/bin/ceph: stderr
2024-03-08T23:56:42.565+0000 7f2a2659c700 1 --2- >> [v2:172.21.15.73:3300/0,v1:172.21.15.73:6789/0] conn(0x7f2a28106550 0x7f2a28106970 unknown :-1 s=BANNER_CONNECTING pgs=0 cs=0 l=0 rev1=0 crypto rx=0 tx=0 comp rx=0 tx=0)._handle_peer_banner_payload supported=3 required=0
2024-03-08T23:56:43.402 INFO:teuthology.orchestra.run.smithi073.stdout:/usr/bin/ceph: stderr
2024-03-08T23:56:42.565+0000 7f2a2659c700 1 --2- >> [v2:172.21.15.73:3300/0,v1:172.21.15.73:6789/0] conn(0x7f2a28106550 0x7f2a28106970 unknown :-1 s=HELLO_CONNECTING pgs=0 cs=0 l=0 rev1=1 crypto rx=0 tx=0 comp rx=0 tx=0).handle_hello peer v2:172.21.15.73:3300/0 says I am v2:172.21.15.73:33540/0 (socket says 172.21.15.73:33540)
2024-03-08T23:56:43.402 INFO:teuthology.orchestra.run.smithi073.stdout:/usr/bin/ceph: stderr
2024-03-08T23:56:42.565+0000 7f2a2659c700 1 -- 172.21.15.73:0/3846962650 learned_addr learned my addr 172.21.15.73:0/3846962650 (peer_addr_for_me v2:172.21.15.73:0/0)
2024-03-08T23:56:43.402 INFO:teuthology.orchestra.run.smithi073.stdout:/usr/bin/ceph: stderr
2024-03-08T23:56:42.565+0000 7f2a2659c700 1 -- 172.21.15.73:0/3846962650 --> [v2:172.21.15.73:3300/0,v1:172.21.15.73:6789/0] -- mon_subscribe({config=0+,monmap=0+}) v3 -- 0x7f2a28107750 con 0x7f2a28106550
2024-03-08T23:56:43.402 INFO:teuthology.orchestra.run.smithi073.stdout:/usr/bin/ceph: stderr
2024-03-08T23:56:42.565+0000 7f2a2659c700 1 --2- 172.21.15.73:0/3846962650 >> [v2:172.21.15.73:3300/0,v1:172.21.15.73:6789/0] conn(0x7f2a28106550 0x7f2a28106970 secure :-1 s=READY pgs=43 cs=0 l=1 rev1=1 crypto rx=0x7f2a180098a0 tx=0x7f2a18009bb0 comp rx=0 tx=0).ready entity=mon.0 client_cookie=525b798c9da6283 server_cookie=0 in_seq=0 out_seq=0
2024-03-08T23:56:43.403 INFO:teuthology.orchestra.run.smithi073.stdout:/usr/bin/ceph: stderr
2024-03-08T23:56:42.565+0000 7f2a2559a700 1 -- 172.21.15.73:0/3846962650 <== mon.0 v2:172.21.15.73:3300/0 1 ==== mon_map magic: 0 v1 ==== 205+0+0 (secure 0 0 0) 0x7f2a18004160 con 0x7f2a28106550
2024-03-08T23:56:43.403 INFO:teuthology.orchestra.run.smithi073.stdout:/usr/bin/ceph: stderr
2024-03-08T23:56:42.565+0000 7f2a2559a700 1 -- 172.21.15.73:0/3846962650 <== mon.0 v2:172.21.15.73:3300/0 2 ==== config(27 keys) v1 ==== 1109+0+0 (secure 0 0 0) 0x7f2a18004300 con 0x7f2a28106550
2024-03-08T23:56:43.403 INFO:teuthology.orchestra.run.smithi073.stdout:/usr/bin/ceph: stderr
2024-03-08T23:56:42.565+0000 7f2a2559a700 1 -- 172.21.15.73:0/3846962650 <== mon.0 v2:172.21.15.73:3300/0 3 ==== mon_map magic: 0 v1 ==== 205+0+0 (secure 0 0 0) 0x7f2a18011b50 con 0x7f2a28106550
2024-03-08T23:56:43.403 INFO:teuthology.orchestra.run.smithi073.stdout:/usr/bin/ceph: stderr
2024-03-08T23:56:42.566+0000 7f2a2ce12700 1 -- 172.21.15.73:0/3846962650 >> [v2:172.21.15.73:3300/0,v1:172.21.15.73:6789/0] conn(0x7f2a28106550 msgr2=0x7f2a28106970 secure :-1 s=STATE_CONNECTION_ESTABLISHED l=1).mark_down
2024-03-08T23:56:43.403 INFO:teuthology.orchestra.run.smithi073.stdout:/usr/bin/ceph: stderr
2024-03-08T23:56:42.566+0000 7f2a2ce12700 1 --2- 172.21.15.73:0/3846962650 >> [v2:172.21.15.73:3300/0,v1:172.21.15.73:6789/0] conn(0x7f2a28106550 0x7f2a28106970 secure :-1 s=READY pgs=43 cs=0 l=1 rev1=1 crypto rx=0x7f2a180098a0 tx=0x7f2a18009bb0 comp rx=0 tx=0).stop
2024-03-08T23:56:43.403 INFO:teuthology.orchestra.run.smithi073.stdout:/usr/bin/ceph: stderr
2024-03-08T23:56:42.566+0000 7f2a2ce12700 1 -- 172.21.15.73:0/3846962650 shutdown_connections
2024-03-08T23:56:43.403 INFO:teuthology.orchestra.run.smithi073.stdout:/usr/bin/ceph: stderr
2024-03-08T23:56:42.566+0000 7f2a2ce12700 1 --2- 172.21.15.73:0/3846962650 >> [v2:172.21.15.73:3300/0,v1:172.21.15.73:6789/0] conn(0x7f2a28106550 0x7f2a28106970 unknown :-1 s=CLOSED pgs=43 cs=0 l=1 rev1=1 crypto rx=0 tx=0 comp rx=0 tx=0).stop
2024-03-08T23:56:43.403 INFO:teuthology.orchestra.run.smithi073.stdout:/usr/bin/ceph: stderr
2024-03-08T23:56:42.566+0000 7f2a2ce12700 1 -- 172.21.15.73:0/3846962650 >> 172.21.15.73:0/3846962650 conn(0x7f2a28101b70 msgr2=0x7f2a28103f90 unknown :-1 s=STATE_NONE l=0).mark_down
2024-03-08T23:56:43.403 INFO:teuthology.orchestra.run.smithi073.stdout:/usr/bin/ceph: stderr
2024-03-08T23:56:42.566+0000 7f2a2ce12700 1 -- 172.21.15.73:0/3846962650 shutdown_connections
2024-03-08T23:56:43.403 INFO:teuthology.orchestra.run.smithi073.stdout:/usr/bin/ceph: stderr
2024-03-08T23:56:42.566+0000 7f2a2ce12700 1 -- 172.21.15.73:0/3846962650 wait complete.
2024-03-08T23:56:43.403 INFO:teuthology.orchestra.run.smithi073.stdout:/usr/bin/ceph: stderr
2024-03-08T23:56:42.567+0000 7f2a2ce12700 1 Processor -- start
2024-03-08T23:56:43.404 INFO:teuthology.orchestra.run.smithi073.stdout:/usr/bin/ceph: stderr
2024-03-08T23:56:42.567+0000 7f2a2ce12700 1 -- start start
2024-03-08T23:56:43.404 INFO:teuthology.orchestra.run.smithi073.stdout:/usr/bin/ceph: stderr
2024-03-08T23:56:42.567+0000 7f2a2ce12700 1 --2- >> [v2:172.21.15.73:3300/0,v1:172.21.15.73:6789/0] conn(0x7f2a28106550 0x7f2a2819a540 unknown :-1 s=NONE pgs=0 cs=0 l=1 rev1=0 crypto rx=0 tx=0 comp rx=0 tx=0).connect
2024-03-08T23:56:43.404 INFO:teuthology.orchestra.run.smithi073.stdout:/usr/bin/ceph: stderr
2024-03-08T23:56:42.567+0000 7f2a2ce12700 1 -- --> [v2:172.21.15.73:3300/0,v1:172.21.15.73:6789/0] -- mon_getmap magic: 0 v1 -- 0x7f2a2810ab00 con 0x7f2a28106550
2024-03-08T23:56:43.404 INFO:teuthology.orchestra.run.smithi073.stdout:/usr/bin/ceph: stderr
2024-03-08T23:56:42.567+0000 7f2a2659c700 1 --2- >> [v2:172.21.15.73:3300/0,v1:172.21.15.73:6789/0] conn(0x7f2a28106550 0x7f2a2819a540 unknown :-1 s=BANNER_CONNECTING pgs=0 cs=0 l=1 rev1=0 crypto rx=0 tx=0 comp rx=0 tx=0)._handle_peer_banner_payload supported=3 required=0
2024-03-08T23:56:43.404 INFO:teuthology.orchestra.run.smithi073.stdout:/usr/bin/ceph: stderr
2024-03-08T23:56:42.567+0000 7f2a2659c700 1 --2- >> [v2:172.21.15.73:3300/0,v1:172.21.15.73:6789/0] conn(0x7f2a28106550 0x7f2a2819a540 unknown :-1 s=HELLO_CONNECTING pgs=0 cs=0 l=1 rev1=1 crypto rx=0 tx=0 comp rx=0 tx=0).handle_hello peer v2:172.21.15.73:3300/0 says I am v2:172.21.15.73:33548/0 (socket says 172.21.15.73:33548)
2024-03-08T23:56:43.404 INFO:teuthology.orchestra.run.smithi073.stdout:/usr/bin/ceph: stderr
2024-03-08T23:56:42.567+0000 7f2a2659c700 1 -- 172.21.15.73:0/2344787813 learned_addr learned my addr 172.21.15.73:0/2344787813 (peer_addr_for_me v2:172.21.15.73:0/0)
2024-03-08T23:56:43.404 INFO:teuthology.orchestra.run.smithi073.stdout:/usr/bin/ceph: stderr
2024-03-08T23:56:42.567+0000 7f2a2659c700 1 -- 172.21.15.73:0/2344787813 --> [v2:172.21.15.73:3300/0,v1:172.21.15.73:6789/0] -- mon_subscribe({config=0+,monmap=0+}) v3 -- 0x7f2a2819aa80 con 0x7f2a28106550
2024-03-08T23:56:43.404 INFO:teuthology.orchestra.run.smithi073.stdout:/usr/bin/ceph: stderr
2024-03-08T23:56:42.567+0000 7f2a2659c700 1 --2- 172.21.15.73:0/2344787813 >> [v2:172.21.15.73:3300/0,v1:172.21.15.73:6789/0] conn(0x7f2a28106550 0x7f2a2819a540 secure :-1 s=READY pgs=44 cs=0 l=1 rev1=1 crypto rx=0x7f2a18009fb0 tx=0x7f2a18011bf0 comp rx=0 tx=0).ready entity=mon.0 client_cookie=0 server_cookie=0 in_seq=0 out_seq=0
2024-03-08T23:56:43.404 INFO:teuthology.orchestra.run.smithi073.stdout:/usr/bin/ceph: stderr
2024-03-08T23:56:42.568+0000 7f2a177fe700 1 -- 172.21.15.73:0/2344787813 <== mon.0 v2:172.21.15.73:3300/0 1 ==== mon_map magic: 0 v1 ==== 205+0+0 (secure 0 0 0) 0x7f2a180038b0 con 0x7f2a28106550
2024-03-08T23:56:43.404 INFO:teuthology.orchestra.run.smithi073.stdout:/usr/bin/ceph: stderr
2024-03-08T23:56:42.568+0000 7f2a2ce12700 1 -- 172.21.15.73:0/2344787813 --> [v2:172.21.15.73:3300/0,v1:172.21.15.73:6789/0] -- mon_subscribe({mgrmap=0+}) v3 -- 0x7f2a2819ad10 con 0x7f2a28106550
2024-03-08T23:56:43.404 INFO:teuthology.orchestra.run.smithi073.stdout:/usr/bin/ceph: stderr
2024-03-08T23:56:42.568+0000 7f2a2ce12700 1 -- 172.21.15.73:0/2344787813 --> [v2:172.21.15.73:3300/0,v1:172.21.15.73:6789/0] -- mon_subscribe({osdmap=0}) v3 -- 0x7f2a2819da00 con 0x7f2a28106550
2024-03-08T23:56:43.404 INFO:teuthology.orchestra.run.smithi073.stdout:/usr/bin/ceph: stderr
2024-03-08T23:56:42.568+0000 7f2a177fe700 1 -- 172.21.15.73:0/2344787813 <== mon.0 v2:172.21.15.73:3300/0 2 ==== config(27 keys) v1 ==== 1109+0+0 (secure 0 0 0) 0x7f2a18011e50 con 0x7f2a28106550
2024-03-08T23:56:43.404 INFO:teuthology.orchestra.run.smithi073.stdout:/usr/bin/ceph: stderr
2024-03-08T23:56:42.568+0000 7f2a177fe700 1 -- 172.21.15.73:0/2344787813 <== mon.0 v2:172.21.15.73:3300/0 3 ==== mon_map magic: 0 v1 ==== 205+0+0 (secure 0 0 0) 0x7f2a18019550 con 0x7f2a28106550
2024-03-08T23:56:43.404 INFO:teuthology.orchestra.run.smithi073.stdout:/usr/bin/ceph: stderr
2024-03-08T23:56:42.568+0000 7f2a177fe700 1 -- 172.21.15.73:0/2344787813 <== mon.0 v2:172.21.15.73:3300/0 4 ==== mgrmap(e 8) v1 ==== 46106+0+0 (secure 0 0 0) 0x7f2a180196f0 con 0x7f2a28106550
2024-03-08T23:56:43.405 INFO:teuthology.orchestra.run.smithi073.stdout:/usr/bin/ceph: stderr
2024-03-08T23:56:42.569+0000 7f2a177fe700 1 --2- 172.21.15.73:0/2344787813 >> [v2:172.21.15.73:6800/4041937587,v1:172.21.15.73:6801/4041937587] conn(0x7f2a1003b0e0 0x7f2a1003d5a0 unknown :-1 s=NONE pgs=0 cs=0 l=1 rev1=0 crypto rx=0 tx=0 comp rx=0 tx=0).connect
2024-03-08T23:56:43.405 INFO:teuthology.orchestra.run.smithi073.stdout:/usr/bin/ceph: stderr
2024-03-08T23:56:42.569+0000 7f2a2ce12700 1 -- 172.21.15.73:0/2344787813 --> [v2:172.21.15.73:3300/0,v1:172.21.15.73:6789/0] -- mon_command({"prefix": "get_command_descriptions"} v 0) v1 -- 0x7f2a08005360 con 0x7f2a28106550
2024-03-08T23:56:43.405 INFO:teuthology.orchestra.run.smithi073.stdout:/usr/bin/ceph: stderr
2024-03-08T23:56:42.569+0000 7f2a177fe700 1 -- 172.21.15.73:0/2344787813 <== mon.0 v2:172.21.15.73:3300/0 5 ==== osd_map(2..2 src has 1..2) v4 ==== 940+0+0 (secure 0 0 0) 0x7f2a1804d190 con 0x7f2a28106550
2024-03-08T23:56:43.405 INFO:teuthology.orchestra.run.smithi073.stdout:/usr/bin/ceph: stderr
2024-03-08T23:56:42.569+0000 7f2a25d9b700 1 --2- 172.21.15.73:0/2344787813 >> [v2:172.21.15.73:6800/4041937587,v1:172.21.15.73:6801/4041937587] conn(0x7f2a1003b0e0 0x7f2a1003d5a0 unknown :-1 s=BANNER_CONNECTING pgs=0 cs=0 l=1 rev1=0 crypto rx=0 tx=0 comp rx=0 tx=0)._handle_peer_banner_payload supported=3 required=0
2024-03-08T23:56:43.405 INFO:teuthology.orchestra.run.smithi073.stdout:/usr/bin/ceph: stderr
2024-03-08T23:56:42.569+0000 7f2a25d9b700 1 --2- 172.21.15.73:0/2344787813 >> [v2:172.21.15.73:6800/4041937587,v1:172.21.15.73:6801/4041937587] conn(0x7f2a1003b0e0 0x7f2a1003d5a0 secure :-1 s=READY pgs=10 cs=0 l=1 rev1=1 crypto rx=0x7f2a1c006fd0 tx=0x7f2a1c006e40 comp rx=0 tx=0).ready entity=mgr.14120 client_cookie=0 server_cookie=0 in_seq=0 out_seq=0
2024-03-08T23:56:43.405 INFO:teuthology.orchestra.run.smithi073.stdout:/usr/bin/ceph: stderr
2024-03-08T23:56:42.574+0000 7f2a177fe700 1 -- 172.21.15.73:0/2344787813 <== mon.0 v2:172.21.15.73:3300/0 6 ==== mon_command_ack([{"prefix": "get_command_descriptions"}]=0 v0) v1 ==== 72+0+184905 (secure 0 0 0) 0x7f2a1800bc70 con 0x7f2a28106550
2024-03-08T23:56:43.405 INFO:teuthology.orchestra.run.smithi073.stdout:/usr/bin/ceph: stderr
2024-03-08T23:56:42.770+0000 7f2a2ce12700 1 -- 172.21.15.73:0/2344787813 --> [v2:172.21.15.73:6800/4041937587,v1:172.21.15.73:6801/4041937587] -- mgr_command(tid 0: {"prefix": "cephadm get-pub-key", "target": ["mon-mgr", ""]}) v1 -- 0x7f2a08000bf0 con 0x7f2a1003b0e0
2024-03-08T23:56:43.405 INFO:teuthology.orchestra.run.smithi073.stdout:/usr/bin/ceph: stderr
2024-03-08T23:56:42.771+0000 7f2a177fe700 1 -- 172.21.15.73:0/2344787813 <== mgr.14120 v2:172.21.15.73:6800/4041937587 1 ==== mgr_command_reply(tid 0: 0 ) v1 ==== 8+0+595 (secure 0 0 0) 0x7f2a08000bf0 con 0x7f2a1003b0e0
2024-03-08T23:56:43.405 INFO:teuthology.orchestra.run.smithi073.stdout:/usr/bin/ceph: stderr
2024-03-08T23:56:42.773+0000 7f2a2ce12700 1 -- 172.21.15.73:0/2344787813 >> [v2:172.21.15.73:6800/4041937587,v1:172.21.15.73:6801/4041937587] conn(0x7f2a1003b0e0 msgr2=0x7f2a1003d5a0 secure :-1 s=STATE_CONNECTION_ESTABLISHED l=1).mark_down
2024-03-08T23:56:43.405 INFO:teuthology.orchestra.run.smithi073.stdout:/usr/bin/ceph: stderr
2024-03-08T23:56:42.773+0000 7f2a2ce12700 1 --2- 172.21.15.73:0/2344787813 >> [v2:172.21.15.73:6800/4041937587,v1:172.21.15.73:6801/4041937587] conn(0x7f2a1003b0e0 0x7f2a1003d5a0 secure :-1 s=READY pgs=10 cs=0 l=1 rev1=1 crypto rx=0x7f2a1c006fd0 tx=0x7f2a1c006e40 comp rx=0 tx=0).stop
2024-03-08T23:56:43.405 INFO:teuthology.orchestra.run.smithi073.stdout:/usr/bin/ceph: stderr
2024-03-08T23:56:42.773+0000 7f2a2ce12700 1 -- 172.21.15.73:0/2344787813 >> [v2:172.21.15.73:3300/0,v1:172.21.15.73:6789/0] conn(0x7f2a28106550 msgr2=0x7f2a2819a540 secure :-1 s=STATE_CONNECTION_ESTABLISHED l=1).mark_down
2024-03-08T23:56:43.405 INFO:teuthology.orchestra.run.smithi073.stdout:/usr/bin/ceph: stderr
2024-03-08T23:56:42.773+0000 7f2a2ce12700 1 --2- 172.21.15.73:0/2344787813 >> [v2:172.21.15.73:3300/0,v1:172.21.15.73:6789/0] conn(0x7f2a28106550 0x7f2a2819a540 secure :-1 s=READY pgs=44 cs=0 l=1 rev1=1 crypto rx=0x7f2a18009fb0 tx=0x7f2a18011bf0 comp rx=0 tx=0).stop
2024-03-08T23:56:43.405 INFO:teuthology.orchestra.run.smithi073.stdout:/usr/bin/ceph: stderr
2024-03-08T23:56:42.773+0000 7f2a2ce12700 1 -- 172.21.15.73:0/2344787813 shutdown_connections
2024-03-08T23:56:43.405 INFO:teuthology.orchestra.run.smithi073.stdout:/usr/bin/ceph: stderr
2024-03-08T23:56:42.773+0000 7f2a2ce12700 1 --2- 172.21.15.73:0/2344787813 >> [v2:172.21.15.73:6800/4041937587,v1:172.21.15.73:6801/4041937587] conn(0x7f2a1003b0e0 0x7f2a1003d5a0 unknown :-1 s=CLOSED pgs=10 cs=0 l=1 rev1=1 crypto rx=0 tx=0 comp rx=0 tx=0).stop
2024-03-08T23:56:43.406 INFO:teuthology.orchestra.run.smithi073.stdout:/usr/bin/ceph: stderr
2024-03-08T23:56:42.773+0000 7f2a2ce12700 1 --2- 172.21.15.73:0/2344787813 >> [v2:172.21.15.73:3300/0,v1:172.21.15.73:6789/0] conn(0x7f2a28106550 0x7f2a2819a540 unknown :-1 s=CLOSED pgs=44 cs=0 l=1 rev1=1 crypto rx=0 tx=0 comp rx=0 tx=0).stop
2024-03-08T23:56:43.406 INFO:teuthology.orchestra.run.smithi073.stdout:/usr/bin/ceph: stderr
2024-03-08T23:56:42.773+0000 7f2a2ce12700 1 -- 172.21.15.73:0/2344787813 >> 172.21.15.73:0/2344787813 conn(0x7f2a28101b70 msgr2=0x7f2a281026e0 unknown :-1 s=STATE_NONE l=0).mark_down
2024-03-08T23:56:43.406 INFO:teuthology.orchestra.run.smithi073.stdout:/usr/bin/ceph: stderr
2024-03-08T23:56:42.773+0000 7f2a2ce12700 1 -- 172.21.15.73:0/2344787813 shutdown_connections
2024-03-08T23:56:43.406 INFO:teuthology.orchestra.run.smithi073.stdout:/usr/bin/ceph: stderr
2024-03-08T23:56:42.773+0000 7f2a2ce12700 1 -- 172.21.15.73:0/2344787813 wait complete.
2024-03-08T23:56:43.406 INFO:teuthology.orchestra.run.smithi073.stdout:Wrote public SSH key to /home/ubuntu/cephtest/ceph.pub
2024-03-08T23:56:43.406 INFO:teuthology.orchestra.run.smithi073.stdout:Adding key to root@localhost authorized_keys...
2024-03-08T23:56:43.406 INFO:teuthology.orchestra.run.smithi073.stdout:Adding host smithi073...
2024-03-08T23:56:43.652 INFO:journalctl@ceph.mon.a.smithi073.stdout:Mar 08 23:56:43 smithi073 ceph-mon[32309]: from='client.14138 -' entity='client.admin' cmd=[{"prefix": "cephadm get-pub-key", "target": ["mon-mgr", ""]}]: dispatch
2024-03-08T23:56:44.860 INFO:journalctl@ceph.mon.a.smithi073.stdout:Mar 08 23:56:44 smithi073 ceph-mon[32309]: from='client.14140 -' entity='client.admin' cmd=[{"prefix": "orch host add", "hostname": "smithi073", "addr": "172.21.15.73", "target": ["mon-mgr", ""]}]: dispatch
2024-03-08T23:56:45.902 INFO:journalctl@ceph.mon.a.smithi073.stdout:Mar 08 23:56:45 smithi073 ceph-mon[32309]: Deploying cephadm binary to smithi073
2024-03-08T23:56:48.827 INFO:teuthology.orchestra.run.smithi073.stdout:/usr/bin/ceph: stdout Added host 'smithi073' with addr '172.21.15.73'
2024-03-08T23:56:48.828 INFO:teuthology.orchestra.run.smithi073.stdout:/usr/bin/ceph: stderr
2024-03-08T23:56:43.789+0000 7fe824fae700 1 Processor -- start
2024-03-08T23:56:48.828 INFO:teuthology.orchestra.run.smithi073.stdout:/usr/bin/ceph: stderr
2024-03-08T23:56:43.789+0000 7fe824fae700 1 -- start start
2024-03-08T23:56:48.828 INFO:teuthology.orchestra.run.smithi073.stdout:/usr/bin/ceph: stderr
2024-03-08T23:56:43.789+0000 7fe824fae700 1 --2- >> [v2:172.21.15.73:3300/0,v1:172.21.15.73:6789/0] conn(0x7fe820106550 0x7fe820106970 unknown :-1 s=NONE pgs=0 cs=0 l=0 rev1=0 crypto rx=0 tx=0 comp rx=0 tx=0).connect
2024-03-08T23:56:48.828 INFO:teuthology.orchestra.run.smithi073.stdout:/usr/bin/ceph: stderr
2024-03-08T23:56:43.789+0000 7fe824fae700 1 -- --> [v2:172.21.15.73:3300/0,v1:172.21.15.73:6789/0] -- mon_getmap magic: 0 v1 -- 0x7fe820106f40 con 0x7fe820106550
2024-03-08T23:56:48.828 INFO:teuthology.orchestra.run.smithi073.stdout:/usr/bin/ceph: stderr
2024-03-08T23:56:43.789+0000 7fe81e59c700 1 --2- >> [v2:172.21.15.73:3300/0,v1:172.21.15.73:6789/0] conn(0x7fe820106550 0x7fe820106970 unknown :-1 s=BANNER_CONNECTING pgs=0 cs=0 l=0 rev1=0 crypto rx=0 tx=0 comp rx=0 tx=0)._handle_peer_banner_payload supported=3 required=0
2024-03-08T23:56:48.828 INFO:teuthology.orchestra.run.smithi073.stdout:/usr/bin/ceph: stderr
2024-03-08T23:56:43.789+0000 7fe81e59c700 1 --2- >> [v2:172.21.15.73:3300/0,v1:172.21.15.73:6789/0] conn(0x7fe820106550 0x7fe820106970 unknown :-1 s=HELLO_CONNECTING pgs=0 cs=0 l=0 rev1=1 crypto rx=0 tx=0 comp rx=0 tx=0).handle_hello peer v2:172.21.15.73:3300/0 says I am v2:172.21.15.73:33552/0 (socket says 172.21.15.73:33552)
2024-03-08T23:56:48.828 INFO:teuthology.orchestra.run.smithi073.stdout:/usr/bin/ceph: stderr
2024-03-08T23:56:43.789+0000 7fe81e59c700 1 -- 172.21.15.73:0/520742943 learned_addr learned my addr 172.21.15.73:0/520742943 (peer_addr_for_me v2:172.21.15.73:0/0)
2024-03-08T23:56:48.828 INFO:teuthology.orchestra.run.smithi073.stdout:/usr/bin/ceph: stderr
2024-03-08T23:56:43.790+0000 7fe81e59c700 1 -- 172.21.15.73:0/520742943 --> [v2:172.21.15.73:3300/0,v1:172.21.15.73:6789/0] -- mon_subscribe({config=0+,monmap=0+}) v3 -- 0x7fe820107750 con 0x7fe820106550
2024-03-08T23:56:48.828 INFO:teuthology.orchestra.run.smithi073.stdout:/usr/bin/ceph: stderr
2024-03-08T23:56:43.790+0000 7fe81e59c700 1 --2- 172.21.15.73:0/520742943 >> [v2:172.21.15.73:3300/0,v1:172.21.15.73:6789/0] conn(0x7fe820106550 0x7fe820106970 secure :-1 s=READY pgs=45 cs=0 l=1 rev1=1 crypto rx=0x7fe8100098a0 tx=0x7fe810009bb0 comp rx=0 tx=0).ready entity=mon.0 client_cookie=18da80757ee59d9c server_cookie=0 in_seq=0 out_seq=0
2024-03-08T23:56:48.828 INFO:teuthology.orchestra.run.smithi073.stdout:/usr/bin/ceph: stderr
2024-03-08T23:56:43.790+0000 7fe81d59a700 1 -- 172.21.15.73:0/520742943 <== mon.0 v2:172.21.15.73:3300/0 1 ==== mon_map magic: 0 v1 ==== 205+0+0 (secure 0 0 0) 0x7fe810004160 con 0x7fe820106550
2024-03-08T23:56:48.828 INFO:teuthology.orchestra.run.smithi073.stdout:/usr/bin/ceph: stderr
2024-03-08T23:56:43.790+0000 7fe81d59a700 1 -- 172.21.15.73:0/520742943 <== mon.0 v2:172.21.15.73:3300/0 2 ==== config(27 keys) v1 ==== 1109+0+0 (secure 0 0 0) 0x7fe810004300 con 0x7fe820106550
2024-03-08T23:56:48.829 INFO:teuthology.orchestra.run.smithi073.stdout:/usr/bin/ceph: stderr
2024-03-08T23:56:43.790+0000 7fe81d59a700 1 -- 172.21.15.73:0/520742943 <== mon.0 v2:172.21.15.73:3300/0 3 ==== mon_map magic: 0 v1 ==== 205+0+0 (secure 0 0 0) 0x7fe810011b50 con 0x7fe820106550
2024-03-08T23:56:48.829 INFO:teuthology.orchestra.run.smithi073.stdout:/usr/bin/ceph: stderr
2024-03-08T23:56:43.790+0000 7fe824fae700 1 -- 172.21.15.73:0/520742943 >> [v2:172.21.15.73:3300/0,v1:172.21.15.73:6789/0] conn(0x7fe820106550 msgr2=0x7fe820106970 secure :-1 s=STATE_CONNECTION_ESTABLISHED l=1).mark_down
2024-03-08T23:56:48.829 INFO:teuthology.orchestra.run.smithi073.stdout:/usr/bin/ceph: stderr
2024-03-08T23:56:43.790+0000 7fe824fae700 1 --2- 172.21.15.73:0/520742943 >> [v2:172.21.15.73:3300/0,v1:172.21.15.73:6789/0] conn(0x7fe820106550 0x7fe820106970 secure :-1 s=READY pgs=45 cs=0 l=1 rev1=1 crypto rx=0x7fe8100098a0 tx=0x7fe810009bb0 comp rx=0 tx=0).stop
2024-03-08T23:56:48.829 INFO:teuthology.orchestra.run.smithi073.stdout:/usr/bin/ceph: stderr
2024-03-08T23:56:43.791+0000 7fe824fae700 1 -- 172.21.15.73:0/520742943 shutdown_connections
