2024-03-22T19:03:15.008 INFO:journalctl@ceph.mon.a.smithi086.stdout:Mar 22 19:03:14 smithi086 ceph-mon[38032]: mgrmap e4: x(active, since 2s)
2024-03-22T19:03:15.008 INFO:journalctl@ceph.mon.a.smithi086.stdout:Mar 22 19:03:14 smithi086 ceph-mon[38032]: from='client.? 172.21.15.86:0/3920134290' entity='client.admin' cmd=[{"prefix": "config assimilate-conf"}]: dispatch
2024-03-22T19:03:16.758 INFO:journalctl@ceph.mon.a.smithi086.stdout:Mar 22 19:03:16 smithi086 ceph-mon[38032]: from='client.? 172.21.15.86:0/292860976' entity='client.admin' cmd=[{"prefix": "mgr module enable", "module": "cephadm"}]: dispatch
2024-03-22T19:03:16.758 INFO:journalctl@ceph.mgr.x.smithi086.stdout:Mar 22 19:03:16 smithi086 ceph-b22c63ac-e87e-11ee-95cd-87774f69a715-mgr-x[38282]: ignoring --setuser ceph since I am not root
2024-03-22T19:03:16.758 INFO:journalctl@ceph.mgr.x.smithi086.stdout:Mar 22 19:03:16 smithi086 ceph-b22c63ac-e87e-11ee-95cd-87774f69a715-mgr-x[38282]: ignoring --setgroup ceph since I am not root
2024-03-22T19:03:17.399 INFO:journalctl@ceph.mgr.x.smithi086.stdout:Mar 22 19:03:17 smithi086 ceph-b22c63ac-e87e-11ee-95cd-87774f69a715-mgr-x[38282]:
2024-03-22T19:03:17.051+0000 7fa124e26200 -1 mgr[py] Module prometheus has missing NOTIFY_TYPES member
2024-03-22T19:03:17.399 INFO:journalctl@ceph.mgr.x.smithi086.stdout:Mar 22 19:03:17 smithi086 ceph-b22c63ac-e87e-11ee-95cd-87774f69a715-mgr-x[38282]:
2024-03-22T19:03:17.169+0000 7fa124e26200 -1 mgr[py] Module alerts has missing NOTIFY_TYPES member
2024-03-22T19:03:17.399 INFO:journalctl@ceph.mgr.x.smithi086.stdout:Mar 22 19:03:17 smithi086 ceph-b22c63ac-e87e-11ee-95cd-87774f69a715-mgr-x[38282]:
2024-03-22T19:03:17.289+0000 7fa124e26200 -1 mgr[py] Module osd_perf_query has missing NOTIFY_TYPES member
2024-03-22T19:03:17.399 INFO:journalctl@ceph.mgr.x.smithi086.stdout:Mar 22 19:03:17 smithi086 ceph-b22c63ac-e87e-11ee-95cd-87774f69a715-mgr-x[38282]:
2024-03-22T19:03:17.399+0000 7fa124e26200 -1 mgr[py] Module progress has missing NOTIFY_TYPES member
2024-03-22T19:03:17.758 INFO:journalctl@ceph.mon.a.smithi086.stdout:Mar 22 19:03:17 smithi086 ceph-mon[38032]: from='client.? 172.21.15.86:0/292860976' entity='client.admin' cmd='[{"prefix": "mgr module enable", "module": "cephadm"}]': finished
2024-03-22T19:03:17.758 INFO:journalctl@ceph.mon.a.smithi086.stdout:Mar 22 19:03:17 smithi086 ceph-mon[38032]: mgrmap e5: x(active, since 4s)
2024-03-22T19:03:18.508 INFO:journalctl@ceph.mgr.x.smithi086.stdout:Mar 22 19:03:18 smithi086 ceph-b22c63ac-e87e-11ee-95cd-87774f69a715-mgr-x[38282]:
2024-03-22T19:03:18.222+0000 7fa124e26200 -1 mgr[py] Module orchestrator has missing NOTIFY_TYPES member
2024-03-22T19:03:18.789 INFO:journalctl@ceph.mgr.x.smithi086.stdout:Mar 22 19:03:18 smithi086 ceph-b22c63ac-e87e-11ee-95cd-87774f69a715-mgr-x[38282]:
2024-03-22T19:03:18.536+0000 7fa124e26200 -1 mgr[py] Module nfs has missing NOTIFY_TYPES member
2024-03-22T19:03:18.789 INFO:journalctl@ceph.mgr.x.smithi086.stdout:Mar 22 19:03:18 smithi086 ceph-b22c63ac-e87e-11ee-95cd-87774f69a715-mgr-x[38282]:
2024-03-22T19:03:18.649+0000 7fa124e26200 -1 mgr[py] Module zabbix has missing NOTIFY_TYPES member
2024-03-22T19:03:19.154 INFO:journalctl@ceph.mgr.x.smithi086.stdout:Mar 22 19:03:18 smithi086 ceph-b22c63ac-e87e-11ee-95cd-87774f69a715-mgr-x[38282]:
2024-03-22T19:03:18.788+0000 7fa124e26200 -1 mgr[py] Module rbd_support has missing NOTIFY_TYPES member
2024-03-22T19:03:19.154 INFO:journalctl@ceph.mgr.x.smithi086.stdout:Mar 22 19:03:18 smithi086 ceph-b22c63ac-e87e-11ee-95cd-87774f69a715-mgr-x[38282]:
2024-03-22T19:03:18.984+0000 7fa124e26200 -1 mgr[py] Module status has missing NOTIFY_TYPES member
2024-03-22T19:03:19.508 INFO:journalctl@ceph.mgr.x.smithi086.stdout:Mar 22 19:03:19 smithi086 ceph-b22c63ac-e87e-11ee-95cd-87774f69a715-mgr-x[38282]:
2024-03-22T19:03:19.154+0000 7fa124e26200 -1 mgr[py] Module diskprediction_local has missing NOTIFY_TYPES member
2024-03-22T19:03:19.508 INFO:journalctl@ceph.mgr.x.smithi086.stdout:Mar 22 19:03:19 smithi086 ceph-b22c63ac-e87e-11ee-95cd-87774f69a715-mgr-x[38282]:
2024-03-22T19:03:19.267+0000 7fa124e26200 -1 mgr[py] Module telegraf has missing NOTIFY_TYPES member
2024-03-22T19:03:20.008 INFO:journalctl@ceph.mgr.x.smithi086.stdout:Mar 22 19:03:19 smithi086 ceph-b22c63ac-e87e-11ee-95cd-87774f69a715-mgr-x[38282]:
2024-03-22T19:03:19.735+0000 7fa124e26200 -1 mgr[py] Module influx has missing NOTIFY_TYPES member
2024-03-22T19:03:20.479 INFO:journalctl@ceph.mgr.x.smithi086.stdout:Mar 22 19:03:20 smithi086 ceph-b22c63ac-e87e-11ee-95cd-87774f69a715-mgr-x[38282]:
2024-03-22T19:03:20.222+0000 7fa124e26200 -1 mgr[py] Module pg_autoscaler has missing NOTIFY_TYPES member
2024-03-22T19:03:20.637 INFO:teuthology.orchestra.run.smithi086.stdout:/usr/bin/ceph: stderr
2024-03-22T19:03:15.849+0000 7f45dce00700 1 Processor -- start
2024-03-22T19:03:20.637 INFO:teuthology.orchestra.run.smithi086.stdout:/usr/bin/ceph: stderr
2024-03-22T19:03:15.849+0000 7f45dce00700 1 -- start start
2024-03-22T19:03:20.637 INFO:teuthology.orchestra.run.smithi086.stdout:/usr/bin/ceph: stderr
2024-03-22T19:03:15.849+0000 7f45dce00700 1 --2- >> [v2:172.21.15.86:3300/0,v1:172.21.15.86:6789/0] conn(0x7f45d807ad50 0x7f45d80791b0 unknown :-1 s=NONE pgs=0 cs=0 l=0 rev1=0 crypto rx=0 tx=0 comp rx=0 tx=0).connect
2024-03-22T19:03:20.637 INFO:teuthology.orchestra.run.smithi086.stdout:/usr/bin/ceph: stderr
2024-03-22T19:03:15.849+0000 7f45dce00700 1 -- --> [v2:172.21.15.86:3300/0,v1:172.21.15.86:6789/0] -- mon_getmap magic: 0 v1 -- 0x7f45d8079780 con 0x7f45d807ad50
2024-03-22T19:03:20.637 INFO:teuthology.orchestra.run.smithi086.stdout:/usr/bin/ceph: stderr
2024-03-22T19:03:15.849+0000 7f45d5e00700 1 --2- >> [v2:172.21.15.86:3300/0,v1:172.21.15.86:6789/0] conn(0x7f45d807ad50 0x7f45d80791b0 unknown :-1 s=BANNER_CONNECTING pgs=0 cs=0 l=0 rev1=0 crypto rx=0 tx=0 comp rx=0 tx=0)._handle_peer_banner_payload supported=3 required=0
2024-03-22T19:03:20.637 INFO:teuthology.orchestra.run.smithi086.stdout:/usr/bin/ceph: stderr
2024-03-22T19:03:15.849+0000 7f45d5e00700 1 --2- >> [v2:172.21.15.86:3300/0,v1:172.21.15.86:6789/0] conn(0x7f45d807ad50 0x7f45d80791b0 unknown :-1 s=HELLO_CONNECTING pgs=0 cs=0 l=0 rev1=1 crypto rx=0 tx=0 comp rx=0 tx=0).handle_hello peer v2:172.21.15.86:3300/0 says I am v2:172.21.15.86:46620/0 (socket says 172.21.15.86:46620)
2024-03-22T19:03:20.637 INFO:teuthology.orchestra.run.smithi086.stdout:/usr/bin/ceph: stderr
2024-03-22T19:03:15.849+0000 7f45d5e00700 1 -- 172.21.15.86:0/3090381756 learned_addr learned my addr 172.21.15.86:0/3090381756 (peer_addr_for_me v2:172.21.15.86:0/0)
2024-03-22T19:03:20.637 INFO:teuthology.orchestra.run.smithi086.stdout:/usr/bin/ceph: stderr
2024-03-22T19:03:15.850+0000 7f45d5e00700 1 -- 172.21.15.86:0/3090381756 --> [v2:172.21.15.86:3300/0,v1:172.21.15.86:6789/0] -- mon_subscribe({config=0+,monmap=0+}) v3 -- 0x7f45d80798c0 con 0x7f45d807ad50
2024-03-22T19:03:20.638 INFO:teuthology.orchestra.run.smithi086.stdout:/usr/bin/ceph: stderr
2024-03-22T19:03:15.850+0000 7f45d5e00700 1 --2- 172.21.15.86:0/3090381756 >> [v2:172.21.15.86:3300/0,v1:172.21.15.86:6789/0] conn(0x7f45d807ad50 0x7f45d80791b0 secure :-1 s=READY pgs=22 cs=0 l=1 rev1=1 crypto rx=0x7f45c80098a0 tx=0x7f45c8009bb0 comp rx=0 tx=0).ready entity=mon.0 client_cookie=f3f016d45f192348 server_cookie=0 in_seq=0 out_seq=0
2024-03-22T19:03:20.638 INFO:teuthology.orchestra.run.smithi086.stdout:/usr/bin/ceph: stderr
2024-03-22T19:03:15.850+0000 7f45d4a00700 1 -- 172.21.15.86:0/3090381756 <== mon.0 v2:172.21.15.86:3300/0 1 ==== mon_map magic: 0 v1 ==== 205+0+0 (secure 0 0 0) 0x7f45c8004160 con 0x7f45d807ad50
2024-03-22T19:03:20.638 INFO:teuthology.orchestra.run.smithi086.stdout:/usr/bin/ceph: stderr
2024-03-22T19:03:15.850+0000 7f45d4a00700 1 -- 172.21.15.86:0/3090381756 <== mon.0 v2:172.21.15.86:3300/0 2 ==== config(26 keys) v1 ==== 1074+0+0 (secure 0 0 0) 0x7f45c80042c0 con 0x7f45d807ad50
2024-03-22T19:03:20.638 INFO:teuthology.orchestra.run.smithi086.stdout:/usr/bin/ceph: stderr
2024-03-22T19:03:15.850+0000 7f45d4a00700 1 -- 172.21.15.86:0/3090381756 <== mon.0 v2:172.21.15.86:3300/0 3 ==== mon_map magic: 0 v1 ==== 205+0+0 (secure 0 0 0) 0x7f45c8011a00 con 0x7f45d807ad50
2024-03-22T19:03:20.638 INFO:teuthology.orchestra.run.smithi086.stdout:/usr/bin/ceph: stderr
2024-03-22T19:03:15.851+0000 7f45dce00700 1 -- 172.21.15.86:0/3090381756 >> [v2:172.21.15.86:3300/0,v1:172.21.15.86:6789/0] conn(0x7f45d807ad50 msgr2=0x7f45d80791b0 secure :-1 s=STATE_CONNECTION_ESTABLISHED l=1).mark_down
2024-03-22T19:03:20.638 INFO:teuthology.orchestra.run.smithi086.stdout:/usr/bin/ceph: stderr
2024-03-22T19:03:15.851+0000 7f45dce00700 1 --2- 172.21.15.86:0/3090381756 >> [v2:172.21.15.86:3300/0,v1:172.21.15.86:6789/0] conn(0x7f45d807ad50 0x7f45d80791b0 secure :-1 s=READY pgs=22 cs=0 l=1 rev1=1 crypto rx=0x7f45c80098a0 tx=0x7f45c8009bb0 comp rx=0 tx=0).stop
2024-03-22T19:03:20.638 INFO:teuthology.orchestra.run.smithi086.stdout:/usr/bin/ceph: stderr
2024-03-22T19:03:15.851+0000 7f45dce00700 1 -- 172.21.15.86:0/3090381756 shutdown_connections
2024-03-22T19:03:20.642 INFO:teuthology.orchestra.run.smithi086.stdout:/usr/bin/ceph: stderr
2024-03-22T19:03:15.851+0000 7f45dce00700 1 --2- 172.21.15.86:0/3090381756 >> [v2:172.21.15.86:3300/0,v1:172.21.15.86:6789/0] conn(0x7f45d807ad50 0x7f45d80791b0 unknown :-1 s=CLOSED pgs=22 cs=0 l=1 rev1=1 crypto rx=0 tx=0 comp rx=0 tx=0).stop
2024-03-22T19:03:20.642 INFO:teuthology.orchestra.run.smithi086.stdout:/usr/bin/ceph: stderr
2024-03-22T19:03:15.851+0000 7f45dce00700 1 -- 172.21.15.86:0/3090381756 >> 172.21.15.86:0/3090381756 conn(0x7f45d8101a50 msgr2=0x7f45d8103ed0 unknown :-1 s=STATE_NONE l=0).mark_down
2024-03-22T19:03:20.642 INFO:teuthology.orchestra.run.smithi086.stdout:/usr/bin/ceph: stderr
2024-03-22T19:03:15.851+0000 7f45dce00700 1 -- 172.21.15.86:0/3090381756 shutdown_connections
2024-03-22T19:03:20.642 INFO:teuthology.orchestra.run.smithi086.stdout:/usr/bin/ceph: stderr
2024-03-22T19:03:15.851+0000 7f45dce00700 1 -- 172.21.15.86:0/3090381756 wait complete.
2024-03-22T19:03:20.642 INFO:teuthology.orchestra.run.smithi086.stdout:/usr/bin/ceph: stderr
2024-03-22T19:03:15.852+0000 7f45dce00700 1 Processor -- start
2024-03-22T19:03:20.642 INFO:teuthology.orchestra.run.smithi086.stdout:/usr/bin/ceph: stderr
2024-03-22T19:03:15.852+0000 7f45dce00700 1 -- start start
2024-03-22T19:03:20.642 INFO:teuthology.orchestra.run.smithi086.stdout:/usr/bin/ceph: stderr
2024-03-22T19:03:15.852+0000 7f45dce00700 1 --2- >> [v2:172.21.15.86:3300/0,v1:172.21.15.86:6789/0] conn(0x7f45d807ad50 0x7f45d819c450 unknown :-1 s=NONE pgs=0 cs=0 l=1 rev1=0 crypto rx=0 tx=0 comp rx=0 tx=0).connect
2024-03-22T19:03:20.642 INFO:teuthology.orchestra.run.smithi086.stdout:/usr/bin/ceph: stderr
2024-03-22T19:03:15.852+0000 7f45dce00700 1 -- --> [v2:172.21.15.86:3300/0,v1:172.21.15.86:6789/0] -- mon_getmap magic: 0 v1 -- 0x7f45d819c990 con 0x7f45d807ad50
2024-03-22T19:03:20.642 INFO:teuthology.orchestra.run.smithi086.stdout:/usr/bin/ceph: stderr
2024-03-22T19:03:15.852+0000 7f45d5e00700 1 --2- >> [v2:172.21.15.86:3300/0,v1:172.21.15.86:6789/0] conn(0x7f45d807ad50 0x7f45d819c450 unknown :-1 s=BANNER_CONNECTING pgs=0 cs=0 l=1 rev1=0 crypto rx=0 tx=0 comp rx=0 tx=0)._handle_peer_banner_payload supported=3 required=0
2024-03-22T19:03:20.643 INFO:teuthology.orchestra.run.smithi086.stdout:/usr/bin/ceph: stderr
2024-03-22T19:03:15.853+0000 7f45d5e00700 1 --2- >> [v2:172.21.15.86:3300/0,v1:172.21.15.86:6789/0] conn(0x7f45d807ad50 0x7f45d819c450 unknown :-1 s=HELLO_CONNECTING pgs=0 cs=0 l=1 rev1=1 crypto rx=0 tx=0 comp rx=0 tx=0).handle_hello peer v2:172.21.15.86:3300/0 says I am v2:172.21.15.86:46632/0 (socket says 172.21.15.86:46632)
2024-03-22T19:03:20.643 INFO:teuthology.orchestra.run.smithi086.stdout:/usr/bin/ceph: stderr
2024-03-22T19:03:15.853+0000 7f45d5e00700 1 -- 172.21.15.86:0/292860976 learned_addr learned my addr 172.21.15.86:0/292860976 (peer_addr_for_me v2:172.21.15.86:0/0)
2024-03-22T19:03:20.643 INFO:teuthology.orchestra.run.smithi086.stdout:/usr/bin/ceph: stderr
2024-03-22T19:03:15.853+0000 7f45d5e00700 1 -- 172.21.15.86:0/292860976 --> [v2:172.21.15.86:3300/0,v1:172.21.15.86:6789/0] -- mon_subscribe({config=0+,monmap=0+}) v3 -- 0x7f45c8009550 con 0x7f45d807ad50
2024-03-22T19:03:20.643 INFO:teuthology.orchestra.run.smithi086.stdout:/usr/bin/ceph: stderr
2024-03-22T19:03:15.853+0000 7f45d5e00700 1 --2- 172.21.15.86:0/292860976 >> [v2:172.21.15.86:3300/0,v1:172.21.15.86:6789/0] conn(0x7f45d807ad50 0x7f45d819c450 secure :-1 s=READY pgs=23 cs=0 l=1 rev1=1 crypto rx=0x7f45c8009130 tx=0x7f45c8011ad0 comp rx=0 tx=0).ready entity=mon.0 client_cookie=0 server_cookie=0 in_seq=0 out_seq=0
2024-03-22T19:03:20.643 INFO:teuthology.orchestra.run.smithi086.stdout:/usr/bin/ceph: stderr
2024-03-22T19:03:15.853+0000 7f45cea00700 1 -- 172.21.15.86:0/292860976 <== mon.0 v2:172.21.15.86:3300/0 1 ==== mon_map magic: 0 v1 ==== 205+0+0 (secure 0 0 0) 0x7f45c8003b70 con 0x7f45d807ad50
2024-03-22T19:03:20.643 INFO:teuthology.orchestra.run.smithi086.stdout:/usr/bin/ceph: stderr
2024-03-22T19:03:15.853+0000 7f45cea00700 1 -- 172.21.15.86:0/292860976 <== mon.0 v2:172.21.15.86:3300/0 2 ==== config(26 keys) v1 ==== 1074+0+0 (secure 0 0 0) 0x7f45c8003cd0 con 0x7f45d807ad50
2024-03-22T19:03:20.643 INFO:teuthology.orchestra.run.smithi086.stdout:/usr/bin/ceph: stderr
2024-03-22T19:03:15.853+0000 7f45dce00700 1 -- 172.21.15.86:0/292860976 --> [v2:172.21.15.86:3300/0,v1:172.21.15.86:6789/0] -- mon_subscribe({mgrmap=0+}) v3 -- 0x7f45d819cb90 con 0x7f45d807ad50
2024-03-22T19:03:20.643 INFO:teuthology.orchestra.run.smithi086.stdout:/usr/bin/ceph: stderr
2024-03-22T19:03:15.853+0000 7f45cea00700 1 -- 172.21.15.86:0/292860976 <== mon.0 v2:172.21.15.86:3300/0 3 ==== mon_map magic: 0 v1 ==== 205+0+0 (secure 0 0 0) 0x7f45c80197d0 con 0x7f45d807ad50
2024-03-22T19:03:20.643 INFO:teuthology.orchestra.run.smithi086.stdout:/usr/bin/ceph: stderr
2024-03-22T19:03:15.853+0000 7f45dce00700 1 -- 172.21.15.86:0/292860976 --> [v2:172.21.15.86:3300/0,v1:172.21.15.86:6789/0] -- mon_subscribe({osdmap=0}) v3 -- 0x7f45d819d030 con 0x7f45d807ad50
2024-03-22T19:03:20.643 INFO:teuthology.orchestra.run.smithi086.stdout:/usr/bin/ceph: stderr
2024-03-22T19:03:15.854+0000 7f45cea00700 1 -- 172.21.15.86:0/292860976 <== mon.0 v2:172.21.15.86:3300/0 4 ==== mgrmap(e 4) v1 ==== 45363+0+0 (secure 0 0 0) 0x7f45c80199c0 con 0x7f45d807ad50
2024-03-22T19:03:20.643 INFO:teuthology.orchestra.run.smithi086.stdout:/usr/bin/ceph: stderr
2024-03-22T19:03:15.855+0000 7f45dce00700 1 -- 172.21.15.86:0/292860976 --> [v2:172.21.15.86:3300/0,v1:172.21.15.86:6789/0] -- mon_command({"prefix": "get_command_descriptions"} v 0) v1 -- 0x7f45d810c8e0 con 0x7f45d807ad50
2024-03-22T19:03:20.643 INFO:teuthology.orchestra.run.smithi086.stdout:/usr/bin/ceph: stderr
2024-03-22T19:03:15.855+0000 7f45cea00700 1 --2- 172.21.15.86:0/292860976 >> [v2:172.21.15.86:6800/2290148199,v1:172.21.15.86:6801/2290148199] conn(0x7f45bc0384d0 0x7f45bc03a990 unknown :-1 s=NONE pgs=0 cs=0 l=1 rev1=0 crypto rx=0 tx=0 comp rx=0 tx=0).connect
2024-03-22T19:03:20.643 INFO:teuthology.orchestra.run.smithi086.stdout:/usr/bin/ceph: stderr
2024-03-22T19:03:15.855+0000 7f45cea00700 1 -- 172.21.15.86:0/292860976 <== mon.0 v2:172.21.15.86:3300/0 5 ==== osd_map(1..1 src has 1..1) v4 ==== 725+0+0 (secure 0 0 0) 0x7f45c804c6e0 con 0x7f45d807ad50
2024-03-22T19:03:20.644 INFO:teuthology.orchestra.run.smithi086.stdout:/usr/bin/ceph: stderr
2024-03-22T19:03:15.855+0000 7f45d5400700 1 --2- 172.21.15.86:0/292860976 >> [v2:172.21.15.86:6800/2290148199,v1:172.21.15.86:6801/2290148199] conn(0x7f45bc0384d0 0x7f45bc03a990 unknown :-1 s=BANNER_CONNECTING pgs=0 cs=0 l=1 rev1=0 crypto rx=0 tx=0 comp rx=0 tx=0)._handle_peer_banner_payload supported=3 required=0
2024-03-22T19:03:20.644 INFO:teuthology.orchestra.run.smithi086.stdout:/usr/bin/ceph: stderr
2024-03-22T19:03:15.855+0000 7f45d5400700 1 --2- 172.21.15.86:0/292860976 >> [v2:172.21.15.86:6800/2290148199,v1:172.21.15.86:6801/2290148199] conn(0x7f45bc0384d0 0x7f45bc03a990 secure :-1 s=READY pgs=8 cs=0 l=1 rev1=1 crypto rx=0x7f45c4006fd0 tx=0x7f45c4006e40 comp rx=0 tx=0).ready entity=mgr.14100 client_cookie=0 server_cookie=0 in_seq=0 out_seq=0
2024-03-22T19:03:20.644 INFO:teuthology.orchestra.run.smithi086.stdout:/usr/bin/ceph: stderr
2024-03-22T19:03:15.860+0000 7f45cea00700 1 -- 172.21.15.86:0/292860976 <== mon.0 v2:172.21.15.86:3300/0 6 ==== mon_command_ack([{"prefix": "get_command_descriptions"}]=0 v0) v1 ==== 72+0+182738 (secure 0 0 0) 0x7f45c8018db0 con 0x7f45d807ad50
2024-03-22T19:03:20.644 INFO:teuthology.orchestra.run.smithi086.stdout:/usr/bin/ceph: stderr
2024-03-22T19:03:16.118+0000 7f45dce00700 1 -- 172.21.15.86:0/292860976 --> [v2:172.21.15.86:3300/0,v1:172.21.15.86:6789/0] -- mon_command({"prefix": "mgr module enable", "module": "cephadm"} v 0) v1 -- 0x7f45d810cad0 con 0x7f45d807ad50
2024-03-22T19:03:20.644 INFO:teuthology.orchestra.run.smithi086.stdout:/usr/bin/ceph: stderr
2024-03-22T19:03:16.433+0000 7f45cea00700 1 -- 172.21.15.86:0/292860976 <== mon.0 v2:172.21.15.86:3300/0 7 ==== mgrmap(e 5) v1 ==== 45374+0+0 (secure 0 0 0) 0x7f45c8019c70 con 0x7f45d807ad50
2024-03-22T19:03:20.644 INFO:teuthology.orchestra.run.smithi086.stdout:/usr/bin/ceph: stderr
2024-03-22T19:03:16.435+0000 7f45cea00700 1 -- 172.21.15.86:0/292860976 <== mon.0 v2:172.21.15.86:3300/0 8 ==== mon_command_ack([{"prefix": "mgr module enable", "module": "cephadm"}]=0 v5) v1 ==== 86+0+0 (secure 0 0 0) 0x7f45c8023c00 con 0x7f45d807ad50
2024-03-22T19:03:20.644 INFO:teuthology.orchestra.run.smithi086.stdout:/usr/bin/ceph: stderr
2024-03-22T19:03:16.437+0000 7f45dce00700 1 -- 172.21.15.86:0/292860976 >> [v2:172.21.15.86:6800/2290148199,v1:172.21.15.86:6801/2290148199] conn(0x7f45bc0384d0 msgr2=0x7f45bc03a990 secure :-1 s=STATE_CONNECTION_ESTABLISHED l=1).mark_down
2024-03-22T19:03:20.644 INFO:teuthology.orchestra.run.smithi086.stdout:/usr/bin/ceph: stderr
2024-03-22T19:03:16.437+0000 7f45dce00700 1 --2- 172.21.15.86:0/292860976 >> [v2:172.21.15.86:6800/2290148199,v1:172.21.15.86:6801/2290148199] conn(0x7f45bc0384d0 0x7f45bc03a990 secure :-1 s=READY pgs=8 cs=0 l=1 rev1=1 crypto rx=0x7f45c4006fd0 tx=0x7f45c4006e40 comp rx=0 tx=0).stop
2024-03-22T19:03:20.644 INFO:teuthology.orchestra.run.smithi086.stdout:/usr/bin/ceph: stderr
2024-03-22T19:03:16.438+0000 7f45dce00700 1 -- 172.21.15.86:0/292860976 >> [v2:172.21.15.86:3300/0,v1:172.21.15.86:6789/0] conn(0x7f45d807ad50 msgr2=0x7f45d819c450 secure :-1 s=STATE_CONNECTION_ESTABLISHED l=1).mark_down
2024-03-22T19:03:20.644 INFO:teuthology.orchestra.run.smithi086.stdout:/usr/bin/ceph: stderr
2024-03-22T19:03:16.438+0000 7f45dce00700 1 --2- 172.21.15.86:0/292860976 >> [v2:172.21.15.86:3300/0,v1:172.21.15.86:6789/0] conn(0x7f45d807ad50 0x7f45d819c450 secure :-1 s=READY pgs=23 cs=0 l=1 rev1=1 crypto rx=0x7f45c8009130 tx=0x7f45c8011ad0 comp rx=0 tx=0).stop
2024-03-22T19:03:20.644 INFO:teuthology.orchestra.run.smithi086.stdout:/usr/bin/ceph: stderr
2024-03-22T19:03:16.438+0000 7f45dce00700 1 -- 172.21.15.86:0/292860976 shutdown_connections
2024-03-22T19:03:20.644 INFO:teuthology.orchestra.run.smithi086.stdout:/usr/bin/ceph: stderr
2024-03-22T19:03:16.438+0000 7f45dce00700 1 --2- 172.21.15.86:0/292860976 >> [v2:172.21.15.86:6800/2290148199,v1:172.21.15.86:6801/2290148199] conn(0x7f45bc0384d0 0x7f45bc03a990 unknown :-1 s=CLOSED pgs=8 cs=0 l=1 rev1=1 crypto rx=0 tx=0 comp rx=0 tx=0).stop
2024-03-22T19:03:20.644 INFO:teuthology.orchestra.run.smithi086.stdout:/usr/bin/ceph: stderr
2024-03-22T19:03:16.438+0000 7f45dce00700 1 --2- 172.21.15.86:0/292860976 >> [v2:172.21.15.86:3300/0,v1:172.21.15.86:6789/0] conn(0x7f45d807ad50 0x7f45d819c450 unknown :-1 s=CLOSED pgs=23 cs=0 l=1 rev1=1 crypto rx=0 tx=0 comp rx=0 tx=0).stop
2024-03-22T19:03:20.644 INFO:teuthology.orchestra.run.smithi086.stdout:/usr/bin/ceph: stderr
2024-03-22T19:03:16.438+0000 7f45dce00700 1 -- 172.21.15.86:0/292860976 >> 172.21.15.86:0/292860976 conn(0x7f45d8101a50 msgr2=0x7f45d8102640 unknown :-1 s=STATE_NONE l=0).mark_down
2024-03-22T19:03:20.645 INFO:teuthology.orchestra.run.smithi086.stdout:/usr/bin/ceph: stderr
2024-03-22T19:03:16.438+0000 7f45dce00700 1 -- 172.21.15.86:0/292860976 shutdown_connections
2024-03-22T19:03:20.645 INFO:teuthology.orchestra.run.smithi086.stdout:/usr/bin/ceph: stderr
2024-03-22T19:03:16.438+0000 7f45dce00700 1 -- 172.21.15.86:0/292860976 wait complete.
2024-03-22T19:03:20.758 INFO:journalctl@ceph.mgr.x.smithi086.stdout:Mar 22 19:03:20 smithi086 ceph-b22c63ac-e87e-11ee-95cd-87774f69a715-mgr-x[38282]:
2024-03-22T19:03:20.479+0000 7fa124e26200 -1 mgr[py] Module rgw has missing NOTIFY_TYPES member
2024-03-22T19:03:20.758 INFO:journalctl@ceph.mgr.x.smithi086.stdout:Mar 22 19:03:20 smithi086 ceph-b22c63ac-e87e-11ee-95cd-87774f69a715-mgr-x[38282]:
2024-03-22T19:03:20.601+0000 7fa124e26200 -1 mgr[py] Module balancer has missing NOTIFY_TYPES member
2024-03-22T19:03:21.624 INFO:journalctl@ceph.mon.a.smithi086.stdout:Mar 22 19:03:21 smithi086 ceph-mon[38032]: from='client.? 172.21.15.86:0/2363797660' entity='client.admin' cmd=[{"prefix": "mgr stat"}]: dispatch
2024-03-22T19:03:21.744 INFO:teuthology.orchestra.run.smithi086.stdout:/usr/bin/ceph: stdout {
2024-03-22T19:03:21.744 INFO:teuthology.orchestra.run.smithi086.stdout:/usr/bin/ceph: stdout "epoch": 5,
2024-03-22T19:03:21.744 INFO:teuthology.orchestra.run.smithi086.stdout:/usr/bin/ceph: stdout "available": true,
2024-03-22T19:03:21.744 INFO:teuthology.orchestra.run.smithi086.stdout:/usr/bin/ceph: stdout "active_name": "x",
2024-03-22T19:03:21.744 INFO:teuthology.orchestra.run.smithi086.stdout:/usr/bin/ceph: stdout "num_standby": 0
2024-03-22T19:03:21.744 INFO:teuthology.orchestra.run.smithi086.stdout:/usr/bin/ceph: stdout }
2024-03-22T19:03:21.744 INFO:teuthology.orchestra.run.smithi086.stdout:/usr/bin/ceph: stderr
2024-03-22T19:03:21.061+0000 7f09a0a00700 1 Processor -- start
2024-03-22T19:03:21.744 INFO:teuthology.orchestra.run.smithi086.stdout:/usr/bin/ceph: stderr
2024-03-22T19:03:21.062+0000 7f09a0a00700 1 -- start start
2024-03-22T19:03:21.744 INFO:teuthology.orchestra.run.smithi086.stdout:/usr/bin/ceph: stderr
2024-03-22T19:03:21.062+0000 7f09a0a00700 1 --2- >> [v2:172.21.15.86:3300/0,v1:172.21.15.86:6789/0] conn(0x7f099c105400 0x7f099c105820 unknown :-1 s=NONE pgs=0 cs=0 l=0 rev1=0 crypto rx=0 tx=0 comp rx=0 tx=0).connect
2024-03-22T19:03:21.744 INFO:teuthology.orchestra.run.smithi086.stdout:/usr/bin/ceph: stderr
2024-03-22T19:03:21.062+0000 7f09a0a00700 1 -- --> [v2:172.21.15.86:3300/0,v1:172.21.15.86:6789/0] -- mon_getmap magic: 0 v1 -- 0x7f099c105df0 con 0x7f099c105400
2024-03-22T19:03:21.745 INFO:teuthology.orchestra.run.smithi086.stdout:/usr/bin/ceph: stderr
2024-03-22T19:03:21.062+0000 7f0999e00700 1 --2- >> [v2:172.21.15.86:3300/0,v1:172.21.15.86:6789/0] conn(0x7f099c105400 0x7f099c105820 unknown :-1 s=BANNER_CONNECTING pgs=0 cs=0 l=0 rev1=0 crypto rx=0 tx=0 comp rx=0 tx=0)._handle_peer_banner_payload supported=3 required=0
2024-03-22T19:03:21.745 INFO:teuthology.orchestra.run.smithi086.stdout:/usr/bin/ceph: stderr
2024-03-22T19:03:21.062+0000 7f0999e00700 1 --2- >> [v2:172.21.15.86:3300/0,v1:172.21.15.86:6789/0] conn(0x7f099c105400 0x7f099c105820 unknown :-1 s=HELLO_CONNECTING pgs=0 cs=0 l=0 rev1=1 crypto rx=0 tx=0 comp rx=0 tx=0).handle_hello peer v2:172.21.15.86:3300/0 says I am v2:172.21.15.86:47174/0 (socket says 172.21.15.86:47174)
2024-03-22T19:03:21.745 INFO:teuthology.orchestra.run.smithi086.stdout:/usr/bin/ceph: stderr
2024-03-22T19:03:21.062+0000 7f0999e00700 1 -- 172.21.15.86:0/1423179853 learned_addr learned my addr 172.21.15.86:0/1423179853 (peer_addr_for_me v2:172.21.15.86:0/0)
2024-03-22T19:03:21.745 INFO:teuthology.orchestra.run.smithi086.stdout:/usr/bin/ceph: stderr
2024-03-22T19:03:21.063+0000 7f0999e00700 1 -- 172.21.15.86:0/1423179853 --> [v2:172.21.15.86:3300/0,v1:172.21.15.86:6789/0] -- mon_subscribe({config=0+,monmap=0+}) v3 -- 0x7f099c106600 con 0x7f099c105400
2024-03-22T19:03:21.745 INFO:teuthology.orchestra.run.smithi086.stdout:/usr/bin/ceph: stderr
2024-03-22T19:03:21.063+0000 7f0999e00700 1 --2- 172.21.15.86:0/1423179853 >> [v2:172.21.15.86:3300/0,v1:172.21.15.86:6789/0] conn(0x7f099c105400 0x7f099c105820 secure :-1 s=READY pgs=26 cs=0 l=1 rev1=1 crypto rx=0x7f098c0098a0 tx=0x7f098c009bb0 comp rx=0 tx=0).ready entity=mon.0 client_cookie=b737ea0b92f052f3 server_cookie=0 in_seq=0 out_seq=0
2024-03-22T19:03:21.745 INFO:teuthology.orchestra.run.smithi086.stdout:/usr/bin/ceph: stderr
2024-03-22T19:03:21.063+0000 7f0998a00700 1 -- 172.21.15.86:0/1423179853 <== mon.0 v2:172.21.15.86:3300/0 1 ==== mon_map magic: 0 v1 ==== 205+0+0 (secure 0 0 0) 0x7f098c004160 con 0x7f099c105400
2024-03-22T19:03:21.745 INFO:teuthology.orchestra.run.smithi086.stdout:/usr/bin/ceph: stderr
2024-03-22T19:03:21.063+0000 7f0998a00700 1 -- 172.21.15.86:0/1423179853 <== mon.0 v2:172.21.15.86:3300/0 2 ==== config(26 keys) v1 ==== 1074+0+0 (secure 0 0 0) 0x7f098c0042c0 con 0x7f099c105400
2024-03-22T19:03:21.745 INFO:teuthology.orchestra.run.smithi086.stdout:/usr/bin/ceph: stderr
2024-03-22T19:03:21.063+0000 7f0998a00700 1 -- 172.21.15.86:0/1423179853 <== mon.0 v2:172.21.15.86:3300/0 3 ==== mon_map magic: 0 v1 ==== 205+0+0 (secure 0 0 0) 0x7f098c011a00 con 0x7f099c105400
2024-03-22T19:03:21.745 INFO:teuthology.orchestra.run.smithi086.stdout:/usr/bin/ceph: stderr
2024-03-22T19:03:21.064+0000 7f09a0a00700 1 -- 172.21.15.86:0/1423179853 >> [v2:172.21.15.86:3300/0,v1:172.21.15.86:6789/0] conn(0x7f099c105400 msgr2=0x7f099c105820 secure :-1 s=STATE_CONNECTION_ESTABLISHED l=1).mark_down
2024-03-22T19:03:21.745 INFO:teuthology.orchestra.run.smithi086.stdout:/usr/bin/ceph: stderr
2024-03-22T19:03:21.064+0000 7f09a0a00700 1 --2- 172.21.15.86:0/1423179853 >> [v2:172.21.15.86:3300/0,v1:172.21.15.86:6789/0] conn(0x7f099c105400 0x7f099c105820 secure :-1 s=READY pgs=26 cs=0 l=1 rev1=1 crypto rx=0x7f098c0098a0 tx=0x7f098c009bb0 comp rx=0 tx=0).stop
2024-03-22T19:03:21.745 INFO:teuthology.orchestra.run.smithi086.stdout:/usr/bin/ceph: stderr
2024-03-22T19:03:21.064+0000 7f09a0a00700 1 -- 172.21.15.86:0/1423179853 shutdown_connections
2024-03-22T19:03:21.745 INFO:teuthology.orchestra.run.smithi086.stdout:/usr/bin/ceph: stderr
2024-03-22T19:03:21.064+0000 7f09a0a00700 1 --2- 172.21.15.86:0/1423179853 >> [v2:172.21.15.86:3300/0,v1:172.21.15.86:6789/0] conn(0x7f099c105400 0x7f099c105820 unknown :-1 s=CLOSED pgs=26 cs=0 l=1 rev1=1 crypto rx=0 tx=0 comp rx=0 tx=0).stop
2024-03-22T19:03:21.745 INFO:teuthology.orchestra.run.smithi086.stdout:/usr/bin/ceph: stderr
2024-03-22T19:03:21.064+0000 7f09a0a00700 1 -- 172.21.15.86:0/1423179853 >> 172.21.15.86:0/1423179853 conn(0x7f099c1009c0 msgr2=0x7f099c102de0 unknown :-1 s=STATE_NONE l=0).mark_down
2024-03-22T19:03:21.745 INFO:teuthology.orchestra.run.smithi086.stdout:/usr/bin/ceph: stderr
2024-03-22T19:03:21.064+0000 7f09a0a00700 1 -- 172.21.15.86:0/1423179853 shutdown_connections
2024-03-22T19:03:21.746 INFO:teuthology.orchestra.run.smithi086.stdout:/usr/bin/ceph: stderr
2024-03-22T19:03:21.064+0000 7f09a0a00700 1 -- 172.21.15.86:0/1423179853 wait complete.
2024-03-22T19:03:21.746 INFO:teuthology.orchestra.run.smithi086.stdout:/usr/bin/ceph: stderr
2024-03-22T19:03:21.066+0000 7f09a0a00700 1 Processor -- start
2024-03-22T19:03:21.746 INFO:teuthology.orchestra.run.smithi086.stdout:/usr/bin/ceph: stderr
2024-03-22T19:03:21.066+0000 7f09a0a00700 1 -- start start
2024-03-22T19:03:21.746 INFO:teuthology.orchestra.run.smithi086.stdout:/usr/bin/ceph: stderr
2024-03-22T19:03:21.066+0000 7f09a0a00700 1 --2- >> [v2:172.21.15.86:3300/0,v1:172.21.15.86:6789/0] conn(0x7f099c105400 0x7f099c19a3c0 unknown :-1 s=NONE pgs=0 cs=0 l=1 rev1=0 crypto rx=0 tx=0 comp rx=0 tx=0).connect
2024-03-22T19:03:21.746 INFO:teuthology.orchestra.run.smithi086.stdout:/usr/bin/ceph: stderr
2024-03-22T19:03:21.066+0000 7f09a0a00700 1 -- --> [v2:172.21.15.86:3300/0,v1:172.21.15.86:6789/0] -- mon_getmap magic: 0 v1 -- 0x7f099c19a900 con 0x7f099c105400
2024-03-22T19:03:21.746 INFO:teuthology.orchestra.run.smithi086.stdout:/usr/bin/ceph: stderr
2024-03-22T19:03:21.067+0000 7f0999e00700 1 --2- >> [v2:172.21.15.86:3300/0,v1:172.21.15.86:6789/0] conn(0x7f099c105400 0x7f099c19a3c0 unknown :-1 s=BANNER_CONNECTING pgs=0 cs=0 l=1 rev1=0 crypto rx=0 tx=0 comp rx=0 tx=0)._handle_peer_banner_payload supported=3 required=0
2024-03-22T19:03:21.746 INFO:teuthology.orchestra.run.smithi086.stdout:/usr/bin/ceph: stderr
2024-03-22T19:03:21.067+0000 7f0999e00700 1 --2- >> [v2:172.21.15.86:3300/0,v1:172.21.15.86:6789/0] conn(0x7f099c105400 0x7f099c19a3c0 unknown :-1 s=HELLO_CONNECTING pgs=0 cs=0 l=1 rev1=1 crypto rx=0 tx=0 comp rx=0 tx=0).handle_hello peer v2:172.21.15.86:3300/0 says I am v2:172.21.15.86:47180/0 (socket says 172.21.15.86:47180)
2024-03-22T19:03:21.746 INFO:teuthology.orchestra.run.smithi086.stdout:/usr/bin/ceph: stderr
2024-03-22T19:03:21.067+0000 7f0999e00700 1 -- 172.21.15.86:0/2363797660 learned_addr learned my addr 172.21.15.86:0/2363797660 (peer_addr_for_me v2:172.21.15.86:0/0)
2024-03-22T19:03:21.746 INFO:teuthology.orchestra.run.smithi086.stdout:/usr/bin/ceph: stderr
2024-03-22T19:03:21.067+0000 7f0999e00700 1 -- 172.21.15.86:0/2363797660 --> [v2:172.21.15.86:3300/0,v1:172.21.15.86:6789/0] -- mon_subscribe({config=0+,monmap=0+}) v3 -- 0x7f098c009550 con 0x7f099c105400
2024-03-22T19:03:21.746 INFO:teuthology.orchestra.run.smithi086.stdout:/usr/bin/ceph: stderr
2024-03-22T19:03:21.067+0000 7f0999e00700 1 --2- 172.21.15.86:0/2363797660 >> [v2:172.21.15.86:3300/0,v1:172.21.15.86:6789/0] conn(0x7f099c105400 0x7f099c19a3c0 secure :-1 s=READY pgs=27 cs=0 l=1 rev1=1 crypto rx=0x7f098c011710 tx=0x7f098c011ad0 comp rx=0 tx=0).ready entity=mon.0 client_cookie=0 server_cookie=0 in_seq=0 out_seq=0
2024-03-22T19:03:21.746 INFO:teuthology.orchestra.run.smithi086.stdout:/usr/bin/ceph: stderr
2024-03-22T19:03:21.067+0000 7f0992a00700 1 -- 172.21.15.86:0/2363797660 <== mon.0 v2:172.21.15.86:3300/0 1 ==== mon_map magic: 0 v1 ==== 205+0+0 (secure 0 0 0) 0x7f098c003af0 con 0x7f099c105400
2024-03-22T19:03:21.746 INFO:teuthology.orchestra.run.smithi086.stdout:/usr/bin/ceph: stderr
2024-03-22T19:03:21.067+0000 7f0992a00700 1 -- 172.21.15.86:0/2363797660 <== mon.0 v2:172.21.15.86:3300/0 2 ==== config(26 keys) v1 ==== 1074+0+0 (secure 0 0 0) 0x7f098c003c50 con 0x7f099c105400
2024-03-22T19:03:21.746 INFO:teuthology.orchestra.run.smithi086.stdout:/usr/bin/ceph: stderr
2024-03-22T19:03:21.067+0000 7f09a0a00700 1 -- 172.21.15.86:0/2363797660 --> [v2:172.21.15.86:3300/0,v1:172.21.15.86:6789/0] -- mon_subscribe({mgrmap=0+}) v3 -- 0x7f099c19ab00 con 0x7f099c105400
2024-03-22T19:03:21.746 INFO:teuthology.orchestra.run.smithi086.stdout:/usr/bin/ceph: stderr
2024-03-22T19:03:21.067+0000 7f0992a00700 1 -- 172.21.15.86:0/2363797660 <== mon.0 v2:172.21.15.86:3300/0 3 ==== mon_map magic: 0 v1 ==== 205+0+0 (secure 0 0 0) 0x7f098c024780 con 0x7f099c105400
2024-03-22T19:03:21.747 INFO:teuthology.orchestra.run.smithi086.stdout:/usr/bin/ceph: stderr
2024-03-22T19:03:21.068+0000 7f09a0a00700 1 -- 172.21.15.86:0/2363797660 --> [v2:172.21.15.86:3300/0,v1:172.21.15.86:6789/0] -- mon_subscribe({osdmap=0}) v3 -- 0x7f099c19afa0 con 0x7f099c105400
2024-03-22T19:03:21.747 INFO:teuthology.orchestra.run.smithi086.stdout:/usr/bin/ceph: stderr
2024-03-22T19:03:21.068+0000 7f0992a00700 1 -- 172.21.15.86:0/2363797660 <== mon.0 v2:172.21.15.86:3300/0 4 ==== mgrmap(e 5) v1 ==== 45374+0+0 (secure 0 0 0) 0x7f098c024970 con 0x7f099c105400
2024-03-22T19:03:21.747 INFO:teuthology.orchestra.run.smithi086.stdout:/usr/bin/ceph: stderr
2024-03-22T19:03:21.069+0000 7f09a0a00700 1 -- 172.21.15.86:0/2363797660 --> [v2:172.21.15.86:3300/0,v1:172.21.15.86:6789/0] -- mon_command({"prefix": "get_command_descriptions"} v 0) v1 -- 0x7f099c1943e0 con 0x7f099c105400
2024-03-22T19:03:21.747 INFO:teuthology.orchestra.run.smithi086.stdout:/usr/bin/ceph: stderr
2024-03-22T19:03:21.069+0000 7f0992a00700 1 --2- 172.21.15.86:0/2363797660 >> [v2:172.21.15.86:6800/2290148199,v1:172.21.15.86:6801/2290148199] conn(0x7f0980038520 0x7f098003a9e0 unknown :-1 s=NONE pgs=0 cs=0 l=1 rev1=0 crypto rx=0 tx=0 comp rx=0 tx=0).connect
2024-03-22T19:03:21.747 INFO:teuthology.orchestra.run.smithi086.stdout:/usr/bin/ceph: stderr
2024-03-22T19:03:21.069+0000 7f0992a00700 1 -- 172.21.15.86:0/2363797660 <== mon.0 v2:172.21.15.86:3300/0 5 ==== osd_map(1..1 src has 1..1) v4 ==== 725+0+0 (secure 0 0 0) 0x7f098c04bf70 con 0x7f099c105400
2024-03-22T19:03:21.747 INFO:teuthology.orchestra.run.smithi086.stdout:/usr/bin/ceph: stderr
2024-03-22T19:03:21.069+0000 7f0999400700 1 -- 172.21.15.86:0/2363797660 >> [v2:172.21.15.86:6800/2290148199,v1:172.21.15.86:6801/2290148199] conn(0x7f0980038520 msgr2=0x7f098003a9e0 unknown :-1 s=STATE_CONNECTING_RE l=1).process reconnect failed to v2:172.21.15.86:6800/2290148199
2024-03-22T19:03:21.747 INFO:teuthology.orchestra.run.smithi086.stdout:/usr/bin/ceph: stderr
2024-03-22T19:03:21.069+0000 7f0999400700 1 --2- 172.21.15.86:0/2363797660 >> [v2:172.21.15.86:6800/2290148199,v1:172.21.15.86:6801/2290148199] conn(0x7f0980038520 0x7f098003a9e0 unknown :-1 s=START_CONNECT pgs=0 cs=0 l=1 rev1=0 crypto rx=0 tx=0 comp rx=0 tx=0)._fault waiting 0.200000
2024-03-22T19:03:21.747 INFO:teuthology.orchestra.run.smithi086.stdout:/usr/bin/ceph: stderr
2024-03-22T19:03:21.074+0000 7f0992a00700 1 -- 172.21.15.86:0/2363797660 <== mon.0 v2:172.21.15.86:3300/0 6 ==== mon_command_ack([{"prefix": "get_command_descriptions"}]=0 v0) v1 ==== 72+0+182738 (secure 0 0 0) 0x7f098c018b80 con 0x7f099c105400
2024-03-22T19:03:21.747 INFO:teuthology.orchestra.run.smithi086.stdout:/usr/bin/ceph: stderr
2024-03-22T19:03:21.270+0000 7f0999400700 1 -- 172.21.15.86:0/2363797660 >> [v2:172.21.15.86:6800/2290148199,v1:172.21.15.86:6801/2290148199] conn(0x7f0980038520 msgr2=0x7f098003a9e0 unknown :-1 s=STATE_CONNECTING_RE l=1).process reconnect failed to v2:172.21.15.86:6800/2290148199
2024-03-22T19:03:21.747 INFO:teuthology.orchestra.run.smithi086.stdout:/usr/bin/ceph: stderr
2024-03-22T19:03:21.270+0000 7f0999400700 1 --2- 172.21.15.86:0/2363797660 >> [v2:172.21.15.86:6800/2290148199,v1:172.21.15.86:6801/2290148199] conn(0x7f0980038520 0x7f098003a9e0 unknown :-1 s=START_CONNECT pgs=0 cs=0 l=1 rev1=0 crypto rx=0 tx=0 comp rx=0 tx=0)._fault waiting 0.400000
2024-03-22T19:03:21.747 INFO:teuthology.orchestra.run.smithi086.stdout:/usr/bin/ceph: stderr
2024-03-22T19:03:21.338+0000 7f09a0a00700 1 -- 172.21.15.86:0/2363797660 --> [v2:172.21.15.86:3300/0,v1:172.21.15.86:6789/0] -- mon_command({"prefix": "mgr stat"} v 0) v1 -- 0x7f099c0619c0 con 0x7f099c105400
2024-03-22T19:03:21.747 INFO:teuthology.orchestra.run.smithi086.stdout:/usr/bin/ceph: stderr
2024-03-22T19:03:21.339+0000 7f0992a00700 1 -- 172.21.15.86:0/2363797660 <== mon.0 v2:172.21.15.86:3300/0 7 ==== mon_command_ack([{"prefix": "mgr stat"}]=0 v5) v1 ==== 56+0+88 (secure 0 0 0) 0x7f098c018350 con 0x7f099c105400
2024-03-22T19:03:21.747 INFO:teuthology.orchestra.run.smithi086.stdout:/usr/bin/ceph: stderr
2024-03-22T19:03:21.341+0000 7f09a0a00700 1 -- 172.21.15.86:0/2363797660 >> [v2:172.21.15.86:6800/2290148199,v1:172.21.15.86:6801/2290148199] conn(0x7f0980038520 msgr2=0x7f098003a9e0 unknown :-1 s=STATE_CONNECTING l=1).mark_down
2024-03-22T19:03:21.747 INFO:teuthology.orchestra.run.smithi086.stdout:/usr/bin/ceph: stderr
2024-03-22T19:03:21.341+0000 7f09a0a00700 1 --2- 172.21.15.86:0/2363797660 >> [v2:172.21.15.86:6800/2290148199,v1:172.21.15.86:6801/2290148199] conn(0x7f0980038520 0x7f098003a9e0 unknown :-1 s=START_CONNECT pgs=0 cs=0 l=1 rev1=0 crypto rx=0 tx=0 comp rx=0 tx=0).stop
2024-03-22T19:03:21.747 INFO:teuthology.orchestra.run.smithi086.stdout:/usr/bin/ceph: stderr
2024-03-22T19:03:21.341+0000 7f09a0a00700 1 -- 172.21.15.86:0/2363797660 >> [v2:172.21.15.86:3300/0,v1:172.21.15.86:6789/0] conn(0x7f099c105400 msgr2=0x7f099c19a3c0 secure :-1 s=STATE_CONNECTION_ESTABLISHED l=1).mark_down
2024-03-22T19:03:21.748 INFO:teuthology.orchestra.run.smithi086.stdout:/usr/bin/ceph: stderr
2024-03-22T19:03:21.341+0000 7f09a0a00700 1 --2- 172.21.15.86:0/2363797660 >> [v2:172.21.15.86:3300/0,v1:172.21.15.86:6789/0] conn(0x7f099c105400 0x7f099c19a3c0 secure :-1 s=READY pgs=27 cs=0 l=1 rev1=1 crypto rx=0x7f098c011710 tx=0x7f098c011ad0 comp rx=0 tx=0).stop
2024-03-22T19:03:21.748 INFO:teuthology.orchestra.run.smithi086.stdout:/usr/bin/ceph: stderr
2024-03-22T19:03:21.341+0000 7f09a0a00700 1 -- 172.21.15.86:0/2363797660 shutdown_connections
2024-03-22T19:03:21.748 INFO:teuthology.orchestra.run.smithi086.stdout:/usr/bin/ceph: stderr
2024-03-22T19:03:21.341+0000 7f09a0a00700 1 --2- 172.21.15.86:0/2363797660 >> [v2:172.21.15.86:6800/2290148199,v1:172.21.15.86:6801/2290148199] conn(0x7f0980038520 0x7f098003a9e0 unknown :-1 s=CLOSED pgs=0 cs=0 l=1 rev1=0 crypto rx=0 tx=0 comp rx=0 tx=0).stop
2024-03-22T19:03:21.748 INFO:teuthology.orchestra.run.smithi086.stdout:/usr/bin/ceph: stderr
2024-03-22T19:03:21.341+0000 7f09a0a00700 1 --2- 172.21.15.86:0/2363797660 >> [v2:172.21.15.86:3300/0,v1:172.21.15.86:6789/0] conn(0x7f099c105400 0x7f099c19a3c0 unknown :-1 s=CLOSED pgs=27 cs=0 l=1 rev1=1 crypto rx=0 tx=0 comp rx=0 tx=0).stop
2024-03-22T19:03:21.748 INFO:teuthology.orchestra.run.smithi086.stdout:/usr/bin/ceph: stderr
2024-03-22T19:03:21.341+0000 7f09a0a00700 1 -- 172.21.15.86:0/2363797660 >> 172.21.15.86:0/2363797660 conn(0x7f099c1009c0 msgr2=0x7f099c101950 unknown :-1 s=STATE_NONE l=0).mark_down
2024-03-22T19:03:21.748 INFO:teuthology.orchestra.run.smithi086.stdout:/usr/bin/ceph: stderr
2024-03-22T19:03:21.342+0000 7f09a0a00700 1 -- 172.21.15.86:0/2363797660 shutdown_connections
2024-03-22T19:03:21.748 INFO:teuthology.orchestra.run.smithi086.stdout:/usr/bin/ceph: stderr
2024-03-22T19:03:21.342+0000 7f09a0a00700 1 -- 172.21.15.86:0/2363797660 wait complete.
2024-03-22T19:03:21.748 INFO:teuthology.orchestra.run.smithi086.stdout:Waiting for the mgr to restart...
2024-03-22T19:03:21.748 INFO:teuthology.orchestra.run.smithi086.stdout:Waiting for mgr epoch 5...
2024-03-22T19:03:21.912 INFO:journalctl@ceph.mgr.x.smithi086.stdout:Mar 22 19:03:21 smithi086 ceph-b22c63ac-e87e-11ee-95cd-87774f69a715-mgr-x[38282]:
2024-03-22T19:03:21.624+0000 7fa124e26200 -1 mgr[py] Module iostat has missing NOTIFY_TYPES member
2024-03-22T19:03:21.912 INFO:journalctl@ceph.mgr.x.smithi086.stdout:Mar 22 19:03:21 smithi086 ceph-b22c63ac-e87e-11ee-95cd-87774f69a715-mgr-x[38282]:
2024-03-22T19:03:21.754+0000 7fa124e26200 -1 mgr[py] Module snap_schedule has missing NOTIFY_TYPES member
2024-03-22T19:03:22.258 INFO:journalctl@ceph.mgr.x.smithi086.stdout:Mar 22 19:03:21 smithi086 ceph-b22c63ac-e87e-11ee-95cd-87774f69a715-mgr-x[38282]:
2024-03-22T19:03:21.958+0000 7fa124e26200 -1 mgr[py] Module telemetry has missing NOTIFY_TYPES member
2024-03-22T19:03:23.258 INFO:journalctl@ceph.mgr.x.smithi086.stdout:Mar 22 19:03:22 smithi086 ceph-b22c63ac-e87e-11ee-95cd-87774f69a715-mgr-x[38282]:
2024-03-22T19:03:22.777+0000 7fa124e26200 -1 mgr[py] Module rook has missing NOTIFY_TYPES member
2024-03-22T19:03:23.258 INFO:journalctl@ceph.mgr.x.smithi086.stdout:Mar 22 19:03:23 smithi086 ceph-b22c63ac-e87e-11ee-95cd-87774f69a715-mgr-x[38282]:
2024-03-22T19:03:23.016+0000 7fa124e26200 -1 mgr[py] Module selftest has missing NOTIFY_TYPES member
2024-03-22T19:03:23.758 INFO:journalctl@ceph.mgr.x.smithi086.stdout:Mar 22 19:03:23 smithi086 ceph-b22c63ac-e87e-11ee-95cd-87774f69a715-mgr-x[38282]:
2024-03-22T19:03:23.266+0000 7fa124e26200 -1 mgr[py] Module devicehealth has missing NOTIFY_TYPES member
2024-03-22T19:03:24.751 INFO:journalctl@ceph.mgr.x.smithi086.stdout:Mar 22 19:03:24 smithi086 ceph-b22c63ac-e87e-11ee-95cd-87774f69a715-mgr-x[38282]:
2024-03-22T19:03:24.384+0000 7fa124e26200 -1 mgr[py] Module volumes has missing NOTIFY_TYPES member
2024-03-22T19:03:25.008 INFO:journalctl@ceph.mgr.x.smithi086.stdout:Mar 22 19:03:24 smithi086 ceph-b22c63ac-e87e-11ee-95cd-87774f69a715-mgr-x[38282]:
2024-03-22T19:03:24.751+0000 7fa124e26200 -1 mgr[py] Module test_orchestrator has missing NOTIFY_TYPES member
2024-03-22T19:03:25.008 INFO:journalctl@ceph.mgr.x.smithi086.stdout:Mar 22 19:03:24 smithi086 ceph-b22c63ac-e87e-11ee-95cd-87774f69a715-mgr-x[38282]:
2024-03-22T19:03:24.869+0000 7fa124e26200 -1 mgr[py] Module osd_support has missing NOTIFY_TYPES member
2024-03-22T19:03:25.508 INFO:journalctl@ceph.mgr.x.smithi086.stdout:Mar 22 19:03:25 smithi086 ceph-b22c63ac-e87e-11ee-95cd-87774f69a715-mgr-x[38282]:
2024-03-22T19:03:25.118+0000 7fa124e26200 -1 mgr[py] Module crash has missing NOTIFY_TYPES member
2024-03-22T19:03:25.508 INFO:journalctl@ceph.mon.a.smithi086.stdout:Mar 22 19:03:25 smithi086 ceph-mon[38032]: Active manager daemon x restarted
2024-03-22T19:03:25.508 INFO:journalctl@ceph.mon.a.smithi086.stdout:Mar 22 19:03:25 smithi086 ceph-mon[38032]: Activating manager daemon x
2024-03-22T19:03:25.509 INFO:journalctl@ceph.mon.a.smithi086.stdout:Mar 22 19:03:25 smithi086 ceph-mon[38032]: osdmap e2: 0 total, 0 up, 0 in
2024-03-22T19:03:25.509 INFO:journalctl@ceph.mon.a.smithi086.stdout:Mar 22 19:03:25 smithi086 ceph-mon[38032]: mgrmap e6: x(active, starting, since 0.00404642s)
2024-03-22T19:03:25.509 INFO:journalctl@ceph.mon.a.smithi086.stdout:Mar 22 19:03:25 smithi086 ceph-mon[38032]: from='mgr.14120 172.21.15.86:0/262702567' entity='mgr.x' cmd=[{"prefix": "mon metadata", "id": "a"}]: dispatch
2024-03-22T19:03:25.509 INFO:journalctl@ceph.mon.a.smithi086.stdout:Mar 22 19:03:25 smithi086 ceph-mon[38032]: from='mgr.14120 172.21.15.86:0/262702567' entity='mgr.x' cmd=[{"prefix": "mgr metadata", "who": "x", "id": "x"}]: dispatch
2024-03-22T19:03:25.509 INFO:journalctl@ceph.mon.a.smithi086.stdout:Mar 22 19:03:25 smithi086 ceph-mon[38032]: from='mgr.14120 172.21.15.86:0/262702567' entity='mgr.x' cmd=[{"prefix": "mds metadata"}]: dispatch
2024-03-22T19:03:25.509 INFO:journalctl@ceph.mon.a.smithi086.stdout:Mar 22 19:03:25 smithi086 ceph-mon[38032]: from='mgr.14120 172.21.15.86:0/262702567' entity='mgr.x' cmd=[{"prefix": "osd metadata"}]: dispatch
2024-03-22T19:03:25.509 INFO:journalctl@ceph.mon.a.smithi086.stdout:Mar 22 19:03:25 smithi086 ceph-mon[38032]: from='mgr.14120 172.21.15.86:0/262702567' entity='mgr.x' cmd=[{"prefix": "mon metadata"}]: dispatch
2024-03-22T19:03:25.509 INFO:journalctl@ceph.mon.a.smithi086.stdout:Mar 22 19:03:25 smithi086 ceph-mon[38032]: Manager daemon x is now available
2024-03-22T19:03:25.509 INFO:journalctl@ceph.mon.a.smithi086.stdout:Mar 22 19:03:25 smithi086 ceph-mon[38032]: from='mgr.14120 172.21.15.86:0/262702567' entity='mgr.x'
2024-03-22T19:03:25.509 INFO:journalctl@ceph.mon.a.smithi086.stdout:Mar 22 19:03:25 smithi086 ceph-mon[38032]: from='mgr.14120 172.21.15.86:0/262702567' entity='mgr.x'
2024-03-22T19:03:25.509 INFO:journalctl@ceph.mon.a.smithi086.stdout:Mar 22 19:03:25 smithi086 ceph-mon[38032]: from='mgr.14120 172.21.15.86:0/262702567' entity='mgr.x' cmd=[{"prefix": "config dump", "format": "json"}]: dispatch
2024-03-22T19:03:25.509 INFO:journalctl@ceph.mon.a.smithi086.stdout:Mar 22 19:03:25 smithi086 ceph-mon[38032]: from='mgr.14120 172.21.15.86:0/262702567' entity='mgr.x' cmd=[{"prefix": "config dump", "format": "json"}]: dispatch
2024-03-22T19:03:25.509 INFO:journalctl@ceph.mon.a.smithi086.stdout:Mar 22 19:03:25 smithi086 ceph-mon[38032]: from='mgr.14120 172.21.15.86:0/262702567' entity='mgr.x' cmd=[{"prefix": "config dump", "format": "json"}]: dispatch
2024-03-22T19:03:26.409 INFO:journalctl@ceph.mon.a.smithi086.stdout:Mar 22 19:03:26 smithi086 ceph-mon[38032]: Found migration_current of "None". Setting to last migration.
2024-03-22T19:03:26.409 INFO:journalctl@ceph.mon.a.smithi086.stdout:Mar 22 19:03:26 smithi086 ceph-mon[38032]: from='mgr.14120 172.21.15.86:0/262702567' entity='mgr.x' cmd=[{"prefix":"config rm","who":"mgr","name":"mgr/rbd_support/x/mirror_snapshot_schedule"}]: dispatch
2024-03-22T19:03:26.409 INFO:journalctl@ceph.mon.a.smithi086.stdout:Mar 22 19:03:26 smithi086 ceph-mon[38032]: from='mgr.14120 172.21.15.86:0/262702567' entity='mgr.x' cmd=[{"prefix":"config rm","who":"mgr","name":"mgr/rbd_support/x/trash_purge_schedule"}]: dispatch
2024-03-22T19:03:26.409 INFO:journalctl@ceph.mon.a.smithi086.stdout:Mar 22 19:03:26 smithi086 ceph-mon[38032]: mgrmap e7: x(active, since 1.00685s)
2024-03-22T19:03:26.565 INFO:teuthology.orchestra.run.smithi086.stdout:/usr/bin/ceph: stdout {
2024-03-22T19:03:26.566 INFO:teuthology.orchestra.run.smithi086.stdout:/usr/bin/ceph: stdout "mgrmap_epoch": 7,
2024-03-22T19:03:26.566 INFO:teuthology.orchestra.run.smithi086.stdout:/usr/bin/ceph: stdout "initialized": true
2024-03-22T19:03:26.566 INFO:teuthology.orchestra.run.smithi086.stdout:/usr/bin/ceph: stdout }
2024-03-22T19:03:26.566 INFO:teuthology.orchestra.run.smithi086.stdout:/usr/bin/ceph: stderr
2024-03-22T19:03:22.189+0000 7f4637600700 1 Processor -- start
2024-03-22T19:03:26.566 INFO:teuthology.orchestra.run.smithi086.stdout:/usr/bin/ceph: stderr
2024-03-22T19:03:22.189+0000 7f4637600700 1 -- start start
2024-03-22T19:03:26.566 INFO:teuthology.orchestra.run.smithi086.stdout:/usr/bin/ceph: stderr
2024-03-22T19:03:22.190+0000 7f4637600700 1 --2- >> [v2:172.21.15.86:3300/0,v1:172.21.15.86:6789/0] conn(0x7f46301064f0 0x7f4630106910 unknown :-1 s=NONE pgs=0 cs=0 l=0 rev1=0 crypto rx=0 tx=0 comp rx=0 tx=0).connect
2024-03-22T19:03:26.566 INFO:teuthology.orchestra.run.smithi086.stdout:/usr/bin/ceph: stderr
2024-03-22T19:03:22.190+0000 7f4637600700 1 -- --> [v2:172.21.15.86:3300/0,v1:172.21.15.86:6789/0] -- mon_getmap magic: 0 v1 -- 0x7f4630106ee0 con 0x7f46301064f0
2024-03-22T19:03:26.566 INFO:teuthology.orchestra.run.smithi086.stdout:/usr/bin/ceph: stderr
2024-03-22T19:03:22.190+0000 7f4634c00700 1 --2- >> [v2:172.21.15.86:3300/0,v1:172.21.15.86:6789/0] conn(0x7f46301064f0 0x7f4630106910 unknown :-1 s=BANNER_CONNECTING pgs=0 cs=0 l=0 rev1=0 crypto rx=0 tx=0 comp rx=0 tx=0)._handle_peer_banner_payload supported=3 required=0
2024-03-22T19:03:26.566 INFO:teuthology.orchestra.run.smithi086.stdout:/usr/bin/ceph: stderr
2024-03-22T19:03:22.190+0000 7f4634c00700 1 --2- >> [v2:172.21.15.86:3300/0,v1:172.21.15.86:6789/0] conn(0x7f46301064f0 0x7f4630106910 unknown :-1 s=HELLO_CONNECTING pgs=0 cs=0 l=0 rev1=1 crypto rx=0 tx=0 comp rx=0 tx=0).handle_hello peer v2:172.21.15.86:3300/0 says I am v2:172.21.15.86:47188/0 (socket says 172.21.15.86:47188)
2024-03-22T19:03:26.566 INFO:teuthology.orchestra.run.smithi086.stdout:/usr/bin/ceph: stderr
2024-03-22T19:03:22.190+0000 7f4634c00700 1 -- 172.21.15.86:0/3935347877 learned_addr learned my addr 172.21.15.86:0/3935347877 (peer_addr_for_me v2:172.21.15.86:0/0)
2024-03-22T19:03:26.566 INFO:teuthology.orchestra.run.smithi086.stdout:/usr/bin/ceph: stderr
2024-03-22T19:03:22.190+0000 7f4634c00700 1 -- 172.21.15.86:0/3935347877 --> [v2:172.21.15.86:3300/0,v1:172.21.15.86:6789/0] -- mon_subscribe({config=0+,monmap=0+}) v3 -- 0x7f46301076f0 con 0x7f46301064f0
2024-03-22T19:03:26.567 INFO:teuthology.orchestra.run.smithi086.stdout:/usr/bin/ceph: stderr
2024-03-22T19:03:22.191+0000 7f4634c00700 1 --2- 172.21.15.86:0/3935347877 >> [v2:172.21.15.86:3300/0,v1:172.21.15.86:6789/0] conn(0x7f46301064f0 0x7f4630106910 secure :-1 s=READY pgs=28 cs=0 l=1 rev1=1 crypto rx=0x7f46240098a0 tx=0x7f4624009bb0 comp rx=0 tx=0).ready entity=mon.0 client_cookie=e2b0021997f76288 server_cookie=0 in_seq=0 out_seq=0
2024-03-22T19:03:26.567 INFO:teuthology.orchestra.run.smithi086.stdout:/usr/bin/ceph: stderr
2024-03-22T19:03:22.191+0000 7f462f400700 1 -- 172.21.15.86:0/3935347877 <== mon.0 v2:172.21.15.86:3300/0 1 ==== mon_map magic: 0 v1 ==== 205+0+0 (secure 0 0 0) 0x7f4624004160 con 0x7f46301064f0
2024-03-22T19:03:26.567 INFO:teuthology.orchestra.run.smithi086.stdout:/usr/bin/ceph: stderr
2024-03-22T19:03:22.191+0000 7f462f400700 1 -- 172.21.15.86:0/3935347877 <== mon.0 v2:172.21.15.86:3300/0 2 ==== config(26 keys) v1 ==== 1074+0+0 (secure 0 0 0) 0x7f46240042c0 con 0x7f46301064f0
2024-03-22T19:03:26.567 INFO:teuthology.orchestra.run.smithi086.stdout:/usr/bin/ceph: stderr
2024-03-22T19:03:22.191+0000 7f462f400700 1 -- 172.21.15.86:0/3935347877 <== mon.0 v2:172.21.15.86:3300/0 3 ==== mon_map magic: 0 v1 ==== 205+0+0 (secure 0 0 0) 0x7f4624011a00 con 0x7f46301064f0
2024-03-22T19:03:26.567 INFO:teuthology.orchestra.run.smithi086.stdout:/usr/bin/ceph: stderr
2024-03-22T19:03:22.192+0000 7f4637600700 1 -- 172.21.15.86:0/3935347877 >> [v2:172.21.15.86:3300/0,v1:172.21.15.86:6789/0] conn(0x7f46301064f0 msgr2=0x7f4630106910 secure :-1 s=STATE_CONNECTION_ESTABLISHED l=1).mark_down
2024-03-22T19:03:26.567 INFO:teuthology.orchestra.run.smithi086.stdout:/usr/bin/ceph: stderr
2024-03-22T19:03:22.192+0000 7f4637600700 1 --2- 172.21.15.86:0/3935347877 >> [v2:172.21.15.86:3300/0,v1:172.21.15.86:6789/0] conn(0x7f46301064f0 0x7f4630106910 secure :-1 s=READY pgs=28 cs=0 l=1 rev1=1 crypto rx=0x7f46240098a0 tx=0x7f4624009bb0 comp rx=0 tx=0).stop
2024-03-22T19:03:26.567 INFO:teuthology.orchestra.run.smithi086.stdout:/usr/bin/ceph: stderr
2024-03-22T19:03:22.192+0000 7f4637600700 1 -- 172.21.15.86:0/3935347877 shutdown_connections
2024-03-22T19:03:26.567 INFO:teuthology.orchestra.run.smithi086.stdout:/usr/bin/ceph: stderr
2024-03-22T19:03:22.192+0000 7f4637600700 1 --2- 172.21.15.86:0/3935347877 >> [v2:172.21.15.86:3300/0,v1:172.21.15.86:6789/0] conn(0x7f46301064f0 0x7f4630106910 unknown :-1 s=CLOSED pgs=28 cs=0 l=1 rev1=1 crypto rx=0 tx=0 comp rx=0 tx=0).stop
2024-03-22T19:03:26.567 INFO:teuthology.orchestra.run.smithi086.stdout:/usr/bin/ceph: stderr
2024-03-22T19:03:22.192+0000 7f4637600700 1 -- 172.21.15.86:0/3935347877 >> 172.21.15.86:0/3935347877 conn(0x7f4630101a50 msgr2=0x7f4630103ed0 unknown :-1 s=STATE_NONE l=0).mark_down
2024-03-22T19:03:26.568 INFO:teuthology.orchestra.run.smithi086.stdout:/usr/bin/ceph: stderr
2024-03-22T19:03:22.192+0000 7f4637600700 1 -- 172.21.15.86:0/3935347877 shutdown_connections
2024-03-22T19:03:26.568 INFO:teuthology.orchestra.run.smithi086.stdout:/usr/bin/ceph: stderr
2024-03-22T19:03:22.192+0000 7f4637600700 1 -- 172.21.15.86:0/3935347877 wait complete.
