2024-03-22T19:03:53.680 INFO:journalctl@ceph.mon.a.smithi086.stdout:Mar 22 19:03:53 smithi086 ceph-mon[38032]: from='client.14164 -' entity='client.admin' cmd=[{"prefix": "dashboard create-self-signed-cert", "target": ["mon-mgr", ""]}]: dispatch
2024-03-22T19:03:53.680 INFO:journalctl@ceph.mon.a.smithi086.stdout:Mar 22 19:03:53 smithi086 ceph-mon[38032]: from='mgr.14152 172.21.15.86:0/3609912750' entity='mgr.x'
2024-03-22T19:03:53.680 INFO:journalctl@ceph.mon.a.smithi086.stdout:Mar 22 19:03:53 smithi086 ceph-mon[38032]: from='mgr.14152 172.21.15.86:0/3609912750' entity='mgr.x'
2024-03-22T19:03:53.680 INFO:journalctl@ceph.mon.a.smithi086.stdout:Mar 22 19:03:53 smithi086 ceph-mon[38032]: mgrmap e12: x(active, since 2s)
2024-03-22T19:03:53.680 INFO:journalctl@ceph.mon.a.smithi086.stdout:Mar 22 19:03:53 smithi086 ceph-mon[38032]: from='mgr.14152 172.21.15.86:0/3609912750' entity='mgr.x'
2024-03-22T19:03:54.428 INFO:teuthology.orchestra.run.smithi086.stdout:/usr/bin/ceph: stdout {"username": "admin", "password": "$2b$12$fSrTr3C76s0fz6IO9dSB0OM7YWp74Soa1OddMcXupoqszeQmIkh9q", "roles": ["administrator"], "name": null, "email": null, "lastUpdate": 1711134233, "enabled": true, "pwdExpirationDate": null, "pwdUpdateRequired": true}
2024-03-22T19:03:54.428 INFO:teuthology.orchestra.run.smithi086.stdout:/usr/bin/ceph: stderr
2024-03-22T19:03:53.315+0000 7f9dc8800700 1 Processor -- start
2024-03-22T19:03:54.428 INFO:teuthology.orchestra.run.smithi086.stdout:/usr/bin/ceph: stderr
2024-03-22T19:03:53.315+0000 7f9dc8800700 1 -- start start
2024-03-22T19:03:54.428 INFO:teuthology.orchestra.run.smithi086.stdout:/usr/bin/ceph: stderr
2024-03-22T19:03:53.315+0000 7f9dc8800700 1 --2- >> [v2:172.21.15.86:3300/0,v1:172.21.15.86:6789/0] conn(0x7f9dc007ad30 0x7f9dc0079190 unknown :-1 s=NONE pgs=0 cs=0 l=0 rev1=0 crypto rx=0 tx=0 comp rx=0 tx=0).connect
2024-03-22T19:03:54.429 INFO:teuthology.orchestra.run.smithi086.stdout:/usr/bin/ceph: stderr
2024-03-22T19:03:53.315+0000 7f9dc8800700 1 -- --> [v2:172.21.15.86:3300/0,v1:172.21.15.86:6789/0] -- mon_getmap magic: 0 v1 -- 0x7f9dc0079760 con 0x7f9dc007ad30
2024-03-22T19:03:54.429 INFO:teuthology.orchestra.run.smithi086.stdout:/usr/bin/ceph: stderr
2024-03-22T19:03:53.316+0000 7f9dc5e00700 1 --2- >> [v2:172.21.15.86:3300/0,v1:172.21.15.86:6789/0] conn(0x7f9dc007ad30 0x7f9dc0079190 unknown :-1 s=BANNER_CONNECTING pgs=0 cs=0 l=0 rev1=0 crypto rx=0 tx=0 comp rx=0 tx=0)._handle_peer_banner_payload supported=3 required=0
2024-03-22T19:03:54.429 INFO:teuthology.orchestra.run.smithi086.stdout:/usr/bin/ceph: stderr
2024-03-22T19:03:53.316+0000 7f9dc5e00700 1 --2- >> [v2:172.21.15.86:3300/0,v1:172.21.15.86:6789/0] conn(0x7f9dc007ad30 0x7f9dc0079190 unknown :-1 s=HELLO_CONNECTING pgs=0 cs=0 l=0 rev1=1 crypto rx=0 tx=0 comp rx=0 tx=0).handle_hello peer v2:172.21.15.86:3300/0 says I am v2:172.21.15.86:58316/0 (socket says 172.21.15.86:58316)
2024-03-22T19:03:54.429 INFO:teuthology.orchestra.run.smithi086.stdout:/usr/bin/ceph: stderr
2024-03-22T19:03:53.316+0000 7f9dc5e00700 1 -- 172.21.15.86:0/926345465 learned_addr learned my addr 172.21.15.86:0/926345465 (peer_addr_for_me v2:172.21.15.86:0/0)
2024-03-22T19:03:54.429 INFO:teuthology.orchestra.run.smithi086.stdout:/usr/bin/ceph: stderr
2024-03-22T19:03:53.316+0000 7f9dc5e00700 1 -- 172.21.15.86:0/926345465 --> [v2:172.21.15.86:3300/0,v1:172.21.15.86:6789/0] -- mon_subscribe({config=0+,monmap=0+}) v3 -- 0x7f9dc00798a0 con 0x7f9dc007ad30
2024-03-22T19:03:54.429 INFO:teuthology.orchestra.run.smithi086.stdout:/usr/bin/ceph: stderr
2024-03-22T19:03:53.317+0000 7f9dc5e00700 1 --2- 172.21.15.86:0/926345465 >> [v2:172.21.15.86:3300/0,v1:172.21.15.86:6789/0] conn(0x7f9dc007ad30 0x7f9dc0079190 secure :-1 s=READY pgs=72 cs=0 l=1 rev1=1 crypto rx=0x7f9db40098a0 tx=0x7f9db4009bb0 comp rx=0 tx=0).ready entity=mon.0 client_cookie=b75aea308623186 server_cookie=0 in_seq=0 out_seq=0
2024-03-22T19:03:54.429 INFO:teuthology.orchestra.run.smithi086.stdout:/usr/bin/ceph: stderr
2024-03-22T19:03:53.317+0000 7f9dc4a00700 1 -- 172.21.15.86:0/926345465 <== mon.0 v2:172.21.15.86:3300/0 1 ==== mon_map magic: 0 v1 ==== 205+0+0 (secure 0 0 0) 0x7f9db4004160 con 0x7f9dc007ad30
2024-03-22T19:03:54.429 INFO:teuthology.orchestra.run.smithi086.stdout:/usr/bin/ceph: stderr
2024-03-22T19:03:53.317+0000 7f9dc4a00700 1 -- 172.21.15.86:0/926345465 <== mon.0 v2:172.21.15.86:3300/0 2 ==== config(26 keys) v1 ==== 1105+0+0 (secure 0 0 0) 0x7f9db40042c0 con 0x7f9dc007ad30
2024-03-22T19:03:54.430 INFO:teuthology.orchestra.run.smithi086.stdout:/usr/bin/ceph: stderr
2024-03-22T19:03:53.317+0000 7f9dc4a00700 1 -- 172.21.15.86:0/926345465 <== mon.0 v2:172.21.15.86:3300/0 3 ==== mon_map magic: 0 v1 ==== 205+0+0 (secure 0 0 0) 0x7f9db40119b0 con 0x7f9dc007ad30
2024-03-22T19:03:54.430 INFO:teuthology.orchestra.run.smithi086.stdout:/usr/bin/ceph: stderr
2024-03-22T19:03:53.318+0000 7f9dc8800700 1 -- 172.21.15.86:0/926345465 >> [v2:172.21.15.86:3300/0,v1:172.21.15.86:6789/0] conn(0x7f9dc007ad30 msgr2=0x7f9dc0079190 secure :-1 s=STATE_CONNECTION_ESTABLISHED l=1).mark_down
2024-03-22T19:03:54.430 INFO:teuthology.orchestra.run.smithi086.stdout:/usr/bin/ceph: stderr
2024-03-22T19:03:53.318+0000 7f9dc8800700 1 --2- 172.21.15.86:0/926345465 >> [v2:172.21.15.86:3300/0,v1:172.21.15.86:6789/0] conn(0x7f9dc007ad30 0x7f9dc0079190 secure :-1 s=READY pgs=72 cs=0 l=1 rev1=1 crypto rx=0x7f9db40098a0 tx=0x7f9db4009bb0 comp rx=0 tx=0).stop
2024-03-22T19:03:54.430 INFO:teuthology.orchestra.run.smithi086.stdout:/usr/bin/ceph: stderr
2024-03-22T19:03:53.318+0000 7f9dc8800700 1 -- 172.21.15.86:0/926345465 shutdown_connections
2024-03-22T19:03:54.430 INFO:teuthology.orchestra.run.smithi086.stdout:/usr/bin/ceph: stderr
2024-03-22T19:03:53.318+0000 7f9dc8800700 1 --2- 172.21.15.86:0/926345465 >> [v2:172.21.15.86:3300/0,v1:172.21.15.86:6789/0] conn(0x7f9dc007ad30 0x7f9dc0079190 unknown :-1 s=CLOSED pgs=72 cs=0 l=1 rev1=1 crypto rx=0 tx=0 comp rx=0 tx=0).stop
2024-03-22T19:03:54.430 INFO:teuthology.orchestra.run.smithi086.stdout:/usr/bin/ceph: stderr
2024-03-22T19:03:53.318+0000 7f9dc8800700 1 -- 172.21.15.86:0/926345465 >> 172.21.15.86:0/926345465 conn(0x7f9dc0101ab0 msgr2=0x7f9dc0103ef0 unknown :-1 s=STATE_NONE l=0).mark_down
2024-03-22T19:03:54.430 INFO:teuthology.orchestra.run.smithi086.stdout:/usr/bin/ceph: stderr
2024-03-22T19:03:53.318+0000 7f9dc8800700 1 -- 172.21.15.86:0/926345465 shutdown_connections
2024-03-22T19:03:54.430 INFO:teuthology.orchestra.run.smithi086.stdout:/usr/bin/ceph: stderr
2024-03-22T19:03:53.319+0000 7f9dc8800700 1 -- 172.21.15.86:0/926345465 wait complete.
2024-03-22T19:03:54.430 INFO:teuthology.orchestra.run.smithi086.stdout:/usr/bin/ceph: stderr
2024-03-22T19:03:53.319+0000 7f9dc8800700 1 Processor -- start
2024-03-22T19:03:54.430 INFO:teuthology.orchestra.run.smithi086.stdout:/usr/bin/ceph: stderr
2024-03-22T19:03:53.320+0000 7f9dc8800700 1 -- start start
2024-03-22T19:03:54.430 INFO:teuthology.orchestra.run.smithi086.stdout:/usr/bin/ceph: stderr
2024-03-22T19:03:53.320+0000 7f9dc8800700 1 --2- >> [v2:172.21.15.86:3300/0,v1:172.21.15.86:6789/0] conn(0x7f9dc007ad30 0x7f9dc019c4a0 unknown :-1 s=NONE pgs=0 cs=0 l=1 rev1=0 crypto rx=0 tx=0 comp rx=0 tx=0).connect
2024-03-22T19:03:54.430 INFO:teuthology.orchestra.run.smithi086.stdout:/usr/bin/ceph: stderr
2024-03-22T19:03:53.320+0000 7f9dc8800700 1 -- --> [v2:172.21.15.86:3300/0,v1:172.21.15.86:6789/0] -- mon_getmap magic: 0 v1 -- 0x7f9dc019c9e0 con 0x7f9dc007ad30
2024-03-22T19:03:54.430 INFO:teuthology.orchestra.run.smithi086.stdout:/usr/bin/ceph: stderr
2024-03-22T19:03:53.320+0000 7f9dc5e00700 1 --2- >> [v2:172.21.15.86:3300/0,v1:172.21.15.86:6789/0] conn(0x7f9dc007ad30 0x7f9dc019c4a0 unknown :-1 s=BANNER_CONNECTING pgs=0 cs=0 l=1 rev1=0 crypto rx=0 tx=0 comp rx=0 tx=0)._handle_peer_banner_payload supported=3 required=0
2024-03-22T19:03:54.431 INFO:teuthology.orchestra.run.smithi086.stdout:/usr/bin/ceph: stderr
2024-03-22T19:03:53.320+0000 7f9dc5e00700 1 --2- >> [v2:172.21.15.86:3300/0,v1:172.21.15.86:6789/0] conn(0x7f9dc007ad30 0x7f9dc019c4a0 unknown :-1 s=HELLO_CONNECTING pgs=0 cs=0 l=1 rev1=1 crypto rx=0 tx=0 comp rx=0 tx=0).handle_hello peer v2:172.21.15.86:3300/0 says I am v2:172.21.15.86:58318/0 (socket says 172.21.15.86:58318)
2024-03-22T19:03:54.431 INFO:teuthology.orchestra.run.smithi086.stdout:/usr/bin/ceph: stderr
2024-03-22T19:03:53.320+0000 7f9dc5e00700 1 -- 172.21.15.86:0/2902038981 learned_addr learned my addr 172.21.15.86:0/2902038981 (peer_addr_for_me v2:172.21.15.86:0/0)
2024-03-22T19:03:54.431 INFO:teuthology.orchestra.run.smithi086.stdout:/usr/bin/ceph: stderr
2024-03-22T19:03:53.320+0000 7f9dc5e00700 1 -- 172.21.15.86:0/2902038981 --> [v2:172.21.15.86:3300/0,v1:172.21.15.86:6789/0] -- mon_subscribe({config=0+,monmap=0+}) v3 -- 0x7f9db4009550 con 0x7f9dc007ad30
2024-03-22T19:03:54.431 INFO:teuthology.orchestra.run.smithi086.stdout:/usr/bin/ceph: stderr
2024-03-22T19:03:53.321+0000 7f9dc5e00700 1 --2- 172.21.15.86:0/2902038981 >> [v2:172.21.15.86:3300/0,v1:172.21.15.86:6789/0] conn(0x7f9dc007ad30 0x7f9dc019c4a0 secure :-1 s=READY pgs=73 cs=0 l=1 rev1=1 crypto rx=0x7f9db4011980 tx=0x7f9db4011a60 comp rx=0 tx=0).ready entity=mon.0 client_cookie=0 server_cookie=0 in_seq=0 out_seq=0
2024-03-22T19:03:54.431 INFO:teuthology.orchestra.run.smithi086.stdout:/usr/bin/ceph: stderr
2024-03-22T19:03:53.321+0000 7f9dbaa00700 1 -- 172.21.15.86:0/2902038981 <== mon.0 v2:172.21.15.86:3300/0 1 ==== mon_map magic: 0 v1 ==== 205+0+0 (secure 0 0 0) 0x7f9db4003af0 con 0x7f9dc007ad30
2024-03-22T19:03:54.431 INFO:teuthology.orchestra.run.smithi086.stdout:/usr/bin/ceph: stderr
2024-03-22T19:03:53.321+0000 7f9dbaa00700 1 -- 172.21.15.86:0/2902038981 <== mon.0 v2:172.21.15.86:3300/0 2 ==== config(26 keys) v1 ==== 1105+0+0 (secure 0 0 0) 0x7f9db4003c50 con 0x7f9dc007ad30
2024-03-22T19:03:54.431 INFO:teuthology.orchestra.run.smithi086.stdout:/usr/bin/ceph: stderr
2024-03-22T19:03:53.321+0000 7f9dbaa00700 1 -- 172.21.15.86:0/2902038981 <== mon.0 v2:172.21.15.86:3300/0 3 ==== mon_map magic: 0 v1 ==== 205+0+0 (secure 0 0 0) 0x7f9db4019760 con 0x7f9dc007ad30
2024-03-22T19:03:54.431 INFO:teuthology.orchestra.run.smithi086.stdout:/usr/bin/ceph: stderr
2024-03-22T19:03:53.321+0000 7f9dc8800700 1 -- 172.21.15.86:0/2902038981 --> [v2:172.21.15.86:3300/0,v1:172.21.15.86:6789/0] -- mon_subscribe({mgrmap=0+}) v3 -- 0x7f9dc019cbe0 con 0x7f9dc007ad30
2024-03-22T19:03:54.431 INFO:teuthology.orchestra.run.smithi086.stdout:/usr/bin/ceph: stderr
2024-03-22T19:03:53.321+0000 7f9dc8800700 1 -- 172.21.15.86:0/2902038981 --> [v2:172.21.15.86:3300/0,v1:172.21.15.86:6789/0] -- mon_subscribe({osdmap=0}) v3 -- 0x7f9dc019d080 con 0x7f9dc007ad30
2024-03-22T19:03:54.431 INFO:teuthology.orchestra.run.smithi086.stdout:/usr/bin/ceph: stderr
2024-03-22T19:03:53.322+0000 7f9dbaa00700 1 -- 172.21.15.86:0/2902038981 <== mon.0 v2:172.21.15.86:3300/0 4 ==== mgrmap(e 12) v1 ==== 45387+0+0 (secure 0 0 0) 0x7f9db4019950 con 0x7f9dc007ad30
2024-03-22T19:03:54.431 INFO:teuthology.orchestra.run.smithi086.stdout:/usr/bin/ceph: stderr
2024-03-22T19:03:53.323+0000 7f9dbaa00700 1 --2- 172.21.15.86:0/2902038981 >> [v2:172.21.15.86:6800/1126645338,v1:172.21.15.86:6801/1126645338] conn(0x7f9da8038570 0x7f9da803aa30 unknown :-1 s=NONE pgs=0 cs=0 l=1 rev1=0 crypto rx=0 tx=0 comp rx=0 tx=0).connect
2024-03-22T19:03:54.431 INFO:teuthology.orchestra.run.smithi086.stdout:/usr/bin/ceph: stderr
2024-03-22T19:03:53.323+0000 7f9dbaa00700 1 -- 172.21.15.86:0/2902038981 <== mon.0 v2:172.21.15.86:3300/0 5 ==== osd_map(3..3 src has 1..3) v4 ==== 1155+0+0 (secure 0 0 0) 0x7f9db404c9a0 con 0x7f9dc007ad30
2024-03-22T19:03:54.431 INFO:teuthology.orchestra.run.smithi086.stdout:/usr/bin/ceph: stderr
2024-03-22T19:03:53.323+0000 7f9dc5400700 1 --2- 172.21.15.86:0/2902038981 >> [v2:172.21.15.86:6800/1126645338,v1:172.21.15.86:6801/1126645338] conn(0x7f9da8038570 0x7f9da803aa30 unknown :-1 s=BANNER_CONNECTING pgs=0 cs=0 l=1 rev1=0 crypto rx=0 tx=0 comp rx=0 tx=0)._handle_peer_banner_payload supported=3 required=0
2024-03-22T19:03:54.432 INFO:teuthology.orchestra.run.smithi086.stdout:/usr/bin/ceph: stderr
2024-03-22T19:03:53.323+0000 7f9dc8800700 1 -- 172.21.15.86:0/2902038981 --> [v2:172.21.15.86:3300/0,v1:172.21.15.86:6789/0] -- mon_command({"prefix": "get_command_descriptions"} v 0) v1 -- 0x7f9dc00623e0 con 0x7f9dc007ad30
2024-03-22T19:03:54.432 INFO:teuthology.orchestra.run.smithi086.stdout:/usr/bin/ceph: stderr
2024-03-22T19:03:53.324+0000 7f9dc5400700 1 --2- 172.21.15.86:0/2902038981 >> [v2:172.21.15.86:6800/1126645338,v1:172.21.15.86:6801/1126645338] conn(0x7f9da8038570 0x7f9da803aa30 secure :-1 s=READY pgs=8 cs=0 l=1 rev1=1 crypto rx=0x7f9db0006fd0 tx=0x7f9db0006e40 comp rx=0 tx=0).ready entity=mgr.14152 client_cookie=0 server_cookie=0 in_seq=0 out_seq=0
2024-03-22T19:03:54.432 INFO:teuthology.orchestra.run.smithi086.stdout:/usr/bin/ceph: stderr
2024-03-22T19:03:53.328+0000 7f9dbaa00700 1 -- 172.21.15.86:0/2902038981 <== mon.0 v2:172.21.15.86:3300/0 6 ==== mon_command_ack([{"prefix": "get_command_descriptions"}]=0 v0) v1 ==== 72+0+182738 (secure 0 0 0) 0x7f9db4018350 con 0x7f9dc007ad30
2024-03-22T19:03:54.432 INFO:teuthology.orchestra.run.smithi086.stdout:/usr/bin/ceph: stderr
2024-03-22T19:03:53.584+0000 7f9dc8800700 1 -- 172.21.15.86:0/2902038981 --> [v2:172.21.15.86:6800/1126645338,v1:172.21.15.86:6801/1126645338] -- mgr_command(tid 0: {"prefix": "dashboard ac-user-create", "username": "admin", "rolename": "administrator", "force_password": true, "pwd_update_required": true, "target": ["mon-mgr", ""]}) v1 -- 0x7f9dc019f9d0 con 0x7f9da8038570
2024-03-22T19:03:54.432 INFO:teuthology.orchestra.run.smithi086.stdout:/usr/bin/ceph: stderr
2024-03-22T19:03:53.813+0000 7f9dbaa00700 1 -- 172.21.15.86:0/2902038981 <== mgr.14152 v2:172.21.15.86:6800/1126645338 1 ==== mgr_command_reply(tid 0: 0 ) v1 ==== 8+0+252 (secure 0 0 0) 0x7f9dc019f9d0 con 0x7f9da8038570
2024-03-22T19:03:54.432 INFO:teuthology.orchestra.run.smithi086.stdout:/usr/bin/ceph: stderr
2024-03-22T19:03:53.816+0000 7f9dc8800700 1 -- 172.21.15.86:0/2902038981 >> [v2:172.21.15.86:6800/1126645338,v1:172.21.15.86:6801/1126645338] conn(0x7f9da8038570 msgr2=0x7f9da803aa30 secure :-1 s=STATE_CONNECTION_ESTABLISHED l=1).mark_down
2024-03-22T19:03:54.432 INFO:teuthology.orchestra.run.smithi086.stdout:/usr/bin/ceph: stderr
2024-03-22T19:03:53.816+0000 7f9dc8800700 1 --2- 172.21.15.86:0/2902038981 >> [v2:172.21.15.86:6800/1126645338,v1:172.21.15.86:6801/1126645338] conn(0x7f9da8038570 0x7f9da803aa30 secure :-1 s=READY pgs=8 cs=0 l=1 rev1=1 crypto rx=0x7f9db0006fd0 tx=0x7f9db0006e40 comp rx=0 tx=0).stop
2024-03-22T19:03:54.432 INFO:teuthology.orchestra.run.smithi086.stdout:/usr/bin/ceph: stderr
2024-03-22T19:03:53.816+0000 7f9dc8800700 1 -- 172.21.15.86:0/2902038981 >> [v2:172.21.15.86:3300/0,v1:172.21.15.86:6789/0] conn(0x7f9dc007ad30 msgr2=0x7f9dc019c4a0 secure :-1 s=STATE_CONNECTION_ESTABLISHED l=1).mark_down
2024-03-22T19:03:54.432 INFO:teuthology.orchestra.run.smithi086.stdout:/usr/bin/ceph: stderr
2024-03-22T19:03:53.816+0000 7f9dc8800700 1 --2- 172.21.15.86:0/2902038981 >> [v2:172.21.15.86:3300/0,v1:172.21.15.86:6789/0] conn(0x7f9dc007ad30 0x7f9dc019c4a0 secure :-1 s=READY pgs=73 cs=0 l=1 rev1=1 crypto rx=0x7f9db4011980 tx=0x7f9db4011a60 comp rx=0 tx=0).stop
2024-03-22T19:03:54.432 INFO:teuthology.orchestra.run.smithi086.stdout:/usr/bin/ceph: stderr
2024-03-22T19:03:53.816+0000 7f9dc8800700 1 -- 172.21.15.86:0/2902038981 shutdown_connections
2024-03-22T19:03:54.432 INFO:teuthology.orchestra.run.smithi086.stdout:/usr/bin/ceph: stderr
2024-03-22T19:03:53.816+0000 7f9dc8800700 1 --2- 172.21.15.86:0/2902038981 >> [v2:172.21.15.86:6800/1126645338,v1:172.21.15.86:6801/1126645338] conn(0x7f9da8038570 0x7f9da803aa30 unknown :-1 s=CLOSED pgs=8 cs=0 l=1 rev1=1 crypto rx=0 tx=0 comp rx=0 tx=0).stop
2024-03-22T19:03:54.432 INFO:teuthology.orchestra.run.smithi086.stdout:/usr/bin/ceph: stderr
2024-03-22T19:03:53.816+0000 7f9dc8800700 1 --2- 172.21.15.86:0/2902038981 >> [v2:172.21.15.86:3300/0,v1:172.21.15.86:6789/0] conn(0x7f9dc007ad30 0x7f9dc019c4a0 unknown :-1 s=CLOSED pgs=73 cs=0 l=1 rev1=1 crypto rx=0 tx=0 comp rx=0 tx=0).stop
2024-03-22T19:03:54.433 INFO:teuthology.orchestra.run.smithi086.stdout:/usr/bin/ceph: stderr
2024-03-22T19:03:53.816+0000 7f9dc8800700 1 -- 172.21.15.86:0/2902038981 >> 172.21.15.86:0/2902038981 conn(0x7f9dc0101ab0 msgr2=0x7f9dc0102700 unknown :-1 s=STATE_NONE l=0).mark_down
2024-03-22T19:03:54.433 INFO:teuthology.orchestra.run.smithi086.stdout:/usr/bin/ceph: stderr
2024-03-22T19:03:53.816+0000 7f9dc8800700 1 -- 172.21.15.86:0/2902038981 shutdown_connections
2024-03-22T19:03:54.433 INFO:teuthology.orchestra.run.smithi086.stdout:/usr/bin/ceph: stderr
2024-03-22T19:03:53.816+0000 7f9dc8800700 1 -- 172.21.15.86:0/2902038981 wait complete.
2024-03-22T19:03:54.433 INFO:teuthology.orchestra.run.smithi086.stdout:Fetching dashboard port number...
2024-03-22T19:03:54.433 INFO:journalctl@ceph.mon.a.smithi086.stdout:Mar 22 19:03:54 smithi086 ceph-mon[38032]: from='client.14166 -' entity='client.admin' cmd=[{"prefix": "dashboard ac-user-create", "username": "admin", "rolename": "administrator", "force_password": true, "pwd_update_required": true, "target": ["mon-mgr", ""]}]: dispatch
2024-03-22T19:03:54.433 INFO:journalctl@ceph.mon.a.smithi086.stdout:Mar 22 19:03:54 smithi086 ceph-mon[38032]: from='mgr.14152 172.21.15.86:0/3609912750' entity='mgr.x'
2024-03-22T19:03:55.379 INFO:teuthology.orchestra.run.smithi086.stdout:/usr/bin/ceph: stdout 8443
2024-03-22T19:03:55.379 INFO:teuthology.orchestra.run.smithi086.stdout:/usr/bin/ceph: stderr
2024-03-22T19:03:54.813+0000 7f70b1800700 1 Processor -- start
2024-03-22T19:03:55.379 INFO:teuthology.orchestra.run.smithi086.stdout:/usr/bin/ceph: stderr
2024-03-22T19:03:54.814+0000 7f70b1800700 1 -- start start
2024-03-22T19:03:55.379 INFO:teuthology.orchestra.run.smithi086.stdout:/usr/bin/ceph: stderr
2024-03-22T19:03:54.814+0000 7f70b1800700 1 --2- >> [v2:172.21.15.86:3300/0,v1:172.21.15.86:6789/0] conn(0x7f70ac07ad50 0x7f70ac0791b0 unknown :-1 s=NONE pgs=0 cs=0 l=0 rev1=0 crypto rx=0 tx=0 comp rx=0 tx=0).connect
2024-03-22T19:03:55.379 INFO:teuthology.orchestra.run.smithi086.stdout:/usr/bin/ceph: stderr
2024-03-22T19:03:54.814+0000 7f70b1800700 1 -- --> [v2:172.21.15.86:3300/0,v1:172.21.15.86:6789/0] -- mon_getmap magic: 0 v1 -- 0x7f70ac079780 con 0x7f70ac07ad50
2024-03-22T19:03:55.379 INFO:teuthology.orchestra.run.smithi086.stdout:/usr/bin/ceph: stderr
2024-03-22T19:03:54.814+0000 7f70aaa00700 1 --2- >> [v2:172.21.15.86:3300/0,v1:172.21.15.86:6789/0] conn(0x7f70ac07ad50 0x7f70ac0791b0 unknown :-1 s=BANNER_CONNECTING pgs=0 cs=0 l=0 rev1=0 crypto rx=0 tx=0 comp rx=0 tx=0)._handle_peer_banner_payload supported=3 required=0
2024-03-22T19:03:55.380 INFO:teuthology.orchestra.run.smithi086.stdout:/usr/bin/ceph: stderr
2024-03-22T19:03:54.814+0000 7f70aaa00700 1 --2- >> [v2:172.21.15.86:3300/0,v1:172.21.15.86:6789/0] conn(0x7f70ac07ad50 0x7f70ac0791b0 unknown :-1 s=HELLO_CONNECTING pgs=0 cs=0 l=0 rev1=1 crypto rx=0 tx=0 comp rx=0 tx=0).handle_hello peer v2:172.21.15.86:3300/0 says I am v2:172.21.15.86:58326/0 (socket says 172.21.15.86:58326)
2024-03-22T19:03:55.380 INFO:teuthology.orchestra.run.smithi086.stdout:/usr/bin/ceph: stderr
2024-03-22T19:03:54.814+0000 7f70aaa00700 1 -- 172.21.15.86:0/3754066229 learned_addr learned my addr 172.21.15.86:0/3754066229 (peer_addr_for_me v2:172.21.15.86:0/0)
2024-03-22T19:03:55.380 INFO:teuthology.orchestra.run.smithi086.stdout:/usr/bin/ceph: stderr
2024-03-22T19:03:54.815+0000 7f70aaa00700 1 -- 172.21.15.86:0/3754066229 --> [v2:172.21.15.86:3300/0,v1:172.21.15.86:6789/0] -- mon_subscribe({config=0+,monmap=0+}) v3 -- 0x7f70ac0798c0 con 0x7f70ac07ad50
2024-03-22T19:03:55.380 INFO:teuthology.orchestra.run.smithi086.stdout:/usr/bin/ceph: stderr
2024-03-22T19:03:54.815+0000 7f70aaa00700 1 --2- 172.21.15.86:0/3754066229 >> [v2:172.21.15.86:3300/0,v1:172.21.15.86:6789/0] conn(0x7f70ac07ad50 0x7f70ac0791b0 secure :-1 s=READY pgs=74 cs=0 l=1 rev1=1 crypto rx=0x7f709c0098a0 tx=0x7f709c009bb0 comp rx=0 tx=0).ready entity=mon.0 client_cookie=90b54a1d9956e501 server_cookie=0 in_seq=0 out_seq=0
2024-03-22T19:03:55.380 INFO:teuthology.orchestra.run.smithi086.stdout:/usr/bin/ceph: stderr
2024-03-22T19:03:54.815+0000 7f70a9600700 1 -- 172.21.15.86:0/3754066229 <== mon.0 v2:172.21.15.86:3300/0 1 ==== mon_map magic: 0 v1 ==== 205+0+0 (secure 0 0 0) 0x7f709c004160 con 0x7f70ac07ad50
2024-03-22T19:03:55.380 INFO:teuthology.orchestra.run.smithi086.stdout:/usr/bin/ceph: stderr
2024-03-22T19:03:54.815+0000 7f70a9600700 1 -- 172.21.15.86:0/3754066229 <== mon.0 v2:172.21.15.86:3300/0 2 ==== config(26 keys) v1 ==== 1105+0+0 (secure 0 0 0) 0x7f709c0042c0 con 0x7f70ac07ad50
2024-03-22T19:03:55.380 INFO:teuthology.orchestra.run.smithi086.stdout:/usr/bin/ceph: stderr
2024-03-22T19:03:54.815+0000 7f70a9600700 1 -- 172.21.15.86:0/3754066229 <== mon.0 v2:172.21.15.86:3300/0 3 ==== mon_map magic: 0 v1 ==== 205+0+0 (secure 0 0 0) 0x7f709c0119b0 con 0x7f70ac07ad50
2024-03-22T19:03:55.380 INFO:teuthology.orchestra.run.smithi086.stdout:/usr/bin/ceph: stderr
2024-03-22T19:03:54.816+0000 7f70b1800700 1 -- 172.21.15.86:0/3754066229 >> [v2:172.21.15.86:3300/0,v1:172.21.15.86:6789/0] conn(0x7f70ac07ad50 msgr2=0x7f70ac0791b0 secure :-1 s=STATE_CONNECTION_ESTABLISHED l=1).mark_down
2024-03-22T19:03:55.380 INFO:teuthology.orchestra.run.smithi086.stdout:/usr/bin/ceph: stderr
2024-03-22T19:03:54.816+0000 7f70b1800700 1 --2- 172.21.15.86:0/3754066229 >> [v2:172.21.15.86:3300/0,v1:172.21.15.86:6789/0] conn(0x7f70ac07ad50 0x7f70ac0791b0 secure :-1 s=READY pgs=74 cs=0 l=1 rev1=1 crypto rx=0x7f709c0098a0 tx=0x7f709c009bb0 comp rx=0 tx=0).stop
2024-03-22T19:03:55.380 INFO:teuthology.orchestra.run.smithi086.stdout:/usr/bin/ceph: stderr
2024-03-22T19:03:54.816+0000 7f70b1800700 1 -- 172.21.15.86:0/3754066229 shutdown_connections
2024-03-22T19:03:55.380 INFO:teuthology.orchestra.run.smithi086.stdout:/usr/bin/ceph: stderr
2024-03-22T19:03:54.816+0000 7f70b1800700 1 --2- 172.21.15.86:0/3754066229 >> [v2:172.21.15.86:3300/0,v1:172.21.15.86:6789/0] conn(0x7f70ac07ad50 0x7f70ac0791b0 unknown :-1 s=CLOSED pgs=74 cs=0 l=1 rev1=1 crypto rx=0 tx=0 comp rx=0 tx=0).stop
2024-03-22T19:03:55.380 INFO:teuthology.orchestra.run.smithi086.stdout:/usr/bin/ceph: stderr
2024-03-22T19:03:54.816+0000 7f70b1800700 1 -- 172.21.15.86:0/3754066229 >> 172.21.15.86:0/3754066229 conn(0x7f70ac101a50 msgr2=0x7f70ac103ed0 unknown :-1 s=STATE_NONE l=0).mark_down
2024-03-22T19:03:55.380 INFO:teuthology.orchestra.run.smithi086.stdout:/usr/bin/ceph: stderr
2024-03-22T19:03:54.816+0000 7f70b1800700 1 -- 172.21.15.86:0/3754066229 shutdown_connections
2024-03-22T19:03:55.380 INFO:teuthology.orchestra.run.smithi086.stdout:/usr/bin/ceph: stderr
2024-03-22T19:03:54.816+0000 7f70b1800700 1 -- 172.21.15.86:0/3754066229 wait complete.
2024-03-22T19:03:55.380 INFO:teuthology.orchestra.run.smithi086.stdout:/usr/bin/ceph: stderr
2024-03-22T19:03:54.817+0000 7f70b1800700 1 Processor -- start
2024-03-22T19:03:55.381 INFO:teuthology.orchestra.run.smithi086.stdout:/usr/bin/ceph: stderr
2024-03-22T19:03:54.817+0000 7f70b1800700 1 -- start start
2024-03-22T19:03:55.381 INFO:teuthology.orchestra.run.smithi086.stdout:/usr/bin/ceph: stderr
2024-03-22T19:03:54.817+0000 7f70b1800700 1 --2- >> [v2:172.21.15.86:3300/0,v1:172.21.15.86:6789/0] conn(0x7f70ac07ad50 0x7f70ac19c4a0 unknown :-1 s=NONE pgs=0 cs=0 l=1 rev1=0 crypto rx=0 tx=0 comp rx=0 tx=0).connect
2024-03-22T19:03:55.381 INFO:teuthology.orchestra.run.smithi086.stdout:/usr/bin/ceph: stderr
2024-03-22T19:03:54.817+0000 7f70b1800700 1 -- --> [v2:172.21.15.86:3300/0,v1:172.21.15.86:6789/0] -- mon_getmap magic: 0 v1 -- 0x7f70ac19c9e0 con 0x7f70ac07ad50
2024-03-22T19:03:55.381 INFO:teuthology.orchestra.run.smithi086.stdout:/usr/bin/ceph: stderr
2024-03-22T19:03:54.817+0000 7f70aaa00700 1 --2- >> [v2:172.21.15.86:3300/0,v1:172.21.15.86:6789/0] conn(0x7f70ac07ad50 0x7f70ac19c4a0 unknown :-1 s=BANNER_CONNECTING pgs=0 cs=0 l=1 rev1=0 crypto rx=0 tx=0 comp rx=0 tx=0)._handle_peer_banner_payload supported=3 required=0
2024-03-22T19:03:55.381 INFO:teuthology.orchestra.run.smithi086.stdout:/usr/bin/ceph: stderr
2024-03-22T19:03:54.817+0000 7f70aaa00700 1 --2- >> [v2:172.21.15.86:3300/0,v1:172.21.15.86:6789/0] conn(0x7f70ac07ad50 0x7f70ac19c4a0 unknown :-1 s=HELLO_CONNECTING pgs=0 cs=0 l=1 rev1=1 crypto rx=0 tx=0 comp rx=0 tx=0).handle_hello peer v2:172.21.15.86:3300/0 says I am v2:172.21.15.86:58336/0 (socket says 172.21.15.86:58336)
2024-03-22T19:03:55.381 INFO:teuthology.orchestra.run.smithi086.stdout:/usr/bin/ceph: stderr
2024-03-22T19:03:54.817+0000 7f70aaa00700 1 -- 172.21.15.86:0/940113643 learned_addr learned my addr 172.21.15.86:0/940113643 (peer_addr_for_me v2:172.21.15.86:0/0)
2024-03-22T19:03:55.381 INFO:teuthology.orchestra.run.smithi086.stdout:/usr/bin/ceph: stderr
2024-03-22T19:03:54.818+0000 7f70aaa00700 1 -- 172.21.15.86:0/940113643 --> [v2:172.21.15.86:3300/0,v1:172.21.15.86:6789/0] -- mon_subscribe({config=0+,monmap=0+}) v3 -- 0x7f709c009550 con 0x7f70ac07ad50
2024-03-22T19:03:55.381 INFO:teuthology.orchestra.run.smithi086.stdout:/usr/bin/ceph: stderr
2024-03-22T19:03:54.818+0000 7f70aaa00700 1 --2- 172.21.15.86:0/940113643 >> [v2:172.21.15.86:3300/0,v1:172.21.15.86:6789/0] conn(0x7f70ac07ad50 0x7f70ac19c4a0 secure :-1 s=READY pgs=75 cs=0 l=1 rev1=1 crypto rx=0x7f709c011670 tx=0x7f709c011a30 comp rx=0 tx=0).ready entity=mon.0 client_cookie=0 server_cookie=0 in_seq=0 out_seq=0
2024-03-22T19:03:55.381 INFO:teuthology.orchestra.run.smithi086.stdout:/usr/bin/ceph: stderr
2024-03-22T19:03:54.818+0000 7f70a3400700 1 -- 172.21.15.86:0/940113643 <== mon.0 v2:172.21.15.86:3300/0 1 ==== mon_map magic: 0 v1 ==== 205+0+0 (secure 0 0 0) 0x7f709c003b20 con 0x7f70ac07ad50
2024-03-22T19:03:55.381 INFO:teuthology.orchestra.run.smithi086.stdout:/usr/bin/ceph: stderr
2024-03-22T19:03:54.818+0000 7f70a3400700 1 -- 172.21.15.86:0/940113643 <== mon.0 v2:172.21.15.86:3300/0 2 ==== config(26 keys) v1 ==== 1105+0+0 (secure 0 0 0) 0x7f709c003c80 con 0x7f70ac07ad50
2024-03-22T19:03:55.381 INFO:teuthology.orchestra.run.smithi086.stdout:/usr/bin/ceph: stderr
2024-03-22T19:03:54.818+0000 7f70a3400700 1 -- 172.21.15.86:0/940113643 <== mon.0 v2:172.21.15.86:3300/0 3 ==== mon_map magic: 0 v1 ==== 205+0+0 (secure 0 0 0) 0x7f709c019770 con 0x7f70ac07ad50
2024-03-22T19:03:55.381 INFO:teuthology.orchestra.run.smithi086.stdout:/usr/bin/ceph: stderr
2024-03-22T19:03:54.818+0000 7f70b1800700 1 -- 172.21.15.86:0/940113643 --> [v2:172.21.15.86:3300/0,v1:172.21.15.86:6789/0] -- mon_subscribe({mgrmap=0+}) v3 -- 0x7f70ac19cbe0 con 0x7f70ac07ad50
2024-03-22T19:03:55.381 INFO:teuthology.orchestra.run.smithi086.stdout:/usr/bin/ceph: stderr
2024-03-22T19:03:54.818+0000 7f70b1800700 1 -- 172.21.15.86:0/940113643 --> [v2:172.21.15.86:3300/0,v1:172.21.15.86:6789/0] -- mon_subscribe({osdmap=0}) v3 -- 0x7f70ac19d080 con 0x7f70ac07ad50
2024-03-22T19:03:55.381 INFO:teuthology.orchestra.run.smithi086.stdout:/usr/bin/ceph: stderr
2024-03-22T19:03:54.820+0000 7f70b1800700 1 -- 172.21.15.86:0/940113643 --> [v2:172.21.15.86:3300/0,v1:172.21.15.86:6789/0] -- mon_command({"prefix": "get_command_descriptions"} v 0) v1 -- 0x7f70ac10c930 con 0x7f70ac07ad50
2024-03-22T19:03:55.381 INFO:teuthology.orchestra.run.smithi086.stdout:/usr/bin/ceph: stderr
2024-03-22T19:03:54.820+0000 7f70a3400700 1 -- 172.21.15.86:0/940113643 <== mon.0 v2:172.21.15.86:3300/0 4 ==== mgrmap(e 12) v1 ==== 45387+0+0 (secure 0 0 0) 0x7f709c01ab60 con 0x7f70ac07ad50
2024-03-22T19:03:55.382 INFO:teuthology.orchestra.run.smithi086.stdout:/usr/bin/ceph: stderr
2024-03-22T19:03:54.820+0000 7f70a3400700 1 --2- 172.21.15.86:0/940113643 >> [v2:172.21.15.86:6800/1126645338,v1:172.21.15.86:6801/1126645338] conn(0x7f7090038570 0x7f709003aa30 unknown :-1 s=NONE pgs=0 cs=0 l=1 rev1=0 crypto rx=0 tx=0 comp rx=0 tx=0).connect
2024-03-22T19:03:55.382 INFO:teuthology.orchestra.run.smithi086.stdout:/usr/bin/ceph: stderr
2024-03-22T19:03:54.820+0000 7f70a3400700 1 -- 172.21.15.86:0/940113643 <== mon.0 v2:172.21.15.86:3300/0 5 ==== osd_map(3..3 src has 1..3) v4 ==== 1155+0+0 (secure 0 0 0) 0x7f709c04c860 con 0x7f70ac07ad50
2024-03-22T19:03:55.382 INFO:teuthology.orchestra.run.smithi086.stdout:/usr/bin/ceph: stderr
2024-03-22T19:03:54.820+0000 7f70aa000700 1 --2- 172.21.15.86:0/940113643 >> [v2:172.21.15.86:6800/1126645338,v1:172.21.15.86:6801/1126645338] conn(0x7f7090038570 0x7f709003aa30 unknown :-1 s=BANNER_CONNECTING pgs=0 cs=0 l=1 rev1=0 crypto rx=0 tx=0 comp rx=0 tx=0)._handle_peer_banner_payload supported=3 required=0
2024-03-22T19:03:55.382 INFO:teuthology.orchestra.run.smithi086.stdout:/usr/bin/ceph: stderr
2024-03-22T19:03:54.821+0000 7f70aa000700 1 --2- 172.21.15.86:0/940113643 >> [v2:172.21.15.86:6800/1126645338,v1:172.21.15.86:6801/1126645338] conn(0x7f7090038570 0x7f709003aa30 secure :-1 s=READY pgs=9 cs=0 l=1 rev1=1 crypto rx=0x7f7098006fd0 tx=0x7f7098006e40 comp rx=0 tx=0).ready entity=mgr.14152 client_cookie=0 server_cookie=0 in_seq=0 out_seq=0
2024-03-22T19:03:55.382 INFO:teuthology.orchestra.run.smithi086.stdout:/usr/bin/ceph: stderr
2024-03-22T19:03:54.825+0000 7f70a3400700 1 -- 172.21.15.86:0/940113643 <== mon.0 v2:172.21.15.86:3300/0 6 ==== mon_command_ack([{"prefix": "get_command_descriptions"}]=0 v0) v1 ==== 72+0+182738 (secure 0 0 0) 0x7f709c01a430 con 0x7f70ac07ad50
2024-03-22T19:03:55.382 INFO:teuthology.orchestra.run.smithi086.stdout:/usr/bin/ceph: stderr
2024-03-22T19:03:55.022+0000 7f70b1800700 1 -- 172.21.15.86:0/940113643 --> [v2:172.21.15.86:3300/0,v1:172.21.15.86:6789/0] -- mon_command({"prefix": "config get", "who": "mgr", "key": "mgr/dashboard/ssl_server_port"} v 0) v1 -- 0x7f70ac19fce0 con 0x7f70ac07ad50
2024-03-22T19:03:55.382 INFO:teuthology.orchestra.run.smithi086.stdout:/usr/bin/ceph: stderr
2024-03-22T19:03:55.023+0000 7f70a3400700 1 -- 172.21.15.86:0/940113643 <== mon.0 v2:172.21.15.86:3300/0 7 ==== mon_command_ack([{"prefix": "config get", "who": "mgr", "key": "mgr/dashboard/ssl_server_port"}]=0 v8) v1 ==== 112+0+5 (secure 0 0 0) 0x7f709c02db00 con 0x7f70ac07ad50
2024-03-22T19:03:55.382 INFO:teuthology.orchestra.run.smithi086.stdout:/usr/bin/ceph: stderr
2024-03-22T19:03:55.025+0000 7f70b1800700 1 -- 172.21.15.86:0/940113643 >> [v2:172.21.15.86:6800/1126645338,v1:172.21.15.86:6801/1126645338] conn(0x7f7090038570 msgr2=0x7f709003aa30 secure :-1 s=STATE_CONNECTION_ESTABLISHED l=1).mark_down
2024-03-22T19:03:55.382 INFO:teuthology.orchestra.run.smithi086.stdout:/usr/bin/ceph: stderr
2024-03-22T19:03:55.025+0000 7f70b1800700 1 --2- 172.21.15.86:0/940113643 >> [v2:172.21.15.86:6800/1126645338,v1:172.21.15.86:6801/1126645338] conn(0x7f7090038570 0x7f709003aa30 secure :-1 s=READY pgs=9 cs=0 l=1 rev1=1 crypto rx=0x7f7098006fd0 tx=0x7f7098006e40 comp rx=0 tx=0).stop
2024-03-22T19:03:55.382 INFO:teuthology.orchestra.run.smithi086.stdout:/usr/bin/ceph: stderr
2024-03-22T19:03:55.025+0000 7f70b1800700 1 -- 172.21.15.86:0/940113643 >> [v2:172.21.15.86:3300/0,v1:172.21.15.86:6789/0] conn(0x7f70ac07ad50 msgr2=0x7f70ac19c4a0 secure :-1 s=STATE_CONNECTION_ESTABLISHED l=1).mark_down
2024-03-22T19:03:55.382 INFO:teuthology.orchestra.run.smithi086.stdout:/usr/bin/ceph: stderr
2024-03-22T19:03:55.025+0000 7f70b1800700 1 --2- 172.21.15.86:0/940113643 >> [v2:172.21.15.86:3300/0,v1:172.21.15.86:6789/0] conn(0x7f70ac07ad50 0x7f70ac19c4a0 secure :-1 s=READY pgs=75 cs=0 l=1 rev1=1 crypto rx=0x7f709c011670 tx=0x7f709c011a30 comp rx=0 tx=0).stop
2024-03-22T19:03:55.382 INFO:teuthology.orchestra.run.smithi086.stdout:/usr/bin/ceph: stderr
2024-03-22T19:03:55.025+0000 7f70b1800700 1 -- 172.21.15.86:0/940113643 shutdown_connections
2024-03-22T19:03:55.382 INFO:teuthology.orchestra.run.smithi086.stdout:/usr/bin/ceph: stderr
2024-03-22T19:03:55.025+0000 7f70b1800700 1 --2- 172.21.15.86:0/940113643 >> [v2:172.21.15.86:6800/1126645338,v1:172.21.15.86:6801/1126645338] conn(0x7f7090038570 0x7f709003aa30 unknown :-1 s=CLOSED pgs=9 cs=0 l=1 rev1=1 crypto rx=0 tx=0 comp rx=0 tx=0).stop
2024-03-22T19:03:55.383 INFO:teuthology.orchestra.run.smithi086.stdout:/usr/bin/ceph: stderr
2024-03-22T19:03:55.025+0000 7f70b1800700 1 --2- 172.21.15.86:0/940113643 >> [v2:172.21.15.86:3300/0,v1:172.21.15.86:6789/0] conn(0x7f70ac07ad50 0x7f70ac19c4a0 unknown :-1 s=CLOSED pgs=75 cs=0 l=1 rev1=1 crypto rx=0 tx=0 comp rx=0 tx=0).stop
2024-03-22T19:03:55.383 INFO:teuthology.orchestra.run.smithi086.stdout:/usr/bin/ceph: stderr
2024-03-22T19:03:55.025+0000 7f70b1800700 1 -- 172.21.15.86:0/940113643 >> 172.21.15.86:0/940113643 conn(0x7f70ac101a50 msgr2=0x7f70ac102620 unknown :-1 s=STATE_NONE l=0).mark_down
2024-03-22T19:03:55.383 INFO:teuthology.orchestra.run.smithi086.stdout:/usr/bin/ceph: stderr
2024-03-22T19:03:55.026+0000 7f70b1800700 1 -- 172.21.15.86:0/940113643 shutdown_connections
2024-03-22T19:03:55.383 INFO:teuthology.orchestra.run.smithi086.stdout:/usr/bin/ceph: stderr
2024-03-22T19:03:55.026+0000 7f70b1800700 1 -- 172.21.15.86:0/940113643 wait complete.
2024-03-22T19:03:55.395 INFO:teuthology.orchestra.run.smithi086.stdout:Non-zero exit code 1 from systemctl is-enabled firewalld.service
2024-03-22T19:03:55.395 INFO:teuthology.orchestra.run.smithi086.stdout:systemctl: stdout disabled
2024-03-22T19:03:55.410 INFO:teuthology.orchestra.run.smithi086.stdout:Non-zero exit code 3 from systemctl is-active firewalld.service
2024-03-22T19:03:55.410 INFO:teuthology.orchestra.run.smithi086.stdout:systemctl: stdout inactive
2024-03-22T19:03:55.410 INFO:teuthology.orchestra.run.smithi086.stdout:firewalld.service is not enabled
2024-03-22T19:03:55.410 INFO:teuthology.orchestra.run.smithi086.stdout:Not possible to open ports <[8443]>. firewalld.service is not available
2024-03-22T19:03:55.413 INFO:teuthology.orchestra.run.smithi086.stdout:Ceph Dashboard is now available at:
2024-03-22T19:03:55.413 INFO:teuthology.orchestra.run.smithi086.stdout:
2024-03-22T19:03:55.413 INFO:teuthology.orchestra.run.smithi086.stdout: URL: https://smithi086.front.sepia.ceph.com:8443/
2024-03-22T19:03:55.413 INFO:teuthology.orchestra.run.smithi086.stdout: User: admin
2024-03-22T19:03:55.413 INFO:teuthology.orchestra.run.smithi086.stdout: Password: h0dkd53mf6
2024-03-22T19:03:55.413 INFO:teuthology.orchestra.run.smithi086.stdout:
2024-03-22T19:03:55.414 INFO:teuthology.orchestra.run.smithi086.stdout:Saving cluster configuration to /var/lib/ceph/b22c63ac-e87e-11ee-95cd-87774f69a715/config directory
2024-03-22T19:03:55.414 INFO:teuthology.orchestra.run.smithi086.stdout:Enabling autotune for osd_memory_target
2024-03-22T19:03:55.758 INFO:journalctl@ceph.mon.a.smithi086.stdout:Mar 22 19:03:55 smithi086 ceph-mon[38032]: from='client.? 172.21.15.86:0/940113643' entity='client.admin' cmd=[{"prefix": "config get", "who": "mgr", "key": "mgr/dashboard/ssl_server_port"}]: dispatch
2024-03-22T19:03:56.455 INFO:teuthology.orchestra.run.smithi086.stdout:/usr/bin/ceph: stderr
2024-03-22T19:03:55.831+0000 7f4ba1200700 1 Processor -- start
2024-03-22T19:03:56.455 INFO:teuthology.orchestra.run.smithi086.stdout:/usr/bin/ceph: stderr
2024-03-22T19:03:55.831+0000 7f4ba1200700 1 -- start start
2024-03-22T19:03:56.456 INFO:teuthology.orchestra.run.smithi086.stdout:/usr/bin/ceph: stderr
2024-03-22T19:03:55.832+0000 7f4ba1200700 1 --2- >> [v2:172.21.15.86:3300/0,v1:172.21.15.86:6789/0] conn(0x7f4b9c106510 0x7f4b9c106930 unknown :-1 s=NONE pgs=0 cs=0 l=0 rev1=0 crypto rx=0 tx=0 comp rx=0 tx=0).connect
2024-03-22T19:03:56.456 INFO:teuthology.orchestra.run.smithi086.stdout:/usr/bin/ceph: stderr
2024-03-22T19:03:55.832+0000 7f4ba1200700 1 -- --> [v2:172.21.15.86:3300/0,v1:172.21.15.86:6789/0] -- mon_getmap magic: 0 v1 -- 0x7f4b9c106f00 con 0x7f4b9c106510
2024-03-22T19:03:56.456 INFO:teuthology.orchestra.run.smithi086.stdout:/usr/bin/ceph: stderr
2024-03-22T19:03:55.832+0000 7f4b99e00700 1 --2- >> [v2:172.21.15.86:3300/0,v1:172.21.15.86:6789/0] conn(0x7f4b9c106510 0x7f4b9c106930 unknown :-1 s=BANNER_CONNECTING pgs=0 cs=0 l=0 rev1=0 crypto rx=0 tx=0 comp rx=0 tx=0)._handle_peer_banner_payload supported=3 required=0
2024-03-22T19:03:56.456 INFO:teuthology.orchestra.run.smithi086.stdout:/usr/bin/ceph: stderr
2024-03-22T19:03:55.832+0000 7f4b99e00700 1 --2- >> [v2:172.21.15.86:3300/0,v1:172.21.15.86:6789/0] conn(0x7f4b9c106510 0x7f4b9c106930 unknown :-1 s=HELLO_CONNECTING pgs=0 cs=0 l=0 rev1=1 crypto rx=0 tx=0 comp rx=0 tx=0).handle_hello peer v2:172.21.15.86:3300/0 says I am v2:172.21.15.86:58344/0 (socket says 172.21.15.86:58344)
2024-03-22T19:03:56.456 INFO:teuthology.orchestra.run.smithi086.stdout:/usr/bin/ceph: stderr
2024-03-22T19:03:55.832+0000 7f4b99e00700 1 -- 172.21.15.86:0/571764322 learned_addr learned my addr 172.21.15.86:0/571764322 (peer_addr_for_me v2:172.21.15.86:0/0)
2024-03-22T19:03:56.456 INFO:teuthology.orchestra.run.smithi086.stdout:/usr/bin/ceph: stderr
2024-03-22T19:03:55.833+0000 7f4b99e00700 1 -- 172.21.15.86:0/571764322 --> [v2:172.21.15.86:3300/0,v1:172.21.15.86:6789/0] -- mon_subscribe({config=0+,monmap=0+}) v3 -- 0x7f4b9c107710 con 0x7f4b9c106510
2024-03-22T19:03:56.456 INFO:teuthology.orchestra.run.smithi086.stdout:/usr/bin/ceph: stderr
2024-03-22T19:03:55.833+0000 7f4b99e00700 1 --2- 172.21.15.86:0/571764322 >> [v2:172.21.15.86:3300/0,v1:172.21.15.86:6789/0] conn(0x7f4b9c106510 0x7f4b9c106930 secure :-1 s=READY pgs=76 cs=0 l=1 rev1=1 crypto rx=0x7f4b8c0098a0 tx=0x7f4b8c009bb0 comp rx=0 tx=0).ready entity=mon.0 client_cookie=b27f0daf1cbd45de server_cookie=0 in_seq=0 out_seq=0
2024-03-22T19:03:56.456 INFO:teuthology.orchestra.run.smithi086.stdout:/usr/bin/ceph: stderr
2024-03-22T19:03:55.833+0000 7f4b98a00700 1 -- 172.21.15.86:0/571764322 <== mon.0 v2:172.21.15.86:3300/0 1 ==== mon_map magic: 0 v1 ==== 205+0+0 (secure 0 0 0) 0x7f4b8c004160 con 0x7f4b9c106510
2024-03-22T19:03:56.456 INFO:teuthology.orchestra.run.smithi086.stdout:/usr/bin/ceph: stderr
2024-03-22T19:03:55.833+0000 7f4b98a00700 1 -- 172.21.15.86:0/571764322 <== mon.0 v2:172.21.15.86:3300/0 2 ==== config(26 keys) v1 ==== 1105+0+0 (secure 0 0 0) 0x7f4b8c0042c0 con 0x7f4b9c106510
2024-03-22T19:03:56.456 INFO:teuthology.orchestra.run.smithi086.stdout:/usr/bin/ceph: stderr
2024-03-22T19:03:55.833+0000 7f4b98a00700 1 -- 172.21.15.86:0/571764322 <== mon.0 v2:172.21.15.86:3300/0 3 ==== mon_map magic: 0 v1 ==== 205+0+0 (secure 0 0 0) 0x7f4b8c0119b0 con 0x7f4b9c106510
2024-03-22T19:03:56.456 INFO:teuthology.orchestra.run.smithi086.stdout:/usr/bin/ceph: stderr
2024-03-22T19:03:55.834+0000 7f4ba1200700 1 -- 172.21.15.86:0/571764322 >> [v2:172.21.15.86:3300/0,v1:172.21.15.86:6789/0] conn(0x7f4b9c106510 msgr2=0x7f4b9c106930 secure :-1 s=STATE_CONNECTION_ESTABLISHED l=1).mark_down
2024-03-22T19:03:56.456 INFO:teuthology.orchestra.run.smithi086.stdout:/usr/bin/ceph: stderr
2024-03-22T19:03:55.834+0000 7f4ba1200700 1 --2- 172.21.15.86:0/571764322 >> [v2:172.21.15.86:3300/0,v1:172.21.15.86:6789/0] conn(0x7f4b9c106510 0x7f4b9c106930 secure :-1 s=READY pgs=76 cs=0 l=1 rev1=1 crypto rx=0x7f4b8c0098a0 tx=0x7f4b8c009bb0 comp rx=0 tx=0).stop
2024-03-22T19:03:56.457 INFO:teuthology.orchestra.run.smithi086.stdout:/usr/bin/ceph: stderr
2024-03-22T19:03:55.834+0000 7f4ba1200700 1 -- 172.21.15.86:0/571764322 shutdown_connections
2024-03-22T19:03:56.457 INFO:teuthology.orchestra.run.smithi086.stdout:/usr/bin/ceph: stderr
2024-03-22T19:03:55.834+0000 7f4ba1200700 1 --2- 172.21.15.86:0/571764322 >> [v2:172.21.15.86:3300/0,v1:172.21.15.86:6789/0] conn(0x7f4b9c106510 0x7f4b9c106930 unknown :-1 s=CLOSED pgs=76 cs=0 l=1 rev1=1 crypto rx=0 tx=0 comp rx=0 tx=0).stop
2024-03-22T19:03:56.457 INFO:teuthology.orchestra.run.smithi086.stdout:/usr/bin/ceph: stderr
2024-03-22T19:03:55.834+0000 7f4ba1200700 1 -- 172.21.15.86:0/571764322 >> 172.21.15.86:0/571764322 conn(0x7f4b9c101ab0 msgr2=0x7f4b9c103ef0 unknown :-1 s=STATE_NONE l=0).mark_down
2024-03-22T19:03:56.457 INFO:teuthology.orchestra.run.smithi086.stdout:/usr/bin/ceph: stderr
2024-03-22T19:03:55.834+0000 7f4ba1200700 1 -- 172.21.15.86:0/571764322 shutdown_connections
2024-03-22T19:03:56.457 INFO:teuthology.orchestra.run.smithi086.stdout:/usr/bin/ceph: stderr
2024-03-22T19:03:55.834+0000 7f4ba1200700 1 -- 172.21.15.86:0/571764322 wait complete.
2024-03-22T19:03:56.457 INFO:teuthology.orchestra.run.smithi086.stdout:/usr/bin/ceph: stderr
2024-03-22T19:03:55.835+0000 7f4ba1200700 1 Processor -- start
2024-03-22T19:03:56.457 INFO:teuthology.orchestra.run.smithi086.stdout:/usr/bin/ceph: stderr
2024-03-22T19:03:55.835+0000 7f4ba1200700 1 -- start start
2024-03-22T19:03:56.457 INFO:teuthology.orchestra.run.smithi086.stdout:/usr/bin/ceph: stderr
2024-03-22T19:03:55.835+0000 7f4ba1200700 1 --2- >> [v2:172.21.15.86:3300/0,v1:172.21.15.86:6789/0] conn(0x7f4b9c106510 0x7f4b9c19c550 unknown :-1 s=NONE pgs=0 cs=0 l=1 rev1=0 crypto rx=0 tx=0 comp rx=0 tx=0).connect
2024-03-22T19:03:56.457 INFO:teuthology.orchestra.run.smithi086.stdout:/usr/bin/ceph: stderr
2024-03-22T19:03:55.835+0000 7f4ba1200700 1 -- --> [v2:172.21.15.86:3300/0,v1:172.21.15.86:6789/0] -- mon_getmap magic: 0 v1 -- 0x7f4b9c19ca90 con 0x7f4b9c106510
2024-03-22T19:03:56.457 INFO:teuthology.orchestra.run.smithi086.stdout:/usr/bin/ceph: stderr
2024-03-22T19:03:55.835+0000 7f4b99e00700 1 --2- >> [v2:172.21.15.86:3300/0,v1:172.21.15.86:6789/0] conn(0x7f4b9c106510 0x7f4b9c19c550 unknown :-1 s=BANNER_CONNECTING pgs=0 cs=0 l=1 rev1=0 crypto rx=0 tx=0 comp rx=0 tx=0)._handle_peer_banner_payload supported=3 required=0
2024-03-22T19:03:56.457 INFO:teuthology.orchestra.run.smithi086.stdout:/usr/bin/ceph: stderr
2024-03-22T19:03:55.835+0000 7f4b99e00700 1 --2- >> [v2:172.21.15.86:3300/0,v1:172.21.15.86:6789/0] conn(0x7f4b9c106510 0x7f4b9c19c550 unknown :-1 s=HELLO_CONNECTING pgs=0 cs=0 l=1 rev1=1 crypto rx=0 tx=0 comp rx=0 tx=0).handle_hello peer v2:172.21.15.86:3300/0 says I am v2:172.21.15.86:58360/0 (socket says 172.21.15.86:58360)
2024-03-22T19:03:56.457 INFO:teuthology.orchestra.run.smithi086.stdout:/usr/bin/ceph: stderr
2024-03-22T19:03:55.835+0000 7f4b99e00700 1 -- 172.21.15.86:0/2552029858 learned_addr learned my addr 172.21.15.86:0/2552029858 (peer_addr_for_me v2:172.21.15.86:0/0)
2024-03-22T19:03:56.457 INFO:teuthology.orchestra.run.smithi086.stdout:/usr/bin/ceph: stderr
2024-03-22T19:03:55.836+0000 7f4b99e00700 1 -- 172.21.15.86:0/2552029858 --> [v2:172.21.15.86:3300/0,v1:172.21.15.86:6789/0] -- mon_subscribe({config=0+,monmap=0+}) v3 -- 0x7f4b8c009550 con 0x7f4b9c106510
2024-03-22T19:03:56.458 INFO:teuthology.orchestra.run.smithi086.stdout:/usr/bin/ceph: stderr
2024-03-22T19:03:55.836+0000 7f4b99e00700 1 --2- 172.21.15.86:0/2552029858 >> [v2:172.21.15.86:3300/0,v1:172.21.15.86:6789/0] conn(0x7f4b9c106510 0x7f4b9c19c550 secure :-1 s=READY pgs=77 cs=0 l=1 rev1=1 crypto rx=0x7f4b8c011670 tx=0x7f4b8c011a30 comp rx=0 tx=0).ready entity=mon.0 client_cookie=0 server_cookie=0 in_seq=0 out_seq=0
2024-03-22T19:03:56.458 INFO:teuthology.orchestra.run.smithi086.stdout:/usr/bin/ceph: stderr
2024-03-22T19:03:55.836+0000 7f4b92a00700 1 -- 172.21.15.86:0/2552029858 <== mon.0 v2:172.21.15.86:3300/0 1 ==== mon_map magic: 0 v1 ==== 205+0+0 (secure 0 0 0) 0x7f4b8c003af0 con 0x7f4b9c106510
2024-03-22T19:03:56.458 INFO:teuthology.orchestra.run.smithi086.stdout:/usr/bin/ceph: stderr
2024-03-22T19:03:55.836+0000 7f4b92a00700 1 -- 172.21.15.86:0/2552029858 <== mon.0 v2:172.21.15.86:3300/0 2 ==== config(26 keys) v1 ==== 1105+0+0 (secure 0 0 0) 0x7f4b8c003c50 con 0x7f4b9c106510
2024-03-22T19:03:56.458 INFO:teuthology.orchestra.run.smithi086.stdout:/usr/bin/ceph: stderr
2024-03-22T19:03:55.836+0000 7f4b92a00700 1 -- 172.21.15.86:0/2552029858 <== mon.0 v2:172.21.15.86:3300/0 3 ==== mon_map magic: 0 v1 ==== 205+0+0 (secure 0 0 0) 0x7f4b8c024820 con 0x7f4b9c106510
2024-03-22T19:03:56.458 INFO:teuthology.orchestra.run.smithi086.stdout:/usr/bin/ceph: stderr
2024-03-22T19:03:55.836+0000 7f4ba1200700 1 -- 172.21.15.86:0/2552029858 --> [v2:172.21.15.86:3300/0,v1:172.21.15.86:6789/0] -- mon_subscribe({mgrmap=0+}) v3 -- 0x7f4b9c19cc90 con 0x7f4b9c106510
2024-03-22T19:03:56.458 INFO:teuthology.orchestra.run.smithi086.stdout:/usr/bin/ceph: stderr
2024-03-22T19:03:55.836+0000 7f4ba1200700 1 -- 172.21.15.86:0/2552029858 --> [v2:172.21.15.86:3300/0,v1:172.21.15.86:6789/0] -- mon_subscribe({osdmap=0}) v3 -- 0x7f4b9c19d130 con 0x7f4b9c106510
2024-03-22T19:03:56.458 INFO:teuthology.orchestra.run.smithi086.stdout:/usr/bin/ceph: stderr
2024-03-22T19:03:55.837+0000 7f4b92a00700 1 -- 172.21.15.86:0/2552029858 <== mon.0 v2:172.21.15.86:3300/0 4 ==== mgrmap(e 12) v1 ==== 45387+0+0 (secure 0 0 0) 0x7f4b8c01ab60 con 0x7f4b9c106510
2024-03-22T19:03:56.458 INFO:teuthology.orchestra.run.smithi086.stdout:/usr/bin/ceph: stderr
2024-03-22T19:03:55.838+0000 7f4ba1200700 1 -- 172.21.15.86:0/2552029858 --> [v2:172.21.15.86:3300/0,v1:172.21.15.86:6789/0] -- mon_command({"prefix": "get_command_descriptions"} v 0) v1 -- 0x7f4b9c10a940 con 0x7f4b9c106510
2024-03-22T19:03:56.458 INFO:teuthology.orchestra.run.smithi086.stdout:/usr/bin/ceph: stderr
2024-03-22T19:03:55.838+0000 7f4b92a00700 1 --2- 172.21.15.86:0/2552029858 >> [v2:172.21.15.86:6800/1126645338,v1:172.21.15.86:6801/1126645338] conn(0x7f4b80038570 0x7f4b8003aa30 unknown :-1 s=NONE pgs=0 cs=0 l=1 rev1=0 crypto rx=0 tx=0 comp rx=0 tx=0).connect
2024-03-22T19:03:56.458 INFO:teuthology.orchestra.run.smithi086.stdout:/usr/bin/ceph: stderr
2024-03-22T19:03:55.838+0000 7f4b92a00700 1 -- 172.21.15.86:0/2552029858 <== mon.0 v2:172.21.15.86:3300/0 5 ==== osd_map(3..3 src has 1..3) v4 ==== 1155+0+0 (secure 0 0 0) 0x7f4b8c04c5d0 con 0x7f4b9c106510
2024-03-22T19:03:56.458 INFO:teuthology.orchestra.run.smithi086.stdout:/usr/bin/ceph: stderr
2024-03-22T19:03:55.838+0000 7f4b99400700 1 --2- 172.21.15.86:0/2552029858 >> [v2:172.21.15.86:6800/1126645338,v1:172.21.15.86:6801/1126645338] conn(0x7f4b80038570 0x7f4b8003aa30 unknown :-1 s=BANNER_CONNECTING pgs=0 cs=0 l=1 rev1=0 crypto rx=0 tx=0 comp rx=0 tx=0)._handle_peer_banner_payload supported=3 required=0
2024-03-22T19:03:56.458 INFO:teuthology.orchestra.run.smithi086.stdout:/usr/bin/ceph: stderr
2024-03-22T19:03:55.839+0000 7f4b99400700 1 --2- 172.21.15.86:0/2552029858 >> [v2:172.21.15.86:6800/1126645338,v1:172.21.15.86:6801/1126645338] conn(0x7f4b80038570 0x7f4b8003aa30 secure :-1 s=READY pgs=10 cs=0 l=1 rev1=1 crypto rx=0x7f4b88006fd0 tx=0x7f4b88006e40 comp rx=0 tx=0).ready entity=mgr.14152 client_cookie=0 server_cookie=0 in_seq=0 out_seq=0
2024-03-22T19:03:56.459 INFO:teuthology.orchestra.run.smithi086.stdout:/usr/bin/ceph: stderr
2024-03-22T19:03:55.843+0000 7f4b92a00700 1 -- 172.21.15.86:0/2552029858 <== mon.0 v2:172.21.15.86:3300/0 6 ==== mon_command_ack([{"prefix": "get_command_descriptions"}]=0 v0) v1 ==== 72+0+182738 (secure 0 0 0) 0x7f4b8c018760 con 0x7f4b9c106510
2024-03-22T19:03:56.459 INFO:teuthology.orchestra.run.smithi086.stdout:/usr/bin/ceph: stderr
2024-03-22T19:03:56.043+0000 7f4ba1200700 1 -- 172.21.15.86:0/2552029858 --> [v2:172.21.15.86:3300/0,v1:172.21.15.86:6789/0] -- mon_command([{prefix=config set, name=osd_memory_target_autotune}] v 0) v1 -- 0x7f4b9c10ab30 con 0x7f4b9c106510
2024-03-22T19:03:56.459 INFO:teuthology.orchestra.run.smithi086.stdout:/usr/bin/ceph: stderr
2024-03-22T19:03:56.043+0000 7f4b92a00700 1 -- 172.21.15.86:0/2552029858 <== mon.0 v2:172.21.15.86:3300/0 7 ==== mon_command_ack([{prefix=config set, name=osd_memory_target_autotune}]=0 v8)=0 v8) v1 ==== 127+0+0 (secure 0 0 0) 0x7f4b8c00b3e0 con 0x7f4b9c106510
2024-03-22T19:03:56.459 INFO:teuthology.orchestra.run.smithi086.stdout:/usr/bin/ceph: stderr
2024-03-22T19:03:56.046+0000 7f4ba1200700 1 -- 172.21.15.86:0/2552029858 >> [v2:172.21.15.86:6800/1126645338,v1:172.21.15.86:6801/1126645338] conn(0x7f4b80038570 msgr2=0x7f4b8003aa30 secure :-1 s=STATE_CONNECTION_ESTABLISHED l=1).mark_down
2024-03-22T19:03:56.459 INFO:teuthology.orchestra.run.smithi086.stdout:/usr/bin/ceph: stderr
2024-03-22T19:03:56.046+0000 7f4ba1200700 1 --2- 172.21.15.86:0/2552029858 >> [v2:172.21.15.86:6800/1126645338,v1:172.21.15.86:6801/1126645338] conn(0x7f4b80038570 0x7f4b8003aa30 secure :-1 s=READY pgs=10 cs=0 l=1 rev1=1 crypto rx=0x7f4b88006fd0 tx=0x7f4b88006e40 comp rx=0 tx=0).stop
2024-03-22T19:03:56.459 INFO:teuthology.orchestra.run.smithi086.stdout:/usr/bin/ceph: stderr
2024-03-22T19:03:56.046+0000 7f4ba1200700 1 -- 172.21.15.86:0/2552029858 >> [v2:172.21.15.86:3300/0,v1:172.21.15.86:6789/0] conn(0x7f4b9c106510 msgr2=0x7f4b9c19c550 secure :-1 s=STATE_CONNECTION_ESTABLISHED l=1).mark_down
2024-03-22T19:03:56.459 INFO:teuthology.orchestra.run.smithi086.stdout:/usr/bin/ceph: stderr
2024-03-22T19:03:56.046+0000 7f4ba1200700 1 --2- 172.21.15.86:0/2552029858 >> [v2:172.21.15.86:3300/0,v1:172.21.15.86:6789/0] conn(0x7f4b9c106510 0x7f4b9c19c550 secure :-1 s=READY pgs=77 cs=0 l=1 rev1=1 crypto rx=0x7f4b8c011670 tx=0x7f4b8c011a30 comp rx=0 tx=0).stop
2024-03-22T19:03:56.459 INFO:teuthology.orchestra.run.smithi086.stdout:/usr/bin/ceph: stderr
2024-03-22T19:03:56.046+0000 7f4ba1200700 1 -- 172.21.15.86:0/2552029858 shutdown_connections
2024-03-22T19:03:56.459 INFO:teuthology.orchestra.run.smithi086.stdout:/usr/bin/ceph: stderr
2024-03-22T19:03:56.046+0000 7f4ba1200700 1 --2- 172.21.15.86:0/2552029858 >> [v2:172.21.15.86:6800/1126645338,v1:172.21.15.86:6801/1126645338] conn(0x7f4b80038570 0x7f4b8003aa30 unknown :-1 s=CLOSED pgs=10 cs=0 l=1 rev1=1 crypto rx=0 tx=0 comp rx=0 tx=0).stop
2024-03-22T19:03:56.459 INFO:teuthology.orchestra.run.smithi086.stdout:/usr/bin/ceph: stderr
2024-03-22T19:03:56.046+0000 7f4ba1200700 1 --2- 172.21.15.86:0/2552029858 >> [v2:172.21.15.86:3300/0,v1:172.21.15.86:6789/0] conn(0x7f4b9c106510 0x7f4b9c19c550 unknown :-1 s=CLOSED pgs=77 cs=0 l=1 rev1=1 crypto rx=0 tx=0 comp rx=0 tx=0).stop
2024-03-22T19:03:56.459 INFO:teuthology.orchestra.run.smithi086.stdout:/usr/bin/ceph: stderr
2024-03-22T19:03:56.046+0000 7f4ba1200700 1 -- 172.21.15.86:0/2552029858 >> 172.21.15.86:0/2552029858 conn(0x7f4b9c101ab0 msgr2=0x7f4b9c1026c0 unknown :-1 s=STATE_NONE l=0).mark_down
