2024-03-26T06:13:09.807+0000 7fd1567fc700 1 --2- 172.21.15.37:0/458708656 >> [v2:172.21.15.37:6800/718373544,v1:172.21.15.37:6801/718373544] conn(0x7fd14c038ed0 0x7fd14c03b390 unknown :-1 s=NONE pgs=0 cs=0 l=1 rev1=0 crypto rx=0 tx=0 comp rx=0 tx=0).connect
2024-03-26T06:13:10.831 INFO:teuthology.orchestra.run.smithi037.stdout:/usr/bin/ceph: stderr
2024-03-26T06:13:09.807+0000 7fd1567fc700 1 -- 172.21.15.37:0/458708656 <== mon.0 v2:172.21.15.37:3300/0 5 ==== osd_map(1..1 src has 1..1) v4 ==== 725+0+0 (secure 0 0 0) 0x7fd15004cfa0 con 0x7fd160108360
2024-03-26T06:13:10.831 INFO:teuthology.orchestra.run.smithi037.stdout:/usr/bin/ceph: stderr
2024-03-26T06:13:09.807+0000 7fd164db6700 1 --2- 172.21.15.37:0/458708656 >> [v2:172.21.15.37:6800/718373544,v1:172.21.15.37:6801/718373544] conn(0x7fd14c038ed0 0x7fd14c03b390 unknown :-1 s=BANNER_CONNECTING pgs=0 cs=0 l=1 rev1=0 crypto rx=0 tx=0 comp rx=0 tx=0)._handle_peer_banner_payload supported=3 required=0
2024-03-26T06:13:10.831 INFO:teuthology.orchestra.run.smithi037.stdout:/usr/bin/ceph: stderr
2024-03-26T06:13:09.807+0000 7fd16781b700 1 -- 172.21.15.37:0/458708656 --> [v2:172.21.15.37:3300/0,v1:172.21.15.37:6789/0] -- mon_command({"prefix": "get_command_descriptions"} v 0) v1 -- 0x7fd160068ec0 con 0x7fd160108360
2024-03-26T06:13:10.831 INFO:teuthology.orchestra.run.smithi037.stdout:/usr/bin/ceph: stderr
2024-03-26T06:13:09.807+0000 7fd164db6700 1 --2- 172.21.15.37:0/458708656 >> [v2:172.21.15.37:6800/718373544,v1:172.21.15.37:6801/718373544] conn(0x7fd14c038ed0 0x7fd14c03b390 secure :-1 s=READY pgs=7 cs=0 l=1 rev1=1 crypto rx=0x7fd15c006fd0 tx=0x7fd15c006e40 comp rx=0 tx=0).ready entity=mgr.14100 client_cookie=0 server_cookie=0 in_seq=0 out_seq=0
2024-03-26T06:13:10.831 INFO:teuthology.orchestra.run.smithi037.stdout:/usr/bin/ceph: stderr
2024-03-26T06:13:09.812+0000 7fd1567fc700 1 -- 172.21.15.37:0/458708656 <== mon.0 v2:172.21.15.37:3300/0 6 ==== mon_command_ack([{"prefix": "get_command_descriptions"}]=0 v0) v1 ==== 72+0+184905 (secure 0 0 0) 0x7fd150003a50 con 0x7fd160108360
2024-03-26T06:13:10.831 INFO:teuthology.orchestra.run.smithi037.stdout:/usr/bin/ceph: stderr
2024-03-26T06:13:10.017+0000 7fd16781b700 1 -- 172.21.15.37:0/458708656 --> [v2:172.21.15.37:3300/0,v1:172.21.15.37:6789/0] -- mon_command({"prefix": "config assimilate-conf"} v 0) v1 -- 0x7fd16019eef0 con 0x7fd160108360
2024-03-26T06:13:10.831 INFO:teuthology.orchestra.run.smithi037.stdout:/usr/bin/ceph: stderr
2024-03-26T06:13:10.018+0000 7fd1567fc700 1 -- 172.21.15.37:0/458708656 <== mon.0 v2:172.21.15.37:3300/0 7 ==== mon_command_ack([{"prefix": "config assimilate-conf"}]=0 v3) v1 ==== 70+0+373 (secure 0 0 0) 0x7fd150032020 con 0x7fd160108360
2024-03-26T06:13:10.832 INFO:teuthology.orchestra.run.smithi037.stdout:/usr/bin/ceph: stderr
2024-03-26T06:13:10.020+0000 7fd16781b700 1 -- 172.21.15.37:0/458708656 >> [v2:172.21.15.37:6800/718373544,v1:172.21.15.37:6801/718373544] conn(0x7fd14c038ed0 msgr2=0x7fd14c03b390 secure :-1 s=STATE_CONNECTION_ESTABLISHED l=1).mark_down
2024-03-26T06:13:10.832 INFO:teuthology.orchestra.run.smithi037.stdout:/usr/bin/ceph: stderr
2024-03-26T06:13:10.020+0000 7fd16781b700 1 --2- 172.21.15.37:0/458708656 >> [v2:172.21.15.37:6800/718373544,v1:172.21.15.37:6801/718373544] conn(0x7fd14c038ed0 0x7fd14c03b390 secure :-1 s=READY pgs=7 cs=0 l=1 rev1=1 crypto rx=0x7fd15c006fd0 tx=0x7fd15c006e40 comp rx=0 tx=0).stop
2024-03-26T06:13:10.832 INFO:teuthology.orchestra.run.smithi037.stdout:/usr/bin/ceph: stderr
2024-03-26T06:13:10.020+0000 7fd16781b700 1 -- 172.21.15.37:0/458708656 >> [v2:172.21.15.37:3300/0,v1:172.21.15.37:6789/0] conn(0x7fd160108360 msgr2=0x7fd16019b860 secure :-1 s=STATE_CONNECTION_ESTABLISHED l=1).mark_down
2024-03-26T06:13:10.832 INFO:teuthology.orchestra.run.smithi037.stdout:/usr/bin/ceph: stderr
2024-03-26T06:13:10.020+0000 7fd16781b700 1 --2- 172.21.15.37:0/458708656 >> [v2:172.21.15.37:3300/0,v1:172.21.15.37:6789/0] conn(0x7fd160108360 0x7fd16019b860 secure :-1 s=READY pgs=21 cs=0 l=1 rev1=1 crypto rx=0x7fd150009fb0 tx=0x7fd150011bf0 comp rx=0 tx=0).stop
2024-03-26T06:13:10.832 INFO:teuthology.orchestra.run.smithi037.stdout:/usr/bin/ceph: stderr
2024-03-26T06:13:10.020+0000 7fd16781b700 1 -- 172.21.15.37:0/458708656 shutdown_connections
2024-03-26T06:13:10.832 INFO:teuthology.orchestra.run.smithi037.stdout:/usr/bin/ceph: stderr
2024-03-26T06:13:10.020+0000 7fd16781b700 1 --2- 172.21.15.37:0/458708656 >> [v2:172.21.15.37:6800/718373544,v1:172.21.15.37:6801/718373544] conn(0x7fd14c038ed0 0x7fd14c03b390 unknown :-1 s=CLOSED pgs=7 cs=0 l=1 rev1=1 crypto rx=0 tx=0 comp rx=0 tx=0).stop
2024-03-26T06:13:10.832 INFO:teuthology.orchestra.run.smithi037.stdout:/usr/bin/ceph: stderr
2024-03-26T06:13:10.020+0000 7fd16781b700 1 --2- 172.21.15.37:0/458708656 >> [v2:172.21.15.37:3300/0,v1:172.21.15.37:6789/0] conn(0x7fd160108360 0x7fd16019b860 unknown :-1 s=CLOSED pgs=21 cs=0 l=1 rev1=1 crypto rx=0 tx=0 comp rx=0 tx=0).stop
2024-03-26T06:13:10.832 INFO:teuthology.orchestra.run.smithi037.stdout:/usr/bin/ceph: stderr
2024-03-26T06:13:10.020+0000 7fd16781b700 1 -- 172.21.15.37:0/458708656 >> 172.21.15.37:0/458708656 conn(0x7fd160101e10 msgr2=0x7fd160102970 unknown :-1 s=STATE_NONE l=0).mark_down
2024-03-26T06:13:10.832 INFO:teuthology.orchestra.run.smithi037.stdout:/usr/bin/ceph: stderr
2024-03-26T06:13:10.021+0000 7fd16781b700 1 -- 172.21.15.37:0/458708656 shutdown_connections
2024-03-26T06:13:10.832 INFO:teuthology.orchestra.run.smithi037.stdout:/usr/bin/ceph: stderr
2024-03-26T06:13:10.021+0000 7fd16781b700 1 -- 172.21.15.37:0/458708656 wait complete.
2024-03-26T06:13:10.832 INFO:teuthology.orchestra.run.smithi037.stdout:Enabling cephadm module...
2024-03-26T06:13:11.832 INFO:journalctl@ceph.mon.a.smithi037.stdout:Mar 26 06:13:11 smithi037 ceph-mon[31974]: from='client.? 172.21.15.37:0/2531479212' entity='client.admin' cmd=[{"prefix": "mgr module enable", "module": "cephadm"}]: dispatch
2024-03-26T06:13:11.832 INFO:journalctl@ceph.mgr.x.smithi037.stdout:Mar 26 06:13:11 smithi037 ceph-a86fb218-eb37-11ee-95d0-87774f69a715-mgr-x[32205]: ignoring --setuser ceph since I am not root
2024-03-26T06:13:11.832 INFO:journalctl@ceph.mgr.x.smithi037.stdout:Mar 26 06:13:11 smithi037 ceph-a86fb218-eb37-11ee-95d0-87774f69a715-mgr-x[32205]: ignoring --setgroup ceph since I am not root
2024-03-26T06:13:12.056 INFO:teuthology.orchestra.run.smithi037.stdout:/usr/bin/ceph: stderr
2024-03-26T06:13:11.205+0000 7f1f6e251700 1 Processor -- start
2024-03-26T06:13:12.056 INFO:teuthology.orchestra.run.smithi037.stdout:/usr/bin/ceph: stderr
2024-03-26T06:13:11.205+0000 7f1f6e251700 1 -- start start
2024-03-26T06:13:12.056 INFO:teuthology.orchestra.run.smithi037.stdout:/usr/bin/ceph: stderr
2024-03-26T06:13:11.206+0000 7f1f6e251700 1 --2- >> [v2:172.21.15.37:3300/0,v1:172.21.15.37:6789/0] conn(0x7f1f681082d0 0x7f1f6810a6c0 unknown :-1 s=NONE pgs=0 cs=0 l=0 rev1=0 crypto rx=0 tx=0 comp rx=0 tx=0).connect
2024-03-26T06:13:12.056 INFO:teuthology.orchestra.run.smithi037.stdout:/usr/bin/ceph: stderr
2024-03-26T06:13:11.206+0000 7f1f6e251700 1 -- --> [v2:172.21.15.37:3300/0,v1:172.21.15.37:6789/0] -- mon_getmap magic: 0 v1 -- 0x7f1f6807ae70 con 0x7f1f681082d0
2024-03-26T06:13:12.056 INFO:teuthology.orchestra.run.smithi037.stdout:/usr/bin/ceph: stderr
2024-03-26T06:13:11.206+0000 7f1f677fe700 1 --2- >> [v2:172.21.15.37:3300/0,v1:172.21.15.37:6789/0] conn(0x7f1f681082d0 0x7f1f6810a6c0 unknown :-1 s=BANNER_CONNECTING pgs=0 cs=0 l=0 rev1=0 crypto rx=0 tx=0 comp rx=0 tx=0)._handle_peer_banner_payload supported=3 required=0
2024-03-26T06:13:12.056 INFO:teuthology.orchestra.run.smithi037.stdout:/usr/bin/ceph: stderr
2024-03-26T06:13:11.206+0000 7f1f677fe700 1 --2- >> [v2:172.21.15.37:3300/0,v1:172.21.15.37:6789/0] conn(0x7f1f681082d0 0x7f1f6810a6c0 unknown :-1 s=HELLO_CONNECTING pgs=0 cs=0 l=0 rev1=1 crypto rx=0 tx=0 comp rx=0 tx=0).handle_hello peer v2:172.21.15.37:3300/0 says I am v2:172.21.15.37:42394/0 (socket says 172.21.15.37:42394)
2024-03-26T06:13:12.056 INFO:teuthology.orchestra.run.smithi037.stdout:/usr/bin/ceph: stderr
2024-03-26T06:13:11.206+0000 7f1f677fe700 1 -- 172.21.15.37:0/2169925750 learned_addr learned my addr 172.21.15.37:0/2169925750 (peer_addr_for_me v2:172.21.15.37:0/0)
2024-03-26T06:13:12.056 INFO:teuthology.orchestra.run.smithi037.stdout:/usr/bin/ceph: stderr
2024-03-26T06:13:11.206+0000 7f1f677fe700 1 -- 172.21.15.37:0/2169925750 --> [v2:172.21.15.37:3300/0,v1:172.21.15.37:6789/0] -- mon_subscribe({config=0+,monmap=0+}) v3 -- 0x7f1f6810ac00 con 0x7f1f681082d0
2024-03-26T06:13:12.056 INFO:teuthology.orchestra.run.smithi037.stdout:/usr/bin/ceph: stderr
2024-03-26T06:13:11.206+0000 7f1f677fe700 1 --2- 172.21.15.37:0/2169925750 >> [v2:172.21.15.37:3300/0,v1:172.21.15.37:6789/0] conn(0x7f1f681082d0 0x7f1f6810a6c0 secure :-1 s=READY pgs=22 cs=0 l=1 rev1=1 crypto rx=0x7f1f580098a0 tx=0x7f1f58009bb0 comp rx=0 tx=0).ready entity=mon.0 client_cookie=16ad556240cc6ee3 server_cookie=0 in_seq=0 out_seq=0
2024-03-26T06:13:12.056 INFO:teuthology.orchestra.run.smithi037.stdout:/usr/bin/ceph: stderr
2024-03-26T06:13:11.207+0000 7f1f667fc700 1 -- 172.21.15.37:0/2169925750 <== mon.0 v2:172.21.15.37:3300/0 1 ==== mon_map magic: 0 v1 ==== 205+0+0 (secure 0 0 0) 0x7f1f58004160 con 0x7f1f681082d0
2024-03-26T06:13:12.056 INFO:teuthology.orchestra.run.smithi037.stdout:/usr/bin/ceph: stderr
2024-03-26T06:13:11.207+0000 7f1f667fc700 1 -- 172.21.15.37:0/2169925750 <== mon.0 v2:172.21.15.37:3300/0 2 ==== config(27 keys) v1 ==== 1109+0+0 (secure 0 0 0) 0x7f1f58004300 con 0x7f1f681082d0
2024-03-26T06:13:12.057 INFO:teuthology.orchestra.run.smithi037.stdout:/usr/bin/ceph: stderr
2024-03-26T06:13:11.207+0000 7f1f667fc700 1 -- 172.21.15.37:0/2169925750 <== mon.0 v2:172.21.15.37:3300/0 3 ==== mon_map magic: 0 v1 ==== 205+0+0 (secure 0 0 0) 0x7f1f58011b50 con 0x7f1f681082d0
2024-03-26T06:13:12.057 INFO:teuthology.orchestra.run.smithi037.stdout:/usr/bin/ceph: stderr
2024-03-26T06:13:11.207+0000 7f1f6e251700 1 -- 172.21.15.37:0/2169925750 >> [v2:172.21.15.37:3300/0,v1:172.21.15.37:6789/0] conn(0x7f1f681082d0 msgr2=0x7f1f6810a6c0 secure :-1 s=STATE_CONNECTION_ESTABLISHED l=1).mark_down
2024-03-26T06:13:12.057 INFO:teuthology.orchestra.run.smithi037.stdout:/usr/bin/ceph: stderr
2024-03-26T06:13:11.207+0000 7f1f6e251700 1 --2- 172.21.15.37:0/2169925750 >> [v2:172.21.15.37:3300/0,v1:172.21.15.37:6789/0] conn(0x7f1f681082d0 0x7f1f6810a6c0 secure :-1 s=READY pgs=22 cs=0 l=1 rev1=1 crypto rx=0x7f1f580098a0 tx=0x7f1f58009bb0 comp rx=0 tx=0).stop
2024-03-26T06:13:12.057 INFO:teuthology.orchestra.run.smithi037.stdout:/usr/bin/ceph: stderr
2024-03-26T06:13:11.207+0000 7f1f6e251700 1 -- 172.21.15.37:0/2169925750 shutdown_connections
2024-03-26T06:13:12.057 INFO:teuthology.orchestra.run.smithi037.stdout:/usr/bin/ceph: stderr
2024-03-26T06:13:11.207+0000 7f1f6e251700 1 --2- 172.21.15.37:0/2169925750 >> [v2:172.21.15.37:3300/0,v1:172.21.15.37:6789/0] conn(0x7f1f681082d0 0x7f1f6810a6c0 unknown :-1 s=CLOSED pgs=22 cs=0 l=1 rev1=1 crypto rx=0 tx=0 comp rx=0 tx=0).stop
2024-03-26T06:13:12.057 INFO:teuthology.orchestra.run.smithi037.stdout:/usr/bin/ceph: stderr
2024-03-26T06:13:11.207+0000 7f1f6e251700 1 -- 172.21.15.37:0/2169925750 >> 172.21.15.37:0/2169925750 conn(0x7f1f68101de0 msgr2=0x7f1f68104200 unknown :-1 s=STATE_NONE l=0).mark_down
2024-03-26T06:13:12.057 INFO:teuthology.orchestra.run.smithi037.stdout:/usr/bin/ceph: stderr
2024-03-26T06:13:11.207+0000 7f1f6e251700 1 -- 172.21.15.37:0/2169925750 shutdown_connections
2024-03-26T06:13:12.057 INFO:teuthology.orchestra.run.smithi037.stdout:/usr/bin/ceph: stderr
2024-03-26T06:13:11.207+0000 7f1f6e251700 1 -- 172.21.15.37:0/2169925750 wait complete.
2024-03-26T06:13:12.057 INFO:teuthology.orchestra.run.smithi037.stdout:/usr/bin/ceph: stderr
2024-03-26T06:13:11.208+0000 7f1f6e251700 1 Processor -- start
2024-03-26T06:13:12.057 INFO:teuthology.orchestra.run.smithi037.stdout:/usr/bin/ceph: stderr
2024-03-26T06:13:11.208+0000 7f1f6e251700 1 -- start start
2024-03-26T06:13:12.057 INFO:teuthology.orchestra.run.smithi037.stdout:/usr/bin/ceph: stderr
2024-03-26T06:13:11.208+0000 7f1f6e251700 1 --2- >> [v2:172.21.15.37:3300/0,v1:172.21.15.37:6789/0] conn(0x7f1f681082d0 0x7f1f6819b770 unknown :-1 s=NONE pgs=0 cs=0 l=1 rev1=0 crypto rx=0 tx=0 comp rx=0 tx=0).connect
2024-03-26T06:13:12.057 INFO:teuthology.orchestra.run.smithi037.stdout:/usr/bin/ceph: stderr
2024-03-26T06:13:11.208+0000 7f1f6e251700 1 -- --> [v2:172.21.15.37:3300/0,v1:172.21.15.37:6789/0] -- mon_getmap magic: 0 v1 -- 0x7f1f6810bbb0 con 0x7f1f681082d0
2024-03-26T06:13:12.057 INFO:teuthology.orchestra.run.smithi037.stdout:/usr/bin/ceph: stderr
2024-03-26T06:13:11.208+0000 7f1f677fe700 1 --2- >> [v2:172.21.15.37:3300/0,v1:172.21.15.37:6789/0] conn(0x7f1f681082d0 0x7f1f6819b770 unknown :-1 s=BANNER_CONNECTING pgs=0 cs=0 l=1 rev1=0 crypto rx=0 tx=0 comp rx=0 tx=0)._handle_peer_banner_payload supported=3 required=0
2024-03-26T06:13:12.057 INFO:teuthology.orchestra.run.smithi037.stdout:/usr/bin/ceph: stderr
2024-03-26T06:13:11.208+0000 7f1f677fe700 1 --2- >> [v2:172.21.15.37:3300/0,v1:172.21.15.37:6789/0] conn(0x7f1f681082d0 0x7f1f6819b770 unknown :-1 s=HELLO_CONNECTING pgs=0 cs=0 l=1 rev1=1 crypto rx=0 tx=0 comp rx=0 tx=0).handle_hello peer v2:172.21.15.37:3300/0 says I am v2:172.21.15.37:42396/0 (socket says 172.21.15.37:42396)
2024-03-26T06:13:12.058 INFO:teuthology.orchestra.run.smithi037.stdout:/usr/bin/ceph: stderr
2024-03-26T06:13:11.208+0000 7f1f677fe700 1 -- 172.21.15.37:0/2531479212 learned_addr learned my addr 172.21.15.37:0/2531479212 (peer_addr_for_me v2:172.21.15.37:0/0)
2024-03-26T06:13:12.058 INFO:teuthology.orchestra.run.smithi037.stdout:/usr/bin/ceph: stderr
2024-03-26T06:13:11.209+0000 7f1f677fe700 1 -- 172.21.15.37:0/2531479212 --> [v2:172.21.15.37:3300/0,v1:172.21.15.37:6789/0] -- mon_subscribe({config=0+,monmap=0+}) v3 -- 0x7f1f6819bcb0 con 0x7f1f681082d0
2024-03-26T06:13:12.058 INFO:teuthology.orchestra.run.smithi037.stdout:/usr/bin/ceph: stderr
2024-03-26T06:13:11.209+0000 7f1f677fe700 1 --2- 172.21.15.37:0/2531479212 >> [v2:172.21.15.37:3300/0,v1:172.21.15.37:6789/0] conn(0x7f1f681082d0 0x7f1f6819b770 secure :-1 s=READY pgs=23 cs=0 l=1 rev1=1 crypto rx=0x7f1f58009fb0 tx=0x7f1f58011bf0 comp rx=0 tx=0).ready entity=mon.0 client_cookie=0 server_cookie=0 in_seq=0 out_seq=0
2024-03-26T06:13:12.058 INFO:teuthology.orchestra.run.smithi037.stdout:/usr/bin/ceph: stderr
2024-03-26T06:13:11.209+0000 7f1f64ff9700 1 -- 172.21.15.37:0/2531479212 <== mon.0 v2:172.21.15.37:3300/0 1 ==== mon_map magic: 0 v1 ==== 205+0+0 (secure 0 0 0) 0x7f1f580038b0 con 0x7f1f681082d0
2024-03-26T06:13:12.058 INFO:teuthology.orchestra.run.smithi037.stdout:/usr/bin/ceph: stderr
2024-03-26T06:13:11.209+0000 7f1f64ff9700 1 -- 172.21.15.37:0/2531479212 <== mon.0 v2:172.21.15.37:3300/0 2 ==== config(27 keys) v1 ==== 1109+0+0 (secure 0 0 0) 0x7f1f58011e50 con 0x7f1f681082d0
2024-03-26T06:13:12.058 INFO:teuthology.orchestra.run.smithi037.stdout:/usr/bin/ceph: stderr
2024-03-26T06:13:11.209+0000 7f1f6e251700 1 -- 172.21.15.37:0/2531479212 --> [v2:172.21.15.37:3300/0,v1:172.21.15.37:6789/0] -- mon_subscribe({mgrmap=0+}) v3 -- 0x7f1f6819bfa0 con 0x7f1f681082d0
2024-03-26T06:13:12.058 INFO:teuthology.orchestra.run.smithi037.stdout:/usr/bin/ceph: stderr
2024-03-26T06:13:11.209+0000 7f1f64ff9700 1 -- 172.21.15.37:0/2531479212 <== mon.0 v2:172.21.15.37:3300/0 3 ==== mon_map magic: 0 v1 ==== 205+0+0 (secure 0 0 0) 0x7f1f580193c0 con 0x7f1f681082d0
2024-03-26T06:13:12.058 INFO:teuthology.orchestra.run.smithi037.stdout:/usr/bin/ceph: stderr
2024-03-26T06:13:11.209+0000 7f1f6e251700 1 -- 172.21.15.37:0/2531479212 --> [v2:172.21.15.37:3300/0,v1:172.21.15.37:6789/0] -- mon_subscribe({osdmap=0}) v3 -- 0x7f1f6819ec30 con 0x7f1f681082d0
2024-03-26T06:13:12.058 INFO:teuthology.orchestra.run.smithi037.stdout:/usr/bin/ceph: stderr
2024-03-26T06:13:11.210+0000 7f1f64ff9700 1 -- 172.21.15.37:0/2531479212 <== mon.0 v2:172.21.15.37:3300/0 4 ==== mgrmap(e 4) v1 ==== 46095+0+0 (secure 0 0 0) 0x7f1f58019670 con 0x7f1f681082d0
2024-03-26T06:13:12.058 INFO:teuthology.orchestra.run.smithi037.stdout:/usr/bin/ceph: stderr
2024-03-26T06:13:11.210+0000 7f1f64ff9700 1 --2- 172.21.15.37:0/2531479212 >> [v2:172.21.15.37:6800/718373544,v1:172.21.15.37:6801/718373544] conn(0x7f1f50038ed0 0x7f1f5003b390 unknown :-1 s=NONE pgs=0 cs=0 l=1 rev1=0 crypto rx=0 tx=0 comp rx=0 tx=0).connect
2024-03-26T06:13:12.058 INFO:teuthology.orchestra.run.smithi037.stdout:/usr/bin/ceph: stderr
2024-03-26T06:13:11.210+0000 7f1f6e251700 1 -- 172.21.15.37:0/2531479212 --> [v2:172.21.15.37:3300/0,v1:172.21.15.37:6789/0] -- mon_command({"prefix": "get_command_descriptions"} v 0) v1 -- 0x7f1f68063410 con 0x7f1f681082d0
2024-03-26T06:13:12.058 INFO:teuthology.orchestra.run.smithi037.stdout:/usr/bin/ceph: stderr
2024-03-26T06:13:11.210+0000 7f1f64ff9700 1 -- 172.21.15.37:0/2531479212 <== mon.0 v2:172.21.15.37:3300/0 5 ==== osd_map(1..1 src has 1..1) v4 ==== 725+0+0 (secure 0 0 0) 0x7f1f5804d1b0 con 0x7f1f681082d0
2024-03-26T06:13:12.059 INFO:teuthology.orchestra.run.smithi037.stdout:/usr/bin/ceph: stderr
2024-03-26T06:13:11.210+0000 7f1f66ffd700 1 --2- 172.21.15.37:0/2531479212 >> [v2:172.21.15.37:6800/718373544,v1:172.21.15.37:6801/718373544] conn(0x7f1f50038ed0 0x7f1f5003b390 unknown :-1 s=BANNER_CONNECTING pgs=0 cs=0 l=1 rev1=0 crypto rx=0 tx=0 comp rx=0 tx=0)._handle_peer_banner_payload supported=3 required=0
2024-03-26T06:13:12.059 INFO:teuthology.orchestra.run.smithi037.stdout:/usr/bin/ceph: stderr
2024-03-26T06:13:11.211+0000 7f1f66ffd700 1 --2- 172.21.15.37:0/2531479212 >> [v2:172.21.15.37:6800/718373544,v1:172.21.15.37:6801/718373544] conn(0x7f1f50038ed0 0x7f1f5003b390 secure :-1 s=READY pgs=8 cs=0 l=1 rev1=1 crypto rx=0x7f1f5c006fd0 tx=0x7f1f5c006e40 comp rx=0 tx=0).ready entity=mgr.14100 client_cookie=0 server_cookie=0 in_seq=0 out_seq=0
2024-03-26T06:13:12.059 INFO:teuthology.orchestra.run.smithi037.stdout:/usr/bin/ceph: stderr
2024-03-26T06:13:11.215+0000 7f1f64ff9700 1 -- 172.21.15.37:0/2531479212 <== mon.0 v2:172.21.15.37:3300/0 6 ==== mon_command_ack([{"prefix": "get_command_descriptions"}]=0 v0) v1 ==== 72+0+184905 (secure 0 0 0) 0x7f1f58003ac0 con 0x7f1f681082d0
2024-03-26T06:13:12.059 INFO:teuthology.orchestra.run.smithi037.stdout:/usr/bin/ceph: stderr
2024-03-26T06:13:11.476+0000 7f1f6e251700 1 -- 172.21.15.37:0/2531479212 --> [v2:172.21.15.37:3300/0,v1:172.21.15.37:6789/0] -- mon_command({"prefix": "mgr module enable", "module": "cephadm"} v 0) v1 -- 0x7f1f6819efe0 con 0x7f1f681082d0
2024-03-26T06:13:12.059 INFO:teuthology.orchestra.run.smithi037.stdout:/usr/bin/ceph: stderr
2024-03-26T06:13:11.528+0000 7f1f64ff9700 1 -- 172.21.15.37:0/2531479212 <== mon.0 v2:172.21.15.37:3300/0 7 ==== mon_command_ack([{"prefix": "mgr module enable", "module": "cephadm"}]=0 v5) v1 ==== 86+0+0 (secure 0 0 0) 0x7f1f5802d7c0 con 0x7f1f681082d0
2024-03-26T06:13:12.059 INFO:teuthology.orchestra.run.smithi037.stdout:/usr/bin/ceph: stderr
2024-03-26T06:13:11.529+0000 7f1f64ff9700 1 -- 172.21.15.37:0/2531479212 <== mon.0 v2:172.21.15.37:3300/0 8 ==== mgrmap(e 5) v1 ==== 46106+0+0 (secure 0 0 0) 0x7f1f58018350 con 0x7f1f681082d0
2024-03-26T06:13:12.059 INFO:teuthology.orchestra.run.smithi037.stdout:/usr/bin/ceph: stderr
2024-03-26T06:13:11.530+0000 7f1f6e251700 1 -- 172.21.15.37:0/2531479212 >> [v2:172.21.15.37:6800/718373544,v1:172.21.15.37:6801/718373544] conn(0x7f1f50038ed0 msgr2=0x7f1f5003b390 secure :-1 s=STATE_CONNECTION_ESTABLISHED l=1).mark_down
2024-03-26T06:13:12.059 INFO:teuthology.orchestra.run.smithi037.stdout:/usr/bin/ceph: stderr
2024-03-26T06:13:11.530+0000 7f1f6e251700 1 --2- 172.21.15.37:0/2531479212 >> [v2:172.21.15.37:6800/718373544,v1:172.21.15.37:6801/718373544] conn(0x7f1f50038ed0 0x7f1f5003b390 secure :-1 s=READY pgs=8 cs=0 l=1 rev1=1 crypto rx=0x7f1f5c006fd0 tx=0x7f1f5c006e40 comp rx=0 tx=0).stop
2024-03-26T06:13:12.059 INFO:teuthology.orchestra.run.smithi037.stdout:/usr/bin/ceph: stderr
2024-03-26T06:13:11.530+0000 7f1f6e251700 1 -- 172.21.15.37:0/2531479212 >> [v2:172.21.15.37:3300/0,v1:172.21.15.37:6789/0] conn(0x7f1f681082d0 msgr2=0x7f1f6819b770 secure :-1 s=STATE_CONNECTION_ESTABLISHED l=1).mark_down
2024-03-26T06:13:12.059 INFO:teuthology.orchestra.run.smithi037.stdout:/usr/bin/ceph: stderr
2024-03-26T06:13:11.530+0000 7f1f6e251700 1 --2- 172.21.15.37:0/2531479212 >> [v2:172.21.15.37:3300/0,v1:172.21.15.37:6789/0] conn(0x7f1f681082d0 0x7f1f6819b770 secure :-1 s=READY pgs=23 cs=0 l=1 rev1=1 crypto rx=0x7f1f58009fb0 tx=0x7f1f58011bf0 comp rx=0 tx=0).stop
2024-03-26T06:13:12.059 INFO:teuthology.orchestra.run.smithi037.stdout:/usr/bin/ceph: stderr
2024-03-26T06:13:11.530+0000 7f1f6e251700 1 -- 172.21.15.37:0/2531479212 shutdown_connections
2024-03-26T06:13:12.059 INFO:teuthology.orchestra.run.smithi037.stdout:/usr/bin/ceph: stderr
2024-03-26T06:13:11.530+0000 7f1f6e251700 1 --2- 172.21.15.37:0/2531479212 >> [v2:172.21.15.37:6800/718373544,v1:172.21.15.37:6801/718373544] conn(0x7f1f50038ed0 0x7f1f5003b390 unknown :-1 s=CLOSED pgs=8 cs=0 l=1 rev1=1 crypto rx=0 tx=0 comp rx=0 tx=0).stop
2024-03-26T06:13:12.059 INFO:teuthology.orchestra.run.smithi037.stdout:/usr/bin/ceph: stderr
2024-03-26T06:13:11.530+0000 7f1f6e251700 1 --2- 172.21.15.37:0/2531479212 >> [v2:172.21.15.37:3300/0,v1:172.21.15.37:6789/0] conn(0x7f1f681082d0 0x7f1f6819b770 unknown :-1 s=CLOSED pgs=23 cs=0 l=1 rev1=1 crypto rx=0 tx=0 comp rx=0 tx=0).stop
2024-03-26T06:13:12.060 INFO:teuthology.orchestra.run.smithi037.stdout:/usr/bin/ceph: stderr
2024-03-26T06:13:11.530+0000 7f1f6e251700 1 -- 172.21.15.37:0/2531479212 >> 172.21.15.37:0/2531479212 conn(0x7f1f68101de0 msgr2=0x7f1f68102890 unknown :-1 s=STATE_NONE l=0).mark_down
2024-03-26T06:13:12.060 INFO:teuthology.orchestra.run.smithi037.stdout:/usr/bin/ceph: stderr
2024-03-26T06:13:11.531+0000 7f1f6e251700 1 -- 172.21.15.37:0/2531479212 shutdown_connections
2024-03-26T06:13:12.060 INFO:teuthology.orchestra.run.smithi037.stdout:/usr/bin/ceph: stderr
2024-03-26T06:13:11.531+0000 7f1f6e251700 1 -- 172.21.15.37:0/2531479212 wait complete.
2024-03-26T06:13:12.401 INFO:journalctl@ceph.mgr.x.smithi037.stdout:Mar 26 06:13:12 smithi037 ceph-a86fb218-eb37-11ee-95d0-87774f69a715-mgr-x[32205]:
2024-03-26T06:13:12.107+0000 7fe675ac7200 -1 mgr[py] Module osd_perf_query has missing NOTIFY_TYPES member
2024-03-26T06:13:12.402 INFO:journalctl@ceph.mgr.x.smithi037.stdout:Mar 26 06:13:12 smithi037 ceph-a86fb218-eb37-11ee-95d0-87774f69a715-mgr-x[32205]:
2024-03-26T06:13:12.202+0000 7fe675ac7200 -1 mgr[py] Module snap_schedule has missing NOTIFY_TYPES member
2024-03-26T06:13:12.697 INFO:journalctl@ceph.mon.a.smithi037.stdout:Mar 26 06:13:12 smithi037 ceph-mon[31974]: from='client.? 172.21.15.37:0/2531479212' entity='client.admin' cmd='[{"prefix": "mgr module enable", "module": "cephadm"}]': finished
2024-03-26T06:13:12.697 INFO:journalctl@ceph.mon.a.smithi037.stdout:Mar 26 06:13:12 smithi037 ceph-mon[31974]: mgrmap e5: x(active, since 7s)
2024-03-26T06:13:12.973 INFO:journalctl@ceph.mgr.x.smithi037.stdout:Mar 26 06:13:12 smithi037 ceph-a86fb218-eb37-11ee-95d0-87774f69a715-mgr-x[32205]:
2024-03-26T06:13:12.878+0000 7fe675ac7200 -1 mgr[py] Module zabbix has missing NOTIFY_TYPES member
2024-03-26T06:13:12.973 INFO:journalctl@ceph.mgr.x.smithi037.stdout:Mar 26 06:13:12 smithi037 ceph-a86fb218-eb37-11ee-95d0-87774f69a715-mgr-x[32205]:
2024-03-26T06:13:12.973+0000 7fe675ac7200 -1 mgr[py] Module balancer has missing NOTIFY_TYPES member
2024-03-26T06:13:13.302 INFO:journalctl@ceph.mgr.x.smithi037.stdout:Mar 26 06:13:13 smithi037 ceph-a86fb218-eb37-11ee-95d0-87774f69a715-mgr-x[32205]:
2024-03-26T06:13:13.118+0000 7fe675ac7200 -1 mgr[py] Module influx has missing NOTIFY_TYPES member
2024-03-26T06:13:13.302 INFO:journalctl@ceph.mgr.x.smithi037.stdout:Mar 26 06:13:13 smithi037 ceph-a86fb218-eb37-11ee-95d0-87774f69a715-mgr-x[32205]:
2024-03-26T06:13:13.217+0000 7fe675ac7200 -1 mgr[py] Module alerts has missing NOTIFY_TYPES member
2024-03-26T06:13:13.303 INFO:journalctl@ceph.mgr.x.smithi037.stdout:Mar 26 06:13:13 smithi037 ceph-a86fb218-eb37-11ee-95d0-87774f69a715-mgr-x[32205]:
2024-03-26T06:13:13.302+0000 7fe675ac7200 -1 mgr[py] Module iostat has missing NOTIFY_TYPES member
2024-03-26T06:13:13.430 INFO:teuthology.orchestra.run.smithi037.stdout:/usr/bin/ceph: stdout {
2024-03-26T06:13:13.430 INFO:teuthology.orchestra.run.smithi037.stdout:/usr/bin/ceph: stdout "epoch": 5,
2024-03-26T06:13:13.430 INFO:teuthology.orchestra.run.smithi037.stdout:/usr/bin/ceph: stdout "available": true,
2024-03-26T06:13:13.430 INFO:teuthology.orchestra.run.smithi037.stdout:/usr/bin/ceph: stdout "active_name": "x",
2024-03-26T06:13:13.430 INFO:teuthology.orchestra.run.smithi037.stdout:/usr/bin/ceph: stdout "num_standby": 0
2024-03-26T06:13:13.430 INFO:teuthology.orchestra.run.smithi037.stdout:/usr/bin/ceph: stdout }
2024-03-26T06:13:13.430 INFO:teuthology.orchestra.run.smithi037.stdout:/usr/bin/ceph: stderr
2024-03-26T06:13:12.502+0000 7fb33f179700 1 Processor -- start
2024-03-26T06:13:13.430 INFO:teuthology.orchestra.run.smithi037.stdout:/usr/bin/ceph: stderr
2024-03-26T06:13:12.502+0000 7fb33f179700 1 -- start start
2024-03-26T06:13:13.430 INFO:teuthology.orchestra.run.smithi037.stdout:/usr/bin/ceph: stderr
2024-03-26T06:13:12.502+0000 7fb33f179700 1 --2- >> [v2:172.21.15.37:3300/0,v1:172.21.15.37:6789/0] conn(0x7fb3381083e0 0x7fb33810a7d0 unknown :-1 s=NONE pgs=0 cs=0 l=0 rev1=0 crypto rx=0 tx=0 comp rx=0 tx=0).connect
2024-03-26T06:13:13.430 INFO:teuthology.orchestra.run.smithi037.stdout:/usr/bin/ceph: stderr
2024-03-26T06:13:12.502+0000 7fb33f179700 1 -- --> [v2:172.21.15.37:3300/0,v1:172.21.15.37:6789/0] -- mon_getmap magic: 0 v1 -- 0x7fb33807add0 con 0x7fb3381083e0
2024-03-26T06:13:13.430 INFO:teuthology.orchestra.run.smithi037.stdout:/usr/bin/ceph: stderr
2024-03-26T06:13:12.502+0000 7fb33cf15700 1 --2- >> [v2:172.21.15.37:3300/0,v1:172.21.15.37:6789/0] conn(0x7fb3381083e0 0x7fb33810a7d0 unknown :-1 s=BANNER_CONNECTING pgs=0 cs=0 l=0 rev1=0 crypto rx=0 tx=0 comp rx=0 tx=0)._handle_peer_banner_payload supported=3 required=0
2024-03-26T06:13:13.431 INFO:teuthology.orchestra.run.smithi037.stdout:/usr/bin/ceph: stderr
2024-03-26T06:13:12.502+0000 7fb33cf15700 1 --2- >> [v2:172.21.15.37:3300/0,v1:172.21.15.37:6789/0] conn(0x7fb3381083e0 0x7fb33810a7d0 unknown :-1 s=HELLO_CONNECTING pgs=0 cs=0 l=0 rev1=1 crypto rx=0 tx=0 comp rx=0 tx=0).handle_hello peer v2:172.21.15.37:3300/0 says I am v2:172.21.15.37:42426/0 (socket says 172.21.15.37:42426)
2024-03-26T06:13:13.431 INFO:teuthology.orchestra.run.smithi037.stdout:/usr/bin/ceph: stderr
2024-03-26T06:13:12.502+0000 7fb33cf15700 1 -- 172.21.15.37:0/1581278182 learned_addr learned my addr 172.21.15.37:0/1581278182 (peer_addr_for_me v2:172.21.15.37:0/0)
2024-03-26T06:13:13.431 INFO:teuthology.orchestra.run.smithi037.stdout:/usr/bin/ceph: stderr
2024-03-26T06:13:12.502+0000 7fb33cf15700 1 -- 172.21.15.37:0/1581278182 --> [v2:172.21.15.37:3300/0,v1:172.21.15.37:6789/0] -- mon_subscribe({config=0+,monmap=0+}) v3 -- 0x7fb33810ad10 con 0x7fb3381083e0
2024-03-26T06:13:13.431 INFO:teuthology.orchestra.run.smithi037.stdout:/usr/bin/ceph: stderr
2024-03-26T06:13:12.503+0000 7fb33cf15700 1 --2- 172.21.15.37:0/1581278182 >> [v2:172.21.15.37:3300/0,v1:172.21.15.37:6789/0] conn(0x7fb3381083e0 0x7fb33810a7d0 secure :-1 s=READY pgs=26 cs=0 l=1 rev1=1 crypto rx=0x7fb32c0098a0 tx=0x7fb32c009bb0 comp rx=0 tx=0).ready entity=mon.0 client_cookie=8b3622e9f1862ffb server_cookie=0 in_seq=0 out_seq=0
2024-03-26T06:13:13.431 INFO:teuthology.orchestra.run.smithi037.stdout:/usr/bin/ceph: stderr
2024-03-26T06:13:12.503+0000 7fb3377fe700 1 -- 172.21.15.37:0/1581278182 <== mon.0 v2:172.21.15.37:3300/0 1 ==== mon_map magic: 0 v1 ==== 205+0+0 (secure 0 0 0) 0x7fb32c004160 con 0x7fb3381083e0
2024-03-26T06:13:13.431 INFO:teuthology.orchestra.run.smithi037.stdout:/usr/bin/ceph: stderr
2024-03-26T06:13:12.503+0000 7fb3377fe700 1 -- 172.21.15.37:0/1581278182 <== mon.0 v2:172.21.15.37:3300/0 2 ==== config(27 keys) v1 ==== 1109+0+0 (secure 0 0 0) 0x7fb32c004300 con 0x7fb3381083e0
2024-03-26T06:13:13.431 INFO:teuthology.orchestra.run.smithi037.stdout:/usr/bin/ceph: stderr
2024-03-26T06:13:12.503+0000 7fb3377fe700 1 -- 172.21.15.37:0/1581278182 <== mon.0 v2:172.21.15.37:3300/0 3 ==== mon_map magic: 0 v1 ==== 205+0+0 (secure 0 0 0) 0x7fb32c011b50 con 0x7fb3381083e0
2024-03-26T06:13:13.431 INFO:teuthology.orchestra.run.smithi037.stdout:/usr/bin/ceph: stderr
2024-03-26T06:13:12.503+0000 7fb33f179700 1 -- 172.21.15.37:0/1581278182 >> [v2:172.21.15.37:3300/0,v1:172.21.15.37:6789/0] conn(0x7fb3381083e0 msgr2=0x7fb33810a7d0 secure :-1 s=STATE_CONNECTION_ESTABLISHED l=1).mark_down
2024-03-26T06:13:13.431 INFO:teuthology.orchestra.run.smithi037.stdout:/usr/bin/ceph: stderr
2024-03-26T06:13:12.503+0000 7fb33f179700 1 --2- 172.21.15.37:0/1581278182 >> [v2:172.21.15.37:3300/0,v1:172.21.15.37:6789/0] conn(0x7fb3381083e0 0x7fb33810a7d0 secure :-1 s=READY pgs=26 cs=0 l=1 rev1=1 crypto rx=0x7fb32c0098a0 tx=0x7fb32c009bb0 comp rx=0 tx=0).stop
2024-03-26T06:13:13.431 INFO:teuthology.orchestra.run.smithi037.stdout:/usr/bin/ceph: stderr
2024-03-26T06:13:12.503+0000 7fb33f179700 1 -- 172.21.15.37:0/1581278182 shutdown_connections
2024-03-26T06:13:13.431 INFO:teuthology.orchestra.run.smithi037.stdout:/usr/bin/ceph: stderr
2024-03-26T06:13:12.503+0000 7fb33f179700 1 --2- 172.21.15.37:0/1581278182 >> [v2:172.21.15.37:3300/0,v1:172.21.15.37:6789/0] conn(0x7fb3381083e0 0x7fb33810a7d0 unknown :-1 s=CLOSED pgs=26 cs=0 l=1 rev1=1 crypto rx=0 tx=0 comp rx=0 tx=0).stop
2024-03-26T06:13:13.431 INFO:teuthology.orchestra.run.smithi037.stdout:/usr/bin/ceph: stderr
2024-03-26T06:13:12.503+0000 7fb33f179700 1 -- 172.21.15.37:0/1581278182 >> 172.21.15.37:0/1581278182 conn(0x7fb338101e10 msgr2=0x7fb338104230 unknown :-1 s=STATE_NONE l=0).mark_down
2024-03-26T06:13:13.431 INFO:teuthology.orchestra.run.smithi037.stdout:/usr/bin/ceph: stderr
2024-03-26T06:13:12.503+0000 7fb33f179700 1 -- 172.21.15.37:0/1581278182 shutdown_connections
2024-03-26T06:13:13.431 INFO:teuthology.orchestra.run.smithi037.stdout:/usr/bin/ceph: stderr
2024-03-26T06:13:12.503+0000 7fb33f179700 1 -- 172.21.15.37:0/1581278182 wait complete.
2024-03-26T06:13:13.431 INFO:teuthology.orchestra.run.smithi037.stdout:/usr/bin/ceph: stderr
2024-03-26T06:13:12.504+0000 7fb33f179700 1 Processor -- start
2024-03-26T06:13:13.432 INFO:teuthology.orchestra.run.smithi037.stdout:/usr/bin/ceph: stderr
2024-03-26T06:13:12.504+0000 7fb33f179700 1 -- start start
2024-03-26T06:13:13.432 INFO:teuthology.orchestra.run.smithi037.stdout:/usr/bin/ceph: stderr
2024-03-26T06:13:12.504+0000 7fb33f179700 1 --2- >> [v2:172.21.15.37:3300/0,v1:172.21.15.37:6789/0] conn(0x7fb3381083e0 0x7fb33819b860 unknown :-1 s=NONE pgs=0 cs=0 l=1 rev1=0 crypto rx=0 tx=0 comp rx=0 tx=0).connect
2024-03-26T06:13:13.432 INFO:teuthology.orchestra.run.smithi037.stdout:/usr/bin/ceph: stderr
2024-03-26T06:13:12.504+0000 7fb33f179700 1 -- --> [v2:172.21.15.37:3300/0,v1:172.21.15.37:6789/0] -- mon_getmap magic: 0 v1 -- 0x7fb33810bc80 con 0x7fb3381083e0
2024-03-26T06:13:13.432 INFO:teuthology.orchestra.run.smithi037.stdout:/usr/bin/ceph: stderr
2024-03-26T06:13:12.504+0000 7fb33cf15700 1 --2- >> [v2:172.21.15.37:3300/0,v1:172.21.15.37:6789/0] conn(0x7fb3381083e0 0x7fb33819b860 unknown :-1 s=BANNER_CONNECTING pgs=0 cs=0 l=1 rev1=0 crypto rx=0 tx=0 comp rx=0 tx=0)._handle_peer_banner_payload supported=3 required=0
2024-03-26T06:13:13.432 INFO:teuthology.orchestra.run.smithi037.stdout:/usr/bin/ceph: stderr
2024-03-26T06:13:12.504+0000 7fb33cf15700 1 --2- >> [v2:172.21.15.37:3300/0,v1:172.21.15.37:6789/0] conn(0x7fb3381083e0 0x7fb33819b860 unknown :-1 s=HELLO_CONNECTING pgs=0 cs=0 l=1 rev1=1 crypto rx=0 tx=0 comp rx=0 tx=0).handle_hello peer v2:172.21.15.37:3300/0 says I am v2:172.21.15.37:42432/0 (socket says 172.21.15.37:42432)
2024-03-26T06:13:13.432 INFO:teuthology.orchestra.run.smithi037.stdout:/usr/bin/ceph: stderr
2024-03-26T06:13:12.504+0000 7fb33cf15700 1 -- 172.21.15.37:0/1313426522 learned_addr learned my addr 172.21.15.37:0/1313426522 (peer_addr_for_me v2:172.21.15.37:0/0)
2024-03-26T06:13:13.432 INFO:teuthology.orchestra.run.smithi037.stdout:/usr/bin/ceph: stderr
2024-03-26T06:13:12.505+0000 7fb33cf15700 1 -- 172.21.15.37:0/1313426522 --> [v2:172.21.15.37:3300/0,v1:172.21.15.37:6789/0] -- mon_subscribe({config=0+,monmap=0+}) v3 -- 0x7fb33819bda0 con 0x7fb3381083e0
2024-03-26T06:13:13.432 INFO:teuthology.orchestra.run.smithi037.stdout:/usr/bin/ceph: stderr
2024-03-26T06:13:12.505+0000 7fb33cf15700 1 --2- 172.21.15.37:0/1313426522 >> [v2:172.21.15.37:3300/0,v1:172.21.15.37:6789/0] conn(0x7fb3381083e0 0x7fb33819b860 secure :-1 s=READY pgs=27 cs=0 l=1 rev1=1 crypto rx=0x7fb32c009fb0 tx=0x7fb32c011bf0 comp rx=0 tx=0).ready entity=mon.0 client_cookie=0 server_cookie=0 in_seq=0 out_seq=0
2024-03-26T06:13:13.432 INFO:teuthology.orchestra.run.smithi037.stdout:/usr/bin/ceph: stderr
2024-03-26T06:13:12.505+0000 7fb335ffb700 1 -- 172.21.15.37:0/1313426522 <== mon.0 v2:172.21.15.37:3300/0 1 ==== mon_map magic: 0 v1 ==== 205+0+0 (secure 0 0 0) 0x7fb32c0038b0 con 0x7fb3381083e0
2024-03-26T06:13:13.432 INFO:teuthology.orchestra.run.smithi037.stdout:/usr/bin/ceph: stderr
2024-03-26T06:13:12.505+0000 7fb33f179700 1 -- 172.21.15.37:0/1313426522 --> [v2:172.21.15.37:3300/0,v1:172.21.15.37:6789/0] -- mon_subscribe({mgrmap=0+}) v3 -- 0x7fb33819c030 con 0x7fb3381083e0
2024-03-26T06:13:13.432 INFO:teuthology.orchestra.run.smithi037.stdout:/usr/bin/ceph: stderr
2024-03-26T06:13:12.505+0000 7fb335ffb700 1 -- 172.21.15.37:0/1313426522 <== mon.0 v2:172.21.15.37:3300/0 2 ==== config(27 keys) v1 ==== 1109+0+0 (secure 0 0 0) 0x7fb32c011e50 con 0x7fb3381083e0
2024-03-26T06:13:13.432 INFO:teuthology.orchestra.run.smithi037.stdout:/usr/bin/ceph: stderr
2024-03-26T06:13:12.505+0000 7fb335ffb700 1 -- 172.21.15.37:0/1313426522 <== mon.0 v2:172.21.15.37:3300/0 3 ==== mon_map magic: 0 v1 ==== 205+0+0 (secure 0 0 0) 0x7fb32c019420 con 0x7fb3381083e0
2024-03-26T06:13:13.432 INFO:teuthology.orchestra.run.smithi037.stdout:/usr/bin/ceph: stderr
2024-03-26T06:13:12.505+0000 7fb33f179700 1 -- 172.21.15.37:0/1313426522 --> [v2:172.21.15.37:3300/0,v1:172.21.15.37:6789/0] -- mon_subscribe({osdmap=0}) v3 -- 0x7fb33819ed20 con 0x7fb3381083e0
2024-03-26T06:13:13.432 INFO:teuthology.orchestra.run.smithi037.stdout:/usr/bin/ceph: stderr
2024-03-26T06:13:12.506+0000 7fb335ffb700 1 -- 172.21.15.37:0/1313426522 <== mon.0 v2:172.21.15.37:3300/0 4 ==== mgrmap(e 5) v1 ==== 46106+0+0 (secure 0 0 0) 0x7fb32c019720 con 0x7fb3381083e0
2024-03-26T06:13:13.433 INFO:teuthology.orchestra.run.smithi037.stdout:/usr/bin/ceph: stderr
2024-03-26T06:13:12.506+0000 7fb33f179700 1 -- 172.21.15.37:0/1313426522 --> [v2:172.21.15.37:3300/0,v1:172.21.15.37:6789/0] -- mon_command({"prefix": "get_command_descriptions"} v 0) v1 -- 0x7fb338068ec0 con 0x7fb3381083e0
2024-03-26T06:13:13.433 INFO:teuthology.orchestra.run.smithi037.stdout:/usr/bin/ceph: stderr
2024-03-26T06:13:12.506+0000 7fb335ffb700 1 --2- 172.21.15.37:0/1313426522 >> [v2:172.21.15.37:6800/718373544,v1:172.21.15.37:6801/718373544] conn(0x7fb328038ed0 0x7fb32803b390 unknown :-1 s=NONE pgs=0 cs=0 l=1 rev1=0 crypto rx=0 tx=0 comp rx=0 tx=0).connect
2024-03-26T06:13:13.433 INFO:teuthology.orchestra.run.smithi037.stdout:/usr/bin/ceph: stderr
2024-03-26T06:13:12.506+0000 7fb335ffb700 1 -- 172.21.15.37:0/1313426522 <== mon.0 v2:172.21.15.37:3300/0 5 ==== osd_map(1..1 src has 1..1) v4 ==== 725+0+0 (secure 0 0 0) 0x7fb32c04d1c0 con 0x7fb3381083e0
2024-03-26T06:13:13.433 INFO:teuthology.orchestra.run.smithi037.stdout:/usr/bin/ceph: stderr
2024-03-26T06:13:12.506+0000 7fb337fff700 1 -- 172.21.15.37:0/1313426522 >> [v2:172.21.15.37:6800/718373544,v1:172.21.15.37:6801/718373544] conn(0x7fb328038ed0 msgr2=0x7fb32803b390 unknown :-1 s=STATE_CONNECTING_RE l=1).process reconnect failed to v2:172.21.15.37:6800/718373544
2024-03-26T06:13:13.433 INFO:teuthology.orchestra.run.smithi037.stdout:/usr/bin/ceph: stderr
2024-03-26T06:13:12.506+0000 7fb337fff700 1 --2- 172.21.15.37:0/1313426522 >> [v2:172.21.15.37:6800/718373544,v1:172.21.15.37:6801/718373544] conn(0x7fb328038ed0 0x7fb32803b390 unknown :-1 s=START_CONNECT pgs=0 cs=0 l=1 rev1=0 crypto rx=0 tx=0 comp rx=0 tx=0)._fault waiting 0.200000
2024-03-26T06:13:13.433 INFO:teuthology.orchestra.run.smithi037.stdout:/usr/bin/ceph: stderr
2024-03-26T06:13:12.511+0000 7fb335ffb700 1 -- 172.21.15.37:0/1313426522 <== mon.0 v2:172.21.15.37:3300/0 6 ==== mon_command_ack([{"prefix": "get_command_descriptions"}]=0 v0) v1 ==== 72+0+184905 (secure 0 0 0) 0x7fb32c00ba30 con 0x7fb3381083e0
2024-03-26T06:13:13.433 INFO:teuthology.orchestra.run.smithi037.stdout:/usr/bin/ceph: stderr
2024-03-26T06:13:12.707+0000 7fb337fff700 1 -- 172.21.15.37:0/1313426522 >> [v2:172.21.15.37:6800/718373544,v1:172.21.15.37:6801/718373544] conn(0x7fb328038ed0 msgr2=0x7fb32803b390 unknown :-1 s=STATE_CONNECTING_RE l=1).process reconnect failed to v2:172.21.15.37:6800/718373544
2024-03-26T06:13:13.433 INFO:teuthology.orchestra.run.smithi037.stdout:/usr/bin/ceph: stderr
2024-03-26T06:13:12.707+0000 7fb337fff700 1 --2- 172.21.15.37:0/1313426522 >> [v2:172.21.15.37:6800/718373544,v1:172.21.15.37:6801/718373544] conn(0x7fb328038ed0 0x7fb32803b390 unknown :-1 s=START_CONNECT pgs=0 cs=0 l=1 rev1=0 crypto rx=0 tx=0 comp rx=0 tx=0)._fault waiting 0.400000
2024-03-26T06:13:13.433 INFO:teuthology.orchestra.run.smithi037.stdout:/usr/bin/ceph: stderr
2024-03-26T06:13:12.774+0000 7fb33f179700 1 -- 172.21.15.37:0/1313426522 --> [v2:172.21.15.37:3300/0,v1:172.21.15.37:6789/0] -- mon_command({"prefix": "mgr stat"} v 0) v1 -- 0x7fb33819f2e0 con 0x7fb3381083e0
2024-03-26T06:13:13.433 INFO:teuthology.orchestra.run.smithi037.stdout:/usr/bin/ceph: stderr
2024-03-26T06:13:12.774+0000 7fb335ffb700 1 -- 172.21.15.37:0/1313426522 <== mon.0 v2:172.21.15.37:3300/0 7 ==== mon_command_ack([{"prefix": "mgr stat"}]=0 v5) v1 ==== 56+0+88 (secure 0 0 0) 0x7fb32c00bc90 con 0x7fb3381083e0
2024-03-26T06:13:13.433 INFO:teuthology.orchestra.run.smithi037.stdout:/usr/bin/ceph: stderr
2024-03-26T06:13:12.777+0000 7fb33f179700 1 -- 172.21.15.37:0/1313426522 >> [v2:172.21.15.37:6800/718373544,v1:172.21.15.37:6801/718373544] conn(0x7fb328038ed0 msgr2=0x7fb32803b390 unknown :-1 s=STATE_CONNECTING l=1).mark_down
2024-03-26T06:13:13.433 INFO:teuthology.orchestra.run.smithi037.stdout:/usr/bin/ceph: stderr
2024-03-26T06:13:12.777+0000 7fb33f179700 1 --2- 172.21.15.37:0/1313426522 >> [v2:172.21.15.37:6800/718373544,v1:172.21.15.37:6801/718373544] conn(0x7fb328038ed0 0x7fb32803b390 unknown :-1 s=START_CONNECT pgs=0 cs=0 l=1 rev1=0 crypto rx=0 tx=0 comp rx=0 tx=0).stop
2024-03-26T06:13:13.433 INFO:teuthology.orchestra.run.smithi037.stdout:/usr/bin/ceph: stderr
2024-03-26T06:13:12.777+0000 7fb33f179700 1 -- 172.21.15.37:0/1313426522 >> [v2:172.21.15.37:3300/0,v1:172.21.15.37:6789/0] conn(0x7fb3381083e0 msgr2=0x7fb33819b860 secure :-1 s=STATE_CONNECTION_ESTABLISHED l=1).mark_down
2024-03-26T06:13:13.433 INFO:teuthology.orchestra.run.smithi037.stdout:/usr/bin/ceph: stderr
2024-03-26T06:13:12.777+0000 7fb33f179700 1 --2- 172.21.15.37:0/1313426522 >> [v2:172.21.15.37:3300/0,v1:172.21.15.37:6789/0] conn(0x7fb3381083e0 0x7fb33819b860 secure :-1 s=READY pgs=27 cs=0 l=1 rev1=1 crypto rx=0x7fb32c009fb0 tx=0x7fb32c011bf0 comp rx=0 tx=0).stop
2024-03-26T06:13:13.434 INFO:teuthology.orchestra.run.smithi037.stdout:/usr/bin/ceph: stderr
2024-03-26T06:13:12.777+0000 7fb33f179700 1 -- 172.21.15.37:0/1313426522 shutdown_connections
2024-03-26T06:13:13.434 INFO:teuthology.orchestra.run.smithi037.stdout:/usr/bin/ceph: stderr
2024-03-26T06:13:12.777+0000 7fb33f179700 1 --2- 172.21.15.37:0/1313426522 >> [v2:172.21.15.37:6800/718373544,v1:172.21.15.37:6801/718373544] conn(0x7fb328038ed0 0x7fb32803b390 unknown :-1 s=CLOSED pgs=0 cs=0 l=1 rev1=0 crypto rx=0 tx=0 comp rx=0 tx=0).stop
2024-03-26T06:13:13.434 INFO:teuthology.orchestra.run.smithi037.stdout:/usr/bin/ceph: stderr
2024-03-26T06:13:12.777+0000 7fb33f179700 1 --2- 172.21.15.37:0/1313426522 >> [v2:172.21.15.37:3300/0,v1:172.21.15.37:6789/0] conn(0x7fb3381083e0 0x7fb33819b860 unknown :-1 s=CLOSED pgs=27 cs=0 l=1 rev1=1 crypto rx=0 tx=0 comp rx=0 tx=0).stop
2024-03-26T06:13:13.434 INFO:teuthology.orchestra.run.smithi037.stdout:/usr/bin/ceph: stderr
2024-03-26T06:13:12.777+0000 7fb33f179700 1 -- 172.21.15.37:0/1313426522 >> 172.21.15.37:0/1313426522 conn(0x7fb338101e10 msgr2=0x7fb3381029b0 unknown :-1 s=STATE_NONE l=0).mark_down
2024-03-26T06:13:13.434 INFO:teuthology.orchestra.run.smithi037.stdout:/usr/bin/ceph: stderr
2024-03-26T06:13:12.777+0000 7fb33f179700 1 -- 172.21.15.37:0/1313426522 shutdown_connections
2024-03-26T06:13:13.434 INFO:teuthology.orchestra.run.smithi037.stdout:/usr/bin/ceph: stderr
2024-03-26T06:13:12.777+0000 7fb33f179700 1 -- 172.21.15.37:0/1313426522 wait complete.
2024-03-26T06:13:13.434 INFO:teuthology.orchestra.run.smithi037.stdout:Waiting for the mgr to restart...
2024-03-26T06:13:13.434 INFO:teuthology.orchestra.run.smithi037.stdout:Waiting for mgr epoch 5...
2024-03-26T06:13:13.555 INFO:journalctl@ceph.mon.a.smithi037.stdout:Mar 26 06:13:13 smithi037 ceph-mon[31974]: from='client.? 172.21.15.37:0/1313426522' entity='client.admin' cmd=[{"prefix": "mgr stat"}]: dispatch
2024-03-26T06:13:13.883 INFO:journalctl@ceph.mgr.x.smithi037.stdout:Mar 26 06:13:13 smithi037 ceph-a86fb218-eb37-11ee-95d0-87774f69a715-mgr-x[32205]:
2024-03-26T06:13:13.577+0000 7fe675ac7200 -1 mgr[py] Module rgw has missing NOTIFY_TYPES member
2024-03-26T06:13:13.883 INFO:journalctl@ceph.mgr.x.smithi037.stdout:Mar 26 06:13:13 smithi037 ceph-a86fb218-eb37-11ee-95d0-87774f69a715-mgr-x[32205]:
2024-03-26T06:13:13.693+0000 7fe675ac7200 -1 mgr[py] Module rbd_support has missing NOTIFY_TYPES member
2024-03-26T06:13:13.883 INFO:journalctl@ceph.mgr.x.smithi037.stdout:Mar 26 06:13:13 smithi037 ceph-a86fb218-eb37-11ee-95d0-87774f69a715-mgr-x[32205]:
2024-03-26T06:13:13.782+0000 7fe675ac7200 -1 mgr[py] Module progress has missing NOTIFY_TYPES member
2024-03-26T06:13:14.197 INFO:journalctl@ceph.mgr.x.smithi037.stdout:Mar 26 06:13:13 smithi037 ceph-a86fb218-eb37-11ee-95d0-87774f69a715-mgr-x[32205]:
2024-03-26T06:13:13.883+0000 7fe675ac7200 -1 mgr[py] Module pg_autoscaler has missing NOTIFY_TYPES member
2024-03-26T06:13:14.197 INFO:journalctl@ceph.mgr.x.smithi037.stdout:Mar 26 06:13:14 smithi037 ceph-a86fb218-eb37-11ee-95d0-87774f69a715-mgr-x[32205]:
2024-03-26T06:13:14.063+0000 7fe675ac7200 -1 mgr[py] Module devicehealth has missing NOTIFY_TYPES member
2024-03-26T06:13:15.447 INFO:journalctl@ceph.mgr.x.smithi037.stdout:Mar 26 06:13:15 smithi037 ceph-a86fb218-eb37-11ee-95d0-87774f69a715-mgr-x[32205]:
2024-03-26T06:13:15.061+0000 7fe675ac7200 -1 mgr[py] Module rook has missing NOTIFY_TYPES member
2024-03-26T06:13:15.447 INFO:journalctl@ceph.mgr.x.smithi037.stdout:Mar 26 06:13:15 smithi037 ceph-a86fb218-eb37-11ee-95d0-87774f69a715-mgr-x[32205]:
2024-03-26T06:13:15.196+0000 7fe675ac7200 -1 mgr[py] Module diskprediction_local has missing NOTIFY_TYPES member
2024-03-26T06:13:15.827 INFO:journalctl@ceph.mgr.x.smithi037.stdout:Mar 26 06:13:15 smithi037 ceph-a86fb218-eb37-11ee-95d0-87774f69a715-mgr-x[32205]:
2024-03-26T06:13:15.534+0000 7fe675ac7200 -1 mgr[py] Module selftest has missing NOTIFY_TYPES member
2024-03-26T06:13:15.828 INFO:journalctl@ceph.mgr.x.smithi037.stdout:Mar 26 06:13:15 smithi037 ceph-a86fb218-eb37-11ee-95d0-87774f69a715-mgr-x[32205]:
2024-03-26T06:13:15.627+0000 7fe675ac7200 -1 mgr[py] Module telegraf has missing NOTIFY_TYPES member
2024-03-26T06:13:15.828 INFO:journalctl@ceph.mgr.x.smithi037.stdout:Mar 26 06:13:15 smithi037 ceph-a86fb218-eb37-11ee-95d0-87774f69a715-mgr-x[32205]:
2024-03-26T06:13:15.828+0000 7fe675ac7200 -1 mgr[py] Module test_orchestrator has missing NOTIFY_TYPES member
2024-03-26T06:13:16.197 INFO:journalctl@ceph.mgr.x.smithi037.stdout:Mar 26 06:13:16 smithi037 ceph-a86fb218-eb37-11ee-95d0-87774f69a715-mgr-x[32205]:
2024-03-26T06:13:16.019+0000 7fe675ac7200 -1 mgr[py] Module crash has missing NOTIFY_TYPES member
2024-03-26T06:13:16.572 INFO:journalctl@ceph.mgr.x.smithi037.stdout:Mar 26 06:13:16 smithi037 ceph-a86fb218-eb37-11ee-95d0-87774f69a715-mgr-x[32205]:
2024-03-26T06:13:16.311+0000 7fe675ac7200 -1 mgr[py] Module orchestrator has missing NOTIFY_TYPES member
2024-03-26T06:13:16.572 INFO:journalctl@ceph.mgr.x.smithi037.stdout:Mar 26 06:13:16 smithi037 ceph-a86fb218-eb37-11ee-95d0-87774f69a715-mgr-x[32205]:
2024-03-26T06:13:16.572+0000 7fe675ac7200 -1 mgr[py] Module osd_support has missing NOTIFY_TYPES member
2024-03-26T06:13:16.910 INFO:journalctl@ceph.mgr.x.smithi037.stdout:Mar 26 06:13:16 smithi037 ceph-a86fb218-eb37-11ee-95d0-87774f69a715-mgr-x[32205]:
2024-03-26T06:13:16.815+0000 7fe675ac7200 -1 mgr[py] Module volumes has missing NOTIFY_TYPES member
2024-03-26T06:13:17.947 INFO:journalctl@ceph.mgr.x.smithi037.stdout:Mar 26 06:13:17 smithi037 ceph-a86fb218-eb37-11ee-95d0-87774f69a715-mgr-x[32205]:
2024-03-26T06:13:17.649+0000 7fe675ac7200 -1 mgr[py] Module telemetry has missing NOTIFY_TYPES member
2024-03-26T06:13:18.556 INFO:journalctl@ceph.mgr.x.smithi037.stdout:Mar 26 06:13:18 smithi037 ceph-a86fb218-eb37-11ee-95d0-87774f69a715-mgr-x[32205]:
2024-03-26T06:13:18.233+0000 7fe675ac7200 -1 mgr[py] Module prometheus has missing NOTIFY_TYPES member
2024-03-26T06:13:18.556 INFO:journalctl@ceph.mgr.x.smithi037.stdout:Mar 26 06:13:18 smithi037 ceph-a86fb218-eb37-11ee-95d0-87774f69a715-mgr-x[32205]:
2024-03-26T06:13:18.335+0000 7fe675ac7200 -1 mgr[py] Module status has missing NOTIFY_TYPES member
2024-03-26T06:13:18.557 INFO:journalctl@ceph.mgr.x.smithi037.stdout:Mar 26 06:13:18 smithi037 ceph-a86fb218-eb37-11ee-95d0-87774f69a715-mgr-x[32205]:
2024-03-26T06:13:18.556+0000 7fe675ac7200 -1 mgr[py] Module nfs has missing NOTIFY_TYPES member
2024-03-26T06:13:18.947 INFO:journalctl@ceph.mon.a.smithi037.stdout:Mar 26 06:13:18 smithi037 ceph-mon[31974]: Active manager daemon x restarted
2024-03-26T06:13:18.947 INFO:journalctl@ceph.mon.a.smithi037.stdout:Mar 26 06:13:18 smithi037 ceph-mon[31974]: Activating manager daemon x
2024-03-26T06:13:18.947 INFO:journalctl@ceph.mon.a.smithi037.stdout:Mar 26 06:13:18 smithi037 ceph-mon[31974]: osdmap e2: 0 total, 0 up, 0 in
2024-03-26T06:13:18.947 INFO:journalctl@ceph.mon.a.smithi037.stdout:Mar 26 06:13:18 smithi037 ceph-mon[31974]: mgrmap e6: x(active, starting, since 0.00338933s)
2024-03-26T06:13:18.947 INFO:journalctl@ceph.mon.a.smithi037.stdout:Mar 26 06:13:18 smithi037 ceph-mon[31974]: from='mgr.14120 172.21.15.37:0/3270133098' entity='mgr.x' cmd=[{"prefix": "mon metadata", "id": "a"}]: dispatch
2024-03-26T06:13:18.948 INFO:journalctl@ceph.mon.a.smithi037.stdout:Mar 26 06:13:18 smithi037 ceph-mon[31974]: from='mgr.14120 172.21.15.37:0/3270133098' entity='mgr.x' cmd=[{"prefix": "mgr metadata", "who": "x", "id": "x"}]: dispatch
2024-03-26T06:13:18.948 INFO:journalctl@ceph.mon.a.smithi037.stdout:Mar 26 06:13:18 smithi037 ceph-mon[31974]: from='mgr.14120 172.21.15.37:0/3270133098' entity='mgr.x' cmd=[{"prefix": "mds metadata"}]: dispatch
2024-03-26T06:13:18.948 INFO:journalctl@ceph.mon.a.smithi037.stdout:Mar 26 06:13:18 smithi037 ceph-mon[31974]: from='mgr.14120 172.21.15.37:0/3270133098' entity='mgr.x' cmd=[{"prefix": "osd metadata"}]: dispatch
2024-03-26T06:13:18.948 INFO:journalctl@ceph.mon.a.smithi037.stdout:Mar 26 06:13:18 smithi037 ceph-mon[31974]: from='mgr.14120 172.21.15.37:0/3270133098' entity='mgr.x' cmd=[{"prefix": "mon metadata"}]: dispatch
2024-03-26T06:13:18.948 INFO:journalctl@ceph.mon.a.smithi037.stdout:Mar 26 06:13:18 smithi037 ceph-mon[31974]: Manager daemon x is now available
2024-03-26T06:13:18.948 INFO:journalctl@ceph.mon.a.smithi037.stdout:Mar 26 06:13:18 smithi037 ceph-mon[31974]: from='mgr.14120 172.21.15.37:0/3270133098' entity='mgr.x'
2024-03-26T06:13:18.948 INFO:journalctl@ceph.mon.a.smithi037.stdout:Mar 26 06:13:18 smithi037 ceph-mon[31974]: from='mgr.14120 172.21.15.37:0/3270133098' entity='mgr.x'
2024-03-26T06:13:18.948 INFO:journalctl@ceph.mon.a.smithi037.stdout:Mar 26 06:13:18 smithi037 ceph-mon[31974]: from='mgr.14120 172.21.15.37:0/3270133098' entity='mgr.x' cmd=[{"prefix": "config dump", "format": "json"}]: dispatch
2024-03-26T06:13:18.948 INFO:journalctl@ceph.mon.a.smithi037.stdout:Mar 26 06:13:18 smithi037 ceph-mon[31974]: from='mgr.14120 172.21.15.37:0/3270133098' entity='mgr.x' cmd=[{"prefix": "config dump", "format": "json"}]: dispatch
2024-03-26T06:13:19.905 INFO:journalctl@ceph.mon.a.smithi037.stdout:Mar 26 06:13:19 smithi037 ceph-mon[31974]: Found migration_current of "None". Setting to last migration.
2024-03-26T06:13:19.905 INFO:journalctl@ceph.mon.a.smithi037.stdout:Mar 26 06:13:19 smithi037 ceph-mon[31974]: from='mgr.14120 172.21.15.37:0/3270133098' entity='mgr.x' cmd=[{"prefix": "config dump", "format": "json"}]: dispatch
2024-03-26T06:13:19.905 INFO:journalctl@ceph.mon.a.smithi037.stdout:Mar 26 06:13:19 smithi037 ceph-mon[31974]: from='mgr.14120 172.21.15.37:0/3270133098' entity='mgr.x' cmd=[{"prefix":"config rm","who":"mgr","name":"mgr/rbd_support/x/mirror_snapshot_schedule"}]: dispatch
2024-03-26T06:13:19.905 INFO:journalctl@ceph.mon.a.smithi037.stdout:Mar 26 06:13:19 smithi037 ceph-mon[31974]: from='mgr.14120 172.21.15.37:0/3270133098' entity='mgr.x' cmd=[{"prefix":"config rm","who":"mgr","name":"mgr/rbd_support/x/trash_purge_schedule"}]: dispatch
2024-03-26T06:13:19.905 INFO:journalctl@ceph.mon.a.smithi037.stdout:Mar 26 06:13:19 smithi037 ceph-mon[31974]: from='mgr.14120 172.21.15.37:0/3270133098' entity='mgr.x'
2024-03-26T06:13:19.905 INFO:journalctl@ceph.mon.a.smithi037.stdout:Mar 26 06:13:19 smithi037 ceph-mon[31974]: from='mgr.14120 172.21.15.37:0/3270133098' entity='mgr.x'
2024-03-26T06:13:19.905 INFO:journalctl@ceph.mon.a.smithi037.stdout:Mar 26 06:13:19 smithi037 ceph-mon[31974]: from='client.14124 -' entity='client.admin' cmd=[{"prefix": "get_command_descriptions"}]: dispatch
