2024-03-26T06:13:40.780+0000 7fdde8fd4700 1 --2- 172.21.15.37:0/4016498613 >> [v2:172.21.15.37:3300/0,v1:172.21.15.37:6789/0] conn(0x7fdde4107910 0x7fdde407cb50 secure :-1 s=READY pgs=60 cs=0 l=1 rev1=1 crypto rx=0x7fddd80116a0 tx=0x7fddd8011ba0 comp rx=0 tx=0).ready entity=mon.0 client_cookie=0 server_cookie=0 in_seq=0 out_seq=0
2024-03-26T06:13:41.665 INFO:teuthology.orchestra.run.smithi037.stdout:/usr/bin/ceph: stderr
2024-03-26T06:13:40.780+0000 7fdde1ffb700 1 -- 172.21.15.37:0/4016498613 <== mon.0 v2:172.21.15.37:3300/0 1 ==== mon_map magic: 0 v1 ==== 205+0+0 (secure 0 0 0) 0x7fddd8003a40 con 0x7fdde4107910
2024-03-26T06:13:41.665 INFO:teuthology.orchestra.run.smithi037.stdout:/usr/bin/ceph: stderr
2024-03-26T06:13:40.780+0000 7fddeb238700 1 -- 172.21.15.37:0/4016498613 --> [v2:172.21.15.37:3300/0,v1:172.21.15.37:6789/0] -- mon_subscribe({mgrmap=0+}) v3 -- 0x7fdde407b280 con 0x7fdde4107910
2024-03-26T06:13:41.665 INFO:teuthology.orchestra.run.smithi037.stdout:/usr/bin/ceph: stderr
2024-03-26T06:13:40.780+0000 7fdde1ffb700 1 -- 172.21.15.37:0/4016498613 <== mon.0 v2:172.21.15.37:3300/0 2 ==== config(27 keys) v1 ==== 1140+0+0 (secure 0 0 0) 0x7fddd8003be0 con 0x7fdde4107910
2024-03-26T06:13:41.665 INFO:teuthology.orchestra.run.smithi037.stdout:/usr/bin/ceph: stderr
2024-03-26T06:13:40.780+0000 7fdde1ffb700 1 -- 172.21.15.37:0/4016498613 <== mon.0 v2:172.21.15.37:3300/0 3 ==== mon_map magic: 0 v1 ==== 205+0+0 (secure 0 0 0) 0x7fddd801a720 con 0x7fdde4107910
2024-03-26T06:13:41.666 INFO:teuthology.orchestra.run.smithi037.stdout:/usr/bin/ceph: stderr
2024-03-26T06:13:40.781+0000 7fddeb238700 1 -- 172.21.15.37:0/4016498613 --> [v2:172.21.15.37:3300/0,v1:172.21.15.37:6789/0] -- mon_subscribe({osdmap=0}) v3 -- 0x7fdde407b740 con 0x7fdde4107910
2024-03-26T06:13:41.666 INFO:teuthology.orchestra.run.smithi037.stdout:/usr/bin/ceph: stderr
2024-03-26T06:13:40.781+0000 7fdde1ffb700 1 -- 172.21.15.37:0/4016498613 <== mon.0 v2:172.21.15.37:3300/0 4 ==== mgrmap(e 9) v1 ==== 46119+0+0 (secure 0 0 0) 0x7fddd801aa20 con 0x7fdde4107910
2024-03-26T06:13:41.666 INFO:teuthology.orchestra.run.smithi037.stdout:/usr/bin/ceph: stderr
2024-03-26T06:13:40.782+0000 7fdde1ffb700 1 --2- 172.21.15.37:0/4016498613 >> [v2:172.21.15.37:6800/401419890,v1:172.21.15.37:6801/401419890] conn(0x7fddd4038f20 0x7fddd403b3e0 unknown :-1 s=NONE pgs=0 cs=0 l=1 rev1=0 crypto rx=0 tx=0 comp rx=0 tx=0).connect
2024-03-26T06:13:41.666 INFO:teuthology.orchestra.run.smithi037.stdout:/usr/bin/ceph: stderr
2024-03-26T06:13:40.782+0000 7fddeb238700 1 -- 172.21.15.37:0/4016498613 --> [v2:172.21.15.37:3300/0,v1:172.21.15.37:6789/0] -- mon_command({"prefix": "get_command_descriptions"} v 0) v1 -- 0x7fdde4068ec0 con 0x7fdde4107910
2024-03-26T06:13:41.666 INFO:teuthology.orchestra.run.smithi037.stdout:/usr/bin/ceph: stderr
2024-03-26T06:13:40.782+0000 7fdde1ffb700 1 -- 172.21.15.37:0/4016498613 <== mon.0 v2:172.21.15.37:3300/0 5 ==== osd_map(2..2 src has 1..2) v4 ==== 940+0+0 (secure 0 0 0) 0x7fddd804d510 con 0x7fdde4107910
2024-03-26T06:13:41.667 INFO:teuthology.orchestra.run.smithi037.stdout:/usr/bin/ceph: stderr
2024-03-26T06:13:40.782+0000 7fdde3fff700 1 -- 172.21.15.37:0/4016498613 >> [v2:172.21.15.37:6800/401419890,v1:172.21.15.37:6801/401419890] conn(0x7fddd4038f20 msgr2=0x7fddd403b3e0 unknown :-1 s=STATE_CONNECTING_RE l=1).process reconnect failed to v2:172.21.15.37:6800/401419890
2024-03-26T06:13:41.667 INFO:teuthology.orchestra.run.smithi037.stdout:/usr/bin/ceph: stderr
2024-03-26T06:13:40.782+0000 7fdde3fff700 1 --2- 172.21.15.37:0/4016498613 >> [v2:172.21.15.37:6800/401419890,v1:172.21.15.37:6801/401419890] conn(0x7fddd4038f20 0x7fddd403b3e0 unknown :-1 s=START_CONNECT pgs=0 cs=0 l=1 rev1=0 crypto rx=0 tx=0 comp rx=0 tx=0)._fault waiting 0.200000
2024-03-26T06:13:41.667 INFO:teuthology.orchestra.run.smithi037.stdout:/usr/bin/ceph: stderr
2024-03-26T06:13:40.787+0000 7fdde1ffb700 1 -- 172.21.15.37:0/4016498613 <== mon.0 v2:172.21.15.37:3300/0 6 ==== mon_command_ack([{"prefix": "get_command_descriptions"}]=0 v0) v1 ==== 72+0+184905 (secure 0 0 0) 0x7fddd8011e20 con 0x7fdde4107910
2024-03-26T06:13:41.667 INFO:teuthology.orchestra.run.smithi037.stdout:/usr/bin/ceph: stderr
2024-03-26T06:13:40.983+0000 7fdde3fff700 1 -- 172.21.15.37:0/4016498613 >> [v2:172.21.15.37:6800/401419890,v1:172.21.15.37:6801/401419890] conn(0x7fddd4038f20 msgr2=0x7fddd403b3e0 unknown :-1 s=STATE_CONNECTING_RE l=1).process reconnect failed to v2:172.21.15.37:6800/401419890
2024-03-26T06:13:41.667 INFO:teuthology.orchestra.run.smithi037.stdout:/usr/bin/ceph: stderr
2024-03-26T06:13:40.983+0000 7fdde3fff700 1 --2- 172.21.15.37:0/4016498613 >> [v2:172.21.15.37:6800/401419890,v1:172.21.15.37:6801/401419890] conn(0x7fddd4038f20 0x7fddd403b3e0 unknown :-1 s=START_CONNECT pgs=0 cs=0 l=1 rev1=0 crypto rx=0 tx=0 comp rx=0 tx=0)._fault waiting 0.400000
2024-03-26T06:13:41.667 INFO:teuthology.orchestra.run.smithi037.stdout:/usr/bin/ceph: stderr
2024-03-26T06:13:41.051+0000 7fddeb238700 1 -- 172.21.15.37:0/4016498613 --> [v2:172.21.15.37:3300/0,v1:172.21.15.37:6789/0] -- mon_command({"prefix": "mgr stat"} v 0) v1 -- 0x7fdde407bdc0 con 0x7fdde4107910
2024-03-26T06:13:41.667 INFO:teuthology.orchestra.run.smithi037.stdout:/usr/bin/ceph: stderr
2024-03-26T06:13:41.052+0000 7fdde1ffb700 1 -- 172.21.15.37:0/4016498613 <== mon.0 v2:172.21.15.37:3300/0 7 ==== mon_command_ack([{"prefix": "mgr stat"}]=0 v9) v1 ==== 56+0+88 (secure 0 0 0) 0x7fddd800f2e0 con 0x7fdde4107910
2024-03-26T06:13:41.668 INFO:teuthology.orchestra.run.smithi037.stdout:/usr/bin/ceph: stderr
2024-03-26T06:13:41.054+0000 7fddeb238700 1 -- 172.21.15.37:0/4016498613 >> [v2:172.21.15.37:6800/401419890,v1:172.21.15.37:6801/401419890] conn(0x7fddd4038f20 msgr2=0x7fddd403b3e0 unknown :-1 s=STATE_CONNECTING l=1).mark_down
2024-03-26T06:13:41.668 INFO:teuthology.orchestra.run.smithi037.stdout:/usr/bin/ceph: stderr
2024-03-26T06:13:41.054+0000 7fddeb238700 1 --2- 172.21.15.37:0/4016498613 >> [v2:172.21.15.37:6800/401419890,v1:172.21.15.37:6801/401419890] conn(0x7fddd4038f20 0x7fddd403b3e0 unknown :-1 s=START_CONNECT pgs=0 cs=0 l=1 rev1=0 crypto rx=0 tx=0 comp rx=0 tx=0).stop
2024-03-26T06:13:41.668 INFO:teuthology.orchestra.run.smithi037.stdout:/usr/bin/ceph: stderr
2024-03-26T06:13:41.054+0000 7fddeb238700 1 -- 172.21.15.37:0/4016498613 >> [v2:172.21.15.37:3300/0,v1:172.21.15.37:6789/0] conn(0x7fdde4107910 msgr2=0x7fdde407cb50 secure :-1 s=STATE_CONNECTION_ESTABLISHED l=1).mark_down
2024-03-26T06:13:41.668 INFO:teuthology.orchestra.run.smithi037.stdout:/usr/bin/ceph: stderr
2024-03-26T06:13:41.054+0000 7fddeb238700 1 --2- 172.21.15.37:0/4016498613 >> [v2:172.21.15.37:3300/0,v1:172.21.15.37:6789/0] conn(0x7fdde4107910 0x7fdde407cb50 secure :-1 s=READY pgs=60 cs=0 l=1 rev1=1 crypto rx=0x7fddd80116a0 tx=0x7fddd8011ba0 comp rx=0 tx=0).stop
2024-03-26T06:13:41.668 INFO:teuthology.orchestra.run.smithi037.stdout:/usr/bin/ceph: stderr
2024-03-26T06:13:41.054+0000 7fddeb238700 1 -- 172.21.15.37:0/4016498613 shutdown_connections
2024-03-26T06:13:41.668 INFO:teuthology.orchestra.run.smithi037.stdout:/usr/bin/ceph: stderr
2024-03-26T06:13:41.054+0000 7fddeb238700 1 --2- 172.21.15.37:0/4016498613 >> [v2:172.21.15.37:6800/401419890,v1:172.21.15.37:6801/401419890] conn(0x7fddd4038f20 0x7fddd403b3e0 unknown :-1 s=CLOSED pgs=0 cs=0 l=1 rev1=0 crypto rx=0 tx=0 comp rx=0 tx=0).stop
2024-03-26T06:13:41.669 INFO:teuthology.orchestra.run.smithi037.stdout:/usr/bin/ceph: stderr
2024-03-26T06:13:41.054+0000 7fddeb238700 1 --2- 172.21.15.37:0/4016498613 >> [v2:172.21.15.37:3300/0,v1:172.21.15.37:6789/0] conn(0x7fdde4107910 0x7fdde407cb50 unknown :-1 s=CLOSED pgs=60 cs=0 l=1 rev1=1 crypto rx=0 tx=0 comp rx=0 tx=0).stop
2024-03-26T06:13:41.669 INFO:teuthology.orchestra.run.smithi037.stdout:/usr/bin/ceph: stderr
2024-03-26T06:13:41.054+0000 7fddeb238700 1 -- 172.21.15.37:0/4016498613 >> 172.21.15.37:0/4016498613 conn(0x7fdde4102f50 msgr2=0x7fdde4103a60 unknown :-1 s=STATE_NONE l=0).mark_down
2024-03-26T06:13:41.669 INFO:teuthology.orchestra.run.smithi037.stdout:/usr/bin/ceph: stderr
2024-03-26T06:13:41.054+0000 7fddeb238700 1 -- 172.21.15.37:0/4016498613 shutdown_connections
2024-03-26T06:13:41.669 INFO:teuthology.orchestra.run.smithi037.stdout:/usr/bin/ceph: stderr
2024-03-26T06:13:41.054+0000 7fddeb238700 1 -- 172.21.15.37:0/4016498613 wait complete.
2024-03-26T06:13:41.669 INFO:teuthology.orchestra.run.smithi037.stdout:Waiting for the mgr to restart...
2024-03-26T06:13:41.669 INFO:teuthology.orchestra.run.smithi037.stdout:Waiting for mgr epoch 9...
2024-03-26T06:13:41.860 INFO:journalctl@ceph.mon.a.smithi037.stdout:Mar 26 06:13:41 smithi037 ceph-mon[31974]: from='client.? 172.21.15.37:0/4016498613' entity='client.admin' cmd=[{"prefix": "mgr stat"}]: dispatch
2024-03-26T06:13:41.860 INFO:journalctl@ceph.mgr.x.smithi037.stdout:Mar 26 06:13:41 smithi037 ceph-a86fb218-eb37-11ee-95d0-87774f69a715-mgr-x[32205]:
2024-03-26T06:13:41.653+0000 7f67f5fa1200 -1 mgr[py] Module rgw has missing NOTIFY_TYPES member
2024-03-26T06:13:41.861 INFO:journalctl@ceph.mgr.x.smithi037.stdout:Mar 26 06:13:41 smithi037 ceph-a86fb218-eb37-11ee-95d0-87774f69a715-mgr-x[32205]:
2024-03-26T06:13:41.769+0000 7f67f5fa1200 -1 mgr[py] Module rbd_support has missing NOTIFY_TYPES member
2024-03-26T06:13:41.861 INFO:journalctl@ceph.mgr.x.smithi037.stdout:Mar 26 06:13:41 smithi037 ceph-a86fb218-eb37-11ee-95d0-87774f69a715-mgr-x[32205]:
2024-03-26T06:13:41.859+0000 7f67f5fa1200 -1 mgr[py] Module progress has missing NOTIFY_TYPES member
2024-03-26T06:13:42.110 INFO:journalctl@ceph.mgr.x.smithi037.stdout:Mar 26 06:13:41 smithi037 ceph-a86fb218-eb37-11ee-95d0-87774f69a715-mgr-x[32205]:
2024-03-26T06:13:41.961+0000 7f67f5fa1200 -1 mgr[py] Module pg_autoscaler has missing NOTIFY_TYPES member
2024-03-26T06:13:42.447 INFO:journalctl@ceph.mgr.x.smithi037.stdout:Mar 26 06:13:42 smithi037 ceph-a86fb218-eb37-11ee-95d0-87774f69a715-mgr-x[32205]:
2024-03-26T06:13:42.143+0000 7f67f5fa1200 -1 mgr[py] Module devicehealth has missing NOTIFY_TYPES member
2024-03-26T06:13:43.447 INFO:journalctl@ceph.mgr.x.smithi037.stdout:Mar 26 06:13:43 smithi037 ceph-a86fb218-eb37-11ee-95d0-87774f69a715-mgr-x[32205]:
2024-03-26T06:13:43.134+0000 7f67f5fa1200 -1 mgr[py] Module rook has missing NOTIFY_TYPES member
2024-03-26T06:13:43.447 INFO:journalctl@ceph.mgr.x.smithi037.stdout:Mar 26 06:13:43 smithi037 ceph-a86fb218-eb37-11ee-95d0-87774f69a715-mgr-x[32205]:
2024-03-26T06:13:43.269+0000 7f67f5fa1200 -1 mgr[py] Module diskprediction_local has missing NOTIFY_TYPES member
2024-03-26T06:13:43.895 INFO:journalctl@ceph.mgr.x.smithi037.stdout:Mar 26 06:13:43 smithi037 ceph-a86fb218-eb37-11ee-95d0-87774f69a715-mgr-x[32205]:
2024-03-26T06:13:43.608+0000 7f67f5fa1200 -1 mgr[py] Module selftest has missing NOTIFY_TYPES member
2024-03-26T06:13:43.895 INFO:journalctl@ceph.mgr.x.smithi037.stdout:Mar 26 06:13:43 smithi037 ceph-a86fb218-eb37-11ee-95d0-87774f69a715-mgr-x[32205]:
2024-03-26T06:13:43.701+0000 7f67f5fa1200 -1 mgr[py] Module telegraf has missing NOTIFY_TYPES member
2024-03-26T06:13:44.197 INFO:journalctl@ceph.mgr.x.smithi037.stdout:Mar 26 06:13:43 smithi037 ceph-a86fb218-eb37-11ee-95d0-87774f69a715-mgr-x[32205]:
2024-03-26T06:13:43.906+0000 7f67f5fa1200 -1 mgr[py] Module test_orchestrator has missing NOTIFY_TYPES member
2024-03-26T06:13:44.197 INFO:journalctl@ceph.mgr.x.smithi037.stdout:Mar 26 06:13:44 smithi037 ceph-a86fb218-eb37-11ee-95d0-87774f69a715-mgr-x[32205]:
2024-03-26T06:13:44.099+0000 7f67f5fa1200 -1 mgr[py] Module crash has missing NOTIFY_TYPES member
2024-03-26T06:13:44.660 INFO:journalctl@ceph.mgr.x.smithi037.stdout:Mar 26 06:13:44 smithi037 ceph-a86fb218-eb37-11ee-95d0-87774f69a715-mgr-x[32205]:
2024-03-26T06:13:44.394+0000 7f67f5fa1200 -1 mgr[py] Module orchestrator has missing NOTIFY_TYPES member
2024-03-26T06:13:44.660 INFO:journalctl@ceph.mgr.x.smithi037.stdout:Mar 26 06:13:44 smithi037 ceph-a86fb218-eb37-11ee-95d0-87774f69a715-mgr-x[32205]:
2024-03-26T06:13:44.660+0000 7f67f5fa1200 -1 mgr[py] Module osd_support has missing NOTIFY_TYPES member
2024-03-26T06:13:44.947 INFO:journalctl@ceph.mgr.x.smithi037.stdout:Mar 26 06:13:44 smithi037 ceph-a86fb218-eb37-11ee-95d0-87774f69a715-mgr-x[32205]:
2024-03-26T06:13:44.906+0000 7f67f5fa1200 -1 mgr[py] Module volumes has missing NOTIFY_TYPES member
2024-03-26T06:13:46.197 INFO:journalctl@ceph.mgr.x.smithi037.stdout:Mar 26 06:13:45 smithi037 ceph-a86fb218-eb37-11ee-95d0-87774f69a715-mgr-x[32205]:
2024-03-26T06:13:45.739+0000 7f67f5fa1200 -1 mgr[py] Module telemetry has missing NOTIFY_TYPES member
2024-03-26T06:13:46.651 INFO:journalctl@ceph.mgr.x.smithi037.stdout:Mar 26 06:13:46 smithi037 ceph-a86fb218-eb37-11ee-95d0-87774f69a715-mgr-x[32205]:
2024-03-26T06:13:46.325+0000 7f67f5fa1200 -1 mgr[py] Module prometheus has missing NOTIFY_TYPES member
2024-03-26T06:13:46.651 INFO:journalctl@ceph.mgr.x.smithi037.stdout:Mar 26 06:13:46 smithi037 ceph-a86fb218-eb37-11ee-95d0-87774f69a715-mgr-x[32205]:
2024-03-26T06:13:46.427+0000 7f67f5fa1200 -1 mgr[py] Module status has missing NOTIFY_TYPES member
2024-03-26T06:13:46.652 INFO:journalctl@ceph.mgr.x.smithi037.stdout:Mar 26 06:13:46 smithi037 ceph-a86fb218-eb37-11ee-95d0-87774f69a715-mgr-x[32205]:
2024-03-26T06:13:46.651+0000 7f67f5fa1200 -1 mgr[py] Module nfs has missing NOTIFY_TYPES member
2024-03-26T06:13:46.947 INFO:journalctl@ceph.mon.a.smithi037.stdout:Mar 26 06:13:46 smithi037 ceph-mon[31974]: Active manager daemon x restarted
2024-03-26T06:13:46.947 INFO:journalctl@ceph.mon.a.smithi037.stdout:Mar 26 06:13:46 smithi037 ceph-mon[31974]: Activating manager daemon x
2024-03-26T06:13:46.947 INFO:journalctl@ceph.mon.a.smithi037.stdout:Mar 26 06:13:46 smithi037 ceph-mon[31974]: osdmap e3: 0 total, 0 up, 0 in
2024-03-26T06:13:46.947 INFO:journalctl@ceph.mon.a.smithi037.stdout:Mar 26 06:13:46 smithi037 ceph-mon[31974]: mgrmap e10: x(active, starting, since 0.00343629s)
2024-03-26T06:13:46.947 INFO:journalctl@ceph.mon.a.smithi037.stdout:Mar 26 06:13:46 smithi037 ceph-mon[31974]: from='mgr.14152 172.21.15.37:0/25986207' entity='mgr.x' cmd=[{"prefix": "mon metadata", "id": "a"}]: dispatch
2024-03-26T06:13:46.947 INFO:journalctl@ceph.mon.a.smithi037.stdout:Mar 26 06:13:46 smithi037 ceph-mon[31974]: from='mgr.14152 172.21.15.37:0/25986207' entity='mgr.x' cmd=[{"prefix": "mgr metadata", "who": "x", "id": "x"}]: dispatch
2024-03-26T06:13:46.948 INFO:journalctl@ceph.mon.a.smithi037.stdout:Mar 26 06:13:46 smithi037 ceph-mon[31974]: from='mgr.14152 172.21.15.37:0/25986207' entity='mgr.x' cmd=[{"prefix": "mds metadata"}]: dispatch
2024-03-26T06:13:46.948 INFO:journalctl@ceph.mon.a.smithi037.stdout:Mar 26 06:13:46 smithi037 ceph-mon[31974]: from='mgr.14152 172.21.15.37:0/25986207' entity='mgr.x' cmd=[{"prefix": "osd metadata"}]: dispatch
2024-03-26T06:13:46.948 INFO:journalctl@ceph.mon.a.smithi037.stdout:Mar 26 06:13:46 smithi037 ceph-mon[31974]: from='mgr.14152 172.21.15.37:0/25986207' entity='mgr.x' cmd=[{"prefix": "mon metadata"}]: dispatch
2024-03-26T06:13:46.948 INFO:journalctl@ceph.mon.a.smithi037.stdout:Mar 26 06:13:46 smithi037 ceph-mon[31974]: Manager daemon x is now available
2024-03-26T06:13:46.948 INFO:journalctl@ceph.mon.a.smithi037.stdout:Mar 26 06:13:46 smithi037 ceph-mon[31974]: from='mgr.14152 172.21.15.37:0/25986207' entity='mgr.x' cmd=[{"prefix": "config dump", "format": "json"}]: dispatch
2024-03-26T06:13:46.948 INFO:journalctl@ceph.mon.a.smithi037.stdout:Mar 26 06:13:46 smithi037 ceph-mon[31974]: from='mgr.14152 172.21.15.37:0/25986207' entity='mgr.x' cmd=[{"prefix": "config dump", "format": "json"}]: dispatch
2024-03-26T06:13:47.947 INFO:journalctl@ceph.mon.a.smithi037.stdout:Mar 26 06:13:47 smithi037 ceph-mon[31974]: from='mgr.14152 172.21.15.37:0/25986207' entity='mgr.x' cmd=[{"prefix":"config rm","who":"mgr","name":"mgr/rbd_support/x/mirror_snapshot_schedule"}]: dispatch
2024-03-26T06:13:47.947 INFO:journalctl@ceph.mon.a.smithi037.stdout:Mar 26 06:13:47 smithi037 ceph-mon[31974]: from='mgr.14152 172.21.15.37:0/25986207' entity='mgr.x' cmd=[{"prefix":"config rm","who":"mgr","name":"mgr/rbd_support/x/trash_purge_schedule"}]: dispatch
2024-03-26T06:13:47.947 INFO:journalctl@ceph.mon.a.smithi037.stdout:Mar 26 06:13:47 smithi037 ceph-mon[31974]: mgrmap e11: x(active, since 1.00631s)
2024-03-26T06:13:48.490 INFO:teuthology.orchestra.run.smithi037.stdout:/usr/bin/ceph: stdout {
2024-03-26T06:13:48.490 INFO:teuthology.orchestra.run.smithi037.stdout:/usr/bin/ceph: stdout "mgrmap_epoch": 11,
2024-03-26T06:13:48.490 INFO:teuthology.orchestra.run.smithi037.stdout:/usr/bin/ceph: stdout "initialized": true
2024-03-26T06:13:48.490 INFO:teuthology.orchestra.run.smithi037.stdout:/usr/bin/ceph: stdout }
2024-03-26T06:13:48.490 INFO:teuthology.orchestra.run.smithi037.stdout:/usr/bin/ceph: stderr
2024-03-26T06:13:42.110+0000 7fdbc6e46700 1 Processor -- start
2024-03-26T06:13:48.490 INFO:teuthology.orchestra.run.smithi037.stdout:/usr/bin/ceph: stderr
2024-03-26T06:13:42.110+0000 7fdbc6e46700 1 -- start start
2024-03-26T06:13:48.491 INFO:teuthology.orchestra.run.smithi037.stdout:/usr/bin/ceph: stderr
2024-03-26T06:13:42.110+0000 7fdbc6e46700 1 --2- >> [v2:172.21.15.37:3300/0,v1:172.21.15.37:6789/0] conn(0x7fdbc0106160 0x7fdbc0106580 unknown :-1 s=NONE pgs=0 cs=0 l=0 rev1=0 crypto rx=0 tx=0 comp rx=0 tx=0).connect
2024-03-26T06:13:48.491 INFO:teuthology.orchestra.run.smithi037.stdout:/usr/bin/ceph: stderr
2024-03-26T06:13:42.110+0000 7fdbc6e46700 1 -- --> [v2:172.21.15.37:3300/0,v1:172.21.15.37:6789/0] -- mon_getmap magic: 0 v1 -- 0x7fdbc007ae50 con 0x7fdbc0106160
2024-03-26T06:13:48.491 INFO:teuthology.orchestra.run.smithi037.stdout:/usr/bin/ceph: stderr
2024-03-26T06:13:42.111+0000 7fdbc4be2700 1 --2- >> [v2:172.21.15.37:3300/0,v1:172.21.15.37:6789/0] conn(0x7fdbc0106160 0x7fdbc0106580 unknown :-1 s=BANNER_CONNECTING pgs=0 cs=0 l=0 rev1=0 crypto rx=0 tx=0 comp rx=0 tx=0)._handle_peer_banner_payload supported=3 required=0
2024-03-26T06:13:48.491 INFO:teuthology.orchestra.run.smithi037.stdout:/usr/bin/ceph: stderr
2024-03-26T06:13:42.111+0000 7fdbc4be2700 1 --2- >> [v2:172.21.15.37:3300/0,v1:172.21.15.37:6789/0] conn(0x7fdbc0106160 0x7fdbc0106580 unknown :-1 s=HELLO_CONNECTING pgs=0 cs=0 l=0 rev1=1 crypto rx=0 tx=0 comp rx=0 tx=0).handle_hello peer v2:172.21.15.37:3300/0 says I am v2:172.21.15.37:60630/0 (socket says 172.21.15.37:60630)
2024-03-26T06:13:48.491 INFO:teuthology.orchestra.run.smithi037.stdout:/usr/bin/ceph: stderr
2024-03-26T06:13:42.111+0000 7fdbc4be2700 1 -- 172.21.15.37:0/554315964 learned_addr learned my addr 172.21.15.37:0/554315964 (peer_addr_for_me v2:172.21.15.37:0/0)
2024-03-26T06:13:48.491 INFO:teuthology.orchestra.run.smithi037.stdout:/usr/bin/ceph: stderr
2024-03-26T06:13:42.111+0000 7fdbc4be2700 1 -- 172.21.15.37:0/554315964 --> [v2:172.21.15.37:3300/0,v1:172.21.15.37:6789/0] -- mon_subscribe({config=0+,monmap=0+}) v3 -- 0x7fdbc0106ac0 con 0x7fdbc0106160
2024-03-26T06:13:48.491 INFO:teuthology.orchestra.run.smithi037.stdout:/usr/bin/ceph: stderr
2024-03-26T06:13:42.111+0000 7fdbc4be2700 1 --2- 172.21.15.37:0/554315964 >> [v2:172.21.15.37:3300/0,v1:172.21.15.37:6789/0] conn(0x7fdbc0106160 0x7fdbc0106580 secure :-1 s=READY pgs=61 cs=0 l=1 rev1=1 crypto rx=0x7fdbb40098a0 tx=0x7fdbb4009bb0 comp rx=0 tx=0).ready entity=mon.0 client_cookie=fabb0dae32161344 server_cookie=0 in_seq=0 out_seq=0
2024-03-26T06:13:48.491 INFO:teuthology.orchestra.run.smithi037.stdout:/usr/bin/ceph: stderr
2024-03-26T06:13:42.111+0000 7fdbbf7fe700 1 -- 172.21.15.37:0/554315964 <== mon.0 v2:172.21.15.37:3300/0 1 ==== mon_map magic: 0 v1 ==== 205+0+0 (secure 0 0 0) 0x7fdbb4004160 con 0x7fdbc0106160
2024-03-26T06:13:48.491 INFO:teuthology.orchestra.run.smithi037.stdout:/usr/bin/ceph: stderr
2024-03-26T06:13:42.112+0000 7fdbbf7fe700 1 -- 172.21.15.37:0/554315964 <== mon.0 v2:172.21.15.37:3300/0 2 ==== config(27 keys) v1 ==== 1140+0+0 (secure 0 0 0) 0x7fdbb4004300 con 0x7fdbc0106160
2024-03-26T06:13:48.491 INFO:teuthology.orchestra.run.smithi037.stdout:/usr/bin/ceph: stderr
2024-03-26T06:13:42.112+0000 7fdbbf7fe700 1 -- 172.21.15.37:0/554315964 <== mon.0 v2:172.21.15.37:3300/0 3 ==== mon_map magic: 0 v1 ==== 205+0+0 (secure 0 0 0) 0x7fdbb4011b20 con 0x7fdbc0106160
2024-03-26T06:13:48.491 INFO:teuthology.orchestra.run.smithi037.stdout:/usr/bin/ceph: stderr
2024-03-26T06:13:42.112+0000 7fdbc6e46700 1 -- 172.21.15.37:0/554315964 >> [v2:172.21.15.37:3300/0,v1:172.21.15.37:6789/0] conn(0x7fdbc0106160 msgr2=0x7fdbc0106580 secure :-1 s=STATE_CONNECTION_ESTABLISHED l=1).mark_down
2024-03-26T06:13:48.491 INFO:teuthology.orchestra.run.smithi037.stdout:/usr/bin/ceph: stderr
2024-03-26T06:13:42.112+0000 7fdbc6e46700 1 --2- 172.21.15.37:0/554315964 >> [v2:172.21.15.37:3300/0,v1:172.21.15.37:6789/0] conn(0x7fdbc0106160 0x7fdbc0106580 secure :-1 s=READY pgs=61 cs=0 l=1 rev1=1 crypto rx=0x7fdbb40098a0 tx=0x7fdbb4009bb0 comp rx=0 tx=0).stop
2024-03-26T06:13:48.491 INFO:teuthology.orchestra.run.smithi037.stdout:/usr/bin/ceph: stderr
2024-03-26T06:13:42.112+0000 7fdbc6e46700 1 -- 172.21.15.37:0/554315964 shutdown_connections
2024-03-26T06:13:48.492 INFO:teuthology.orchestra.run.smithi037.stdout:/usr/bin/ceph: stderr
2024-03-26T06:13:42.112+0000 7fdbc6e46700 1 --2- 172.21.15.37:0/554315964 >> [v2:172.21.15.37:3300/0,v1:172.21.15.37:6789/0] conn(0x7fdbc0106160 0x7fdbc0106580 unknown :-1 s=CLOSED pgs=61 cs=0 l=1 rev1=1 crypto rx=0 tx=0 comp rx=0 tx=0).stop
2024-03-26T06:13:48.492 INFO:teuthology.orchestra.run.smithi037.stdout:/usr/bin/ceph: stderr
2024-03-26T06:13:42.112+0000 7fdbc6e46700 1 -- 172.21.15.37:0/554315964 >> 172.21.15.37:0/554315964 conn(0x7fdbc0101e80 msgr2=0x7fdbc01042a0 unknown :-1 s=STATE_NONE l=0).mark_down
2024-03-26T06:13:48.492 INFO:teuthology.orchestra.run.smithi037.stdout:/usr/bin/ceph: stderr
2024-03-26T06:13:42.112+0000 7fdbc6e46700 1 -- 172.21.15.37:0/554315964 shutdown_connections
2024-03-26T06:13:48.492 INFO:teuthology.orchestra.run.smithi037.stdout:/usr/bin/ceph: stderr
2024-03-26T06:13:42.113+0000 7fdbc6e46700 1 -- 172.21.15.37:0/554315964 wait complete.
2024-03-26T06:13:48.492 INFO:teuthology.orchestra.run.smithi037.stdout:/usr/bin/ceph: stderr
2024-03-26T06:13:42.113+0000 7fdbc6e46700 1 Processor -- start
2024-03-26T06:13:48.492 INFO:teuthology.orchestra.run.smithi037.stdout:/usr/bin/ceph: stderr
2024-03-26T06:13:42.113+0000 7fdbc6e46700 1 -- start start
2024-03-26T06:13:48.492 INFO:teuthology.orchestra.run.smithi037.stdout:/usr/bin/ceph: stderr
2024-03-26T06:13:42.113+0000 7fdbc6e46700 1 --2- >> [v2:172.21.15.37:3300/0,v1:172.21.15.37:6789/0] conn(0x7fdbc0106160 0x7fdbc019da40 unknown :-1 s=NONE pgs=0 cs=0 l=1 rev1=0 crypto rx=0 tx=0 comp rx=0 tx=0).connect
2024-03-26T06:13:48.492 INFO:teuthology.orchestra.run.smithi037.stdout:/usr/bin/ceph: stderr
2024-03-26T06:13:42.113+0000 7fdbc6e46700 1 -- --> [v2:172.21.15.37:3300/0,v1:172.21.15.37:6789/0] -- mon_getmap magic: 0 v1 -- 0x7fdbc0107b90 con 0x7fdbc0106160
2024-03-26T06:13:48.492 INFO:teuthology.orchestra.run.smithi037.stdout:/usr/bin/ceph: stderr
2024-03-26T06:13:42.114+0000 7fdbc4be2700 1 --2- >> [v2:172.21.15.37:3300/0,v1:172.21.15.37:6789/0] conn(0x7fdbc0106160 0x7fdbc019da40 unknown :-1 s=BANNER_CONNECTING pgs=0 cs=0 l=1 rev1=0 crypto rx=0 tx=0 comp rx=0 tx=0)._handle_peer_banner_payload supported=3 required=0
2024-03-26T06:13:48.492 INFO:teuthology.orchestra.run.smithi037.stdout:/usr/bin/ceph: stderr
2024-03-26T06:13:42.114+0000 7fdbc4be2700 1 --2- >> [v2:172.21.15.37:3300/0,v1:172.21.15.37:6789/0] conn(0x7fdbc0106160 0x7fdbc019da40 unknown :-1 s=HELLO_CONNECTING pgs=0 cs=0 l=1 rev1=1 crypto rx=0 tx=0 comp rx=0 tx=0).handle_hello peer v2:172.21.15.37:3300/0 says I am v2:172.21.15.37:60646/0 (socket says 172.21.15.37:60646)
2024-03-26T06:13:48.492 INFO:teuthology.orchestra.run.smithi037.stdout:/usr/bin/ceph: stderr
2024-03-26T06:13:42.114+0000 7fdbc4be2700 1 -- 172.21.15.37:0/2238619656 learned_addr learned my addr 172.21.15.37:0/2238619656 (peer_addr_for_me v2:172.21.15.37:0/0)
2024-03-26T06:13:48.492 INFO:teuthology.orchestra.run.smithi037.stdout:/usr/bin/ceph: stderr
2024-03-26T06:13:42.114+0000 7fdbc4be2700 1 -- 172.21.15.37:0/2238619656 --> [v2:172.21.15.37:3300/0,v1:172.21.15.37:6789/0] -- mon_subscribe({config=0+,monmap=0+}) v3 -- 0x7fdbc019df80 con 0x7fdbc0106160
2024-03-26T06:13:48.492 INFO:teuthology.orchestra.run.smithi037.stdout:/usr/bin/ceph: stderr
2024-03-26T06:13:42.114+0000 7fdbc4be2700 1 --2- 172.21.15.37:0/2238619656 >> [v2:172.21.15.37:3300/0,v1:172.21.15.37:6789/0] conn(0x7fdbc0106160 0x7fdbc019da40 secure :-1 s=READY pgs=62 cs=0 l=1 rev1=1 crypto rx=0x7fdbb40116a0 tx=0x7fdbb4011ba0 comp rx=0 tx=0).ready entity=mon.0 client_cookie=0 server_cookie=0 in_seq=0 out_seq=0
2024-03-26T06:13:48.492 INFO:teuthology.orchestra.run.smithi037.stdout:/usr/bin/ceph: stderr
2024-03-26T06:13:42.114+0000 7fdbbdffb700 1 -- 172.21.15.37:0/2238619656 <== mon.0 v2:172.21.15.37:3300/0 1 ==== mon_map magic: 0 v1 ==== 205+0+0 (secure 0 0 0) 0x7fdbb4003a40 con 0x7fdbc0106160
2024-03-26T06:13:48.493 INFO:teuthology.orchestra.run.smithi037.stdout:/usr/bin/ceph: stderr
2024-03-26T06:13:42.114+0000 7fdbbdffb700 1 -- 172.21.15.37:0/2238619656 <== mon.0 v2:172.21.15.37:3300/0 2 ==== config(27 keys) v1 ==== 1140+0+0 (secure 0 0 0) 0x7fdbb4003be0 con 0x7fdbc0106160
2024-03-26T06:13:48.493 INFO:teuthology.orchestra.run.smithi037.stdout:/usr/bin/ceph: stderr
2024-03-26T06:13:42.114+0000 7fdbbdffb700 1 -- 172.21.15.37:0/2238619656 <== mon.0 v2:172.21.15.37:3300/0 3 ==== mon_map magic: 0 v1 ==== 205+0+0 (secure 0 0 0) 0x7fdbb401a750 con 0x7fdbc0106160
2024-03-26T06:13:48.493 INFO:teuthology.orchestra.run.smithi037.stdout:/usr/bin/ceph: stderr
2024-03-26T06:13:42.114+0000 7fdbc6e46700 1 -- 172.21.15.37:0/2238619656 --> [v2:172.21.15.37:3300/0,v1:172.21.15.37:6789/0] -- mon_subscribe({mgrmap=0+}) v3 -- 0x7fdbc019e210 con 0x7fdbc0106160
2024-03-26T06:13:48.493 INFO:teuthology.orchestra.run.smithi037.stdout:/usr/bin/ceph: stderr
2024-03-26T06:13:42.114+0000 7fdbc6e46700 1 -- 172.21.15.37:0/2238619656 --> [v2:172.21.15.37:3300/0,v1:172.21.15.37:6789/0] -- mon_subscribe({osdmap=0}) v3 -- 0x7fdbc019e5b0 con 0x7fdbc0106160
2024-03-26T06:13:48.493 INFO:teuthology.orchestra.run.smithi037.stdout:/usr/bin/ceph: stderr
2024-03-26T06:13:42.115+0000 7fdbbdffb700 1 -- 172.21.15.37:0/2238619656 <== mon.0 v2:172.21.15.37:3300/0 4 ==== mgrmap(e 9) v1 ==== 46119+0+0 (secure 0 0 0) 0x7fdbb401aa00 con 0x7fdbc0106160
2024-03-26T06:13:48.493 INFO:teuthology.orchestra.run.smithi037.stdout:/usr/bin/ceph: stderr
2024-03-26T06:13:42.115+0000 7fdbbdffb700 1 --2- 172.21.15.37:0/2238619656 >> [v2:172.21.15.37:6800/401419890,v1:172.21.15.37:6801/401419890] conn(0x7fdbb0038f80 0x7fdbb003b440 unknown :-1 s=NONE pgs=0 cs=0 l=1 rev1=0 crypto rx=0 tx=0 comp rx=0 tx=0).connect
2024-03-26T06:13:48.493 INFO:teuthology.orchestra.run.smithi037.stdout:/usr/bin/ceph: stderr
2024-03-26T06:13:42.115+0000 7fdbc6e46700 1 -- 172.21.15.37:0/2238619656 --> [v2:172.21.15.37:6800/401419890,v1:172.21.15.37:6801/401419890] -- command(tid 0: {"prefix": "get_command_descriptions"}) v1 -- 0x7fdbc0068ec0 con 0x7fdbb0038f80
2024-03-26T06:13:48.493 INFO:teuthology.orchestra.run.smithi037.stdout:/usr/bin/ceph: stderr
2024-03-26T06:13:42.115+0000 7fdbbdffb700 1 -- 172.21.15.37:0/2238619656 <== mon.0 v2:172.21.15.37:3300/0 5 ==== osd_map(2..2 src has 1..2) v4 ==== 940+0+0 (secure 0 0 0) 0x7fdbb404d420 con 0x7fdbc0106160
2024-03-26T06:13:48.493 INFO:teuthology.orchestra.run.smithi037.stdout:/usr/bin/ceph: stderr
2024-03-26T06:13:42.115+0000 7fdbbffff700 1 -- 172.21.15.37:0/2238619656 >> [v2:172.21.15.37:6800/401419890,v1:172.21.15.37:6801/401419890] conn(0x7fdbb0038f80 msgr2=0x7fdbb003b440 unknown :-1 s=STATE_CONNECTING_RE l=1).process reconnect failed to v2:172.21.15.37:6800/401419890
2024-03-26T06:13:48.493 INFO:teuthology.orchestra.run.smithi037.stdout:/usr/bin/ceph: stderr
2024-03-26T06:13:42.115+0000 7fdbbffff700 1 --2- 172.21.15.37:0/2238619656 >> [v2:172.21.15.37:6800/401419890,v1:172.21.15.37:6801/401419890] conn(0x7fdbb0038f80 0x7fdbb003b440 unknown :-1 s=START_CONNECT pgs=0 cs=0 l=1 rev1=0 crypto rx=0 tx=0 comp rx=0 tx=0)._fault waiting 0.200000
2024-03-26T06:13:48.493 INFO:teuthology.orchestra.run.smithi037.stdout:/usr/bin/ceph: stderr
2024-03-26T06:13:42.316+0000 7fdbbffff700 1 -- 172.21.15.37:0/2238619656 >> [v2:172.21.15.37:6800/401419890,v1:172.21.15.37:6801/401419890] conn(0x7fdbb0038f80 msgr2=0x7fdbb003b440 unknown :-1 s=STATE_CONNECTING_RE l=1).process reconnect failed to v2:172.21.15.37:6800/401419890
2024-03-26T06:13:48.493 INFO:teuthology.orchestra.run.smithi037.stdout:/usr/bin/ceph: stderr
2024-03-26T06:13:42.316+0000 7fdbbffff700 1 --2- 172.21.15.37:0/2238619656 >> [v2:172.21.15.37:6800/401419890,v1:172.21.15.37:6801/401419890] conn(0x7fdbb0038f80 0x7fdbb003b440 unknown :-1 s=START_CONNECT pgs=0 cs=0 l=1 rev1=0 crypto rx=0 tx=0 comp rx=0 tx=0)._fault waiting 0.400000
2024-03-26T06:13:48.494 INFO:teuthology.orchestra.run.smithi037.stdout:/usr/bin/ceph: stderr
2024-03-26T06:13:42.717+0000 7fdbbffff700 1 -- 172.21.15.37:0/2238619656 >> [v2:172.21.15.37:6800/401419890,v1:172.21.15.37:6801/401419890] conn(0x7fdbb0038f80 msgr2=0x7fdbb003b440 unknown :-1 s=STATE_CONNECTING_RE l=1).process reconnect failed to v2:172.21.15.37:6800/401419890
2024-03-26T06:13:48.494 INFO:teuthology.orchestra.run.smithi037.stdout:/usr/bin/ceph: stderr
2024-03-26T06:13:42.717+0000 7fdbbffff700 1 --2- 172.21.15.37:0/2238619656 >> [v2:172.21.15.37:6800/401419890,v1:172.21.15.37:6801/401419890] conn(0x7fdbb0038f80 0x7fdbb003b440 unknown :-1 s=START_CONNECT pgs=0 cs=0 l=1 rev1=0 crypto rx=0 tx=0 comp rx=0 tx=0)._fault waiting 0.800000
2024-03-26T06:13:48.494 INFO:teuthology.orchestra.run.smithi037.stdout:/usr/bin/ceph: stderr
2024-03-26T06:13:43.518+0000 7fdbbffff700 1 -- 172.21.15.37:0/2238619656 >> [v2:172.21.15.37:6800/401419890,v1:172.21.15.37:6801/401419890] conn(0x7fdbb0038f80 msgr2=0x7fdbb003b440 unknown :-1 s=STATE_CONNECTING_RE l=1).process reconnect failed to v2:172.21.15.37:6800/401419890
2024-03-26T06:13:48.494 INFO:teuthology.orchestra.run.smithi037.stdout:/usr/bin/ceph: stderr
2024-03-26T06:13:43.518+0000 7fdbbffff700 1 --2- 172.21.15.37:0/2238619656 >> [v2:172.21.15.37:6800/401419890,v1:172.21.15.37:6801/401419890] conn(0x7fdbb0038f80 0x7fdbb003b440 unknown :-1 s=START_CONNECT pgs=0 cs=0 l=1 rev1=0 crypto rx=0 tx=0 comp rx=0 tx=0)._fault waiting 1.600000
2024-03-26T06:13:48.494 INFO:teuthology.orchestra.run.smithi037.stdout:/usr/bin/ceph: stderr
2024-03-26T06:13:45.119+0000 7fdbbffff700 1 -- 172.21.15.37:0/2238619656 >> [v2:172.21.15.37:6800/401419890,v1:172.21.15.37:6801/401419890] conn(0x7fdbb0038f80 msgr2=0x7fdbb003b440 unknown :-1 s=STATE_CONNECTING_RE l=1).process reconnect failed to v2:172.21.15.37:6800/401419890
2024-03-26T06:13:48.494 INFO:teuthology.orchestra.run.smithi037.stdout:/usr/bin/ceph: stderr
2024-03-26T06:13:45.119+0000 7fdbbffff700 1 --2- 172.21.15.37:0/2238619656 >> [v2:172.21.15.37:6800/401419890,v1:172.21.15.37:6801/401419890] conn(0x7fdbb0038f80 0x7fdbb003b440 unknown :-1 s=START_CONNECT pgs=0 cs=0 l=1 rev1=0 crypto rx=0 tx=0 comp rx=0 tx=0)._fault waiting 3.200000
2024-03-26T06:13:48.494 INFO:teuthology.orchestra.run.smithi037.stdout:/usr/bin/ceph: stderr
2024-03-26T06:13:46.667+0000 7fdbbdffb700 1 -- 172.21.15.37:0/2238619656 <== mon.0 v2:172.21.15.37:3300/0 6 ==== mgrmap(e 10) v1 ==== 45886+0+0 (secure 0 0 0) 0x7fdbb402d910 con 0x7fdbc0106160
2024-03-26T06:13:48.494 INFO:teuthology.orchestra.run.smithi037.stdout:/usr/bin/ceph: stderr
2024-03-26T06:13:46.667+0000 7fdbbdffb700 1 -- 172.21.15.37:0/2238619656 >> [v2:172.21.15.37:6800/401419890,v1:172.21.15.37:6801/401419890] conn(0x7fdbb0038f80 msgr2=0x7fdbb003b440 unknown :-1 s=STATE_CONNECTING l=1).mark_down
2024-03-26T06:13:48.494 INFO:teuthology.orchestra.run.smithi037.stdout:/usr/bin/ceph: stderr
2024-03-26T06:13:46.667+0000 7fdbbdffb700 1 --2- 172.21.15.37:0/2238619656 >> [v2:172.21.15.37:6800/401419890,v1:172.21.15.37:6801/401419890] conn(0x7fdbb0038f80 0x7fdbb003b440 unknown :-1 s=START_CONNECT pgs=0 cs=0 l=1 rev1=0 crypto rx=0 tx=0 comp rx=0 tx=0).stop
2024-03-26T06:13:48.494 INFO:teuthology.orchestra.run.smithi037.stdout:/usr/bin/ceph: stderr
2024-03-26T06:13:47.668+0000 7fdbbdffb700 1 -- 172.21.15.37:0/2238619656 <== mon.0 v2:172.21.15.37:3300/0 7 ==== mgrmap(e 11) v1 ==== 46013+0+0 (secure 0 0 0) 0x7fdbb404ed90 con 0x7fdbc0106160
2024-03-26T06:13:48.494 INFO:teuthology.orchestra.run.smithi037.stdout:/usr/bin/ceph: stderr
2024-03-26T06:13:47.669+0000 7fdbbdffb700 1 --2- 172.21.15.37:0/2238619656 >> [v2:172.21.15.37:6800/641545212,v1:172.21.15.37:6801/641545212] conn(0x7fdbb003c840 0x7fdbb003ec30 unknown :-1 s=NONE pgs=0 cs=0 l=1 rev1=0 crypto rx=0 tx=0 comp rx=0 tx=0).connect
2024-03-26T06:13:48.494 INFO:teuthology.orchestra.run.smithi037.stdout:/usr/bin/ceph: stderr
2024-03-26T06:13:47.669+0000 7fdbbdffb700 1 -- 172.21.15.37:0/2238619656 --> [v2:172.21.15.37:6800/641545212,v1:172.21.15.37:6801/641545212] -- command(tid 0: {"prefix": "get_command_descriptions"}) v1 -- 0x7fdbb4001d30 con 0x7fdbb003c840
2024-03-26T06:13:48.495 INFO:teuthology.orchestra.run.smithi037.stdout:/usr/bin/ceph: stderr
2024-03-26T06:13:47.669+0000 7fdbbffff700 1 --2- 172.21.15.37:0/2238619656 >> [v2:172.21.15.37:6800/641545212,v1:172.21.15.37:6801/641545212] conn(0x7fdbb003c840 0x7fdbb003ec30 unknown :-1 s=BANNER_CONNECTING pgs=0 cs=0 l=1 rev1=0 crypto rx=0 tx=0 comp rx=0 tx=0)._handle_peer_banner_payload supported=3 required=0
2024-03-26T06:13:48.495 INFO:teuthology.orchestra.run.smithi037.stdout:/usr/bin/ceph: stderr
2024-03-26T06:13:47.670+0000 7fdbbffff700 1 --2- 172.21.15.37:0/2238619656 >> [v2:172.21.15.37:6800/641545212,v1:172.21.15.37:6801/641545212] conn(0x7fdbb003c840 0x7fdbb003ec30 secure :-1 s=READY pgs=1 cs=0 l=1 rev1=1 crypto rx=0x7fdbac003a10 tx=0x7fdbac009270 comp rx=0 tx=0).ready entity=mgr.14152 client_cookie=0 server_cookie=0 in_seq=0 out_seq=0
2024-03-26T06:13:48.495 INFO:teuthology.orchestra.run.smithi037.stdout:/usr/bin/ceph: stderr
2024-03-26T06:13:47.670+0000 7fdbbdffb700 1 -- 172.21.15.37:0/2238619656 <== mgr.14152 v2:172.21.15.37:6800/641545212 1 ==== command_reply(tid 0: 0 ) v1 ==== 8+0+7774 (secure 0 0 0) 0x7fdbb4001d30 con 0x7fdbb003c840
2024-03-26T06:13:48.495 INFO:teuthology.orchestra.run.smithi037.stdout:/usr/bin/ceph: stderr
2024-03-26T06:13:47.677+0000 7fdbc6e46700 1 -- 172.21.15.37:0/2238619656 --> [v2:172.21.15.37:6800/641545212,v1:172.21.15.37:6801/641545212] -- command(tid 1: {"prefix": "mgr_status"}) v1 -- 0x7fdbc0062220 con 0x7fdbb003c840
2024-03-26T06:13:48.495 INFO:teuthology.orchestra.run.smithi037.stdout:/usr/bin/ceph: stderr
2024-03-26T06:13:47.677+0000 7fdbbdffb700 1 -- 172.21.15.37:0/2238619656 <== mgr.14152 v2:172.21.15.37:6800/641545212 2 ==== command_reply(tid 1: 0 ) v1 ==== 8+0+52 (secure 0 0 0) 0x7fdbc0062220 con 0x7fdbb003c840
2024-03-26T06:13:48.495 INFO:teuthology.orchestra.run.smithi037.stdout:/usr/bin/ceph: stderr
2024-03-26T06:13:47.678+0000 7fdbc6e46700 1 -- 172.21.15.37:0/2238619656 >> [v2:172.21.15.37:6800/641545212,v1:172.21.15.37:6801/641545212] conn(0x7fdbb003c840 msgr2=0x7fdbb003ec30 secure :-1 s=STATE_CONNECTION_ESTABLISHED l=1).mark_down
2024-03-26T06:13:48.495 INFO:teuthology.orchestra.run.smithi037.stdout:/usr/bin/ceph: stderr
2024-03-26T06:13:47.678+0000 7fdbc6e46700 1 --2- 172.21.15.37:0/2238619656 >> [v2:172.21.15.37:6800/641545212,v1:172.21.15.37:6801/641545212] conn(0x7fdbb003c840 0x7fdbb003ec30 secure :-1 s=READY pgs=1 cs=0 l=1 rev1=1 crypto rx=0x7fdbac003a10 tx=0x7fdbac009270 comp rx=0 tx=0).stop
2024-03-26T06:13:48.495 INFO:teuthology.orchestra.run.smithi037.stdout:/usr/bin/ceph: stderr
2024-03-26T06:13:47.678+0000 7fdbc6e46700 1 -- 172.21.15.37:0/2238619656 >> [v2:172.21.15.37:3300/0,v1:172.21.15.37:6789/0] conn(0x7fdbc0106160 msgr2=0x7fdbc019da40 secure :-1 s=STATE_CONNECTION_ESTABLISHED l=1).mark_down
2024-03-26T06:13:48.495 INFO:teuthology.orchestra.run.smithi037.stdout:/usr/bin/ceph: stderr
2024-03-26T06:13:47.678+0000 7fdbc6e46700 1 --2- 172.21.15.37:0/2238619656 >> [v2:172.21.15.37:3300/0,v1:172.21.15.37:6789/0] conn(0x7fdbc0106160 0x7fdbc019da40 secure :-1 s=READY pgs=62 cs=0 l=1 rev1=1 crypto rx=0x7fdbb40116a0 tx=0x7fdbb4011ba0 comp rx=0 tx=0).stop
2024-03-26T06:13:48.495 INFO:teuthology.orchestra.run.smithi037.stdout:/usr/bin/ceph: stderr
2024-03-26T06:13:47.678+0000 7fdbc6e46700 1 -- 172.21.15.37:0/2238619656 shutdown_connections
2024-03-26T06:13:48.495 INFO:teuthology.orchestra.run.smithi037.stdout:/usr/bin/ceph: stderr
2024-03-26T06:13:47.678+0000 7fdbc6e46700 1 --2- 172.21.15.37:0/2238619656 >> [v2:172.21.15.37:6800/641545212,v1:172.21.15.37:6801/641545212] conn(0x7fdbb003c840 0x7fdbb003ec30 unknown :-1 s=CLOSED pgs=1 cs=0 l=1 rev1=1 crypto rx=0 tx=0 comp rx=0 tx=0).stop
2024-03-26T06:13:48.495 INFO:teuthology.orchestra.run.smithi037.stdout:/usr/bin/ceph: stderr
2024-03-26T06:13:47.678+0000 7fdbc6e46700 1 --2- 172.21.15.37:0/2238619656 >> [v2:172.21.15.37:3300/0,v1:172.21.15.37:6789/0] conn(0x7fdbc0106160 0x7fdbc019da40 unknown :-1 s=CLOSED pgs=62 cs=0 l=1 rev1=1 crypto rx=0 tx=0 comp rx=0 tx=0).stop
2024-03-26T06:13:48.495 INFO:teuthology.orchestra.run.smithi037.stdout:/usr/bin/ceph: stderr
2024-03-26T06:13:47.678+0000 7fdbc6e46700 1 --2- 172.21.15.37:0/2238619656 >> [v2:172.21.15.37:6800/401419890,v1:172.21.15.37:6801/401419890] conn(0x7fdbb0038f80 0x7fdbb003b440 unknown :-1 s=CLOSED pgs=0 cs=0 l=1 rev1=0 crypto rx=0 tx=0 comp rx=0 tx=0).stop
2024-03-26T06:13:48.496 INFO:teuthology.orchestra.run.smithi037.stdout:/usr/bin/ceph: stderr
2024-03-26T06:13:47.678+0000 7fdbc6e46700 1 -- 172.21.15.37:0/2238619656 >> 172.21.15.37:0/2238619656 conn(0x7fdbc0101e80 msgr2=0x7fdbc0194620 unknown :-1 s=STATE_NONE l=0).mark_down
2024-03-26T06:13:48.496 INFO:teuthology.orchestra.run.smithi037.stdout:/usr/bin/ceph: stderr
2024-03-26T06:13:47.678+0000 7fdbc6e46700 1 -- 172.21.15.37:0/2238619656 shutdown_connections
2024-03-26T06:13:48.496 INFO:teuthology.orchestra.run.smithi037.stdout:/usr/bin/ceph: stderr
2024-03-26T06:13:47.678+0000 7fdbc6e46700 1 -- 172.21.15.37:0/2238619656 wait complete.
2024-03-26T06:13:48.496 INFO:teuthology.orchestra.run.smithi037.stdout:mgr epoch 9 is available
2024-03-26T06:13:48.496 INFO:teuthology.orchestra.run.smithi037.stdout:Generating a dashboard self-signed certificate...
2024-03-26T06:13:48.826 INFO:journalctl@ceph.mon.a.smithi037.stdout:Mar 26 06:13:48 smithi037 ceph-mon[31974]: [26/Mar/2024:06:13:47] ENGINE Bus STARTING
2024-03-26T06:13:48.826 INFO:journalctl@ceph.mon.a.smithi037.stdout:Mar 26 06:13:48 smithi037 ceph-mon[31974]: [26/Mar/2024:06:13:48] ENGINE Serving on https://172.21.15.37:7150
2024-03-26T06:13:48.826 INFO:journalctl@ceph.mon.a.smithi037.stdout:Mar 26 06:13:48 smithi037 ceph-mon[31974]: [26/Mar/2024:06:13:48] ENGINE Serving on http://172.21.15.37:8765
2024-03-26T06:13:48.826 INFO:journalctl@ceph.mon.a.smithi037.stdout:Mar 26 06:13:48 smithi037 ceph-mon[31974]: [26/Mar/2024:06:13:48] ENGINE Bus STARTED
2024-03-26T06:13:49.947 INFO:journalctl@ceph.mon.a.smithi037.stdout:Mar 26 06:13:49 smithi037 ceph-mon[31974]: mgrmap e12: x(active, since 2s)
2024-03-26T06:13:49.947 INFO:journalctl@ceph.mon.a.smithi037.stdout:Mar 26 06:13:49 smithi037 ceph-mon[31974]: from='mgr.14152 172.21.15.37:0/25986207' entity='mgr.x'
2024-03-26T06:13:49.947 INFO:journalctl@ceph.mon.a.smithi037.stdout:Mar 26 06:13:49 smithi037 ceph-mon[31974]: from='client.14164 -' entity='client.admin' cmd=[{"prefix": "dashboard create-self-signed-cert", "target": ["mon-mgr", ""]}]: dispatch
2024-03-26T06:13:49.947 INFO:journalctl@ceph.mon.a.smithi037.stdout:Mar 26 06:13:49 smithi037 ceph-mon[31974]: from='mgr.14152 172.21.15.37:0/25986207' entity='mgr.x'
2024-03-26T06:13:49.947 INFO:journalctl@ceph.mon.a.smithi037.stdout:Mar 26 06:13:49 smithi037 ceph-mon[31974]: from='mgr.14152 172.21.15.37:0/25986207' entity='mgr.x'
2024-03-26T06:13:50.237 INFO:teuthology.orchestra.run.smithi037.stdout:/usr/bin/ceph: stdout Self-signed certificate created
2024-03-26T06:13:50.237 INFO:teuthology.orchestra.run.smithi037.stdout:/usr/bin/ceph: stderr
2024-03-26T06:13:49.280+0000 7fb80e50c700 1 Processor -- start
2024-03-26T06:13:50.237 INFO:teuthology.orchestra.run.smithi037.stdout:/usr/bin/ceph: stderr
2024-03-26T06:13:49.280+0000 7fb80e50c700 1 -- start start
2024-03-26T06:13:50.238 INFO:teuthology.orchestra.run.smithi037.stdout:/usr/bin/ceph: stderr
2024-03-26T06:13:49.281+0000 7fb80e50c700 1 --2- >> [v2:172.21.15.37:3300/0,v1:172.21.15.37:6789/0] conn(0x7fb808108320 0x7fb80810a710 unknown :-1 s=NONE pgs=0 cs=0 l=0 rev1=0 crypto rx=0 tx=0 comp rx=0 tx=0).connect
2024-03-26T06:13:50.238 INFO:teuthology.orchestra.run.smithi037.stdout:/usr/bin/ceph: stderr
2024-03-26T06:13:49.281+0000 7fb80e50c700 1 -- --> [v2:172.21.15.37:3300/0,v1:172.21.15.37:6789/0] -- mon_getmap magic: 0 v1 -- 0x7fb80807ae90 con 0x7fb808108320
2024-03-26T06:13:50.238 INFO:teuthology.orchestra.run.smithi037.stdout:/usr/bin/ceph: stderr
2024-03-26T06:13:49.281+0000 7fb807fff700 1 --2- >> [v2:172.21.15.37:3300/0,v1:172.21.15.37:6789/0] conn(0x7fb808108320 0x7fb80810a710 unknown :-1 s=BANNER_CONNECTING pgs=0 cs=0 l=0 rev1=0 crypto rx=0 tx=0 comp rx=0 tx=0)._handle_peer_banner_payload supported=3 required=0
2024-03-26T06:13:50.238 INFO:teuthology.orchestra.run.smithi037.stdout:/usr/bin/ceph: stderr
2024-03-26T06:13:49.281+0000 7fb807fff700 1 --2- >> [v2:172.21.15.37:3300/0,v1:172.21.15.37:6789/0] conn(0x7fb808108320 0x7fb80810a710 unknown :-1 s=HELLO_CONNECTING pgs=0 cs=0 l=0 rev1=1 crypto rx=0 tx=0 comp rx=0 tx=0).handle_hello peer v2:172.21.15.37:3300/0 says I am v2:172.21.15.37:36764/0 (socket says 172.21.15.37:36764)
2024-03-26T06:13:50.238 INFO:teuthology.orchestra.run.smithi037.stdout:/usr/bin/ceph: stderr
2024-03-26T06:13:49.281+0000 7fb807fff700 1 -- 172.21.15.37:0/235296718 learned_addr learned my addr 172.21.15.37:0/235296718 (peer_addr_for_me v2:172.21.15.37:0/0)
2024-03-26T06:13:50.238 INFO:teuthology.orchestra.run.smithi037.stdout:/usr/bin/ceph: stderr
2024-03-26T06:13:49.281+0000 7fb807fff700 1 -- 172.21.15.37:0/235296718 --> [v2:172.21.15.37:3300/0,v1:172.21.15.37:6789/0] -- mon_subscribe({config=0+,monmap=0+}) v3 -- 0x7fb80810ac50 con 0x7fb808108320
2024-03-26T06:13:50.238 INFO:teuthology.orchestra.run.smithi037.stdout:/usr/bin/ceph: stderr
2024-03-26T06:13:49.281+0000 7fb807fff700 1 --2- 172.21.15.37:0/235296718 >> [v2:172.21.15.37:3300/0,v1:172.21.15.37:6789/0] conn(0x7fb808108320 0x7fb80810a710 secure :-1 s=READY pgs=70 cs=0 l=1 rev1=1 crypto rx=0x7fb7f80098a0 tx=0x7fb7f8009bb0 comp rx=0 tx=0).ready entity=mon.0 client_cookie=28e021ce8217602 server_cookie=0 in_seq=0 out_seq=0
2024-03-26T06:13:50.238 INFO:teuthology.orchestra.run.smithi037.stdout:/usr/bin/ceph: stderr
2024-03-26T06:13:49.282+0000 7fb806ffd700 1 -- 172.21.15.37:0/235296718 <== mon.0 v2:172.21.15.37:3300/0 1 ==== mon_map magic: 0 v1 ==== 205+0+0 (secure 0 0 0) 0x7fb7f8004160 con 0x7fb808108320
2024-03-26T06:13:50.238 INFO:teuthology.orchestra.run.smithi037.stdout:/usr/bin/ceph: stderr
2024-03-26T06:13:49.282+0000 7fb806ffd700 1 -- 172.21.15.37:0/235296718 <== mon.0 v2:172.21.15.37:3300/0 2 ==== config(27 keys) v1 ==== 1140+0+0 (secure 0 0 0) 0x7fb7f8004300 con 0x7fb808108320
2024-03-26T06:13:50.238 INFO:teuthology.orchestra.run.smithi037.stdout:/usr/bin/ceph: stderr
2024-03-26T06:13:49.282+0000 7fb806ffd700 1 -- 172.21.15.37:0/235296718 <== mon.0 v2:172.21.15.37:3300/0 3 ==== mon_map magic: 0 v1 ==== 205+0+0 (secure 0 0 0) 0x7fb7f8011b20 con 0x7fb808108320
2024-03-26T06:13:50.238 INFO:teuthology.orchestra.run.smithi037.stdout:/usr/bin/ceph: stderr
2024-03-26T06:13:49.282+0000 7fb80e50c700 1 -- 172.21.15.37:0/235296718 >> [v2:172.21.15.37:3300/0,v1:172.21.15.37:6789/0] conn(0x7fb808108320 msgr2=0x7fb80810a710 secure :-1 s=STATE_CONNECTION_ESTABLISHED l=1).mark_down
2024-03-26T06:13:50.238 INFO:teuthology.orchestra.run.smithi037.stdout:/usr/bin/ceph: stderr
2024-03-26T06:13:49.282+0000 7fb80e50c700 1 --2- 172.21.15.37:0/235296718 >> [v2:172.21.15.37:3300/0,v1:172.21.15.37:6789/0] conn(0x7fb808108320 0x7fb80810a710 secure :-1 s=READY pgs=70 cs=0 l=1 rev1=1 crypto rx=0x7fb7f80098a0 tx=0x7fb7f8009bb0 comp rx=0 tx=0).stop
2024-03-26T06:13:50.239 INFO:teuthology.orchestra.run.smithi037.stdout:/usr/bin/ceph: stderr
2024-03-26T06:13:49.282+0000 7fb80e50c700 1 -- 172.21.15.37:0/235296718 shutdown_connections
2024-03-26T06:13:50.239 INFO:teuthology.orchestra.run.smithi037.stdout:/usr/bin/ceph: stderr
2024-03-26T06:13:49.282+0000 7fb80e50c700 1 --2- 172.21.15.37:0/235296718 >> [v2:172.21.15.37:3300/0,v1:172.21.15.37:6789/0] conn(0x7fb808108320 0x7fb80810a710 unknown :-1 s=CLOSED pgs=70 cs=0 l=1 rev1=1 crypto rx=0 tx=0 comp rx=0 tx=0).stop
2024-03-26T06:13:50.239 INFO:teuthology.orchestra.run.smithi037.stdout:/usr/bin/ceph: stderr
2024-03-26T06:13:49.282+0000 7fb80e50c700 1 -- 172.21.15.37:0/235296718 >> 172.21.15.37:0/235296718 conn(0x7fb808101e10 msgr2=0x7fb808104230 unknown :-1 s=STATE_NONE l=0).mark_down
2024-03-26T06:13:50.239 INFO:teuthology.orchestra.run.smithi037.stdout:/usr/bin/ceph: stderr
2024-03-26T06:13:49.282+0000 7fb80e50c700 1 -- 172.21.15.37:0/235296718 shutdown_connections
2024-03-26T06:13:50.239 INFO:teuthology.orchestra.run.smithi037.stdout:/usr/bin/ceph: stderr
2024-03-26T06:13:49.282+0000 7fb80e50c700 1 -- 172.21.15.37:0/235296718 wait complete.
2024-03-26T06:13:50.239 INFO:teuthology.orchestra.run.smithi037.stdout:/usr/bin/ceph: stderr
2024-03-26T06:13:49.283+0000 7fb80e50c700 1 Processor -- start
2024-03-26T06:13:50.239 INFO:teuthology.orchestra.run.smithi037.stdout:/usr/bin/ceph: stderr
2024-03-26T06:13:49.283+0000 7fb80e50c700 1 -- start start
2024-03-26T06:13:50.239 INFO:teuthology.orchestra.run.smithi037.stdout:/usr/bin/ceph: stderr
2024-03-26T06:13:49.283+0000 7fb80e50c700 1 --2- >> [v2:172.21.15.37:3300/0,v1:172.21.15.37:6789/0] conn(0x7fb808108320 0x7fb80819b810 unknown :-1 s=NONE pgs=0 cs=0 l=1 rev1=0 crypto rx=0 tx=0 comp rx=0 tx=0).connect
2024-03-26T06:13:50.239 INFO:teuthology.orchestra.run.smithi037.stdout:/usr/bin/ceph: stderr
2024-03-26T06:13:49.283+0000 7fb80e50c700 1 -- --> [v2:172.21.15.37:3300/0,v1:172.21.15.37:6789/0] -- mon_getmap magic: 0 v1 -- 0x7fb80810bcc0 con 0x7fb808108320
2024-03-26T06:13:50.239 INFO:teuthology.orchestra.run.smithi037.stdout:/usr/bin/ceph: stderr
2024-03-26T06:13:49.283+0000 7fb807fff700 1 --2- >> [v2:172.21.15.37:3300/0,v1:172.21.15.37:6789/0] conn(0x7fb808108320 0x7fb80819b810 unknown :-1 s=BANNER_CONNECTING pgs=0 cs=0 l=1 rev1=0 crypto rx=0 tx=0 comp rx=0 tx=0)._handle_peer_banner_payload supported=3 required=0
2024-03-26T06:13:50.239 INFO:teuthology.orchestra.run.smithi037.stdout:/usr/bin/ceph: stderr
2024-03-26T06:13:49.283+0000 7fb807fff700 1 --2- >> [v2:172.21.15.37:3300/0,v1:172.21.15.37:6789/0] conn(0x7fb808108320 0x7fb80819b810 unknown :-1 s=HELLO_CONNECTING pgs=0 cs=0 l=1 rev1=1 crypto rx=0 tx=0 comp rx=0 tx=0).handle_hello peer v2:172.21.15.37:3300/0 says I am v2:172.21.15.37:36778/0 (socket says 172.21.15.37:36778)
2024-03-26T06:13:50.239 INFO:teuthology.orchestra.run.smithi037.stdout:/usr/bin/ceph: stderr
2024-03-26T06:13:49.283+0000 7fb807fff700 1 -- 172.21.15.37:0/1894492781 learned_addr learned my addr 172.21.15.37:0/1894492781 (peer_addr_for_me v2:172.21.15.37:0/0)
2024-03-26T06:13:50.239 INFO:teuthology.orchestra.run.smithi037.stdout:/usr/bin/ceph: stderr
2024-03-26T06:13:49.284+0000 7fb807fff700 1 -- 172.21.15.37:0/1894492781 --> [v2:172.21.15.37:3300/0,v1:172.21.15.37:6789/0] -- mon_subscribe({config=0+,monmap=0+}) v3 -- 0x7fb80819bd50 con 0x7fb808108320
2024-03-26T06:13:50.239 INFO:teuthology.orchestra.run.smithi037.stdout:/usr/bin/ceph: stderr
2024-03-26T06:13:49.284+0000 7fb807fff700 1 --2- 172.21.15.37:0/1894492781 >> [v2:172.21.15.37:3300/0,v1:172.21.15.37:6789/0] conn(0x7fb808108320 0x7fb80819b810 secure :-1 s=READY pgs=71 cs=0 l=1 rev1=1 crypto rx=0x7fb7f80116a0 tx=0x7fb7f8011ba0 comp rx=0 tx=0).ready entity=mon.0 client_cookie=0 server_cookie=0 in_seq=0 out_seq=0
2024-03-26T06:13:50.239 INFO:teuthology.orchestra.run.smithi037.stdout:/usr/bin/ceph: stderr
2024-03-26T06:13:49.284+0000 7fb8057fa700 1 -- 172.21.15.37:0/1894492781 <== mon.0 v2:172.21.15.37:3300/0 1 ==== mon_map magic: 0 v1 ==== 205+0+0 (secure 0 0 0) 0x7fb7f8003a40 con 0x7fb808108320
2024-03-26T06:13:50.240 INFO:teuthology.orchestra.run.smithi037.stdout:/usr/bin/ceph: stderr
2024-03-26T06:13:49.284+0000 7fb8057fa700 1 -- 172.21.15.37:0/1894492781 <== mon.0 v2:172.21.15.37:3300/0 2 ==== config(27 keys) v1 ==== 1140+0+0 (secure 0 0 0) 0x7fb7f8003be0 con 0x7fb808108320
2024-03-26T06:13:50.240 INFO:teuthology.orchestra.run.smithi037.stdout:/usr/bin/ceph: stderr
2024-03-26T06:13:49.284+0000 7fb80e50c700 1 -- 172.21.15.37:0/1894492781 --> [v2:172.21.15.37:3300/0,v1:172.21.15.37:6789/0] -- mon_subscribe({mgrmap=0+}) v3 -- 0x7fb80819bfe0 con 0x7fb808108320
2024-03-26T06:13:50.240 INFO:teuthology.orchestra.run.smithi037.stdout:/usr/bin/ceph: stderr
2024-03-26T06:13:49.284+0000 7fb8057fa700 1 -- 172.21.15.37:0/1894492781 <== mon.0 v2:172.21.15.37:3300/0 3 ==== mon_map magic: 0 v1 ==== 205+0+0 (secure 0 0 0) 0x7fb7f801a750 con 0x7fb808108320
2024-03-26T06:13:50.240 INFO:teuthology.orchestra.run.smithi037.stdout:/usr/bin/ceph: stderr
2024-03-26T06:13:49.284+0000 7fb80e50c700 1 -- 172.21.15.37:0/1894492781 --> [v2:172.21.15.37:3300/0,v1:172.21.15.37:6789/0] -- mon_subscribe({osdmap=0}) v3 -- 0x7fb80819c440 con 0x7fb808108320
2024-03-26T06:13:50.240 INFO:teuthology.orchestra.run.smithi037.stdout:/usr/bin/ceph: stderr
2024-03-26T06:13:49.285+0000 7fb80e50c700 1 -- 172.21.15.37:0/1894492781 --> [v2:172.21.15.37:3300/0,v1:172.21.15.37:6789/0] -- mon_command({"prefix": "get_command_descriptions"} v 0) v1 -- 0x7fb808068ec0 con 0x7fb808108320
2024-03-26T06:13:50.240 INFO:teuthology.orchestra.run.smithi037.stdout:/usr/bin/ceph: stderr
