2024-03-26T06:13:19.905 INFO:journalctl@ceph.mon.a.smithi037.stdout:Mar 26 06:13:19 smithi037 ceph-mon[31974]: mgrmap e7: x(active, since 1.00596s)
2024-03-26T06:13:20.198 INFO:teuthology.orchestra.run.smithi037.stdout:/usr/bin/ceph: stdout {
2024-03-26T06:13:20.198 INFO:teuthology.orchestra.run.smithi037.stdout:/usr/bin/ceph: stdout "mgrmap_epoch": 7,
2024-03-26T06:13:20.198 INFO:teuthology.orchestra.run.smithi037.stdout:/usr/bin/ceph: stdout "initialized": true
2024-03-26T06:13:20.198 INFO:teuthology.orchestra.run.smithi037.stdout:/usr/bin/ceph: stdout }
2024-03-26T06:13:20.198 INFO:teuthology.orchestra.run.smithi037.stdout:/usr/bin/ceph: stderr
2024-03-26T06:13:13.901+0000 7fe2f94be700 1 Processor -- start
2024-03-26T06:13:20.198 INFO:teuthology.orchestra.run.smithi037.stdout:/usr/bin/ceph: stderr
2024-03-26T06:13:13.901+0000 7fe2f94be700 1 -- start start
2024-03-26T06:13:20.198 INFO:teuthology.orchestra.run.smithi037.stdout:/usr/bin/ceph: stderr
2024-03-26T06:13:13.901+0000 7fe2f94be700 1 --2- >> [v2:172.21.15.37:3300/0,v1:172.21.15.37:6789/0] conn(0x7fe2f4108320 0x7fe2f410a710 unknown :-1 s=NONE pgs=0 cs=0 l=0 rev1=0 crypto rx=0 tx=0 comp rx=0 tx=0).connect
2024-03-26T06:13:20.198 INFO:teuthology.orchestra.run.smithi037.stdout:/usr/bin/ceph: stderr
2024-03-26T06:13:13.901+0000 7fe2f94be700 1 -- --> [v2:172.21.15.37:3300/0,v1:172.21.15.37:6789/0] -- mon_getmap magic: 0 v1 -- 0x7fe2f407ae90 con 0x7fe2f4108320
2024-03-26T06:13:20.199 INFO:teuthology.orchestra.run.smithi037.stdout:/usr/bin/ceph: stderr
2024-03-26T06:13:13.901+0000 7fe2f2ffd700 1 --2- >> [v2:172.21.15.37:3300/0,v1:172.21.15.37:6789/0] conn(0x7fe2f4108320 0x7fe2f410a710 unknown :-1 s=BANNER_CONNECTING pgs=0 cs=0 l=0 rev1=0 crypto rx=0 tx=0 comp rx=0 tx=0)._handle_peer_banner_payload supported=3 required=0
2024-03-26T06:13:20.199 INFO:teuthology.orchestra.run.smithi037.stdout:/usr/bin/ceph: stderr
2024-03-26T06:13:13.901+0000 7fe2f2ffd700 1 --2- >> [v2:172.21.15.37:3300/0,v1:172.21.15.37:6789/0] conn(0x7fe2f4108320 0x7fe2f410a710 unknown :-1 s=HELLO_CONNECTING pgs=0 cs=0 l=0 rev1=1 crypto rx=0 tx=0 comp rx=0 tx=0).handle_hello peer v2:172.21.15.37:3300/0 says I am v2:172.21.15.37:42448/0 (socket says 172.21.15.37:42448)
2024-03-26T06:13:20.199 INFO:teuthology.orchestra.run.smithi037.stdout:/usr/bin/ceph: stderr
2024-03-26T06:13:13.901+0000 7fe2f2ffd700 1 -- 172.21.15.37:0/349550482 learned_addr learned my addr 172.21.15.37:0/349550482 (peer_addr_for_me v2:172.21.15.37:0/0)
2024-03-26T06:13:20.199 INFO:teuthology.orchestra.run.smithi037.stdout:/usr/bin/ceph: stderr
2024-03-26T06:13:13.902+0000 7fe2f2ffd700 1 -- 172.21.15.37:0/349550482 --> [v2:172.21.15.37:3300/0,v1:172.21.15.37:6789/0] -- mon_subscribe({config=0+,monmap=0+}) v3 -- 0x7fe2f410ac50 con 0x7fe2f4108320
2024-03-26T06:13:20.199 INFO:teuthology.orchestra.run.smithi037.stdout:/usr/bin/ceph: stderr
2024-03-26T06:13:13.902+0000 7fe2f2ffd700 1 --2- 172.21.15.37:0/349550482 >> [v2:172.21.15.37:3300/0,v1:172.21.15.37:6789/0] conn(0x7fe2f4108320 0x7fe2f410a710 secure :-1 s=READY pgs=28 cs=0 l=1 rev1=1 crypto rx=0x7fe2dc0098a0 tx=0x7fe2dc009bb0 comp rx=0 tx=0).ready entity=mon.0 client_cookie=5661ab7ef2feeeea server_cookie=0 in_seq=0 out_seq=0
2024-03-26T06:13:20.199 INFO:teuthology.orchestra.run.smithi037.stdout:/usr/bin/ceph: stderr
2024-03-26T06:13:13.902+0000 7fe2f1ffb700 1 -- 172.21.15.37:0/349550482 <== mon.0 v2:172.21.15.37:3300/0 1 ==== mon_map magic: 0 v1 ==== 205+0+0 (secure 0 0 0) 0x7fe2dc004160 con 0x7fe2f4108320
2024-03-26T06:13:20.199 INFO:teuthology.orchestra.run.smithi037.stdout:/usr/bin/ceph: stderr
2024-03-26T06:13:13.902+0000 7fe2f1ffb700 1 -- 172.21.15.37:0/349550482 <== mon.0 v2:172.21.15.37:3300/0 2 ==== config(27 keys) v1 ==== 1109+0+0 (secure 0 0 0) 0x7fe2dc004300 con 0x7fe2f4108320
2024-03-26T06:13:20.199 INFO:teuthology.orchestra.run.smithi037.stdout:/usr/bin/ceph: stderr
2024-03-26T06:13:13.902+0000 7fe2f1ffb700 1 -- 172.21.15.37:0/349550482 <== mon.0 v2:172.21.15.37:3300/0 3 ==== mon_map magic: 0 v1 ==== 205+0+0 (secure 0 0 0) 0x7fe2dc011b50 con 0x7fe2f4108320
2024-03-26T06:13:20.199 INFO:teuthology.orchestra.run.smithi037.stdout:/usr/bin/ceph: stderr
2024-03-26T06:13:13.903+0000 7fe2f94be700 1 -- 172.21.15.37:0/349550482 >> [v2:172.21.15.37:3300/0,v1:172.21.15.37:6789/0] conn(0x7fe2f4108320 msgr2=0x7fe2f410a710 secure :-1 s=STATE_CONNECTION_ESTABLISHED l=1).mark_down
2024-03-26T06:13:20.199 INFO:teuthology.orchestra.run.smithi037.stdout:/usr/bin/ceph: stderr
2024-03-26T06:13:13.903+0000 7fe2f94be700 1 --2- 172.21.15.37:0/349550482 >> [v2:172.21.15.37:3300/0,v1:172.21.15.37:6789/0] conn(0x7fe2f4108320 0x7fe2f410a710 secure :-1 s=READY pgs=28 cs=0 l=1 rev1=1 crypto rx=0x7fe2dc0098a0 tx=0x7fe2dc009bb0 comp rx=0 tx=0).stop
2024-03-26T06:13:20.199 INFO:teuthology.orchestra.run.smithi037.stdout:/usr/bin/ceph: stderr
2024-03-26T06:13:13.903+0000 7fe2f94be700 1 -- 172.21.15.37:0/349550482 shutdown_connections
2024-03-26T06:13:20.199 INFO:teuthology.orchestra.run.smithi037.stdout:/usr/bin/ceph: stderr
2024-03-26T06:13:13.903+0000 7fe2f94be700 1 --2- 172.21.15.37:0/349550482 >> [v2:172.21.15.37:3300/0,v1:172.21.15.37:6789/0] conn(0x7fe2f4108320 0x7fe2f410a710 unknown :-1 s=CLOSED pgs=28 cs=0 l=1 rev1=1 crypto rx=0 tx=0 comp rx=0 tx=0).stop
2024-03-26T06:13:20.200 INFO:teuthology.orchestra.run.smithi037.stdout:/usr/bin/ceph: stderr
2024-03-26T06:13:13.903+0000 7fe2f94be700 1 -- 172.21.15.37:0/349550482 >> 172.21.15.37:0/349550482 conn(0x7fe2f4101e10 msgr2=0x7fe2f4104230 unknown :-1 s=STATE_NONE l=0).mark_down
2024-03-26T06:13:20.200 INFO:teuthology.orchestra.run.smithi037.stdout:/usr/bin/ceph: stderr
2024-03-26T06:13:13.903+0000 7fe2f94be700 1 -- 172.21.15.37:0/349550482 shutdown_connections
2024-03-26T06:13:20.200 INFO:teuthology.orchestra.run.smithi037.stdout:/usr/bin/ceph: stderr
2024-03-26T06:13:13.903+0000 7fe2f94be700 1 -- 172.21.15.37:0/349550482 wait complete.
2024-03-26T06:13:20.200 INFO:teuthology.orchestra.run.smithi037.stdout:/usr/bin/ceph: stderr
2024-03-26T06:13:13.903+0000 7fe2f94be700 1 Processor -- start
2024-03-26T06:13:20.200 INFO:teuthology.orchestra.run.smithi037.stdout:/usr/bin/ceph: stderr
2024-03-26T06:13:13.904+0000 7fe2f94be700 1 -- start start
2024-03-26T06:13:20.200 INFO:teuthology.orchestra.run.smithi037.stdout:/usr/bin/ceph: stderr
2024-03-26T06:13:13.904+0000 7fe2f94be700 1 --2- >> [v2:172.21.15.37:3300/0,v1:172.21.15.37:6789/0] conn(0x7fe2f4108320 0x7fe2f4107ba0 unknown :-1 s=NONE pgs=0 cs=0 l=1 rev1=0 crypto rx=0 tx=0 comp rx=0 tx=0).connect
2024-03-26T06:13:20.200 INFO:teuthology.orchestra.run.smithi037.stdout:/usr/bin/ceph: stderr
2024-03-26T06:13:13.904+0000 7fe2f94be700 1 -- --> [v2:172.21.15.37:3300/0,v1:172.21.15.37:6789/0] -- mon_getmap magic: 0 v1 -- 0x7fe2f410bc80 con 0x7fe2f4108320
2024-03-26T06:13:20.200 INFO:teuthology.orchestra.run.smithi037.stdout:/usr/bin/ceph: stderr
2024-03-26T06:13:13.904+0000 7fe2f2ffd700 1 --2- >> [v2:172.21.15.37:3300/0,v1:172.21.15.37:6789/0] conn(0x7fe2f4108320 0x7fe2f4107ba0 unknown :-1 s=BANNER_CONNECTING pgs=0 cs=0 l=1 rev1=0 crypto rx=0 tx=0 comp rx=0 tx=0)._handle_peer_banner_payload supported=3 required=0
2024-03-26T06:13:20.200 INFO:teuthology.orchestra.run.smithi037.stdout:/usr/bin/ceph: stderr
2024-03-26T06:13:13.904+0000 7fe2f2ffd700 1 --2- >> [v2:172.21.15.37:3300/0,v1:172.21.15.37:6789/0] conn(0x7fe2f4108320 0x7fe2f4107ba0 unknown :-1 s=HELLO_CONNECTING pgs=0 cs=0 l=1 rev1=1 crypto rx=0 tx=0 comp rx=0 tx=0).handle_hello peer v2:172.21.15.37:3300/0 says I am v2:172.21.15.37:42456/0 (socket says 172.21.15.37:42456)
2024-03-26T06:13:20.200 INFO:teuthology.orchestra.run.smithi037.stdout:/usr/bin/ceph: stderr
2024-03-26T06:13:13.904+0000 7fe2f2ffd700 1 -- 172.21.15.37:0/3810905727 learned_addr learned my addr 172.21.15.37:0/3810905727 (peer_addr_for_me v2:172.21.15.37:0/0)
2024-03-26T06:13:20.200 INFO:teuthology.orchestra.run.smithi037.stdout:/usr/bin/ceph: stderr
2024-03-26T06:13:13.904+0000 7fe2f2ffd700 1 -- 172.21.15.37:0/3810905727 --> [v2:172.21.15.37:3300/0,v1:172.21.15.37:6789/0] -- mon_subscribe({config=0+,monmap=0+}) v3 -- 0x7fe2f41080e0 con 0x7fe2f4108320
2024-03-26T06:13:20.200 INFO:teuthology.orchestra.run.smithi037.stdout:/usr/bin/ceph: stderr
2024-03-26T06:13:13.904+0000 7fe2f2ffd700 1 --2- 172.21.15.37:0/3810905727 >> [v2:172.21.15.37:3300/0,v1:172.21.15.37:6789/0] conn(0x7fe2f4108320 0x7fe2f4107ba0 secure :-1 s=READY pgs=29 cs=0 l=1 rev1=1 crypto rx=0x7fe2dc009fb0 tx=0x7fe2dc011bf0 comp rx=0 tx=0).ready entity=mon.0 client_cookie=0 server_cookie=0 in_seq=0 out_seq=0
2024-03-26T06:13:20.200 INFO:teuthology.orchestra.run.smithi037.stdout:/usr/bin/ceph: stderr
2024-03-26T06:13:13.904+0000 7fe2ebfff700 1 -- 172.21.15.37:0/3810905727 <== mon.0 v2:172.21.15.37:3300/0 1 ==== mon_map magic: 0 v1 ==== 205+0+0 (secure 0 0 0) 0x7fe2dc0038b0 con 0x7fe2f4108320
2024-03-26T06:13:20.201 INFO:teuthology.orchestra.run.smithi037.stdout:/usr/bin/ceph: stderr
2024-03-26T06:13:13.905+0000 7fe2f94be700 1 -- 172.21.15.37:0/3810905727 --> [v2:172.21.15.37:3300/0,v1:172.21.15.37:6789/0] -- mon_subscribe({mgrmap=0+}) v3 -- 0x7fe2f41062d0 con 0x7fe2f4108320
2024-03-26T06:13:20.201 INFO:teuthology.orchestra.run.smithi037.stdout:/usr/bin/ceph: stderr
2024-03-26T06:13:13.905+0000 7fe2ebfff700 1 -- 172.21.15.37:0/3810905727 <== mon.0 v2:172.21.15.37:3300/0 2 ==== config(27 keys) v1 ==== 1109+0+0 (secure 0 0 0) 0x7fe2dc011e50 con 0x7fe2f4108320
2024-03-26T06:13:20.201 INFO:teuthology.orchestra.run.smithi037.stdout:/usr/bin/ceph: stderr
2024-03-26T06:13:13.905+0000 7fe2ebfff700 1 -- 172.21.15.37:0/3810905727 <== mon.0 v2:172.21.15.37:3300/0 3 ==== mon_map magic: 0 v1 ==== 205+0+0 (secure 0 0 0) 0x7fe2dc019420 con 0x7fe2f4108320
2024-03-26T06:13:20.201 INFO:teuthology.orchestra.run.smithi037.stdout:/usr/bin/ceph: stderr
2024-03-26T06:13:13.905+0000 7fe2f94be700 1 -- 172.21.15.37:0/3810905727 --> [v2:172.21.15.37:3300/0,v1:172.21.15.37:6789/0] -- mon_subscribe({osdmap=0}) v3 -- 0x7fe2f4106810 con 0x7fe2f4108320
2024-03-26T06:13:20.201 INFO:teuthology.orchestra.run.smithi037.stdout:/usr/bin/ceph: stderr
2024-03-26T06:13:13.906+0000 7fe2ebfff700 1 -- 172.21.15.37:0/3810905727 <== mon.0 v2:172.21.15.37:3300/0 4 ==== mgrmap(e 5) v1 ==== 46106+0+0 (secure 0 0 0) 0x7fe2dc019720 con 0x7fe2f4108320
2024-03-26T06:13:20.201 INFO:teuthology.orchestra.run.smithi037.stdout:/usr/bin/ceph: stderr
2024-03-26T06:13:13.906+0000 7fe2ebfff700 1 --2- 172.21.15.37:0/3810905727 >> [v2:172.21.15.37:6800/718373544,v1:172.21.15.37:6801/718373544] conn(0x7fe2e0038ed0 0x7fe2e003b390 unknown :-1 s=NONE pgs=0 cs=0 l=1 rev1=0 crypto rx=0 tx=0 comp rx=0 tx=0).connect
2024-03-26T06:13:20.201 INFO:teuthology.orchestra.run.smithi037.stdout:/usr/bin/ceph: stderr
2024-03-26T06:13:13.906+0000 7fe2ebfff700 1 -- 172.21.15.37:0/3810905727 --> [v2:172.21.15.37:6800/718373544,v1:172.21.15.37:6801/718373544] -- command(tid 0: {"prefix": "get_command_descriptions"}) v1 -- 0x7fe2e003baa0 con 0x7fe2e0038ed0
2024-03-26T06:13:20.201 INFO:teuthology.orchestra.run.smithi037.stdout:/usr/bin/ceph: stderr
2024-03-26T06:13:13.906+0000 7fe2ebfff700 1 -- 172.21.15.37:0/3810905727 <== mon.0 v2:172.21.15.37:3300/0 5 ==== osd_map(1..1 src has 1..1) v4 ==== 725+0+0 (secure 0 0 0) 0x7fe2dc04d180 con 0x7fe2f4108320
2024-03-26T06:13:20.201 INFO:teuthology.orchestra.run.smithi037.stdout:/usr/bin/ceph: stderr
2024-03-26T06:13:13.906+0000 7fe2f27fc700 1 -- 172.21.15.37:0/3810905727 >> [v2:172.21.15.37:6800/718373544,v1:172.21.15.37:6801/718373544] conn(0x7fe2e0038ed0 msgr2=0x7fe2e003b390 unknown :-1 s=STATE_CONNECTING_RE l=1).process reconnect failed to v2:172.21.15.37:6800/718373544
2024-03-26T06:13:20.201 INFO:teuthology.orchestra.run.smithi037.stdout:/usr/bin/ceph: stderr
2024-03-26T06:13:13.906+0000 7fe2f27fc700 1 --2- 172.21.15.37:0/3810905727 >> [v2:172.21.15.37:6800/718373544,v1:172.21.15.37:6801/718373544] conn(0x7fe2e0038ed0 0x7fe2e003b390 unknown :-1 s=START_CONNECT pgs=0 cs=0 l=1 rev1=0 crypto rx=0 tx=0 comp rx=0 tx=0)._fault waiting 0.200000
2024-03-26T06:13:20.201 INFO:teuthology.orchestra.run.smithi037.stdout:/usr/bin/ceph: stderr
2024-03-26T06:13:14.107+0000 7fe2f27fc700 1 -- 172.21.15.37:0/3810905727 >> [v2:172.21.15.37:6800/718373544,v1:172.21.15.37:6801/718373544] conn(0x7fe2e0038ed0 msgr2=0x7fe2e003b390 unknown :-1 s=STATE_CONNECTING_RE l=1).process reconnect failed to v2:172.21.15.37:6800/718373544
2024-03-26T06:13:20.201 INFO:teuthology.orchestra.run.smithi037.stdout:/usr/bin/ceph: stderr
2024-03-26T06:13:14.107+0000 7fe2f27fc700 1 --2- 172.21.15.37:0/3810905727 >> [v2:172.21.15.37:6800/718373544,v1:172.21.15.37:6801/718373544] conn(0x7fe2e0038ed0 0x7fe2e003b390 unknown :-1 s=START_CONNECT pgs=0 cs=0 l=1 rev1=0 crypto rx=0 tx=0 comp rx=0 tx=0)._fault waiting 0.400000
2024-03-26T06:13:20.201 INFO:teuthology.orchestra.run.smithi037.stdout:/usr/bin/ceph: stderr
2024-03-26T06:13:14.508+0000 7fe2f27fc700 1 -- 172.21.15.37:0/3810905727 >> [v2:172.21.15.37:6800/718373544,v1:172.21.15.37:6801/718373544] conn(0x7fe2e0038ed0 msgr2=0x7fe2e003b390 unknown :-1 s=STATE_CONNECTING_RE l=1).process reconnect failed to v2:172.21.15.37:6800/718373544
2024-03-26T06:13:20.202 INFO:teuthology.orchestra.run.smithi037.stdout:/usr/bin/ceph: stderr
2024-03-26T06:13:14.508+0000 7fe2f27fc700 1 --2- 172.21.15.37:0/3810905727 >> [v2:172.21.15.37:6800/718373544,v1:172.21.15.37:6801/718373544] conn(0x7fe2e0038ed0 0x7fe2e003b390 unknown :-1 s=START_CONNECT pgs=0 cs=0 l=1 rev1=0 crypto rx=0 tx=0 comp rx=0 tx=0)._fault waiting 0.800000
2024-03-26T06:13:20.202 INFO:teuthology.orchestra.run.smithi037.stdout:/usr/bin/ceph: stderr
2024-03-26T06:13:15.309+0000 7fe2f27fc700 1 -- 172.21.15.37:0/3810905727 >> [v2:172.21.15.37:6800/718373544,v1:172.21.15.37:6801/718373544] conn(0x7fe2e0038ed0 msgr2=0x7fe2e003b390 unknown :-1 s=STATE_CONNECTING_RE l=1).process reconnect failed to v2:172.21.15.37:6800/718373544
2024-03-26T06:13:20.202 INFO:teuthology.orchestra.run.smithi037.stdout:/usr/bin/ceph: stderr
2024-03-26T06:13:15.309+0000 7fe2f27fc700 1 --2- 172.21.15.37:0/3810905727 >> [v2:172.21.15.37:6800/718373544,v1:172.21.15.37:6801/718373544] conn(0x7fe2e0038ed0 0x7fe2e003b390 unknown :-1 s=START_CONNECT pgs=0 cs=0 l=1 rev1=0 crypto rx=0 tx=0 comp rx=0 tx=0)._fault waiting 1.600000
2024-03-26T06:13:20.202 INFO:teuthology.orchestra.run.smithi037.stdout:/usr/bin/ceph: stderr
2024-03-26T06:13:16.910+0000 7fe2f27fc700 1 -- 172.21.15.37:0/3810905727 >> [v2:172.21.15.37:6800/718373544,v1:172.21.15.37:6801/718373544] conn(0x7fe2e0038ed0 msgr2=0x7fe2e003b390 unknown :-1 s=STATE_CONNECTING_RE l=1).process reconnect failed to v2:172.21.15.37:6800/718373544
2024-03-26T06:13:20.202 INFO:teuthology.orchestra.run.smithi037.stdout:/usr/bin/ceph: stderr
2024-03-26T06:13:16.910+0000 7fe2f27fc700 1 --2- 172.21.15.37:0/3810905727 >> [v2:172.21.15.37:6800/718373544,v1:172.21.15.37:6801/718373544] conn(0x7fe2e0038ed0 0x7fe2e003b390 unknown :-1 s=START_CONNECT pgs=0 cs=0 l=1 rev1=0 crypto rx=0 tx=0 comp rx=0 tx=0)._fault waiting 3.200000
2024-03-26T06:13:20.202 INFO:teuthology.orchestra.run.smithi037.stdout:/usr/bin/ceph: stderr
2024-03-26T06:13:18.572+0000 7fe2ebfff700 1 -- 172.21.15.37:0/3810905727 <== mon.0 v2:172.21.15.37:3300/0 6 ==== mgrmap(e 6) v1 ==== 45873+0+0 (secure 0 0 0) 0x7fe2dc019a60 con 0x7fe2f4108320
2024-03-26T06:13:20.202 INFO:teuthology.orchestra.run.smithi037.stdout:/usr/bin/ceph: stderr
2024-03-26T06:13:18.572+0000 7fe2ebfff700 1 -- 172.21.15.37:0/3810905727 >> [v2:172.21.15.37:6800/718373544,v1:172.21.15.37:6801/718373544] conn(0x7fe2e0038ed0 msgr2=0x7fe2e003b390 unknown :-1 s=STATE_CONNECTING l=1).mark_down
2024-03-26T06:13:20.202 INFO:teuthology.orchestra.run.smithi037.stdout:/usr/bin/ceph: stderr
2024-03-26T06:13:18.572+0000 7fe2ebfff700 1 --2- 172.21.15.37:0/3810905727 >> [v2:172.21.15.37:6800/718373544,v1:172.21.15.37:6801/718373544] conn(0x7fe2e0038ed0 0x7fe2e003b390 unknown :-1 s=START_CONNECT pgs=0 cs=0 l=1 rev1=0 crypto rx=0 tx=0 comp rx=0 tx=0).stop
2024-03-26T06:13:20.202 INFO:teuthology.orchestra.run.smithi037.stdout:/usr/bin/ceph: stderr
2024-03-26T06:13:19.573+0000 7fe2ebfff700 1 -- 172.21.15.37:0/3810905727 <== mon.0 v2:172.21.15.37:3300/0 7 ==== mgrmap(e 7) v1 ==== 46000+0+0 (secure 0 0 0) 0x7fe2dc04ef20 con 0x7fe2f4108320
2024-03-26T06:13:20.202 INFO:teuthology.orchestra.run.smithi037.stdout:/usr/bin/ceph: stderr
2024-03-26T06:13:19.573+0000 7fe2ebfff700 1 --2- 172.21.15.37:0/3810905727 >> [v2:172.21.15.37:6800/401419890,v1:172.21.15.37:6801/401419890] conn(0x7fe2e003c7c0 0x7fe2e003ebb0 unknown :-1 s=NONE pgs=0 cs=0 l=1 rev1=0 crypto rx=0 tx=0 comp rx=0 tx=0).connect
2024-03-26T06:13:20.202 INFO:teuthology.orchestra.run.smithi037.stdout:/usr/bin/ceph: stderr
2024-03-26T06:13:19.573+0000 7fe2ebfff700 1 -- 172.21.15.37:0/3810905727 --> [v2:172.21.15.37:6800/401419890,v1:172.21.15.37:6801/401419890] -- command(tid 0: {"prefix": "get_command_descriptions"}) v1 -- 0x7fe2e003baa0 con 0x7fe2e003c7c0
2024-03-26T06:13:20.203 INFO:teuthology.orchestra.run.smithi037.stdout:/usr/bin/ceph: stderr
2024-03-26T06:13:19.574+0000 7fe2f27fc700 1 --2- 172.21.15.37:0/3810905727 >> [v2:172.21.15.37:6800/401419890,v1:172.21.15.37:6801/401419890] conn(0x7fe2e003c7c0 0x7fe2e003ebb0 unknown :-1 s=BANNER_CONNECTING pgs=0 cs=0 l=1 rev1=0 crypto rx=0 tx=0 comp rx=0 tx=0)._handle_peer_banner_payload supported=3 required=0
2024-03-26T06:13:20.203 INFO:teuthology.orchestra.run.smithi037.stdout:/usr/bin/ceph: stderr
2024-03-26T06:13:19.575+0000 7fe2f27fc700 1 --2- 172.21.15.37:0/3810905727 >> [v2:172.21.15.37:6800/401419890,v1:172.21.15.37:6801/401419890] conn(0x7fe2e003c7c0 0x7fe2e003ebb0 secure :-1 s=READY pgs=3 cs=0 l=1 rev1=1 crypto rx=0x7fe2e4003a10 tx=0x7fe2e4009290 comp rx=0 tx=0).ready entity=mgr.14120 client_cookie=0 server_cookie=0 in_seq=0 out_seq=0
2024-03-26T06:13:20.203 INFO:teuthology.orchestra.run.smithi037.stdout:/usr/bin/ceph: stderr
2024-03-26T06:13:19.575+0000 7fe2ebfff700 1 -- 172.21.15.37:0/3810905727 <== mgr.14120 v2:172.21.15.37:6800/401419890 1 ==== command_reply(tid 0: 0 ) v1 ==== 8+0+7774 (secure 0 0 0) 0x7fe2e003baa0 con 0x7fe2e003c7c0
2024-03-26T06:13:20.203 INFO:teuthology.orchestra.run.smithi037.stdout:/usr/bin/ceph: stderr
2024-03-26T06:13:19.582+0000 7fe2f94be700 1 -- 172.21.15.37:0/3810905727 --> [v2:172.21.15.37:6800/401419890,v1:172.21.15.37:6801/401419890] -- command(tid 1: {"prefix": "mgr_status"}) v1 -- 0x7fe2f4068ec0 con 0x7fe2e003c7c0
2024-03-26T06:13:20.203 INFO:teuthology.orchestra.run.smithi037.stdout:/usr/bin/ceph: stderr
2024-03-26T06:13:19.582+0000 7fe2ebfff700 1 -- 172.21.15.37:0/3810905727 <== mgr.14120 v2:172.21.15.37:6800/401419890 2 ==== command_reply(tid 1: 0 ) v1 ==== 8+0+51 (secure 0 0 0) 0x7fe2f4068ec0 con 0x7fe2e003c7c0
2024-03-26T06:13:20.203 INFO:teuthology.orchestra.run.smithi037.stdout:/usr/bin/ceph: stderr
2024-03-26T06:13:19.582+0000 7fe2f94be700 1 -- 172.21.15.37:0/3810905727 >> [v2:172.21.15.37:6800/401419890,v1:172.21.15.37:6801/401419890] conn(0x7fe2e003c7c0 msgr2=0x7fe2e003ebb0 secure :-1 s=STATE_CONNECTION_ESTABLISHED l=1).mark_down
2024-03-26T06:13:20.203 INFO:teuthology.orchestra.run.smithi037.stdout:/usr/bin/ceph: stderr
2024-03-26T06:13:19.582+0000 7fe2f94be700 1 --2- 172.21.15.37:0/3810905727 >> [v2:172.21.15.37:6800/401419890,v1:172.21.15.37:6801/401419890] conn(0x7fe2e003c7c0 0x7fe2e003ebb0 secure :-1 s=READY pgs=3 cs=0 l=1 rev1=1 crypto rx=0x7fe2e4003a10 tx=0x7fe2e4009290 comp rx=0 tx=0).stop
2024-03-26T06:13:20.203 INFO:teuthology.orchestra.run.smithi037.stdout:/usr/bin/ceph: stderr
2024-03-26T06:13:19.582+0000 7fe2f94be700 1 -- 172.21.15.37:0/3810905727 >> [v2:172.21.15.37:3300/0,v1:172.21.15.37:6789/0] conn(0x7fe2f4108320 msgr2=0x7fe2f4107ba0 secure :-1 s=STATE_CONNECTION_ESTABLISHED l=1).mark_down
2024-03-26T06:13:20.203 INFO:teuthology.orchestra.run.smithi037.stdout:/usr/bin/ceph: stderr
2024-03-26T06:13:19.582+0000 7fe2f94be700 1 --2- 172.21.15.37:0/3810905727 >> [v2:172.21.15.37:3300/0,v1:172.21.15.37:6789/0] conn(0x7fe2f4108320 0x7fe2f4107ba0 secure :-1 s=READY pgs=29 cs=0 l=1 rev1=1 crypto rx=0x7fe2dc009fb0 tx=0x7fe2dc011bf0 comp rx=0 tx=0).stop
2024-03-26T06:13:20.203 INFO:teuthology.orchestra.run.smithi037.stdout:/usr/bin/ceph: stderr
2024-03-26T06:13:19.582+0000 7fe2f94be700 1 -- 172.21.15.37:0/3810905727 shutdown_connections
2024-03-26T06:13:20.203 INFO:teuthology.orchestra.run.smithi037.stdout:/usr/bin/ceph: stderr
2024-03-26T06:13:19.582+0000 7fe2f94be700 1 --2- 172.21.15.37:0/3810905727 >> [v2:172.21.15.37:6800/401419890,v1:172.21.15.37:6801/401419890] conn(0x7fe2e003c7c0 0x7fe2e003ebb0 unknown :-1 s=CLOSED pgs=3 cs=0 l=1 rev1=1 crypto rx=0 tx=0 comp rx=0 tx=0).stop
2024-03-26T06:13:20.203 INFO:teuthology.orchestra.run.smithi037.stdout:/usr/bin/ceph: stderr
2024-03-26T06:13:19.582+0000 7fe2f94be700 1 --2- 172.21.15.37:0/3810905727 >> [v2:172.21.15.37:3300/0,v1:172.21.15.37:6789/0] conn(0x7fe2f4108320 0x7fe2f4107ba0 unknown :-1 s=CLOSED pgs=29 cs=0 l=1 rev1=1 crypto rx=0 tx=0 comp rx=0 tx=0).stop
2024-03-26T06:13:20.204 INFO:teuthology.orchestra.run.smithi037.stdout:/usr/bin/ceph: stderr
2024-03-26T06:13:19.582+0000 7fe2f94be700 1 --2- 172.21.15.37:0/3810905727 >> [v2:172.21.15.37:6800/718373544,v1:172.21.15.37:6801/718373544] conn(0x7fe2e0038ed0 0x7fe2e003b390 unknown :-1 s=CLOSED pgs=0 cs=0 l=1 rev1=0 crypto rx=0 tx=0 comp rx=0 tx=0).stop
2024-03-26T06:13:20.204 INFO:teuthology.orchestra.run.smithi037.stdout:/usr/bin/ceph: stderr
2024-03-26T06:13:19.582+0000 7fe2f94be700 1 -- 172.21.15.37:0/3810905727 >> 172.21.15.37:0/3810905727 conn(0x7fe2f4101e10 msgr2=0x7fe2f4102960 unknown :-1 s=STATE_NONE l=0).mark_down
2024-03-26T06:13:20.204 INFO:teuthology.orchestra.run.smithi037.stdout:/usr/bin/ceph: stderr
2024-03-26T06:13:19.582+0000 7fe2f94be700 1 -- 172.21.15.37:0/3810905727 shutdown_connections
2024-03-26T06:13:20.204 INFO:teuthology.orchestra.run.smithi037.stdout:/usr/bin/ceph: stderr
2024-03-26T06:13:19.582+0000 7fe2f94be700 1 -- 172.21.15.37:0/3810905727 wait complete.
2024-03-26T06:13:20.204 INFO:teuthology.orchestra.run.smithi037.stdout:mgr epoch 5 is available
2024-03-26T06:13:20.204 INFO:teuthology.orchestra.run.smithi037.stdout:Setting orchestrator backend to cephadm...
2024-03-26T06:13:20.876 INFO:journalctl@ceph.mon.a.smithi037.stdout:Mar 26 06:13:20 smithi037 ceph-mon[31974]: from='client.14124 -' entity='client.admin' cmd=[{"prefix": "mgr_status"}]: dispatch
2024-03-26T06:13:20.877 INFO:journalctl@ceph.mon.a.smithi037.stdout:Mar 26 06:13:20 smithi037 ceph-mon[31974]: [26/Mar/2024:06:13:19] ENGINE Bus STARTING
2024-03-26T06:13:20.877 INFO:journalctl@ceph.mon.a.smithi037.stdout:Mar 26 06:13:20 smithi037 ceph-mon[31974]: [26/Mar/2024:06:13:19] ENGINE Serving on http://172.21.15.37:8765
2024-03-26T06:13:20.877 INFO:journalctl@ceph.mon.a.smithi037.stdout:Mar 26 06:13:20 smithi037 ceph-mon[31974]: [26/Mar/2024:06:13:20] ENGINE Serving on https://172.21.15.37:7150
2024-03-26T06:13:20.877 INFO:journalctl@ceph.mon.a.smithi037.stdout:Mar 26 06:13:20 smithi037 ceph-mon[31974]: [26/Mar/2024:06:13:20] ENGINE Bus STARTED
2024-03-26T06:13:20.877 INFO:journalctl@ceph.mon.a.smithi037.stdout:Mar 26 06:13:20 smithi037 ceph-mon[31974]: from='mgr.14120 172.21.15.37:0/3270133098' entity='mgr.x' cmd=[{"prefix": "config dump", "format": "json"}]: dispatch
2024-03-26T06:13:21.485 INFO:teuthology.orchestra.run.smithi037.stdout:/usr/bin/ceph: stderr
2024-03-26T06:13:20.645+0000 7f77e07a0700 1 Processor -- start
2024-03-26T06:13:21.485 INFO:teuthology.orchestra.run.smithi037.stdout:/usr/bin/ceph: stderr
2024-03-26T06:13:20.645+0000 7f77e07a0700 1 -- start start
2024-03-26T06:13:21.485 INFO:teuthology.orchestra.run.smithi037.stdout:/usr/bin/ceph: stderr
2024-03-26T06:13:20.645+0000 7f77e07a0700 1 --2- >> [v2:172.21.15.37:3300/0,v1:172.21.15.37:6789/0] conn(0x7f77d8107940 0x7f77d8107d60 unknown :-1 s=NONE pgs=0 cs=0 l=0 rev1=0 crypto rx=0 tx=0 comp rx=0 tx=0).connect
2024-03-26T06:13:21.485 INFO:teuthology.orchestra.run.smithi037.stdout:/usr/bin/ceph: stderr
2024-03-26T06:13:20.645+0000 7f77e07a0700 1 -- --> [v2:172.21.15.37:3300/0,v1:172.21.15.37:6789/0] -- mon_getmap magic: 0 v1 -- 0x7f77d8108330 con 0x7f77d8107940
2024-03-26T06:13:21.485 INFO:teuthology.orchestra.run.smithi037.stdout:/usr/bin/ceph: stderr
2024-03-26T06:13:20.645+0000 7f77de53c700 1 --2- >> [v2:172.21.15.37:3300/0,v1:172.21.15.37:6789/0] conn(0x7f77d8107940 0x7f77d8107d60 unknown :-1 s=BANNER_CONNECTING pgs=0 cs=0 l=0 rev1=0 crypto rx=0 tx=0 comp rx=0 tx=0)._handle_peer_banner_payload supported=3 required=0
2024-03-26T06:13:21.486 INFO:teuthology.orchestra.run.smithi037.stdout:/usr/bin/ceph: stderr
2024-03-26T06:13:20.645+0000 7f77de53c700 1 --2- >> [v2:172.21.15.37:3300/0,v1:172.21.15.37:6789/0] conn(0x7f77d8107940 0x7f77d8107d60 unknown :-1 s=HELLO_CONNECTING pgs=0 cs=0 l=0 rev1=1 crypto rx=0 tx=0 comp rx=0 tx=0).handle_hello peer v2:172.21.15.37:3300/0 says I am v2:172.21.15.37:59346/0 (socket says 172.21.15.37:59346)
2024-03-26T06:13:21.486 INFO:teuthology.orchestra.run.smithi037.stdout:/usr/bin/ceph: stderr
2024-03-26T06:13:20.645+0000 7f77de53c700 1 -- 172.21.15.37:0/2996007600 learned_addr learned my addr 172.21.15.37:0/2996007600 (peer_addr_for_me v2:172.21.15.37:0/0)
2024-03-26T06:13:21.486 INFO:teuthology.orchestra.run.smithi037.stdout:/usr/bin/ceph: stderr
2024-03-26T06:13:20.645+0000 7f77de53c700 1 -- 172.21.15.37:0/2996007600 --> [v2:172.21.15.37:3300/0,v1:172.21.15.37:6789/0] -- mon_subscribe({config=0+,monmap=0+}) v3 -- 0x7f77d8108af0 con 0x7f77d8107940
2024-03-26T06:13:21.486 INFO:teuthology.orchestra.run.smithi037.stdout:/usr/bin/ceph: stderr
2024-03-26T06:13:20.646+0000 7f77de53c700 1 --2- 172.21.15.37:0/2996007600 >> [v2:172.21.15.37:3300/0,v1:172.21.15.37:6789/0] conn(0x7f77d8107940 0x7f77d8107d60 secure :-1 s=READY pgs=37 cs=0 l=1 rev1=1 crypto rx=0x7f77d40098a0 tx=0x7f77d4009bb0 comp rx=0 tx=0).ready entity=mon.0 client_cookie=ffb2261e9304ba61 server_cookie=0 in_seq=0 out_seq=0
2024-03-26T06:13:21.486 INFO:teuthology.orchestra.run.smithi037.stdout:/usr/bin/ceph: stderr
2024-03-26T06:13:20.646+0000 7f77dd53a700 1 -- 172.21.15.37:0/2996007600 <== mon.0 v2:172.21.15.37:3300/0 1 ==== mon_map magic: 0 v1 ==== 205+0+0 (secure 0 0 0) 0x7f77d4004160 con 0x7f77d8107940
2024-03-26T06:13:21.486 INFO:teuthology.orchestra.run.smithi037.stdout:/usr/bin/ceph: stderr
2024-03-26T06:13:20.646+0000 7f77dd53a700 1 -- 172.21.15.37:0/2996007600 <== mon.0 v2:172.21.15.37:3300/0 2 ==== config(27 keys) v1 ==== 1109+0+0 (secure 0 0 0) 0x7f77d4004300 con 0x7f77d8107940
2024-03-26T06:13:21.486 INFO:teuthology.orchestra.run.smithi037.stdout:/usr/bin/ceph: stderr
2024-03-26T06:13:20.646+0000 7f77dd53a700 1 -- 172.21.15.37:0/2996007600 <== mon.0 v2:172.21.15.37:3300/0 3 ==== mon_map magic: 0 v1 ==== 205+0+0 (secure 0 0 0) 0x7f77d4011b50 con 0x7f77d8107940
2024-03-26T06:13:21.486 INFO:teuthology.orchestra.run.smithi037.stdout:/usr/bin/ceph: stderr
2024-03-26T06:13:20.646+0000 7f77e07a0700 1 -- 172.21.15.37:0/2996007600 >> [v2:172.21.15.37:3300/0,v1:172.21.15.37:6789/0] conn(0x7f77d8107940 msgr2=0x7f77d8107d60 secure :-1 s=STATE_CONNECTION_ESTABLISHED l=1).mark_down
2024-03-26T06:13:21.486 INFO:teuthology.orchestra.run.smithi037.stdout:/usr/bin/ceph: stderr
2024-03-26T06:13:20.646+0000 7f77e07a0700 1 --2- 172.21.15.37:0/2996007600 >> [v2:172.21.15.37:3300/0,v1:172.21.15.37:6789/0] conn(0x7f77d8107940 0x7f77d8107d60 secure :-1 s=READY pgs=37 cs=0 l=1 rev1=1 crypto rx=0x7f77d40098a0 tx=0x7f77d4009bb0 comp rx=0 tx=0).stop
2024-03-26T06:13:21.486 INFO:teuthology.orchestra.run.smithi037.stdout:/usr/bin/ceph: stderr
2024-03-26T06:13:20.646+0000 7f77e07a0700 1 -- 172.21.15.37:0/2996007600 shutdown_connections
2024-03-26T06:13:21.486 INFO:teuthology.orchestra.run.smithi037.stdout:/usr/bin/ceph: stderr
2024-03-26T06:13:20.646+0000 7f77e07a0700 1 --2- 172.21.15.37:0/2996007600 >> [v2:172.21.15.37:3300/0,v1:172.21.15.37:6789/0] conn(0x7f77d8107940 0x7f77d8107d60 unknown :-1 s=CLOSED pgs=37 cs=0 l=1 rev1=1 crypto rx=0 tx=0 comp rx=0 tx=0).stop
2024-03-26T06:13:21.486 INFO:teuthology.orchestra.run.smithi037.stdout:/usr/bin/ceph: stderr
2024-03-26T06:13:20.646+0000 7f77e07a0700 1 -- 172.21.15.37:0/2996007600 >> 172.21.15.37:0/2996007600 conn(0x7f77d8102f40 msgr2=0x7f77d8105360 unknown :-1 s=STATE_NONE l=0).mark_down
2024-03-26T06:13:21.486 INFO:teuthology.orchestra.run.smithi037.stdout:/usr/bin/ceph: stderr
2024-03-26T06:13:20.646+0000 7f77e07a0700 1 -- 172.21.15.37:0/2996007600 shutdown_connections
2024-03-26T06:13:21.487 INFO:teuthology.orchestra.run.smithi037.stdout:/usr/bin/ceph: stderr
2024-03-26T06:13:20.646+0000 7f77e07a0700 1 -- 172.21.15.37:0/2996007600 wait complete.
2024-03-26T06:13:21.487 INFO:teuthology.orchestra.run.smithi037.stdout:/usr/bin/ceph: stderr
2024-03-26T06:13:20.647+0000 7f77e07a0700 1 Processor -- start
2024-03-26T06:13:21.487 INFO:teuthology.orchestra.run.smithi037.stdout:/usr/bin/ceph: stderr
2024-03-26T06:13:20.647+0000 7f77e07a0700 1 -- start start
2024-03-26T06:13:21.487 INFO:teuthology.orchestra.run.smithi037.stdout:/usr/bin/ceph: stderr
2024-03-26T06:13:20.647+0000 7f77e07a0700 1 --2- >> [v2:172.21.15.37:3300/0,v1:172.21.15.37:6789/0] conn(0x7f77d8107940 0x7f77d819b910 unknown :-1 s=NONE pgs=0 cs=0 l=1 rev1=0 crypto rx=0 tx=0 comp rx=0 tx=0).connect
2024-03-26T06:13:21.487 INFO:teuthology.orchestra.run.smithi037.stdout:/usr/bin/ceph: stderr
2024-03-26T06:13:20.647+0000 7f77e07a0700 1 -- --> [v2:172.21.15.37:3300/0,v1:172.21.15.37:6789/0] -- mon_getmap magic: 0 v1 -- 0x7f77d810bea0 con 0x7f77d8107940
2024-03-26T06:13:21.487 INFO:teuthology.orchestra.run.smithi037.stdout:/usr/bin/ceph: stderr
2024-03-26T06:13:20.647+0000 7f77de53c700 1 --2- >> [v2:172.21.15.37:3300/0,v1:172.21.15.37:6789/0] conn(0x7f77d8107940 0x7f77d819b910 unknown :-1 s=BANNER_CONNECTING pgs=0 cs=0 l=1 rev1=0 crypto rx=0 tx=0 comp rx=0 tx=0)._handle_peer_banner_payload supported=3 required=0
2024-03-26T06:13:21.487 INFO:teuthology.orchestra.run.smithi037.stdout:/usr/bin/ceph: stderr
2024-03-26T06:13:20.647+0000 7f77de53c700 1 --2- >> [v2:172.21.15.37:3300/0,v1:172.21.15.37:6789/0] conn(0x7f77d8107940 0x7f77d819b910 unknown :-1 s=HELLO_CONNECTING pgs=0 cs=0 l=1 rev1=1 crypto rx=0 tx=0 comp rx=0 tx=0).handle_hello peer v2:172.21.15.37:3300/0 says I am v2:172.21.15.37:59362/0 (socket says 172.21.15.37:59362)
2024-03-26T06:13:21.487 INFO:teuthology.orchestra.run.smithi037.stdout:/usr/bin/ceph: stderr
2024-03-26T06:13:20.647+0000 7f77de53c700 1 -- 172.21.15.37:0/3355847782 learned_addr learned my addr 172.21.15.37:0/3355847782 (peer_addr_for_me v2:172.21.15.37:0/0)
2024-03-26T06:13:21.487 INFO:teuthology.orchestra.run.smithi037.stdout:/usr/bin/ceph: stderr
2024-03-26T06:13:20.648+0000 7f77de53c700 1 -- 172.21.15.37:0/3355847782 --> [v2:172.21.15.37:3300/0,v1:172.21.15.37:6789/0] -- mon_subscribe({config=0+,monmap=0+}) v3 -- 0x7f77d819be50 con 0x7f77d8107940
2024-03-26T06:13:21.487 INFO:teuthology.orchestra.run.smithi037.stdout:/usr/bin/ceph: stderr
2024-03-26T06:13:20.648+0000 7f77de53c700 1 --2- 172.21.15.37:0/3355847782 >> [v2:172.21.15.37:3300/0,v1:172.21.15.37:6789/0] conn(0x7f77d8107940 0x7f77d819b910 secure :-1 s=READY pgs=38 cs=0 l=1 rev1=1 crypto rx=0x7f77d4011850 tx=0x7f77d4011c10 comp rx=0 tx=0).ready entity=mon.0 client_cookie=0 server_cookie=0 in_seq=0 out_seq=0
2024-03-26T06:13:21.487 INFO:teuthology.orchestra.run.smithi037.stdout:/usr/bin/ceph: stderr
2024-03-26T06:13:20.648+0000 7f77cf7fe700 1 -- 172.21.15.37:0/3355847782 <== mon.0 v2:172.21.15.37:3300/0 1 ==== mon_map magic: 0 v1 ==== 205+0+0 (secure 0 0 0) 0x7f77d4003af0 con 0x7f77d8107940
2024-03-26T06:13:21.487 INFO:teuthology.orchestra.run.smithi037.stdout:/usr/bin/ceph: stderr
2024-03-26T06:13:20.648+0000 7f77cf7fe700 1 -- 172.21.15.37:0/3355847782 <== mon.0 v2:172.21.15.37:3300/0 2 ==== config(27 keys) v1 ==== 1109+0+0 (secure 0 0 0) 0x7f77d4020070 con 0x7f77d8107940
2024-03-26T06:13:21.487 INFO:teuthology.orchestra.run.smithi037.stdout:/usr/bin/ceph: stderr
2024-03-26T06:13:20.648+0000 7f77e07a0700 1 -- 172.21.15.37:0/3355847782 --> [v2:172.21.15.37:3300/0,v1:172.21.15.37:6789/0] -- mon_subscribe({mgrmap=0+}) v3 -- 0x7f77d819c0e0 con 0x7f77d8107940
2024-03-26T06:13:21.487 INFO:teuthology.orchestra.run.smithi037.stdout:/usr/bin/ceph: stderr
2024-03-26T06:13:20.648+0000 7f77cf7fe700 1 -- 172.21.15.37:0/3355847782 <== mon.0 v2:172.21.15.37:3300/0 3 ==== mon_map magic: 0 v1 ==== 205+0+0 (secure 0 0 0) 0x7f77d40195a0 con 0x7f77d8107940
2024-03-26T06:13:21.488 INFO:teuthology.orchestra.run.smithi037.stdout:/usr/bin/ceph: stderr
2024-03-26T06:13:20.648+0000 7f77e07a0700 1 -- 172.21.15.37:0/3355847782 --> [v2:172.21.15.37:3300/0,v1:172.21.15.37:6789/0] -- mon_subscribe({osdmap=0}) v3 -- 0x7f77d819edd0 con 0x7f77d8107940
2024-03-26T06:13:21.488 INFO:teuthology.orchestra.run.smithi037.stdout:/usr/bin/ceph: stderr
2024-03-26T06:13:20.649+0000 7f77cf7fe700 1 -- 172.21.15.37:0/3355847782 <== mon.0 v2:172.21.15.37:3300/0 4 ==== mgrmap(e 8) v1 ==== 46106+0+0 (secure 0 0 0) 0x7f77d40198a0 con 0x7f77d8107940
2024-03-26T06:13:21.488 INFO:teuthology.orchestra.run.smithi037.stdout:/usr/bin/ceph: stderr
2024-03-26T06:13:20.649+0000 7f77e07a0700 1 -- 172.21.15.37:0/3355847782 --> [v2:172.21.15.37:3300/0,v1:172.21.15.37:6789/0] -- mon_command({"prefix": "get_command_descriptions"} v 0) v1 -- 0x7f77d8063410 con 0x7f77d8107940
2024-03-26T06:13:21.488 INFO:teuthology.orchestra.run.smithi037.stdout:/usr/bin/ceph: stderr
2024-03-26T06:13:20.649+0000 7f77cf7fe700 1 --2- 172.21.15.37:0/3355847782 >> [v2:172.21.15.37:6800/401419890,v1:172.21.15.37:6801/401419890] conn(0x7f77c4038f20 0x7f77c403b3e0 unknown :-1 s=NONE pgs=0 cs=0 l=1 rev1=0 crypto rx=0 tx=0 comp rx=0 tx=0).connect
2024-03-26T06:13:21.488 INFO:teuthology.orchestra.run.smithi037.stdout:/usr/bin/ceph: stderr
2024-03-26T06:13:20.649+0000 7f77cf7fe700 1 -- 172.21.15.37:0/3355847782 <== mon.0 v2:172.21.15.37:3300/0 5 ==== osd_map(2..2 src has 1..2) v4 ==== 940+0+0 (secure 0 0 0) 0x7f77d4011e00 con 0x7f77d8107940
2024-03-26T06:13:21.488 INFO:teuthology.orchestra.run.smithi037.stdout:/usr/bin/ceph: stderr
2024-03-26T06:13:20.649+0000 7f77ddd3b700 1 --2- 172.21.15.37:0/3355847782 >> [v2:172.21.15.37:6800/401419890,v1:172.21.15.37:6801/401419890] conn(0x7f77c4038f20 0x7f77c403b3e0 unknown :-1 s=BANNER_CONNECTING pgs=0 cs=0 l=1 rev1=0 crypto rx=0 tx=0 comp rx=0 tx=0)._handle_peer_banner_payload supported=3 required=0
2024-03-26T06:13:21.488 INFO:teuthology.orchestra.run.smithi037.stdout:/usr/bin/ceph: stderr
2024-03-26T06:13:20.649+0000 7f77ddd3b700 1 --2- 172.21.15.37:0/3355847782 >> [v2:172.21.15.37:6800/401419890,v1:172.21.15.37:6801/401419890] conn(0x7f77c4038f20 0x7f77c403b3e0 secure :-1 s=READY pgs=7 cs=0 l=1 rev1=1 crypto rx=0x7f77c8006fd0 tx=0x7f77c8006e40 comp rx=0 tx=0).ready entity=mgr.14120 client_cookie=0 server_cookie=0 in_seq=0 out_seq=0
2024-03-26T06:13:21.488 INFO:teuthology.orchestra.run.smithi037.stdout:/usr/bin/ceph: stderr
2024-03-26T06:13:20.654+0000 7f77cf7fe700 1 -- 172.21.15.37:0/3355847782 <== mon.0 v2:172.21.15.37:3300/0 6 ==== mon_command_ack([{"prefix": "get_command_descriptions"}]=0 v0) v1 ==== 72+0+184905 (secure 0 0 0) 0x7f77d4003c90 con 0x7f77d8107940
2024-03-26T06:13:21.488 INFO:teuthology.orchestra.run.smithi037.stdout:/usr/bin/ceph: stderr
2024-03-26T06:13:20.877+0000 7f77e07a0700 1 -- 172.21.15.37:0/3355847782 --> [v2:172.21.15.37:6800/401419890,v1:172.21.15.37:6801/401419890] -- mgr_command(tid 0: {"prefix": "orch set backend", "module_name": "cephadm", "target": ["mon-mgr", ""]}) v1 -- 0x7f77d81041c0 con 0x7f77c4038f20
2024-03-26T06:13:21.488 INFO:teuthology.orchestra.run.smithi037.stdout:/usr/bin/ceph: stderr
2024-03-26T06:13:20.882+0000 7f77cf7fe700 1 -- 172.21.15.37:0/3355847782 <== mgr.14120 v2:172.21.15.37:6800/401419890 1 ==== mgr_command_reply(tid 0: 0 ) v1 ==== 8+0+0 (secure 0 0 0) 0x7f77d81041c0 con 0x7f77c4038f20
2024-03-26T06:13:21.488 INFO:teuthology.orchestra.run.smithi037.stdout:/usr/bin/ceph: stderr
2024-03-26T06:13:20.884+0000 7f77e07a0700 1 -- 172.21.15.37:0/3355847782 >> [v2:172.21.15.37:6800/401419890,v1:172.21.15.37:6801/401419890] conn(0x7f77c4038f20 msgr2=0x7f77c403b3e0 secure :-1 s=STATE_CONNECTION_ESTABLISHED l=1).mark_down
2024-03-26T06:13:21.488 INFO:teuthology.orchestra.run.smithi037.stdout:/usr/bin/ceph: stderr
2024-03-26T06:13:20.884+0000 7f77e07a0700 1 --2- 172.21.15.37:0/3355847782 >> [v2:172.21.15.37:6800/401419890,v1:172.21.15.37:6801/401419890] conn(0x7f77c4038f20 0x7f77c403b3e0 secure :-1 s=READY pgs=7 cs=0 l=1 rev1=1 crypto rx=0x7f77c8006fd0 tx=0x7f77c8006e40 comp rx=0 tx=0).stop
2024-03-26T06:13:21.488 INFO:teuthology.orchestra.run.smithi037.stdout:/usr/bin/ceph: stderr
2024-03-26T06:13:20.884+0000 7f77e07a0700 1 -- 172.21.15.37:0/3355847782 >> [v2:172.21.15.37:3300/0,v1:172.21.15.37:6789/0] conn(0x7f77d8107940 msgr2=0x7f77d819b910 secure :-1 s=STATE_CONNECTION_ESTABLISHED l=1).mark_down
2024-03-26T06:13:21.489 INFO:teuthology.orchestra.run.smithi037.stdout:/usr/bin/ceph: stderr
2024-03-26T06:13:20.884+0000 7f77e07a0700 1 --2- 172.21.15.37:0/3355847782 >> [v2:172.21.15.37:3300/0,v1:172.21.15.37:6789/0] conn(0x7f77d8107940 0x7f77d819b910 secure :-1 s=READY pgs=38 cs=0 l=1 rev1=1 crypto rx=0x7f77d4011850 tx=0x7f77d4011c10 comp rx=0 tx=0).stop
2024-03-26T06:13:21.489 INFO:teuthology.orchestra.run.smithi037.stdout:/usr/bin/ceph: stderr
2024-03-26T06:13:20.884+0000 7f77e07a0700 1 -- 172.21.15.37:0/3355847782 shutdown_connections
2024-03-26T06:13:21.489 INFO:teuthology.orchestra.run.smithi037.stdout:/usr/bin/ceph: stderr
2024-03-26T06:13:20.884+0000 7f77e07a0700 1 --2- 172.21.15.37:0/3355847782 >> [v2:172.21.15.37:6800/401419890,v1:172.21.15.37:6801/401419890] conn(0x7f77c4038f20 0x7f77c403b3e0 unknown :-1 s=CLOSED pgs=7 cs=0 l=1 rev1=1 crypto rx=0 tx=0 comp rx=0 tx=0).stop
2024-03-26T06:13:21.489 INFO:teuthology.orchestra.run.smithi037.stdout:/usr/bin/ceph: stderr
2024-03-26T06:13:20.884+0000 7f77e07a0700 1 --2- 172.21.15.37:0/3355847782 >> [v2:172.21.15.37:3300/0,v1:172.21.15.37:6789/0] conn(0x7f77d8107940 0x7f77d819b910 unknown :-1 s=CLOSED pgs=38 cs=0 l=1 rev1=1 crypto rx=0 tx=0 comp rx=0 tx=0).stop
2024-03-26T06:13:21.489 INFO:teuthology.orchestra.run.smithi037.stdout:/usr/bin/ceph: stderr
2024-03-26T06:13:20.884+0000 7f77e07a0700 1 -- 172.21.15.37:0/3355847782 >> 172.21.15.37:0/3355847782 conn(0x7f77d8102f40 msgr2=0x7f77d8103ab0 unknown :-1 s=STATE_NONE l=0).mark_down
2024-03-26T06:13:21.489 INFO:teuthology.orchestra.run.smithi037.stdout:/usr/bin/ceph: stderr
2024-03-26T06:13:20.884+0000 7f77e07a0700 1 -- 172.21.15.37:0/3355847782 shutdown_connections
2024-03-26T06:13:21.489 INFO:teuthology.orchestra.run.smithi037.stdout:/usr/bin/ceph: stderr
2024-03-26T06:13:20.884+0000 7f77e07a0700 1 -- 172.21.15.37:0/3355847782 wait complete.
2024-03-26T06:13:21.863 INFO:journalctl@ceph.mon.a.smithi037.stdout:Mar 26 06:13:21 smithi037 ceph-mon[31974]: mgrmap e8: x(active, since 2s)
2024-03-26T06:13:21.863 INFO:journalctl@ceph.mon.a.smithi037.stdout:Mar 26 06:13:21 smithi037 ceph-mon[31974]: from='client.14132 -' entity='client.admin' cmd=[{"prefix": "orch set backend", "module_name": "cephadm", "target": ["mon-mgr", ""]}]: dispatch
2024-03-26T06:13:21.863 INFO:journalctl@ceph.mon.a.smithi037.stdout:Mar 26 06:13:21 smithi037 ceph-mon[31974]: from='mgr.14120 172.21.15.37:0/3270133098' entity='mgr.x'
2024-03-26T06:13:21.864 INFO:journalctl@ceph.mon.a.smithi037.stdout:Mar 26 06:13:21 smithi037 ceph-mon[31974]: from='mgr.14120 172.21.15.37:0/3270133098' entity='mgr.x' cmd=[{"prefix": "config dump", "format": "json"}]: dispatch
2024-03-26T06:13:22.692 INFO:journalctl@ceph.mon.a.smithi037.stdout:Mar 26 06:13:22 smithi037 ceph-mon[31974]: from='client.14134 -' entity='client.admin' cmd=[{"prefix": "cephadm set-user", "user": "root", "target": ["mon-mgr", ""]}]: dispatch
2024-03-26T06:13:22.699 INFO:teuthology.orchestra.run.smithi037.stdout:/usr/bin/ceph: stdout value unchanged
2024-03-26T06:13:22.700 INFO:teuthology.orchestra.run.smithi037.stdout:/usr/bin/ceph: stderr
2024-03-26T06:13:21.895+0000 7fd718621700 1 Processor -- start
2024-03-26T06:13:22.700 INFO:teuthology.orchestra.run.smithi037.stdout:/usr/bin/ceph: stderr
2024-03-26T06:13:21.895+0000 7fd718621700 1 -- start start
2024-03-26T06:13:22.700 INFO:teuthology.orchestra.run.smithi037.stdout:/usr/bin/ceph: stderr
2024-03-26T06:13:21.896+0000 7fd718621700 1 --2- >> [v2:172.21.15.37:3300/0,v1:172.21.15.37:6789/0] conn(0x7fd710107940 0x7fd710107d60 unknown :-1 s=NONE pgs=0 cs=0 l=0 rev1=0 crypto rx=0 tx=0 comp rx=0 tx=0).connect
2024-03-26T06:13:22.700 INFO:teuthology.orchestra.run.smithi037.stdout:/usr/bin/ceph: stderr
2024-03-26T06:13:21.896+0000 7fd718621700 1 -- --> [v2:172.21.15.37:3300/0,v1:172.21.15.37:6789/0] -- mon_getmap magic: 0 v1 -- 0x7fd710108330 con 0x7fd710107940
2024-03-26T06:13:22.700 INFO:teuthology.orchestra.run.smithi037.stdout:/usr/bin/ceph: stderr
2024-03-26T06:13:21.896+0000 7fd7163bd700 1 --2- >> [v2:172.21.15.37:3300/0,v1:172.21.15.37:6789/0] conn(0x7fd710107940 0x7fd710107d60 unknown :-1 s=BANNER_CONNECTING pgs=0 cs=0 l=0 rev1=0 crypto rx=0 tx=0 comp rx=0 tx=0)._handle_peer_banner_payload supported=3 required=0
2024-03-26T06:13:22.700 INFO:teuthology.orchestra.run.smithi037.stdout:/usr/bin/ceph: stderr
2024-03-26T06:13:21.896+0000 7fd7163bd700 1 --2- >> [v2:172.21.15.37:3300/0,v1:172.21.15.37:6789/0] conn(0x7fd710107940 0x7fd710107d60 unknown :-1 s=HELLO_CONNECTING pgs=0 cs=0 l=0 rev1=1 crypto rx=0 tx=0 comp rx=0 tx=0).handle_hello peer v2:172.21.15.37:3300/0 says I am v2:172.21.15.37:59368/0 (socket says 172.21.15.37:59368)
2024-03-26T06:13:22.700 INFO:teuthology.orchestra.run.smithi037.stdout:/usr/bin/ceph: stderr
2024-03-26T06:13:21.896+0000 7fd7163bd700 1 -- 172.21.15.37:0/2756476418 learned_addr learned my addr 172.21.15.37:0/2756476418 (peer_addr_for_me v2:172.21.15.37:0/0)
2024-03-26T06:13:22.700 INFO:teuthology.orchestra.run.smithi037.stdout:/usr/bin/ceph: stderr
2024-03-26T06:13:21.896+0000 7fd7163bd700 1 -- 172.21.15.37:0/2756476418 --> [v2:172.21.15.37:3300/0,v1:172.21.15.37:6789/0] -- mon_subscribe({config=0+,monmap=0+}) v3 -- 0x7fd710108af0 con 0x7fd710107940
2024-03-26T06:13:22.700 INFO:teuthology.orchestra.run.smithi037.stdout:/usr/bin/ceph: stderr
2024-03-26T06:13:21.896+0000 7fd7163bd700 1 --2- 172.21.15.37:0/2756476418 >> [v2:172.21.15.37:3300/0,v1:172.21.15.37:6789/0] conn(0x7fd710107940 0x7fd710107d60 secure :-1 s=READY pgs=39 cs=0 l=1 rev1=1 crypto rx=0x7fd70c0098a0 tx=0x7fd70c009bb0 comp rx=0 tx=0).ready entity=mon.0 client_cookie=367fd7a62c4f44d5 server_cookie=0 in_seq=0 out_seq=0
2024-03-26T06:13:22.700 INFO:teuthology.orchestra.run.smithi037.stdout:/usr/bin/ceph: stderr
2024-03-26T06:13:21.896+0000 7fd7153bb700 1 -- 172.21.15.37:0/2756476418 <== mon.0 v2:172.21.15.37:3300/0 1 ==== mon_map magic: 0 v1 ==== 205+0+0 (secure 0 0 0) 0x7fd70c004160 con 0x7fd710107940
2024-03-26T06:13:22.700 INFO:teuthology.orchestra.run.smithi037.stdout:/usr/bin/ceph: stderr
2024-03-26T06:13:21.897+0000 7fd7153bb700 1 -- 172.21.15.37:0/2756476418 <== mon.0 v2:172.21.15.37:3300/0 2 ==== config(27 keys) v1 ==== 1109+0+0 (secure 0 0 0) 0x7fd70c004300 con 0x7fd710107940
2024-03-26T06:13:22.700 INFO:teuthology.orchestra.run.smithi037.stdout:/usr/bin/ceph: stderr
2024-03-26T06:13:21.897+0000 7fd7153bb700 1 -- 172.21.15.37:0/2756476418 <== mon.0 v2:172.21.15.37:3300/0 3 ==== mon_map magic: 0 v1 ==== 205+0+0 (secure 0 0 0) 0x7fd70c011b50 con 0x7fd710107940
2024-03-26T06:13:22.700 INFO:teuthology.orchestra.run.smithi037.stdout:/usr/bin/ceph: stderr
2024-03-26T06:13:21.897+0000 7fd718621700 1 -- 172.21.15.37:0/2756476418 >> [v2:172.21.15.37:3300/0,v1:172.21.15.37:6789/0] conn(0x7fd710107940 msgr2=0x7fd710107d60 secure :-1 s=STATE_CONNECTION_ESTABLISHED l=1).mark_down
2024-03-26T06:13:22.701 INFO:teuthology.orchestra.run.smithi037.stdout:/usr/bin/ceph: stderr
2024-03-26T06:13:21.897+0000 7fd718621700 1 --2- 172.21.15.37:0/2756476418 >> [v2:172.21.15.37:3300/0,v1:172.21.15.37:6789/0] conn(0x7fd710107940 0x7fd710107d60 secure :-1 s=READY pgs=39 cs=0 l=1 rev1=1 crypto rx=0x7fd70c0098a0 tx=0x7fd70c009bb0 comp rx=0 tx=0).stop
2024-03-26T06:13:22.701 INFO:teuthology.orchestra.run.smithi037.stdout:/usr/bin/ceph: stderr
2024-03-26T06:13:21.897+0000 7fd718621700 1 -- 172.21.15.37:0/2756476418 shutdown_connections
2024-03-26T06:13:22.701 INFO:teuthology.orchestra.run.smithi037.stdout:/usr/bin/ceph: stderr
2024-03-26T06:13:21.897+0000 7fd718621700 1 --2- 172.21.15.37:0/2756476418 >> [v2:172.21.15.37:3300/0,v1:172.21.15.37:6789/0] conn(0x7fd710107940 0x7fd710107d60 unknown :-1 s=CLOSED pgs=39 cs=0 l=1 rev1=1 crypto rx=0 tx=0 comp rx=0 tx=0).stop
2024-03-26T06:13:22.701 INFO:teuthology.orchestra.run.smithi037.stdout:/usr/bin/ceph: stderr
2024-03-26T06:13:21.897+0000 7fd718621700 1 -- 172.21.15.37:0/2756476418 >> 172.21.15.37:0/2756476418 conn(0x7fd710102f40 msgr2=0x7fd710105360 unknown :-1 s=STATE_NONE l=0).mark_down
2024-03-26T06:13:22.701 INFO:teuthology.orchestra.run.smithi037.stdout:/usr/bin/ceph: stderr
2024-03-26T06:13:21.897+0000 7fd718621700 1 -- 172.21.15.37:0/2756476418 shutdown_connections
2024-03-26T06:13:22.701 INFO:teuthology.orchestra.run.smithi037.stdout:/usr/bin/ceph: stderr
2024-03-26T06:13:21.897+0000 7fd718621700 1 -- 172.21.15.37:0/2756476418 wait complete.
2024-03-26T06:13:22.701 INFO:teuthology.orchestra.run.smithi037.stdout:/usr/bin/ceph: stderr
2024-03-26T06:13:21.898+0000 7fd718621700 1 Processor -- start
2024-03-26T06:13:22.701 INFO:teuthology.orchestra.run.smithi037.stdout:/usr/bin/ceph: stderr
2024-03-26T06:13:21.898+0000 7fd718621700 1 -- start start
2024-03-26T06:13:22.701 INFO:teuthology.orchestra.run.smithi037.stdout:/usr/bin/ceph: stderr
2024-03-26T06:13:21.898+0000 7fd718621700 1 --2- >> [v2:172.21.15.37:3300/0,v1:172.21.15.37:6789/0] conn(0x7fd710107940 0x7fd71007cb50 unknown :-1 s=NONE pgs=0 cs=0 l=1 rev1=0 crypto rx=0 tx=0 comp rx=0 tx=0).connect
2024-03-26T06:13:22.701 INFO:teuthology.orchestra.run.smithi037.stdout:/usr/bin/ceph: stderr
2024-03-26T06:13:21.898+0000 7fd718621700 1 -- --> [v2:172.21.15.37:3300/0,v1:172.21.15.37:6789/0] -- mon_getmap magic: 0 v1 -- 0x7fd71010bea0 con 0x7fd710107940
2024-03-26T06:13:22.702 INFO:teuthology.orchestra.run.smithi037.stdout:/usr/bin/ceph: stderr
2024-03-26T06:13:21.898+0000 7fd7163bd700 1 --2- >> [v2:172.21.15.37:3300/0,v1:172.21.15.37:6789/0] conn(0x7fd710107940 0x7fd71007cb50 unknown :-1 s=BANNER_CONNECTING pgs=0 cs=0 l=1 rev1=0 crypto rx=0 tx=0 comp rx=0 tx=0)._handle_peer_banner_payload supported=3 required=0
2024-03-26T06:13:22.702 INFO:teuthology.orchestra.run.smithi037.stdout:/usr/bin/ceph: stderr
2024-03-26T06:13:21.898+0000 7fd7163bd700 1 --2- >> [v2:172.21.15.37:3300/0,v1:172.21.15.37:6789/0] conn(0x7fd710107940 0x7fd71007cb50 unknown :-1 s=HELLO_CONNECTING pgs=0 cs=0 l=1 rev1=1 crypto rx=0 tx=0 comp rx=0 tx=0).handle_hello peer v2:172.21.15.37:3300/0 says I am v2:172.21.15.37:59380/0 (socket says 172.21.15.37:59380)
2024-03-26T06:13:22.702 INFO:teuthology.orchestra.run.smithi037.stdout:/usr/bin/ceph: stderr
2024-03-26T06:13:21.898+0000 7fd7163bd700 1 -- 172.21.15.37:0/3461359794 learned_addr learned my addr 172.21.15.37:0/3461359794 (peer_addr_for_me v2:172.21.15.37:0/0)
2024-03-26T06:13:22.702 INFO:teuthology.orchestra.run.smithi037.stdout:/usr/bin/ceph: stderr
2024-03-26T06:13:21.898+0000 7fd7163bd700 1 -- 172.21.15.37:0/3461359794 --> [v2:172.21.15.37:3300/0,v1:172.21.15.37:6789/0] -- mon_subscribe({config=0+,monmap=0+}) v3 -- 0x7fd71007d090 con 0x7fd710107940
2024-03-26T06:13:22.702 INFO:teuthology.orchestra.run.smithi037.stdout:/usr/bin/ceph: stderr
2024-03-26T06:13:21.899+0000 7fd7163bd700 1 --2- 172.21.15.37:0/3461359794 >> [v2:172.21.15.37:3300/0,v1:172.21.15.37:6789/0] conn(0x7fd710107940 0x7fd71007cb50 secure :-1 s=READY pgs=40 cs=0 l=1 rev1=1 crypto rx=0x7fd70c011850 tx=0x7fd70c011c10 comp rx=0 tx=0).ready entity=mon.0 client_cookie=0 server_cookie=0 in_seq=0 out_seq=0
2024-03-26T06:13:22.702 INFO:teuthology.orchestra.run.smithi037.stdout:/usr/bin/ceph: stderr
2024-03-26T06:13:21.899+0000 7fd7037fe700 1 -- 172.21.15.37:0/3461359794 <== mon.0 v2:172.21.15.37:3300/0 1 ==== mon_map magic: 0 v1 ==== 205+0+0 (secure 0 0 0) 0x7fd70c003af0 con 0x7fd710107940
2024-03-26T06:13:22.702 INFO:teuthology.orchestra.run.smithi037.stdout:/usr/bin/ceph: stderr
2024-03-26T06:13:21.899+0000 7fd7037fe700 1 -- 172.21.15.37:0/3461359794 <== mon.0 v2:172.21.15.37:3300/0 2 ==== config(27 keys) v1 ==== 1109+0+0 (secure 0 0 0) 0x7fd70c020070 con 0x7fd710107940
2024-03-26T06:13:22.702 INFO:teuthology.orchestra.run.smithi037.stdout:/usr/bin/ceph: stderr
2024-03-26T06:13:21.899+0000 7fd7037fe700 1 -- 172.21.15.37:0/3461359794 <== mon.0 v2:172.21.15.37:3300/0 3 ==== mon_map magic: 0 v1 ==== 205+0+0 (secure 0 0 0) 0x7fd70c0195a0 con 0x7fd710107940
2024-03-26T06:13:22.702 INFO:teuthology.orchestra.run.smithi037.stdout:/usr/bin/ceph: stderr
2024-03-26T06:13:21.899+0000 7fd718621700 1 -- 172.21.15.37:0/3461359794 --> [v2:172.21.15.37:3300/0,v1:172.21.15.37:6789/0] -- mon_subscribe({mgrmap=0+}) v3 -- 0x7fd71007b280 con 0x7fd710107940
2024-03-26T06:13:22.702 INFO:teuthology.orchestra.run.smithi037.stdout:/usr/bin/ceph: stderr
2024-03-26T06:13:21.899+0000 7fd718621700 1 -- 172.21.15.37:0/3461359794 --> [v2:172.21.15.37:3300/0,v1:172.21.15.37:6789/0] -- mon_subscribe({osdmap=0}) v3 -- 0x7fd71007b7c0 con 0x7fd710107940
2024-03-26T06:13:22.702 INFO:teuthology.orchestra.run.smithi037.stdout:/usr/bin/ceph: stderr
2024-03-26T06:13:21.900+0000 7fd7037fe700 1 -- 172.21.15.37:0/3461359794 <== mon.0 v2:172.21.15.37:3300/0 4 ==== mgrmap(e 8) v1 ==== 46106+0+0 (secure 0 0 0) 0x7fd70c0198a0 con 0x7fd710107940
2024-03-26T06:13:22.702 INFO:teuthology.orchestra.run.smithi037.stdout:/usr/bin/ceph: stderr
2024-03-26T06:13:21.900+0000 7fd7037fe700 1 --2- 172.21.15.37:0/3461359794 >> [v2:172.21.15.37:6800/401419890,v1:172.21.15.37:6801/401419890] conn(0x7fd6fc038f20 0x7fd6fc03b3e0 unknown :-1 s=NONE pgs=0 cs=0 l=1 rev1=0 crypto rx=0 tx=0 comp rx=0 tx=0).connect
