2024-03-27T06:33:33.894+0000 7f54d44fb200 -1 mgr[py] Module influx has missing NOTIFY_TYPES member
2024-03-27T06:33:33.985 INFO:journalctl@ceph.mgr.x.smithi016.stdout:Mar 27 06:33:33 smithi016 ceph-c9095bc4-ec03-11ee-95d0-87774f69a715-mgr-x[32142]:
2024-03-27T06:33:33.991+0000 7f54d44fb200 -1 mgr[py] Module alerts has missing NOTIFY_TYPES member
2024-03-27T06:33:34.336 INFO:journalctl@ceph.mgr.x.smithi016.stdout:Mar 27 06:33:34 smithi016 ceph-c9095bc4-ec03-11ee-95d0-87774f69a715-mgr-x[32142]:
2024-03-27T06:33:34.075+0000 7f54d44fb200 -1 mgr[py] Module iostat has missing NOTIFY_TYPES member
2024-03-27T06:33:34.336 INFO:journalctl@ceph.mgr.x.smithi016.stdout:Mar 27 06:33:34 smithi016 ceph-c9095bc4-ec03-11ee-95d0-87774f69a715-mgr-x[32142]:
2024-03-27T06:33:34.343+0000 7f54d44fb200 -1 mgr[py] Module rgw has missing NOTIFY_TYPES member
2024-03-27T06:33:34.610 INFO:journalctl@ceph.mgr.x.smithi016.stdout:Mar 27 06:33:34 smithi016 ceph-c9095bc4-ec03-11ee-95d0-87774f69a715-mgr-x[32142]:
2024-03-27T06:33:34.455+0000 7f54d44fb200 -1 mgr[py] Module rbd_support has missing NOTIFY_TYPES member
2024-03-27T06:33:34.610 INFO:journalctl@ceph.mgr.x.smithi016.stdout:Mar 27 06:33:34 smithi016 ceph-c9095bc4-ec03-11ee-95d0-87774f69a715-mgr-x[32142]:
2024-03-27T06:33:34.541+0000 7f54d44fb200 -1 mgr[py] Module progress has missing NOTIFY_TYPES member
2024-03-27T06:33:35.110 INFO:journalctl@ceph.mgr.x.smithi016.stdout:Mar 27 06:33:34 smithi016 ceph-c9095bc4-ec03-11ee-95d0-87774f69a715-mgr-x[32142]:
2024-03-27T06:33:34.638+0000 7f54d44fb200 -1 mgr[py] Module pg_autoscaler has missing NOTIFY_TYPES member
2024-03-27T06:33:35.110 INFO:journalctl@ceph.mgr.x.smithi016.stdout:Mar 27 06:33:34 smithi016 ceph-c9095bc4-ec03-11ee-95d0-87774f69a715-mgr-x[32142]:
2024-03-27T06:33:34.815+0000 7f54d44fb200 -1 mgr[py] Module devicehealth has missing NOTIFY_TYPES member
2024-03-27T06:33:36.110 INFO:journalctl@ceph.mgr.x.smithi016.stdout:Mar 27 06:33:35 smithi016 ceph-c9095bc4-ec03-11ee-95d0-87774f69a715-mgr-x[32142]:
2024-03-27T06:33:35.813+0000 7f54d44fb200 -1 mgr[py] Module rook has missing NOTIFY_TYPES member
2024-03-27T06:33:36.110 INFO:journalctl@ceph.mgr.x.smithi016.stdout:Mar 27 06:33:35 smithi016 ceph-c9095bc4-ec03-11ee-95d0-87774f69a715-mgr-x[32142]:
2024-03-27T06:33:35.946+0000 7f54d44fb200 -1 mgr[py] Module diskprediction_local has missing NOTIFY_TYPES member
2024-03-27T06:33:36.570 INFO:journalctl@ceph.mgr.x.smithi016.stdout:Mar 27 06:33:36 smithi016 ceph-c9095bc4-ec03-11ee-95d0-87774f69a715-mgr-x[32142]:
2024-03-27T06:33:36.286+0000 7f54d44fb200 -1 mgr[py] Module selftest has missing NOTIFY_TYPES member
2024-03-27T06:33:36.570 INFO:journalctl@ceph.mgr.x.smithi016.stdout:Mar 27 06:33:36 smithi016 ceph-c9095bc4-ec03-11ee-95d0-87774f69a715-mgr-x[32142]:
2024-03-27T06:33:36.377+0000 7f54d44fb200 -1 mgr[py] Module telegraf has missing NOTIFY_TYPES member
2024-03-27T06:33:36.570 INFO:journalctl@ceph.mgr.x.smithi016.stdout:Mar 27 06:33:36 smithi016 ceph-c9095bc4-ec03-11ee-95d0-87774f69a715-mgr-x[32142]:
2024-03-27T06:33:36.577+0000 7f54d44fb200 -1 mgr[py] Module test_orchestrator has missing NOTIFY_TYPES member
2024-03-27T06:33:36.860 INFO:journalctl@ceph.mgr.x.smithi016.stdout:Mar 27 06:33:36 smithi016 ceph-c9095bc4-ec03-11ee-95d0-87774f69a715-mgr-x[32142]:
2024-03-27T06:33:36.770+0000 7f54d44fb200 -1 mgr[py] Module crash has missing NOTIFY_TYPES member
2024-03-27T06:33:37.336 INFO:journalctl@ceph.mgr.x.smithi016.stdout:Mar 27 06:33:37 smithi016 ceph-c9095bc4-ec03-11ee-95d0-87774f69a715-mgr-x[32142]:
2024-03-27T06:33:37.060+0000 7f54d44fb200 -1 mgr[py] Module orchestrator has missing NOTIFY_TYPES member
2024-03-27T06:33:37.336 INFO:journalctl@ceph.mgr.x.smithi016.stdout:Mar 27 06:33:37 smithi016 ceph-c9095bc4-ec03-11ee-95d0-87774f69a715-mgr-x[32142]:
2024-03-27T06:33:37.322+0000 7f54d44fb200 -1 mgr[py] Module osd_support has missing NOTIFY_TYPES member
2024-03-27T06:33:37.610 INFO:journalctl@ceph.mgr.x.smithi016.stdout:Mar 27 06:33:37 smithi016 ceph-c9095bc4-ec03-11ee-95d0-87774f69a715-mgr-x[32142]:
2024-03-27T06:33:37.563+0000 7f54d44fb200 -1 mgr[py] Module volumes has missing NOTIFY_TYPES member
2024-03-27T06:33:38.712 INFO:journalctl@ceph.mgr.x.smithi016.stdout:Mar 27 06:33:38 smithi016 ceph-c9095bc4-ec03-11ee-95d0-87774f69a715-mgr-x[32142]:
2024-03-27T06:33:38.387+0000 7f54d44fb200 -1 mgr[py] Module telemetry has missing NOTIFY_TYPES member
2024-03-27T06:33:38.725 INFO:teuthology.orchestra.run.smithi016.stdout:/usr/bin/ceph: stdout
2024-03-27T06:33:38.725 INFO:teuthology.orchestra.run.smithi016.stdout:/usr/bin/ceph: stdout {
2024-03-27T06:33:38.725 INFO:teuthology.orchestra.run.smithi016.stdout:/usr/bin/ceph: stdout "fsid": "c9095bc4-ec03-11ee-95d0-87774f69a715",
2024-03-27T06:33:38.725 INFO:teuthology.orchestra.run.smithi016.stdout:/usr/bin/ceph: stdout "health": {
2024-03-27T06:33:38.725 INFO:teuthology.orchestra.run.smithi016.stdout:/usr/bin/ceph: stdout "status": "HEALTH_OK",
2024-03-27T06:33:38.725 INFO:teuthology.orchestra.run.smithi016.stdout:/usr/bin/ceph: stdout "checks": {},
2024-03-27T06:33:38.726 INFO:teuthology.orchestra.run.smithi016.stdout:/usr/bin/ceph: stdout "mutes": []
2024-03-27T06:33:38.726 INFO:teuthology.orchestra.run.smithi016.stdout:/usr/bin/ceph: stdout },
2024-03-27T06:33:38.726 INFO:teuthology.orchestra.run.smithi016.stdout:/usr/bin/ceph: stdout "election_epoch": 5,
2024-03-27T06:33:38.726 INFO:teuthology.orchestra.run.smithi016.stdout:/usr/bin/ceph: stdout "quorum": [
2024-03-27T06:33:38.726 INFO:teuthology.orchestra.run.smithi016.stdout:/usr/bin/ceph: stdout 0
2024-03-27T06:33:38.726 INFO:teuthology.orchestra.run.smithi016.stdout:/usr/bin/ceph: stdout ],
2024-03-27T06:33:38.726 INFO:teuthology.orchestra.run.smithi016.stdout:/usr/bin/ceph: stdout "quorum_names": [
2024-03-27T06:33:38.726 INFO:teuthology.orchestra.run.smithi016.stdout:/usr/bin/ceph: stdout "a"
2024-03-27T06:33:38.726 INFO:teuthology.orchestra.run.smithi016.stdout:/usr/bin/ceph: stdout ],
2024-03-27T06:33:38.726 INFO:teuthology.orchestra.run.smithi016.stdout:/usr/bin/ceph: stdout "quorum_age": 2,
2024-03-27T06:33:38.726 INFO:teuthology.orchestra.run.smithi016.stdout:/usr/bin/ceph: stdout "monmap": {
2024-03-27T06:33:38.726 INFO:teuthology.orchestra.run.smithi016.stdout:/usr/bin/ceph: stdout "epoch": 1,
2024-03-27T06:33:38.726 INFO:teuthology.orchestra.run.smithi016.stdout:/usr/bin/ceph: stdout "min_mon_release_name": "squid",
2024-03-27T06:33:38.726 INFO:teuthology.orchestra.run.smithi016.stdout:/usr/bin/ceph: stdout "num_mons": 1
2024-03-27T06:33:38.727 INFO:teuthology.orchestra.run.smithi016.stdout:/usr/bin/ceph: stdout },
2024-03-27T06:33:38.727 INFO:teuthology.orchestra.run.smithi016.stdout:/usr/bin/ceph: stdout "osdmap": {
2024-03-27T06:33:38.727 INFO:teuthology.orchestra.run.smithi016.stdout:/usr/bin/ceph: stdout "epoch": 1,
2024-03-27T06:33:38.727 INFO:teuthology.orchestra.run.smithi016.stdout:/usr/bin/ceph: stdout "num_osds": 0,
2024-03-27T06:33:38.727 INFO:teuthology.orchestra.run.smithi016.stdout:/usr/bin/ceph: stdout "num_up_osds": 0,
2024-03-27T06:33:38.727 INFO:teuthology.orchestra.run.smithi016.stdout:/usr/bin/ceph: stdout "osd_up_since": 0,
2024-03-27T06:33:38.727 INFO:teuthology.orchestra.run.smithi016.stdout:/usr/bin/ceph: stdout "num_in_osds": 0,
2024-03-27T06:33:38.727 INFO:teuthology.orchestra.run.smithi016.stdout:/usr/bin/ceph: stdout "osd_in_since": 0,
2024-03-27T06:33:38.727 INFO:teuthology.orchestra.run.smithi016.stdout:/usr/bin/ceph: stdout "num_remapped_pgs": 0
2024-03-27T06:33:38.727 INFO:teuthology.orchestra.run.smithi016.stdout:/usr/bin/ceph: stdout },
2024-03-27T06:33:38.727 INFO:teuthology.orchestra.run.smithi016.stdout:/usr/bin/ceph: stdout "pgmap": {
2024-03-27T06:33:38.727 INFO:teuthology.orchestra.run.smithi016.stdout:/usr/bin/ceph: stdout "pgs_by_state": [],
2024-03-27T06:33:38.727 INFO:teuthology.orchestra.run.smithi016.stdout:/usr/bin/ceph: stdout "num_pgs": 0,
2024-03-27T06:33:38.727 INFO:teuthology.orchestra.run.smithi016.stdout:/usr/bin/ceph: stdout "num_pools": 0,
2024-03-27T06:33:38.727 INFO:teuthology.orchestra.run.smithi016.stdout:/usr/bin/ceph: stdout "num_objects": 0,
2024-03-27T06:33:38.728 INFO:teuthology.orchestra.run.smithi016.stdout:/usr/bin/ceph: stdout "data_bytes": 0,
2024-03-27T06:33:38.728 INFO:teuthology.orchestra.run.smithi016.stdout:/usr/bin/ceph: stdout "bytes_used": 0,
2024-03-27T06:33:38.728 INFO:teuthology.orchestra.run.smithi016.stdout:/usr/bin/ceph: stdout "bytes_avail": 0,
2024-03-27T06:33:38.728 INFO:teuthology.orchestra.run.smithi016.stdout:/usr/bin/ceph: stdout "bytes_total": 0
2024-03-27T06:33:38.728 INFO:teuthology.orchestra.run.smithi016.stdout:/usr/bin/ceph: stdout },
2024-03-27T06:33:38.728 INFO:teuthology.orchestra.run.smithi016.stdout:/usr/bin/ceph: stdout "fsmap": {
2024-03-27T06:33:38.728 INFO:teuthology.orchestra.run.smithi016.stdout:/usr/bin/ceph: stdout "epoch": 1,
2024-03-27T06:33:38.728 INFO:teuthology.orchestra.run.smithi016.stdout:/usr/bin/ceph: stdout "by_rank": [],
2024-03-27T06:33:38.728 INFO:teuthology.orchestra.run.smithi016.stdout:/usr/bin/ceph: stdout "up:standby": 0
2024-03-27T06:33:38.728 INFO:teuthology.orchestra.run.smithi016.stdout:/usr/bin/ceph: stdout },
2024-03-27T06:33:38.728 INFO:teuthology.orchestra.run.smithi016.stdout:/usr/bin/ceph: stdout "mgrmap": {
2024-03-27T06:33:38.728 INFO:teuthology.orchestra.run.smithi016.stdout:/usr/bin/ceph: stdout "available": false,
2024-03-27T06:33:38.728 INFO:teuthology.orchestra.run.smithi016.stdout:/usr/bin/ceph: stdout "num_standbys": 0,
2024-03-27T06:33:38.728 INFO:teuthology.orchestra.run.smithi016.stdout:/usr/bin/ceph: stdout "modules": [
2024-03-27T06:33:38.729 INFO:teuthology.orchestra.run.smithi016.stdout:/usr/bin/ceph: stdout "iostat",
2024-03-27T06:33:38.729 INFO:teuthology.orchestra.run.smithi016.stdout:/usr/bin/ceph: stdout "nfs",
2024-03-27T06:33:38.729 INFO:teuthology.orchestra.run.smithi016.stdout:/usr/bin/ceph: stdout "restful"
2024-03-27T06:33:38.729 INFO:teuthology.orchestra.run.smithi016.stdout:/usr/bin/ceph: stdout ],
2024-03-27T06:33:38.729 INFO:teuthology.orchestra.run.smithi016.stdout:/usr/bin/ceph: stdout "services": {}
2024-03-27T06:33:38.729 INFO:teuthology.orchestra.run.smithi016.stdout:/usr/bin/ceph: stdout },
2024-03-27T06:33:38.729 INFO:teuthology.orchestra.run.smithi016.stdout:/usr/bin/ceph: stdout "servicemap": {
2024-03-27T06:33:38.729 INFO:teuthology.orchestra.run.smithi016.stdout:/usr/bin/ceph: stdout "epoch": 1,
2024-03-27T06:33:38.729 INFO:teuthology.orchestra.run.smithi016.stdout:/usr/bin/ceph: stdout "modified": "2024-03-27T06:33:25.534616+0000",
2024-03-27T06:33:38.729 INFO:teuthology.orchestra.run.smithi016.stdout:/usr/bin/ceph: stdout "services": {}
2024-03-27T06:33:38.729 INFO:teuthology.orchestra.run.smithi016.stdout:/usr/bin/ceph: stdout },
2024-03-27T06:33:38.729 INFO:teuthology.orchestra.run.smithi016.stdout:/usr/bin/ceph: stdout "progress_events": {}
2024-03-27T06:33:38.729 INFO:teuthology.orchestra.run.smithi016.stdout:/usr/bin/ceph: stdout }
2024-03-27T06:33:38.729 INFO:teuthology.orchestra.run.smithi016.stdout:/usr/bin/ceph: stderr
2024-03-27T06:33:32.847+0000 7f42e9a27700 1 Processor -- start
2024-03-27T06:33:38.729 INFO:teuthology.orchestra.run.smithi016.stdout:/usr/bin/ceph: stderr
2024-03-27T06:33:32.847+0000 7f42e9a27700 1 -- start start
2024-03-27T06:33:38.730 INFO:teuthology.orchestra.run.smithi016.stdout:/usr/bin/ceph: stderr
2024-03-27T06:33:32.847+0000 7f42e9a27700 1 --2- >> [v2:172.21.15.16:3300/0,v1:172.21.15.16:6789/0] conn(0x7f42e41071d0 0x7f42e41075f0 unknown :-1 s=NONE pgs=0 cs=0 l=0 rev1=0 crypto rx=0 tx=0 comp rx=0 tx=0).connect
2024-03-27T06:33:38.730 INFO:teuthology.orchestra.run.smithi016.stdout:/usr/bin/ceph: stderr
2024-03-27T06:33:32.847+0000 7f42e9a27700 1 -- --> [v2:172.21.15.16:3300/0,v1:172.21.15.16:6789/0] -- mon_getmap magic: 0 -- 0x7f42e4107bc0 con 0x7f42e41071d0
2024-03-27T06:33:38.730 INFO:teuthology.orchestra.run.smithi016.stdout:/usr/bin/ceph: stderr
2024-03-27T06:33:32.847+0000 7f42e2ffd700 1 --2- >> [v2:172.21.15.16:3300/0,v1:172.21.15.16:6789/0] conn(0x7f42e41071d0 0x7f42e41075f0 unknown :-1 s=BANNER_CONNECTING pgs=0 cs=0 l=0 rev1=0 crypto rx=0 tx=0 comp rx=0 tx=0)._handle_peer_banner_payload supported=3 required=0
2024-03-27T06:33:38.730 INFO:teuthology.orchestra.run.smithi016.stdout:/usr/bin/ceph: stderr
2024-03-27T06:33:32.847+0000 7f42e2ffd700 1 --2- >> [v2:172.21.15.16:3300/0,v1:172.21.15.16:6789/0] conn(0x7f42e41071d0 0x7f42e41075f0 unknown :-1 s=HELLO_CONNECTING pgs=0 cs=0 l=0 rev1=1 crypto rx=0 tx=0 comp rx=0 tx=0).handle_hello peer v2:172.21.15.16:3300/0 says I am v2:172.21.15.16:44512/0 (socket says 172.21.15.16:44512)
2024-03-27T06:33:38.730 INFO:teuthology.orchestra.run.smithi016.stdout:/usr/bin/ceph: stderr
2024-03-27T06:33:32.847+0000 7f42e2ffd700 1 -- 172.21.15.16:0/3781546312 learned_addr learned my addr 172.21.15.16:0/3781546312 (peer_addr_for_me v2:172.21.15.16:0/0)
2024-03-27T06:33:38.730 INFO:teuthology.orchestra.run.smithi016.stdout:/usr/bin/ceph: stderr
2024-03-27T06:33:32.848+0000 7f42e2ffd700 1 -- 172.21.15.16:0/3781546312 --> [v2:172.21.15.16:3300/0,v1:172.21.15.16:6789/0] -- mon_subscribe({config=0+,monmap=0+}) -- 0x7f42e41083d0 con 0x7f42e41071d0
2024-03-27T06:33:38.730 INFO:teuthology.orchestra.run.smithi016.stdout:/usr/bin/ceph: stderr
2024-03-27T06:33:32.848+0000 7f42e2ffd700 1 --2- 172.21.15.16:0/3781546312 >> [v2:172.21.15.16:3300/0,v1:172.21.15.16:6789/0] conn(0x7f42e41071d0 0x7f42e41075f0 secure :-1 s=READY pgs=5 cs=0 l=1 rev1=1 crypto rx=0x7f42d80098a0 tx=0x7f42d8009bb0 comp rx=0 tx=0).ready entity=mon.0 client_cookie=c182a83dcbe2437 server_cookie=0 in_seq=0 out_seq=0
2024-03-27T06:33:38.730 INFO:teuthology.orchestra.run.smithi016.stdout:/usr/bin/ceph: stderr
2024-03-27T06:33:32.848+0000 7f42e1ffb700 1 -- 172.21.15.16:0/3781546312 <== mon.0 v2:172.21.15.16:3300/0 1 ==== mon_map magic: 0 ==== 205+0+0 (secure 0 0 0) 0x7f42d8004160 con 0x7f42e41071d0
2024-03-27T06:33:38.730 INFO:teuthology.orchestra.run.smithi016.stdout:/usr/bin/ceph: stderr
2024-03-27T06:33:32.848+0000 7f42e1ffb700 1 -- 172.21.15.16:0/3781546312 <== mon.0 v2:172.21.15.16:3300/0 2 ==== config(28 keys) ==== 1143+0+0 (secure 0 0 0) 0x7f42d8004300 con 0x7f42e41071d0
2024-03-27T06:33:38.730 INFO:teuthology.orchestra.run.smithi016.stdout:/usr/bin/ceph: stderr
2024-03-27T06:33:32.848+0000 7f42e1ffb700 1 -- 172.21.15.16:0/3781546312 <== mon.0 v2:172.21.15.16:3300/0 3 ==== mon_map magic: 0 ==== 205+0+0 (secure 0 0 0) 0x7f42d8011c00 con 0x7f42e41071d0
2024-03-27T06:33:38.730 INFO:teuthology.orchestra.run.smithi016.stdout:/usr/bin/ceph: stderr
2024-03-27T06:33:32.849+0000 7f42e9a27700 1 -- 172.21.15.16:0/3781546312 >> [v2:172.21.15.16:3300/0,v1:172.21.15.16:6789/0] conn(0x7f42e41071d0 msgr2=0x7f42e41075f0 secure :-1 s=STATE_CONNECTION_ESTABLISHED l=1).mark_down
2024-03-27T06:33:38.730 INFO:teuthology.orchestra.run.smithi016.stdout:/usr/bin/ceph: stderr
2024-03-27T06:33:32.849+0000 7f42e9a27700 1 --2- 172.21.15.16:0/3781546312 >> [v2:172.21.15.16:3300/0,v1:172.21.15.16:6789/0] conn(0x7f42e41071d0 0x7f42e41075f0 secure :-1 s=READY pgs=5 cs=0 l=1 rev1=1 crypto rx=0x7f42d80098a0 tx=0x7f42d8009bb0 comp rx=0 tx=0).stop
2024-03-27T06:33:38.730 INFO:teuthology.orchestra.run.smithi016.stdout:/usr/bin/ceph: stderr
2024-03-27T06:33:32.849+0000 7f42e9a27700 1 -- 172.21.15.16:0/3781546312 shutdown_connections
2024-03-27T06:33:38.730 INFO:teuthology.orchestra.run.smithi016.stdout:/usr/bin/ceph: stderr
2024-03-27T06:33:32.849+0000 7f42e9a27700 1 --2- 172.21.15.16:0/3781546312 >> [v2:172.21.15.16:3300/0,v1:172.21.15.16:6789/0] conn(0x7f42e41071d0 0x7f42e41075f0 unknown :-1 s=CLOSED pgs=5 cs=0 l=1 rev1=1 crypto rx=0 tx=0 comp rx=0 tx=0).stop
2024-03-27T06:33:38.731 INFO:teuthology.orchestra.run.smithi016.stdout:/usr/bin/ceph: stderr
2024-03-27T06:33:32.849+0000 7f42e9a27700 1 -- 172.21.15.16:0/3781546312 >> 172.21.15.16:0/3781546312 conn(0x7f42e41027b0 msgr2=0x7f42e4104bd0 unknown :-1 s=STATE_NONE l=0).mark_down
2024-03-27T06:33:38.731 INFO:teuthology.orchestra.run.smithi016.stdout:/usr/bin/ceph: stderr
2024-03-27T06:33:32.849+0000 7f42e9a27700 1 -- 172.21.15.16:0/3781546312 shutdown_connections
2024-03-27T06:33:38.731 INFO:teuthology.orchestra.run.smithi016.stdout:/usr/bin/ceph: stderr
2024-03-27T06:33:32.849+0000 7f42e9a27700 1 -- 172.21.15.16:0/3781546312 wait complete.
2024-03-27T06:33:38.731 INFO:teuthology.orchestra.run.smithi016.stdout:/usr/bin/ceph: stderr
2024-03-27T06:33:32.849+0000 7f42e9a27700 1 Processor -- start
2024-03-27T06:33:38.731 INFO:teuthology.orchestra.run.smithi016.stdout:/usr/bin/ceph: stderr
2024-03-27T06:33:32.850+0000 7f42e9a27700 1 -- start start
2024-03-27T06:33:38.731 INFO:teuthology.orchestra.run.smithi016.stdout:/usr/bin/ceph: stderr
2024-03-27T06:33:32.850+0000 7f42e9a27700 1 --2- >> [v2:172.21.15.16:3300/0,v1:172.21.15.16:6789/0] conn(0x7f42e41071d0 0x7f42e419b2b0 unknown :-1 s=NONE pgs=0 cs=0 l=1 rev1=0 crypto rx=0 tx=0 comp rx=0 tx=0).connect
2024-03-27T06:33:38.731 INFO:teuthology.orchestra.run.smithi016.stdout:/usr/bin/ceph: stderr
2024-03-27T06:33:32.850+0000 7f42e9a27700 1 -- --> [v2:172.21.15.16:3300/0,v1:172.21.15.16:6789/0] -- mon_getmap magic: 0 -- 0x7f42e410b780 con 0x7f42e41071d0
2024-03-27T06:33:38.731 INFO:teuthology.orchestra.run.smithi016.stdout:/usr/bin/ceph: stderr
2024-03-27T06:33:32.850+0000 7f42e2ffd700 1 --2- >> [v2:172.21.15.16:3300/0,v1:172.21.15.16:6789/0] conn(0x7f42e41071d0 0x7f42e419b2b0 unknown :-1 s=BANNER_CONNECTING pgs=0 cs=0 l=1 rev1=0 crypto rx=0 tx=0 comp rx=0 tx=0)._handle_peer_banner_payload supported=3 required=0
2024-03-27T06:33:38.731 INFO:teuthology.orchestra.run.smithi016.stdout:/usr/bin/ceph: stderr
2024-03-27T06:33:32.850+0000 7f42e2ffd700 1 --2- >> [v2:172.21.15.16:3300/0,v1:172.21.15.16:6789/0] conn(0x7f42e41071d0 0x7f42e419b2b0 unknown :-1 s=HELLO_CONNECTING pgs=0 cs=0 l=1 rev1=1 crypto rx=0 tx=0 comp rx=0 tx=0).handle_hello peer v2:172.21.15.16:3300/0 says I am v2:172.21.15.16:44526/0 (socket says 172.21.15.16:44526)
2024-03-27T06:33:38.731 INFO:teuthology.orchestra.run.smithi016.stdout:/usr/bin/ceph: stderr
2024-03-27T06:33:32.850+0000 7f42e2ffd700 1 -- 172.21.15.16:0/2592836707 learned_addr learned my addr 172.21.15.16:0/2592836707 (peer_addr_for_me v2:172.21.15.16:0/0)
2024-03-27T06:33:38.731 INFO:teuthology.orchestra.run.smithi016.stdout:/usr/bin/ceph: stderr
2024-03-27T06:33:32.850+0000 7f42e2ffd700 1 -- 172.21.15.16:0/2592836707 --> [v2:172.21.15.16:3300/0,v1:172.21.15.16:6789/0] -- mon_subscribe({config=0+,monmap=0+}) -- 0x7f42e419b7f0 con 0x7f42e41071d0
2024-03-27T06:33:38.731 INFO:teuthology.orchestra.run.smithi016.stdout:/usr/bin/ceph: stderr
2024-03-27T06:33:32.850+0000 7f42e2ffd700 1 --2- 172.21.15.16:0/2592836707 >> [v2:172.21.15.16:3300/0,v1:172.21.15.16:6789/0] conn(0x7f42e41071d0 0x7f42e419b2b0 secure :-1 s=READY pgs=6 cs=0 l=1 rev1=1 crypto rx=0x7f42d8009fb0 tx=0x7f42d8011c60 comp rx=0 tx=0).ready entity=mon.0 client_cookie=0 server_cookie=0 in_seq=0 out_seq=0
2024-03-27T06:33:38.731 INFO:teuthology.orchestra.run.smithi016.stdout:/usr/bin/ceph: stderr
2024-03-27T06:33:32.851+0000 7f42e8a25700 1 -- 172.21.15.16:0/2592836707 <== mon.0 v2:172.21.15.16:3300/0 1 ==== mon_map magic: 0 ==== 205+0+0 (secure 0 0 0) 0x7f42d80038b0 con 0x7f42e41071d0
2024-03-27T06:33:38.732 INFO:teuthology.orchestra.run.smithi016.stdout:/usr/bin/ceph: stderr
2024-03-27T06:33:32.851+0000 7f42e8a25700 1 -- 172.21.15.16:0/2592836707 <== mon.0 v2:172.21.15.16:3300/0 2 ==== config(28 keys) ==== 1143+0+0 (secure 0 0 0) 0x7f42d801a430 con 0x7f42e41071d0
2024-03-27T06:33:38.732 INFO:teuthology.orchestra.run.smithi016.stdout:/usr/bin/ceph: stderr
2024-03-27T06:33:32.851+0000 7f42e9a27700 1 -- 172.21.15.16:0/2592836707 --> [v2:172.21.15.16:3300/0,v1:172.21.15.16:6789/0] -- mon_subscribe({mgrmap=0+}) -- 0x7f42e419ba80 con 0x7f42e41071d0
2024-03-27T06:33:38.732 INFO:teuthology.orchestra.run.smithi016.stdout:/usr/bin/ceph: stderr
2024-03-27T06:33:32.851+0000 7f42e8a25700 1 -- 172.21.15.16:0/2592836707 <== mon.0 v2:172.21.15.16:3300/0 3 ==== mon_map magic: 0 ==== 205+0+0 (secure 0 0 0) 0x7f42d80195e0 con 0x7f42e41071d0
2024-03-27T06:33:38.732 INFO:teuthology.orchestra.run.smithi016.stdout:/usr/bin/ceph: stderr
2024-03-27T06:33:32.851+0000 7f42e9a27700 1 -- 172.21.15.16:0/2592836707 --> [v2:172.21.15.16:3300/0,v1:172.21.15.16:6789/0] -- mon_subscribe({osdmap=0}) -- 0x7f42e419e770 con 0x7f42e41071d0
2024-03-27T06:33:38.732 INFO:teuthology.orchestra.run.smithi016.stdout:/usr/bin/ceph: stderr
2024-03-27T06:33:32.851+0000 7f42e8a25700 1 -- 172.21.15.16:0/2592836707 <== mon.0 v2:172.21.15.16:3300/0 4 ==== mgrmap(e 1) ==== 807+0+0 (secure 0 0 0) 0x7f42d8019c90 con 0x7f42e41071d0
2024-03-27T06:33:38.732 INFO:teuthology.orchestra.run.smithi016.stdout:/usr/bin/ceph: stderr
2024-03-27T06:33:32.851+0000 7f42e8a25700 1 -- 172.21.15.16:0/2592836707 <== mon.0 v2:172.21.15.16:3300/0 5 ==== osd_map(1..1 src has 1..1) ==== 725+0+0 (secure 0 0 0) 0x7f42d8024730 con 0x7f42e41071d0
2024-03-27T06:33:38.732 INFO:teuthology.orchestra.run.smithi016.stdout:/usr/bin/ceph: stderr
2024-03-27T06:33:32.852+0000 7f42e9a27700 1 -- 172.21.15.16:0/2592836707 --> [v2:172.21.15.16:3300/0,v1:172.21.15.16:6789/0] -- mon_command({"prefix": "get_command_descriptions"} v 0) -- 0x7f42d0005360 con 0x7f42e41071d0
2024-03-27T06:33:38.732 INFO:teuthology.orchestra.run.smithi016.stdout:/usr/bin/ceph: stderr
2024-03-27T06:33:32.854+0000 7f42e8a25700 1 -- 172.21.15.16:0/2592836707 <== mon.0 v2:172.21.15.16:3300/0 6 ==== mon_command_ack([{"prefix": "get_command_descriptions"}]=0 v0) ==== 72+0+73265 (secure 0 0 0) 0x7f42d8043e50 con 0x7f42e41071d0
2024-03-27T06:33:38.732 INFO:teuthology.orchestra.run.smithi016.stdout:/usr/bin/ceph: stderr
2024-03-27T06:33:32.928+0000 7f42e9a27700 1 -- 172.21.15.16:0/2592836707 --> [v2:172.21.15.16:3300/0,v1:172.21.15.16:6789/0] -- mon_command({"prefix": "status", "format": "json-pretty"} v 0) -- 0x7f42d0005920 con 0x7f42e41071d0
2024-03-27T06:33:38.732 INFO:teuthology.orchestra.run.smithi016.stdout:/usr/bin/ceph: stderr
2024-03-27T06:33:32.929+0000 7f42e8a25700 1 -- 172.21.15.16:0/2592836707 <== mon.0 v2:172.21.15.16:3300/0 7 ==== mon_command_ack([{"prefix": "status", "format": "json-pretty"}]=0 v0) ==== 79+0+1239 (secure 0 0 0) 0x7f42d8032020 con 0x7f42e41071d0
2024-03-27T06:33:38.732 INFO:teuthology.orchestra.run.smithi016.stdout:/usr/bin/ceph: stderr
2024-03-27T06:33:32.930+0000 7f42e9a27700 1 -- 172.21.15.16:0/2592836707 >> [v2:172.21.15.16:3300/0,v1:172.21.15.16:6789/0] conn(0x7f42e41071d0 msgr2=0x7f42e419b2b0 secure :-1 s=STATE_CONNECTION_ESTABLISHED l=1).mark_down
2024-03-27T06:33:38.732 INFO:teuthology.orchestra.run.smithi016.stdout:/usr/bin/ceph: stderr
2024-03-27T06:33:32.930+0000 7f42e9a27700 1 --2- 172.21.15.16:0/2592836707 >> [v2:172.21.15.16:3300/0,v1:172.21.15.16:6789/0] conn(0x7f42e41071d0 0x7f42e419b2b0 secure :-1 s=READY pgs=6 cs=0 l=1 rev1=1 crypto rx=0x7f42d8009fb0 tx=0x7f42d8011c60 comp rx=0 tx=0).stop
2024-03-27T06:33:38.732 INFO:teuthology.orchestra.run.smithi016.stdout:/usr/bin/ceph: stderr
2024-03-27T06:33:32.930+0000 7f42e9a27700 1 -- 172.21.15.16:0/2592836707 shutdown_connections
2024-03-27T06:33:38.733 INFO:teuthology.orchestra.run.smithi016.stdout:/usr/bin/ceph: stderr
2024-03-27T06:33:32.930+0000 7f42e9a27700 1 --2- 172.21.15.16:0/2592836707 >> [v2:172.21.15.16:3300/0,v1:172.21.15.16:6789/0] conn(0x7f42e41071d0 0x7f42e419b2b0 unknown :-1 s=CLOSED pgs=6 cs=0 l=1 rev1=1 crypto rx=0 tx=0 comp rx=0 tx=0).stop
2024-03-27T06:33:38.733 INFO:teuthology.orchestra.run.smithi016.stdout:/usr/bin/ceph: stderr
2024-03-27T06:33:32.930+0000 7f42e9a27700 1 -- 172.21.15.16:0/2592836707 >> 172.21.15.16:0/2592836707 conn(0x7f42e41027b0 msgr2=0x7f42e4103390 unknown :-1 s=STATE_NONE l=0).mark_down
2024-03-27T06:33:38.733 INFO:teuthology.orchestra.run.smithi016.stdout:/usr/bin/ceph: stderr
2024-03-27T06:33:32.930+0000 7f42e9a27700 1 -- 172.21.15.16:0/2592836707 shutdown_connections
2024-03-27T06:33:38.733 INFO:teuthology.orchestra.run.smithi016.stdout:/usr/bin/ceph: stderr
2024-03-27T06:33:32.930+0000 7f42e9a27700 1 -- 172.21.15.16:0/2592836707 wait complete.
2024-03-27T06:33:38.733 INFO:teuthology.orchestra.run.smithi016.stdout:mgr not available, waiting (1/15)...
2024-03-27T06:33:39.284 INFO:journalctl@ceph.mgr.x.smithi016.stdout:Mar 27 06:33:38 smithi016 ceph-c9095bc4-ec03-11ee-95d0-87774f69a715-mgr-x[32142]:
2024-03-27T06:33:38.970+0000 7f54d44fb200 -1 mgr[py] Module prometheus has missing NOTIFY_TYPES member
2024-03-27T06:33:39.284 INFO:journalctl@ceph.mgr.x.smithi016.stdout:Mar 27 06:33:39 smithi016 ceph-c9095bc4-ec03-11ee-95d0-87774f69a715-mgr-x[32142]:
2024-03-27T06:33:39.070+0000 7f54d44fb200 -1 mgr[py] Module status has missing NOTIFY_TYPES member
2024-03-27T06:33:39.284 INFO:journalctl@ceph.mgr.x.smithi016.stdout:Mar 27 06:33:39 smithi016 ceph-c9095bc4-ec03-11ee-95d0-87774f69a715-mgr-x[32142]:
2024-03-27T06:33:39.291+0000 7f54d44fb200 -1 mgr[py] Module nfs has missing NOTIFY_TYPES member
2024-03-27T06:33:39.610 INFO:journalctl@ceph.mon.a.smithi016.stdout:Mar 27 06:33:39 smithi016 ceph-mon[31908]: Activating manager daemon x
2024-03-27T06:33:39.610 INFO:journalctl@ceph.mon.a.smithi016.stdout:Mar 27 06:33:39 smithi016 ceph-mon[31908]: mgrmap e2: x(active, starting, since 0.00315914s)
2024-03-27T06:33:39.610 INFO:journalctl@ceph.mon.a.smithi016.stdout:Mar 27 06:33:39 smithi016 ceph-mon[31908]: from='mgr.14100 172.21.15.16:0/3960903349' entity='mgr.x' cmd=[{"prefix": "mds metadata"}]: dispatch
2024-03-27T06:33:39.610 INFO:journalctl@ceph.mon.a.smithi016.stdout:Mar 27 06:33:39 smithi016 ceph-mon[31908]: from='mgr.14100 172.21.15.16:0/3960903349' entity='mgr.x' cmd=[{"prefix": "osd metadata"}]: dispatch
2024-03-27T06:33:39.610 INFO:journalctl@ceph.mon.a.smithi016.stdout:Mar 27 06:33:39 smithi016 ceph-mon[31908]: from='mgr.14100 172.21.15.16:0/3960903349' entity='mgr.x' cmd=[{"prefix": "mon metadata"}]: dispatch
2024-03-27T06:33:39.611 INFO:journalctl@ceph.mon.a.smithi016.stdout:Mar 27 06:33:39 smithi016 ceph-mon[31908]: from='mgr.14100 172.21.15.16:0/3960903349' entity='mgr.x' cmd=[{"prefix": "mon metadata", "id": "a"}]: dispatch
2024-03-27T06:33:39.611 INFO:journalctl@ceph.mon.a.smithi016.stdout:Mar 27 06:33:39 smithi016 ceph-mon[31908]: from='mgr.14100 172.21.15.16:0/3960903349' entity='mgr.x' cmd=[{"prefix": "mgr metadata", "who": "x", "id": "x"}]: dispatch
2024-03-27T06:33:39.611 INFO:journalctl@ceph.mon.a.smithi016.stdout:Mar 27 06:33:39 smithi016 ceph-mon[31908]: Manager daemon x is now available
2024-03-27T06:33:39.611 INFO:journalctl@ceph.mon.a.smithi016.stdout:Mar 27 06:33:39 smithi016 ceph-mon[31908]: from='mgr.14100 172.21.15.16:0/3960903349' entity='mgr.x' cmd=[{"prefix":"config rm","who":"mgr","name":"mgr/rbd_support/x/mirror_snapshot_schedule"}]: dispatch
2024-03-27T06:33:39.611 INFO:journalctl@ceph.mon.a.smithi016.stdout:Mar 27 06:33:39 smithi016 ceph-mon[31908]: from='mgr.14100 172.21.15.16:0/3960903349' entity='mgr.x'
2024-03-27T06:33:39.611 INFO:journalctl@ceph.mon.a.smithi016.stdout:Mar 27 06:33:39 smithi016 ceph-mon[31908]: from='mgr.14100 172.21.15.16:0/3960903349' entity='mgr.x' cmd=[{"prefix":"config rm","who":"mgr","name":"mgr/rbd_support/x/trash_purge_schedule"}]: dispatch
2024-03-27T06:33:39.611 INFO:journalctl@ceph.mon.a.smithi016.stdout:Mar 27 06:33:39 smithi016 ceph-mon[31908]: from='mgr.14100 172.21.15.16:0/3960903349' entity='mgr.x'
2024-03-27T06:33:39.611 INFO:journalctl@ceph.mon.a.smithi016.stdout:Mar 27 06:33:39 smithi016 ceph-mon[31908]: from='mgr.14100 172.21.15.16:0/3960903349' entity='mgr.x'
2024-03-27T06:33:41.436 INFO:journalctl@ceph.mon.a.smithi016.stdout:Mar 27 06:33:41 smithi016 ceph-mon[31908]: mgrmap e3: x(active, since 1.00729s)
2024-03-27T06:33:42.080 INFO:teuthology.orchestra.run.smithi016.stdout:/usr/bin/ceph: stdout
2024-03-27T06:33:42.080 INFO:teuthology.orchestra.run.smithi016.stdout:/usr/bin/ceph: stdout {
2024-03-27T06:33:42.080 INFO:teuthology.orchestra.run.smithi016.stdout:/usr/bin/ceph: stdout "fsid": "c9095bc4-ec03-11ee-95d0-87774f69a715",
2024-03-27T06:33:42.080 INFO:teuthology.orchestra.run.smithi016.stdout:/usr/bin/ceph: stdout "health": {
2024-03-27T06:33:42.080 INFO:teuthology.orchestra.run.smithi016.stdout:/usr/bin/ceph: stdout "status": "HEALTH_OK",
2024-03-27T06:33:42.080 INFO:teuthology.orchestra.run.smithi016.stdout:/usr/bin/ceph: stdout "checks": {},
2024-03-27T06:33:42.080 INFO:teuthology.orchestra.run.smithi016.stdout:/usr/bin/ceph: stdout "mutes": []
2024-03-27T06:33:42.080 INFO:teuthology.orchestra.run.smithi016.stdout:/usr/bin/ceph: stdout },
2024-03-27T06:33:42.080 INFO:teuthology.orchestra.run.smithi016.stdout:/usr/bin/ceph: stdout "election_epoch": 5,
2024-03-27T06:33:42.081 INFO:teuthology.orchestra.run.smithi016.stdout:/usr/bin/ceph: stdout "quorum": [
2024-03-27T06:33:42.081 INFO:teuthology.orchestra.run.smithi016.stdout:/usr/bin/ceph: stdout 0
2024-03-27T06:33:42.081 INFO:teuthology.orchestra.run.smithi016.stdout:/usr/bin/ceph: stdout ],
2024-03-27T06:33:42.081 INFO:teuthology.orchestra.run.smithi016.stdout:/usr/bin/ceph: stdout "quorum_names": [
2024-03-27T06:33:42.081 INFO:teuthology.orchestra.run.smithi016.stdout:/usr/bin/ceph: stdout "a"
2024-03-27T06:33:42.081 INFO:teuthology.orchestra.run.smithi016.stdout:/usr/bin/ceph: stdout ],
2024-03-27T06:33:42.081 INFO:teuthology.orchestra.run.smithi016.stdout:/usr/bin/ceph: stdout "quorum_age": 11,
2024-03-27T06:33:42.081 INFO:teuthology.orchestra.run.smithi016.stdout:/usr/bin/ceph: stdout "monmap": {
2024-03-27T06:33:42.081 INFO:teuthology.orchestra.run.smithi016.stdout:/usr/bin/ceph: stdout "epoch": 1,
2024-03-27T06:33:42.081 INFO:teuthology.orchestra.run.smithi016.stdout:/usr/bin/ceph: stdout "min_mon_release_name": "squid",
2024-03-27T06:33:42.081 INFO:teuthology.orchestra.run.smithi016.stdout:/usr/bin/ceph: stdout "num_mons": 1
2024-03-27T06:33:42.081 INFO:teuthology.orchestra.run.smithi016.stdout:/usr/bin/ceph: stdout },
2024-03-27T06:33:42.081 INFO:teuthology.orchestra.run.smithi016.stdout:/usr/bin/ceph: stdout "osdmap": {
2024-03-27T06:33:42.081 INFO:teuthology.orchestra.run.smithi016.stdout:/usr/bin/ceph: stdout "epoch": 1,
2024-03-27T06:33:42.081 INFO:teuthology.orchestra.run.smithi016.stdout:/usr/bin/ceph: stdout "num_osds": 0,
2024-03-27T06:33:42.082 INFO:teuthology.orchestra.run.smithi016.stdout:/usr/bin/ceph: stdout "num_up_osds": 0,
2024-03-27T06:33:42.082 INFO:teuthology.orchestra.run.smithi016.stdout:/usr/bin/ceph: stdout "osd_up_since": 0,
2024-03-27T06:33:42.091 INFO:teuthology.orchestra.run.smithi016.stdout:/usr/bin/ceph: stdout "num_in_osds": 0,
2024-03-27T06:33:42.092 INFO:teuthology.orchestra.run.smithi016.stdout:/usr/bin/ceph: stdout "osd_in_since": 0,
2024-03-27T06:33:42.092 INFO:teuthology.orchestra.run.smithi016.stdout:/usr/bin/ceph: stdout "num_remapped_pgs": 0
2024-03-27T06:33:42.092 INFO:teuthology.orchestra.run.smithi016.stdout:/usr/bin/ceph: stdout },
2024-03-27T06:33:42.092 INFO:teuthology.orchestra.run.smithi016.stdout:/usr/bin/ceph: stdout "pgmap": {
2024-03-27T06:33:42.092 INFO:teuthology.orchestra.run.smithi016.stdout:/usr/bin/ceph: stdout "pgs_by_state": [],
2024-03-27T06:33:42.092 INFO:teuthology.orchestra.run.smithi016.stdout:/usr/bin/ceph: stdout "num_pgs": 0,
2024-03-27T06:33:42.092 INFO:teuthology.orchestra.run.smithi016.stdout:/usr/bin/ceph: stdout "num_pools": 0,
2024-03-27T06:33:42.092 INFO:teuthology.orchestra.run.smithi016.stdout:/usr/bin/ceph: stdout "num_objects": 0,
2024-03-27T06:33:42.092 INFO:teuthology.orchestra.run.smithi016.stdout:/usr/bin/ceph: stdout "data_bytes": 0,
2024-03-27T06:33:42.092 INFO:teuthology.orchestra.run.smithi016.stdout:/usr/bin/ceph: stdout "bytes_used": 0,
2024-03-27T06:33:42.092 INFO:teuthology.orchestra.run.smithi016.stdout:/usr/bin/ceph: stdout "bytes_avail": 0,
2024-03-27T06:33:42.092 INFO:teuthology.orchestra.run.smithi016.stdout:/usr/bin/ceph: stdout "bytes_total": 0
2024-03-27T06:33:42.092 INFO:teuthology.orchestra.run.smithi016.stdout:/usr/bin/ceph: stdout },
2024-03-27T06:33:42.093 INFO:teuthology.orchestra.run.smithi016.stdout:/usr/bin/ceph: stdout "fsmap": {
2024-03-27T06:33:42.093 INFO:teuthology.orchestra.run.smithi016.stdout:/usr/bin/ceph: stdout "epoch": 1,
2024-03-27T06:33:42.093 INFO:teuthology.orchestra.run.smithi016.stdout:/usr/bin/ceph: stdout "by_rank": [],
2024-03-27T06:33:42.093 INFO:teuthology.orchestra.run.smithi016.stdout:/usr/bin/ceph: stdout "up:standby": 0
2024-03-27T06:33:42.093 INFO:teuthology.orchestra.run.smithi016.stdout:/usr/bin/ceph: stdout },
2024-03-27T06:33:42.093 INFO:teuthology.orchestra.run.smithi016.stdout:/usr/bin/ceph: stdout "mgrmap": {
2024-03-27T06:33:42.093 INFO:teuthology.orchestra.run.smithi016.stdout:/usr/bin/ceph: stdout "available": true,
2024-03-27T06:33:42.093 INFO:teuthology.orchestra.run.smithi016.stdout:/usr/bin/ceph: stdout "num_standbys": 0,
2024-03-27T06:33:42.093 INFO:teuthology.orchestra.run.smithi016.stdout:/usr/bin/ceph: stdout "modules": [
2024-03-27T06:33:42.093 INFO:teuthology.orchestra.run.smithi016.stdout:/usr/bin/ceph: stdout "iostat",
2024-03-27T06:33:42.093 INFO:teuthology.orchestra.run.smithi016.stdout:/usr/bin/ceph: stdout "nfs",
2024-03-27T06:33:42.093 INFO:teuthology.orchestra.run.smithi016.stdout:/usr/bin/ceph: stdout "restful"
2024-03-27T06:33:42.093 INFO:teuthology.orchestra.run.smithi016.stdout:/usr/bin/ceph: stdout ],
2024-03-27T06:33:42.093 INFO:teuthology.orchestra.run.smithi016.stdout:/usr/bin/ceph: stdout "services": {}
2024-03-27T06:33:42.094 INFO:teuthology.orchestra.run.smithi016.stdout:/usr/bin/ceph: stdout },
2024-03-27T06:33:42.094 INFO:teuthology.orchestra.run.smithi016.stdout:/usr/bin/ceph: stdout "servicemap": {
2024-03-27T06:33:42.094 INFO:teuthology.orchestra.run.smithi016.stdout:/usr/bin/ceph: stdout "epoch": 1,
2024-03-27T06:33:42.094 INFO:teuthology.orchestra.run.smithi016.stdout:/usr/bin/ceph: stdout "modified": "2024-03-27T06:33:25.534616+0000",
2024-03-27T06:33:42.094 INFO:teuthology.orchestra.run.smithi016.stdout:/usr/bin/ceph: stdout "services": {}
2024-03-27T06:33:42.094 INFO:teuthology.orchestra.run.smithi016.stdout:/usr/bin/ceph: stdout },
2024-03-27T06:33:42.094 INFO:teuthology.orchestra.run.smithi016.stdout:/usr/bin/ceph: stdout "progress_events": {}
2024-03-27T06:33:42.094 INFO:teuthology.orchestra.run.smithi016.stdout:/usr/bin/ceph: stdout }
2024-03-27T06:33:42.094 INFO:teuthology.orchestra.run.smithi016.stdout:/usr/bin/ceph: stderr
2024-03-27T06:33:41.140+0000 7f36db838700 1 Processor -- start
2024-03-27T06:33:42.094 INFO:teuthology.orchestra.run.smithi016.stdout:/usr/bin/ceph: stderr
2024-03-27T06:33:41.140+0000 7f36db838700 1 -- start start
2024-03-27T06:33:42.094 INFO:teuthology.orchestra.run.smithi016.stdout:/usr/bin/ceph: stderr
2024-03-27T06:33:41.140+0000 7f36db838700 1 --2- >> [v2:172.21.15.16:3300/0,v1:172.21.15.16:6789/0] conn(0x7f36d41071d0 0x7f36d41075f0 unknown :-1 s=NONE pgs=0 cs=0 l=0 rev1=0 crypto rx=0 tx=0 comp rx=0 tx=0).connect
2024-03-27T06:33:42.094 INFO:teuthology.orchestra.run.smithi016.stdout:/usr/bin/ceph: stderr
2024-03-27T06:33:41.140+0000 7f36db838700 1 -- --> [v2:172.21.15.16:3300/0,v1:172.21.15.16:6789/0] -- mon_getmap magic: 0 -- 0x7f36d4107bc0 con 0x7f36d41071d0
2024-03-27T06:33:42.094 INFO:teuthology.orchestra.run.smithi016.stdout:/usr/bin/ceph: stderr
2024-03-27T06:33:41.140+0000 7f36d95d4700 1 --2- >> [v2:172.21.15.16:3300/0,v1:172.21.15.16:6789/0] conn(0x7f36d41071d0 0x7f36d41075f0 unknown :-1 s=BANNER_CONNECTING pgs=0 cs=0 l=0 rev1=0 crypto rx=0 tx=0 comp rx=0 tx=0)._handle_peer_banner_payload supported=3 required=0
2024-03-27T06:33:42.095 INFO:teuthology.orchestra.run.smithi016.stdout:/usr/bin/ceph: stderr
2024-03-27T06:33:41.140+0000 7f36d95d4700 1 --2- >> [v2:172.21.15.16:3300/0,v1:172.21.15.16:6789/0] conn(0x7f36d41071d0 0x7f36d41075f0 unknown :-1 s=HELLO_CONNECTING pgs=0 cs=0 l=0 rev1=1 crypto rx=0 tx=0 comp rx=0 tx=0).handle_hello peer v2:172.21.15.16:3300/0 says I am v2:172.21.15.16:54528/0 (socket says 172.21.15.16:54528)
2024-03-27T06:33:42.095 INFO:teuthology.orchestra.run.smithi016.stdout:/usr/bin/ceph: stderr
2024-03-27T06:33:41.140+0000 7f36d95d4700 1 -- 172.21.15.16:0/914349020 learned_addr learned my addr 172.21.15.16:0/914349020 (peer_addr_for_me v2:172.21.15.16:0/0)
2024-03-27T06:33:42.095 INFO:teuthology.orchestra.run.smithi016.stdout:/usr/bin/ceph: stderr
2024-03-27T06:33:41.141+0000 7f36d95d4700 1 -- 172.21.15.16:0/914349020 --> [v2:172.21.15.16:3300/0,v1:172.21.15.16:6789/0] -- mon_subscribe({config=0+,monmap=0+}) -- 0x7f36d41083d0 con 0x7f36d41071d0
2024-03-27T06:33:42.095 INFO:teuthology.orchestra.run.smithi016.stdout:/usr/bin/ceph: stderr
2024-03-27T06:33:41.141+0000 7f36d95d4700 1 --2- 172.21.15.16:0/914349020 >> [v2:172.21.15.16:3300/0,v1:172.21.15.16:6789/0] conn(0x7f36d41071d0 0x7f36d41075f0 secure :-1 s=READY pgs=14 cs=0 l=1 rev1=1 crypto rx=0x7f36d00098a0 tx=0x7f36d0009bb0 comp rx=0 tx=0).ready entity=mon.0 client_cookie=ef430d21f91df963 server_cookie=0 in_seq=0 out_seq=0
2024-03-27T06:33:42.095 INFO:teuthology.orchestra.run.smithi016.stdout:/usr/bin/ceph: stderr
2024-03-27T06:33:41.141+0000 7f36cbfff700 1 -- 172.21.15.16:0/914349020 <== mon.0 v2:172.21.15.16:3300/0 1 ==== mon_map magic: 0 ==== 205+0+0 (secure 0 0 0) 0x7f36d0004160 con 0x7f36d41071d0
2024-03-27T06:33:42.095 INFO:teuthology.orchestra.run.smithi016.stdout:/usr/bin/ceph: stderr
2024-03-27T06:33:41.141+0000 7f36cbfff700 1 -- 172.21.15.16:0/914349020 <== mon.0 v2:172.21.15.16:3300/0 2 ==== config(28 keys) ==== 1143+0+0 (secure 0 0 0) 0x7f36d0004300 con 0x7f36d41071d0
2024-03-27T06:33:42.095 INFO:teuthology.orchestra.run.smithi016.stdout:/usr/bin/ceph: stderr
2024-03-27T06:33:41.141+0000 7f36cbfff700 1 -- 172.21.15.16:0/914349020 <== mon.0 v2:172.21.15.16:3300/0 3 ==== mon_map magic: 0 ==== 205+0+0 (secure 0 0 0) 0x7f36d0011c00 con 0x7f36d41071d0
2024-03-27T06:33:42.095 INFO:teuthology.orchestra.run.smithi016.stdout:/usr/bin/ceph: stderr
2024-03-27T06:33:41.142+0000 7f36db838700 1 -- 172.21.15.16:0/914349020 >> [v2:172.21.15.16:3300/0,v1:172.21.15.16:6789/0] conn(0x7f36d41071d0 msgr2=0x7f36d41075f0 secure :-1 s=STATE_CONNECTION_ESTABLISHED l=1).mark_down
2024-03-27T06:33:42.095 INFO:teuthology.orchestra.run.smithi016.stdout:/usr/bin/ceph: stderr
2024-03-27T06:33:41.142+0000 7f36db838700 1 --2- 172.21.15.16:0/914349020 >> [v2:172.21.15.16:3300/0,v1:172.21.15.16:6789/0] conn(0x7f36d41071d0 0x7f36d41075f0 secure :-1 s=READY pgs=14 cs=0 l=1 rev1=1 crypto rx=0x7f36d00098a0 tx=0x7f36d0009bb0 comp rx=0 tx=0).stop
2024-03-27T06:33:42.096 INFO:teuthology.orchestra.run.smithi016.stdout:/usr/bin/ceph: stderr
2024-03-27T06:33:41.142+0000 7f36db838700 1 -- 172.21.15.16:0/914349020 shutdown_connections
2024-03-27T06:33:42.096 INFO:teuthology.orchestra.run.smithi016.stdout:/usr/bin/ceph: stderr
2024-03-27T06:33:41.142+0000 7f36db838700 1 --2- 172.21.15.16:0/914349020 >> [v2:172.21.15.16:3300/0,v1:172.21.15.16:6789/0] conn(0x7f36d41071d0 0x7f36d41075f0 unknown :-1 s=CLOSED pgs=14 cs=0 l=1 rev1=1 crypto rx=0 tx=0 comp rx=0 tx=0).stop
2024-03-27T06:33:42.096 INFO:teuthology.orchestra.run.smithi016.stdout:/usr/bin/ceph: stderr
2024-03-27T06:33:41.142+0000 7f36db838700 1 -- 172.21.15.16:0/914349020 >> 172.21.15.16:0/914349020 conn(0x7f36d41027b0 msgr2=0x7f36d4104bd0 unknown :-1 s=STATE_NONE l=0).mark_down
2024-03-27T06:33:42.096 INFO:teuthology.orchestra.run.smithi016.stdout:/usr/bin/ceph: stderr
2024-03-27T06:33:41.142+0000 7f36db838700 1 -- 172.21.15.16:0/914349020 shutdown_connections
2024-03-27T06:33:42.096 INFO:teuthology.orchestra.run.smithi016.stdout:/usr/bin/ceph: stderr
2024-03-27T06:33:41.142+0000 7f36db838700 1 -- 172.21.15.16:0/914349020 wait complete.
2024-03-27T06:33:42.096 INFO:teuthology.orchestra.run.smithi016.stdout:/usr/bin/ceph: stderr
2024-03-27T06:33:41.142+0000 7f36db838700 1 Processor -- start
2024-03-27T06:33:42.096 INFO:teuthology.orchestra.run.smithi016.stdout:/usr/bin/ceph: stderr
2024-03-27T06:33:41.142+0000 7f36db838700 1 -- start start
2024-03-27T06:33:42.096 INFO:teuthology.orchestra.run.smithi016.stdout:/usr/bin/ceph: stderr
2024-03-27T06:33:41.142+0000 7f36db838700 1 --2- >> [v2:172.21.15.16:3300/0,v1:172.21.15.16:6789/0] conn(0x7f36d41071d0 0x7f36d407ba50 unknown :-1 s=NONE pgs=0 cs=0 l=1 rev1=0 crypto rx=0 tx=0 comp rx=0 tx=0).connect
2024-03-27T06:33:42.096 INFO:teuthology.orchestra.run.smithi016.stdout:/usr/bin/ceph: stderr
2024-03-27T06:33:41.142+0000 7f36db838700 1 -- --> [v2:172.21.15.16:3300/0,v1:172.21.15.16:6789/0] -- mon_getmap magic: 0 -- 0x7f36d410b780 con 0x7f36d41071d0
2024-03-27T06:33:42.096 INFO:teuthology.orchestra.run.smithi016.stdout:/usr/bin/ceph: stderr
2024-03-27T06:33:41.143+0000 7f36d95d4700 1 --2- >> [v2:172.21.15.16:3300/0,v1:172.21.15.16:6789/0] conn(0x7f36d41071d0 0x7f36d407ba50 unknown :-1 s=BANNER_CONNECTING pgs=0 cs=0 l=1 rev1=0 crypto rx=0 tx=0 comp rx=0 tx=0)._handle_peer_banner_payload supported=3 required=0
2024-03-27T06:33:42.096 INFO:teuthology.orchestra.run.smithi016.stdout:/usr/bin/ceph: stderr
2024-03-27T06:33:41.143+0000 7f36d95d4700 1 --2- >> [v2:172.21.15.16:3300/0,v1:172.21.15.16:6789/0] conn(0x7f36d41071d0 0x7f36d407ba50 unknown :-1 s=HELLO_CONNECTING pgs=0 cs=0 l=1 rev1=1 crypto rx=0 tx=0 comp rx=0 tx=0).handle_hello peer v2:172.21.15.16:3300/0 says I am v2:172.21.15.16:54536/0 (socket says 172.21.15.16:54536)
2024-03-27T06:33:42.096 INFO:teuthology.orchestra.run.smithi016.stdout:/usr/bin/ceph: stderr
2024-03-27T06:33:41.143+0000 7f36d95d4700 1 -- 172.21.15.16:0/2406065360 learned_addr learned my addr 172.21.15.16:0/2406065360 (peer_addr_for_me v2:172.21.15.16:0/0)
2024-03-27T06:33:42.096 INFO:teuthology.orchestra.run.smithi016.stdout:/usr/bin/ceph: stderr
2024-03-27T06:33:41.143+0000 7f36d95d4700 1 -- 172.21.15.16:0/2406065360 --> [v2:172.21.15.16:3300/0,v1:172.21.15.16:6789/0] -- mon_subscribe({config=0+,monmap=0+}) -- 0x7f36d419f100 con 0x7f36d41071d0
2024-03-27T06:33:42.096 INFO:teuthology.orchestra.run.smithi016.stdout:/usr/bin/ceph: stderr
2024-03-27T06:33:41.143+0000 7f36d95d4700 1 --2- 172.21.15.16:0/2406065360 >> [v2:172.21.15.16:3300/0,v1:172.21.15.16:6789/0] conn(0x7f36d41071d0 0x7f36d407ba50 secure :-1 s=READY pgs=15 cs=0 l=1 rev1=1 crypto rx=0x7f36d0009fb0 tx=0x7f36d0011c60 comp rx=0 tx=0).ready entity=mon.0 client_cookie=0 server_cookie=0 in_seq=0 out_seq=0
2024-03-27T06:33:42.097 INFO:teuthology.orchestra.run.smithi016.stdout:/usr/bin/ceph: stderr
2024-03-27T06:33:41.143+0000 7f36ca7fc700 1 -- 172.21.15.16:0/2406065360 <== mon.0 v2:172.21.15.16:3300/0 1 ==== mon_map magic: 0 ==== 205+0+0 (secure 0 0 0) 0x7f36d00038b0 con 0x7f36d41071d0
2024-03-27T06:33:42.097 INFO:teuthology.orchestra.run.smithi016.stdout:/usr/bin/ceph: stderr
2024-03-27T06:33:41.143+0000 7f36ca7fc700 1 -- 172.21.15.16:0/2406065360 <== mon.0 v2:172.21.15.16:3300/0 2 ==== config(28 keys) ==== 1143+0+0 (secure 0 0 0) 0x7f36d001a430 con 0x7f36d41071d0
2024-03-27T06:33:42.097 INFO:teuthology.orchestra.run.smithi016.stdout:/usr/bin/ceph: stderr
2024-03-27T06:33:41.143+0000 7f36db838700 1 -- 172.21.15.16:0/2406065360 --> [v2:172.21.15.16:3300/0,v1:172.21.15.16:6789/0] -- mon_subscribe({mgrmap=0+}) -- 0x7f36d419f2d0 con 0x7f36d41071d0
2024-03-27T06:33:42.097 INFO:teuthology.orchestra.run.smithi016.stdout:/usr/bin/ceph: stderr
2024-03-27T06:33:41.143+0000 7f36ca7fc700 1 -- 172.21.15.16:0/2406065360 <== mon.0 v2:172.21.15.16:3300/0 3 ==== mon_map magic: 0 ==== 205+0+0 (secure 0 0 0) 0x7f36d00195e0 con 0x7f36d41071d0
2024-03-27T06:33:42.097 INFO:teuthology.orchestra.run.smithi016.stdout:/usr/bin/ceph: stderr
2024-03-27T06:33:41.143+0000 7f36db838700 1 -- 172.21.15.16:0/2406065360 --> [v2:172.21.15.16:3300/0,v1:172.21.15.16:6789/0] -- mon_subscribe({osdmap=0}) -- 0x7f36d419f670 con 0x7f36d41071d0
2024-03-27T06:33:42.097 INFO:teuthology.orchestra.run.smithi016.stdout:/usr/bin/ceph: stderr
2024-03-27T06:33:41.144+0000 7f36ca7fc700 1 -- 172.21.15.16:0/2406065360 <== mon.0 v2:172.21.15.16:3300/0 4 ==== mgrmap(e 3) ==== 46349+0+0 (secure 0 0 0) 0x7f36d0019890 con 0x7f36d41071d0
2024-03-27T06:33:42.097 INFO:teuthology.orchestra.run.smithi016.stdout:/usr/bin/ceph: stderr
2024-03-27T06:33:41.144+0000 7f36ca7fc700 1 --2- 172.21.15.16:0/2406065360 >> [v2:172.21.15.16:6800/1221908125,v1:172.21.15.16:6801/1221908125] conn(0x7f36c0039270 0x7f36c003b730 unknown :-1 s=NONE pgs=0 cs=0 l=1 rev1=0 crypto rx=0 tx=0 comp rx=0 tx=0).connect
2024-03-27T06:33:42.097 INFO:teuthology.orchestra.run.smithi016.stdout:/usr/bin/ceph: stderr
2024-03-27T06:33:41.144+0000 7f36ca7fc700 1 -- 172.21.15.16:0/2406065360 <== mon.0 v2:172.21.15.16:3300/0 5 ==== osd_map(1..1 src has 1..1) ==== 725+0+0 (secure 0 0 0) 0x7f36d004d510 con 0x7f36d41071d0
2024-03-27T06:33:42.097 INFO:teuthology.orchestra.run.smithi016.stdout:/usr/bin/ceph: stderr
2024-03-27T06:33:41.144+0000 7f36d8dd3700 1 --2- 172.21.15.16:0/2406065360 >> [v2:172.21.15.16:6800/1221908125,v1:172.21.15.16:6801/1221908125] conn(0x7f36c0039270 0x7f36c003b730 unknown :-1 s=BANNER_CONNECTING pgs=0 cs=0 l=1 rev1=0 crypto rx=0 tx=0 comp rx=0 tx=0)._handle_peer_banner_payload supported=3 required=0
2024-03-27T06:33:42.097 INFO:teuthology.orchestra.run.smithi016.stdout:/usr/bin/ceph: stderr
2024-03-27T06:33:41.144+0000 7f36db838700 1 -- 172.21.15.16:0/2406065360 --> [v2:172.21.15.16:3300/0,v1:172.21.15.16:6789/0] -- mon_command({"prefix": "get_command_descriptions"} v 0) -- 0x7f36d410b900 con 0x7f36d41071d0
2024-03-27T06:33:42.097 INFO:teuthology.orchestra.run.smithi016.stdout:/usr/bin/ceph: stderr
2024-03-27T06:33:41.145+0000 7f36d8dd3700 1 --2- 172.21.15.16:0/2406065360 >> [v2:172.21.15.16:6800/1221908125,v1:172.21.15.16:6801/1221908125] conn(0x7f36c0039270 0x7f36c003b730 secure :-1 s=READY pgs=6 cs=0 l=1 rev1=1 crypto rx=0x7f36c4006fd0 tx=0x7f36c4006e40 comp rx=0 tx=0).ready entity=mgr.14100 client_cookie=0 server_cookie=0 in_seq=0 out_seq=0
2024-03-27T06:33:42.097 INFO:teuthology.orchestra.run.smithi016.stdout:/usr/bin/ceph: stderr
2024-03-27T06:33:41.150+0000 7f36ca7fc700 1 -- 172.21.15.16:0/2406065360 <== mon.0 v2:172.21.15.16:3300/0 6 ==== mon_command_ack([{"prefix": "get_command_descriptions"}]=0 v0) ==== 72+0+187541 (secure 0 0 0) 0x7f36d000bc40 con 0x7f36d41071d0
2024-03-27T06:33:42.097 INFO:teuthology.orchestra.run.smithi016.stdout:/usr/bin/ceph: stderr
2024-03-27T06:33:41.443+0000 7f36db838700 1 -- 172.21.15.16:0/2406065360 --> [v2:172.21.15.16:3300/0,v1:172.21.15.16:6789/0] -- mon_command({"prefix": "status", "format": "json-pretty"} v 0) -- 0x7f36d419f8f0 con 0x7f36d41071d0
2024-03-27T06:33:42.098 INFO:teuthology.orchestra.run.smithi016.stdout:/usr/bin/ceph: stderr
2024-03-27T06:33:41.443+0000 7f36ca7fc700 1 -- 172.21.15.16:0/2406065360 <== mon.0 v2:172.21.15.16:3300/0 7 ==== mon_command_ack([{"prefix": "status", "format": "json-pretty"}]=0 v0) ==== 79+0+1239 (secure 0 0 0) 0x7f36d000fda0 con 0x7f36d41071d0
2024-03-27T06:33:42.098 INFO:teuthology.orchestra.run.smithi016.stdout:/usr/bin/ceph: stderr
2024-03-27T06:33:41.445+0000 7f36db838700 1 -- 172.21.15.16:0/2406065360 >> [v2:172.21.15.16:6800/1221908125,v1:172.21.15.16:6801/1221908125] conn(0x7f36c0039270 msgr2=0x7f36c003b730 secure :-1 s=STATE_CONNECTION_ESTABLISHED l=1).mark_down
2024-03-27T06:33:42.098 INFO:teuthology.orchestra.run.smithi016.stdout:/usr/bin/ceph: stderr
2024-03-27T06:33:41.445+0000 7f36db838700 1 --2- 172.21.15.16:0/2406065360 >> [v2:172.21.15.16:6800/1221908125,v1:172.21.15.16:6801/1221908125] conn(0x7f36c0039270 0x7f36c003b730 secure :-1 s=READY pgs=6 cs=0 l=1 rev1=1 crypto rx=0x7f36c4006fd0 tx=0x7f36c4006e40 comp rx=0 tx=0).stop
2024-03-27T06:33:42.098 INFO:teuthology.orchestra.run.smithi016.stdout:/usr/bin/ceph: stderr
2024-03-27T06:33:41.445+0000 7f36db838700 1 -- 172.21.15.16:0/2406065360 >> [v2:172.21.15.16:3300/0,v1:172.21.15.16:6789/0] conn(0x7f36d41071d0 msgr2=0x7f36d407ba50 secure :-1 s=STATE_CONNECTION_ESTABLISHED l=1).mark_down
2024-03-27T06:33:42.098 INFO:teuthology.orchestra.run.smithi016.stdout:/usr/bin/ceph: stderr
2024-03-27T06:33:41.445+0000 7f36db838700 1 --2- 172.21.15.16:0/2406065360 >> [v2:172.21.15.16:3300/0,v1:172.21.15.16:6789/0] conn(0x7f36d41071d0 0x7f36d407ba50 secure :-1 s=READY pgs=15 cs=0 l=1 rev1=1 crypto rx=0x7f36d0009fb0 tx=0x7f36d0011c60 comp rx=0 tx=0).stop
2024-03-27T06:33:42.098 INFO:teuthology.orchestra.run.smithi016.stdout:/usr/bin/ceph: stderr
2024-03-27T06:33:41.445+0000 7f36db838700 1 -- 172.21.15.16:0/2406065360 shutdown_connections
2024-03-27T06:33:42.098 INFO:teuthology.orchestra.run.smithi016.stdout:/usr/bin/ceph: stderr
2024-03-27T06:33:41.445+0000 7f36db838700 1 --2- 172.21.15.16:0/2406065360 >> [v2:172.21.15.16:6800/1221908125,v1:172.21.15.16:6801/1221908125] conn(0x7f36c0039270 0x7f36c003b730 unknown :-1 s=CLOSED pgs=6 cs=0 l=1 rev1=1 crypto rx=0 tx=0 comp rx=0 tx=0).stop
2024-03-27T06:33:42.098 INFO:teuthology.orchestra.run.smithi016.stdout:/usr/bin/ceph: stderr
2024-03-27T06:33:41.445+0000 7f36db838700 1 --2- 172.21.15.16:0/2406065360 >> [v2:172.21.15.16:3300/0,v1:172.21.15.16:6789/0] conn(0x7f36d41071d0 0x7f36d407ba50 unknown :-1 s=CLOSED pgs=15 cs=0 l=1 rev1=1 crypto rx=0 tx=0 comp rx=0 tx=0).stop
2024-03-27T06:33:42.098 INFO:teuthology.orchestra.run.smithi016.stdout:/usr/bin/ceph: stderr
2024-03-27T06:33:41.445+0000 7f36db838700 1 -- 172.21.15.16:0/2406065360 >> 172.21.15.16:0/2406065360 conn(0x7f36d41027b0 msgr2=0x7f36d4103390 unknown :-1 s=STATE_NONE l=0).mark_down
2024-03-27T06:33:42.098 INFO:teuthology.orchestra.run.smithi016.stdout:/usr/bin/ceph: stderr
2024-03-27T06:33:41.445+0000 7f36db838700 1 -- 172.21.15.16:0/2406065360 shutdown_connections
2024-03-27T06:33:42.098 INFO:teuthology.orchestra.run.smithi016.stdout:/usr/bin/ceph: stderr
2024-03-27T06:33:41.446+0000 7f36db838700 1 -- 172.21.15.16:0/2406065360 wait complete.
2024-03-27T06:33:42.098 INFO:teuthology.orchestra.run.smithi016.stdout:mgr is available
