2024-03-27T06:44:41.589+0000 7f51c5e00700 1 --2- >> [v2:172.21.15.27:3300/0,v1:172.21.15.27:6789/0] conn(0x7f51c807de10 0x7f51c807c270 unknown :-1 s=BANNER_CONNECTING pgs=0 cs=0 l=0 rev1=0 crypto rx=0 tx=0 comp rx=0 tx=0)._handle_peer_banner_payload supported=3 required=0
2024-03-27T06:44:42.583 INFO:teuthology.orchestra.run.smithi027.stdout:/usr/bin/ceph: stderr
2024-03-27T06:44:41.589+0000 7f51c5e00700 1 --2- >> [v2:172.21.15.27:3300/0,v1:172.21.15.27:6789/0] conn(0x7f51c807de10 0x7f51c807c270 unknown :-1 s=HELLO_CONNECTING pgs=0 cs=0 l=0 rev1=1 crypto rx=0 tx=0 comp rx=0 tx=0).handle_hello peer v2:172.21.15.27:3300/0 says I am v2:172.21.15.27:50410/0 (socket says 172.21.15.27:50410)
2024-03-27T06:44:42.583 INFO:teuthology.orchestra.run.smithi027.stdout:/usr/bin/ceph: stderr
2024-03-27T06:44:41.589+0000 7f51c5e00700 1 -- 172.21.15.27:0/3985263355 learned_addr learned my addr 172.21.15.27:0/3985263355 (peer_addr_for_me v2:172.21.15.27:0/0)
2024-03-27T06:44:42.583 INFO:teuthology.orchestra.run.smithi027.stdout:/usr/bin/ceph: stderr
2024-03-27T06:44:41.589+0000 7f51c5e00700 1 -- 172.21.15.27:0/3985263355 --> [v2:172.21.15.27:3300/0,v1:172.21.15.27:6789/0] -- mon_subscribe({config=0+,monmap=0+}) -- 0x7f51c807c9c0 con 0x7f51c807de10
2024-03-27T06:44:42.583 INFO:teuthology.orchestra.run.smithi027.stdout:/usr/bin/ceph: stderr
2024-03-27T06:44:41.590+0000 7f51c5e00700 1 --2- 172.21.15.27:0/3985263355 >> [v2:172.21.15.27:3300/0,v1:172.21.15.27:6789/0] conn(0x7f51c807de10 0x7f51c807c270 secure :-1 s=READY pgs=76 cs=0 l=1 rev1=1 crypto rx=0x7f51b80098a0 tx=0x7f51b8009bb0 comp rx=0 tx=0).ready entity=mon.0 client_cookie=fc7534f8f4009012 server_cookie=0 in_seq=0 out_seq=0
2024-03-27T06:44:42.583 INFO:teuthology.orchestra.run.smithi027.stdout:/usr/bin/ceph: stderr
2024-03-27T06:44:41.590+0000 7f51c4a00700 1 -- 172.21.15.27:0/3985263355 <== mon.0 v2:172.21.15.27:3300/0 1 ==== mon_map magic: 0 ==== 205+0+0 (secure 0 0 0) 0x7f51b8004160 con 0x7f51c807de10
2024-03-27T06:44:42.583 INFO:teuthology.orchestra.run.smithi027.stdout:/usr/bin/ceph: stderr
2024-03-27T06:44:41.590+0000 7f51c4a00700 1 -- 172.21.15.27:0/3985263355 <== mon.0 v2:172.21.15.27:3300/0 2 ==== config(26 keys) ==== 1102+0+0 (secure 0 0 0) 0x7f51b8004300 con 0x7f51c807de10
2024-03-27T06:44:42.583 INFO:teuthology.orchestra.run.smithi027.stdout:/usr/bin/ceph: stderr
2024-03-27T06:44:41.590+0000 7f51c4a00700 1 -- 172.21.15.27:0/3985263355 <== mon.0 v2:172.21.15.27:3300/0 3 ==== mon_map magic: 0 ==== 205+0+0 (secure 0 0 0) 0x7f51b8011a50 con 0x7f51c807de10
2024-03-27T06:44:42.587 INFO:teuthology.orchestra.run.smithi027.stdout:/usr/bin/ceph: stderr
2024-03-27T06:44:41.591+0000 7f51cce00700 1 -- 172.21.15.27:0/3985263355 >> [v2:172.21.15.27:3300/0,v1:172.21.15.27:6789/0] conn(0x7f51c807de10 msgr2=0x7f51c807c270 secure :-1 s=STATE_CONNECTION_ESTABLISHED l=1).mark_down
2024-03-27T06:44:42.589 INFO:teuthology.orchestra.run.smithi027.stdout:/usr/bin/ceph: stderr
2024-03-27T06:44:41.591+0000 7f51cce00700 1 --2- 172.21.15.27:0/3985263355 >> [v2:172.21.15.27:3300/0,v1:172.21.15.27:6789/0] conn(0x7f51c807de10 0x7f51c807c270 secure :-1 s=READY pgs=76 cs=0 l=1 rev1=1 crypto rx=0x7f51b80098a0 tx=0x7f51b8009bb0 comp rx=0 tx=0).stop
2024-03-27T06:44:42.589 INFO:teuthology.orchestra.run.smithi027.stdout:/usr/bin/ceph: stderr
2024-03-27T06:44:41.591+0000 7f51cce00700 1 -- 172.21.15.27:0/3985263355 shutdown_connections
2024-03-27T06:44:42.589 INFO:teuthology.orchestra.run.smithi027.stdout:/usr/bin/ceph: stderr
2024-03-27T06:44:41.591+0000 7f51cce00700 1 --2- 172.21.15.27:0/3985263355 >> [v2:172.21.15.27:3300/0,v1:172.21.15.27:6789/0] conn(0x7f51c807de10 0x7f51c807c270 unknown :-1 s=CLOSED pgs=76 cs=0 l=1 rev1=1 crypto rx=0 tx=0 comp rx=0 tx=0).stop
2024-03-27T06:44:42.589 INFO:teuthology.orchestra.run.smithi027.stdout:/usr/bin/ceph: stderr
2024-03-27T06:44:41.591+0000 7f51cce00700 1 -- 172.21.15.27:0/3985263355 >> 172.21.15.27:0/3985263355 conn(0x7f51c8103630 msgr2=0x7f51c8105a50 unknown :-1 s=STATE_NONE l=0).mark_down
2024-03-27T06:44:42.589 INFO:teuthology.orchestra.run.smithi027.stdout:/usr/bin/ceph: stderr
2024-03-27T06:44:41.591+0000 7f51cce00700 1 -- 172.21.15.27:0/3985263355 shutdown_connections
2024-03-27T06:44:42.590 INFO:teuthology.orchestra.run.smithi027.stdout:/usr/bin/ceph: stderr
2024-03-27T06:44:41.591+0000 7f51cce00700 1 -- 172.21.15.27:0/3985263355 wait complete.
2024-03-27T06:44:42.590 INFO:teuthology.orchestra.run.smithi027.stdout:/usr/bin/ceph: stderr
2024-03-27T06:44:41.592+0000 7f51cce00700 1 Processor -- start
2024-03-27T06:44:42.590 INFO:teuthology.orchestra.run.smithi027.stdout:/usr/bin/ceph: stderr
2024-03-27T06:44:41.592+0000 7f51cce00700 1 -- start start
2024-03-27T06:44:42.590 INFO:teuthology.orchestra.run.smithi027.stdout:/usr/bin/ceph: stderr
2024-03-27T06:44:41.592+0000 7f51cce00700 1 --2- >> [v2:172.21.15.27:3300/0,v1:172.21.15.27:6789/0] conn(0x7f51c807de10 0x7f51c819e050 unknown :-1 s=NONE pgs=0 cs=0 l=1 rev1=0 crypto rx=0 tx=0 comp rx=0 tx=0).connect
2024-03-27T06:44:42.590 INFO:teuthology.orchestra.run.smithi027.stdout:/usr/bin/ceph: stderr
2024-03-27T06:44:41.592+0000 7f51cce00700 1 -- --> [v2:172.21.15.27:3300/0,v1:172.21.15.27:6789/0] -- mon_getmap magic: 0 -- 0x7f51c810e630 con 0x7f51c807de10
2024-03-27T06:44:42.590 INFO:teuthology.orchestra.run.smithi027.stdout:/usr/bin/ceph: stderr
2024-03-27T06:44:41.593+0000 7f51c5e00700 1 --2- >> [v2:172.21.15.27:3300/0,v1:172.21.15.27:6789/0] conn(0x7f51c807de10 0x7f51c819e050 unknown :-1 s=BANNER_CONNECTING pgs=0 cs=0 l=1 rev1=0 crypto rx=0 tx=0 comp rx=0 tx=0)._handle_peer_banner_payload supported=3 required=0
2024-03-27T06:44:42.590 INFO:teuthology.orchestra.run.smithi027.stdout:/usr/bin/ceph: stderr
2024-03-27T06:44:41.593+0000 7f51c5e00700 1 --2- >> [v2:172.21.15.27:3300/0,v1:172.21.15.27:6789/0] conn(0x7f51c807de10 0x7f51c819e050 unknown :-1 s=HELLO_CONNECTING pgs=0 cs=0 l=1 rev1=1 crypto rx=0 tx=0 comp rx=0 tx=0).handle_hello peer v2:172.21.15.27:3300/0 says I am v2:172.21.15.27:50426/0 (socket says 172.21.15.27:50426)
2024-03-27T06:44:42.590 INFO:teuthology.orchestra.run.smithi027.stdout:/usr/bin/ceph: stderr
2024-03-27T06:44:41.593+0000 7f51c5e00700 1 -- 172.21.15.27:0/2172812078 learned_addr learned my addr 172.21.15.27:0/2172812078 (peer_addr_for_me v2:172.21.15.27:0/0)
2024-03-27T06:44:42.590 INFO:teuthology.orchestra.run.smithi027.stdout:/usr/bin/ceph: stderr
2024-03-27T06:44:41.593+0000 7f51c5e00700 1 -- 172.21.15.27:0/2172812078 --> [v2:172.21.15.27:3300/0,v1:172.21.15.27:6789/0] -- mon_subscribe({config=0+,monmap=0+}) -- 0x7f51c819e590 con 0x7f51c807de10
2024-03-27T06:44:42.590 INFO:teuthology.orchestra.run.smithi027.stdout:/usr/bin/ceph: stderr
2024-03-27T06:44:41.593+0000 7f51c5e00700 1 --2- 172.21.15.27:0/2172812078 >> [v2:172.21.15.27:3300/0,v1:172.21.15.27:6789/0] conn(0x7f51c807de10 0x7f51c819e050 secure :-1 s=READY pgs=77 cs=0 l=1 rev1=1 crypto rx=0x7f51b8011a20 tx=0x7f51b8011b00 comp rx=0 tx=0).ready entity=mon.0 client_cookie=0 server_cookie=0 in_seq=0 out_seq=0
2024-03-27T06:44:42.590 INFO:teuthology.orchestra.run.smithi027.stdout:/usr/bin/ceph: stderr
2024-03-27T06:44:41.594+0000 7f51bea00700 1 -- 172.21.15.27:0/2172812078 <== mon.0 v2:172.21.15.27:3300/0 1 ==== mon_map magic: 0 ==== 205+0+0 (secure 0 0 0) 0x7f51b8003b70 con 0x7f51c807de10
2024-03-27T06:44:42.590 INFO:teuthology.orchestra.run.smithi027.stdout:/usr/bin/ceph: stderr
2024-03-27T06:44:41.594+0000 7f51bea00700 1 -- 172.21.15.27:0/2172812078 <== mon.0 v2:172.21.15.27:3300/0 2 ==== config(26 keys) ==== 1102+0+0 (secure 0 0 0) 0x7f51b801a8e0 con 0x7f51c807de10
2024-03-27T06:44:42.591 INFO:teuthology.orchestra.run.smithi027.stdout:/usr/bin/ceph: stderr
2024-03-27T06:44:41.594+0000 7f51cce00700 1 -- 172.21.15.27:0/2172812078 --> [v2:172.21.15.27:3300/0,v1:172.21.15.27:6789/0] -- mon_subscribe({mgrmap=0+}) -- 0x7f51c819e820 con 0x7f51c807de10
2024-03-27T06:44:42.591 INFO:teuthology.orchestra.run.smithi027.stdout:/usr/bin/ceph: stderr
2024-03-27T06:44:41.594+0000 7f51bea00700 1 -- 172.21.15.27:0/2172812078 <== mon.0 v2:172.21.15.27:3300/0 3 ==== mon_map magic: 0 ==== 205+0+0 (secure 0 0 0) 0x7f51b8024990 con 0x7f51c807de10
2024-03-27T06:44:42.591 INFO:teuthology.orchestra.run.smithi027.stdout:/usr/bin/ceph: stderr
2024-03-27T06:44:41.594+0000 7f51cce00700 1 -- 172.21.15.27:0/2172812078 --> [v2:172.21.15.27:3300/0,v1:172.21.15.27:6789/0] -- mon_subscribe({osdmap=0}) -- 0x7f51c81a1510 con 0x7f51c807de10
2024-03-27T06:44:42.591 INFO:teuthology.orchestra.run.smithi027.stdout:/usr/bin/ceph: stderr
2024-03-27T06:44:41.596+0000 7f51bea00700 1 -- 172.21.15.27:0/2172812078 <== mon.0 v2:172.21.15.27:3300/0 4 ==== mgrmap(e 13) ==== 46522+0+0 (secure 0 0 0) 0x7f51b8022020 con 0x7f51c807de10
2024-03-27T06:44:42.591 INFO:teuthology.orchestra.run.smithi027.stdout:/usr/bin/ceph: stderr
2024-03-27T06:44:41.596+0000 7f51cce00700 1 -- 172.21.15.27:0/2172812078 --> [v2:172.21.15.27:3300/0,v1:172.21.15.27:6789/0] -- mon_command({"prefix": "get_command_descriptions"} v 0) -- 0x7f51c8063c70 con 0x7f51c807de10
2024-03-27T06:44:42.591 INFO:teuthology.orchestra.run.smithi027.stdout:/usr/bin/ceph: stderr
2024-03-27T06:44:41.596+0000 7f51bea00700 1 --2- 172.21.15.27:0/2172812078 >> [v2:172.21.15.27:6800/3905135987,v1:172.21.15.27:6801/3905135987] conn(0x7f51ac0394d0 0x7f51ac03b990 unknown :-1 s=NONE pgs=0 cs=0 l=1 rev1=0 crypto rx=0 tx=0 comp rx=0 tx=0).connect
2024-03-27T06:44:42.591 INFO:teuthology.orchestra.run.smithi027.stdout:/usr/bin/ceph: stderr
2024-03-27T06:44:41.596+0000 7f51bea00700 1 -- 172.21.15.27:0/2172812078 <== mon.0 v2:172.21.15.27:3300/0 5 ==== osd_map(3..3 src has 1..3) ==== 1155+0+0 (secure 0 0 0) 0x7f51b804da70 con 0x7f51c807de10
2024-03-27T06:44:42.591 INFO:teuthology.orchestra.run.smithi027.stdout:/usr/bin/ceph: stderr
2024-03-27T06:44:41.596+0000 7f51c5400700 1 --2- 172.21.15.27:0/2172812078 >> [v2:172.21.15.27:6800/3905135987,v1:172.21.15.27:6801/3905135987] conn(0x7f51ac0394d0 0x7f51ac03b990 unknown :-1 s=BANNER_CONNECTING pgs=0 cs=0 l=1 rev1=0 crypto rx=0 tx=0 comp rx=0 tx=0)._handle_peer_banner_payload supported=3 required=0
2024-03-27T06:44:42.591 INFO:teuthology.orchestra.run.smithi027.stdout:/usr/bin/ceph: stderr
2024-03-27T06:44:41.597+0000 7f51c5400700 1 --2- 172.21.15.27:0/2172812078 >> [v2:172.21.15.27:6800/3905135987,v1:172.21.15.27:6801/3905135987] conn(0x7f51ac0394d0 0x7f51ac03b990 secure :-1 s=READY pgs=10 cs=0 l=1 rev1=1 crypto rx=0x7f51b4006fd0 tx=0x7f51b4006e40 comp rx=0 tx=0).ready entity=mgr.14152 client_cookie=0 server_cookie=0 in_seq=0 out_seq=0
2024-03-27T06:44:42.591 INFO:teuthology.orchestra.run.smithi027.stdout:/usr/bin/ceph: stderr
2024-03-27T06:44:41.602+0000 7f51bea00700 1 -- 172.21.15.27:0/2172812078 <== mon.0 v2:172.21.15.27:3300/0 6 ==== mon_command_ack([{"prefix": "get_command_descriptions"}]=0 v0) ==== 72+0+187541 (secure 0 0 0) 0x7f51b802a2a0 con 0x7f51c807de10
2024-03-27T06:44:42.591 INFO:teuthology.orchestra.run.smithi027.stdout:/usr/bin/ceph: stderr
2024-03-27T06:44:41.829+0000 7f51cce00700 1 -- 172.21.15.27:0/2172812078 --> [v2:172.21.15.27:3300/0,v1:172.21.15.27:6789/0] -- mon_command([{prefix=config set, name=osd_memory_target_autotune}] v 0) -- 0x7f51c81a1b30 con 0x7f51c807de10
2024-03-27T06:44:42.593 INFO:teuthology.orchestra.run.smithi027.stdout:/usr/bin/ceph: stderr
2024-03-27T06:44:41.830+0000 7f51bea00700 1 -- 172.21.15.27:0/2172812078 <== mon.0 v2:172.21.15.27:3300/0 7 ==== mon_command_ack([{prefix=config set, name=osd_memory_target_autotune}]=0 v8)=0 v8) ==== 127+0+0 (secure 0 0 0) 0x7f51b802d3f0 con 0x7f51c807de10
2024-03-27T06:44:42.593 INFO:teuthology.orchestra.run.smithi027.stdout:/usr/bin/ceph: stderr
2024-03-27T06:44:41.834+0000 7f51cce00700 1 -- 172.21.15.27:0/2172812078 >> [v2:172.21.15.27:6800/3905135987,v1:172.21.15.27:6801/3905135987] conn(0x7f51ac0394d0 msgr2=0x7f51ac03b990 secure :-1 s=STATE_CONNECTION_ESTABLISHED l=1).mark_down
2024-03-27T06:44:42.593 INFO:teuthology.orchestra.run.smithi027.stdout:/usr/bin/ceph: stderr
2024-03-27T06:44:41.834+0000 7f51cce00700 1 --2- 172.21.15.27:0/2172812078 >> [v2:172.21.15.27:6800/3905135987,v1:172.21.15.27:6801/3905135987] conn(0x7f51ac0394d0 0x7f51ac03b990 secure :-1 s=READY pgs=10 cs=0 l=1 rev1=1 crypto rx=0x7f51b4006fd0 tx=0x7f51b4006e40 comp rx=0 tx=0).stop
2024-03-27T06:44:42.593 INFO:teuthology.orchestra.run.smithi027.stdout:/usr/bin/ceph: stderr
2024-03-27T06:44:41.834+0000 7f51cce00700 1 -- 172.21.15.27:0/2172812078 >> [v2:172.21.15.27:3300/0,v1:172.21.15.27:6789/0] conn(0x7f51c807de10 msgr2=0x7f51c819e050 secure :-1 s=STATE_CONNECTION_ESTABLISHED l=1).mark_down
2024-03-27T06:44:42.593 INFO:teuthology.orchestra.run.smithi027.stdout:/usr/bin/ceph: stderr
2024-03-27T06:44:41.834+0000 7f51cce00700 1 --2- 172.21.15.27:0/2172812078 >> [v2:172.21.15.27:3300/0,v1:172.21.15.27:6789/0] conn(0x7f51c807de10 0x7f51c819e050 secure :-1 s=READY pgs=77 cs=0 l=1 rev1=1 crypto rx=0x7f51b8011a20 tx=0x7f51b8011b00 comp rx=0 tx=0).stop
2024-03-27T06:44:42.593 INFO:teuthology.orchestra.run.smithi027.stdout:/usr/bin/ceph: stderr
2024-03-27T06:44:41.834+0000 7f51cce00700 1 -- 172.21.15.27:0/2172812078 shutdown_connections
2024-03-27T06:44:42.593 INFO:teuthology.orchestra.run.smithi027.stdout:/usr/bin/ceph: stderr
2024-03-27T06:44:41.834+0000 7f51cce00700 1 --2- 172.21.15.27:0/2172812078 >> [v2:172.21.15.27:6800/3905135987,v1:172.21.15.27:6801/3905135987] conn(0x7f51ac0394d0 0x7f51ac03b990 unknown :-1 s=CLOSED pgs=10 cs=0 l=1 rev1=1 crypto rx=0 tx=0 comp rx=0 tx=0).stop
2024-03-27T06:44:42.593 INFO:teuthology.orchestra.run.smithi027.stdout:/usr/bin/ceph: stderr
2024-03-27T06:44:41.834+0000 7f51cce00700 1 --2- 172.21.15.27:0/2172812078 >> [v2:172.21.15.27:3300/0,v1:172.21.15.27:6789/0] conn(0x7f51c807de10 0x7f51c819e050 unknown :-1 s=CLOSED pgs=77 cs=0 l=1 rev1=1 crypto rx=0 tx=0 comp rx=0 tx=0).stop
2024-03-27T06:44:42.593 INFO:teuthology.orchestra.run.smithi027.stdout:/usr/bin/ceph: stderr
2024-03-27T06:44:41.834+0000 7f51cce00700 1 -- 172.21.15.27:0/2172812078 >> 172.21.15.27:0/2172812078 conn(0x7f51c8103630 msgr2=0x7f51c81040c0 unknown :-1 s=STATE_NONE l=0).mark_down
2024-03-27T06:44:42.593 INFO:teuthology.orchestra.run.smithi027.stdout:/usr/bin/ceph: stderr
2024-03-27T06:44:41.834+0000 7f51cce00700 1 -- 172.21.15.27:0/2172812078 shutdown_connections
2024-03-27T06:44:42.593 INFO:teuthology.orchestra.run.smithi027.stdout:/usr/bin/ceph: stderr
2024-03-27T06:44:41.834+0000 7f51cce00700 1 -- 172.21.15.27:0/2172812078 wait complete.
2024-03-27T06:44:44.235 INFO:teuthology.orchestra.run.smithi027.stdout:/usr/bin/ceph: stderr
2024-03-27T06:44:43.208+0000 7faf09c00700 1 Processor -- start
2024-03-27T06:44:44.235 INFO:teuthology.orchestra.run.smithi027.stdout:/usr/bin/ceph: stderr
2024-03-27T06:44:43.208+0000 7faf09c00700 1 -- start start
2024-03-27T06:44:44.235 INFO:teuthology.orchestra.run.smithi027.stdout:/usr/bin/ceph: stderr
2024-03-27T06:44:43.208+0000 7faf09c00700 1 --2- >> [v2:172.21.15.27:3300/0,v1:172.21.15.27:6789/0] conn(0x7faf0410eee0 0x7faf041112d0 unknown :-1 s=NONE pgs=0 cs=0 l=0 rev1=0 crypto rx=0 tx=0 comp rx=0 tx=0).connect
2024-03-27T06:44:44.236 INFO:teuthology.orchestra.run.smithi027.stdout:/usr/bin/ceph: stderr
2024-03-27T06:44:43.208+0000 7faf09c00700 1 -- --> [v2:172.21.15.27:3300/0,v1:172.21.15.27:6789/0] -- mon_getmap magic: 0 -- 0x7faf041118a0 con 0x7faf0410eee0
2024-03-27T06:44:44.237 INFO:teuthology.orchestra.run.smithi027.stdout:/usr/bin/ceph: stderr
2024-03-27T06:44:43.209+0000 7faf02a00700 1 --2- >> [v2:172.21.15.27:3300/0,v1:172.21.15.27:6789/0] conn(0x7faf0410eee0 0x7faf041112d0 unknown :-1 s=BANNER_CONNECTING pgs=0 cs=0 l=0 rev1=0 crypto rx=0 tx=0 comp rx=0 tx=0)._handle_peer_banner_payload supported=3 required=0
2024-03-27T06:44:44.237 INFO:teuthology.orchestra.run.smithi027.stdout:/usr/bin/ceph: stderr
2024-03-27T06:44:43.209+0000 7faf02a00700 1 --2- >> [v2:172.21.15.27:3300/0,v1:172.21.15.27:6789/0] conn(0x7faf0410eee0 0x7faf041112d0 unknown :-1 s=HELLO_CONNECTING pgs=0 cs=0 l=0 rev1=1 crypto rx=0 tx=0 comp rx=0 tx=0).handle_hello peer v2:172.21.15.27:3300/0 says I am v2:172.21.15.27:50438/0 (socket says 172.21.15.27:50438)
2024-03-27T06:44:44.237 INFO:teuthology.orchestra.run.smithi027.stdout:/usr/bin/ceph: stderr
2024-03-27T06:44:43.209+0000 7faf02a00700 1 -- 172.21.15.27:0/1879343146 learned_addr learned my addr 172.21.15.27:0/1879343146 (peer_addr_for_me v2:172.21.15.27:0/0)
2024-03-27T06:44:44.237 INFO:teuthology.orchestra.run.smithi027.stdout:/usr/bin/ceph: stderr
2024-03-27T06:44:43.209+0000 7faf02a00700 1 -- 172.21.15.27:0/1879343146 --> [v2:172.21.15.27:3300/0,v1:172.21.15.27:6789/0] -- mon_subscribe({config=0+,monmap=0+}) -- 0x7faf04111a20 con 0x7faf0410eee0
2024-03-27T06:44:44.237 INFO:teuthology.orchestra.run.smithi027.stdout:/usr/bin/ceph: stderr
2024-03-27T06:44:43.210+0000 7faf02a00700 1 --2- 172.21.15.27:0/1879343146 >> [v2:172.21.15.27:3300/0,v1:172.21.15.27:6789/0] conn(0x7faf0410eee0 0x7faf041112d0 secure :-1 s=READY pgs=78 cs=0 l=1 rev1=1 crypto rx=0x7faef40098a0 tx=0x7faef4009bb0 comp rx=0 tx=0).ready entity=mon.0 client_cookie=51aa8f49e2a1a3c2 server_cookie=0 in_seq=0 out_seq=0
2024-03-27T06:44:44.237 INFO:teuthology.orchestra.run.smithi027.stdout:/usr/bin/ceph: stderr
2024-03-27T06:44:43.210+0000 7faf01600700 1 -- 172.21.15.27:0/1879343146 <== mon.0 v2:172.21.15.27:3300/0 1 ==== mon_map magic: 0 ==== 205+0+0 (secure 0 0 0) 0x7faef4004160 con 0x7faf0410eee0
2024-03-27T06:44:44.237 INFO:teuthology.orchestra.run.smithi027.stdout:/usr/bin/ceph: stderr
2024-03-27T06:44:43.210+0000 7faf01600700 1 -- 172.21.15.27:0/1879343146 <== mon.0 v2:172.21.15.27:3300/0 2 ==== config(26 keys) ==== 1102+0+0 (secure 0 0 0) 0x7faef4004300 con 0x7faf0410eee0
2024-03-27T06:44:44.237 INFO:teuthology.orchestra.run.smithi027.stdout:/usr/bin/ceph: stderr
2024-03-27T06:44:43.210+0000 7faf01600700 1 -- 172.21.15.27:0/1879343146 <== mon.0 v2:172.21.15.27:3300/0 3 ==== mon_map magic: 0 ==== 205+0+0 (secure 0 0 0) 0x7faef4011a50 con 0x7faf0410eee0
2024-03-27T06:44:44.237 INFO:teuthology.orchestra.run.smithi027.stdout:/usr/bin/ceph: stderr
2024-03-27T06:44:43.211+0000 7faf09c00700 1 -- 172.21.15.27:0/1879343146 >> [v2:172.21.15.27:3300/0,v1:172.21.15.27:6789/0] conn(0x7faf0410eee0 msgr2=0x7faf041112d0 secure :-1 s=STATE_CONNECTION_ESTABLISHED l=1).mark_down
2024-03-27T06:44:44.237 INFO:teuthology.orchestra.run.smithi027.stdout:/usr/bin/ceph: stderr
2024-03-27T06:44:43.211+0000 7faf09c00700 1 --2- 172.21.15.27:0/1879343146 >> [v2:172.21.15.27:3300/0,v1:172.21.15.27:6789/0] conn(0x7faf0410eee0 0x7faf041112d0 secure :-1 s=READY pgs=78 cs=0 l=1 rev1=1 crypto rx=0x7faef40098a0 tx=0x7faef4009bb0 comp rx=0 tx=0).stop
2024-03-27T06:44:44.237 INFO:teuthology.orchestra.run.smithi027.stdout:/usr/bin/ceph: stderr
2024-03-27T06:44:43.211+0000 7faf09c00700 1 -- 172.21.15.27:0/1879343146 shutdown_connections
2024-03-27T06:44:44.241 INFO:teuthology.orchestra.run.smithi027.stdout:/usr/bin/ceph: stderr
2024-03-27T06:44:43.211+0000 7faf09c00700 1 --2- 172.21.15.27:0/1879343146 >> [v2:172.21.15.27:3300/0,v1:172.21.15.27:6789/0] conn(0x7faf0410eee0 0x7faf041112d0 unknown :-1 s=CLOSED pgs=78 cs=0 l=1 rev1=1 crypto rx=0 tx=0 comp rx=0 tx=0).stop
2024-03-27T06:44:44.242 INFO:teuthology.orchestra.run.smithi027.stdout:/usr/bin/ceph: stderr
2024-03-27T06:44:43.211+0000 7faf09c00700 1 -- 172.21.15.27:0/1879343146 >> 172.21.15.27:0/1879343146 conn(0x7faf0407d6d0 msgr2=0x7faf0407fb10 unknown :-1 s=STATE_NONE l=0).mark_down
2024-03-27T06:44:44.242 INFO:teuthology.orchestra.run.smithi027.stdout:/usr/bin/ceph: stderr
2024-03-27T06:44:43.211+0000 7faf09c00700 1 -- 172.21.15.27:0/1879343146 shutdown_connections
2024-03-27T06:44:44.242 INFO:teuthology.orchestra.run.smithi027.stdout:/usr/bin/ceph: stderr
2024-03-27T06:44:43.211+0000 7faf09c00700 1 -- 172.21.15.27:0/1879343146 wait complete.
2024-03-27T06:44:44.242 INFO:teuthology.orchestra.run.smithi027.stdout:/usr/bin/ceph: stderr
2024-03-27T06:44:43.212+0000 7faf09c00700 1 Processor -- start
2024-03-27T06:44:44.242 INFO:teuthology.orchestra.run.smithi027.stdout:/usr/bin/ceph: stderr
2024-03-27T06:44:43.213+0000 7faf09c00700 1 -- start start
2024-03-27T06:44:44.242 INFO:teuthology.orchestra.run.smithi027.stdout:/usr/bin/ceph: stderr
2024-03-27T06:44:43.213+0000 7faf09c00700 1 --2- >> [v2:172.21.15.27:3300/0,v1:172.21.15.27:6789/0] conn(0x7faf041a26a0 0x7faf041a2ac0 unknown :-1 s=NONE pgs=0 cs=0 l=1 rev1=0 crypto rx=0 tx=0 comp rx=0 tx=0).connect
2024-03-27T06:44:44.242 INFO:teuthology.orchestra.run.smithi027.stdout:/usr/bin/ceph: stderr
2024-03-27T06:44:43.213+0000 7faf09c00700 1 -- --> [v2:172.21.15.27:3300/0,v1:172.21.15.27:6789/0] -- mon_getmap magic: 0 -- 0x7faf04112a80 con 0x7faf041a26a0
2024-03-27T06:44:44.242 INFO:teuthology.orchestra.run.smithi027.stdout:/usr/bin/ceph: stderr
2024-03-27T06:44:43.213+0000 7faf02a00700 1 --2- >> [v2:172.21.15.27:3300/0,v1:172.21.15.27:6789/0] conn(0x7faf041a26a0 0x7faf041a2ac0 unknown :-1 s=BANNER_CONNECTING pgs=0 cs=0 l=1 rev1=0 crypto rx=0 tx=0 comp rx=0 tx=0)._handle_peer_banner_payload supported=3 required=0
2024-03-27T06:44:44.242 INFO:teuthology.orchestra.run.smithi027.stdout:/usr/bin/ceph: stderr
2024-03-27T06:44:43.213+0000 7faf02a00700 1 --2- >> [v2:172.21.15.27:3300/0,v1:172.21.15.27:6789/0] conn(0x7faf041a26a0 0x7faf041a2ac0 unknown :-1 s=HELLO_CONNECTING pgs=0 cs=0 l=1 rev1=1 crypto rx=0 tx=0 comp rx=0 tx=0).handle_hello peer v2:172.21.15.27:3300/0 says I am v2:172.21.15.27:50448/0 (socket says 172.21.15.27:50448)
2024-03-27T06:44:44.242 INFO:teuthology.orchestra.run.smithi027.stdout:/usr/bin/ceph: stderr
2024-03-27T06:44:43.213+0000 7faf02a00700 1 -- 172.21.15.27:0/3800794503 learned_addr learned my addr 172.21.15.27:0/3800794503 (peer_addr_for_me v2:172.21.15.27:0/0)
2024-03-27T06:44:44.242 INFO:teuthology.orchestra.run.smithi027.stdout:/usr/bin/ceph: stderr
2024-03-27T06:44:43.214+0000 7faf02a00700 1 -- 172.21.15.27:0/3800794503 --> [v2:172.21.15.27:3300/0,v1:172.21.15.27:6789/0] -- mon_subscribe({config=0+,monmap=0+}) -- 0x7faf041a3000 con 0x7faf041a26a0
2024-03-27T06:44:44.242 INFO:teuthology.orchestra.run.smithi027.stdout:/usr/bin/ceph: stderr
2024-03-27T06:44:43.214+0000 7faf02a00700 1 --2- 172.21.15.27:0/3800794503 >> [v2:172.21.15.27:3300/0,v1:172.21.15.27:6789/0] conn(0x7faf041a26a0 0x7faf041a2ac0 secure :-1 s=READY pgs=79 cs=0 l=1 rev1=1 crypto rx=0x7faef4015000 tx=0x7faef40117f0 comp rx=0 tx=0).ready entity=mon.0 client_cookie=0 server_cookie=0 in_seq=0 out_seq=0
2024-03-27T06:44:44.242 INFO:teuthology.orchestra.run.smithi027.stdout:/usr/bin/ceph: stderr
2024-03-27T06:44:43.214+0000 7faefb400700 1 -- 172.21.15.27:0/3800794503 <== mon.0 v2:172.21.15.27:3300/0 1 ==== mon_map magic: 0 ==== 205+0+0 (secure 0 0 0) 0x7faef40037d0 con 0x7faf041a26a0
2024-03-27T06:44:44.243 INFO:teuthology.orchestra.run.smithi027.stdout:/usr/bin/ceph: stderr
2024-03-27T06:44:43.214+0000 7faefb400700 1 -- 172.21.15.27:0/3800794503 <== mon.0 v2:172.21.15.27:3300/0 2 ==== config(26 keys) ==== 1102+0+0 (secure 0 0 0) 0x7faef4003970 con 0x7faf041a26a0
2024-03-27T06:44:44.243 INFO:teuthology.orchestra.run.smithi027.stdout:/usr/bin/ceph: stderr
2024-03-27T06:44:43.214+0000 7faf09c00700 1 -- 172.21.15.27:0/3800794503 --> [v2:172.21.15.27:3300/0,v1:172.21.15.27:6789/0] -- mon_subscribe({mgrmap=0+}) -- 0x7faf041a3290 con 0x7faf041a26a0
2024-03-27T06:44:44.243 INFO:teuthology.orchestra.run.smithi027.stdout:/usr/bin/ceph: stderr
2024-03-27T06:44:43.214+0000 7faefb400700 1 -- 172.21.15.27:0/3800794503 <== mon.0 v2:172.21.15.27:3300/0 3 ==== mon_map magic: 0 ==== 205+0+0 (secure 0 0 0) 0x7faef401a5d0 con 0x7faf041a26a0
2024-03-27T06:44:44.243 INFO:teuthology.orchestra.run.smithi027.stdout:/usr/bin/ceph: stderr
2024-03-27T06:44:43.214+0000 7faf09c00700 1 -- 172.21.15.27:0/3800794503 --> [v2:172.21.15.27:3300/0,v1:172.21.15.27:6789/0] -- mon_subscribe({osdmap=0}) -- 0x7faf041a5d70 con 0x7faf041a26a0
2024-03-27T06:44:44.243 INFO:teuthology.orchestra.run.smithi027.stdout:/usr/bin/ceph: stderr
2024-03-27T06:44:43.215+0000 7faefb400700 1 -- 172.21.15.27:0/3800794503 <== mon.0 v2:172.21.15.27:3300/0 4 ==== mgrmap(e 13) ==== 46522+0+0 (secure 0 0 0) 0x7faef4026480 con 0x7faf041a26a0
2024-03-27T06:44:44.243 INFO:teuthology.orchestra.run.smithi027.stdout:/usr/bin/ceph: stderr
2024-03-27T06:44:43.215+0000 7faf09c00700 1 -- 172.21.15.27:0/3800794503 --> [v2:172.21.15.27:3300/0,v1:172.21.15.27:6789/0] -- mon_command({"prefix": "get_command_descriptions"} v 0) -- 0x7faf04063c70 con 0x7faf041a26a0
2024-03-27T06:44:44.243 INFO:teuthology.orchestra.run.smithi027.stdout:/usr/bin/ceph: stderr
2024-03-27T06:44:43.216+0000 7faefb400700 1 --2- 172.21.15.27:0/3800794503 >> [v2:172.21.15.27:6800/3905135987,v1:172.21.15.27:6801/3905135987] conn(0x7faee80394d0 0x7faee803b990 unknown :-1 s=NONE pgs=0 cs=0 l=1 rev1=0 crypto rx=0 tx=0 comp rx=0 tx=0).connect
2024-03-27T06:44:44.243 INFO:teuthology.orchestra.run.smithi027.stdout:/usr/bin/ceph: stderr
2024-03-27T06:44:43.216+0000 7faefb400700 1 -- 172.21.15.27:0/3800794503 <== mon.0 v2:172.21.15.27:3300/0 5 ==== osd_map(3..3 src has 1..3) ==== 1155+0+0 (secure 0 0 0) 0x7faef404df30 con 0x7faf041a26a0
2024-03-27T06:44:44.243 INFO:teuthology.orchestra.run.smithi027.stdout:/usr/bin/ceph: stderr
2024-03-27T06:44:43.216+0000 7faf02000700 1 --2- 172.21.15.27:0/3800794503 >> [v2:172.21.15.27:6800/3905135987,v1:172.21.15.27:6801/3905135987] conn(0x7faee80394d0 0x7faee803b990 unknown :-1 s=BANNER_CONNECTING pgs=0 cs=0 l=1 rev1=0 crypto rx=0 tx=0 comp rx=0 tx=0)._handle_peer_banner_payload supported=3 required=0
2024-03-27T06:44:44.243 INFO:teuthology.orchestra.run.smithi027.stdout:/usr/bin/ceph: stderr
2024-03-27T06:44:43.217+0000 7faf02000700 1 --2- 172.21.15.27:0/3800794503 >> [v2:172.21.15.27:6800/3905135987,v1:172.21.15.27:6801/3905135987] conn(0x7faee80394d0 0x7faee803b990 secure :-1 s=READY pgs=11 cs=0 l=1 rev1=1 crypto rx=0x7faef0006fd0 tx=0x7faef0006e40 comp rx=0 tx=0).ready entity=mgr.14152 client_cookie=0 server_cookie=0 in_seq=0 out_seq=0
2024-03-27T06:44:44.243 INFO:teuthology.orchestra.run.smithi027.stdout:/usr/bin/ceph: stderr
2024-03-27T06:44:43.221+0000 7faefb400700 1 -- 172.21.15.27:0/3800794503 <== mon.0 v2:172.21.15.27:3300/0 6 ==== mon_command_ack([{"prefix": "get_command_descriptions"}]=0 v0) ==== 72+0+187541 (secure 0 0 0) 0x7faef400be50 con 0x7faf041a26a0
2024-03-27T06:44:44.243 INFO:teuthology.orchestra.run.smithi027.stdout:/usr/bin/ceph: stderr
2024-03-27T06:44:43.571+0000 7faf09c00700 1 -- 172.21.15.27:0/3800794503 --> [v2:172.21.15.27:3300/0,v1:172.21.15.27:6789/0] -- mon_command([{prefix=config-key set, key=mgr/dashboard/cluster/status}] v 0) -- 0x7faf041a6590 con 0x7faf041a26a0
2024-03-27T06:44:44.243 INFO:teuthology.orchestra.run.smithi027.stdout:/usr/bin/ceph: stderr
2024-03-27T06:44:43.575+0000 7faefb400700 1 -- 172.21.15.27:0/3800794503 <== mon.0 v2:172.21.15.27:3300/0 7 ==== mon_command_ack([{prefix=config-key set, key=mgr/dashboard/cluster/status}]=0 set mgr/dashboard/cluster/status v28)=0 set mgr/dashboard/cluster/status v28) ==== 153+0+0 (secure 0 0 0) 0x7faef40094f0 con 0x7faf041a26a0
2024-03-27T06:44:44.244 INFO:teuthology.orchestra.run.smithi027.stdout:/usr/bin/ceph: stderr
2024-03-27T06:44:43.577+0000 7faf09c00700 1 -- 172.21.15.27:0/3800794503 >> [v2:172.21.15.27:6800/3905135987,v1:172.21.15.27:6801/3905135987] conn(0x7faee80394d0 msgr2=0x7faee803b990 secure :-1 s=STATE_CONNECTION_ESTABLISHED l=1).mark_down
2024-03-27T06:44:44.244 INFO:teuthology.orchestra.run.smithi027.stdout:/usr/bin/ceph: stderr
2024-03-27T06:44:43.577+0000 7faf09c00700 1 --2- 172.21.15.27:0/3800794503 >> [v2:172.21.15.27:6800/3905135987,v1:172.21.15.27:6801/3905135987] conn(0x7faee80394d0 0x7faee803b990 secure :-1 s=READY pgs=11 cs=0 l=1 rev1=1 crypto rx=0x7faef0006fd0 tx=0x7faef0006e40 comp rx=0 tx=0).stop
2024-03-27T06:44:44.244 INFO:teuthology.orchestra.run.smithi027.stdout:/usr/bin/ceph: stderr
2024-03-27T06:44:43.577+0000 7faf09c00700 1 -- 172.21.15.27:0/3800794503 >> [v2:172.21.15.27:3300/0,v1:172.21.15.27:6789/0] conn(0x7faf041a26a0 msgr2=0x7faf041a2ac0 secure :-1 s=STATE_CONNECTION_ESTABLISHED l=1).mark_down
2024-03-27T06:44:44.244 INFO:teuthology.orchestra.run.smithi027.stdout:/usr/bin/ceph: stderr
2024-03-27T06:44:43.577+0000 7faf09c00700 1 --2- 172.21.15.27:0/3800794503 >> [v2:172.21.15.27:3300/0,v1:172.21.15.27:6789/0] conn(0x7faf041a26a0 0x7faf041a2ac0 secure :-1 s=READY pgs=79 cs=0 l=1 rev1=1 crypto rx=0x7faef4015000 tx=0x7faef40117f0 comp rx=0 tx=0).stop
2024-03-27T06:44:44.244 INFO:teuthology.orchestra.run.smithi027.stdout:/usr/bin/ceph: stderr
2024-03-27T06:44:43.578+0000 7faf09c00700 1 -- 172.21.15.27:0/3800794503 shutdown_connections
2024-03-27T06:44:44.244 INFO:teuthology.orchestra.run.smithi027.stdout:/usr/bin/ceph: stderr
2024-03-27T06:44:43.578+0000 7faf09c00700 1 --2- 172.21.15.27:0/3800794503 >> [v2:172.21.15.27:6800/3905135987,v1:172.21.15.27:6801/3905135987] conn(0x7faee80394d0 0x7faee803b990 unknown :-1 s=CLOSED pgs=11 cs=0 l=1 rev1=1 crypto rx=0 tx=0 comp rx=0 tx=0).stop
2024-03-27T06:44:44.244 INFO:teuthology.orchestra.run.smithi027.stdout:/usr/bin/ceph: stderr
2024-03-27T06:44:43.578+0000 7faf09c00700 1 --2- 172.21.15.27:0/3800794503 >> [v2:172.21.15.27:3300/0,v1:172.21.15.27:6789/0] conn(0x7faf041a26a0 0x7faf041a2ac0 unknown :-1 s=CLOSED pgs=79 cs=0 l=1 rev1=1 crypto rx=0 tx=0 comp rx=0 tx=0).stop
2024-03-27T06:44:44.244 INFO:teuthology.orchestra.run.smithi027.stdout:/usr/bin/ceph: stderr
2024-03-27T06:44:43.578+0000 7faf09c00700 1 -- 172.21.15.27:0/3800794503 >> 172.21.15.27:0/3800794503 conn(0x7faf0407d6d0 msgr2=0x7faf0407e1f0 unknown :-1 s=STATE_NONE l=0).mark_down
2024-03-27T06:44:44.245 INFO:teuthology.orchestra.run.smithi027.stdout:/usr/bin/ceph: stderr
2024-03-27T06:44:43.578+0000 7faf09c00700 1 -- 172.21.15.27:0/3800794503 shutdown_connections
2024-03-27T06:44:44.245 INFO:teuthology.orchestra.run.smithi027.stdout:/usr/bin/ceph: stderr
2024-03-27T06:44:43.578+0000 7faf09c00700 1 -- 172.21.15.27:0/3800794503 wait complete.
2024-03-27T06:44:44.245 INFO:teuthology.orchestra.run.smithi027.stdout:/usr/bin/ceph: stderr set mgr/dashboard/cluster/status
2024-03-27T06:44:44.245 INFO:teuthology.orchestra.run.smithi027.stdout:You can access the Ceph CLI as following in case of multi-cluster or non-default config:
2024-03-27T06:44:44.245 INFO:teuthology.orchestra.run.smithi027.stdout:
2024-03-27T06:44:44.245 INFO:teuthology.orchestra.run.smithi027.stdout: sudo /home/ubuntu/cephtest/cephadm shell --fsid 258aafa0-ec05-11ee-95d0-87774f69a715 -c /etc/ceph/ceph.conf -k /etc/ceph/ceph.client.admin.keyring
2024-03-27T06:44:44.245 INFO:teuthology.orchestra.run.smithi027.stdout:
2024-03-27T06:44:44.246 INFO:teuthology.orchestra.run.smithi027.stdout:Or, if you are only running a single cluster on this host:
2024-03-27T06:44:44.246 INFO:teuthology.orchestra.run.smithi027.stdout:
2024-03-27T06:44:44.246 INFO:teuthology.orchestra.run.smithi027.stdout: sudo /home/ubuntu/cephtest/cephadm shell
2024-03-27T06:44:44.246 INFO:teuthology.orchestra.run.smithi027.stdout:
2024-03-27T06:44:44.246 INFO:teuthology.orchestra.run.smithi027.stdout:Please consider enabling telemetry to help improve Ceph:
2024-03-27T06:44:44.246 INFO:teuthology.orchestra.run.smithi027.stdout:
2024-03-27T06:44:44.246 INFO:teuthology.orchestra.run.smithi027.stdout: ceph telemetry on
2024-03-27T06:44:44.246 INFO:teuthology.orchestra.run.smithi027.stdout:
2024-03-27T06:44:44.246 INFO:teuthology.orchestra.run.smithi027.stdout:For more information see:
2024-03-27T06:44:44.246 INFO:teuthology.orchestra.run.smithi027.stdout:
2024-03-27T06:44:44.246 INFO:teuthology.orchestra.run.smithi027.stdout: https://docs.ceph.com/en/latest/mgr/telemetry/
2024-03-27T06:44:44.246 INFO:teuthology.orchestra.run.smithi027.stdout:
2024-03-27T06:44:44.246 INFO:teuthology.orchestra.run.smithi027.stdout:Bootstrap complete.
2024-03-27T06:44:44.370 INFO:tasks.cephadm:Fetching config...
2024-03-27T06:44:44.371 DEBUG:teuthology.orchestra.run.smithi027:> set -ex
2024-03-27T06:44:44.371 DEBUG:teuthology.orchestra.run.smithi027:> dd if=/etc/ceph/ceph.conf of=/dev/stdout
2024-03-27T06:44:44.429 INFO:tasks.cephadm:Fetching client.admin keyring...
2024-03-27T06:44:44.430 DEBUG:teuthology.orchestra.run.smithi027:> set -ex
2024-03-27T06:44:44.430 DEBUG:teuthology.orchestra.run.smithi027:> dd if=/etc/ceph/ceph.client.admin.keyring of=/dev/stdout
2024-03-27T06:44:44.476 INFO:tasks.cephadm:Fetching mon keyring...
2024-03-27T06:44:44.476 DEBUG:teuthology.orchestra.run.smithi027:> set -ex
2024-03-27T06:44:44.477 DEBUG:teuthology.orchestra.run.smithi027:> sudo dd if=/var/lib/ceph/258aafa0-ec05-11ee-95d0-87774f69a715/mon.a/keyring of=/dev/stdout
2024-03-27T06:44:44.609 INFO:tasks.cephadm:Fetching pub ssh key...
2024-03-27T06:44:44.609 DEBUG:teuthology.orchestra.run.smithi027:> set -ex
2024-03-27T06:44:44.609 DEBUG:teuthology.orchestra.run.smithi027:> dd if=/home/ubuntu/cephtest/ceph.pub of=/dev/stdout
2024-03-27T06:44:44.709 INFO:tasks.cephadm:Installing pub ssh key for root users...
2024-03-27T06:44:44.709 DEBUG:teuthology.orchestra.run.smithi027:> sudo install -d -m 0700 /root/.ssh && echo 'ssh-rsa AAAAB3NzaC1yc2EAAAADAQABAAABgQC/coMLMUoHo+Ta9Hv8EHT4fjkZNKL3XCeSYXWBiNEyIbhws95DPF7c853rh69nCfZU1ALQQ7nfLRLZJljXzI2a0kJNp7o4+lswIYWkSfHZ7nvdvBGSGsx3j3lB3MwS44unNPAPge69sFpJsaaaPy8Ciac3RYi5O84LlauwDSKwPjCIQIAOhgQFlrxbI4Bai2FvUKomOsZM0NveAW2sTkAk5mjR2xSGTMtZMsqZPVSOyLt/FCul9O+c246JXSNzhimGDzn2ammQphBM7z0S/Hut3FG6P2znFVujxaIOq77PWx0eOKvDksI0ZJAYyoB94TC3msYFmFx5LoxDFmTNrRIGwakk7rHtJE3ovpmjVBFZxFqEGfaEz0a07WNkTnaID7sKBxkNepRiUe1vr054MTK3wx1YaoNUKTXkLiyMA59px9liaUU1Nkn2Us2+oFrXe+Peymu6d3nWfrm+RcX4UBnM6we8G+qtK3X00D6AmlrItpN8yeNSILV4AUqtTh/WnOk= ceph-258aafa0-ec05-11ee-95d0-87774f69a715' | sudo tee -a /root/.ssh/authorized_keys && sudo chmod 0600 /root/.ssh/authorized_keys
2024-03-27T06:44:44.841 INFO:journalctl@ceph.mon.a.smithi027.stdout:Mar 27 06:44:44 smithi027 ceph-mon[31662]: from='client.? 172.21.15.27:0/3800794503' entity='client.admin'
2024-03-27T06:44:44.849 INFO:teuthology.orchestra.run.smithi027.stdout:ssh-rsa AAAAB3NzaC1yc2EAAAADAQABAAABgQC/coMLMUoHo+Ta9Hv8EHT4fjkZNKL3XCeSYXWBiNEyIbhws95DPF7c853rh69nCfZU1ALQQ7nfLRLZJljXzI2a0kJNp7o4+lswIYWkSfHZ7nvdvBGSGsx3j3lB3MwS44unNPAPge69sFpJsaaaPy8Ciac3RYi5O84LlauwDSKwPjCIQIAOhgQFlrxbI4Bai2FvUKomOsZM0NveAW2sTkAk5mjR2xSGTMtZMsqZPVSOyLt/FCul9O+c246JXSNzhimGDzn2ammQphBM7z0S/Hut3FG6P2znFVujxaIOq77PWx0eOKvDksI0ZJAYyoB94TC3msYFmFx5LoxDFmTNrRIGwakk7rHtJE3ovpmjVBFZxFqEGfaEz0a07WNkTnaID7sKBxkNepRiUe1vr054MTK3wx1YaoNUKTXkLiyMA59px9liaUU1Nkn2Us2+oFrXe+Peymu6d3nWfrm+RcX4UBnM6we8G+qtK3X00D6AmlrItpN8yeNSILV4AUqtTh/WnOk= ceph-258aafa0-ec05-11ee-95d0-87774f69a715
2024-03-27T06:44:44.919 DEBUG:teuthology.orchestra.run.smithi089:> sudo install -d -m 0700 /root/.ssh && echo 'ssh-rsa AAAAB3NzaC1yc2EAAAADAQABAAABgQC/coMLMUoHo+Ta9Hv8EHT4fjkZNKL3XCeSYXWBiNEyIbhws95DPF7c853rh69nCfZU1ALQQ7nfLRLZJljXzI2a0kJNp7o4+lswIYWkSfHZ7nvdvBGSGsx3j3lB3MwS44unNPAPge69sFpJsaaaPy8Ciac3RYi5O84LlauwDSKwPjCIQIAOhgQFlrxbI4Bai2FvUKomOsZM0NveAW2sTkAk5mjR2xSGTMtZMsqZPVSOyLt/FCul9O+c246JXSNzhimGDzn2ammQphBM7z0S/Hut3FG6P2znFVujxaIOq77PWx0eOKvDksI0ZJAYyoB94TC3msYFmFx5LoxDFmTNrRIGwakk7rHtJE3ovpmjVBFZxFqEGfaEz0a07WNkTnaID7sKBxkNepRiUe1vr054MTK3wx1YaoNUKTXkLiyMA59px9liaUU1Nkn2Us2+oFrXe+Peymu6d3nWfrm+RcX4UBnM6we8G+qtK3X00D6AmlrItpN8yeNSILV4AUqtTh/WnOk= ceph-258aafa0-ec05-11ee-95d0-87774f69a715' | sudo tee -a /root/.ssh/authorized_keys && sudo chmod 0600 /root/.ssh/authorized_keys
2024-03-27T06:44:45.055 INFO:teuthology.orchestra.run.smithi089.stdout:ssh-rsa AAAAB3NzaC1yc2EAAAADAQABAAABgQC/coMLMUoHo+Ta9Hv8EHT4fjkZNKL3XCeSYXWBiNEyIbhws95DPF7c853rh69nCfZU1ALQQ7nfLRLZJljXzI2a0kJNp7o4+lswIYWkSfHZ7nvdvBGSGsx3j3lB3MwS44unNPAPge69sFpJsaaaPy8Ciac3RYi5O84LlauwDSKwPjCIQIAOhgQFlrxbI4Bai2FvUKomOsZM0NveAW2sTkAk5mjR2xSGTMtZMsqZPVSOyLt/FCul9O+c246JXSNzhimGDzn2ammQphBM7z0S/Hut3FG6P2znFVujxaIOq77PWx0eOKvDksI0ZJAYyoB94TC3msYFmFx5LoxDFmTNrRIGwakk7rHtJE3ovpmjVBFZxFqEGfaEz0a07WNkTnaID7sKBxkNepRiUe1vr054MTK3wx1YaoNUKTXkLiyMA59px9liaUU1Nkn2Us2+oFrXe+Peymu6d3nWfrm+RcX4UBnM6we8G+qtK3X00D6AmlrItpN8yeNSILV4AUqtTh/WnOk= ceph-258aafa0-ec05-11ee-95d0-87774f69a715
2024-03-27T06:44:45.119 DEBUG:teuthology.orchestra.run.smithi113:> sudo install -d -m 0700 /root/.ssh && echo 'ssh-rsa AAAAB3NzaC1yc2EAAAADAQABAAABgQC/coMLMUoHo+Ta9Hv8EHT4fjkZNKL3XCeSYXWBiNEyIbhws95DPF7c853rh69nCfZU1ALQQ7nfLRLZJljXzI2a0kJNp7o4+lswIYWkSfHZ7nvdvBGSGsx3j3lB3MwS44unNPAPge69sFpJsaaaPy8Ciac3RYi5O84LlauwDSKwPjCIQIAOhgQFlrxbI4Bai2FvUKomOsZM0NveAW2sTkAk5mjR2xSGTMtZMsqZPVSOyLt/FCul9O+c246JXSNzhimGDzn2ammQphBM7z0S/Hut3FG6P2znFVujxaIOq77PWx0eOKvDksI0ZJAYyoB94TC3msYFmFx5LoxDFmTNrRIGwakk7rHtJE3ovpmjVBFZxFqEGfaEz0a07WNkTnaID7sKBxkNepRiUe1vr054MTK3wx1YaoNUKTXkLiyMA59px9liaUU1Nkn2Us2+oFrXe+Peymu6d3nWfrm+RcX4UBnM6we8G+qtK3X00D6AmlrItpN8yeNSILV4AUqtTh/WnOk= ceph-258aafa0-ec05-11ee-95d0-87774f69a715' | sudo tee -a /root/.ssh/authorized_keys && sudo chmod 0600 /root/.ssh/authorized_keys
2024-03-27T06:44:45.254 INFO:teuthology.orchestra.run.smithi113.stdout:ssh-rsa AAAAB3NzaC1yc2EAAAADAQABAAABgQC/coMLMUoHo+Ta9Hv8EHT4fjkZNKL3XCeSYXWBiNEyIbhws95DPF7c853rh69nCfZU1ALQQ7nfLRLZJljXzI2a0kJNp7o4+lswIYWkSfHZ7nvdvBGSGsx3j3lB3MwS44unNPAPge69sFpJsaaaPy8Ciac3RYi5O84LlauwDSKwPjCIQIAOhgQFlrxbI4Bai2FvUKomOsZM0NveAW2sTkAk5mjR2xSGTMtZMsqZPVSOyLt/FCul9O+c246JXSNzhimGDzn2ammQphBM7z0S/Hut3FG6P2znFVujxaIOq77PWx0eOKvDksI0ZJAYyoB94TC3msYFmFx5LoxDFmTNrRIGwakk7rHtJE3ovpmjVBFZxFqEGfaEz0a07WNkTnaID7sKBxkNepRiUe1vr054MTK3wx1YaoNUKTXkLiyMA59px9liaUU1Nkn2Us2+oFrXe+Peymu6d3nWfrm+RcX4UBnM6we8G+qtK3X00D6AmlrItpN8yeNSILV4AUqtTh/WnOk= ceph-258aafa0-ec05-11ee-95d0-87774f69a715
2024-03-27T06:44:45.315 DEBUG:teuthology.orchestra.run.smithi027:> sudo /home/ubuntu/cephtest/cephadm --image quay-quay-quay.apps.os.sepia.ceph.com/ceph-ci/ceph:155268c4e432a12433aa833f174f9fe3b1016ae0 shell -c /etc/ceph/ceph.conf -k /etc/ceph/ceph.client.admin.keyring --fsid 258aafa0-ec05-11ee-95d0-87774f69a715 -- ceph config set mgr mgr/cephadm/allow_ptrace true
2024-03-27T06:44:45.753 INFO:teuthology.orchestra.run.smithi027.stderr:Inferring config /var/lib/ceph/258aafa0-ec05-11ee-95d0-87774f69a715/mon.a/config
2024-03-27T06:44:48.657 INFO:teuthology.orchestra.run.smithi027.stderr:2024-03-27T06:44:48.661+0000 7fe6b6800700 1 -- 172.21.15.27:0/413574876 >> [v2:172.21.15.27:3300/0,v1:172.21.15.27:6789/0] conn(0x7fe6b0100f70 msgr2=0x7fe6b0101390 secure :-1 s=STATE_CONNECTION_ESTABLISHED l=1).mark_down
2024-03-27T06:44:48.657 INFO:teuthology.orchestra.run.smithi027.stderr:2024-03-27T06:44:48.661+0000 7fe6b6800700 1 --2- 172.21.15.27:0/413574876 >> [v2:172.21.15.27:3300/0,v1:172.21.15.27:6789/0] conn(0x7fe6b0100f70 0x7fe6b0101390 secure :-1 s=READY pgs=80 cs=0 l=1 rev1=1 crypto rx=0x7fe6a0009910 tx=0x7fe6a0009c20 comp rx=0 tx=0).stop
2024-03-27T06:44:48.657 INFO:teuthology.orchestra.run.smithi027.stderr:2024-03-27T06:44:48.661+0000 7fe6b6800700 1 -- 172.21.15.27:0/413574876 shutdown_connections
2024-03-27T06:44:48.657 INFO:teuthology.orchestra.run.smithi027.stderr:2024-03-27T06:44:48.661+0000 7fe6b6800700 1 --2- 172.21.15.27:0/413574876 >> [v2:172.21.15.27:3300/0,v1:172.21.15.27:6789/0] conn(0x7fe6b0100f70 0x7fe6b0101390 unknown :-1 s=CLOSED pgs=80 cs=0 l=1 rev1=1 crypto rx=0 tx=0 comp rx=0 tx=0).stop
2024-03-27T06:44:48.657 INFO:teuthology.orchestra.run.smithi027.stderr:2024-03-27T06:44:48.661+0000 7fe6b6800700 1 -- 172.21.15.27:0/413574876 >> 172.21.15.27:0/413574876 conn(0x7fe6b00fc510 msgr2=0x7fe6b00fe950 unknown :-1 s=STATE_NONE l=0).mark_down
2024-03-27T06:44:48.657 INFO:teuthology.orchestra.run.smithi027.stderr:2024-03-27T06:44:48.661+0000 7fe6b6800700 1 -- 172.21.15.27:0/413574876 shutdown_connections
2024-03-27T06:44:48.657 INFO:teuthology.orchestra.run.smithi027.stderr:2024-03-27T06:44:48.661+0000 7fe6b6800700 1 -- 172.21.15.27:0/413574876 wait complete.
2024-03-27T06:44:48.658 INFO:teuthology.orchestra.run.smithi027.stderr:2024-03-27T06:44:48.663+0000 7fe6b6800700 1 Processor -- start
2024-03-27T06:44:48.658 INFO:teuthology.orchestra.run.smithi027.stderr:2024-03-27T06:44:48.663+0000 7fe6b6800700 1 -- start start
2024-03-27T06:44:48.658 INFO:teuthology.orchestra.run.smithi027.stderr:2024-03-27T06:44:48.663+0000 7fe6b6800700 1 --2- >> [v2:172.21.15.27:3300/0,v1:172.21.15.27:6789/0] conn(0x7fe6b0100f70 0x7fe6b01998f0 unknown :-1 s=NONE pgs=0 cs=0 l=1 rev1=0 crypto rx=0 tx=0 comp rx=0 tx=0).connect
2024-03-27T06:44:48.658 INFO:teuthology.orchestra.run.smithi027.stderr:2024-03-27T06:44:48.663+0000 7fe6b6800700 1 -- --> [v2:172.21.15.27:3300/0,v1:172.21.15.27:6789/0] -- mon_getmap magic: 0 -- 0x7fe6b0106eb0 con 0x7fe6b0100f70
2024-03-27T06:44:48.658 INFO:teuthology.orchestra.run.smithi027.stderr:2024-03-27T06:44:48.664+0000 7fe6af400700 1 --2- >> [v2:172.21.15.27:3300/0,v1:172.21.15.27:6789/0] conn(0x7fe6b0100f70 0x7fe6b01998f0 unknown :-1 s=BANNER_CONNECTING pgs=0 cs=0 l=1 rev1=0 crypto rx=0 tx=0 comp rx=0 tx=0)._handle_peer_banner_payload supported=3 required=0
2024-03-27T06:44:48.659 INFO:teuthology.orchestra.run.smithi027.stderr:2024-03-27T06:44:48.664+0000 7fe6af400700 1 --2- >> [v2:172.21.15.27:3300/0,v1:172.21.15.27:6789/0] conn(0x7fe6b0100f70 0x7fe6b01998f0 unknown :-1 s=HELLO_CONNECTING pgs=0 cs=0 l=1 rev1=1 crypto rx=0 tx=0 comp rx=0 tx=0).handle_hello peer v2:172.21.15.27:3300/0 says I am v2:172.21.15.27:54250/0 (socket says 172.21.15.27:54250)
2024-03-27T06:44:48.659 INFO:teuthology.orchestra.run.smithi027.stderr:2024-03-27T06:44:48.664+0000 7fe6af400700 1 -- 172.21.15.27:0/1497773012 learned_addr learned my addr 172.21.15.27:0/1497773012 (peer_addr_for_me v2:172.21.15.27:0/0)
2024-03-27T06:44:48.659 INFO:teuthology.orchestra.run.smithi027.stderr:2024-03-27T06:44:48.664+0000 7fe6af400700 1 -- 172.21.15.27:0/1497773012 --> [v2:172.21.15.27:3300/0,v1:172.21.15.27:6789/0] -- mon_subscribe({config=0+,monmap=0+}) -- 0x7fe6b0199e30 con 0x7fe6b0100f70
2024-03-27T06:44:48.659 INFO:teuthology.orchestra.run.smithi027.stderr:2024-03-27T06:44:48.664+0000 7fe6af400700 1 --2- 172.21.15.27:0/1497773012 >> [v2:172.21.15.27:3300/0,v1:172.21.15.27:6789/0] conn(0x7fe6b0100f70 0x7fe6b01998f0 secure :-1 s=READY pgs=81 cs=0 l=1 rev1=1 crypto rx=0x7fe6a0005950 tx=0x7fe6a0004fa0 comp rx=0 tx=0).ready entity=mon.0 client_cookie=0 server_cookie=0 in_seq=0 out_seq=0
2024-03-27T06:44:48.659 INFO:teuthology.orchestra.run.smithi027.stderr:2024-03-27T06:44:48.665+0000 7fe6a7e00700 1 -- 172.21.15.27:0/1497773012 <== mon.0 v2:172.21.15.27:3300/0 1 ==== mon_map magic: 0 ==== 205+0+0 (secure 0 0 0) 0x7fe6a0026070 con 0x7fe6b0100f70
2024-03-27T06:44:48.659 INFO:teuthology.orchestra.run.smithi027.stderr:2024-03-27T06:44:48.665+0000 7fe6a7e00700 1 -- 172.21.15.27:0/1497773012 <== mon.0 v2:172.21.15.27:3300/0 2 ==== config(26 keys) ==== 1102+0+0 (secure 0 0 0) 0x7fe6a000bc00 con 0x7fe6b0100f70
2024-03-27T06:44:48.659 INFO:teuthology.orchestra.run.smithi027.stderr:2024-03-27T06:44:48.665+0000 7fe6a7e00700 1 -- 172.21.15.27:0/1497773012 <== mon.0 v2:172.21.15.27:3300/0 3 ==== mon_map magic: 0 ==== 205+0+0 (secure 0 0 0) 0x7fe6a00039a0 con 0x7fe6b0100f70
2024-03-27T06:44:48.660 INFO:teuthology.orchestra.run.smithi027.stderr:2024-03-27T06:44:48.665+0000 7fe6b6800700 1 -- 172.21.15.27:0/1497773012 --> [v2:172.21.15.27:3300/0,v1:172.21.15.27:6789/0] -- mon_subscribe({mgrmap=0+}) -- 0x7fe6b019a0c0 con 0x7fe6b0100f70
2024-03-27T06:44:48.660 INFO:teuthology.orchestra.run.smithi027.stderr:2024-03-27T06:44:48.665+0000 7fe6b6800700 1 -- 172.21.15.27:0/1497773012 --> [v2:172.21.15.27:3300/0,v1:172.21.15.27:6789/0] -- mon_subscribe({osdmap=0}) -- 0x7fe6b019cd60 con 0x7fe6b0100f70
2024-03-27T06:44:48.661 INFO:teuthology.orchestra.run.smithi027.stderr:2024-03-27T06:44:48.667+0000 7fe6a7e00700 1 -- 172.21.15.27:0/1497773012 <== mon.0 v2:172.21.15.27:3300/0 4 ==== mgrmap(e 13) ==== 46522+0+0 (secure 0 0 0) 0x7fe6a0029070 con 0x7fe6b0100f70
2024-03-27T06:44:48.661 INFO:teuthology.orchestra.run.smithi027.stderr:2024-03-27T06:44:48.666+0000 7fe6b6800700 1 -- 172.21.15.27:0/1497773012 --> [v2:172.21.15.27:3300/0,v1:172.21.15.27:6789/0] -- mon_command({"prefix": "get_command_descriptions"} v 0) -- 0x7fe6b0107630 con 0x7fe6b0100f70
2024-03-27T06:44:48.662 INFO:teuthology.orchestra.run.smithi027.stderr:2024-03-27T06:44:48.667+0000 7fe6a7e00700 1 --2- 172.21.15.27:0/1497773012 >> [v2:172.21.15.27:6800/3905135987,v1:172.21.15.27:6801/3905135987] conn(0x7fe694039470 0x7fe69403b930 unknown :-1 s=NONE pgs=0 cs=0 l=1 rev1=0 crypto rx=0 tx=0 comp rx=0 tx=0).connect
2024-03-27T06:44:48.662 INFO:teuthology.orchestra.run.smithi027.stderr:2024-03-27T06:44:48.667+0000 7fe6a7e00700 1 -- 172.21.15.27:0/1497773012 <== mon.0 v2:172.21.15.27:3300/0 5 ==== osd_map(3..3 src has 1..3) ==== 1155+0+0 (secure 0 0 0) 0x7fe6a001e070 con 0x7fe6b0100f70
2024-03-27T06:44:48.662 INFO:teuthology.orchestra.run.smithi027.stderr:2024-03-27T06:44:48.668+0000 7fe6aea00700 1 --2- 172.21.15.27:0/1497773012 >> [v2:172.21.15.27:6800/3905135987,v1:172.21.15.27:6801/3905135987] conn(0x7fe694039470 0x7fe69403b930 unknown :-1 s=BANNER_CONNECTING pgs=0 cs=0 l=1 rev1=0 crypto rx=0 tx=0 comp rx=0 tx=0)._handle_peer_banner_payload supported=3 required=0
2024-03-27T06:44:48.663 INFO:teuthology.orchestra.run.smithi027.stderr:2024-03-27T06:44:48.668+0000 7fe6aea00700 1 --2- 172.21.15.27:0/1497773012 >> [v2:172.21.15.27:6800/3905135987,v1:172.21.15.27:6801/3905135987] conn(0x7fe694039470 0x7fe69403b930 secure :-1 s=READY pgs=12 cs=0 l=1 rev1=1 crypto rx=0x7fe69c006fd0 tx=0x7fe69c006e40 comp rx=0 tx=0).ready entity=mgr.14152 client_cookie=0 server_cookie=0 in_seq=0 out_seq=0
2024-03-27T06:44:48.668 INFO:teuthology.orchestra.run.smithi027.stderr:2024-03-27T06:44:48.673+0000 7fe6a7e00700 1 -- 172.21.15.27:0/1497773012 <== mon.0 v2:172.21.15.27:3300/0 6 ==== mon_command_ack([{"prefix": "get_command_descriptions"}]=0 v0) ==== 72+0+187541 (secure 0 0 0) 0x7fe6a0013070 con 0x7fe6b0100f70
2024-03-27T06:44:48.901 INFO:teuthology.orchestra.run.smithi027.stderr:2024-03-27T06:44:48.906+0000 7fe6b6800700 1 -- 172.21.15.27:0/1497773012 --> [v2:172.21.15.27:3300/0,v1:172.21.15.27:6789/0] -- mon_command([{prefix=config set, name=mgr/cephadm/allow_ptrace}] v 0) -- 0x7fe6b002de40 con 0x7fe6b0100f70
2024-03-27T06:44:48.905 INFO:teuthology.orchestra.run.smithi027.stderr:2024-03-27T06:44:48.910+0000 7fe6a7e00700 1 -- 172.21.15.27:0/1497773012 <== mon.0 v2:172.21.15.27:3300/0 7 ==== mon_command_ack([{prefix=config set, name=mgr/cephadm/allow_ptrace}]=0 v9)=0 v9) ==== 125+0+0 (secure 0 0 0) 0x7fe6a00300c0 con 0x7fe6b0100f70
2024-03-27T06:44:48.910 INFO:teuthology.orchestra.run.smithi027.stderr:2024-03-27T06:44:48.914+0000 7fe6b6800700 1 -- 172.21.15.27:0/1497773012 >> [v2:172.21.15.27:6800/3905135987,v1:172.21.15.27:6801/3905135987] conn(0x7fe694039470 msgr2=0x7fe69403b930 secure :-1 s=STATE_CONNECTION_ESTABLISHED l=1).mark_down
2024-03-27T06:44:48.910 INFO:teuthology.orchestra.run.smithi027.stderr:2024-03-27T06:44:48.914+0000 7fe6b6800700 1 --2- 172.21.15.27:0/1497773012 >> [v2:172.21.15.27:6800/3905135987,v1:172.21.15.27:6801/3905135987] conn(0x7fe694039470 0x7fe69403b930 secure :-1 s=READY pgs=12 cs=0 l=1 rev1=1 crypto rx=0x7fe69c006fd0 tx=0x7fe69c006e40 comp rx=0 tx=0).stop
2024-03-27T06:44:48.910 INFO:teuthology.orchestra.run.smithi027.stderr:2024-03-27T06:44:48.914+0000 7fe6b6800700 1 -- 172.21.15.27:0/1497773012 >> [v2:172.21.15.27:3300/0,v1:172.21.15.27:6789/0] conn(0x7fe6b0100f70 msgr2=0x7fe6b01998f0 secure :-1 s=STATE_CONNECTION_ESTABLISHED l=1).mark_down
2024-03-27T06:44:48.910 INFO:teuthology.orchestra.run.smithi027.stderr:2024-03-27T06:44:48.914+0000 7fe6b6800700 1 --2- 172.21.15.27:0/1497773012 >> [v2:172.21.15.27:3300/0,v1:172.21.15.27:6789/0] conn(0x7fe6b0100f70 0x7fe6b01998f0 secure :-1 s=READY pgs=81 cs=0 l=1 rev1=1 crypto rx=0x7fe6a0005950 tx=0x7fe6a0004fa0 comp rx=0 tx=0).stop
2024-03-27T06:44:48.910 INFO:teuthology.orchestra.run.smithi027.stderr:2024-03-27T06:44:48.915+0000 7fe6b6800700 1 -- 172.21.15.27:0/1497773012 shutdown_connections
2024-03-27T06:44:48.911 INFO:teuthology.orchestra.run.smithi027.stderr:2024-03-27T06:44:48.915+0000 7fe6b6800700 1 --2- 172.21.15.27:0/1497773012 >> [v2:172.21.15.27:6800/3905135987,v1:172.21.15.27:6801/3905135987] conn(0x7fe694039470 0x7fe69403b930 unknown :-1 s=CLOSED pgs=12 cs=0 l=1 rev1=1 crypto rx=0 tx=0 comp rx=0 tx=0).stop
2024-03-27T06:44:48.911 INFO:teuthology.orchestra.run.smithi027.stderr:2024-03-27T06:44:48.915+0000 7fe6b6800700 1 --2- 172.21.15.27:0/1497773012 >> [v2:172.21.15.27:3300/0,v1:172.21.15.27:6789/0] conn(0x7fe6b0100f70 0x7fe6b01998f0 unknown :-1 s=CLOSED pgs=81 cs=0 l=1 rev1=1 crypto rx=0 tx=0 comp rx=0 tx=0).stop
2024-03-27T06:44:48.911 INFO:teuthology.orchestra.run.smithi027.stderr:2024-03-27T06:44:48.915+0000 7fe6b6800700 1 -- 172.21.15.27:0/1497773012 >> 172.21.15.27:0/1497773012 conn(0x7fe6b00fc510 msgr2=0x7fe6b0190960 unknown :-1 s=STATE_NONE l=0).mark_down
2024-03-27T06:44:48.911 INFO:teuthology.orchestra.run.smithi027.stderr:2024-03-27T06:44:48.915+0000 7fe6b6800700 1 -- 172.21.15.27:0/1497773012 shutdown_connections
2024-03-27T06:44:48.911 INFO:teuthology.orchestra.run.smithi027.stderr:2024-03-27T06:44:48.915+0000 7fe6b6800700 1 -- 172.21.15.27:0/1497773012 wait complete.
2024-03-27T06:44:49.677 INFO:tasks.cephadm:Distributing conf and client.admin keyring to all hosts + 0755
2024-03-27T06:44:49.678 DEBUG:teuthology.orchestra.run.smithi027:> sudo /home/ubuntu/cephtest/cephadm --image quay-quay-quay.apps.os.sepia.ceph.com/ceph-ci/ceph:155268c4e432a12433aa833f174f9fe3b1016ae0 shell -c /etc/ceph/ceph.conf -k /etc/ceph/ceph.client.admin.keyring --fsid 258aafa0-ec05-11ee-95d0-87774f69a715 -- ceph orch client-keyring set client.admin '*' --mode 0755
2024-03-27T06:44:50.215 INFO:journalctl@ceph.mon.a.smithi027.stdout:Mar 27 06:44:49 smithi027 ceph-mon[31662]: from='client.? 172.21.15.27:0/1497773012' entity='client.admin'
2024-03-27T06:44:50.484 INFO:teuthology.orchestra.run.smithi027.stderr:Inferring config /var/lib/ceph/258aafa0-ec05-11ee-95d0-87774f69a715/mon.a/config
