2024-03-27T06:44:04.588 INFO:teuthology.orchestra.run.smithi027.stdout:Wrote public SSH key to /home/ubuntu/cephtest/ceph.pub
2024-03-27T06:44:04.588 INFO:teuthology.orchestra.run.smithi027.stdout:Adding key to root@localhost authorized_keys...
2024-03-27T06:44:04.588 INFO:teuthology.orchestra.run.smithi027.stdout:Adding host smithi027...
2024-03-27T06:44:06.672 INFO:journalctl@ceph.mon.a.smithi027.stdout:Mar 27 06:44:06 smithi027 ceph-mon[31662]: from='client.14140 -' entity='client.admin' cmd=[{"prefix": "orch host add", "hostname": "smithi027", "addr": "172.21.15.27", "target": ["mon-mgr", ""]}]: dispatch
2024-03-27T06:44:07.715 INFO:journalctl@ceph.mon.a.smithi027.stdout:Mar 27 06:44:07 smithi027 ceph-mon[31662]: Deploying cephadm binary to smithi027
2024-03-27T06:44:13.211 INFO:teuthology.orchestra.run.smithi027.stdout:/usr/bin/ceph: stdout Added host 'smithi027' with addr '172.21.15.27'
2024-03-27T06:44:13.211 INFO:teuthology.orchestra.run.smithi027.stdout:/usr/bin/ceph: stderr
2024-03-27T06:44:05.162+0000 7fa337c00700 1 Processor -- start
2024-03-27T06:44:13.211 INFO:teuthology.orchestra.run.smithi027.stdout:/usr/bin/ceph: stderr
2024-03-27T06:44:05.163+0000 7fa337c00700 1 -- start start
2024-03-27T06:44:13.211 INFO:teuthology.orchestra.run.smithi027.stdout:/usr/bin/ceph: stderr
2024-03-27T06:44:05.163+0000 7fa337c00700 1 --2- >> [v2:172.21.15.27:3300/0,v1:172.21.15.27:6789/0] conn(0x7fa330108050 0x7fa330108470 unknown :-1 s=NONE pgs=0 cs=0 l=0 rev1=0 crypto rx=0 tx=0 comp rx=0 tx=0).connect
2024-03-27T06:44:13.211 INFO:teuthology.orchestra.run.smithi027.stdout:/usr/bin/ceph: stderr
2024-03-27T06:44:05.163+0000 7fa337c00700 1 -- --> [v2:172.21.15.27:3300/0,v1:172.21.15.27:6789/0] -- mon_getmap magic: 0 -- 0x7fa330108a40 con 0x7fa330108050
2024-03-27T06:44:13.211 INFO:teuthology.orchestra.run.smithi027.stdout:/usr/bin/ceph: stderr
2024-03-27T06:44:05.164+0000 7fa335200700 1 --2- >> [v2:172.21.15.27:3300/0,v1:172.21.15.27:6789/0] conn(0x7fa330108050 0x7fa330108470 unknown :-1 s=BANNER_CONNECTING pgs=0 cs=0 l=0 rev1=0 crypto rx=0 tx=0 comp rx=0 tx=0)._handle_peer_banner_payload supported=3 required=0
2024-03-27T06:44:13.212 INFO:teuthology.orchestra.run.smithi027.stdout:/usr/bin/ceph: stderr
2024-03-27T06:44:05.164+0000 7fa335200700 1 --2- >> [v2:172.21.15.27:3300/0,v1:172.21.15.27:6789/0] conn(0x7fa330108050 0x7fa330108470 unknown :-1 s=HELLO_CONNECTING pgs=0 cs=0 l=0 rev1=1 crypto rx=0 tx=0 comp rx=0 tx=0).handle_hello peer v2:172.21.15.27:3300/0 says I am v2:172.21.15.27:48848/0 (socket says 172.21.15.27:48848)
2024-03-27T06:44:13.212 INFO:teuthology.orchestra.run.smithi027.stdout:/usr/bin/ceph: stderr
2024-03-27T06:44:05.164+0000 7fa335200700 1 -- 172.21.15.27:0/2231052981 learned_addr learned my addr 172.21.15.27:0/2231052981 (peer_addr_for_me v2:172.21.15.27:0/0)
2024-03-27T06:44:13.212 INFO:teuthology.orchestra.run.smithi027.stdout:/usr/bin/ceph: stderr
2024-03-27T06:44:05.164+0000 7fa335200700 1 -- 172.21.15.27:0/2231052981 --> [v2:172.21.15.27:3300/0,v1:172.21.15.27:6789/0] -- mon_subscribe({config=0+,monmap=0+}) -- 0x7fa330109250 con 0x7fa330108050
2024-03-27T06:44:13.212 INFO:teuthology.orchestra.run.smithi027.stdout:/usr/bin/ceph: stderr
2024-03-27T06:44:05.165+0000 7fa335200700 1 --2- 172.21.15.27:0/2231052981 >> [v2:172.21.15.27:3300/0,v1:172.21.15.27:6789/0] conn(0x7fa330108050 0x7fa330108470 secure :-1 s=READY pgs=45 cs=0 l=1 rev1=1 crypto rx=0x7fa3180098a0 tx=0x7fa318009bb0 comp rx=0 tx=0).ready entity=mon.0 client_cookie=9a24a69a4fdba1d1 server_cookie=0 in_seq=0 out_seq=0
2024-03-27T06:44:13.212 INFO:teuthology.orchestra.run.smithi027.stdout:/usr/bin/ceph: stderr
2024-03-27T06:44:05.165+0000 7fa32fe00700 1 -- 172.21.15.27:0/2231052981 <== mon.0 v2:172.21.15.27:3300/0 1 ==== mon_map magic: 0 ==== 205+0+0 (secure 0 0 0) 0x7fa318004160 con 0x7fa330108050
2024-03-27T06:44:13.216 INFO:teuthology.orchestra.run.smithi027.stdout:/usr/bin/ceph: stderr
2024-03-27T06:44:05.165+0000 7fa32fe00700 1 -- 172.21.15.27:0/2231052981 <== mon.0 v2:172.21.15.27:3300/0 2 ==== config(26 keys) ==== 1071+0+0 (secure 0 0 0) 0x7fa318004300 con 0x7fa330108050
2024-03-27T06:44:13.216 INFO:teuthology.orchestra.run.smithi027.stdout:/usr/bin/ceph: stderr
2024-03-27T06:44:05.165+0000 7fa32fe00700 1 -- 172.21.15.27:0/2231052981 <== mon.0 v2:172.21.15.27:3300/0 3 ==== mon_map magic: 0 ==== 205+0+0 (secure 0 0 0) 0x7fa318011a80 con 0x7fa330108050
2024-03-27T06:44:13.216 INFO:teuthology.orchestra.run.smithi027.stdout:/usr/bin/ceph: stderr
2024-03-27T06:44:05.166+0000 7fa337c00700 1 -- 172.21.15.27:0/2231052981 >> [v2:172.21.15.27:3300/0,v1:172.21.15.27:6789/0] conn(0x7fa330108050 msgr2=0x7fa330108470 secure :-1 s=STATE_CONNECTION_ESTABLISHED l=1).mark_down
2024-03-27T06:44:13.216 INFO:teuthology.orchestra.run.smithi027.stdout:/usr/bin/ceph: stderr
2024-03-27T06:44:05.166+0000 7fa337c00700 1 --2- 172.21.15.27:0/2231052981 >> [v2:172.21.15.27:3300/0,v1:172.21.15.27:6789/0] conn(0x7fa330108050 0x7fa330108470 secure :-1 s=READY pgs=45 cs=0 l=1 rev1=1 crypto rx=0x7fa3180098a0 tx=0x7fa318009bb0 comp rx=0 tx=0).stop
2024-03-27T06:44:13.216 INFO:teuthology.orchestra.run.smithi027.stdout:/usr/bin/ceph: stderr
2024-03-27T06:44:05.166+0000 7fa337c00700 1 -- 172.21.15.27:0/2231052981 shutdown_connections
2024-03-27T06:44:13.216 INFO:teuthology.orchestra.run.smithi027.stdout:/usr/bin/ceph: stderr
2024-03-27T06:44:05.166+0000 7fa337c00700 1 --2- 172.21.15.27:0/2231052981 >> [v2:172.21.15.27:3300/0,v1:172.21.15.27:6789/0] conn(0x7fa330108050 0x7fa330108470 unknown :-1 s=CLOSED pgs=45 cs=0 l=1 rev1=1 crypto rx=0 tx=0 comp rx=0 tx=0).stop
2024-03-27T06:44:13.217 INFO:teuthology.orchestra.run.smithi027.stdout:/usr/bin/ceph: stderr
2024-03-27T06:44:05.166+0000 7fa337c00700 1 -- 172.21.15.27:0/2231052981 >> 172.21.15.27:0/2231052981 conn(0x7fa330103630 msgr2=0x7fa330105a50 unknown :-1 s=STATE_NONE l=0).mark_down
2024-03-27T06:44:13.217 INFO:teuthology.orchestra.run.smithi027.stdout:/usr/bin/ceph: stderr
2024-03-27T06:44:05.166+0000 7fa337c00700 1 -- 172.21.15.27:0/2231052981 shutdown_connections
2024-03-27T06:44:13.217 INFO:teuthology.orchestra.run.smithi027.stdout:/usr/bin/ceph: stderr
2024-03-27T06:44:05.166+0000 7fa337c00700 1 -- 172.21.15.27:0/2231052981 wait complete.
2024-03-27T06:44:13.217 INFO:teuthology.orchestra.run.smithi027.stdout:/usr/bin/ceph: stderr
2024-03-27T06:44:05.167+0000 7fa337c00700 1 Processor -- start
2024-03-27T06:44:13.217 INFO:teuthology.orchestra.run.smithi027.stdout:/usr/bin/ceph: stderr
2024-03-27T06:44:05.167+0000 7fa337c00700 1 -- start start
2024-03-27T06:44:13.217 INFO:teuthology.orchestra.run.smithi027.stdout:/usr/bin/ceph: stderr
2024-03-27T06:44:05.168+0000 7fa337c00700 1 --2- >> [v2:172.21.15.27:3300/0,v1:172.21.15.27:6789/0] conn(0x7fa330108050 0x7fa33007db20 unknown :-1 s=NONE pgs=0 cs=0 l=1 rev1=0 crypto rx=0 tx=0 comp rx=0 tx=0).connect
2024-03-27T06:44:13.217 INFO:teuthology.orchestra.run.smithi027.stdout:/usr/bin/ceph: stderr
2024-03-27T06:44:05.168+0000 7fa337c00700 1 -- --> [v2:172.21.15.27:3300/0,v1:172.21.15.27:6789/0] -- mon_getmap magic: 0 -- 0x7fa33010c480 con 0x7fa330108050
2024-03-27T06:44:13.217 INFO:teuthology.orchestra.run.smithi027.stdout:/usr/bin/ceph: stderr
2024-03-27T06:44:05.168+0000 7fa335200700 1 --2- >> [v2:172.21.15.27:3300/0,v1:172.21.15.27:6789/0] conn(0x7fa330108050 0x7fa33007db20 unknown :-1 s=BANNER_CONNECTING pgs=0 cs=0 l=1 rev1=0 crypto rx=0 tx=0 comp rx=0 tx=0)._handle_peer_banner_payload supported=3 required=0
2024-03-27T06:44:13.217 INFO:teuthology.orchestra.run.smithi027.stdout:/usr/bin/ceph: stderr
2024-03-27T06:44:05.168+0000 7fa335200700 1 --2- >> [v2:172.21.15.27:3300/0,v1:172.21.15.27:6789/0] conn(0x7fa330108050 0x7fa33007db20 unknown :-1 s=HELLO_CONNECTING pgs=0 cs=0 l=1 rev1=1 crypto rx=0 tx=0 comp rx=0 tx=0).handle_hello peer v2:172.21.15.27:3300/0 says I am v2:172.21.15.27:48852/0 (socket says 172.21.15.27:48852)
2024-03-27T06:44:13.217 INFO:teuthology.orchestra.run.smithi027.stdout:/usr/bin/ceph: stderr
2024-03-27T06:44:05.168+0000 7fa335200700 1 -- 172.21.15.27:0/2118795692 learned_addr learned my addr 172.21.15.27:0/2118795692 (peer_addr_for_me v2:172.21.15.27:0/0)
2024-03-27T06:44:13.217 INFO:teuthology.orchestra.run.smithi027.stdout:/usr/bin/ceph: stderr
2024-03-27T06:44:05.168+0000 7fa335200700 1 -- 172.21.15.27:0/2118795692 --> [v2:172.21.15.27:3300/0,v1:172.21.15.27:6789/0] -- mon_subscribe({config=0+,monmap=0+}) -- 0x7fa33007e060 con 0x7fa330108050
2024-03-27T06:44:13.217 INFO:teuthology.orchestra.run.smithi027.stdout:/usr/bin/ceph: stderr
2024-03-27T06:44:05.169+0000 7fa335200700 1 --2- 172.21.15.27:0/2118795692 >> [v2:172.21.15.27:3300/0,v1:172.21.15.27:6789/0] conn(0x7fa330108050 0x7fa33007db20 secure :-1 s=READY pgs=46 cs=0 l=1 rev1=1 crypto rx=0x7fa318006af0 tx=0x7fa318011c40 comp rx=0 tx=0).ready entity=mon.0 client_cookie=0 server_cookie=0 in_seq=0 out_seq=0
2024-03-27T06:44:13.217 INFO:teuthology.orchestra.run.smithi027.stdout:/usr/bin/ceph: stderr
2024-03-27T06:44:05.169+0000 7fa32e000700 1 -- 172.21.15.27:0/2118795692 <== mon.0 v2:172.21.15.27:3300/0 1 ==== mon_map magic: 0 ==== 205+0+0 (secure 0 0 0) 0x7fa3180039e0 con 0x7fa330108050
2024-03-27T06:44:13.217 INFO:teuthology.orchestra.run.smithi027.stdout:/usr/bin/ceph: stderr
2024-03-27T06:44:05.169+0000 7fa32e000700 1 -- 172.21.15.27:0/2118795692 <== mon.0 v2:172.21.15.27:3300/0 2 ==== config(26 keys) ==== 1071+0+0 (secure 0 0 0) 0x7fa318003b80 con 0x7fa330108050
2024-03-27T06:44:13.218 INFO:teuthology.orchestra.run.smithi027.stdout:/usr/bin/ceph: stderr
2024-03-27T06:44:05.169+0000 7fa32e000700 1 -- 172.21.15.27:0/2118795692 <== mon.0 v2:172.21.15.27:3300/0 3 ==== mon_map magic: 0 ==== 205+0+0 (secure 0 0 0) 0x7fa3180196a0 con 0x7fa330108050
2024-03-27T06:44:13.218 INFO:teuthology.orchestra.run.smithi027.stdout:/usr/bin/ceph: stderr
2024-03-27T06:44:05.169+0000 7fa337c00700 1 -- 172.21.15.27:0/2118795692 --> [v2:172.21.15.27:3300/0,v1:172.21.15.27:6789/0] -- mon_subscribe({mgrmap=0+}) -- 0x7fa33007c250 con 0x7fa330108050
2024-03-27T06:44:13.218 INFO:teuthology.orchestra.run.smithi027.stdout:/usr/bin/ceph: stderr
2024-03-27T06:44:05.169+0000 7fa337c00700 1 -- 172.21.15.27:0/2118795692 --> [v2:172.21.15.27:3300/0,v1:172.21.15.27:6789/0] -- mon_subscribe({osdmap=0}) -- 0x7fa33007c790 con 0x7fa330108050
2024-03-27T06:44:13.218 INFO:teuthology.orchestra.run.smithi027.stdout:/usr/bin/ceph: stderr
2024-03-27T06:44:05.171+0000 7fa337c00700 1 -- 172.21.15.27:0/2118795692 --> [v2:172.21.15.27:3300/0,v1:172.21.15.27:6789/0] -- mon_command({"prefix": "get_command_descriptions"} v 0) -- 0x7fa330063c70 con 0x7fa330108050
2024-03-27T06:44:13.218 INFO:teuthology.orchestra.run.smithi027.stdout:/usr/bin/ceph: stderr
2024-03-27T06:44:05.171+0000 7fa32e000700 1 -- 172.21.15.27:0/2118795692 <== mon.0 v2:172.21.15.27:3300/0 4 ==== mgrmap(e 8) ==== 46466+0+0 (secure 0 0 0) 0x7fa31801ab50 con 0x7fa330108050
2024-03-27T06:44:13.218 INFO:teuthology.orchestra.run.smithi027.stdout:/usr/bin/ceph: stderr
2024-03-27T06:44:05.171+0000 7fa32e000700 1 --2- 172.21.15.27:0/2118795692 >> [v2:172.21.15.27:6800/2653385538,v1:172.21.15.27:6801/2653385538] conn(0x7fa3100393d0 0x7fa31003b890 unknown :-1 s=NONE pgs=0 cs=0 l=1 rev1=0 crypto rx=0 tx=0 comp rx=0 tx=0).connect
2024-03-27T06:44:13.218 INFO:teuthology.orchestra.run.smithi027.stdout:/usr/bin/ceph: stderr
2024-03-27T06:44:05.171+0000 7fa32e000700 1 -- 172.21.15.27:0/2118795692 <== mon.0 v2:172.21.15.27:3300/0 5 ==== osd_map(2..2 src has 1..2) ==== 940+0+0 (secure 0 0 0) 0x7fa31804d9c0 con 0x7fa330108050
2024-03-27T06:44:13.218 INFO:teuthology.orchestra.run.smithi027.stdout:/usr/bin/ceph: stderr
2024-03-27T06:44:05.171+0000 7fa327e00700 1 --2- 172.21.15.27:0/2118795692 >> [v2:172.21.15.27:6800/2653385538,v1:172.21.15.27:6801/2653385538] conn(0x7fa3100393d0 0x7fa31003b890 unknown :-1 s=BANNER_CONNECTING pgs=0 cs=0 l=1 rev1=0 crypto rx=0 tx=0 comp rx=0 tx=0)._handle_peer_banner_payload supported=3 required=0
2024-03-27T06:44:13.218 INFO:teuthology.orchestra.run.smithi027.stdout:/usr/bin/ceph: stderr
2024-03-27T06:44:05.172+0000 7fa327e00700 1 --2- 172.21.15.27:0/2118795692 >> [v2:172.21.15.27:6800/2653385538,v1:172.21.15.27:6801/2653385538] conn(0x7fa3100393d0 0x7fa31003b890 secure :-1 s=READY pgs=11 cs=0 l=1 rev1=1 crypto rx=0x7fa320006fd0 tx=0x7fa320006e40 comp rx=0 tx=0).ready entity=mgr.14120 client_cookie=0 server_cookie=0 in_seq=0 out_seq=0
2024-03-27T06:44:13.219 INFO:teuthology.orchestra.run.smithi027.stdout:/usr/bin/ceph: stderr
2024-03-27T06:44:05.177+0000 7fa32e000700 1 -- 172.21.15.27:0/2118795692 <== mon.0 v2:172.21.15.27:3300/0 6 ==== mon_command_ack([{"prefix": "get_command_descriptions"}]=0 v0) ==== 72+0+187541 (secure 0 0 0) 0x7fa31800b3e0 con 0x7fa330108050
2024-03-27T06:44:13.219 INFO:teuthology.orchestra.run.smithi027.stdout:/usr/bin/ceph: stderr
2024-03-27T06:44:05.410+0000 7fa337c00700 1 -- 172.21.15.27:0/2118795692 --> [v2:172.21.15.27:6800/2653385538,v1:172.21.15.27:6801/2653385538] -- mgr_command(tid 0: {"prefix": "orch host add", "hostname": "smithi027", "addr": "172.21.15.27", "target": ["mon-mgr", ""]}) -- 0x7fa3301048a0 con 0x7fa3100393d0
2024-03-27T06:44:13.219 INFO:teuthology.orchestra.run.smithi027.stdout:/usr/bin/ceph: stderr
2024-03-27T06:44:12.403+0000 7fa32e000700 1 -- 172.21.15.27:0/2118795692 <== mgr.14120 v2:172.21.15.27:6800/2653385538 1 ==== mgr_command_reply(tid 0: 0 ) ==== 8+0+48 (secure 0 0 0) 0x7fa3301048a0 con 0x7fa3100393d0
2024-03-27T06:44:13.219 INFO:teuthology.orchestra.run.smithi027.stdout:/usr/bin/ceph: stderr
2024-03-27T06:44:12.407+0000 7fa337c00700 1 -- 172.21.15.27:0/2118795692 >> [v2:172.21.15.27:6800/2653385538,v1:172.21.15.27:6801/2653385538] conn(0x7fa3100393d0 msgr2=0x7fa31003b890 secure :-1 s=STATE_CONNECTION_ESTABLISHED l=1).mark_down
2024-03-27T06:44:13.219 INFO:teuthology.orchestra.run.smithi027.stdout:/usr/bin/ceph: stderr
2024-03-27T06:44:12.407+0000 7fa337c00700 1 --2- 172.21.15.27:0/2118795692 >> [v2:172.21.15.27:6800/2653385538,v1:172.21.15.27:6801/2653385538] conn(0x7fa3100393d0 0x7fa31003b890 secure :-1 s=READY pgs=11 cs=0 l=1 rev1=1 crypto rx=0x7fa320006fd0 tx=0x7fa320006e40 comp rx=0 tx=0).stop
2024-03-27T06:44:13.219 INFO:teuthology.orchestra.run.smithi027.stdout:/usr/bin/ceph: stderr
2024-03-27T06:44:12.407+0000 7fa337c00700 1 -- 172.21.15.27:0/2118795692 >> [v2:172.21.15.27:3300/0,v1:172.21.15.27:6789/0] conn(0x7fa330108050 msgr2=0x7fa33007db20 secure :-1 s=STATE_CONNECTION_ESTABLISHED l=1).mark_down
2024-03-27T06:44:13.219 INFO:teuthology.orchestra.run.smithi027.stdout:/usr/bin/ceph: stderr
2024-03-27T06:44:12.407+0000 7fa337c00700 1 --2- 172.21.15.27:0/2118795692 >> [v2:172.21.15.27:3300/0,v1:172.21.15.27:6789/0] conn(0x7fa330108050 0x7fa33007db20 secure :-1 s=READY pgs=46 cs=0 l=1 rev1=1 crypto rx=0x7fa318006af0 tx=0x7fa318011c40 comp rx=0 tx=0).stop
2024-03-27T06:44:13.219 INFO:teuthology.orchestra.run.smithi027.stdout:/usr/bin/ceph: stderr
2024-03-27T06:44:12.407+0000 7fa337c00700 1 -- 172.21.15.27:0/2118795692 shutdown_connections
2024-03-27T06:44:13.219 INFO:teuthology.orchestra.run.smithi027.stdout:/usr/bin/ceph: stderr
2024-03-27T06:44:12.407+0000 7fa337c00700 1 --2- 172.21.15.27:0/2118795692 >> [v2:172.21.15.27:6800/2653385538,v1:172.21.15.27:6801/2653385538] conn(0x7fa3100393d0 0x7fa31003b890 unknown :-1 s=CLOSED pgs=11 cs=0 l=1 rev1=1 crypto rx=0 tx=0 comp rx=0 tx=0).stop
2024-03-27T06:44:13.219 INFO:teuthology.orchestra.run.smithi027.stdout:/usr/bin/ceph: stderr
2024-03-27T06:44:12.407+0000 7fa337c00700 1 --2- 172.21.15.27:0/2118795692 >> [v2:172.21.15.27:3300/0,v1:172.21.15.27:6789/0] conn(0x7fa330108050 0x7fa33007db20 unknown :-1 s=CLOSED pgs=46 cs=0 l=1 rev1=1 crypto rx=0 tx=0 comp rx=0 tx=0).stop
2024-03-27T06:44:13.219 INFO:teuthology.orchestra.run.smithi027.stdout:/usr/bin/ceph: stderr
2024-03-27T06:44:12.407+0000 7fa337c00700 1 -- 172.21.15.27:0/2118795692 >> 172.21.15.27:0/2118795692 conn(0x7fa330103630 msgr2=0x7fa330104190 unknown :-1 s=STATE_NONE l=0).mark_down
2024-03-27T06:44:13.219 INFO:teuthology.orchestra.run.smithi027.stdout:/usr/bin/ceph: stderr
2024-03-27T06:44:12.407+0000 7fa337c00700 1 -- 172.21.15.27:0/2118795692 shutdown_connections
2024-03-27T06:44:13.219 INFO:teuthology.orchestra.run.smithi027.stdout:/usr/bin/ceph: stderr
2024-03-27T06:44:12.407+0000 7fa337c00700 1 -- 172.21.15.27:0/2118795692 wait complete.
2024-03-27T06:44:13.219 INFO:teuthology.orchestra.run.smithi027.stdout:Deploying unmanaged mon service...
2024-03-27T06:44:13.465 INFO:journalctl@ceph.mon.a.smithi027.stdout:Mar 27 06:44:13 smithi027 ceph-mon[31662]: from='mgr.14120 172.21.15.27:0/3134884755' entity='mgr.x'
2024-03-27T06:44:13.465 INFO:journalctl@ceph.mon.a.smithi027.stdout:Mar 27 06:44:13 smithi027 ceph-mon[31662]: Added host smithi027
2024-03-27T06:44:13.465 INFO:journalctl@ceph.mon.a.smithi027.stdout:Mar 27 06:44:13 smithi027 ceph-mon[31662]: from='mgr.14120 172.21.15.27:0/3134884755' entity='mgr.x' cmd=[{"prefix": "config dump", "format": "json"}]: dispatch
2024-03-27T06:44:14.808 INFO:teuthology.orchestra.run.smithi027.stdout:/usr/bin/ceph: stdout Scheduled mon update...
2024-03-27T06:44:14.808 INFO:teuthology.orchestra.run.smithi027.stdout:/usr/bin/ceph: stderr
2024-03-27T06:44:13.839+0000 7f7f35400700 1 Processor -- start
2024-03-27T06:44:14.812 INFO:teuthology.orchestra.run.smithi027.stdout:/usr/bin/ceph: stderr
2024-03-27T06:44:13.840+0000 7f7f35400700 1 -- start start
2024-03-27T06:44:14.812 INFO:teuthology.orchestra.run.smithi027.stdout:/usr/bin/ceph: stderr
2024-03-27T06:44:13.840+0000 7f7f35400700 1 --2- >> [v2:172.21.15.27:3300/0,v1:172.21.15.27:6789/0] conn(0x7f7f301080f0 0x7f7f30108510 unknown :-1 s=NONE pgs=0 cs=0 l=0 rev1=0 crypto rx=0 tx=0 comp rx=0 tx=0).connect
2024-03-27T06:44:14.812 INFO:teuthology.orchestra.run.smithi027.stdout:/usr/bin/ceph: stderr
2024-03-27T06:44:13.840+0000 7f7f35400700 1 -- --> [v2:172.21.15.27:3300/0,v1:172.21.15.27:6789/0] -- mon_getmap magic: 0 -- 0x7f7f30108ae0 con 0x7f7f301080f0
2024-03-27T06:44:14.812 INFO:teuthology.orchestra.run.smithi027.stdout:/usr/bin/ceph: stderr
2024-03-27T06:44:13.840+0000 7f7f2e800700 1 --2- >> [v2:172.21.15.27:3300/0,v1:172.21.15.27:6789/0] conn(0x7f7f301080f0 0x7f7f30108510 unknown :-1 s=BANNER_CONNECTING pgs=0 cs=0 l=0 rev1=0 crypto rx=0 tx=0 comp rx=0 tx=0)._handle_peer_banner_payload supported=3 required=0
2024-03-27T06:44:14.812 INFO:teuthology.orchestra.run.smithi027.stdout:/usr/bin/ceph: stderr
2024-03-27T06:44:13.840+0000 7f7f2e800700 1 --2- >> [v2:172.21.15.27:3300/0,v1:172.21.15.27:6789/0] conn(0x7f7f301080f0 0x7f7f30108510 unknown :-1 s=HELLO_CONNECTING pgs=0 cs=0 l=0 rev1=1 crypto rx=0 tx=0 comp rx=0 tx=0).handle_hello peer v2:172.21.15.27:3300/0 says I am v2:172.21.15.27:55780/0 (socket says 172.21.15.27:55780)
2024-03-27T06:44:14.813 INFO:teuthology.orchestra.run.smithi027.stdout:/usr/bin/ceph: stderr
2024-03-27T06:44:13.840+0000 7f7f2e800700 1 -- 172.21.15.27:0/4018375389 learned_addr learned my addr 172.21.15.27:0/4018375389 (peer_addr_for_me v2:172.21.15.27:0/0)
2024-03-27T06:44:14.813 INFO:teuthology.orchestra.run.smithi027.stdout:/usr/bin/ceph: stderr
2024-03-27T06:44:13.841+0000 7f7f2e800700 1 -- 172.21.15.27:0/4018375389 --> [v2:172.21.15.27:3300/0,v1:172.21.15.27:6789/0] -- mon_subscribe({config=0+,monmap=0+}) -- 0x7f7f301092a0 con 0x7f7f301080f0
2024-03-27T06:44:14.813 INFO:teuthology.orchestra.run.smithi027.stdout:/usr/bin/ceph: stderr
2024-03-27T06:44:13.841+0000 7f7f2e800700 1 --2- 172.21.15.27:0/4018375389 >> [v2:172.21.15.27:3300/0,v1:172.21.15.27:6789/0] conn(0x7f7f301080f0 0x7f7f30108510 secure :-1 s=READY pgs=47 cs=0 l=1 rev1=1 crypto rx=0x7f7f200098a0 tx=0x7f7f20009bb0 comp rx=0 tx=0).ready entity=mon.0 client_cookie=d770ff4b9950dbcd server_cookie=0 in_seq=0 out_seq=0
2024-03-27T06:44:14.813 INFO:teuthology.orchestra.run.smithi027.stdout:/usr/bin/ceph: stderr
2024-03-27T06:44:13.841+0000 7f7f2de00700 1 -- 172.21.15.27:0/4018375389 <== mon.0 v2:172.21.15.27:3300/0 1 ==== mon_map magic: 0 ==== 205+0+0 (secure 0 0 0) 0x7f7f20004160 con 0x7f7f301080f0
2024-03-27T06:44:14.813 INFO:teuthology.orchestra.run.smithi027.stdout:/usr/bin/ceph: stderr
2024-03-27T06:44:13.842+0000 7f7f2de00700 1 -- 172.21.15.27:0/4018375389 <== mon.0 v2:172.21.15.27:3300/0 2 ==== config(26 keys) ==== 1071+0+0 (secure 0 0 0) 0x7f7f20004300 con 0x7f7f301080f0
2024-03-27T06:44:14.813 INFO:teuthology.orchestra.run.smithi027.stdout:/usr/bin/ceph: stderr
2024-03-27T06:44:13.842+0000 7f7f2de00700 1 -- 172.21.15.27:0/4018375389 <== mon.0 v2:172.21.15.27:3300/0 3 ==== mon_map magic: 0 ==== 205+0+0 (secure 0 0 0) 0x7f7f20011a80 con 0x7f7f301080f0
2024-03-27T06:44:14.813 INFO:teuthology.orchestra.run.smithi027.stdout:/usr/bin/ceph: stderr
2024-03-27T06:44:13.842+0000 7f7f35400700 1 -- 172.21.15.27:0/4018375389 >> [v2:172.21.15.27:3300/0,v1:172.21.15.27:6789/0] conn(0x7f7f301080f0 msgr2=0x7f7f30108510 secure :-1 s=STATE_CONNECTION_ESTABLISHED l=1).mark_down
2024-03-27T06:44:14.813 INFO:teuthology.orchestra.run.smithi027.stdout:/usr/bin/ceph: stderr
2024-03-27T06:44:13.842+0000 7f7f35400700 1 --2- 172.21.15.27:0/4018375389 >> [v2:172.21.15.27:3300/0,v1:172.21.15.27:6789/0] conn(0x7f7f301080f0 0x7f7f30108510 secure :-1 s=READY pgs=47 cs=0 l=1 rev1=1 crypto rx=0x7f7f200098a0 tx=0x7f7f20009bb0 comp rx=0 tx=0).stop
2024-03-27T06:44:14.813 INFO:teuthology.orchestra.run.smithi027.stdout:/usr/bin/ceph: stderr
2024-03-27T06:44:13.842+0000 7f7f35400700 1 -- 172.21.15.27:0/4018375389 shutdown_connections
2024-03-27T06:44:14.813 INFO:teuthology.orchestra.run.smithi027.stdout:/usr/bin/ceph: stderr
2024-03-27T06:44:13.842+0000 7f7f35400700 1 --2- 172.21.15.27:0/4018375389 >> [v2:172.21.15.27:3300/0,v1:172.21.15.27:6789/0] conn(0x7f7f301080f0 0x7f7f30108510 unknown :-1 s=CLOSED pgs=47 cs=0 l=1 rev1=1 crypto rx=0 tx=0 comp rx=0 tx=0).stop
2024-03-27T06:44:14.813 INFO:teuthology.orchestra.run.smithi027.stdout:/usr/bin/ceph: stderr
2024-03-27T06:44:13.842+0000 7f7f35400700 1 -- 172.21.15.27:0/4018375389 >> 172.21.15.27:0/4018375389 conn(0x7f7f30103690 msgr2=0x7f7f30105ad0 unknown :-1 s=STATE_NONE l=0).mark_down
2024-03-27T06:44:14.814 INFO:teuthology.orchestra.run.smithi027.stdout:/usr/bin/ceph: stderr
2024-03-27T06:44:13.842+0000 7f7f35400700 1 -- 172.21.15.27:0/4018375389 shutdown_connections
2024-03-27T06:44:14.814 INFO:teuthology.orchestra.run.smithi027.stdout:/usr/bin/ceph: stderr
2024-03-27T06:44:13.842+0000 7f7f35400700 1 -- 172.21.15.27:0/4018375389 wait complete.
2024-03-27T06:44:14.814 INFO:teuthology.orchestra.run.smithi027.stdout:/usr/bin/ceph: stderr
2024-03-27T06:44:13.844+0000 7f7f35400700 1 Processor -- start
2024-03-27T06:44:14.814 INFO:teuthology.orchestra.run.smithi027.stdout:/usr/bin/ceph: stderr
2024-03-27T06:44:13.844+0000 7f7f35400700 1 -- start start
2024-03-27T06:44:14.814 INFO:teuthology.orchestra.run.smithi027.stdout:/usr/bin/ceph: stderr
2024-03-27T06:44:13.844+0000 7f7f35400700 1 --2- >> [v2:172.21.15.27:3300/0,v1:172.21.15.27:6789/0] conn(0x7f7f301080f0 0x7f7f3019e150 unknown :-1 s=NONE pgs=0 cs=0 l=1 rev1=0 crypto rx=0 tx=0 comp rx=0 tx=0).connect
2024-03-27T06:44:14.814 INFO:teuthology.orchestra.run.smithi027.stdout:/usr/bin/ceph: stderr
2024-03-27T06:44:13.844+0000 7f7f35400700 1 -- --> [v2:172.21.15.27:3300/0,v1:172.21.15.27:6789/0] -- mon_getmap magic: 0 -- 0x7f7f3010c4d0 con 0x7f7f301080f0
2024-03-27T06:44:14.814 INFO:teuthology.orchestra.run.smithi027.stdout:/usr/bin/ceph: stderr
2024-03-27T06:44:13.844+0000 7f7f2e800700 1 --2- >> [v2:172.21.15.27:3300/0,v1:172.21.15.27:6789/0] conn(0x7f7f301080f0 0x7f7f3019e150 unknown :-1 s=BANNER_CONNECTING pgs=0 cs=0 l=1 rev1=0 crypto rx=0 tx=0 comp rx=0 tx=0)._handle_peer_banner_payload supported=3 required=0
2024-03-27T06:44:14.814 INFO:teuthology.orchestra.run.smithi027.stdout:/usr/bin/ceph: stderr
2024-03-27T06:44:13.844+0000 7f7f2e800700 1 --2- >> [v2:172.21.15.27:3300/0,v1:172.21.15.27:6789/0] conn(0x7f7f301080f0 0x7f7f3019e150 unknown :-1 s=HELLO_CONNECTING pgs=0 cs=0 l=1 rev1=1 crypto rx=0 tx=0 comp rx=0 tx=0).handle_hello peer v2:172.21.15.27:3300/0 says I am v2:172.21.15.27:55796/0 (socket says 172.21.15.27:55796)
2024-03-27T06:44:14.814 INFO:teuthology.orchestra.run.smithi027.stdout:/usr/bin/ceph: stderr
2024-03-27T06:44:13.845+0000 7f7f2e800700 1 -- 172.21.15.27:0/1038342050 learned_addr learned my addr 172.21.15.27:0/1038342050 (peer_addr_for_me v2:172.21.15.27:0/0)
2024-03-27T06:44:14.814 INFO:teuthology.orchestra.run.smithi027.stdout:/usr/bin/ceph: stderr
2024-03-27T06:44:13.845+0000 7f7f2e800700 1 -- 172.21.15.27:0/1038342050 --> [v2:172.21.15.27:3300/0,v1:172.21.15.27:6789/0] -- mon_subscribe({config=0+,monmap=0+}) -- 0x7f7f3019e690 con 0x7f7f301080f0
2024-03-27T06:44:14.814 INFO:teuthology.orchestra.run.smithi027.stdout:/usr/bin/ceph: stderr
2024-03-27T06:44:13.845+0000 7f7f2e800700 1 --2- 172.21.15.27:0/1038342050 >> [v2:172.21.15.27:3300/0,v1:172.21.15.27:6789/0] conn(0x7f7f301080f0 0x7f7f3019e150 secure :-1 s=READY pgs=48 cs=0 l=1 rev1=1 crypto rx=0x7f7f20000c00 tx=0x7f7f20004290 comp rx=0 tx=0).ready entity=mon.0 client_cookie=0 server_cookie=0 in_seq=0 out_seq=0
2024-03-27T06:44:14.814 INFO:teuthology.orchestra.run.smithi027.stdout:/usr/bin/ceph: stderr
2024-03-27T06:44:13.845+0000 7f7f27e00700 1 -- 172.21.15.27:0/1038342050 <== mon.0 v2:172.21.15.27:3300/0 1 ==== mon_map magic: 0 ==== 205+0+0 (secure 0 0 0) 0x7f7f200039c0 con 0x7f7f301080f0
2024-03-27T06:44:14.815 INFO:teuthology.orchestra.run.smithi027.stdout:/usr/bin/ceph: stderr
2024-03-27T06:44:13.846+0000 7f7f27e00700 1 -- 172.21.15.27:0/1038342050 <== mon.0 v2:172.21.15.27:3300/0 2 ==== config(26 keys) ==== 1071+0+0 (secure 0 0 0) 0x7f7f20003b60 con 0x7f7f301080f0
2024-03-27T06:44:14.815 INFO:teuthology.orchestra.run.smithi027.stdout:/usr/bin/ceph: stderr
2024-03-27T06:44:13.846+0000 7f7f35400700 1 -- 172.21.15.27:0/1038342050 --> [v2:172.21.15.27:3300/0,v1:172.21.15.27:6789/0] -- mon_subscribe({mgrmap=0+}) -- 0x7f7f3019e920 con 0x7f7f301080f0
2024-03-27T06:44:14.817 INFO:teuthology.orchestra.run.smithi027.stdout:/usr/bin/ceph: stderr
2024-03-27T06:44:13.846+0000 7f7f27e00700 1 -- 172.21.15.27:0/1038342050 <== mon.0 v2:172.21.15.27:3300/0 3 ==== mon_map magic: 0 ==== 205+0+0 (secure 0 0 0) 0x7f7f2001a6f0 con 0x7f7f301080f0
2024-03-27T06:44:14.817 INFO:teuthology.orchestra.run.smithi027.stdout:/usr/bin/ceph: stderr
2024-03-27T06:44:13.846+0000 7f7f35400700 1 -- 172.21.15.27:0/1038342050 --> [v2:172.21.15.27:3300/0,v1:172.21.15.27:6789/0] -- mon_subscribe({osdmap=0}) -- 0x7f7f301a1610 con 0x7f7f301080f0
2024-03-27T06:44:14.818 INFO:teuthology.orchestra.run.smithi027.stdout:/usr/bin/ceph: stderr
2024-03-27T06:44:13.847+0000 7f7f27e00700 1 -- 172.21.15.27:0/1038342050 <== mon.0 v2:172.21.15.27:3300/0 4 ==== mgrmap(e 8) ==== 46466+0+0 (secure 0 0 0) 0x7f7f20024a40 con 0x7f7f301080f0
2024-03-27T06:44:14.818 INFO:teuthology.orchestra.run.smithi027.stdout:/usr/bin/ceph: stderr
2024-03-27T06:44:13.847+0000 7f7f35400700 1 -- 172.21.15.27:0/1038342050 --> [v2:172.21.15.27:3300/0,v1:172.21.15.27:6789/0] -- mon_command({"prefix": "get_command_descriptions"} v 0) -- 0x7f7f30063c70 con 0x7f7f301080f0
2024-03-27T06:44:14.818 INFO:teuthology.orchestra.run.smithi027.stdout:/usr/bin/ceph: stderr
2024-03-27T06:44:13.847+0000 7f7f27e00700 1 --2- 172.21.15.27:0/1038342050 >> [v2:172.21.15.27:6800/2653385538,v1:172.21.15.27:6801/2653385538] conn(0x7f7f14039420 0x7f7f1403b8e0 unknown :-1 s=NONE pgs=0 cs=0 l=1 rev1=0 crypto rx=0 tx=0 comp rx=0 tx=0).connect
2024-03-27T06:44:14.818 INFO:teuthology.orchestra.run.smithi027.stdout:/usr/bin/ceph: stderr
2024-03-27T06:44:13.847+0000 7f7f27e00700 1 -- 172.21.15.27:0/1038342050 <== mon.0 v2:172.21.15.27:3300/0 5 ==== osd_map(2..2 src has 1..2) ==== 940+0+0 (secure 0 0 0) 0x7f7f2004d800 con 0x7f7f301080f0
2024-03-27T06:44:14.818 INFO:teuthology.orchestra.run.smithi027.stdout:/usr/bin/ceph: stderr
2024-03-27T06:44:13.848+0000 7f7f25e00700 1 --2- 172.21.15.27:0/1038342050 >> [v2:172.21.15.27:6800/2653385538,v1:172.21.15.27:6801/2653385538] conn(0x7f7f14039420 0x7f7f1403b8e0 unknown :-1 s=BANNER_CONNECTING pgs=0 cs=0 l=1 rev1=0 crypto rx=0 tx=0 comp rx=0 tx=0)._handle_peer_banner_payload supported=3 required=0
2024-03-27T06:44:14.818 INFO:teuthology.orchestra.run.smithi027.stdout:/usr/bin/ceph: stderr
2024-03-27T06:44:13.849+0000 7f7f25e00700 1 --2- 172.21.15.27:0/1038342050 >> [v2:172.21.15.27:6800/2653385538,v1:172.21.15.27:6801/2653385538] conn(0x7f7f14039420 0x7f7f1403b8e0 secure :-1 s=READY pgs=12 cs=0 l=1 rev1=1 crypto rx=0x7f7f18006fd0 tx=0x7f7f18006e40 comp rx=0 tx=0).ready entity=mgr.14120 client_cookie=0 server_cookie=0 in_seq=0 out_seq=0
2024-03-27T06:44:14.818 INFO:teuthology.orchestra.run.smithi027.stdout:/usr/bin/ceph: stderr
2024-03-27T06:44:13.853+0000 7f7f27e00700 1 -- 172.21.15.27:0/1038342050 <== mon.0 v2:172.21.15.27:3300/0 6 ==== mon_command_ack([{"prefix": "get_command_descriptions"}]=0 v0) ==== 72+0+187541 (secure 0 0 0) 0x7f7f2000f2e0 con 0x7f7f301080f0
2024-03-27T06:44:14.818 INFO:teuthology.orchestra.run.smithi027.stdout:/usr/bin/ceph: stderr
2024-03-27T06:44:14.101+0000 7f7f35400700 1 -- 172.21.15.27:0/1038342050 --> [v2:172.21.15.27:6800/2653385538,v1:172.21.15.27:6801/2653385538] -- mgr_command(tid 0: {"prefix": "orch apply", "service_type": "mon", "unmanaged": true, "target": ["mon-mgr", ""]}) -- 0x7f7f30104850 con 0x7f7f14039420
2024-03-27T06:44:14.818 INFO:teuthology.orchestra.run.smithi027.stdout:/usr/bin/ceph: stderr
2024-03-27T06:44:14.110+0000 7f7f27e00700 1 -- 172.21.15.27:0/1038342050 <== mgr.14120 v2:172.21.15.27:6800/2653385538 1 ==== mgr_command_reply(tid 0: 0 ) ==== 8+0+24 (secure 0 0 0) 0x7f7f30104850 con 0x7f7f14039420
2024-03-27T06:44:14.818 INFO:teuthology.orchestra.run.smithi027.stdout:/usr/bin/ceph: stderr
2024-03-27T06:44:14.112+0000 7f7f35400700 1 -- 172.21.15.27:0/1038342050 >> [v2:172.21.15.27:6800/2653385538,v1:172.21.15.27:6801/2653385538] conn(0x7f7f14039420 msgr2=0x7f7f1403b8e0 secure :-1 s=STATE_CONNECTION_ESTABLISHED l=1).mark_down
2024-03-27T06:44:14.818 INFO:teuthology.orchestra.run.smithi027.stdout:/usr/bin/ceph: stderr
2024-03-27T06:44:14.112+0000 7f7f35400700 1 --2- 172.21.15.27:0/1038342050 >> [v2:172.21.15.27:6800/2653385538,v1:172.21.15.27:6801/2653385538] conn(0x7f7f14039420 0x7f7f1403b8e0 secure :-1 s=READY pgs=12 cs=0 l=1 rev1=1 crypto rx=0x7f7f18006fd0 tx=0x7f7f18006e40 comp rx=0 tx=0).stop
2024-03-27T06:44:14.819 INFO:teuthology.orchestra.run.smithi027.stdout:/usr/bin/ceph: stderr
2024-03-27T06:44:14.112+0000 7f7f35400700 1 -- 172.21.15.27:0/1038342050 >> [v2:172.21.15.27:3300/0,v1:172.21.15.27:6789/0] conn(0x7f7f301080f0 msgr2=0x7f7f3019e150 secure :-1 s=STATE_CONNECTION_ESTABLISHED l=1).mark_down
2024-03-27T06:44:14.819 INFO:teuthology.orchestra.run.smithi027.stdout:/usr/bin/ceph: stderr
2024-03-27T06:44:14.112+0000 7f7f35400700 1 --2- 172.21.15.27:0/1038342050 >> [v2:172.21.15.27:3300/0,v1:172.21.15.27:6789/0] conn(0x7f7f301080f0 0x7f7f3019e150 secure :-1 s=READY pgs=48 cs=0 l=1 rev1=1 crypto rx=0x7f7f20000c00 tx=0x7f7f20004290 comp rx=0 tx=0).stop
2024-03-27T06:44:14.819 INFO:teuthology.orchestra.run.smithi027.stdout:/usr/bin/ceph: stderr
2024-03-27T06:44:14.112+0000 7f7f35400700 1 -- 172.21.15.27:0/1038342050 shutdown_connections
2024-03-27T06:44:14.819 INFO:teuthology.orchestra.run.smithi027.stdout:/usr/bin/ceph: stderr
2024-03-27T06:44:14.112+0000 7f7f35400700 1 --2- 172.21.15.27:0/1038342050 >> [v2:172.21.15.27:6800/2653385538,v1:172.21.15.27:6801/2653385538] conn(0x7f7f14039420 0x7f7f1403b8e0 unknown :-1 s=CLOSED pgs=12 cs=0 l=1 rev1=1 crypto rx=0 tx=0 comp rx=0 tx=0).stop
2024-03-27T06:44:14.819 INFO:teuthology.orchestra.run.smithi027.stdout:/usr/bin/ceph: stderr
2024-03-27T06:44:14.112+0000 7f7f35400700 1 --2- 172.21.15.27:0/1038342050 >> [v2:172.21.15.27:3300/0,v1:172.21.15.27:6789/0] conn(0x7f7f301080f0 0x7f7f3019e150 unknown :-1 s=CLOSED pgs=48 cs=0 l=1 rev1=1 crypto rx=0 tx=0 comp rx=0 tx=0).stop
2024-03-27T06:44:14.819 INFO:teuthology.orchestra.run.smithi027.stdout:/usr/bin/ceph: stderr
2024-03-27T06:44:14.112+0000 7f7f35400700 1 -- 172.21.15.27:0/1038342050 >> 172.21.15.27:0/1038342050 conn(0x7f7f30103690 msgr2=0x7f7f30104140 unknown :-1 s=STATE_NONE l=0).mark_down
2024-03-27T06:44:14.819 INFO:teuthology.orchestra.run.smithi027.stdout:/usr/bin/ceph: stderr
2024-03-27T06:44:14.113+0000 7f7f35400700 1 -- 172.21.15.27:0/1038342050 shutdown_connections
2024-03-27T06:44:14.819 INFO:teuthology.orchestra.run.smithi027.stdout:/usr/bin/ceph: stderr
2024-03-27T06:44:14.113+0000 7f7f35400700 1 -- 172.21.15.27:0/1038342050 wait complete.
2024-03-27T06:44:14.819 INFO:teuthology.orchestra.run.smithi027.stdout:Deploying unmanaged mgr service...
2024-03-27T06:44:15.353 INFO:journalctl@ceph.mon.a.smithi027.stdout:Mar 27 06:44:15 smithi027 ceph-mon[31662]: from='client.14142 -' entity='client.admin' cmd=[{"prefix": "orch apply", "service_type": "mon", "unmanaged": true, "target": ["mon-mgr", ""]}]: dispatch
2024-03-27T06:44:15.353 INFO:journalctl@ceph.mon.a.smithi027.stdout:Mar 27 06:44:15 smithi027 ceph-mon[31662]: Saving service mon spec with placement count:5
2024-03-27T06:44:15.353 INFO:journalctl@ceph.mon.a.smithi027.stdout:Mar 27 06:44:15 smithi027 ceph-mon[31662]: from='mgr.14120 172.21.15.27:0/3134884755' entity='mgr.x'
2024-03-27T06:44:17.715 INFO:journalctl@ceph.mon.a.smithi027.stdout:Mar 27 06:44:17 smithi027 ceph-mon[31662]: from='mgr.14120 172.21.15.27:0/3134884755' entity='mgr.x'
2024-03-27T06:44:17.715 INFO:journalctl@ceph.mon.a.smithi027.stdout:Mar 27 06:44:17 smithi027 ceph-mon[31662]: from='mgr.14120 172.21.15.27:0/3134884755' entity='mgr.x'
2024-03-27T06:44:17.715 INFO:journalctl@ceph.mon.a.smithi027.stdout:Mar 27 06:44:17 smithi027 ceph-mon[31662]: from='mgr.14120 172.21.15.27:0/3134884755' entity='mgr.x'
2024-03-27T06:44:17.783 INFO:teuthology.orchestra.run.smithi027.stdout:/usr/bin/ceph: stdout Scheduled mgr update...
2024-03-27T06:44:17.783 INFO:teuthology.orchestra.run.smithi027.stdout:/usr/bin/ceph: stderr
2024-03-27T06:44:16.710+0000 7f1aa7600700 1 Processor -- start
2024-03-27T06:44:17.783 INFO:teuthology.orchestra.run.smithi027.stdout:/usr/bin/ceph: stderr
2024-03-27T06:44:16.710+0000 7f1aa7600700 1 -- start start
2024-03-27T06:44:17.783 INFO:teuthology.orchestra.run.smithi027.stdout:/usr/bin/ceph: stderr
2024-03-27T06:44:16.711+0000 7f1aa7600700 1 --2- >> [v2:172.21.15.27:3300/0,v1:172.21.15.27:6789/0] conn(0x7f1aa01085e0 0x7f1aa0108a00 unknown :-1 s=NONE pgs=0 cs=0 l=0 rev1=0 crypto rx=0 tx=0 comp rx=0 tx=0).connect
2024-03-27T06:44:17.783 INFO:teuthology.orchestra.run.smithi027.stdout:/usr/bin/ceph: stderr
2024-03-27T06:44:16.711+0000 7f1aa7600700 1 -- --> [v2:172.21.15.27:3300/0,v1:172.21.15.27:6789/0] -- mon_getmap magic: 0 -- 0x7f1aa0108fd0 con 0x7f1aa01085e0
2024-03-27T06:44:17.783 INFO:teuthology.orchestra.run.smithi027.stdout:/usr/bin/ceph: stderr
2024-03-27T06:44:16.712+0000 7f1aa4c00700 1 --2- >> [v2:172.21.15.27:3300/0,v1:172.21.15.27:6789/0] conn(0x7f1aa01085e0 0x7f1aa0108a00 unknown :-1 s=BANNER_CONNECTING pgs=0 cs=0 l=0 rev1=0 crypto rx=0 tx=0 comp rx=0 tx=0)._handle_peer_banner_payload supported=3 required=0
2024-03-27T06:44:17.783 INFO:teuthology.orchestra.run.smithi027.stdout:/usr/bin/ceph: stderr
2024-03-27T06:44:16.712+0000 7f1aa4c00700 1 --2- >> [v2:172.21.15.27:3300/0,v1:172.21.15.27:6789/0] conn(0x7f1aa01085e0 0x7f1aa0108a00 unknown :-1 s=HELLO_CONNECTING pgs=0 cs=0 l=0 rev1=1 crypto rx=0 tx=0 comp rx=0 tx=0).handle_hello peer v2:172.21.15.27:3300/0 says I am v2:172.21.15.27:55806/0 (socket says 172.21.15.27:55806)
2024-03-27T06:44:17.784 INFO:teuthology.orchestra.run.smithi027.stdout:/usr/bin/ceph: stderr
2024-03-27T06:44:16.712+0000 7f1aa4c00700 1 -- 172.21.15.27:0/4255115612 learned_addr learned my addr 172.21.15.27:0/4255115612 (peer_addr_for_me v2:172.21.15.27:0/0)
2024-03-27T06:44:17.784 INFO:teuthology.orchestra.run.smithi027.stdout:/usr/bin/ceph: stderr
2024-03-27T06:44:16.712+0000 7f1aa4c00700 1 -- 172.21.15.27:0/4255115612 --> [v2:172.21.15.27:3300/0,v1:172.21.15.27:6789/0] -- mon_subscribe({config=0+,monmap=0+}) -- 0x7f1aa0109150 con 0x7f1aa01085e0
2024-03-27T06:44:17.784 INFO:teuthology.orchestra.run.smithi027.stdout:/usr/bin/ceph: stderr
2024-03-27T06:44:16.713+0000 7f1aa4c00700 1 --2- 172.21.15.27:0/4255115612 >> [v2:172.21.15.27:3300/0,v1:172.21.15.27:6789/0] conn(0x7f1aa01085e0 0x7f1aa0108a00 secure :-1 s=READY pgs=49 cs=0 l=1 rev1=1 crypto rx=0x7f1a940098a0 tx=0x7f1a94009bb0 comp rx=0 tx=0).ready entity=mon.0 client_cookie=ad177064874ca94a server_cookie=0 in_seq=0 out_seq=0
2024-03-27T06:44:17.784 INFO:teuthology.orchestra.run.smithi027.stdout:/usr/bin/ceph: stderr
2024-03-27T06:44:16.713+0000 7f1a9f400700 1 -- 172.21.15.27:0/4255115612 <== mon.0 v2:172.21.15.27:3300/0 1 ==== mon_map magic: 0 ==== 205+0+0 (secure 0 0 0) 0x7f1a94004160 con 0x7f1aa01085e0
2024-03-27T06:44:17.784 INFO:teuthology.orchestra.run.smithi027.stdout:/usr/bin/ceph: stderr
2024-03-27T06:44:16.713+0000 7f1a9f400700 1 -- 172.21.15.27:0/4255115612 <== mon.0 v2:172.21.15.27:3300/0 2 ==== config(26 keys) ==== 1102+0+0 (secure 0 0 0) 0x7f1a94004300 con 0x7f1aa01085e0
2024-03-27T06:44:17.784 INFO:teuthology.orchestra.run.smithi027.stdout:/usr/bin/ceph: stderr
2024-03-27T06:44:16.713+0000 7f1a9f400700 1 -- 172.21.15.27:0/4255115612 <== mon.0 v2:172.21.15.27:3300/0 3 ==== mon_map magic: 0 ==== 205+0+0 (secure 0 0 0) 0x7f1a94011a50 con 0x7f1aa01085e0
2024-03-27T06:44:17.784 INFO:teuthology.orchestra.run.smithi027.stdout:/usr/bin/ceph: stderr
2024-03-27T06:44:16.714+0000 7f1aa7600700 1 -- 172.21.15.27:0/4255115612 >> [v2:172.21.15.27:3300/0,v1:172.21.15.27:6789/0] conn(0x7f1aa01085e0 msgr2=0x7f1aa0108a00 secure :-1 s=STATE_CONNECTION_ESTABLISHED l=1).mark_down
2024-03-27T06:44:17.784 INFO:teuthology.orchestra.run.smithi027.stdout:/usr/bin/ceph: stderr
2024-03-27T06:44:16.714+0000 7f1aa7600700 1 --2- 172.21.15.27:0/4255115612 >> [v2:172.21.15.27:3300/0,v1:172.21.15.27:6789/0] conn(0x7f1aa01085e0 0x7f1aa0108a00 secure :-1 s=READY pgs=49 cs=0 l=1 rev1=1 crypto rx=0x7f1a940098a0 tx=0x7f1a94009bb0 comp rx=0 tx=0).stop
2024-03-27T06:44:17.784 INFO:teuthology.orchestra.run.smithi027.stdout:/usr/bin/ceph: stderr
2024-03-27T06:44:16.714+0000 7f1aa7600700 1 -- 172.21.15.27:0/4255115612 shutdown_connections
2024-03-27T06:44:17.784 INFO:teuthology.orchestra.run.smithi027.stdout:/usr/bin/ceph: stderr
2024-03-27T06:44:16.714+0000 7f1aa7600700 1 --2- 172.21.15.27:0/4255115612 >> [v2:172.21.15.27:3300/0,v1:172.21.15.27:6789/0] conn(0x7f1aa01085e0 0x7f1aa0108a00 unknown :-1 s=CLOSED pgs=49 cs=0 l=1 rev1=1 crypto rx=0 tx=0 comp rx=0 tx=0).stop
2024-03-27T06:44:17.784 INFO:teuthology.orchestra.run.smithi027.stdout:/usr/bin/ceph: stderr
2024-03-27T06:44:16.714+0000 7f1aa7600700 1 -- 172.21.15.27:0/4255115612 >> 172.21.15.27:0/4255115612 conn(0x7f1aa0101d50 msgr2=0x7f1aa0104170 unknown :-1 s=STATE_NONE l=0).mark_down
2024-03-27T06:44:17.784 INFO:teuthology.orchestra.run.smithi027.stdout:/usr/bin/ceph: stderr
2024-03-27T06:44:16.714+0000 7f1aa7600700 1 -- 172.21.15.27:0/4255115612 shutdown_connections
2024-03-27T06:44:17.784 INFO:teuthology.orchestra.run.smithi027.stdout:/usr/bin/ceph: stderr
2024-03-27T06:44:16.714+0000 7f1aa7600700 1 -- 172.21.15.27:0/4255115612 wait complete.
2024-03-27T06:44:17.785 INFO:teuthology.orchestra.run.smithi027.stdout:/usr/bin/ceph: stderr
2024-03-27T06:44:16.715+0000 7f1aa7600700 1 Processor -- start
2024-03-27T06:44:17.785 INFO:teuthology.orchestra.run.smithi027.stdout:/usr/bin/ceph: stderr
2024-03-27T06:44:16.716+0000 7f1aa7600700 1 -- start start
2024-03-27T06:44:17.785 INFO:teuthology.orchestra.run.smithi027.stdout:/usr/bin/ceph: stderr
2024-03-27T06:44:16.716+0000 7f1aa7600700 1 --2- >> [v2:172.21.15.27:3300/0,v1:172.21.15.27:6789/0] conn(0x7f1aa01085e0 0x7f1aa019e040 unknown :-1 s=NONE pgs=0 cs=0 l=1 rev1=0 crypto rx=0 tx=0 comp rx=0 tx=0).connect
2024-03-27T06:44:17.785 INFO:teuthology.orchestra.run.smithi027.stdout:/usr/bin/ceph: stderr
2024-03-27T06:44:16.716+0000 7f1aa7600700 1 -- --> [v2:172.21.15.27:3300/0,v1:172.21.15.27:6789/0] -- mon_getmap magic: 0 -- 0x7f1aa0106fa0 con 0x7f1aa01085e0
2024-03-27T06:44:17.785 INFO:teuthology.orchestra.run.smithi027.stdout:/usr/bin/ceph: stderr
2024-03-27T06:44:16.716+0000 7f1aa4c00700 1 --2- >> [v2:172.21.15.27:3300/0,v1:172.21.15.27:6789/0] conn(0x7f1aa01085e0 0x7f1aa019e040 unknown :-1 s=BANNER_CONNECTING pgs=0 cs=0 l=1 rev1=0 crypto rx=0 tx=0 comp rx=0 tx=0)._handle_peer_banner_payload supported=3 required=0
2024-03-27T06:44:17.785 INFO:teuthology.orchestra.run.smithi027.stdout:/usr/bin/ceph: stderr
2024-03-27T06:44:16.716+0000 7f1aa4c00700 1 --2- >> [v2:172.21.15.27:3300/0,v1:172.21.15.27:6789/0] conn(0x7f1aa01085e0 0x7f1aa019e040 unknown :-1 s=HELLO_CONNECTING pgs=0 cs=0 l=1 rev1=1 crypto rx=0 tx=0 comp rx=0 tx=0).handle_hello peer v2:172.21.15.27:3300/0 says I am v2:172.21.15.27:55812/0 (socket says 172.21.15.27:55812)
2024-03-27T06:44:17.785 INFO:teuthology.orchestra.run.smithi027.stdout:/usr/bin/ceph: stderr
2024-03-27T06:44:16.716+0000 7f1aa4c00700 1 -- 172.21.15.27:0/3684137118 learned_addr learned my addr 172.21.15.27:0/3684137118 (peer_addr_for_me v2:172.21.15.27:0/0)
2024-03-27T06:44:17.785 INFO:teuthology.orchestra.run.smithi027.stdout:/usr/bin/ceph: stderr
2024-03-27T06:44:16.717+0000 7f1aa4c00700 1 -- 172.21.15.27:0/3684137118 --> [v2:172.21.15.27:3300/0,v1:172.21.15.27:6789/0] -- mon_subscribe({config=0+,monmap=0+}) -- 0x7f1aa019e580 con 0x7f1aa01085e0
2024-03-27T06:44:17.785 INFO:teuthology.orchestra.run.smithi027.stdout:/usr/bin/ceph: stderr
2024-03-27T06:44:16.717+0000 7f1aa4c00700 1 --2- 172.21.15.27:0/3684137118 >> [v2:172.21.15.27:3300/0,v1:172.21.15.27:6789/0] conn(0x7f1aa01085e0 0x7f1aa019e040 secure :-1 s=READY pgs=50 cs=0 l=1 rev1=1 crypto rx=0x7f1a94011a20 tx=0x7f1a94011b00 comp rx=0 tx=0).ready entity=mon.0 client_cookie=0 server_cookie=0 in_seq=0 out_seq=0
2024-03-27T06:44:17.785 INFO:teuthology.orchestra.run.smithi027.stdout:/usr/bin/ceph: stderr
2024-03-27T06:44:16.717+0000 7f1a9d600700 1 -- 172.21.15.27:0/3684137118 <== mon.0 v2:172.21.15.27:3300/0 1 ==== mon_map magic: 0 ==== 205+0+0 (secure 0 0 0) 0x7f1a94003af0 con 0x7f1aa01085e0
2024-03-27T06:44:17.786 INFO:teuthology.orchestra.run.smithi027.stdout:/usr/bin/ceph: stderr
2024-03-27T06:44:16.717+0000 7f1a9d600700 1 -- 172.21.15.27:0/3684137118 <== mon.0 v2:172.21.15.27:3300/0 2 ==== config(26 keys) ==== 1102+0+0 (secure 0 0 0) 0x7f1a9401a8e0 con 0x7f1aa01085e0
2024-03-27T06:44:17.786 INFO:teuthology.orchestra.run.smithi027.stdout:/usr/bin/ceph: stderr
2024-03-27T06:44:16.717+0000 7f1a9d600700 1 -- 172.21.15.27:0/3684137118 <== mon.0 v2:172.21.15.27:3300/0 3 ==== mon_map magic: 0 ==== 205+0+0 (secure 0 0 0) 0x7f1a94024860 con 0x7f1aa01085e0
2024-03-27T06:44:17.786 INFO:teuthology.orchestra.run.smithi027.stdout:/usr/bin/ceph: stderr
2024-03-27T06:44:16.717+0000 7f1aa7600700 1 -- 172.21.15.27:0/3684137118 --> [v2:172.21.15.27:3300/0,v1:172.21.15.27:6789/0] -- mon_subscribe({mgrmap=0+}) -- 0x7f1aa019e870 con 0x7f1aa01085e0
2024-03-27T06:44:17.786 INFO:teuthology.orchestra.run.smithi027.stdout:/usr/bin/ceph: stderr
2024-03-27T06:44:16.718+0000 7f1aa7600700 1 -- 172.21.15.27:0/3684137118 --> [v2:172.21.15.27:3300/0,v1:172.21.15.27:6789/0] -- mon_subscribe({osdmap=0}) -- 0x7f1aa01a1500 con 0x7f1aa01085e0
2024-03-27T06:44:17.786 INFO:teuthology.orchestra.run.smithi027.stdout:/usr/bin/ceph: stderr
2024-03-27T06:44:16.719+0000 7f1aa7600700 1 -- 172.21.15.27:0/3684137118 --> [v2:172.21.15.27:3300/0,v1:172.21.15.27:6789/0] -- mon_command({"prefix": "get_command_descriptions"} v 0) -- 0x7f1aa0063c70 con 0x7f1aa01085e0
2024-03-27T06:44:17.786 INFO:teuthology.orchestra.run.smithi027.stdout:/usr/bin/ceph: stderr
2024-03-27T06:44:16.719+0000 7f1a9d600700 1 -- 172.21.15.27:0/3684137118 <== mon.0 v2:172.21.15.27:3300/0 4 ==== mgrmap(e 8) ==== 46466+0+0 (secure 0 0 0) 0x7f1a94022020 con 0x7f1aa01085e0
2024-03-27T06:44:17.786 INFO:teuthology.orchestra.run.smithi027.stdout:/usr/bin/ceph: stderr
2024-03-27T06:44:16.719+0000 7f1a9d600700 1 --2- 172.21.15.27:0/3684137118 >> [v2:172.21.15.27:6800/2653385538,v1:172.21.15.27:6801/2653385538] conn(0x7f1a88039420 0x7f1a8803b8e0 unknown :-1 s=NONE pgs=0 cs=0 l=1 rev1=0 crypto rx=0 tx=0 comp rx=0 tx=0).connect
2024-03-27T06:44:17.786 INFO:teuthology.orchestra.run.smithi027.stdout:/usr/bin/ceph: stderr
2024-03-27T06:44:16.719+0000 7f1a9d600700 1 -- 172.21.15.27:0/3684137118 <== mon.0 v2:172.21.15.27:3300/0 5 ==== osd_map(2..2 src has 1..2) ==== 940+0+0 (secure 0 0 0) 0x7f1a9404d8b0 con 0x7f1aa01085e0
2024-03-27T06:44:17.786 INFO:teuthology.orchestra.run.smithi027.stdout:/usr/bin/ceph: stderr
2024-03-27T06:44:16.720+0000 7f1a9fe00700 1 --2- 172.21.15.27:0/3684137118 >> [v2:172.21.15.27:6800/2653385538,v1:172.21.15.27:6801/2653385538] conn(0x7f1a88039420 0x7f1a8803b8e0 unknown :-1 s=BANNER_CONNECTING pgs=0 cs=0 l=1 rev1=0 crypto rx=0 tx=0 comp rx=0 tx=0)._handle_peer_banner_payload supported=3 required=0
2024-03-27T06:44:17.786 INFO:teuthology.orchestra.run.smithi027.stdout:/usr/bin/ceph: stderr
2024-03-27T06:44:16.720+0000 7f1a9fe00700 1 --2- 172.21.15.27:0/3684137118 >> [v2:172.21.15.27:6800/2653385538,v1:172.21.15.27:6801/2653385538] conn(0x7f1a88039420 0x7f1a8803b8e0 secure :-1 s=READY pgs=13 cs=0 l=1 rev1=1 crypto rx=0x7f1a8c006fd0 tx=0x7f1a8c006e40 comp rx=0 tx=0).ready entity=mgr.14120 client_cookie=0 server_cookie=0 in_seq=0 out_seq=0
2024-03-27T06:44:17.786 INFO:teuthology.orchestra.run.smithi027.stdout:/usr/bin/ceph: stderr
2024-03-27T06:44:16.730+0000 7f1a9d600700 1 -- 172.21.15.27:0/3684137118 <== mon.0 v2:172.21.15.27:3300/0 6 ==== mon_command_ack([{"prefix": "get_command_descriptions"}]=0 v0) ==== 72+0+187541 (secure 0 0 0) 0x7f1a940212c0 con 0x7f1aa01085e0
2024-03-27T06:44:17.786 INFO:teuthology.orchestra.run.smithi027.stdout:/usr/bin/ceph: stderr
2024-03-27T06:44:16.976+0000 7f1aa7600700 1 -- 172.21.15.27:0/3684137118 --> [v2:172.21.15.27:6800/2653385538,v1:172.21.15.27:6801/2653385538] -- mgr_command(tid 0: {"prefix": "orch apply", "service_type": "mgr", "unmanaged": true, "target": ["mon-mgr", ""]}) -- 0x7f1aa0062a80 con 0x7f1a88039420
2024-03-27T06:44:17.786 INFO:teuthology.orchestra.run.smithi027.stdout:/usr/bin/ceph: stderr
2024-03-27T06:44:16.981+0000 7f1a9d600700 1 -- 172.21.15.27:0/3684137118 <== mgr.14120 v2:172.21.15.27:6800/2653385538 1 ==== mgr_command_reply(tid 0: 0 ) ==== 8+0+24 (secure 0 0 0) 0x7f1aa0062a80 con 0x7f1a88039420
2024-03-27T06:44:17.787 INFO:teuthology.orchestra.run.smithi027.stdout:/usr/bin/ceph: stderr
2024-03-27T06:44:16.984+0000 7f1aa7600700 1 -- 172.21.15.27:0/3684137118 >> [v2:172.21.15.27:6800/2653385538,v1:172.21.15.27:6801/2653385538] conn(0x7f1a88039420 msgr2=0x7f1a8803b8e0 secure :-1 s=STATE_CONNECTION_ESTABLISHED l=1).mark_down
2024-03-27T06:44:17.787 INFO:teuthology.orchestra.run.smithi027.stdout:/usr/bin/ceph: stderr
2024-03-27T06:44:16.984+0000 7f1aa7600700 1 --2- 172.21.15.27:0/3684137118 >> [v2:172.21.15.27:6800/2653385538,v1:172.21.15.27:6801/2653385538] conn(0x7f1a88039420 0x7f1a8803b8e0 secure :-1 s=READY pgs=13 cs=0 l=1 rev1=1 crypto rx=0x7f1a8c006fd0 tx=0x7f1a8c006e40 comp rx=0 tx=0).stop
2024-03-27T06:44:17.787 INFO:teuthology.orchestra.run.smithi027.stdout:/usr/bin/ceph: stderr
2024-03-27T06:44:16.984+0000 7f1aa7600700 1 -- 172.21.15.27:0/3684137118 >> [v2:172.21.15.27:3300/0,v1:172.21.15.27:6789/0] conn(0x7f1aa01085e0 msgr2=0x7f1aa019e040 secure :-1 s=STATE_CONNECTION_ESTABLISHED l=1).mark_down
2024-03-27T06:44:17.787 INFO:teuthology.orchestra.run.smithi027.stdout:/usr/bin/ceph: stderr
2024-03-27T06:44:16.984+0000 7f1aa7600700 1 --2- 172.21.15.27:0/3684137118 >> [v2:172.21.15.27:3300/0,v1:172.21.15.27:6789/0] conn(0x7f1aa01085e0 0x7f1aa019e040 secure :-1 s=READY pgs=50 cs=0 l=1 rev1=1 crypto rx=0x7f1a94011a20 tx=0x7f1a94011b00 comp rx=0 tx=0).stop
2024-03-27T06:44:17.787 INFO:teuthology.orchestra.run.smithi027.stdout:/usr/bin/ceph: stderr
2024-03-27T06:44:16.984+0000 7f1aa7600700 1 -- 172.21.15.27:0/3684137118 shutdown_connections
2024-03-27T06:44:17.787 INFO:teuthology.orchestra.run.smithi027.stdout:/usr/bin/ceph: stderr
2024-03-27T06:44:16.984+0000 7f1aa7600700 1 --2- 172.21.15.27:0/3684137118 >> [v2:172.21.15.27:6800/2653385538,v1:172.21.15.27:6801/2653385538] conn(0x7f1a88039420 0x7f1a8803b8e0 unknown :-1 s=CLOSED pgs=13 cs=0 l=1 rev1=1 crypto rx=0 tx=0 comp rx=0 tx=0).stop
2024-03-27T06:44:17.787 INFO:teuthology.orchestra.run.smithi027.stdout:/usr/bin/ceph: stderr
2024-03-27T06:44:16.984+0000 7f1aa7600700 1 --2- 172.21.15.27:0/3684137118 >> [v2:172.21.15.27:3300/0,v1:172.21.15.27:6789/0] conn(0x7f1aa01085e0 0x7f1aa019e040 unknown :-1 s=CLOSED pgs=50 cs=0 l=1 rev1=1 crypto rx=0 tx=0 comp rx=0 tx=0).stop
2024-03-27T06:44:17.787 INFO:teuthology.orchestra.run.smithi027.stdout:/usr/bin/ceph: stderr
2024-03-27T06:44:16.984+0000 7f1aa7600700 1 -- 172.21.15.27:0/3684137118 >> 172.21.15.27:0/3684137118 conn(0x7f1aa0101d50 msgr2=0x7f1aa0194680 unknown :-1 s=STATE_NONE l=0).mark_down
2024-03-27T06:44:17.787 INFO:teuthology.orchestra.run.smithi027.stdout:/usr/bin/ceph: stderr
2024-03-27T06:44:16.984+0000 7f1aa7600700 1 -- 172.21.15.27:0/3684137118 shutdown_connections
2024-03-27T06:44:17.787 INFO:teuthology.orchestra.run.smithi027.stdout:/usr/bin/ceph: stderr
2024-03-27T06:44:16.984+0000 7f1aa7600700 1 -- 172.21.15.27:0/3684137118 wait complete.
2024-03-27T06:44:18.345 INFO:journalctl@ceph.mon.a.smithi027.stdout:Mar 27 06:44:18 smithi027 ceph-mon[31662]: pgmap v3: 0 pgs: ; 0 B data, 0 B used, 0 B / 0 B avail
2024-03-27T06:44:18.345 INFO:journalctl@ceph.mon.a.smithi027.stdout:Mar 27 06:44:18 smithi027 ceph-mon[31662]: from='client.14144 -' entity='client.admin' cmd=[{"prefix": "orch apply", "service_type": "mgr", "unmanaged": true, "target": ["mon-mgr", ""]}]: dispatch
2024-03-27T06:44:18.346 INFO:journalctl@ceph.mon.a.smithi027.stdout:Mar 27 06:44:18 smithi027 ceph-mon[31662]: Saving service mgr spec with placement count:2
