2024-03-27T06:44:35.397+0000 7f9295e00700 1 --2- >> [v2:172.21.15.27:3300/0,v1:172.21.15.27:6789/0] conn(0x7f9298108b90 0x7f929810af80 unknown :-1 s=HELLO_CONNECTING pgs=0 cs=0 l=0 rev1=1 crypto rx=0 tx=0 comp rx=0 tx=0).handle_hello peer v2:172.21.15.27:3300/0 says I am v2:172.21.15.27:34670/0 (socket says 172.21.15.27:34670)
2024-03-27T06:44:36.471 INFO:teuthology.orchestra.run.smithi027.stdout:/usr/bin/ceph: stderr
2024-03-27T06:44:35.397+0000 7f9295e00700 1 -- 172.21.15.27:0/1392327892 learned_addr learned my addr 172.21.15.27:0/1392327892 (peer_addr_for_me v2:172.21.15.27:0/0)
2024-03-27T06:44:36.472 INFO:teuthology.orchestra.run.smithi027.stdout:/usr/bin/ceph: stderr
2024-03-27T06:44:35.397+0000 7f9295e00700 1 -- 172.21.15.27:0/1392327892 --> [v2:172.21.15.27:3300/0,v1:172.21.15.27:6789/0] -- mon_subscribe({config=0+,monmap=0+}) -- 0x7f929810b4c0 con 0x7f9298108b90
2024-03-27T06:44:36.472 INFO:teuthology.orchestra.run.smithi027.stdout:/usr/bin/ceph: stderr
2024-03-27T06:44:35.398+0000 7f9295e00700 1 --2- 172.21.15.27:0/1392327892 >> [v2:172.21.15.27:3300/0,v1:172.21.15.27:6789/0] conn(0x7f9298108b90 0x7f929810af80 secure :-1 s=READY pgs=70 cs=0 l=1 rev1=1 crypto rx=0x7f92880098a0 tx=0x7f9288009bb0 comp rx=0 tx=0).ready entity=mon.0 client_cookie=64630cc3b42b6a3a server_cookie=0 in_seq=0 out_seq=0
2024-03-27T06:44:36.472 INFO:teuthology.orchestra.run.smithi027.stdout:/usr/bin/ceph: stderr
2024-03-27T06:44:35.398+0000 7f9295400700 1 -- 172.21.15.27:0/1392327892 <== mon.0 v2:172.21.15.27:3300/0 1 ==== mon_map magic: 0 ==== 205+0+0 (secure 0 0 0) 0x7f9288004160 con 0x7f9298108b90
2024-03-27T06:44:36.472 INFO:teuthology.orchestra.run.smithi027.stdout:/usr/bin/ceph: stderr
2024-03-27T06:44:35.398+0000 7f9295400700 1 -- 172.21.15.27:0/1392327892 <== mon.0 v2:172.21.15.27:3300/0 2 ==== config(26 keys) ==== 1102+0+0 (secure 0 0 0) 0x7f9288004300 con 0x7f9298108b90
2024-03-27T06:44:36.472 INFO:teuthology.orchestra.run.smithi027.stdout:/usr/bin/ceph: stderr
2024-03-27T06:44:35.398+0000 7f9295400700 1 -- 172.21.15.27:0/1392327892 <== mon.0 v2:172.21.15.27:3300/0 3 ==== mon_map magic: 0 ==== 205+0+0 (secure 0 0 0) 0x7f9288011a50 con 0x7f9298108b90
2024-03-27T06:44:36.472 INFO:teuthology.orchestra.run.smithi027.stdout:/usr/bin/ceph: stderr
2024-03-27T06:44:35.399+0000 7f929d000700 1 -- 172.21.15.27:0/1392327892 >> [v2:172.21.15.27:3300/0,v1:172.21.15.27:6789/0] conn(0x7f9298108b90 msgr2=0x7f929810af80 secure :-1 s=STATE_CONNECTION_ESTABLISHED l=1).mark_down
2024-03-27T06:44:36.472 INFO:teuthology.orchestra.run.smithi027.stdout:/usr/bin/ceph: stderr
2024-03-27T06:44:35.399+0000 7f929d000700 1 --2- 172.21.15.27:0/1392327892 >> [v2:172.21.15.27:3300/0,v1:172.21.15.27:6789/0] conn(0x7f9298108b90 0x7f929810af80 secure :-1 s=READY pgs=70 cs=0 l=1 rev1=1 crypto rx=0x7f92880098a0 tx=0x7f9288009bb0 comp rx=0 tx=0).stop
2024-03-27T06:44:36.472 INFO:teuthology.orchestra.run.smithi027.stdout:/usr/bin/ceph: stderr
2024-03-27T06:44:35.399+0000 7f929d000700 1 -- 172.21.15.27:0/1392327892 shutdown_connections
2024-03-27T06:44:36.472 INFO:teuthology.orchestra.run.smithi027.stdout:/usr/bin/ceph: stderr
2024-03-27T06:44:35.399+0000 7f929d000700 1 --2- 172.21.15.27:0/1392327892 >> [v2:172.21.15.27:3300/0,v1:172.21.15.27:6789/0] conn(0x7f9298108b90 0x7f929810af80 unknown :-1 s=CLOSED pgs=70 cs=0 l=1 rev1=1 crypto rx=0 tx=0 comp rx=0 tx=0).stop
2024-03-27T06:44:36.472 INFO:teuthology.orchestra.run.smithi027.stdout:/usr/bin/ceph: stderr
2024-03-27T06:44:35.399+0000 7f929d000700 1 -- 172.21.15.27:0/1392327892 >> 172.21.15.27:0/1392327892 conn(0x7f9298102540 msgr2=0x7f9298104980 unknown :-1 s=STATE_NONE l=0).mark_down
2024-03-27T06:44:36.472 INFO:teuthology.orchestra.run.smithi027.stdout:/usr/bin/ceph: stderr
2024-03-27T06:44:35.399+0000 7f929d000700 1 -- 172.21.15.27:0/1392327892 shutdown_connections
2024-03-27T06:44:36.472 INFO:teuthology.orchestra.run.smithi027.stdout:/usr/bin/ceph: stderr
2024-03-27T06:44:35.399+0000 7f929d000700 1 -- 172.21.15.27:0/1392327892 wait complete.
2024-03-27T06:44:36.472 INFO:teuthology.orchestra.run.smithi027.stdout:/usr/bin/ceph: stderr
2024-03-27T06:44:35.400+0000 7f929d000700 1 Processor -- start
2024-03-27T06:44:36.476 INFO:teuthology.orchestra.run.smithi027.stdout:/usr/bin/ceph: stderr
2024-03-27T06:44:35.401+0000 7f929d000700 1 -- start start
2024-03-27T06:44:36.476 INFO:teuthology.orchestra.run.smithi027.stdout:/usr/bin/ceph: stderr
2024-03-27T06:44:35.401+0000 7f929d000700 1 --2- >> [v2:172.21.15.27:3300/0,v1:172.21.15.27:6789/0] conn(0x7f9298108b90 0x7f929819e160 unknown :-1 s=NONE pgs=0 cs=0 l=1 rev1=0 crypto rx=0 tx=0 comp rx=0 tx=0).connect
2024-03-27T06:44:36.476 INFO:teuthology.orchestra.run.smithi027.stdout:/usr/bin/ceph: stderr
2024-03-27T06:44:35.401+0000 7f929d000700 1 -- --> [v2:172.21.15.27:3300/0,v1:172.21.15.27:6789/0] -- mon_getmap magic: 0 -- 0x7f929810c460 con 0x7f9298108b90
2024-03-27T06:44:36.476 INFO:teuthology.orchestra.run.smithi027.stdout:/usr/bin/ceph: stderr
2024-03-27T06:44:35.401+0000 7f9295e00700 1 --2- >> [v2:172.21.15.27:3300/0,v1:172.21.15.27:6789/0] conn(0x7f9298108b90 0x7f929819e160 unknown :-1 s=BANNER_CONNECTING pgs=0 cs=0 l=1 rev1=0 crypto rx=0 tx=0 comp rx=0 tx=0)._handle_peer_banner_payload supported=3 required=0
2024-03-27T06:44:36.476 INFO:teuthology.orchestra.run.smithi027.stdout:/usr/bin/ceph: stderr
2024-03-27T06:44:35.401+0000 7f9295e00700 1 --2- >> [v2:172.21.15.27:3300/0,v1:172.21.15.27:6789/0] conn(0x7f9298108b90 0x7f929819e160 unknown :-1 s=HELLO_CONNECTING pgs=0 cs=0 l=1 rev1=1 crypto rx=0 tx=0 comp rx=0 tx=0).handle_hello peer v2:172.21.15.27:3300/0 says I am v2:172.21.15.27:34682/0 (socket says 172.21.15.27:34682)
2024-03-27T06:44:36.476 INFO:teuthology.orchestra.run.smithi027.stdout:/usr/bin/ceph: stderr
2024-03-27T06:44:35.401+0000 7f9295e00700 1 -- 172.21.15.27:0/4084856416 learned_addr learned my addr 172.21.15.27:0/4084856416 (peer_addr_for_me v2:172.21.15.27:0/0)
2024-03-27T06:44:36.476 INFO:teuthology.orchestra.run.smithi027.stdout:/usr/bin/ceph: stderr
2024-03-27T06:44:35.402+0000 7f9295e00700 1 -- 172.21.15.27:0/4084856416 --> [v2:172.21.15.27:3300/0,v1:172.21.15.27:6789/0] -- mon_subscribe({config=0+,monmap=0+}) -- 0x7f929819e6a0 con 0x7f9298108b90
2024-03-27T06:44:36.477 INFO:teuthology.orchestra.run.smithi027.stdout:/usr/bin/ceph: stderr
2024-03-27T06:44:35.402+0000 7f9295e00700 1 --2- 172.21.15.27:0/4084856416 >> [v2:172.21.15.27:3300/0,v1:172.21.15.27:6789/0] conn(0x7f9298108b90 0x7f929819e160 secure :-1 s=READY pgs=71 cs=0 l=1 rev1=1 crypto rx=0x7f9288011a00 tx=0x7f9288011ae0 comp rx=0 tx=0).ready entity=mon.0 client_cookie=0 server_cookie=0 in_seq=0 out_seq=0
2024-03-27T06:44:36.477 INFO:teuthology.orchestra.run.smithi027.stdout:/usr/bin/ceph: stderr
2024-03-27T06:44:35.402+0000 7f928ea00700 1 -- 172.21.15.27:0/4084856416 <== mon.0 v2:172.21.15.27:3300/0 1 ==== mon_map magic: 0 ==== 205+0+0 (secure 0 0 0) 0x7f9288003af0 con 0x7f9298108b90
2024-03-27T06:44:36.477 INFO:teuthology.orchestra.run.smithi027.stdout:/usr/bin/ceph: stderr
2024-03-27T06:44:35.402+0000 7f928ea00700 1 -- 172.21.15.27:0/4084856416 <== mon.0 v2:172.21.15.27:3300/0 2 ==== config(26 keys) ==== 1102+0+0 (secure 0 0 0) 0x7f928801a8e0 con 0x7f9298108b90
2024-03-27T06:44:36.477 INFO:teuthology.orchestra.run.smithi027.stdout:/usr/bin/ceph: stderr
2024-03-27T06:44:35.403+0000 7f928ea00700 1 -- 172.21.15.27:0/4084856416 <== mon.0 v2:172.21.15.27:3300/0 3 ==== mon_map magic: 0 ==== 205+0+0 (secure 0 0 0) 0x7f9288024840 con 0x7f9298108b90
2024-03-27T06:44:36.477 INFO:teuthology.orchestra.run.smithi027.stdout:/usr/bin/ceph: stderr
2024-03-27T06:44:35.403+0000 7f929d000700 1 -- 172.21.15.27:0/4084856416 --> [v2:172.21.15.27:3300/0,v1:172.21.15.27:6789/0] -- mon_subscribe({mgrmap=0+}) -- 0x7f929819e930 con 0x7f9298108b90
2024-03-27T06:44:36.477 INFO:teuthology.orchestra.run.smithi027.stdout:/usr/bin/ceph: stderr
2024-03-27T06:44:35.403+0000 7f929d000700 1 -- 172.21.15.27:0/4084856416 --> [v2:172.21.15.27:3300/0,v1:172.21.15.27:6789/0] -- mon_subscribe({osdmap=0}) -- 0x7f92981a1620 con 0x7f9298108b90
2024-03-27T06:44:36.477 INFO:teuthology.orchestra.run.smithi027.stdout:/usr/bin/ceph: stderr
2024-03-27T06:44:35.404+0000 7f929d000700 1 -- 172.21.15.27:0/4084856416 --> [v2:172.21.15.27:3300/0,v1:172.21.15.27:6789/0] -- mon_command({"prefix": "get_command_descriptions"} v 0) -- 0x7f9298063c70 con 0x7f9298108b90
2024-03-27T06:44:36.477 INFO:teuthology.orchestra.run.smithi027.stdout:/usr/bin/ceph: stderr
2024-03-27T06:44:35.404+0000 7f928ea00700 1 -- 172.21.15.27:0/4084856416 <== mon.0 v2:172.21.15.27:3300/0 4 ==== mgrmap(e 12) ==== 46479+0+0 (secure 0 0 0) 0x7f9288022020 con 0x7f9298108b90
2024-03-27T06:44:36.477 INFO:teuthology.orchestra.run.smithi027.stdout:/usr/bin/ceph: stderr
2024-03-27T06:44:35.405+0000 7f928ea00700 1 --2- 172.21.15.27:0/4084856416 >> [v2:172.21.15.27:6800/3905135987,v1:172.21.15.27:6801/3905135987] conn(0x7f927c0394d0 0x7f927c03b990 unknown :-1 s=NONE pgs=0 cs=0 l=1 rev1=0 crypto rx=0 tx=0 comp rx=0 tx=0).connect
2024-03-27T06:44:36.477 INFO:teuthology.orchestra.run.smithi027.stdout:/usr/bin/ceph: stderr
2024-03-27T06:44:35.405+0000 7f928ea00700 1 -- 172.21.15.27:0/4084856416 <== mon.0 v2:172.21.15.27:3300/0 5 ==== osd_map(3..3 src has 1..3) ==== 1155+0+0 (secure 0 0 0) 0x7f928804d980 con 0x7f9298108b90
2024-03-27T06:44:36.477 INFO:teuthology.orchestra.run.smithi027.stdout:/usr/bin/ceph: stderr
2024-03-27T06:44:35.405+0000 7f928fe00700 1 --2- 172.21.15.27:0/4084856416 >> [v2:172.21.15.27:6800/3905135987,v1:172.21.15.27:6801/3905135987] conn(0x7f927c0394d0 0x7f927c03b990 unknown :-1 s=BANNER_CONNECTING pgs=0 cs=0 l=1 rev1=0 crypto rx=0 tx=0 comp rx=0 tx=0)._handle_peer_banner_payload supported=3 required=0
2024-03-27T06:44:36.477 INFO:teuthology.orchestra.run.smithi027.stdout:/usr/bin/ceph: stderr
2024-03-27T06:44:35.406+0000 7f928fe00700 1 --2- 172.21.15.27:0/4084856416 >> [v2:172.21.15.27:6800/3905135987,v1:172.21.15.27:6801/3905135987] conn(0x7f927c0394d0 0x7f927c03b990 secure :-1 s=READY pgs=7 cs=0 l=1 rev1=1 crypto rx=0x7f9280006fd0 tx=0x7f9280006e40 comp rx=0 tx=0).ready entity=mgr.14152 client_cookie=0 server_cookie=0 in_seq=0 out_seq=0
2024-03-27T06:44:36.477 INFO:teuthology.orchestra.run.smithi027.stdout:/usr/bin/ceph: stderr
2024-03-27T06:44:35.411+0000 7f928ea00700 1 -- 172.21.15.27:0/4084856416 <== mon.0 v2:172.21.15.27:3300/0 6 ==== mon_command_ack([{"prefix": "get_command_descriptions"}]=0 v0) ==== 72+0+187541 (secure 0 0 0) 0x7f928800b3e0 con 0x7f9298108b90
2024-03-27T06:44:36.477 INFO:teuthology.orchestra.run.smithi027.stdout:/usr/bin/ceph: stderr
2024-03-27T06:44:35.651+0000 7f929d000700 1 -- 172.21.15.27:0/4084856416 --> [v2:172.21.15.27:6800/3905135987,v1:172.21.15.27:6801/3905135987] -- mgr_command(tid 0: {"prefix": "dashboard create-self-signed-cert", "target": ["mon-mgr", ""]}) -- 0x7f92981036f0 con 0x7f927c0394d0
2024-03-27T06:44:36.478 INFO:teuthology.orchestra.run.smithi027.stdout:/usr/bin/ceph: stderr
2024-03-27T06:44:35.810+0000 7f928ea00700 1 -- 172.21.15.27:0/4084856416 <== mgr.14152 v2:172.21.15.27:6800/3905135987 1 ==== mgr_command_reply(tid 0: 0 ) ==== 8+0+32 (secure 0 0 0) 0x7f92981036f0 con 0x7f927c0394d0
2024-03-27T06:44:36.478 INFO:teuthology.orchestra.run.smithi027.stdout:/usr/bin/ceph: stderr
2024-03-27T06:44:35.813+0000 7f929d000700 1 -- 172.21.15.27:0/4084856416 >> [v2:172.21.15.27:6800/3905135987,v1:172.21.15.27:6801/3905135987] conn(0x7f927c0394d0 msgr2=0x7f927c03b990 secure :-1 s=STATE_CONNECTION_ESTABLISHED l=1).mark_down
2024-03-27T06:44:36.478 INFO:teuthology.orchestra.run.smithi027.stdout:/usr/bin/ceph: stderr
2024-03-27T06:44:35.813+0000 7f929d000700 1 --2- 172.21.15.27:0/4084856416 >> [v2:172.21.15.27:6800/3905135987,v1:172.21.15.27:6801/3905135987] conn(0x7f927c0394d0 0x7f927c03b990 secure :-1 s=READY pgs=7 cs=0 l=1 rev1=1 crypto rx=0x7f9280006fd0 tx=0x7f9280006e40 comp rx=0 tx=0).stop
2024-03-27T06:44:36.478 INFO:teuthology.orchestra.run.smithi027.stdout:/usr/bin/ceph: stderr
2024-03-27T06:44:35.813+0000 7f929d000700 1 -- 172.21.15.27:0/4084856416 >> [v2:172.21.15.27:3300/0,v1:172.21.15.27:6789/0] conn(0x7f9298108b90 msgr2=0x7f929819e160 secure :-1 s=STATE_CONNECTION_ESTABLISHED l=1).mark_down
2024-03-27T06:44:36.478 INFO:teuthology.orchestra.run.smithi027.stdout:/usr/bin/ceph: stderr
2024-03-27T06:44:35.813+0000 7f929d000700 1 --2- 172.21.15.27:0/4084856416 >> [v2:172.21.15.27:3300/0,v1:172.21.15.27:6789/0] conn(0x7f9298108b90 0x7f929819e160 secure :-1 s=READY pgs=71 cs=0 l=1 rev1=1 crypto rx=0x7f9288011a00 tx=0x7f9288011ae0 comp rx=0 tx=0).stop
2024-03-27T06:44:36.478 INFO:teuthology.orchestra.run.smithi027.stdout:/usr/bin/ceph: stderr
2024-03-27T06:44:35.813+0000 7f929d000700 1 -- 172.21.15.27:0/4084856416 shutdown_connections
2024-03-27T06:44:36.478 INFO:teuthology.orchestra.run.smithi027.stdout:/usr/bin/ceph: stderr
2024-03-27T06:44:35.813+0000 7f929d000700 1 --2- 172.21.15.27:0/4084856416 >> [v2:172.21.15.27:6800/3905135987,v1:172.21.15.27:6801/3905135987] conn(0x7f927c0394d0 0x7f927c03b990 unknown :-1 s=CLOSED pgs=7 cs=0 l=1 rev1=1 crypto rx=0 tx=0 comp rx=0 tx=0).stop
2024-03-27T06:44:36.478 INFO:teuthology.orchestra.run.smithi027.stdout:/usr/bin/ceph: stderr
2024-03-27T06:44:35.813+0000 7f929d000700 1 --2- 172.21.15.27:0/4084856416 >> [v2:172.21.15.27:3300/0,v1:172.21.15.27:6789/0] conn(0x7f9298108b90 0x7f929819e160 unknown :-1 s=CLOSED pgs=71 cs=0 l=1 rev1=1 crypto rx=0 tx=0 comp rx=0 tx=0).stop
2024-03-27T06:44:36.478 INFO:teuthology.orchestra.run.smithi027.stdout:/usr/bin/ceph: stderr
2024-03-27T06:44:35.813+0000 7f929d000700 1 -- 172.21.15.27:0/4084856416 >> 172.21.15.27:0/4084856416 conn(0x7f9298102540 msgr2=0x7f9298102fe0 unknown :-1 s=STATE_NONE l=0).mark_down
2024-03-27T06:44:36.478 INFO:teuthology.orchestra.run.smithi027.stdout:/usr/bin/ceph: stderr
2024-03-27T06:44:35.814+0000 7f929d000700 1 -- 172.21.15.27:0/4084856416 shutdown_connections
2024-03-27T06:44:36.478 INFO:teuthology.orchestra.run.smithi027.stdout:/usr/bin/ceph: stderr
2024-03-27T06:44:35.814+0000 7f929d000700 1 -- 172.21.15.27:0/4084856416 wait complete.
2024-03-27T06:44:36.478 INFO:teuthology.orchestra.run.smithi027.stdout:Creating initial admin user...
2024-03-27T06:44:36.989 INFO:journalctl@ceph.mon.a.smithi027.stdout:Mar 27 06:44:36 smithi027 ceph-mon[31662]: from='client.14164 -' entity='client.admin' cmd=[{"prefix": "dashboard create-self-signed-cert", "target": ["mon-mgr", ""]}]: dispatch
2024-03-27T06:44:36.989 INFO:journalctl@ceph.mon.a.smithi027.stdout:Mar 27 06:44:36 smithi027 ceph-mon[31662]: from='mgr.14152 172.21.15.27:0/670928831' entity='mgr.x'
2024-03-27T06:44:36.989 INFO:journalctl@ceph.mon.a.smithi027.stdout:Mar 27 06:44:36 smithi027 ceph-mon[31662]: from='mgr.14152 172.21.15.27:0/670928831' entity='mgr.x'
2024-03-27T06:44:38.403 INFO:teuthology.orchestra.run.smithi027.stdout:/usr/bin/ceph: stdout {"username": "admin", "password": "$2b$12$0v0ps1qm5dhEOS/Hcpvy4e1Ywfl1yd/1khoEWL4dG99cdFK/PquSu", "roles": ["administrator"], "name": null, "email": null, "lastUpdate": 1711521877, "enabled": true, "pwdExpirationDate": null, "pwdUpdateRequired": true}
2024-03-27T06:44:38.404 INFO:teuthology.orchestra.run.smithi027.stdout:/usr/bin/ceph: stderr
2024-03-27T06:44:37.169+0000 7fcb12c00700 1 Processor -- start
2024-03-27T06:44:38.404 INFO:teuthology.orchestra.run.smithi027.stdout:/usr/bin/ceph: stderr
2024-03-27T06:44:37.170+0000 7fcb12c00700 1 -- start start
2024-03-27T06:44:38.404 INFO:teuthology.orchestra.run.smithi027.stdout:/usr/bin/ceph: stderr
2024-03-27T06:44:37.170+0000 7fcb12c00700 1 --2- >> [v2:172.21.15.27:3300/0,v1:172.21.15.27:6789/0] conn(0x7fcb0c108050 0x7fcb0c108470 unknown :-1 s=NONE pgs=0 cs=0 l=0 rev1=0 crypto rx=0 tx=0 comp rx=0 tx=0).connect
2024-03-27T06:44:38.404 INFO:teuthology.orchestra.run.smithi027.stdout:/usr/bin/ceph: stderr
2024-03-27T06:44:37.170+0000 7fcb12c00700 1 -- --> [v2:172.21.15.27:3300/0,v1:172.21.15.27:6789/0] -- mon_getmap magic: 0 -- 0x7fcb0c108a40 con 0x7fcb0c108050
2024-03-27T06:44:38.404 INFO:teuthology.orchestra.run.smithi027.stdout:/usr/bin/ceph: stderr
2024-03-27T06:44:37.171+0000 7fcb0be00700 1 --2- >> [v2:172.21.15.27:3300/0,v1:172.21.15.27:6789/0] conn(0x7fcb0c108050 0x7fcb0c108470 unknown :-1 s=BANNER_CONNECTING pgs=0 cs=0 l=0 rev1=0 crypto rx=0 tx=0 comp rx=0 tx=0)._handle_peer_banner_payload supported=3 required=0
2024-03-27T06:44:38.404 INFO:teuthology.orchestra.run.smithi027.stdout:/usr/bin/ceph: stderr
2024-03-27T06:44:37.171+0000 7fcb0be00700 1 --2- >> [v2:172.21.15.27:3300/0,v1:172.21.15.27:6789/0] conn(0x7fcb0c108050 0x7fcb0c108470 unknown :-1 s=HELLO_CONNECTING pgs=0 cs=0 l=0 rev1=1 crypto rx=0 tx=0 comp rx=0 tx=0).handle_hello peer v2:172.21.15.27:3300/0 says I am v2:172.21.15.27:50388/0 (socket says 172.21.15.27:50388)
2024-03-27T06:44:38.405 INFO:teuthology.orchestra.run.smithi027.stdout:/usr/bin/ceph: stderr
2024-03-27T06:44:37.171+0000 7fcb0be00700 1 -- 172.21.15.27:0/955224565 learned_addr learned my addr 172.21.15.27:0/955224565 (peer_addr_for_me v2:172.21.15.27:0/0)
2024-03-27T06:44:38.405 INFO:teuthology.orchestra.run.smithi027.stdout:/usr/bin/ceph: stderr
2024-03-27T06:44:37.171+0000 7fcb0be00700 1 -- 172.21.15.27:0/955224565 --> [v2:172.21.15.27:3300/0,v1:172.21.15.27:6789/0] -- mon_subscribe({config=0+,monmap=0+}) -- 0x7fcb0c109250 con 0x7fcb0c108050
2024-03-27T06:44:38.405 INFO:teuthology.orchestra.run.smithi027.stdout:/usr/bin/ceph: stderr
2024-03-27T06:44:37.172+0000 7fcb0be00700 1 --2- 172.21.15.27:0/955224565 >> [v2:172.21.15.27:3300/0,v1:172.21.15.27:6789/0] conn(0x7fcb0c108050 0x7fcb0c108470 secure :-1 s=READY pgs=72 cs=0 l=1 rev1=1 crypto rx=0x7fcafc0098a0 tx=0x7fcafc009bb0 comp rx=0 tx=0).ready entity=mon.0 client_cookie=eb69c17e2a992c08 server_cookie=0 in_seq=0 out_seq=0
2024-03-27T06:44:38.405 INFO:teuthology.orchestra.run.smithi027.stdout:/usr/bin/ceph: stderr
2024-03-27T06:44:37.172+0000 7fcb0aa00700 1 -- 172.21.15.27:0/955224565 <== mon.0 v2:172.21.15.27:3300/0 1 ==== mon_map magic: 0 ==== 205+0+0 (secure 0 0 0) 0x7fcafc004160 con 0x7fcb0c108050
2024-03-27T06:44:38.405 INFO:teuthology.orchestra.run.smithi027.stdout:/usr/bin/ceph: stderr
2024-03-27T06:44:37.172+0000 7fcb0aa00700 1 -- 172.21.15.27:0/955224565 <== mon.0 v2:172.21.15.27:3300/0 2 ==== config(26 keys) ==== 1102+0+0 (secure 0 0 0) 0x7fcafc004300 con 0x7fcb0c108050
2024-03-27T06:44:38.405 INFO:teuthology.orchestra.run.smithi027.stdout:/usr/bin/ceph: stderr
2024-03-27T06:44:37.172+0000 7fcb0aa00700 1 -- 172.21.15.27:0/955224565 <== mon.0 v2:172.21.15.27:3300/0 3 ==== mon_map magic: 0 ==== 205+0+0 (secure 0 0 0) 0x7fcafc011a50 con 0x7fcb0c108050
2024-03-27T06:44:38.406 INFO:teuthology.orchestra.run.smithi027.stdout:/usr/bin/ceph: stderr
2024-03-27T06:44:37.173+0000 7fcb12c00700 1 -- 172.21.15.27:0/955224565 >> [v2:172.21.15.27:3300/0,v1:172.21.15.27:6789/0] conn(0x7fcb0c108050 msgr2=0x7fcb0c108470 secure :-1 s=STATE_CONNECTION_ESTABLISHED l=1).mark_down
2024-03-27T06:44:38.406 INFO:teuthology.orchestra.run.smithi027.stdout:/usr/bin/ceph: stderr
2024-03-27T06:44:37.173+0000 7fcb12c00700 1 --2- 172.21.15.27:0/955224565 >> [v2:172.21.15.27:3300/0,v1:172.21.15.27:6789/0] conn(0x7fcb0c108050 0x7fcb0c108470 secure :-1 s=READY pgs=72 cs=0 l=1 rev1=1 crypto rx=0x7fcafc0098a0 tx=0x7fcafc009bb0 comp rx=0 tx=0).stop
2024-03-27T06:44:38.406 INFO:teuthology.orchestra.run.smithi027.stdout:/usr/bin/ceph: stderr
2024-03-27T06:44:37.173+0000 7fcb12c00700 1 -- 172.21.15.27:0/955224565 shutdown_connections
2024-03-27T06:44:38.406 INFO:teuthology.orchestra.run.smithi027.stdout:/usr/bin/ceph: stderr
2024-03-27T06:44:37.173+0000 7fcb12c00700 1 --2- 172.21.15.27:0/955224565 >> [v2:172.21.15.27:3300/0,v1:172.21.15.27:6789/0] conn(0x7fcb0c108050 0x7fcb0c108470 unknown :-1 s=CLOSED pgs=72 cs=0 l=1 rev1=1 crypto rx=0 tx=0 comp rx=0 tx=0).stop
2024-03-27T06:44:38.406 INFO:teuthology.orchestra.run.smithi027.stdout:/usr/bin/ceph: stderr
2024-03-27T06:44:37.173+0000 7fcb12c00700 1 -- 172.21.15.27:0/955224565 >> 172.21.15.27:0/955224565 conn(0x7fcb0c103630 msgr2=0x7fcb0c105a50 unknown :-1 s=STATE_NONE l=0).mark_down
2024-03-27T06:44:38.407 INFO:teuthology.orchestra.run.smithi027.stdout:/usr/bin/ceph: stderr
2024-03-27T06:44:37.173+0000 7fcb12c00700 1 -- 172.21.15.27:0/955224565 shutdown_connections
2024-03-27T06:44:38.407 INFO:teuthology.orchestra.run.smithi027.stdout:/usr/bin/ceph: stderr
2024-03-27T06:44:37.173+0000 7fcb12c00700 1 -- 172.21.15.27:0/955224565 wait complete.
2024-03-27T06:44:38.407 INFO:teuthology.orchestra.run.smithi027.stdout:/usr/bin/ceph: stderr
2024-03-27T06:44:37.175+0000 7fcb12c00700 1 Processor -- start
2024-03-27T06:44:38.407 INFO:teuthology.orchestra.run.smithi027.stdout:/usr/bin/ceph: stderr
2024-03-27T06:44:37.175+0000 7fcb12c00700 1 -- start start
2024-03-27T06:44:38.407 INFO:teuthology.orchestra.run.smithi027.stdout:/usr/bin/ceph: stderr
2024-03-27T06:44:37.176+0000 7fcb12c00700 1 --2- >> [v2:172.21.15.27:3300/0,v1:172.21.15.27:6789/0] conn(0x7fcb0c108050 0x7fcb0c19be60 unknown :-1 s=NONE pgs=0 cs=0 l=1 rev1=0 crypto rx=0 tx=0 comp rx=0 tx=0).connect
2024-03-27T06:44:38.407 INFO:teuthology.orchestra.run.smithi027.stdout:/usr/bin/ceph: stderr
2024-03-27T06:44:37.176+0000 7fcb12c00700 1 -- --> [v2:172.21.15.27:3300/0,v1:172.21.15.27:6789/0] -- mon_getmap magic: 0 -- 0x7fcb0c10c600 con 0x7fcb0c108050
2024-03-27T06:44:38.407 INFO:teuthology.orchestra.run.smithi027.stdout:/usr/bin/ceph: stderr
2024-03-27T06:44:37.176+0000 7fcb0be00700 1 --2- >> [v2:172.21.15.27:3300/0,v1:172.21.15.27:6789/0] conn(0x7fcb0c108050 0x7fcb0c19be60 unknown :-1 s=BANNER_CONNECTING pgs=0 cs=0 l=1 rev1=0 crypto rx=0 tx=0 comp rx=0 tx=0)._handle_peer_banner_payload supported=3 required=0
2024-03-27T06:44:38.408 INFO:teuthology.orchestra.run.smithi027.stdout:/usr/bin/ceph: stderr
2024-03-27T06:44:37.176+0000 7fcb0be00700 1 --2- >> [v2:172.21.15.27:3300/0,v1:172.21.15.27:6789/0] conn(0x7fcb0c108050 0x7fcb0c19be60 unknown :-1 s=HELLO_CONNECTING pgs=0 cs=0 l=1 rev1=1 crypto rx=0 tx=0 comp rx=0 tx=0).handle_hello peer v2:172.21.15.27:3300/0 says I am v2:172.21.15.27:50400/0 (socket says 172.21.15.27:50400)
2024-03-27T06:44:38.408 INFO:teuthology.orchestra.run.smithi027.stdout:/usr/bin/ceph: stderr
2024-03-27T06:44:37.176+0000 7fcb0be00700 1 -- 172.21.15.27:0/1967520664 learned_addr learned my addr 172.21.15.27:0/1967520664 (peer_addr_for_me v2:172.21.15.27:0/0)
2024-03-27T06:44:38.408 INFO:teuthology.orchestra.run.smithi027.stdout:/usr/bin/ceph: stderr
2024-03-27T06:44:37.176+0000 7fcb0be00700 1 -- 172.21.15.27:0/1967520664 --> [v2:172.21.15.27:3300/0,v1:172.21.15.27:6789/0] -- mon_subscribe({config=0+,monmap=0+}) -- 0x7fcb0c19c3a0 con 0x7fcb0c108050
2024-03-27T06:44:38.408 INFO:teuthology.orchestra.run.smithi027.stdout:/usr/bin/ceph: stderr
2024-03-27T06:44:37.177+0000 7fcb0be00700 1 --2- 172.21.15.27:0/1967520664 >> [v2:172.21.15.27:3300/0,v1:172.21.15.27:6789/0] conn(0x7fcb0c108050 0x7fcb0c19be60 secure :-1 s=READY pgs=73 cs=0 l=1 rev1=1 crypto rx=0x7fcafc006b20 tx=0x7fcafc011ad0 comp rx=0 tx=0).ready entity=mon.0 client_cookie=0 server_cookie=0 in_seq=0 out_seq=0
2024-03-27T06:44:38.408 INFO:teuthology.orchestra.run.smithi027.stdout:/usr/bin/ceph: stderr
2024-03-27T06:44:37.177+0000 7fcb08c00700 1 -- 172.21.15.27:0/1967520664 <== mon.0 v2:172.21.15.27:3300/0 1 ==== mon_map magic: 0 ==== 205+0+0 (secure 0 0 0) 0x7fcafc0039e0 con 0x7fcb0c108050
2024-03-27T06:44:38.408 INFO:teuthology.orchestra.run.smithi027.stdout:/usr/bin/ceph: stderr
2024-03-27T06:44:37.177+0000 7fcb08c00700 1 -- 172.21.15.27:0/1967520664 <== mon.0 v2:172.21.15.27:3300/0 2 ==== config(26 keys) ==== 1102+0+0 (secure 0 0 0) 0x7fcafc01a8e0 con 0x7fcb0c108050
2024-03-27T06:44:38.409 INFO:teuthology.orchestra.run.smithi027.stdout:/usr/bin/ceph: stderr
2024-03-27T06:44:37.177+0000 7fcb12c00700 1 -- 172.21.15.27:0/1967520664 --> [v2:172.21.15.27:3300/0,v1:172.21.15.27:6789/0] -- mon_subscribe({mgrmap=0+}) -- 0x7fcb0c19c630 con 0x7fcb0c108050
2024-03-27T06:44:38.409 INFO:teuthology.orchestra.run.smithi027.stdout:/usr/bin/ceph: stderr
2024-03-27T06:44:37.177+0000 7fcb08c00700 1 -- 172.21.15.27:0/1967520664 <== mon.0 v2:172.21.15.27:3300/0 3 ==== mon_map magic: 0 ==== 205+0+0 (secure 0 0 0) 0x7fcafc0247e0 con 0x7fcb0c108050
2024-03-27T06:44:38.409 INFO:teuthology.orchestra.run.smithi027.stdout:/usr/bin/ceph: stderr
2024-03-27T06:44:37.177+0000 7fcb12c00700 1 -- 172.21.15.27:0/1967520664 --> [v2:172.21.15.27:3300/0,v1:172.21.15.27:6789/0] -- mon_subscribe({osdmap=0}) -- 0x7fcb0c19f320 con 0x7fcb0c108050
2024-03-27T06:44:38.409 INFO:teuthology.orchestra.run.smithi027.stdout:/usr/bin/ceph: stderr
2024-03-27T06:44:37.179+0000 7fcb12c00700 1 -- 172.21.15.27:0/1967520664 --> [v2:172.21.15.27:3300/0,v1:172.21.15.27:6789/0] -- mon_command({"prefix": "get_command_descriptions"} v 0) -- 0x7fcb0c063c70 con 0x7fcb0c108050
2024-03-27T06:44:38.409 INFO:teuthology.orchestra.run.smithi027.stdout:/usr/bin/ceph: stderr
2024-03-27T06:44:37.179+0000 7fcb08c00700 1 -- 172.21.15.27:0/1967520664 <== mon.0 v2:172.21.15.27:3300/0 4 ==== mgrmap(e 12) ==== 46479+0+0 (secure 0 0 0) 0x7fcafc022020 con 0x7fcb0c108050
2024-03-27T06:44:38.409 INFO:teuthology.orchestra.run.smithi027.stdout:/usr/bin/ceph: stderr
2024-03-27T06:44:37.179+0000 7fcb08c00700 1 --2- 172.21.15.27:0/1967520664 >> [v2:172.21.15.27:6800/3905135987,v1:172.21.15.27:6801/3905135987] conn(0x7fcaf0039470 0x7fcaf003b930 unknown :-1 s=NONE pgs=0 cs=0 l=1 rev1=0 crypto rx=0 tx=0 comp rx=0 tx=0).connect
2024-03-27T06:44:38.410 INFO:teuthology.orchestra.run.smithi027.stdout:/usr/bin/ceph: stderr
2024-03-27T06:44:37.179+0000 7fcb08c00700 1 -- 172.21.15.27:0/1967520664 <== mon.0 v2:172.21.15.27:3300/0 5 ==== osd_map(3..3 src has 1..3) ==== 1155+0+0 (secure 0 0 0) 0x7fcafc04d970 con 0x7fcb0c108050
2024-03-27T06:44:38.410 INFO:teuthology.orchestra.run.smithi027.stdout:/usr/bin/ceph: stderr
2024-03-27T06:44:37.180+0000 7fcb0b400700 1 --2- 172.21.15.27:0/1967520664 >> [v2:172.21.15.27:6800/3905135987,v1:172.21.15.27:6801/3905135987] conn(0x7fcaf0039470 0x7fcaf003b930 unknown :-1 s=BANNER_CONNECTING pgs=0 cs=0 l=1 rev1=0 crypto rx=0 tx=0 comp rx=0 tx=0)._handle_peer_banner_payload supported=3 required=0
2024-03-27T06:44:38.410 INFO:teuthology.orchestra.run.smithi027.stdout:/usr/bin/ceph: stderr
2024-03-27T06:44:37.181+0000 7fcb0b400700 1 --2- 172.21.15.27:0/1967520664 >> [v2:172.21.15.27:6800/3905135987,v1:172.21.15.27:6801/3905135987] conn(0x7fcaf0039470 0x7fcaf003b930 secure :-1 s=READY pgs=8 cs=0 l=1 rev1=1 crypto rx=0x7fcaf8006fd0 tx=0x7fcaf8006e40 comp rx=0 tx=0).ready entity=mgr.14152 client_cookie=0 server_cookie=0 in_seq=0 out_seq=0
2024-03-27T06:44:38.410 INFO:teuthology.orchestra.run.smithi027.stdout:/usr/bin/ceph: stderr
2024-03-27T06:44:37.185+0000 7fcb08c00700 1 -- 172.21.15.27:0/1967520664 <== mon.0 v2:172.21.15.27:3300/0 6 ==== mon_command_ack([{"prefix": "get_command_descriptions"}]=0 v0) ==== 72+0+187541 (secure 0 0 0) 0x7fcafc00b3e0 con 0x7fcb0c108050
2024-03-27T06:44:38.410 INFO:teuthology.orchestra.run.smithi027.stdout:/usr/bin/ceph: stderr
2024-03-27T06:44:37.436+0000 7fcb12c00700 1 -- 172.21.15.27:0/1967520664 --> [v2:172.21.15.27:6800/3905135987,v1:172.21.15.27:6801/3905135987] -- mgr_command(tid 0: {"prefix": "dashboard ac-user-create", "username": "admin", "rolename": "administrator", "force_password": true, "pwd_update_required": true, "target": ["mon-mgr", ""]}) -- 0x7fcb0c19f5b0 con 0x7fcaf0039470
2024-03-27T06:44:38.411 INFO:teuthology.orchestra.run.smithi027.stdout:/usr/bin/ceph: stderr
2024-03-27T06:44:37.721+0000 7fcb08c00700 1 -- 172.21.15.27:0/1967520664 <== mgr.14152 v2:172.21.15.27:6800/3905135987 1 ==== mgr_command_reply(tid 0: 0 ) ==== 8+0+252 (secure 0 0 0) 0x7fcb0c19f5b0 con 0x7fcaf0039470
2024-03-27T06:44:38.411 INFO:teuthology.orchestra.run.smithi027.stdout:/usr/bin/ceph: stderr
2024-03-27T06:44:37.724+0000 7fcb12c00700 1 -- 172.21.15.27:0/1967520664 >> [v2:172.21.15.27:6800/3905135987,v1:172.21.15.27:6801/3905135987] conn(0x7fcaf0039470 msgr2=0x7fcaf003b930 secure :-1 s=STATE_CONNECTION_ESTABLISHED l=1).mark_down
2024-03-27T06:44:38.411 INFO:teuthology.orchestra.run.smithi027.stdout:/usr/bin/ceph: stderr
2024-03-27T06:44:37.724+0000 7fcb12c00700 1 --2- 172.21.15.27:0/1967520664 >> [v2:172.21.15.27:6800/3905135987,v1:172.21.15.27:6801/3905135987] conn(0x7fcaf0039470 0x7fcaf003b930 secure :-1 s=READY pgs=8 cs=0 l=1 rev1=1 crypto rx=0x7fcaf8006fd0 tx=0x7fcaf8006e40 comp rx=0 tx=0).stop
2024-03-27T06:44:38.411 INFO:teuthology.orchestra.run.smithi027.stdout:/usr/bin/ceph: stderr
2024-03-27T06:44:37.724+0000 7fcb12c00700 1 -- 172.21.15.27:0/1967520664 >> [v2:172.21.15.27:3300/0,v1:172.21.15.27:6789/0] conn(0x7fcb0c108050 msgr2=0x7fcb0c19be60 secure :-1 s=STATE_CONNECTION_ESTABLISHED l=1).mark_down
2024-03-27T06:44:38.411 INFO:teuthology.orchestra.run.smithi027.stdout:/usr/bin/ceph: stderr
2024-03-27T06:44:37.724+0000 7fcb12c00700 1 --2- 172.21.15.27:0/1967520664 >> [v2:172.21.15.27:3300/0,v1:172.21.15.27:6789/0] conn(0x7fcb0c108050 0x7fcb0c19be60 secure :-1 s=READY pgs=73 cs=0 l=1 rev1=1 crypto rx=0x7fcafc006b20 tx=0x7fcafc011ad0 comp rx=0 tx=0).stop
2024-03-27T06:44:38.411 INFO:teuthology.orchestra.run.smithi027.stdout:/usr/bin/ceph: stderr
2024-03-27T06:44:37.724+0000 7fcb12c00700 1 -- 172.21.15.27:0/1967520664 shutdown_connections
2024-03-27T06:44:38.412 INFO:teuthology.orchestra.run.smithi027.stdout:/usr/bin/ceph: stderr
2024-03-27T06:44:37.724+0000 7fcb12c00700 1 --2- 172.21.15.27:0/1967520664 >> [v2:172.21.15.27:6800/3905135987,v1:172.21.15.27:6801/3905135987] conn(0x7fcaf0039470 0x7fcaf003b930 unknown :-1 s=CLOSED pgs=8 cs=0 l=1 rev1=1 crypto rx=0 tx=0 comp rx=0 tx=0).stop
2024-03-27T06:44:38.412 INFO:teuthology.orchestra.run.smithi027.stdout:/usr/bin/ceph: stderr
2024-03-27T06:44:37.724+0000 7fcb12c00700 1 --2- 172.21.15.27:0/1967520664 >> [v2:172.21.15.27:3300/0,v1:172.21.15.27:6789/0] conn(0x7fcb0c108050 0x7fcb0c19be60 unknown :-1 s=CLOSED pgs=73 cs=0 l=1 rev1=1 crypto rx=0 tx=0 comp rx=0 tx=0).stop
2024-03-27T06:44:38.412 INFO:teuthology.orchestra.run.smithi027.stdout:/usr/bin/ceph: stderr
2024-03-27T06:44:37.724+0000 7fcb12c00700 1 -- 172.21.15.27:0/1967520664 >> 172.21.15.27:0/1967520664 conn(0x7fcb0c103630 msgr2=0x7fcb0c104120 unknown :-1 s=STATE_NONE l=0).mark_down
2024-03-27T06:44:38.412 INFO:teuthology.orchestra.run.smithi027.stdout:/usr/bin/ceph: stderr
2024-03-27T06:44:37.724+0000 7fcb12c00700 1 -- 172.21.15.27:0/1967520664 shutdown_connections
2024-03-27T06:44:38.412 INFO:teuthology.orchestra.run.smithi027.stdout:/usr/bin/ceph: stderr
2024-03-27T06:44:37.725+0000 7fcb12c00700 1 -- 172.21.15.27:0/1967520664 wait complete.
2024-03-27T06:44:38.412 INFO:teuthology.orchestra.run.smithi027.stdout:Fetching dashboard port number...
2024-03-27T06:44:38.683 INFO:journalctl@ceph.mon.a.smithi027.stdout:Mar 27 06:44:38 smithi027 ceph-mon[31662]: from='mgr.14152 172.21.15.27:0/670928831' entity='mgr.x'
2024-03-27T06:44:38.683 INFO:journalctl@ceph.mon.a.smithi027.stdout:Mar 27 06:44:38 smithi027 ceph-mon[31662]: from='client.14166 -' entity='client.admin' cmd=[{"prefix": "dashboard ac-user-create", "username": "admin", "rolename": "administrator", "force_password": true, "pwd_update_required": true, "target": ["mon-mgr", ""]}]: dispatch
2024-03-27T06:44:38.683 INFO:journalctl@ceph.mon.a.smithi027.stdout:Mar 27 06:44:38 smithi027 ceph-mon[31662]: from='mgr.14152 172.21.15.27:0/670928831' entity='mgr.x'
2024-03-27T06:44:39.622 INFO:journalctl@ceph.mon.a.smithi027.stdout:Mar 27 06:44:39 smithi027 ceph-mon[31662]: from='client.? 172.21.15.27:0/3404746175' entity='client.admin' cmd=[{"prefix": "config get", "who": "mgr", "key": "mgr/dashboard/ssl_server_port"}]: dispatch
2024-03-27T06:44:40.645 INFO:journalctl@ceph.mon.a.smithi027.stdout:Mar 27 06:44:40 smithi027 ceph-mon[31662]: mgrmap e13: x(active, since 6s)
2024-03-27T06:44:40.657 INFO:teuthology.orchestra.run.smithi027.stdout:/usr/bin/ceph: stdout 8443
2024-03-27T06:44:40.658 INFO:teuthology.orchestra.run.smithi027.stdout:/usr/bin/ceph: stderr
2024-03-27T06:44:38.999+0000 7fa439e00700 1 Processor -- start
2024-03-27T06:44:40.658 INFO:teuthology.orchestra.run.smithi027.stdout:/usr/bin/ceph: stderr
2024-03-27T06:44:39.000+0000 7fa439e00700 1 -- start start
2024-03-27T06:44:40.658 INFO:teuthology.orchestra.run.smithi027.stdout:/usr/bin/ceph: stderr
2024-03-27T06:44:39.000+0000 7fa439e00700 1 --2- >> [v2:172.21.15.27:3300/0,v1:172.21.15.27:6789/0] conn(0x7fa4341080d0 0x7fa4341084f0 unknown :-1 s=NONE pgs=0 cs=0 l=0 rev1=0 crypto rx=0 tx=0 comp rx=0 tx=0).connect
2024-03-27T06:44:40.658 INFO:teuthology.orchestra.run.smithi027.stdout:/usr/bin/ceph: stderr
2024-03-27T06:44:39.000+0000 7fa439e00700 1 -- --> [v2:172.21.15.27:3300/0,v1:172.21.15.27:6789/0] -- mon_getmap magic: 0 -- 0x7fa434108ac0 con 0x7fa4341080d0
2024-03-27T06:44:40.658 INFO:teuthology.orchestra.run.smithi027.stdout:/usr/bin/ceph: stderr
2024-03-27T06:44:39.001+0000 7fa432a00700 1 --2- >> [v2:172.21.15.27:3300/0,v1:172.21.15.27:6789/0] conn(0x7fa4341080d0 0x7fa4341084f0 unknown :-1 s=BANNER_CONNECTING pgs=0 cs=0 l=0 rev1=0 crypto rx=0 tx=0 comp rx=0 tx=0)._handle_peer_banner_payload supported=3 required=0
2024-03-27T06:44:40.660 INFO:teuthology.orchestra.run.smithi027.stdout:/usr/bin/ceph: stderr
2024-03-27T06:44:39.001+0000 7fa432a00700 1 --2- >> [v2:172.21.15.27:3300/0,v1:172.21.15.27:6789/0] conn(0x7fa4341080d0 0x7fa4341084f0 unknown :-1 s=HELLO_CONNECTING pgs=0 cs=0 l=0 rev1=1 crypto rx=0 tx=0 comp rx=0 tx=0).handle_hello peer v2:172.21.15.27:3300/0 says I am v2:172.21.15.27:50406/0 (socket says 172.21.15.27:50406)
2024-03-27T06:44:40.660 INFO:teuthology.orchestra.run.smithi027.stdout:/usr/bin/ceph: stderr
2024-03-27T06:44:39.001+0000 7fa432a00700 1 -- 172.21.15.27:0/2635939530 learned_addr learned my addr 172.21.15.27:0/2635939530 (peer_addr_for_me v2:172.21.15.27:0/0)
2024-03-27T06:44:40.660 INFO:teuthology.orchestra.run.smithi027.stdout:/usr/bin/ceph: stderr
2024-03-27T06:44:39.001+0000 7fa432a00700 1 -- 172.21.15.27:0/2635939530 --> [v2:172.21.15.27:3300/0,v1:172.21.15.27:6789/0] -- mon_subscribe({config=0+,monmap=0+}) -- 0x7fa4341092d0 con 0x7fa4341080d0
2024-03-27T06:44:40.660 INFO:teuthology.orchestra.run.smithi027.stdout:/usr/bin/ceph: stderr
2024-03-27T06:44:39.002+0000 7fa432a00700 1 --2- 172.21.15.27:0/2635939530 >> [v2:172.21.15.27:3300/0,v1:172.21.15.27:6789/0] conn(0x7fa4341080d0 0x7fa4341084f0 secure :-1 s=READY pgs=74 cs=0 l=1 rev1=1 crypto rx=0x7fa4240098a0 tx=0x7fa424009bb0 comp rx=0 tx=0).ready entity=mon.0 client_cookie=c51bed02c45e24e5 server_cookie=0 in_seq=0 out_seq=0
2024-03-27T06:44:40.660 INFO:teuthology.orchestra.run.smithi027.stdout:/usr/bin/ceph: stderr
2024-03-27T06:44:39.002+0000 7fa431600700 1 -- 172.21.15.27:0/2635939530 <== mon.0 v2:172.21.15.27:3300/0 1 ==== mon_map magic: 0 ==== 205+0+0 (secure 0 0 0) 0x7fa424004160 con 0x7fa4341080d0
2024-03-27T06:44:40.660 INFO:teuthology.orchestra.run.smithi027.stdout:/usr/bin/ceph: stderr
2024-03-27T06:44:39.002+0000 7fa431600700 1 -- 172.21.15.27:0/2635939530 <== mon.0 v2:172.21.15.27:3300/0 2 ==== config(26 keys) ==== 1102+0+0 (secure 0 0 0) 0x7fa424004300 con 0x7fa4341080d0
2024-03-27T06:44:40.660 INFO:teuthology.orchestra.run.smithi027.stdout:/usr/bin/ceph: stderr
2024-03-27T06:44:39.002+0000 7fa431600700 1 -- 172.21.15.27:0/2635939530 <== mon.0 v2:172.21.15.27:3300/0 3 ==== mon_map magic: 0 ==== 205+0+0 (secure 0 0 0) 0x7fa424011a50 con 0x7fa4341080d0
2024-03-27T06:44:40.660 INFO:teuthology.orchestra.run.smithi027.stdout:/usr/bin/ceph: stderr
2024-03-27T06:44:39.003+0000 7fa439e00700 1 -- 172.21.15.27:0/2635939530 >> [v2:172.21.15.27:3300/0,v1:172.21.15.27:6789/0] conn(0x7fa4341080d0 msgr2=0x7fa4341084f0 secure :-1 s=STATE_CONNECTION_ESTABLISHED l=1).mark_down
2024-03-27T06:44:40.660 INFO:teuthology.orchestra.run.smithi027.stdout:/usr/bin/ceph: stderr
2024-03-27T06:44:39.003+0000 7fa439e00700 1 --2- 172.21.15.27:0/2635939530 >> [v2:172.21.15.27:3300/0,v1:172.21.15.27:6789/0] conn(0x7fa4341080d0 0x7fa4341084f0 secure :-1 s=READY pgs=74 cs=0 l=1 rev1=1 crypto rx=0x7fa4240098a0 tx=0x7fa424009bb0 comp rx=0 tx=0).stop
2024-03-27T06:44:40.661 INFO:teuthology.orchestra.run.smithi027.stdout:/usr/bin/ceph: stderr
2024-03-27T06:44:39.003+0000 7fa439e00700 1 -- 172.21.15.27:0/2635939530 shutdown_connections
2024-03-27T06:44:40.663 INFO:teuthology.orchestra.run.smithi027.stdout:/usr/bin/ceph: stderr
2024-03-27T06:44:39.003+0000 7fa439e00700 1 --2- 172.21.15.27:0/2635939530 >> [v2:172.21.15.27:3300/0,v1:172.21.15.27:6789/0] conn(0x7fa4341080d0 0x7fa4341084f0 unknown :-1 s=CLOSED pgs=74 cs=0 l=1 rev1=1 crypto rx=0 tx=0 comp rx=0 tx=0).stop
2024-03-27T06:44:40.663 INFO:teuthology.orchestra.run.smithi027.stdout:/usr/bin/ceph: stderr
2024-03-27T06:44:39.003+0000 7fa439e00700 1 -- 172.21.15.27:0/2635939530 >> 172.21.15.27:0/2635939530 conn(0x7fa4341036d0 msgr2=0x7fa434105af0 unknown :-1 s=STATE_NONE l=0).mark_down
2024-03-27T06:44:40.663 INFO:teuthology.orchestra.run.smithi027.stdout:/usr/bin/ceph: stderr
2024-03-27T06:44:39.004+0000 7fa439e00700 1 -- 172.21.15.27:0/2635939530 shutdown_connections
2024-03-27T06:44:40.663 INFO:teuthology.orchestra.run.smithi027.stdout:/usr/bin/ceph: stderr
2024-03-27T06:44:39.004+0000 7fa439e00700 1 -- 172.21.15.27:0/2635939530 wait complete.
2024-03-27T06:44:40.663 INFO:teuthology.orchestra.run.smithi027.stdout:/usr/bin/ceph: stderr
2024-03-27T06:44:39.005+0000 7fa439e00700 1 Processor -- start
2024-03-27T06:44:40.663 INFO:teuthology.orchestra.run.smithi027.stdout:/usr/bin/ceph: stderr
2024-03-27T06:44:39.005+0000 7fa439e00700 1 -- start start
2024-03-27T06:44:40.663 INFO:teuthology.orchestra.run.smithi027.stdout:/usr/bin/ceph: stderr
2024-03-27T06:44:39.006+0000 7fa439e00700 1 --2- >> [v2:172.21.15.27:3300/0,v1:172.21.15.27:6789/0] conn(0x7fa43407dae0 0x7fa43407c250 unknown :-1 s=NONE pgs=0 cs=0 l=1 rev1=0 crypto rx=0 tx=0 comp rx=0 tx=0).connect
2024-03-27T06:44:40.663 INFO:teuthology.orchestra.run.smithi027.stdout:/usr/bin/ceph: stderr
2024-03-27T06:44:39.006+0000 7fa439e00700 1 -- --> [v2:172.21.15.27:3300/0,v1:172.21.15.27:6789/0] -- mon_getmap magic: 0 -- 0x7fa43410c680 con 0x7fa43407dae0
2024-03-27T06:44:40.663 INFO:teuthology.orchestra.run.smithi027.stdout:/usr/bin/ceph: stderr
2024-03-27T06:44:39.006+0000 7fa432a00700 1 --2- >> [v2:172.21.15.27:3300/0,v1:172.21.15.27:6789/0] conn(0x7fa43407dae0 0x7fa43407c250 unknown :-1 s=BANNER_CONNECTING pgs=0 cs=0 l=1 rev1=0 crypto rx=0 tx=0 comp rx=0 tx=0)._handle_peer_banner_payload supported=3 required=0
2024-03-27T06:44:40.663 INFO:teuthology.orchestra.run.smithi027.stdout:/usr/bin/ceph: stderr
2024-03-27T06:44:39.006+0000 7fa432a00700 1 --2- >> [v2:172.21.15.27:3300/0,v1:172.21.15.27:6789/0] conn(0x7fa43407dae0 0x7fa43407c250 unknown :-1 s=HELLO_CONNECTING pgs=0 cs=0 l=1 rev1=1 crypto rx=0 tx=0 comp rx=0 tx=0).handle_hello peer v2:172.21.15.27:3300/0 says I am v2:172.21.15.27:50408/0 (socket says 172.21.15.27:50408)
2024-03-27T06:44:40.664 INFO:teuthology.orchestra.run.smithi027.stdout:/usr/bin/ceph: stderr
2024-03-27T06:44:39.006+0000 7fa432a00700 1 -- 172.21.15.27:0/3404746175 learned_addr learned my addr 172.21.15.27:0/3404746175 (peer_addr_for_me v2:172.21.15.27:0/0)
2024-03-27T06:44:40.664 INFO:teuthology.orchestra.run.smithi027.stdout:/usr/bin/ceph: stderr
2024-03-27T06:44:39.007+0000 7fa432a00700 1 -- 172.21.15.27:0/3404746175 --> [v2:172.21.15.27:3300/0,v1:172.21.15.27:6789/0] -- mon_subscribe({config=0+,monmap=0+}) -- 0x7fa43407df00 con 0x7fa43407dae0
2024-03-27T06:44:40.664 INFO:teuthology.orchestra.run.smithi027.stdout:/usr/bin/ceph: stderr
2024-03-27T06:44:39.007+0000 7fa432a00700 1 --2- 172.21.15.27:0/3404746175 >> [v2:172.21.15.27:3300/0,v1:172.21.15.27:6789/0] conn(0x7fa43407dae0 0x7fa43407c250 secure :-1 s=READY pgs=75 cs=0 l=1 rev1=1 crypto rx=0x7fa424000c00 tx=0x7fa424012ff0 comp rx=0 tx=0).ready entity=mon.0 client_cookie=0 server_cookie=0 in_seq=0 out_seq=0
2024-03-27T06:44:40.664 INFO:teuthology.orchestra.run.smithi027.stdout:/usr/bin/ceph: stderr
2024-03-27T06:44:39.008+0000 7fa438a00700 1 -- 172.21.15.27:0/3404746175 <== mon.0 v2:172.21.15.27:3300/0 1 ==== mon_map magic: 0 ==== 205+0+0 (secure 0 0 0) 0x7fa4240036a0 con 0x7fa43407dae0
2024-03-27T06:44:40.664 INFO:teuthology.orchestra.run.smithi027.stdout:/usr/bin/ceph: stderr
2024-03-27T06:44:39.008+0000 7fa438a00700 1 -- 172.21.15.27:0/3404746175 <== mon.0 v2:172.21.15.27:3300/0 2 ==== config(26 keys) ==== 1102+0+0 (secure 0 0 0) 0x7fa424026480 con 0x7fa43407dae0
2024-03-27T06:44:40.664 INFO:teuthology.orchestra.run.smithi027.stdout:/usr/bin/ceph: stderr
2024-03-27T06:44:39.008+0000 7fa438a00700 1 -- 172.21.15.27:0/3404746175 <== mon.0 v2:172.21.15.27:3300/0 3 ==== mon_map magic: 0 ==== 205+0+0 (secure 0 0 0) 0x7fa42401a5d0 con 0x7fa43407dae0
2024-03-27T06:44:40.664 INFO:teuthology.orchestra.run.smithi027.stdout:/usr/bin/ceph: stderr
2024-03-27T06:44:39.008+0000 7fa439e00700 1 -- 172.21.15.27:0/3404746175 --> [v2:172.21.15.27:3300/0,v1:172.21.15.27:6789/0] -- mon_subscribe({mgrmap=0+}) -- 0x7fa43407c790 con 0x7fa43407dae0
2024-03-27T06:44:40.664 INFO:teuthology.orchestra.run.smithi027.stdout:/usr/bin/ceph: stderr
2024-03-27T06:44:39.008+0000 7fa439e00700 1 -- 172.21.15.27:0/3404746175 --> [v2:172.21.15.27:3300/0,v1:172.21.15.27:6789/0] -- mon_subscribe({osdmap=0}) -- 0x7fa43407cc70 con 0x7fa43407dae0
2024-03-27T06:44:40.666 INFO:teuthology.orchestra.run.smithi027.stdout:/usr/bin/ceph: stderr
2024-03-27T06:44:39.009+0000 7fa439e00700 1 -- 172.21.15.27:0/3404746175 --> [v2:172.21.15.27:3300/0,v1:172.21.15.27:6789/0] -- mon_command({"prefix": "get_command_descriptions"} v 0) -- 0x7fa434063c70 con 0x7fa43407dae0
2024-03-27T06:44:40.666 INFO:teuthology.orchestra.run.smithi027.stdout:/usr/bin/ceph: stderr
2024-03-27T06:44:39.009+0000 7fa438a00700 1 -- 172.21.15.27:0/3404746175 <== mon.0 v2:172.21.15.27:3300/0 4 ==== mgrmap(e 12) ==== 46479+0+0 (secure 0 0 0) 0x7fa424026630 con 0x7fa43407dae0
2024-03-27T06:44:40.667 INFO:teuthology.orchestra.run.smithi027.stdout:/usr/bin/ceph: stderr
2024-03-27T06:44:39.010+0000 7fa438a00700 1 --2- 172.21.15.27:0/3404746175 >> [v2:172.21.15.27:6800/3905135987,v1:172.21.15.27:6801/3905135987] conn(0x7fa4180394d0 0x7fa41803b990 unknown :-1 s=NONE pgs=0 cs=0 l=1 rev1=0 crypto rx=0 tx=0 comp rx=0 tx=0).connect
2024-03-27T06:44:40.667 INFO:teuthology.orchestra.run.smithi027.stdout:/usr/bin/ceph: stderr
2024-03-27T06:44:39.010+0000 7fa438a00700 1 -- 172.21.15.27:0/3404746175 <== mon.0 v2:172.21.15.27:3300/0 5 ==== osd_map(3..3 src has 1..3) ==== 1155+0+0 (secure 0 0 0) 0x7fa42404def0 con 0x7fa43407dae0
2024-03-27T06:44:40.667 INFO:teuthology.orchestra.run.smithi027.stdout:/usr/bin/ceph: stderr
2024-03-27T06:44:39.010+0000 7fa432000700 1 --2- 172.21.15.27:0/3404746175 >> [v2:172.21.15.27:6800/3905135987,v1:172.21.15.27:6801/3905135987] conn(0x7fa4180394d0 0x7fa41803b990 unknown :-1 s=BANNER_CONNECTING pgs=0 cs=0 l=1 rev1=0 crypto rx=0 tx=0 comp rx=0 tx=0)._handle_peer_banner_payload supported=3 required=0
2024-03-27T06:44:40.667 INFO:teuthology.orchestra.run.smithi027.stdout:/usr/bin/ceph: stderr
2024-03-27T06:44:39.011+0000 7fa432000700 1 --2- 172.21.15.27:0/3404746175 >> [v2:172.21.15.27:6800/3905135987,v1:172.21.15.27:6801/3905135987] conn(0x7fa4180394d0 0x7fa41803b990 secure :-1 s=READY pgs=9 cs=0 l=1 rev1=1 crypto rx=0x7fa420006fd0 tx=0x7fa420006e40 comp rx=0 tx=0).ready entity=mgr.14152 client_cookie=0 server_cookie=0 in_seq=0 out_seq=0
2024-03-27T06:44:40.667 INFO:teuthology.orchestra.run.smithi027.stdout:/usr/bin/ceph: stderr
2024-03-27T06:44:39.015+0000 7fa438a00700 1 -- 172.21.15.27:0/3404746175 <== mon.0 v2:172.21.15.27:3300/0 6 ==== mon_command_ack([{"prefix": "get_command_descriptions"}]=0 v0) ==== 72+0+187541 (secure 0 0 0) 0x7fa424010380 con 0x7fa43407dae0
2024-03-27T06:44:40.667 INFO:teuthology.orchestra.run.smithi027.stdout:/usr/bin/ceph: stderr
2024-03-27T06:44:39.263+0000 7fa439e00700 1 -- 172.21.15.27:0/3404746175 --> [v2:172.21.15.27:3300/0,v1:172.21.15.27:6789/0] -- mon_command({"prefix": "config get", "who": "mgr", "key": "mgr/dashboard/ssl_server_port"} v 0) -- 0x7fa4341a21c0 con 0x7fa43407dae0
2024-03-27T06:44:40.667 INFO:teuthology.orchestra.run.smithi027.stdout:/usr/bin/ceph: stderr
2024-03-27T06:44:39.264+0000 7fa438a00700 1 -- 172.21.15.27:0/3404746175 <== mon.0 v2:172.21.15.27:3300/0 7 ==== mon_command_ack([{"prefix": "config get", "who": "mgr", "key": "mgr/dashboard/ssl_server_port"}]=0 v8) ==== 112+0+5 (secure 0 0 0) 0x7fa424019c90 con 0x7fa43407dae0
2024-03-27T06:44:40.667 INFO:teuthology.orchestra.run.smithi027.stdout:/usr/bin/ceph: stderr
2024-03-27T06:44:39.267+0000 7fa439e00700 1 -- 172.21.15.27:0/3404746175 >> [v2:172.21.15.27:6800/3905135987,v1:172.21.15.27:6801/3905135987] conn(0x7fa4180394d0 msgr2=0x7fa41803b990 secure :-1 s=STATE_CONNECTION_ESTABLISHED l=1).mark_down
2024-03-27T06:44:40.667 INFO:teuthology.orchestra.run.smithi027.stdout:/usr/bin/ceph: stderr
2024-03-27T06:44:39.267+0000 7fa439e00700 1 --2- 172.21.15.27:0/3404746175 >> [v2:172.21.15.27:6800/3905135987,v1:172.21.15.27:6801/3905135987] conn(0x7fa4180394d0 0x7fa41803b990 secure :-1 s=READY pgs=9 cs=0 l=1 rev1=1 crypto rx=0x7fa420006fd0 tx=0x7fa420006e40 comp rx=0 tx=0).stop
2024-03-27T06:44:40.667 INFO:teuthology.orchestra.run.smithi027.stdout:/usr/bin/ceph: stderr
2024-03-27T06:44:39.267+0000 7fa439e00700 1 -- 172.21.15.27:0/3404746175 >> [v2:172.21.15.27:3300/0,v1:172.21.15.27:6789/0] conn(0x7fa43407dae0 msgr2=0x7fa43407c250 secure :-1 s=STATE_CONNECTION_ESTABLISHED l=1).mark_down
2024-03-27T06:44:40.667 INFO:teuthology.orchestra.run.smithi027.stdout:/usr/bin/ceph: stderr
2024-03-27T06:44:39.267+0000 7fa439e00700 1 --2- 172.21.15.27:0/3404746175 >> [v2:172.21.15.27:3300/0,v1:172.21.15.27:6789/0] conn(0x7fa43407dae0 0x7fa43407c250 secure :-1 s=READY pgs=75 cs=0 l=1 rev1=1 crypto rx=0x7fa424000c00 tx=0x7fa424012ff0 comp rx=0 tx=0).stop
2024-03-27T06:44:40.667 INFO:teuthology.orchestra.run.smithi027.stdout:/usr/bin/ceph: stderr
2024-03-27T06:44:39.267+0000 7fa439e00700 1 -- 172.21.15.27:0/3404746175 shutdown_connections
2024-03-27T06:44:40.667 INFO:teuthology.orchestra.run.smithi027.stdout:/usr/bin/ceph: stderr
2024-03-27T06:44:39.267+0000 7fa439e00700 1 --2- 172.21.15.27:0/3404746175 >> [v2:172.21.15.27:6800/3905135987,v1:172.21.15.27:6801/3905135987] conn(0x7fa4180394d0 0x7fa41803b990 unknown :-1 s=CLOSED pgs=9 cs=0 l=1 rev1=1 crypto rx=0 tx=0 comp rx=0 tx=0).stop
2024-03-27T06:44:40.668 INFO:teuthology.orchestra.run.smithi027.stdout:/usr/bin/ceph: stderr
2024-03-27T06:44:39.267+0000 7fa439e00700 1 --2- 172.21.15.27:0/3404746175 >> [v2:172.21.15.27:3300/0,v1:172.21.15.27:6789/0] conn(0x7fa43407dae0 0x7fa43407c250 unknown :-1 s=CLOSED pgs=75 cs=0 l=1 rev1=1 crypto rx=0 tx=0 comp rx=0 tx=0).stop
2024-03-27T06:44:40.668 INFO:teuthology.orchestra.run.smithi027.stdout:/usr/bin/ceph: stderr
2024-03-27T06:44:39.267+0000 7fa439e00700 1 -- 172.21.15.27:0/3404746175 >> 172.21.15.27:0/3404746175 conn(0x7fa4341036d0 msgr2=0x7fa434104240 unknown :-1 s=STATE_NONE l=0).mark_down
2024-03-27T06:44:40.668 INFO:teuthology.orchestra.run.smithi027.stdout:/usr/bin/ceph: stderr
2024-03-27T06:44:39.267+0000 7fa439e00700 1 -- 172.21.15.27:0/3404746175 shutdown_connections
2024-03-27T06:44:40.668 INFO:teuthology.orchestra.run.smithi027.stdout:/usr/bin/ceph: stderr
2024-03-27T06:44:39.267+0000 7fa439e00700 1 -- 172.21.15.27:0/3404746175 wait complete.
2024-03-27T06:44:40.699 INFO:teuthology.orchestra.run.smithi027.stdout:Non-zero exit code 1 from systemctl is-enabled firewalld.service
2024-03-27T06:44:40.699 INFO:teuthology.orchestra.run.smithi027.stdout:systemctl: stdout disabled
2024-03-27T06:44:40.722 INFO:teuthology.orchestra.run.smithi027.stdout:Non-zero exit code 3 from systemctl is-active firewalld.service
2024-03-27T06:44:40.722 INFO:teuthology.orchestra.run.smithi027.stdout:systemctl: stdout inactive
2024-03-27T06:44:40.723 INFO:teuthology.orchestra.run.smithi027.stdout:firewalld.service is not enabled
2024-03-27T06:44:40.723 INFO:teuthology.orchestra.run.smithi027.stdout:Not possible to open ports <[8443]>. firewalld.service is not available
2024-03-27T06:44:40.730 INFO:teuthology.orchestra.run.smithi027.stdout:Ceph Dashboard is now available at:
2024-03-27T06:44:40.730 INFO:teuthology.orchestra.run.smithi027.stdout:
2024-03-27T06:44:40.730 INFO:teuthology.orchestra.run.smithi027.stdout: URL: https://smithi027.front.sepia.ceph.com:8443/
2024-03-27T06:44:40.730 INFO:teuthology.orchestra.run.smithi027.stdout: User: admin
2024-03-27T06:44:40.730 INFO:teuthology.orchestra.run.smithi027.stdout: Password: n555bxi0qj
2024-03-27T06:44:40.730 INFO:teuthology.orchestra.run.smithi027.stdout:
2024-03-27T06:44:40.731 INFO:teuthology.orchestra.run.smithi027.stdout:Saving cluster configuration to /var/lib/ceph/258aafa0-ec05-11ee-95d0-87774f69a715/config directory
2024-03-27T06:44:40.733 INFO:teuthology.orchestra.run.smithi027.stdout:Enabling autotune for osd_memory_target
2024-03-27T06:44:42.582 INFO:teuthology.orchestra.run.smithi027.stdout:/usr/bin/ceph: stderr
2024-03-27T06:44:41.587+0000 7f51cce00700 1 Processor -- start
2024-03-27T06:44:42.583 INFO:teuthology.orchestra.run.smithi027.stdout:/usr/bin/ceph: stderr
2024-03-27T06:44:41.588+0000 7f51cce00700 1 -- start start
2024-03-27T06:44:42.583 INFO:teuthology.orchestra.run.smithi027.stdout:/usr/bin/ceph: stderr
2024-03-27T06:44:41.588+0000 7f51cce00700 1 --2- >> [v2:172.21.15.27:3300/0,v1:172.21.15.27:6789/0] conn(0x7f51c807de10 0x7f51c807c270 unknown :-1 s=NONE pgs=0 cs=0 l=0 rev1=0 crypto rx=0 tx=0 comp rx=0 tx=0).connect
2024-03-27T06:44:42.583 INFO:teuthology.orchestra.run.smithi027.stdout:/usr/bin/ceph: stderr
2024-03-27T06:44:41.588+0000 7f51cce00700 1 -- --> [v2:172.21.15.27:3300/0,v1:172.21.15.27:6789/0] -- mon_getmap magic: 0 -- 0x7f51c807c840 con 0x7f51c807de10
2024-03-27T06:44:42.583 INFO:teuthology.orchestra.run.smithi027.stdout:/usr/bin/ceph: stderr
