2024-03-27T07:14:02.963+0000 7f5db5f0c700 1 Processor -- start
2024-03-27T07:14:03.758 INFO:teuthology.orchestra.run.smithi082.stdout:/usr/bin/ceph: stderr
2024-03-27T07:14:02.963+0000 7f5db5f0c700 1 -- start start
2024-03-27T07:14:03.758 INFO:teuthology.orchestra.run.smithi082.stdout:/usr/bin/ceph: stderr
2024-03-27T07:14:02.964+0000 7f5db5f0c700 1 --2- >> [v2:172.21.15.82:3300/0,v1:172.21.15.82:6789/0] conn(0x7f5db0106370 0x7f5db0108b80 unknown :-1 s=NONE pgs=0 cs=0 l=1 rev1=0 crypto rx=0 tx=0 comp rx=0 tx=0).connect
2024-03-27T07:14:03.759 INFO:teuthology.orchestra.run.smithi082.stdout:/usr/bin/ceph: stderr
2024-03-27T07:14:02.964+0000 7f5db5f0c700 1 -- --> [v2:172.21.15.82:3300/0,v1:172.21.15.82:6789/0] -- mon_getmap magic: 0 -- 0x7f5db010c6b0 con 0x7f5db0106370
2024-03-27T07:14:03.759 INFO:teuthology.orchestra.run.smithi082.stdout:/usr/bin/ceph: stderr
2024-03-27T07:14:02.964+0000 7f5daf7fe700 1 --2- >> [v2:172.21.15.82:3300/0,v1:172.21.15.82:6789/0] conn(0x7f5db0106370 0x7f5db0108b80 unknown :-1 s=BANNER_CONNECTING pgs=0 cs=0 l=1 rev1=0 crypto rx=0 tx=0 comp rx=0 tx=0)._handle_peer_banner_payload supported=3 required=0
2024-03-27T07:14:03.759 INFO:teuthology.orchestra.run.smithi082.stdout:/usr/bin/ceph: stderr
2024-03-27T07:14:02.964+0000 7f5daf7fe700 1 --2- >> [v2:172.21.15.82:3300/0,v1:172.21.15.82:6789/0] conn(0x7f5db0106370 0x7f5db0108b80 unknown :-1 s=HELLO_CONNECTING pgs=0 cs=0 l=1 rev1=1 crypto rx=0 tx=0 comp rx=0 tx=0).handle_hello peer v2:172.21.15.82:3300/0 says I am v2:172.21.15.82:57264/0 (socket says 172.21.15.82:57264)
2024-03-27T07:14:03.759 INFO:teuthology.orchestra.run.smithi082.stdout:/usr/bin/ceph: stderr
2024-03-27T07:14:02.964+0000 7f5daf7fe700 1 -- 172.21.15.82:0/2366811394 learned_addr learned my addr 172.21.15.82:0/2366811394 (peer_addr_for_me v2:172.21.15.82:0/0)
2024-03-27T07:14:03.759 INFO:teuthology.orchestra.run.smithi082.stdout:/usr/bin/ceph: stderr
2024-03-27T07:14:02.964+0000 7f5daf7fe700 1 -- 172.21.15.82:0/2366811394 --> [v2:172.21.15.82:3300/0,v1:172.21.15.82:6789/0] -- mon_subscribe({config=0+,monmap=0+}) -- 0x7f5db01090c0 con 0x7f5db0106370
2024-03-27T07:14:03.759 INFO:teuthology.orchestra.run.smithi082.stdout:/usr/bin/ceph: stderr
2024-03-27T07:14:02.964+0000 7f5daf7fe700 1 --2- 172.21.15.82:0/2366811394 >> [v2:172.21.15.82:3300/0,v1:172.21.15.82:6789/0] conn(0x7f5db0106370 0x7f5db0108b80 secure :-1 s=READY pgs=40 cs=0 l=1 rev1=1 crypto rx=0x7f5da0009fb0 tx=0x7f5da0011bf0 comp rx=0 tx=0).ready entity=mon.0 client_cookie=0 server_cookie=0 in_seq=0 out_seq=0
2024-03-27T07:14:03.759 INFO:teuthology.orchestra.run.smithi082.stdout:/usr/bin/ceph: stderr
2024-03-27T07:14:02.964+0000 7f5dacff9700 1 -- 172.21.15.82:0/2366811394 <== mon.0 v2:172.21.15.82:3300/0 1 ==== mon_map magic: 0 ==== 205+0+0 (secure 0 0 0) 0x7f5da00038b0 con 0x7f5db0106370
2024-03-27T07:14:03.759 INFO:teuthology.orchestra.run.smithi082.stdout:/usr/bin/ceph: stderr
2024-03-27T07:14:02.964+0000 7f5dacff9700 1 -- 172.21.15.82:0/2366811394 <== mon.0 v2:172.21.15.82:3300/0 2 ==== config(27 keys) ==== 1109+0+0 (secure 0 0 0) 0x7f5da0011e50 con 0x7f5db0106370
2024-03-27T07:14:03.759 INFO:teuthology.orchestra.run.smithi082.stdout:/usr/bin/ceph: stderr
2024-03-27T07:14:02.964+0000 7f5db5f0c700 1 -- 172.21.15.82:0/2366811394 --> [v2:172.21.15.82:3300/0,v1:172.21.15.82:6789/0] -- mon_subscribe({mgrmap=0+}) -- 0x7f5db01072b0 con 0x7f5db0106370
2024-03-27T07:14:03.759 INFO:teuthology.orchestra.run.smithi082.stdout:/usr/bin/ceph: stderr
2024-03-27T07:14:02.964+0000 7f5dacff9700 1 -- 172.21.15.82:0/2366811394 <== mon.0 v2:172.21.15.82:3300/0 3 ==== mon_map magic: 0 ==== 205+0+0 (secure 0 0 0) 0x7f5da0019550 con 0x7f5db0106370
2024-03-27T07:14:03.759 INFO:teuthology.orchestra.run.smithi082.stdout:/usr/bin/ceph: stderr
2024-03-27T07:14:02.964+0000 7f5db5f0c700 1 -- 172.21.15.82:0/2366811394 --> [v2:172.21.15.82:3300/0,v1:172.21.15.82:6789/0] -- mon_subscribe({osdmap=0}) -- 0x7f5db01077f0 con 0x7f5db0106370
2024-03-27T07:14:03.759 INFO:teuthology.orchestra.run.smithi082.stdout:/usr/bin/ceph: stderr
2024-03-27T07:14:02.965+0000 7f5dacff9700 1 -- 172.21.15.82:0/2366811394 <== mon.0 v2:172.21.15.82:3300/0 4 ==== mgrmap(e 8) ==== 46466+0+0 (secure 0 0 0) 0x7f5da0019850 con 0x7f5db0106370
2024-03-27T07:14:03.759 INFO:teuthology.orchestra.run.smithi082.stdout:/usr/bin/ceph: stderr
2024-03-27T07:14:02.965+0000 7f5db5f0c700 1 -- 172.21.15.82:0/2366811394 --> [v2:172.21.15.82:3300/0,v1:172.21.15.82:6789/0] -- mon_command({"prefix": "get_command_descriptions"} v 0) -- 0x7f5db0069740 con 0x7f5db0106370
2024-03-27T07:14:03.759 INFO:teuthology.orchestra.run.smithi082.stdout:/usr/bin/ceph: stderr
2024-03-27T07:14:02.965+0000 7f5dacff9700 1 --2- 172.21.15.82:0/2366811394 >> [v2:172.21.15.82:6800/3434341690,v1:172.21.15.82:6801/3434341690] conn(0x7f5d98039380 0x7f5d9803b840 unknown :-1 s=NONE pgs=0 cs=0 l=1 rev1=0 crypto rx=0 tx=0 comp rx=0 tx=0).connect
2024-03-27T07:14:03.760 INFO:teuthology.orchestra.run.smithi082.stdout:/usr/bin/ceph: stderr
2024-03-27T07:14:02.965+0000 7f5dacff9700 1 -- 172.21.15.82:0/2366811394 <== mon.0 v2:172.21.15.82:3300/0 5 ==== osd_map(2..2 src has 1..2) ==== 940+0+0 (secure 0 0 0) 0x7f5da004d950 con 0x7f5db0106370
2024-03-27T07:14:03.760 INFO:teuthology.orchestra.run.smithi082.stdout:/usr/bin/ceph: stderr
2024-03-27T07:14:02.966+0000 7f5daeffd700 1 --2- 172.21.15.82:0/2366811394 >> [v2:172.21.15.82:6800/3434341690,v1:172.21.15.82:6801/3434341690] conn(0x7f5d98039380 0x7f5d9803b840 unknown :-1 s=BANNER_CONNECTING pgs=0 cs=0 l=1 rev1=0 crypto rx=0 tx=0 comp rx=0 tx=0)._handle_peer_banner_payload supported=3 required=0
2024-03-27T07:14:03.760 INFO:teuthology.orchestra.run.smithi082.stdout:/usr/bin/ceph: stderr
2024-03-27T07:14:02.966+0000 7f5daeffd700 1 --2- 172.21.15.82:0/2366811394 >> [v2:172.21.15.82:6800/3434341690,v1:172.21.15.82:6801/3434341690] conn(0x7f5d98039380 0x7f5d9803b840 secure :-1 s=READY pgs=8 cs=0 l=1 rev1=1 crypto rx=0x7f5da4006fd0 tx=0x7f5da4006e40 comp rx=0 tx=0).ready entity=mgr.14120 client_cookie=0 server_cookie=0 in_seq=0 out_seq=0
2024-03-27T07:14:03.760 INFO:teuthology.orchestra.run.smithi082.stdout:/usr/bin/ceph: stderr
2024-03-27T07:14:02.970+0000 7f5dacff9700 1 -- 172.21.15.82:0/2366811394 <== mon.0 v2:172.21.15.82:3300/0 6 ==== mon_command_ack([{"prefix": "get_command_descriptions"}]=0 v0) ==== 72+0+187541 (secure 0 0 0) 0x7f5da0003ac0 con 0x7f5db0106370
2024-03-27T07:14:03.760 INFO:teuthology.orchestra.run.smithi082.stdout:/usr/bin/ceph: stderr
2024-03-27T07:14:03.170+0000 7f5db5f0c700 1 -- 172.21.15.82:0/2366811394 --> [v2:172.21.15.82:6800/3434341690,v1:172.21.15.82:6801/3434341690] -- mgr_command(tid 0: {"prefix": "cephadm set-user", "user": "root", "target": ["mon-mgr", ""]}) -- 0x7f5db0102fc0 con 0x7f5d98039380
2024-03-27T07:14:03.760 INFO:teuthology.orchestra.run.smithi082.stdout:/usr/bin/ceph: stderr
2024-03-27T07:14:03.171+0000 7f5dacff9700 1 -- 172.21.15.82:0/2366811394 <== mgr.14120 v2:172.21.15.82:6800/3434341690 1 ==== mgr_command_reply(tid 0: 0 ) ==== 8+0+16 (secure 0 0 0) 0x7f5db0102fc0 con 0x7f5d98039380
2024-03-27T07:14:03.760 INFO:teuthology.orchestra.run.smithi082.stdout:/usr/bin/ceph: stderr
2024-03-27T07:14:03.173+0000 7f5db5f0c700 1 -- 172.21.15.82:0/2366811394 >> [v2:172.21.15.82:6800/3434341690,v1:172.21.15.82:6801/3434341690] conn(0x7f5d98039380 msgr2=0x7f5d9803b840 secure :-1 s=STATE_CONNECTION_ESTABLISHED l=1).mark_down
2024-03-27T07:14:03.760 INFO:teuthology.orchestra.run.smithi082.stdout:/usr/bin/ceph: stderr
2024-03-27T07:14:03.173+0000 7f5db5f0c700 1 --2- 172.21.15.82:0/2366811394 >> [v2:172.21.15.82:6800/3434341690,v1:172.21.15.82:6801/3434341690] conn(0x7f5d98039380 0x7f5d9803b840 secure :-1 s=READY pgs=8 cs=0 l=1 rev1=1 crypto rx=0x7f5da4006fd0 tx=0x7f5da4006e40 comp rx=0 tx=0).stop
2024-03-27T07:14:03.760 INFO:teuthology.orchestra.run.smithi082.stdout:/usr/bin/ceph: stderr
2024-03-27T07:14:03.173+0000 7f5db5f0c700 1 -- 172.21.15.82:0/2366811394 >> [v2:172.21.15.82:3300/0,v1:172.21.15.82:6789/0] conn(0x7f5db0106370 msgr2=0x7f5db0108b80 secure :-1 s=STATE_CONNECTION_ESTABLISHED l=1).mark_down
2024-03-27T07:14:03.760 INFO:teuthology.orchestra.run.smithi082.stdout:/usr/bin/ceph: stderr
2024-03-27T07:14:03.173+0000 7f5db5f0c700 1 --2- 172.21.15.82:0/2366811394 >> [v2:172.21.15.82:3300/0,v1:172.21.15.82:6789/0] conn(0x7f5db0106370 0x7f5db0108b80 secure :-1 s=READY pgs=40 cs=0 l=1 rev1=1 crypto rx=0x7f5da0009fb0 tx=0x7f5da0011bf0 comp rx=0 tx=0).stop
2024-03-27T07:14:03.760 INFO:teuthology.orchestra.run.smithi082.stdout:/usr/bin/ceph: stderr
2024-03-27T07:14:03.173+0000 7f5db5f0c700 1 -- 172.21.15.82:0/2366811394 shutdown_connections
2024-03-27T07:14:03.760 INFO:teuthology.orchestra.run.smithi082.stdout:/usr/bin/ceph: stderr
2024-03-27T07:14:03.173+0000 7f5db5f0c700 1 --2- 172.21.15.82:0/2366811394 >> [v2:172.21.15.82:6800/3434341690,v1:172.21.15.82:6801/3434341690] conn(0x7f5d98039380 0x7f5d9803b840 unknown :-1 s=CLOSED pgs=8 cs=0 l=1 rev1=1 crypto rx=0 tx=0 comp rx=0 tx=0).stop
2024-03-27T07:14:03.760 INFO:teuthology.orchestra.run.smithi082.stdout:/usr/bin/ceph: stderr
2024-03-27T07:14:03.173+0000 7f5db5f0c700 1 --2- 172.21.15.82:0/2366811394 >> [v2:172.21.15.82:3300/0,v1:172.21.15.82:6789/0] conn(0x7f5db0106370 0x7f5db0108b80 unknown :-1 s=CLOSED pgs=40 cs=0 l=1 rev1=1 crypto rx=0 tx=0 comp rx=0 tx=0).stop
2024-03-27T07:14:03.760 INFO:teuthology.orchestra.run.smithi082.stdout:/usr/bin/ceph: stderr
2024-03-27T07:14:03.173+0000 7f5db5f0c700 1 -- 172.21.15.82:0/2366811394 >> 172.21.15.82:0/2366811394 conn(0x7f5db0101d20 msgr2=0x7f5db01028b0 unknown :-1 s=STATE_NONE l=0).mark_down
2024-03-27T07:14:03.761 INFO:teuthology.orchestra.run.smithi082.stdout:/usr/bin/ceph: stderr
2024-03-27T07:14:03.173+0000 7f5db5f0c700 1 -- 172.21.15.82:0/2366811394 shutdown_connections
2024-03-27T07:14:03.761 INFO:teuthology.orchestra.run.smithi082.stdout:/usr/bin/ceph: stderr
2024-03-27T07:14:03.173+0000 7f5db5f0c700 1 -- 172.21.15.82:0/2366811394 wait complete.
2024-03-27T07:14:03.761 INFO:teuthology.orchestra.run.smithi082.stdout:Generating ssh key...
2024-03-27T07:14:04.356 INFO:journalctl@ceph.mon.a.smithi082.stdout:Mar 27 07:14:04 smithi082 ceph-mon[32178]: from='client.14134 -' entity='client.admin' cmd=[{"prefix": "cephadm set-user", "user": "root", "target": ["mon-mgr", ""]}]: dispatch
2024-03-27T07:14:04.687 INFO:journalctl@ceph.mgr.x.smithi082.stdout:Mar 27 07:14:04 smithi082 ceph-604548c2-ec09-11ee-95d0-87774f69a715-mgr-x[32407]: Generating public/private rsa key pair.
2024-03-27T07:14:04.687 INFO:journalctl@ceph.mgr.x.smithi082.stdout:Mar 27 07:14:04 smithi082 ceph-604548c2-ec09-11ee-95d0-87774f69a715-mgr-x[32407]: Your identification has been saved in /tmp/tmp1z8uvs1v/key.
2024-03-27T07:14:04.687 INFO:journalctl@ceph.mgr.x.smithi082.stdout:Mar 27 07:14:04 smithi082 ceph-604548c2-ec09-11ee-95d0-87774f69a715-mgr-x[32407]: Your public key has been saved in /tmp/tmp1z8uvs1v/key.pub.
2024-03-27T07:14:04.687 INFO:journalctl@ceph.mgr.x.smithi082.stdout:Mar 27 07:14:04 smithi082 ceph-604548c2-ec09-11ee-95d0-87774f69a715-mgr-x[32407]: The key fingerprint is:
2024-03-27T07:14:04.687 INFO:journalctl@ceph.mgr.x.smithi082.stdout:Mar 27 07:14:04 smithi082 ceph-604548c2-ec09-11ee-95d0-87774f69a715-mgr-x[32407]: SHA256:NibmaidTd9H31OH44sUjbQDK3AAgpQoDj50q/OsR58A ceph-604548c2-ec09-11ee-95d0-87774f69a715
2024-03-27T07:14:04.687 INFO:journalctl@ceph.mgr.x.smithi082.stdout:Mar 27 07:14:04 smithi082 ceph-604548c2-ec09-11ee-95d0-87774f69a715-mgr-x[32407]: The key's randomart image is:
2024-03-27T07:14:04.687 INFO:journalctl@ceph.mgr.x.smithi082.stdout:Mar 27 07:14:04 smithi082 ceph-604548c2-ec09-11ee-95d0-87774f69a715-mgr-x[32407]: +---[RSA 3072]----+
2024-03-27T07:14:04.687 INFO:journalctl@ceph.mgr.x.smithi082.stdout:Mar 27 07:14:04 smithi082 ceph-604548c2-ec09-11ee-95d0-87774f69a715-mgr-x[32407]: |. ..o... |
2024-03-27T07:14:04.687 INFO:journalctl@ceph.mgr.x.smithi082.stdout:Mar 27 07:14:04 smithi082 ceph-604548c2-ec09-11ee-95d0-87774f69a715-mgr-x[32407]: |.+ .o . . . |
2024-03-27T07:14:04.687 INFO:journalctl@ceph.mgr.x.smithi082.stdout:Mar 27 07:14:04 smithi082 ceph-604548c2-ec09-11ee-95d0-87774f69a715-mgr-x[32407]: |+ +. o +.. o o|
2024-03-27T07:14:04.688 INFO:journalctl@ceph.mgr.x.smithi082.stdout:Mar 27 07:14:04 smithi082 ceph-604548c2-ec09-11ee-95d0-87774f69a715-mgr-x[32407]: |ooo +...o..o|
2024-03-27T07:14:04.688 INFO:journalctl@ceph.mgr.x.smithi082.stdout:Mar 27 07:14:04 smithi082 ceph-604548c2-ec09-11ee-95d0-87774f69a715-mgr-x[32407]: |oo E .o S . .=o |
2024-03-27T07:14:04.688 INFO:journalctl@ceph.mgr.x.smithi082.stdout:Mar 27 07:14:04 smithi082 ceph-604548c2-ec09-11ee-95d0-87774f69a715-mgr-x[32407]: |. . =o.+... o B.|
2024-03-27T07:14:04.688 INFO:journalctl@ceph.mgr.x.smithi082.stdout:Mar 27 07:14:04 smithi082 ceph-604548c2-ec09-11ee-95d0-87774f69a715-mgr-x[32407]: | o o.. . . = .|
2024-03-27T07:14:04.688 INFO:journalctl@ceph.mgr.x.smithi082.stdout:Mar 27 07:14:04 smithi082 ceph-604548c2-ec09-11ee-95d0-87774f69a715-mgr-x[32407]: | *.. . |
2024-03-27T07:14:04.688 INFO:journalctl@ceph.mgr.x.smithi082.stdout:Mar 27 07:14:04 smithi082 ceph-604548c2-ec09-11ee-95d0-87774f69a715-mgr-x[32407]: | .+.+ |
2024-03-27T07:14:04.688 INFO:journalctl@ceph.mgr.x.smithi082.stdout:Mar 27 07:14:04 smithi082 ceph-604548c2-ec09-11ee-95d0-87774f69a715-mgr-x[32407]: +----[SHA256]-----+
2024-03-27T07:14:05.137 INFO:teuthology.orchestra.run.smithi082.stdout:/usr/bin/ceph: stderr
2024-03-27T07:14:04.149+0000 7f2ea1bf2700 1 Processor -- start
2024-03-27T07:14:05.138 INFO:teuthology.orchestra.run.smithi082.stdout:/usr/bin/ceph: stderr
2024-03-27T07:14:04.149+0000 7f2ea1bf2700 1 -- start start
2024-03-27T07:14:05.138 INFO:teuthology.orchestra.run.smithi082.stdout:/usr/bin/ceph: stderr
2024-03-27T07:14:04.149+0000 7f2ea1bf2700 1 --2- >> [v2:172.21.15.82:3300/0,v1:172.21.15.82:6789/0] conn(0x7f2e9c1080e0 0x7f2e9c108500 unknown :-1 s=NONE pgs=0 cs=0 l=0 rev1=0 crypto rx=0 tx=0 comp rx=0 tx=0).connect
2024-03-27T07:14:05.138 INFO:teuthology.orchestra.run.smithi082.stdout:/usr/bin/ceph: stderr
2024-03-27T07:14:04.149+0000 7f2ea1bf2700 1 -- --> [v2:172.21.15.82:3300/0,v1:172.21.15.82:6789/0] -- mon_getmap magic: 0 -- 0x7f2e9c108ad0 con 0x7f2e9c1080e0
2024-03-27T07:14:05.138 INFO:teuthology.orchestra.run.smithi082.stdout:/usr/bin/ceph: stderr
2024-03-27T07:14:04.149+0000 7f2e9b7fe700 1 --2- >> [v2:172.21.15.82:3300/0,v1:172.21.15.82:6789/0] conn(0x7f2e9c1080e0 0x7f2e9c108500 unknown :-1 s=BANNER_CONNECTING pgs=0 cs=0 l=0 rev1=0 crypto rx=0 tx=0 comp rx=0 tx=0)._handle_peer_banner_payload supported=3 required=0
2024-03-27T07:14:05.138 INFO:teuthology.orchestra.run.smithi082.stdout:/usr/bin/ceph: stderr
2024-03-27T07:14:04.149+0000 7f2e9b7fe700 1 --2- >> [v2:172.21.15.82:3300/0,v1:172.21.15.82:6789/0] conn(0x7f2e9c1080e0 0x7f2e9c108500 unknown :-1 s=HELLO_CONNECTING pgs=0 cs=0 l=0 rev1=1 crypto rx=0 tx=0 comp rx=0 tx=0).handle_hello peer v2:172.21.15.82:3300/0 says I am v2:172.21.15.82:57278/0 (socket says 172.21.15.82:57278)
2024-03-27T07:14:05.138 INFO:teuthology.orchestra.run.smithi082.stdout:/usr/bin/ceph: stderr
2024-03-27T07:14:04.149+0000 7f2e9b7fe700 1 -- 172.21.15.82:0/2542586310 learned_addr learned my addr 172.21.15.82:0/2542586310 (peer_addr_for_me v2:172.21.15.82:0/0)
2024-03-27T07:14:05.138 INFO:teuthology.orchestra.run.smithi082.stdout:/usr/bin/ceph: stderr
2024-03-27T07:14:04.150+0000 7f2e9b7fe700 1 -- 172.21.15.82:0/2542586310 --> [v2:172.21.15.82:3300/0,v1:172.21.15.82:6789/0] -- mon_subscribe({config=0+,monmap=0+}) -- 0x7f2e9c109290 con 0x7f2e9c1080e0
2024-03-27T07:14:05.138 INFO:teuthology.orchestra.run.smithi082.stdout:/usr/bin/ceph: stderr
2024-03-27T07:14:04.150+0000 7f2e9b7fe700 1 --2- 172.21.15.82:0/2542586310 >> [v2:172.21.15.82:3300/0,v1:172.21.15.82:6789/0] conn(0x7f2e9c1080e0 0x7f2e9c108500 secure :-1 s=READY pgs=41 cs=0 l=1 rev1=1 crypto rx=0x7f2e8c0098a0 tx=0x7f2e8c009bb0 comp rx=0 tx=0).ready entity=mon.0 client_cookie=f1752000bb3f8d1a server_cookie=0 in_seq=0 out_seq=0
2024-03-27T07:14:05.138 INFO:teuthology.orchestra.run.smithi082.stdout:/usr/bin/ceph: stderr
2024-03-27T07:14:04.150+0000 7f2e9a7fc700 1 -- 172.21.15.82:0/2542586310 <== mon.0 v2:172.21.15.82:3300/0 1 ==== mon_map magic: 0 ==== 205+0+0 (secure 0 0 0) 0x7f2e8c004160 con 0x7f2e9c1080e0
2024-03-27T07:14:05.138 INFO:teuthology.orchestra.run.smithi082.stdout:/usr/bin/ceph: stderr
2024-03-27T07:14:04.150+0000 7f2e9a7fc700 1 -- 172.21.15.82:0/2542586310 <== mon.0 v2:172.21.15.82:3300/0 2 ==== config(27 keys) ==== 1109+0+0 (secure 0 0 0) 0x7f2e8c004300 con 0x7f2e9c1080e0
2024-03-27T07:14:05.138 INFO:teuthology.orchestra.run.smithi082.stdout:/usr/bin/ceph: stderr
2024-03-27T07:14:04.150+0000 7f2e9a7fc700 1 -- 172.21.15.82:0/2542586310 <== mon.0 v2:172.21.15.82:3300/0 3 ==== mon_map magic: 0 ==== 205+0+0 (secure 0 0 0) 0x7f2e8c011b50 con 0x7f2e9c1080e0
2024-03-27T07:14:05.138 INFO:teuthology.orchestra.run.smithi082.stdout:/usr/bin/ceph: stderr
2024-03-27T07:14:04.150+0000 7f2ea1bf2700 1 -- 172.21.15.82:0/2542586310 >> [v2:172.21.15.82:3300/0,v1:172.21.15.82:6789/0] conn(0x7f2e9c1080e0 msgr2=0x7f2e9c108500 secure :-1 s=STATE_CONNECTION_ESTABLISHED l=1).mark_down
2024-03-27T07:14:05.139 INFO:teuthology.orchestra.run.smithi082.stdout:/usr/bin/ceph: stderr
2024-03-27T07:14:04.150+0000 7f2ea1bf2700 1 --2- 172.21.15.82:0/2542586310 >> [v2:172.21.15.82:3300/0,v1:172.21.15.82:6789/0] conn(0x7f2e9c1080e0 0x7f2e9c108500 secure :-1 s=READY pgs=41 cs=0 l=1 rev1=1 crypto rx=0x7f2e8c0098a0 tx=0x7f2e8c009bb0 comp rx=0 tx=0).stop
2024-03-27T07:14:05.139 INFO:teuthology.orchestra.run.smithi082.stdout:/usr/bin/ceph: stderr
2024-03-27T07:14:04.150+0000 7f2ea1bf2700 1 -- 172.21.15.82:0/2542586310 shutdown_connections
2024-03-27T07:14:05.139 INFO:teuthology.orchestra.run.smithi082.stdout:/usr/bin/ceph: stderr
2024-03-27T07:14:04.150+0000 7f2ea1bf2700 1 --2- 172.21.15.82:0/2542586310 >> [v2:172.21.15.82:3300/0,v1:172.21.15.82:6789/0] conn(0x7f2e9c1080e0 0x7f2e9c108500 unknown :-1 s=CLOSED pgs=41 cs=0 l=1 rev1=1 crypto rx=0 tx=0 comp rx=0 tx=0).stop
2024-03-27T07:14:05.139 INFO:teuthology.orchestra.run.smithi082.stdout:/usr/bin/ceph: stderr
2024-03-27T07:14:04.150+0000 7f2ea1bf2700 1 -- 172.21.15.82:0/2542586310 >> 172.21.15.82:0/2542586310 conn(0x7f2e9c103700 msgr2=0x7f2e9c105b20 unknown :-1 s=STATE_NONE l=0).mark_down
2024-03-27T07:14:05.139 INFO:teuthology.orchestra.run.smithi082.stdout:/usr/bin/ceph: stderr
2024-03-27T07:14:04.151+0000 7f2ea1bf2700 1 -- 172.21.15.82:0/2542586310 shutdown_connections
2024-03-27T07:14:05.139 INFO:teuthology.orchestra.run.smithi082.stdout:/usr/bin/ceph: stderr
2024-03-27T07:14:04.151+0000 7f2ea1bf2700 1 -- 172.21.15.82:0/2542586310 wait complete.
2024-03-27T07:14:05.139 INFO:teuthology.orchestra.run.smithi082.stdout:/usr/bin/ceph: stderr
2024-03-27T07:14:04.151+0000 7f2ea1bf2700 1 Processor -- start
2024-03-27T07:14:05.139 INFO:teuthology.orchestra.run.smithi082.stdout:/usr/bin/ceph: stderr
2024-03-27T07:14:04.151+0000 7f2ea1bf2700 1 -- start start
2024-03-27T07:14:05.139 INFO:teuthology.orchestra.run.smithi082.stdout:/usr/bin/ceph: stderr
2024-03-27T07:14:04.151+0000 7f2ea1bf2700 1 --2- >> [v2:172.21.15.82:3300/0,v1:172.21.15.82:6789/0] conn(0x7f2e9c1080e0 0x7f2e9c19c080 unknown :-1 s=NONE pgs=0 cs=0 l=1 rev1=0 crypto rx=0 tx=0 comp rx=0 tx=0).connect
2024-03-27T07:14:05.139 INFO:teuthology.orchestra.run.smithi082.stdout:/usr/bin/ceph: stderr
2024-03-27T07:14:04.151+0000 7f2ea1bf2700 1 -- --> [v2:172.21.15.82:3300/0,v1:172.21.15.82:6789/0] -- mon_getmap magic: 0 -- 0x7f2e9c10c640 con 0x7f2e9c1080e0
2024-03-27T07:14:05.139 INFO:teuthology.orchestra.run.smithi082.stdout:/usr/bin/ceph: stderr
2024-03-27T07:14:04.152+0000 7f2e9b7fe700 1 --2- >> [v2:172.21.15.82:3300/0,v1:172.21.15.82:6789/0] conn(0x7f2e9c1080e0 0x7f2e9c19c080 unknown :-1 s=BANNER_CONNECTING pgs=0 cs=0 l=1 rev1=0 crypto rx=0 tx=0 comp rx=0 tx=0)._handle_peer_banner_payload supported=3 required=0
2024-03-27T07:14:05.139 INFO:teuthology.orchestra.run.smithi082.stdout:/usr/bin/ceph: stderr
2024-03-27T07:14:04.152+0000 7f2e9b7fe700 1 --2- >> [v2:172.21.15.82:3300/0,v1:172.21.15.82:6789/0] conn(0x7f2e9c1080e0 0x7f2e9c19c080 unknown :-1 s=HELLO_CONNECTING pgs=0 cs=0 l=1 rev1=1 crypto rx=0 tx=0 comp rx=0 tx=0).handle_hello peer v2:172.21.15.82:3300/0 says I am v2:172.21.15.82:57292/0 (socket says 172.21.15.82:57292)
2024-03-27T07:14:05.139 INFO:teuthology.orchestra.run.smithi082.stdout:/usr/bin/ceph: stderr
2024-03-27T07:14:04.152+0000 7f2e9b7fe700 1 -- 172.21.15.82:0/3574641345 learned_addr learned my addr 172.21.15.82:0/3574641345 (peer_addr_for_me v2:172.21.15.82:0/0)
2024-03-27T07:14:05.139 INFO:teuthology.orchestra.run.smithi082.stdout:/usr/bin/ceph: stderr
2024-03-27T07:14:04.152+0000 7f2e9b7fe700 1 -- 172.21.15.82:0/3574641345 --> [v2:172.21.15.82:3300/0,v1:172.21.15.82:6789/0] -- mon_subscribe({config=0+,monmap=0+}) -- 0x7f2e9c19c5c0 con 0x7f2e9c1080e0
2024-03-27T07:14:05.140 INFO:teuthology.orchestra.run.smithi082.stdout:/usr/bin/ceph: stderr
2024-03-27T07:14:04.152+0000 7f2e9b7fe700 1 --2- 172.21.15.82:0/3574641345 >> [v2:172.21.15.82:3300/0,v1:172.21.15.82:6789/0] conn(0x7f2e9c1080e0 0x7f2e9c19c080 secure :-1 s=READY pgs=42 cs=0 l=1 rev1=1 crypto rx=0x7f2e8c011850 tx=0x7f2e8c011c10 comp rx=0 tx=0).ready entity=mon.0 client_cookie=0 server_cookie=0 in_seq=0 out_seq=0
2024-03-27T07:14:05.140 INFO:teuthology.orchestra.run.smithi082.stdout:/usr/bin/ceph: stderr
2024-03-27T07:14:04.152+0000 7f2e98ff9700 1 -- 172.21.15.82:0/3574641345 <== mon.0 v2:172.21.15.82:3300/0 1 ==== mon_map magic: 0 ==== 205+0+0 (secure 0 0 0) 0x7f2e8c003af0 con 0x7f2e9c1080e0
2024-03-27T07:14:05.140 INFO:teuthology.orchestra.run.smithi082.stdout:/usr/bin/ceph: stderr
2024-03-27T07:14:04.152+0000 7f2e98ff9700 1 -- 172.21.15.82:0/3574641345 <== mon.0 v2:172.21.15.82:3300/0 2 ==== config(27 keys) ==== 1109+0+0 (secure 0 0 0) 0x7f2e8c020070 con 0x7f2e9c1080e0
2024-03-27T07:14:05.140 INFO:teuthology.orchestra.run.smithi082.stdout:/usr/bin/ceph: stderr
2024-03-27T07:14:04.152+0000 7f2ea1bf2700 1 -- 172.21.15.82:0/3574641345 --> [v2:172.21.15.82:3300/0,v1:172.21.15.82:6789/0] -- mon_subscribe({mgrmap=0+}) -- 0x7f2e9c19c850 con 0x7f2e9c1080e0
2024-03-27T07:14:05.140 INFO:teuthology.orchestra.run.smithi082.stdout:/usr/bin/ceph: stderr
2024-03-27T07:14:04.152+0000 7f2e98ff9700 1 -- 172.21.15.82:0/3574641345 <== mon.0 v2:172.21.15.82:3300/0 3 ==== mon_map magic: 0 ==== 205+0+0 (secure 0 0 0) 0x7f2e8c0195a0 con 0x7f2e9c1080e0
2024-03-27T07:14:05.140 INFO:teuthology.orchestra.run.smithi082.stdout:/usr/bin/ceph: stderr
2024-03-27T07:14:04.152+0000 7f2ea1bf2700 1 -- 172.21.15.82:0/3574641345 --> [v2:172.21.15.82:3300/0,v1:172.21.15.82:6789/0] -- mon_subscribe({osdmap=0}) -- 0x7f2e9c19f540 con 0x7f2e9c1080e0
2024-03-27T07:14:05.140 INFO:teuthology.orchestra.run.smithi082.stdout:/usr/bin/ceph: stderr
2024-03-27T07:14:04.153+0000 7f2e98ff9700 1 -- 172.21.15.82:0/3574641345 <== mon.0 v2:172.21.15.82:3300/0 4 ==== mgrmap(e 8) ==== 46466+0+0 (secure 0 0 0) 0x7f2e8c019850 con 0x7f2e9c1080e0
2024-03-27T07:14:05.140 INFO:teuthology.orchestra.run.smithi082.stdout:/usr/bin/ceph: stderr
2024-03-27T07:14:04.153+0000 7f2ea1bf2700 1 -- 172.21.15.82:0/3574641345 --> [v2:172.21.15.82:3300/0,v1:172.21.15.82:6789/0] -- mon_command({"prefix": "get_command_descriptions"} v 0) -- 0x7f2e9c069740 con 0x7f2e9c1080e0
2024-03-27T07:14:05.140 INFO:teuthology.orchestra.run.smithi082.stdout:/usr/bin/ceph: stderr
2024-03-27T07:14:04.153+0000 7f2e98ff9700 1 --2- 172.21.15.82:0/3574641345 >> [v2:172.21.15.82:6800/3434341690,v1:172.21.15.82:6801/3434341690] conn(0x7f2e84039420 0x7f2e8403b8e0 unknown :-1 s=NONE pgs=0 cs=0 l=1 rev1=0 crypto rx=0 tx=0 comp rx=0 tx=0).connect
2024-03-27T07:14:05.140 INFO:teuthology.orchestra.run.smithi082.stdout:/usr/bin/ceph: stderr
2024-03-27T07:14:04.153+0000 7f2e98ff9700 1 -- 172.21.15.82:0/3574641345 <== mon.0 v2:172.21.15.82:3300/0 5 ==== osd_map(2..2 src has 1..2) ==== 940+0+0 (secure 0 0 0) 0x7f2e8c011e00 con 0x7f2e9c1080e0
2024-03-27T07:14:05.140 INFO:teuthology.orchestra.run.smithi082.stdout:/usr/bin/ceph: stderr
2024-03-27T07:14:04.153+0000 7f2e9affd700 1 --2- 172.21.15.82:0/3574641345 >> [v2:172.21.15.82:6800/3434341690,v1:172.21.15.82:6801/3434341690] conn(0x7f2e84039420 0x7f2e8403b8e0 unknown :-1 s=BANNER_CONNECTING pgs=0 cs=0 l=1 rev1=0 crypto rx=0 tx=0 comp rx=0 tx=0)._handle_peer_banner_payload supported=3 required=0
2024-03-27T07:14:05.140 INFO:teuthology.orchestra.run.smithi082.stdout:/usr/bin/ceph: stderr
2024-03-27T07:14:04.154+0000 7f2e9affd700 1 --2- 172.21.15.82:0/3574641345 >> [v2:172.21.15.82:6800/3434341690,v1:172.21.15.82:6801/3434341690] conn(0x7f2e84039420 0x7f2e8403b8e0 secure :-1 s=READY pgs=9 cs=0 l=1 rev1=1 crypto rx=0x7f2e90006fd0 tx=0x7f2e90006e40 comp rx=0 tx=0).ready entity=mgr.14120 client_cookie=0 server_cookie=0 in_seq=0 out_seq=0
2024-03-27T07:14:05.140 INFO:teuthology.orchestra.run.smithi082.stdout:/usr/bin/ceph: stderr
2024-03-27T07:14:04.158+0000 7f2e98ff9700 1 -- 172.21.15.82:0/3574641345 <== mon.0 v2:172.21.15.82:3300/0 6 ==== mon_command_ack([{"prefix": "get_command_descriptions"}]=0 v0) ==== 72+0+187541 (secure 0 0 0) 0x7f2e8c019b40 con 0x7f2e9c1080e0
2024-03-27T07:14:05.140 INFO:teuthology.orchestra.run.smithi082.stdout:/usr/bin/ceph: stderr
2024-03-27T07:14:04.355+0000 7f2ea1bf2700 1 -- 172.21.15.82:0/3574641345 --> [v2:172.21.15.82:6800/3434341690,v1:172.21.15.82:6801/3434341690] -- mgr_command(tid 0: {"prefix": "cephadm generate-key", "target": ["mon-mgr", ""]}) -- 0x7f2e9c1049c0 con 0x7f2e84039420
2024-03-27T07:14:05.140 INFO:teuthology.orchestra.run.smithi082.stdout:/usr/bin/ceph: stderr
2024-03-27T07:14:04.581+0000 7f2e98ff9700 1 -- 172.21.15.82:0/3574641345 <== mgr.14120 v2:172.21.15.82:6800/3434341690 1 ==== mgr_command_reply(tid 0: 0 ) ==== 8+0+0 (secure 0 0 0) 0x7f2e9c1049c0 con 0x7f2e84039420
2024-03-27T07:14:05.141 INFO:teuthology.orchestra.run.smithi082.stdout:/usr/bin/ceph: stderr
2024-03-27T07:14:04.583+0000 7f2ea1bf2700 1 -- 172.21.15.82:0/3574641345 >> [v2:172.21.15.82:6800/3434341690,v1:172.21.15.82:6801/3434341690] conn(0x7f2e84039420 msgr2=0x7f2e8403b8e0 secure :-1 s=STATE_CONNECTION_ESTABLISHED l=1).mark_down
2024-03-27T07:14:05.141 INFO:teuthology.orchestra.run.smithi082.stdout:/usr/bin/ceph: stderr
2024-03-27T07:14:04.583+0000 7f2ea1bf2700 1 --2- 172.21.15.82:0/3574641345 >> [v2:172.21.15.82:6800/3434341690,v1:172.21.15.82:6801/3434341690] conn(0x7f2e84039420 0x7f2e8403b8e0 secure :-1 s=READY pgs=9 cs=0 l=1 rev1=1 crypto rx=0x7f2e90006fd0 tx=0x7f2e90006e40 comp rx=0 tx=0).stop
2024-03-27T07:14:05.141 INFO:teuthology.orchestra.run.smithi082.stdout:/usr/bin/ceph: stderr
2024-03-27T07:14:04.583+0000 7f2ea1bf2700 1 -- 172.21.15.82:0/3574641345 >> [v2:172.21.15.82:3300/0,v1:172.21.15.82:6789/0] conn(0x7f2e9c1080e0 msgr2=0x7f2e9c19c080 secure :-1 s=STATE_CONNECTION_ESTABLISHED l=1).mark_down
2024-03-27T07:14:05.141 INFO:teuthology.orchestra.run.smithi082.stdout:/usr/bin/ceph: stderr
2024-03-27T07:14:04.583+0000 7f2ea1bf2700 1 --2- 172.21.15.82:0/3574641345 >> [v2:172.21.15.82:3300/0,v1:172.21.15.82:6789/0] conn(0x7f2e9c1080e0 0x7f2e9c19c080 secure :-1 s=READY pgs=42 cs=0 l=1 rev1=1 crypto rx=0x7f2e8c011850 tx=0x7f2e8c011c10 comp rx=0 tx=0).stop
2024-03-27T07:14:05.141 INFO:teuthology.orchestra.run.smithi082.stdout:/usr/bin/ceph: stderr
2024-03-27T07:14:04.584+0000 7f2ea1bf2700 1 -- 172.21.15.82:0/3574641345 shutdown_connections
2024-03-27T07:14:05.141 INFO:teuthology.orchestra.run.smithi082.stdout:/usr/bin/ceph: stderr
2024-03-27T07:14:04.584+0000 7f2ea1bf2700 1 --2- 172.21.15.82:0/3574641345 >> [v2:172.21.15.82:6800/3434341690,v1:172.21.15.82:6801/3434341690] conn(0x7f2e84039420 0x7f2e8403b8e0 unknown :-1 s=CLOSED pgs=9 cs=0 l=1 rev1=1 crypto rx=0 tx=0 comp rx=0 tx=0).stop
2024-03-27T07:14:05.141 INFO:teuthology.orchestra.run.smithi082.stdout:/usr/bin/ceph: stderr
2024-03-27T07:14:04.584+0000 7f2ea1bf2700 1 --2- 172.21.15.82:0/3574641345 >> [v2:172.21.15.82:3300/0,v1:172.21.15.82:6789/0] conn(0x7f2e9c1080e0 0x7f2e9c19c080 unknown :-1 s=CLOSED pgs=42 cs=0 l=1 rev1=1 crypto rx=0 tx=0 comp rx=0 tx=0).stop
2024-03-27T07:14:05.141 INFO:teuthology.orchestra.run.smithi082.stdout:/usr/bin/ceph: stderr
2024-03-27T07:14:04.584+0000 7f2ea1bf2700 1 -- 172.21.15.82:0/3574641345 >> 172.21.15.82:0/3574641345 conn(0x7f2e9c103700 msgr2=0x7f2e9c1042b0 unknown :-1 s=STATE_NONE l=0).mark_down
2024-03-27T07:14:05.141 INFO:teuthology.orchestra.run.smithi082.stdout:/usr/bin/ceph: stderr
2024-03-27T07:14:04.584+0000 7f2ea1bf2700 1 -- 172.21.15.82:0/3574641345 shutdown_connections
2024-03-27T07:14:05.141 INFO:teuthology.orchestra.run.smithi082.stdout:/usr/bin/ceph: stderr
2024-03-27T07:14:04.584+0000 7f2ea1bf2700 1 -- 172.21.15.82:0/3574641345 wait complete.
2024-03-27T07:14:05.787 INFO:journalctl@ceph.mon.a.smithi082.stdout:Mar 27 07:14:05 smithi082 ceph-mon[32178]: from='client.14136 -' entity='client.admin' cmd=[{"prefix": "cephadm generate-key", "target": ["mon-mgr", ""]}]: dispatch
2024-03-27T07:14:05.787 INFO:journalctl@ceph.mon.a.smithi082.stdout:Mar 27 07:14:05 smithi082 ceph-mon[32178]: Generating ssh key...
2024-03-27T07:14:05.787 INFO:journalctl@ceph.mon.a.smithi082.stdout:Mar 27 07:14:05 smithi082 ceph-mon[32178]: from='mgr.14120 172.21.15.82:0/4179522971' entity='mgr.x'
2024-03-27T07:14:05.787 INFO:journalctl@ceph.mon.a.smithi082.stdout:Mar 27 07:14:05 smithi082 ceph-mon[32178]: from='mgr.14120 172.21.15.82:0/4179522971' entity='mgr.x'
2024-03-27T07:14:06.382 INFO:teuthology.orchestra.run.smithi082.stdout:/usr/bin/ceph: stdout ssh-rsa AAAAB3NzaC1yc2EAAAADAQABAAABgQC6ct4Ld9K2U2Qle3FuUOHCFy7QFAaqYLW5kFQuDSrtrTJbfceASkA8HaYPEQzQ/JMDr5XTz7vs2m4aUtcrg7yq4fyX7Cg9qzGGb7wdXej7+usR9DtYF+L6Gp/RTPvOHugVQtcKV2bJOzOO1w7pAvGWIieq6w4Mb3jpw8lxmjg8zTcp3Mwp3ws5J2mrpLQnjicZpkI5YaE9bOm+FyfrebjuYxb2pZm23QX6rSvoqIYvpwFiCQHue4eml0iqexmNb5w1pGSF2JzW31ZbtaA7/uEhD+etHjayU8tti1PMc7Hv1zmuqX2cOMYEOGh5En/tUNjLtIk0prD6KAqBpo67pR0oCLfZ7E3l86xlEfOZQHhPZ6jGP6jxkng6xWaTUrUM9JiFu0hPDGcvctafGk/FStMYsQBTmROt0GfQdhT08zHAiAwozrYXIiw4/BWd/Ns3WASy27gdWrncw+AJp7sNuoCCo8NMmKeB5S318T9MFVQt74km76w7p2x1qQwlAh0bmWE= ceph-604548c2-ec09-11ee-95d0-87774f69a715
2024-03-27T07:14:06.387 INFO:teuthology.orchestra.run.smithi082.stdout:/usr/bin/ceph: stderr
2024-03-27T07:14:05.540+0000 7f065303c700 1 Processor -- start
2024-03-27T07:14:06.387 INFO:teuthology.orchestra.run.smithi082.stdout:/usr/bin/ceph: stderr
2024-03-27T07:14:05.540+0000 7f065303c700 1 -- start start
2024-03-27T07:14:06.387 INFO:teuthology.orchestra.run.smithi082.stdout:/usr/bin/ceph: stderr
2024-03-27T07:14:05.540+0000 7f065303c700 1 --2- >> [v2:172.21.15.82:3300/0,v1:172.21.15.82:6789/0] conn(0x7f064c108c00 0x7f064c10aff0 unknown :-1 s=NONE pgs=0 cs=0 l=0 rev1=0 crypto rx=0 tx=0 comp rx=0 tx=0).connect
2024-03-27T07:14:06.387 INFO:teuthology.orchestra.run.smithi082.stdout:/usr/bin/ceph: stderr
2024-03-27T07:14:05.540+0000 7f065303c700 1 -- --> [v2:172.21.15.82:3300/0,v1:172.21.15.82:6789/0] -- mon_getmap magic: 0 -- 0x7f064c07bdc0 con 0x7f064c108c00
2024-03-27T07:14:06.387 INFO:teuthology.orchestra.run.smithi082.stdout:/usr/bin/ceph: stderr
2024-03-27T07:14:05.540+0000 7f0650dd8700 1 --2- >> [v2:172.21.15.82:3300/0,v1:172.21.15.82:6789/0] conn(0x7f064c108c00 0x7f064c10aff0 unknown :-1 s=BANNER_CONNECTING pgs=0 cs=0 l=0 rev1=0 crypto rx=0 tx=0 comp rx=0 tx=0)._handle_peer_banner_payload supported=3 required=0
2024-03-27T07:14:06.388 INFO:teuthology.orchestra.run.smithi082.stdout:/usr/bin/ceph: stderr
2024-03-27T07:14:05.540+0000 7f0650dd8700 1 --2- >> [v2:172.21.15.82:3300/0,v1:172.21.15.82:6789/0] conn(0x7f064c108c00 0x7f064c10aff0 unknown :-1 s=HELLO_CONNECTING pgs=0 cs=0 l=0 rev1=1 crypto rx=0 tx=0 comp rx=0 tx=0).handle_hello peer v2:172.21.15.82:3300/0 says I am v2:172.21.15.82:57302/0 (socket says 172.21.15.82:57302)
2024-03-27T07:14:06.388 INFO:teuthology.orchestra.run.smithi082.stdout:/usr/bin/ceph: stderr
2024-03-27T07:14:05.540+0000 7f0650dd8700 1 -- 172.21.15.82:0/1774063405 learned_addr learned my addr 172.21.15.82:0/1774063405 (peer_addr_for_me v2:172.21.15.82:0/0)
2024-03-27T07:14:06.388 INFO:teuthology.orchestra.run.smithi082.stdout:/usr/bin/ceph: stderr
2024-03-27T07:14:05.541+0000 7f0650dd8700 1 -- 172.21.15.82:0/1774063405 --> [v2:172.21.15.82:3300/0,v1:172.21.15.82:6789/0] -- mon_subscribe({config=0+,monmap=0+}) -- 0x7f064c10b530 con 0x7f064c108c00
2024-03-27T07:14:06.388 INFO:teuthology.orchestra.run.smithi082.stdout:/usr/bin/ceph: stderr
2024-03-27T07:14:05.541+0000 7f0650dd8700 1 --2- 172.21.15.82:0/1774063405 >> [v2:172.21.15.82:3300/0,v1:172.21.15.82:6789/0] conn(0x7f064c108c00 0x7f064c10aff0 secure :-1 s=READY pgs=43 cs=0 l=1 rev1=1 crypto rx=0x7f06400098a0 tx=0x7f0640009bb0 comp rx=0 tx=0).ready entity=mon.0 client_cookie=fd9f7bf76c8d5255 server_cookie=0 in_seq=0 out_seq=0
2024-03-27T07:14:06.388 INFO:teuthology.orchestra.run.smithi082.stdout:/usr/bin/ceph: stderr
2024-03-27T07:14:05.541+0000 7f064b7fe700 1 -- 172.21.15.82:0/1774063405 <== mon.0 v2:172.21.15.82:3300/0 1 ==== mon_map magic: 0 ==== 205+0+0 (secure 0 0 0) 0x7f0640004160 con 0x7f064c108c00
2024-03-27T07:14:06.388 INFO:teuthology.orchestra.run.smithi082.stdout:/usr/bin/ceph: stderr
2024-03-27T07:14:05.541+0000 7f064b7fe700 1 -- 172.21.15.82:0/1774063405 <== mon.0 v2:172.21.15.82:3300/0 2 ==== config(27 keys) ==== 1109+0+0 (secure 0 0 0) 0x7f0640004300 con 0x7f064c108c00
2024-03-27T07:14:06.388 INFO:teuthology.orchestra.run.smithi082.stdout:/usr/bin/ceph: stderr
2024-03-27T07:14:05.541+0000 7f064b7fe700 1 -- 172.21.15.82:0/1774063405 <== mon.0 v2:172.21.15.82:3300/0 3 ==== mon_map magic: 0 ==== 205+0+0 (secure 0 0 0) 0x7f0640011b50 con 0x7f064c108c00
2024-03-27T07:14:06.388 INFO:teuthology.orchestra.run.smithi082.stdout:/usr/bin/ceph: stderr
2024-03-27T07:14:05.542+0000 7f065303c700 1 -- 172.21.15.82:0/1774063405 >> [v2:172.21.15.82:3300/0,v1:172.21.15.82:6789/0] conn(0x7f064c108c00 msgr2=0x7f064c10aff0 secure :-1 s=STATE_CONNECTION_ESTABLISHED l=1).mark_down
2024-03-27T07:14:06.388 INFO:teuthology.orchestra.run.smithi082.stdout:/usr/bin/ceph: stderr
2024-03-27T07:14:05.542+0000 7f065303c700 1 --2- 172.21.15.82:0/1774063405 >> [v2:172.21.15.82:3300/0,v1:172.21.15.82:6789/0] conn(0x7f064c108c00 0x7f064c10aff0 secure :-1 s=READY pgs=43 cs=0 l=1 rev1=1 crypto rx=0x7f06400098a0 tx=0x7f0640009bb0 comp rx=0 tx=0).stop
2024-03-27T07:14:06.388 INFO:teuthology.orchestra.run.smithi082.stdout:/usr/bin/ceph: stderr
2024-03-27T07:14:05.542+0000 7f065303c700 1 -- 172.21.15.82:0/1774063405 shutdown_connections
2024-03-27T07:14:06.388 INFO:teuthology.orchestra.run.smithi082.stdout:/usr/bin/ceph: stderr
2024-03-27T07:14:05.542+0000 7f065303c700 1 --2- 172.21.15.82:0/1774063405 >> [v2:172.21.15.82:3300/0,v1:172.21.15.82:6789/0] conn(0x7f064c108c00 0x7f064c10aff0 unknown :-1 s=CLOSED pgs=43 cs=0 l=1 rev1=1 crypto rx=0 tx=0 comp rx=0 tx=0).stop
2024-03-27T07:14:06.388 INFO:teuthology.orchestra.run.smithi082.stdout:/usr/bin/ceph: stderr
2024-03-27T07:14:05.542+0000 7f065303c700 1 -- 172.21.15.82:0/1774063405 >> 172.21.15.82:0/1774063405 conn(0x7f064c102570 msgr2=0x7f064c104990 unknown :-1 s=STATE_NONE l=0).mark_down
2024-03-27T07:14:06.388 INFO:teuthology.orchestra.run.smithi082.stdout:/usr/bin/ceph: stderr
2024-03-27T07:14:05.542+0000 7f065303c700 1 -- 172.21.15.82:0/1774063405 shutdown_connections
2024-03-27T07:14:06.388 INFO:teuthology.orchestra.run.smithi082.stdout:/usr/bin/ceph: stderr
2024-03-27T07:14:05.542+0000 7f065303c700 1 -- 172.21.15.82:0/1774063405 wait complete.
2024-03-27T07:14:06.389 INFO:teuthology.orchestra.run.smithi082.stdout:/usr/bin/ceph: stderr
2024-03-27T07:14:05.542+0000 7f065303c700 1 Processor -- start
2024-03-27T07:14:06.389 INFO:teuthology.orchestra.run.smithi082.stdout:/usr/bin/ceph: stderr
2024-03-27T07:14:05.542+0000 7f065303c700 1 -- start start
2024-03-27T07:14:06.389 INFO:teuthology.orchestra.run.smithi082.stdout:/usr/bin/ceph: stderr
2024-03-27T07:14:05.542+0000 7f065303c700 1 --2- >> [v2:172.21.15.82:3300/0,v1:172.21.15.82:6789/0] conn(0x7f064c108c00 0x7f064c108480 unknown :-1 s=NONE pgs=0 cs=0 l=1 rev1=0 crypto rx=0 tx=0 comp rx=0 tx=0).connect
2024-03-27T07:14:06.392 INFO:teuthology.orchestra.run.smithi082.stdout:/usr/bin/ceph: stderr
2024-03-27T07:14:05.542+0000 7f065303c700 1 -- --> [v2:172.21.15.82:3300/0,v1:172.21.15.82:6789/0] -- mon_getmap magic: 0 -- 0x7f064c10c490 con 0x7f064c108c00
2024-03-27T07:14:06.392 INFO:teuthology.orchestra.run.smithi082.stdout:/usr/bin/ceph: stderr
2024-03-27T07:14:05.543+0000 7f0650dd8700 1 --2- >> [v2:172.21.15.82:3300/0,v1:172.21.15.82:6789/0] conn(0x7f064c108c00 0x7f064c108480 unknown :-1 s=BANNER_CONNECTING pgs=0 cs=0 l=1 rev1=0 crypto rx=0 tx=0 comp rx=0 tx=0)._handle_peer_banner_payload supported=3 required=0
2024-03-27T07:14:06.392 INFO:teuthology.orchestra.run.smithi082.stdout:/usr/bin/ceph: stderr
2024-03-27T07:14:05.543+0000 7f0650dd8700 1 --2- >> [v2:172.21.15.82:3300/0,v1:172.21.15.82:6789/0] conn(0x7f064c108c00 0x7f064c108480 unknown :-1 s=HELLO_CONNECTING pgs=0 cs=0 l=1 rev1=1 crypto rx=0 tx=0 comp rx=0 tx=0).handle_hello peer v2:172.21.15.82:3300/0 says I am v2:172.21.15.82:57318/0 (socket says 172.21.15.82:57318)
2024-03-27T07:14:06.393 INFO:teuthology.orchestra.run.smithi082.stdout:/usr/bin/ceph: stderr
2024-03-27T07:14:05.543+0000 7f0650dd8700 1 -- 172.21.15.82:0/3044668349 learned_addr learned my addr 172.21.15.82:0/3044668349 (peer_addr_for_me v2:172.21.15.82:0/0)
2024-03-27T07:14:06.393 INFO:teuthology.orchestra.run.smithi082.stdout:/usr/bin/ceph: stderr
2024-03-27T07:14:05.543+0000 7f0650dd8700 1 -- 172.21.15.82:0/3044668349 --> [v2:172.21.15.82:3300/0,v1:172.21.15.82:6789/0] -- mon_subscribe({config=0+,monmap=0+}) -- 0x7f064c1089c0 con 0x7f064c108c00
2024-03-27T07:14:06.393 INFO:teuthology.orchestra.run.smithi082.stdout:/usr/bin/ceph: stderr
2024-03-27T07:14:05.543+0000 7f0650dd8700 1 --2- 172.21.15.82:0/3044668349 >> [v2:172.21.15.82:3300/0,v1:172.21.15.82:6789/0] conn(0x7f064c108c00 0x7f064c108480 secure :-1 s=READY pgs=44 cs=0 l=1 rev1=1 crypto rx=0x7f0640011b60 tx=0x7f0640011c40 comp rx=0 tx=0).ready entity=mon.0 client_cookie=0 server_cookie=0 in_seq=0 out_seq=0
2024-03-27T07:14:06.393 INFO:teuthology.orchestra.run.smithi082.stdout:/usr/bin/ceph: stderr
2024-03-27T07:14:05.543+0000 7f0649ffb700 1 -- 172.21.15.82:0/3044668349 <== mon.0 v2:172.21.15.82:3300/0 1 ==== mon_map magic: 0 ==== 205+0+0 (secure 0 0 0) 0x7f0640003970 con 0x7f064c108c00
2024-03-27T07:14:06.393 INFO:teuthology.orchestra.run.smithi082.stdout:/usr/bin/ceph: stderr
2024-03-27T07:14:05.543+0000 7f0649ffb700 1 -- 172.21.15.82:0/3044668349 <== mon.0 v2:172.21.15.82:3300/0 2 ==== config(27 keys) ==== 1109+0+0 (secure 0 0 0) 0x7f0640003b10 con 0x7f064c108c00
2024-03-27T07:14:06.393 INFO:teuthology.orchestra.run.smithi082.stdout:/usr/bin/ceph: stderr
2024-03-27T07:14:05.543+0000 7f0649ffb700 1 -- 172.21.15.82:0/3044668349 <== mon.0 v2:172.21.15.82:3300/0 3 ==== mon_map magic: 0 ==== 205+0+0 (secure 0 0 0) 0x7f0640024610 con 0x7f064c108c00
2024-03-27T07:14:06.393 INFO:teuthology.orchestra.run.smithi082.stdout:/usr/bin/ceph: stderr
2024-03-27T07:14:05.543+0000 7f065303c700 1 -- 172.21.15.82:0/3044668349 --> [v2:172.21.15.82:3300/0,v1:172.21.15.82:6789/0] -- mon_subscribe({mgrmap=0+}) -- 0x7f064c106bb0 con 0x7f064c108c00
2024-03-27T07:14:06.393 INFO:teuthology.orchestra.run.smithi082.stdout:/usr/bin/ceph: stderr
2024-03-27T07:14:05.543+0000 7f065303c700 1 -- 172.21.15.82:0/3044668349 --> [v2:172.21.15.82:3300/0,v1:172.21.15.82:6789/0] -- mon_subscribe({osdmap=0}) -- 0x7f064c1070f0 con 0x7f064c108c00
2024-03-27T07:14:06.393 INFO:teuthology.orchestra.run.smithi082.stdout:/usr/bin/ceph: stderr
2024-03-27T07:14:05.544+0000 7f0649ffb700 1 -- 172.21.15.82:0/3044668349 <== mon.0 v2:172.21.15.82:3300/0 4 ==== mgrmap(e 8) ==== 46466+0+0 (secure 0 0 0) 0x7f064001a9f0 con 0x7f064c108c00
2024-03-27T07:14:06.393 INFO:teuthology.orchestra.run.smithi082.stdout:/usr/bin/ceph: stderr
2024-03-27T07:14:05.544+0000 7f0649ffb700 1 --2- 172.21.15.82:0/3044668349 >> [v2:172.21.15.82:6800/3434341690,v1:172.21.15.82:6801/3434341690] conn(0x7f063c039420 0x7f063c03b8e0 unknown :-1 s=NONE pgs=0 cs=0 l=1 rev1=0 crypto rx=0 tx=0 comp rx=0 tx=0).connect
2024-03-27T07:14:06.393 INFO:teuthology.orchestra.run.smithi082.stdout:/usr/bin/ceph: stderr
2024-03-27T07:14:05.544+0000 7f0649ffb700 1 -- 172.21.15.82:0/3044668349 <== mon.0 v2:172.21.15.82:3300/0 5 ==== osd_map(2..2 src has 1..2) ==== 940+0+0 (secure 0 0 0) 0x7f0640011e00 con 0x7f064c108c00
2024-03-27T07:14:06.393 INFO:teuthology.orchestra.run.smithi082.stdout:/usr/bin/ceph: stderr
2024-03-27T07:14:05.544+0000 7f064bfff700 1 --2- 172.21.15.82:0/3044668349 >> [v2:172.21.15.82:6800/3434341690,v1:172.21.15.82:6801/3434341690] conn(0x7f063c039420 0x7f063c03b8e0 unknown :-1 s=BANNER_CONNECTING pgs=0 cs=0 l=1 rev1=0 crypto rx=0 tx=0 comp rx=0 tx=0)._handle_peer_banner_payload supported=3 required=0
2024-03-27T07:14:06.394 INFO:teuthology.orchestra.run.smithi082.stdout:/usr/bin/ceph: stderr
2024-03-27T07:14:05.545+0000 7f065303c700 1 -- 172.21.15.82:0/3044668349 --> [v2:172.21.15.82:3300/0,v1:172.21.15.82:6789/0] -- mon_command({"prefix": "get_command_descriptions"} v 0) -- 0x7f064c069740 con 0x7f064c108c00
2024-03-27T07:14:06.394 INFO:teuthology.orchestra.run.smithi082.stdout:/usr/bin/ceph: stderr
2024-03-27T07:14:05.545+0000 7f064bfff700 1 --2- 172.21.15.82:0/3044668349 >> [v2:172.21.15.82:6800/3434341690,v1:172.21.15.82:6801/3434341690] conn(0x7f063c039420 0x7f063c03b8e0 secure :-1 s=READY pgs=10 cs=0 l=1 rev1=1 crypto rx=0x7f0638006fd0 tx=0x7f0638006e40 comp rx=0 tx=0).ready entity=mgr.14120 client_cookie=0 server_cookie=0 in_seq=0 out_seq=0
2024-03-27T07:14:06.394 INFO:teuthology.orchestra.run.smithi082.stdout:/usr/bin/ceph: stderr
2024-03-27T07:14:05.550+0000 7f0649ffb700 1 -- 172.21.15.82:0/3044668349 <== mon.0 v2:172.21.15.82:3300/0 6 ==== mon_command_ack([{"prefix": "get_command_descriptions"}]=0 v0) ==== 72+0+187541 (secure 0 0 0) 0x7f0640016260 con 0x7f064c108c00
2024-03-27T07:14:06.394 INFO:teuthology.orchestra.run.smithi082.stdout:/usr/bin/ceph: stderr
2024-03-27T07:14:05.785+0000 7f065303c700 1 -- 172.21.15.82:0/3044668349 --> [v2:172.21.15.82:6800/3434341690,v1:172.21.15.82:6801/3434341690] -- mgr_command(tid 0: {"prefix": "cephadm get-pub-key", "target": ["mon-mgr", ""]}) -- 0x7f064c107810 con 0x7f063c039420
2024-03-27T07:14:06.394 INFO:teuthology.orchestra.run.smithi082.stdout:/usr/bin/ceph: stderr
2024-03-27T07:14:05.786+0000 7f0649ffb700 1 -- 172.21.15.82:0/3044668349 <== mgr.14120 v2:172.21.15.82:6800/3434341690 1 ==== mgr_command_reply(tid 0: 0 ) ==== 8+0+595 (secure 0 0 0) 0x7f064c107810 con 0x7f063c039420
2024-03-27T07:14:06.394 INFO:teuthology.orchestra.run.smithi082.stdout:/usr/bin/ceph: stderr
2024-03-27T07:14:05.788+0000 7f065303c700 1 -- 172.21.15.82:0/3044668349 >> [v2:172.21.15.82:6800/3434341690,v1:172.21.15.82:6801/3434341690] conn(0x7f063c039420 msgr2=0x7f063c03b8e0 secure :-1 s=STATE_CONNECTION_ESTABLISHED l=1).mark_down
2024-03-27T07:14:06.394 INFO:teuthology.orchestra.run.smithi082.stdout:/usr/bin/ceph: stderr
2024-03-27T07:14:05.788+0000 7f065303c700 1 --2- 172.21.15.82:0/3044668349 >> [v2:172.21.15.82:6800/3434341690,v1:172.21.15.82:6801/3434341690] conn(0x7f063c039420 0x7f063c03b8e0 secure :-1 s=READY pgs=10 cs=0 l=1 rev1=1 crypto rx=0x7f0638006fd0 tx=0x7f0638006e40 comp rx=0 tx=0).stop
2024-03-27T07:14:06.394 INFO:teuthology.orchestra.run.smithi082.stdout:/usr/bin/ceph: stderr
2024-03-27T07:14:05.788+0000 7f065303c700 1 -- 172.21.15.82:0/3044668349 >> [v2:172.21.15.82:3300/0,v1:172.21.15.82:6789/0] conn(0x7f064c108c00 msgr2=0x7f064c108480 secure :-1 s=STATE_CONNECTION_ESTABLISHED l=1).mark_down
2024-03-27T07:14:06.394 INFO:teuthology.orchestra.run.smithi082.stdout:/usr/bin/ceph: stderr
2024-03-27T07:14:05.788+0000 7f065303c700 1 --2- 172.21.15.82:0/3044668349 >> [v2:172.21.15.82:3300/0,v1:172.21.15.82:6789/0] conn(0x7f064c108c00 0x7f064c108480 secure :-1 s=READY pgs=44 cs=0 l=1 rev1=1 crypto rx=0x7f0640011b60 tx=0x7f0640011c40 comp rx=0 tx=0).stop
2024-03-27T07:14:06.394 INFO:teuthology.orchestra.run.smithi082.stdout:/usr/bin/ceph: stderr
2024-03-27T07:14:05.789+0000 7f065303c700 1 -- 172.21.15.82:0/3044668349 shutdown_connections
2024-03-27T07:14:06.394 INFO:teuthology.orchestra.run.smithi082.stdout:/usr/bin/ceph: stderr
2024-03-27T07:14:05.789+0000 7f065303c700 1 --2- 172.21.15.82:0/3044668349 >> [v2:172.21.15.82:6800/3434341690,v1:172.21.15.82:6801/3434341690] conn(0x7f063c039420 0x7f063c03b8e0 unknown :-1 s=CLOSED pgs=10 cs=0 l=1 rev1=1 crypto rx=0 tx=0 comp rx=0 tx=0).stop
2024-03-27T07:14:06.394 INFO:teuthology.orchestra.run.smithi082.stdout:/usr/bin/ceph: stderr
2024-03-27T07:14:05.789+0000 7f065303c700 1 --2- 172.21.15.82:0/3044668349 >> [v2:172.21.15.82:3300/0,v1:172.21.15.82:6789/0] conn(0x7f064c108c00 0x7f064c108480 unknown :-1 s=CLOSED pgs=44 cs=0 l=1 rev1=1 crypto rx=0 tx=0 comp rx=0 tx=0).stop
2024-03-27T07:14:06.395 INFO:teuthology.orchestra.run.smithi082.stdout:/usr/bin/ceph: stderr
2024-03-27T07:14:05.789+0000 7f065303c700 1 -- 172.21.15.82:0/3044668349 >> 172.21.15.82:0/3044668349 conn(0x7f064c102570 msgr2=0x7f064c1030d0 unknown :-1 s=STATE_NONE l=0).mark_down
2024-03-27T07:14:06.395 INFO:teuthology.orchestra.run.smithi082.stdout:/usr/bin/ceph: stderr
2024-03-27T07:14:05.789+0000 7f065303c700 1 -- 172.21.15.82:0/3044668349 shutdown_connections
2024-03-27T07:14:06.395 INFO:teuthology.orchestra.run.smithi082.stdout:/usr/bin/ceph: stderr
2024-03-27T07:14:05.789+0000 7f065303c700 1 -- 172.21.15.82:0/3044668349 wait complete.
2024-03-27T07:14:06.395 INFO:teuthology.orchestra.run.smithi082.stdout:Wrote public SSH key to /home/ubuntu/cephtest/ceph.pub
2024-03-27T07:14:06.395 INFO:teuthology.orchestra.run.smithi082.stdout:Adding key to root@localhost authorized_keys...
2024-03-27T07:14:06.395 INFO:teuthology.orchestra.run.smithi082.stdout:Adding host smithi082...
2024-03-27T07:14:06.936 INFO:journalctl@ceph.mon.a.smithi082.stdout:Mar 27 07:14:06 smithi082 ceph-mon[32178]: from='client.14138 -' entity='client.admin' cmd=[{"prefix": "cephadm get-pub-key", "target": ["mon-mgr", ""]}]: dispatch
2024-03-27T07:14:07.596 INFO:journalctl@ceph.mon.a.smithi082.stdout:Mar 27 07:14:07 smithi082 ceph-mon[32178]: from='client.14140 -' entity='client.admin' cmd=[{"prefix": "orch host add", "hostname": "smithi082", "addr": "172.21.15.82", "target": ["mon-mgr", ""]}]: dispatch
2024-03-27T07:14:08.936 INFO:journalctl@ceph.mon.a.smithi082.stdout:Mar 27 07:14:08 smithi082 ceph-mon[32178]: Deploying cephadm binary to smithi082
2024-03-27T07:14:11.886 INFO:teuthology.orchestra.run.smithi082.stdout:/usr/bin/ceph: stdout Added host 'smithi082' with addr '172.21.15.82'
2024-03-27T07:14:11.886 INFO:teuthology.orchestra.run.smithi082.stdout:/usr/bin/ceph: stderr
2024-03-27T07:14:06.798+0000 7f952deb6700 1 Processor -- start
2024-03-27T07:14:11.886 INFO:teuthology.orchestra.run.smithi082.stdout:/usr/bin/ceph: stderr
2024-03-27T07:14:06.798+0000 7f952deb6700 1 -- start start
2024-03-27T07:14:11.886 INFO:teuthology.orchestra.run.smithi082.stdout:/usr/bin/ceph: stderr
2024-03-27T07:14:06.798+0000 7f952deb6700 1 --2- >> [v2:172.21.15.82:3300/0,v1:172.21.15.82:6789/0] conn(0x7f95281080a0 0x7f95281084c0 unknown :-1 s=NONE pgs=0 cs=0 l=0 rev1=0 crypto rx=0 tx=0 comp rx=0 tx=0).connect
2024-03-27T07:14:11.886 INFO:teuthology.orchestra.run.smithi082.stdout:/usr/bin/ceph: stderr
2024-03-27T07:14:06.798+0000 7f952deb6700 1 -- --> [v2:172.21.15.82:3300/0,v1:172.21.15.82:6789/0] -- mon_getmap magic: 0 -- 0x7f9528108a90 con 0x7f95281080a0
2024-03-27T07:14:11.886 INFO:teuthology.orchestra.run.smithi082.stdout:/usr/bin/ceph: stderr
2024-03-27T07:14:06.798+0000 7f95277fe700 1 --2- >> [v2:172.21.15.82:3300/0,v1:172.21.15.82:6789/0] conn(0x7f95281080a0 0x7f95281084c0 unknown :-1 s=BANNER_CONNECTING pgs=0 cs=0 l=0 rev1=0 crypto rx=0 tx=0 comp rx=0 tx=0)._handle_peer_banner_payload supported=3 required=0
2024-03-27T07:14:11.887 INFO:teuthology.orchestra.run.smithi082.stdout:/usr/bin/ceph: stderr
2024-03-27T07:14:06.798+0000 7f95277fe700 1 --2- >> [v2:172.21.15.82:3300/0,v1:172.21.15.82:6789/0] conn(0x7f95281080a0 0x7f95281084c0 unknown :-1 s=HELLO_CONNECTING pgs=0 cs=0 l=0 rev1=1 crypto rx=0 tx=0 comp rx=0 tx=0).handle_hello peer v2:172.21.15.82:3300/0 says I am v2:172.21.15.82:57324/0 (socket says 172.21.15.82:57324)
2024-03-27T07:14:11.887 INFO:teuthology.orchestra.run.smithi082.stdout:/usr/bin/ceph: stderr
2024-03-27T07:14:06.798+0000 7f95277fe700 1 -- 172.21.15.82:0/4194193738 learned_addr learned my addr 172.21.15.82:0/4194193738 (peer_addr_for_me v2:172.21.15.82:0/0)
2024-03-27T07:14:11.887 INFO:teuthology.orchestra.run.smithi082.stdout:/usr/bin/ceph: stderr
2024-03-27T07:14:06.799+0000 7f95277fe700 1 -- 172.21.15.82:0/4194193738 --> [v2:172.21.15.82:3300/0,v1:172.21.15.82:6789/0] -- mon_subscribe({config=0+,monmap=0+}) -- 0x7f95281092a0 con 0x7f95281080a0
2024-03-27T07:14:11.887 INFO:teuthology.orchestra.run.smithi082.stdout:/usr/bin/ceph: stderr
2024-03-27T07:14:06.799+0000 7f95277fe700 1 --2- 172.21.15.82:0/4194193738 >> [v2:172.21.15.82:3300/0,v1:172.21.15.82:6789/0] conn(0x7f95281080a0 0x7f95281084c0 secure :-1 s=READY pgs=45 cs=0 l=1 rev1=1 crypto rx=0x7f95180098a0 tx=0x7f9518009bb0 comp rx=0 tx=0).ready entity=mon.0 client_cookie=44181fe9074ec0cc server_cookie=0 in_seq=0 out_seq=0
2024-03-27T07:14:11.887 INFO:teuthology.orchestra.run.smithi082.stdout:/usr/bin/ceph: stderr
2024-03-27T07:14:06.799+0000 7f95267fc700 1 -- 172.21.15.82:0/4194193738 <== mon.0 v2:172.21.15.82:3300/0 1 ==== mon_map magic: 0 ==== 205+0+0 (secure 0 0 0) 0x7f9518004160 con 0x7f95281080a0
2024-03-27T07:14:11.887 INFO:teuthology.orchestra.run.smithi082.stdout:/usr/bin/ceph: stderr
2024-03-27T07:14:06.799+0000 7f95267fc700 1 -- 172.21.15.82:0/4194193738 <== mon.0 v2:172.21.15.82:3300/0 2 ==== config(27 keys) ==== 1109+0+0 (secure 0 0 0) 0x7f9518004300 con 0x7f95281080a0
