2024-03-27T07:46:22.102+0000 7f9bafa00700 1 --2- 172.21.15.193:0/1445104865 >> [v2:172.21.15.193:6800/999131287,v1:172.21.15.193:6801/999131287] conn(0x7f9b900367e0 0x7f9b90038c90 unknown :-1 s=CLOSED pgs=12 cs=0 l=1 rev1=1 crypto rx=0 tx=0 comp rx=0 tx=0).stop
2024-03-27T07:46:22.962 INFO:teuthology.orchestra.run.smithi193.stdout:/usr/bin/ceph: stderr
2024-03-27T07:46:22.102+0000 7f9bafa00700 1 --2- 172.21.15.193:0/1445104865 >> [v2:172.21.15.193:3300/0,v1:172.21.15.193:6789/0] conn(0x7f9ba8078c90 0x7f9ba8113940 unknown :-1 s=CLOSED pgs=48 cs=0 l=1 rev1=1 crypto rx=0 tx=0 comp rx=0 tx=0).stop
2024-03-27T07:46:22.962 INFO:teuthology.orchestra.run.smithi193.stdout:/usr/bin/ceph: stderr
2024-03-27T07:46:22.102+0000 7f9bafa00700 1 -- 172.21.15.193:0/1445104865 >> 172.21.15.193:0/1445104865 conn(0x7f9ba80fe070 msgr2=0x7f9ba80fec80 unknown :-1 s=STATE_NONE l=0).mark_down
2024-03-27T07:46:22.962 INFO:teuthology.orchestra.run.smithi193.stdout:/usr/bin/ceph: stderr
2024-03-27T07:46:22.102+0000 7f9bafa00700 1 -- 172.21.15.193:0/1445104865 shutdown_connections
2024-03-27T07:46:22.962 INFO:teuthology.orchestra.run.smithi193.stdout:/usr/bin/ceph: stderr
2024-03-27T07:46:22.103+0000 7f9bafa00700 1 -- 172.21.15.193:0/1445104865 wait complete.
2024-03-27T07:46:22.962 INFO:teuthology.orchestra.run.smithi193.stdout:Deploying mgr service with default placement...
2024-03-27T07:46:23.268 INFO:journalctl@ceph.mon.smithi193.smithi193.stdout:Mar 27 07:46:23 smithi193 ceph-mon[28923]: from='client.14142 -' entity='client.admin' cmd=[{"prefix": "orch apply", "service_type": "mon", "target": ["mon-mgr", ""]}]: dispatch
2024-03-27T07:46:23.268 INFO:journalctl@ceph.mon.smithi193.smithi193.stdout:Mar 27 07:46:23 smithi193 ceph-mon[28923]: Saving service mon spec with placement count:5
2024-03-27T07:46:23.268 INFO:journalctl@ceph.mon.smithi193.smithi193.stdout:Mar 27 07:46:23 smithi193 ceph-mon[28923]: from='mgr.14120 172.21.15.193:0/2512529322' entity='mgr.smithi193.xwlbin'
2024-03-27T07:46:25.104 INFO:teuthology.orchestra.run.smithi193.stdout:/usr/bin/ceph: stdout Scheduled mgr update...
2024-03-27T07:46:25.104 INFO:teuthology.orchestra.run.smithi193.stdout:/usr/bin/ceph: stderr
2024-03-27T07:46:24.125+0000 7ff1d6a00700 1 Processor -- start
2024-03-27T07:46:25.104 INFO:teuthology.orchestra.run.smithi193.stdout:/usr/bin/ceph: stderr
2024-03-27T07:46:24.125+0000 7ff1d6a00700 1 -- start start
2024-03-27T07:46:25.104 INFO:teuthology.orchestra.run.smithi193.stdout:/usr/bin/ceph: stderr
2024-03-27T07:46:24.126+0000 7ff1d6a00700 1 --2- >> [v2:172.21.15.193:3300/0,v1:172.21.15.193:6789/0] conn(0x7ff1d01028f0 0x7ff1d0102d00 unknown :-1 s=NONE pgs=0 cs=0 l=0 rev1=0 crypto rx=0 tx=0 comp rx=0 tx=0).connect
2024-03-27T07:46:25.104 INFO:teuthology.orchestra.run.smithi193.stdout:/usr/bin/ceph: stderr
2024-03-27T07:46:24.126+0000 7ff1d6a00700 1 -- --> [v2:172.21.15.193:3300/0,v1:172.21.15.193:6789/0] -- mon_getmap magic: 0 v1 -- 0x7ff1d0103240 con 0x7ff1d01028f0
2024-03-27T07:46:25.104 INFO:teuthology.orchestra.run.smithi193.stdout:/usr/bin/ceph: stderr
2024-03-27T07:46:24.126+0000 7ff1cfe00700 1 --2- >> [v2:172.21.15.193:3300/0,v1:172.21.15.193:6789/0] conn(0x7ff1d01028f0 0x7ff1d0102d00 unknown :-1 s=BANNER_CONNECTING pgs=0 cs=0 l=0 rev1=0 crypto rx=0 tx=0 comp rx=0 tx=0)._handle_peer_banner_payload supported=3 required=0
2024-03-27T07:46:25.104 INFO:teuthology.orchestra.run.smithi193.stdout:/usr/bin/ceph: stderr
2024-03-27T07:46:24.126+0000 7ff1cfe00700 1 --2- >> [v2:172.21.15.193:3300/0,v1:172.21.15.193:6789/0] conn(0x7ff1d01028f0 0x7ff1d0102d00 unknown :-1 s=HELLO_CONNECTING pgs=0 cs=0 l=0 rev1=1 crypto rx=0 tx=0 comp rx=0 tx=0).handle_hello peer v2:172.21.15.193:3300/0 says I am v2:172.21.15.193:35086/0 (socket says 172.21.15.193:35086)
2024-03-27T07:46:25.104 INFO:teuthology.orchestra.run.smithi193.stdout:/usr/bin/ceph: stderr
2024-03-27T07:46:24.126+0000 7ff1cfe00700 1 -- 172.21.15.193:0/1793142327 learned_addr learned my addr 172.21.15.193:0/1793142327 (peer_addr_for_me v2:172.21.15.193:0/0)
2024-03-27T07:46:25.104 INFO:teuthology.orchestra.run.smithi193.stdout:/usr/bin/ceph: stderr
2024-03-27T07:46:24.127+0000 7ff1cfe00700 1 -- 172.21.15.193:0/1793142327 --> [v2:172.21.15.193:3300/0,v1:172.21.15.193:6789/0] -- mon_subscribe({config=0+,monmap=0+}) v3 -- 0x7ff1d0103380 con 0x7ff1d01028f0
2024-03-27T07:46:25.104 INFO:teuthology.orchestra.run.smithi193.stdout:/usr/bin/ceph: stderr
2024-03-27T07:46:24.127+0000 7ff1cfe00700 1 --2- 172.21.15.193:0/1793142327 >> [v2:172.21.15.193:3300/0,v1:172.21.15.193:6789/0] conn(0x7ff1d01028f0 0x7ff1d0102d00 secure :-1 s=READY pgs=49 cs=0 l=1 rev1=1 crypto rx=0x7ff1c00098e0 tx=0x7ff1c0009250 comp rx=0 tx=0).ready entity=mon.0 client_cookie=89dfde27e9670888 server_cookie=0 in_seq=0 out_seq=0
2024-03-27T07:46:25.104 INFO:teuthology.orchestra.run.smithi193.stdout:/usr/bin/ceph: stderr
2024-03-27T07:46:24.127+0000 7ff1cf400700 1 -- 172.21.15.193:0/1793142327 <== mon.0 v2:172.21.15.193:3300/0 1 ==== mon_map magic: 0 v1 ==== 229+0+0 (secure 0 0 0) 0x7ff1c000b860 con 0x7ff1d01028f0
2024-03-27T07:46:25.105 INFO:teuthology.orchestra.run.smithi193.stdout:/usr/bin/ceph: stderr
2024-03-27T07:46:24.127+0000 7ff1cf400700 1 -- 172.21.15.193:0/1793142327 <== mon.0 v2:172.21.15.193:3300/0 2 ==== config(27 keys) v1 ==== 1044+0+0 (secure 0 0 0) 0x7ff1c000be50 con 0x7ff1d01028f0
2024-03-27T07:46:25.105 INFO:teuthology.orchestra.run.smithi193.stdout:/usr/bin/ceph: stderr
2024-03-27T07:46:24.127+0000 7ff1cf400700 1 -- 172.21.15.193:0/1793142327 <== mon.0 v2:172.21.15.193:3300/0 3 ==== mon_map magic: 0 v1 ==== 229+0+0 (secure 0 0 0) 0x7ff1c0010380 con 0x7ff1d01028f0
2024-03-27T07:46:25.105 INFO:teuthology.orchestra.run.smithi193.stdout:/usr/bin/ceph: stderr
2024-03-27T07:46:24.128+0000 7ff1d6a00700 1 -- 172.21.15.193:0/1793142327 >> [v2:172.21.15.193:3300/0,v1:172.21.15.193:6789/0] conn(0x7ff1d01028f0 msgr2=0x7ff1d0102d00 secure :-1 s=STATE_CONNECTION_ESTABLISHED l=1).mark_down
2024-03-27T07:46:25.105 INFO:teuthology.orchestra.run.smithi193.stdout:/usr/bin/ceph: stderr
2024-03-27T07:46:24.128+0000 7ff1d6a00700 1 --2- 172.21.15.193:0/1793142327 >> [v2:172.21.15.193:3300/0,v1:172.21.15.193:6789/0] conn(0x7ff1d01028f0 0x7ff1d0102d00 secure :-1 s=READY pgs=49 cs=0 l=1 rev1=1 crypto rx=0x7ff1c00098e0 tx=0x7ff1c0009250 comp rx=0 tx=0).stop
2024-03-27T07:46:25.105 INFO:teuthology.orchestra.run.smithi193.stdout:/usr/bin/ceph: stderr
2024-03-27T07:46:24.128+0000 7ff1d6a00700 1 -- 172.21.15.193:0/1793142327 shutdown_connections
2024-03-27T07:46:25.105 INFO:teuthology.orchestra.run.smithi193.stdout:/usr/bin/ceph: stderr
2024-03-27T07:46:24.128+0000 7ff1d6a00700 1 --2- 172.21.15.193:0/1793142327 >> [v2:172.21.15.193:3300/0,v1:172.21.15.193:6789/0] conn(0x7ff1d01028f0 0x7ff1d0102d00 unknown :-1 s=CLOSED pgs=49 cs=0 l=1 rev1=1 crypto rx=0 tx=0 comp rx=0 tx=0).stop
2024-03-27T07:46:25.105 INFO:teuthology.orchestra.run.smithi193.stdout:/usr/bin/ceph: stderr
2024-03-27T07:46:24.128+0000 7ff1d6a00700 1 -- 172.21.15.193:0/1793142327 >> 172.21.15.193:0/1793142327 conn(0x7ff1d00fe070 msgr2=0x7ff1d0100480 unknown :-1 s=STATE_NONE l=0).mark_down
2024-03-27T07:46:25.105 INFO:teuthology.orchestra.run.smithi193.stdout:/usr/bin/ceph: stderr
2024-03-27T07:46:24.128+0000 7ff1d6a00700 1 -- 172.21.15.193:0/1793142327 shutdown_connections
2024-03-27T07:46:25.105 INFO:teuthology.orchestra.run.smithi193.stdout:/usr/bin/ceph: stderr
2024-03-27T07:46:24.128+0000 7ff1d6a00700 1 -- 172.21.15.193:0/1793142327 wait complete.
2024-03-27T07:46:25.105 INFO:teuthology.orchestra.run.smithi193.stdout:/usr/bin/ceph: stderr
2024-03-27T07:46:24.129+0000 7ff1d6a00700 1 Processor -- start
2024-03-27T07:46:25.105 INFO:teuthology.orchestra.run.smithi193.stdout:/usr/bin/ceph: stderr
2024-03-27T07:46:24.129+0000 7ff1d6a00700 1 -- start start
2024-03-27T07:46:25.105 INFO:teuthology.orchestra.run.smithi193.stdout:/usr/bin/ceph: stderr
2024-03-27T07:46:24.129+0000 7ff1d6a00700 1 --2- >> [v2:172.21.15.193:3300/0,v1:172.21.15.193:6789/0] conn(0x7ff1d01028f0 0x7ff1d01138b0 unknown :-1 s=NONE pgs=0 cs=0 l=1 rev1=0 crypto rx=0 tx=0 comp rx=0 tx=0).connect
2024-03-27T07:46:25.105 INFO:teuthology.orchestra.run.smithi193.stdout:/usr/bin/ceph: stderr
2024-03-27T07:46:24.130+0000 7ff1d6a00700 1 -- --> [v2:172.21.15.193:3300/0,v1:172.21.15.193:6789/0] -- mon_getmap magic: 0 v1 -- 0x7ff1d0113df0 con 0x7ff1d01028f0
2024-03-27T07:46:25.105 INFO:teuthology.orchestra.run.smithi193.stdout:/usr/bin/ceph: stderr
2024-03-27T07:46:24.130+0000 7ff1cfe00700 1 --2- >> [v2:172.21.15.193:3300/0,v1:172.21.15.193:6789/0] conn(0x7ff1d01028f0 0x7ff1d01138b0 unknown :-1 s=BANNER_CONNECTING pgs=0 cs=0 l=1 rev1=0 crypto rx=0 tx=0 comp rx=0 tx=0)._handle_peer_banner_payload supported=3 required=0
2024-03-27T07:46:25.105 INFO:teuthology.orchestra.run.smithi193.stdout:/usr/bin/ceph: stderr
2024-03-27T07:46:24.130+0000 7ff1cfe00700 1 --2- >> [v2:172.21.15.193:3300/0,v1:172.21.15.193:6789/0] conn(0x7ff1d01028f0 0x7ff1d01138b0 unknown :-1 s=HELLO_CONNECTING pgs=0 cs=0 l=1 rev1=1 crypto rx=0 tx=0 comp rx=0 tx=0).handle_hello peer v2:172.21.15.193:3300/0 says I am v2:172.21.15.193:35092/0 (socket says 172.21.15.193:35092)
2024-03-27T07:46:25.106 INFO:teuthology.orchestra.run.smithi193.stdout:/usr/bin/ceph: stderr
2024-03-27T07:46:24.130+0000 7ff1cfe00700 1 -- 172.21.15.193:0/824370133 learned_addr learned my addr 172.21.15.193:0/824370133 (peer_addr_for_me v2:172.21.15.193:0/0)
2024-03-27T07:46:25.106 INFO:teuthology.orchestra.run.smithi193.stdout:/usr/bin/ceph: stderr
2024-03-27T07:46:24.130+0000 7ff1cfe00700 1 -- 172.21.15.193:0/824370133 --> [v2:172.21.15.193:3300/0,v1:172.21.15.193:6789/0] -- mon_subscribe({config=0+,monmap=0+}) v3 -- 0x7ff1c00094f0 con 0x7ff1d01028f0
2024-03-27T07:46:25.106 INFO:teuthology.orchestra.run.smithi193.stdout:/usr/bin/ceph: stderr
2024-03-27T07:46:24.130+0000 7ff1cfe00700 1 --2- 172.21.15.193:0/824370133 >> [v2:172.21.15.193:3300/0,v1:172.21.15.193:6789/0] conn(0x7ff1d01028f0 0x7ff1d01138b0 secure :-1 s=READY pgs=50 cs=0 l=1 rev1=1 crypto rx=0x7ff1c000b440 tx=0x7ff1c0009250 comp rx=0 tx=0).ready entity=mon.0 client_cookie=0 server_cookie=0 in_seq=0 out_seq=0
2024-03-27T07:46:25.106 INFO:teuthology.orchestra.run.smithi193.stdout:/usr/bin/ceph: stderr
2024-03-27T07:46:24.131+0000 7ff1ccc00700 1 -- 172.21.15.193:0/824370133 <== mon.0 v2:172.21.15.193:3300/0 1 ==== mon_map magic: 0 v1 ==== 229+0+0 (secure 0 0 0) 0x7ff1c0010760 con 0x7ff1d01028f0
2024-03-27T07:46:25.106 INFO:teuthology.orchestra.run.smithi193.stdout:/usr/bin/ceph: stderr
2024-03-27T07:46:24.131+0000 7ff1ccc00700 1 -- 172.21.15.193:0/824370133 <== mon.0 v2:172.21.15.193:3300/0 2 ==== config(27 keys) v1 ==== 1044+0+0 (secure 0 0 0) 0x7ff1c0010d50 con 0x7ff1d01028f0
2024-03-27T07:46:25.106 INFO:teuthology.orchestra.run.smithi193.stdout:/usr/bin/ceph: stderr
2024-03-27T07:46:24.131+0000 7ff1d6a00700 1 -- 172.21.15.193:0/824370133 --> [v2:172.21.15.193:3300/0,v1:172.21.15.193:6789/0] -- mon_subscribe({mgrmap=0+}) v3 -- 0x7ff1d0113ff0 con 0x7ff1d01028f0
2024-03-27T07:46:25.106 INFO:teuthology.orchestra.run.smithi193.stdout:/usr/bin/ceph: stderr
2024-03-27T07:46:24.131+0000 7ff1ccc00700 1 -- 172.21.15.193:0/824370133 <== mon.0 v2:172.21.15.193:3300/0 3 ==== mon_map magic: 0 v1 ==== 229+0+0 (secure 0 0 0) 0x7ff1c001ae20 con 0x7ff1d01028f0
2024-03-27T07:46:25.106 INFO:teuthology.orchestra.run.smithi193.stdout:/usr/bin/ceph: stderr
2024-03-27T07:46:24.131+0000 7ff1d6a00700 1 -- 172.21.15.193:0/824370133 --> [v2:172.21.15.193:3300/0,v1:172.21.15.193:6789/0] -- mon_subscribe({osdmap=0}) v3 -- 0x7ff1d0114b60 con 0x7ff1d01028f0
2024-03-27T07:46:25.106 INFO:teuthology.orchestra.run.smithi193.stdout:/usr/bin/ceph: stderr
2024-03-27T07:46:24.132+0000 7ff1d6a00700 1 -- 172.21.15.193:0/824370133 --> [v2:172.21.15.193:3300/0,v1:172.21.15.193:6789/0] -- mon_command({"prefix": "get_command_descriptions"} v 0) v1 -- 0x7ff1d005f5f0 con 0x7ff1d01028f0
2024-03-27T07:46:25.106 INFO:teuthology.orchestra.run.smithi193.stdout:/usr/bin/ceph: stderr
2024-03-27T07:46:24.132+0000 7ff1ccc00700 1 -- 172.21.15.193:0/824370133 <== mon.0 v2:172.21.15.193:3300/0 4 ==== mgrmap(e 8) v1 ==== 43368+0+0 (secure 0 0 0) 0x7ff1c00108c0 con 0x7ff1d01028f0
2024-03-27T07:46:25.106 INFO:teuthology.orchestra.run.smithi193.stdout:/usr/bin/ceph: stderr
2024-03-27T07:46:24.133+0000 7ff1ccc00700 1 --2- 172.21.15.193:0/824370133 >> [v2:172.21.15.193:6800/999131287,v1:172.21.15.193:6801/999131287] conn(0x7ff1b4036770 0x7ff1b4038c20 unknown :-1 s=NONE pgs=0 cs=0 l=1 rev1=0 crypto rx=0 tx=0 comp rx=0 tx=0).connect
2024-03-27T07:46:25.106 INFO:teuthology.orchestra.run.smithi193.stdout:/usr/bin/ceph: stderr
2024-03-27T07:46:24.133+0000 7ff1ccc00700 1 -- 172.21.15.193:0/824370133 <== mon.0 v2:172.21.15.193:3300/0 5 ==== osd_map(2..2 src has 1..2) v4 ==== 936+0+0 (secure 0 0 0) 0x7ff1c004a610 con 0x7ff1d01028f0
2024-03-27T07:46:25.106 INFO:teuthology.orchestra.run.smithi193.stdout:/usr/bin/ceph: stderr
2024-03-27T07:46:24.133+0000 7ff1c7e00700 1 --2- 172.21.15.193:0/824370133 >> [v2:172.21.15.193:6800/999131287,v1:172.21.15.193:6801/999131287] conn(0x7ff1b4036770 0x7ff1b4038c20 unknown :-1 s=BANNER_CONNECTING pgs=0 cs=0 l=1 rev1=0 crypto rx=0 tx=0 comp rx=0 tx=0)._handle_peer_banner_payload supported=3 required=0
2024-03-27T07:46:25.106 INFO:teuthology.orchestra.run.smithi193.stdout:/usr/bin/ceph: stderr
2024-03-27T07:46:24.133+0000 7ff1c7e00700 1 --2- 172.21.15.193:0/824370133 >> [v2:172.21.15.193:6800/999131287,v1:172.21.15.193:6801/999131287] conn(0x7ff1b4036770 0x7ff1b4038c20 secure :-1 s=READY pgs=13 cs=0 l=1 rev1=1 crypto rx=0x7ff1b8009990 tx=0x7ff1b8006e40 comp rx=0 tx=0).ready entity=mgr.14120 client_cookie=0 server_cookie=0 in_seq=0 out_seq=0
2024-03-27T07:46:25.106 INFO:teuthology.orchestra.run.smithi193.stdout:/usr/bin/ceph: stderr
2024-03-27T07:46:24.138+0000 7ff1ccc00700 1 -- 172.21.15.193:0/824370133 <== mon.0 v2:172.21.15.193:3300/0 6 ==== mon_command_ack([{"prefix": "get_command_descriptions"}]=0 v0) v1 ==== 72+0+176504 (secure 0 0 0) 0x7ff1c0018940 con 0x7ff1d01028f0
2024-03-27T07:46:25.107 INFO:teuthology.orchestra.run.smithi193.stdout:/usr/bin/ceph: stderr
2024-03-27T07:46:24.361+0000 7ff1d6a00700 1 -- 172.21.15.193:0/824370133 --> [v2:172.21.15.193:6800/999131287,v1:172.21.15.193:6801/999131287] -- mgr_command(tid 0: {"prefix": "orch apply", "service_type": "mgr", "target": ["mon-mgr", ""]}) v1 -- 0x7ff1d00ff240 con 0x7ff1b4036770
2024-03-27T07:46:25.107 INFO:teuthology.orchestra.run.smithi193.stdout:/usr/bin/ceph: stderr
2024-03-27T07:46:24.371+0000 7ff1ccc00700 1 -- 172.21.15.193:0/824370133 <== mgr.14120 v2:172.21.15.193:6800/999131287 1 ==== mgr_command_reply(tid 0: 0 ) v1 ==== 8+0+24 (secure 0 0 0) 0x7ff1d00ff240 con 0x7ff1b4036770
2024-03-27T07:46:25.107 INFO:teuthology.orchestra.run.smithi193.stdout:/usr/bin/ceph: stderr
2024-03-27T07:46:24.375+0000 7ff1d6a00700 1 -- 172.21.15.193:0/824370133 >> [v2:172.21.15.193:6800/999131287,v1:172.21.15.193:6801/999131287] conn(0x7ff1b4036770 msgr2=0x7ff1b4038c20 secure :-1 s=STATE_CONNECTION_ESTABLISHED l=1).mark_down
2024-03-27T07:46:25.107 INFO:teuthology.orchestra.run.smithi193.stdout:/usr/bin/ceph: stderr
2024-03-27T07:46:24.375+0000 7ff1d6a00700 1 --2- 172.21.15.193:0/824370133 >> [v2:172.21.15.193:6800/999131287,v1:172.21.15.193:6801/999131287] conn(0x7ff1b4036770 0x7ff1b4038c20 secure :-1 s=READY pgs=13 cs=0 l=1 rev1=1 crypto rx=0x7ff1b8009990 tx=0x7ff1b8006e40 comp rx=0 tx=0).stop
2024-03-27T07:46:25.107 INFO:teuthology.orchestra.run.smithi193.stdout:/usr/bin/ceph: stderr
2024-03-27T07:46:24.375+0000 7ff1d6a00700 1 -- 172.21.15.193:0/824370133 >> [v2:172.21.15.193:3300/0,v1:172.21.15.193:6789/0] conn(0x7ff1d01028f0 msgr2=0x7ff1d01138b0 secure :-1 s=STATE_CONNECTION_ESTABLISHED l=1).mark_down
2024-03-27T07:46:25.107 INFO:teuthology.orchestra.run.smithi193.stdout:/usr/bin/ceph: stderr
2024-03-27T07:46:24.375+0000 7ff1d6a00700 1 --2- 172.21.15.193:0/824370133 >> [v2:172.21.15.193:3300/0,v1:172.21.15.193:6789/0] conn(0x7ff1d01028f0 0x7ff1d01138b0 secure :-1 s=READY pgs=50 cs=0 l=1 rev1=1 crypto rx=0x7ff1c000b440 tx=0x7ff1c0009250 comp rx=0 tx=0).stop
2024-03-27T07:46:25.107 INFO:teuthology.orchestra.run.smithi193.stdout:/usr/bin/ceph: stderr
2024-03-27T07:46:24.376+0000 7ff1d6a00700 1 -- 172.21.15.193:0/824370133 shutdown_connections
2024-03-27T07:46:25.107 INFO:teuthology.orchestra.run.smithi193.stdout:/usr/bin/ceph: stderr
2024-03-27T07:46:24.376+0000 7ff1d6a00700 1 --2- 172.21.15.193:0/824370133 >> [v2:172.21.15.193:6800/999131287,v1:172.21.15.193:6801/999131287] conn(0x7ff1b4036770 0x7ff1b4038c20 unknown :-1 s=CLOSED pgs=13 cs=0 l=1 rev1=1 crypto rx=0 tx=0 comp rx=0 tx=0).stop
2024-03-27T07:46:25.107 INFO:teuthology.orchestra.run.smithi193.stdout:/usr/bin/ceph: stderr
2024-03-27T07:46:24.376+0000 7ff1d6a00700 1 --2- 172.21.15.193:0/824370133 >> [v2:172.21.15.193:3300/0,v1:172.21.15.193:6789/0] conn(0x7ff1d01028f0 0x7ff1d01138b0 unknown :-1 s=CLOSED pgs=50 cs=0 l=1 rev1=1 crypto rx=0 tx=0 comp rx=0 tx=0).stop
2024-03-27T07:46:25.107 INFO:teuthology.orchestra.run.smithi193.stdout:/usr/bin/ceph: stderr
2024-03-27T07:46:24.376+0000 7ff1d6a00700 1 -- 172.21.15.193:0/824370133 >> 172.21.15.193:0/824370133 conn(0x7ff1d00fe070 msgr2=0x7ff1d00feb30 unknown :-1 s=STATE_NONE l=0).mark_down
2024-03-27T07:46:25.107 INFO:teuthology.orchestra.run.smithi193.stdout:/usr/bin/ceph: stderr
2024-03-27T07:46:24.376+0000 7ff1d6a00700 1 -- 172.21.15.193:0/824370133 shutdown_connections
2024-03-27T07:46:25.107 INFO:teuthology.orchestra.run.smithi193.stdout:/usr/bin/ceph: stderr
2024-03-27T07:46:24.376+0000 7ff1d6a00700 1 -- 172.21.15.193:0/824370133 wait complete.
2024-03-27T07:46:25.107 INFO:teuthology.orchestra.run.smithi193.stdout:Deploying crash service with default placement...
2024-03-27T07:46:25.644 INFO:journalctl@ceph.mon.smithi193.smithi193.stdout:Mar 27 07:46:25 smithi193 ceph-mon[28923]: from='client.14144 -' entity='client.admin' cmd=[{"prefix": "orch apply", "service_type": "mgr", "target": ["mon-mgr", ""]}]: dispatch
2024-03-27T07:46:25.644 INFO:journalctl@ceph.mon.smithi193.smithi193.stdout:Mar 27 07:46:25 smithi193 ceph-mon[28923]: Saving service mgr spec with placement count:2
2024-03-27T07:46:25.644 INFO:journalctl@ceph.mon.smithi193.smithi193.stdout:Mar 27 07:46:25 smithi193 ceph-mon[28923]: from='mgr.14120 172.21.15.193:0/2512529322' entity='mgr.smithi193.xwlbin'
2024-03-27T07:46:25.644 INFO:journalctl@ceph.mon.smithi193.smithi193.stdout:Mar 27 07:46:25 smithi193 ceph-mon[28923]: from='mgr.14120 172.21.15.193:0/2512529322' entity='mgr.smithi193.xwlbin'
2024-03-27T07:46:25.644 INFO:journalctl@ceph.mon.smithi193.smithi193.stdout:Mar 27 07:46:25 smithi193 ceph-mon[28923]: from='mgr.14120 172.21.15.193:0/2512529322' entity='mgr.smithi193.xwlbin'
2024-03-27T07:46:26.848 INFO:teuthology.orchestra.run.smithi193.stdout:/usr/bin/ceph: stdout Scheduled crash update...
2024-03-27T07:46:26.848 INFO:teuthology.orchestra.run.smithi193.stdout:/usr/bin/ceph: stderr
2024-03-27T07:46:25.649+0000 7f4c61e00700 1 Processor -- start
2024-03-27T07:46:26.848 INFO:teuthology.orchestra.run.smithi193.stdout:/usr/bin/ceph: stderr
2024-03-27T07:46:25.650+0000 7f4c61e00700 1 -- start start
2024-03-27T07:46:26.848 INFO:teuthology.orchestra.run.smithi193.stdout:/usr/bin/ceph: stderr
2024-03-27T07:46:25.650+0000 7f4c61e00700 1 --2- >> [v2:172.21.15.193:3300/0,v1:172.21.15.193:6789/0] conn(0x7f4c5c077ad0 0x7f4c5c076120 unknown :-1 s=NONE pgs=0 cs=0 l=0 rev1=0 crypto rx=0 tx=0 comp rx=0 tx=0).connect
2024-03-27T07:46:26.848 INFO:teuthology.orchestra.run.smithi193.stdout:/usr/bin/ceph: stderr
2024-03-27T07:46:25.650+0000 7f4c61e00700 1 -- --> [v2:172.21.15.193:3300/0,v1:172.21.15.193:6789/0] -- mon_getmap magic: 0 v1 -- 0x7f4c5c077ee0 con 0x7f4c5c077ad0
2024-03-27T07:46:26.848 INFO:teuthology.orchestra.run.smithi193.stdout:/usr/bin/ceph: stderr
2024-03-27T07:46:25.650+0000 7f4c5aa00700 1 --2- >> [v2:172.21.15.193:3300/0,v1:172.21.15.193:6789/0] conn(0x7f4c5c077ad0 0x7f4c5c076120 unknown :-1 s=BANNER_CONNECTING pgs=0 cs=0 l=0 rev1=0 crypto rx=0 tx=0 comp rx=0 tx=0)._handle_peer_banner_payload supported=3 required=0
2024-03-27T07:46:26.848 INFO:teuthology.orchestra.run.smithi193.stdout:/usr/bin/ceph: stderr
2024-03-27T07:46:25.651+0000 7f4c5aa00700 1 --2- >> [v2:172.21.15.193:3300/0,v1:172.21.15.193:6789/0] conn(0x7f4c5c077ad0 0x7f4c5c076120 unknown :-1 s=HELLO_CONNECTING pgs=0 cs=0 l=0 rev1=1 crypto rx=0 tx=0 comp rx=0 tx=0).handle_hello peer v2:172.21.15.193:3300/0 says I am v2:172.21.15.193:35108/0 (socket says 172.21.15.193:35108)
2024-03-27T07:46:26.848 INFO:teuthology.orchestra.run.smithi193.stdout:/usr/bin/ceph: stderr
2024-03-27T07:46:25.651+0000 7f4c5aa00700 1 -- 172.21.15.193:0/4246944563 learned_addr learned my addr 172.21.15.193:0/4246944563 (peer_addr_for_me v2:172.21.15.193:0/0)
2024-03-27T07:46:26.848 INFO:teuthology.orchestra.run.smithi193.stdout:/usr/bin/ceph: stderr
2024-03-27T07:46:25.651+0000 7f4c5aa00700 1 -- 172.21.15.193:0/4246944563 --> [v2:172.21.15.193:3300/0,v1:172.21.15.193:6789/0] -- mon_subscribe({config=0+,monmap=0+}) v3 -- 0x7f4c5c078020 con 0x7f4c5c077ad0
2024-03-27T07:46:26.848 INFO:teuthology.orchestra.run.smithi193.stdout:/usr/bin/ceph: stderr
2024-03-27T07:46:25.651+0000 7f4c5aa00700 1 --2- 172.21.15.193:0/4246944563 >> [v2:172.21.15.193:3300/0,v1:172.21.15.193:6789/0] conn(0x7f4c5c077ad0 0x7f4c5c076120 secure :-1 s=READY pgs=51 cs=0 l=1 rev1=1 crypto rx=0x7f4c4c0098e0 tx=0x7f4c4c009250 comp rx=0 tx=0).ready entity=mon.0 client_cookie=eb6671f577f15510 server_cookie=0 in_seq=0 out_seq=0
2024-03-27T07:46:26.849 INFO:teuthology.orchestra.run.smithi193.stdout:/usr/bin/ceph: stderr
2024-03-27T07:46:25.652+0000 7f4c59600700 1 -- 172.21.15.193:0/4246944563 <== mon.0 v2:172.21.15.193:3300/0 1 ==== mon_map magic: 0 v1 ==== 229+0+0 (secure 0 0 0) 0x7f4c4c00b860 con 0x7f4c5c077ad0
2024-03-27T07:46:26.849 INFO:teuthology.orchestra.run.smithi193.stdout:/usr/bin/ceph: stderr
2024-03-27T07:46:25.652+0000 7f4c59600700 1 -- 172.21.15.193:0/4246944563 <== mon.0 v2:172.21.15.193:3300/0 2 ==== config(27 keys) v1 ==== 1109+0+0 (secure 0 0 0) 0x7f4c4c00be90 con 0x7f4c5c077ad0
2024-03-27T07:46:26.849 INFO:teuthology.orchestra.run.smithi193.stdout:/usr/bin/ceph: stderr
2024-03-27T07:46:25.652+0000 7f4c59600700 1 -- 172.21.15.193:0/4246944563 <== mon.0 v2:172.21.15.193:3300/0 3 ==== mon_map magic: 0 v1 ==== 229+0+0 (secure 0 0 0) 0x7f4c4c0103c0 con 0x7f4c5c077ad0
2024-03-27T07:46:26.849 INFO:teuthology.orchestra.run.smithi193.stdout:/usr/bin/ceph: stderr
2024-03-27T07:46:25.652+0000 7f4c61e00700 1 -- 172.21.15.193:0/4246944563 >> [v2:172.21.15.193:3300/0,v1:172.21.15.193:6789/0] conn(0x7f4c5c077ad0 msgr2=0x7f4c5c076120 secure :-1 s=STATE_CONNECTION_ESTABLISHED l=1).mark_down
2024-03-27T07:46:26.849 INFO:teuthology.orchestra.run.smithi193.stdout:/usr/bin/ceph: stderr
2024-03-27T07:46:25.652+0000 7f4c61e00700 1 --2- 172.21.15.193:0/4246944563 >> [v2:172.21.15.193:3300/0,v1:172.21.15.193:6789/0] conn(0x7f4c5c077ad0 0x7f4c5c076120 secure :-1 s=READY pgs=51 cs=0 l=1 rev1=1 crypto rx=0x7f4c4c0098e0 tx=0x7f4c4c009250 comp rx=0 tx=0).stop
2024-03-27T07:46:26.849 INFO:teuthology.orchestra.run.smithi193.stdout:/usr/bin/ceph: stderr
2024-03-27T07:46:25.653+0000 7f4c61e00700 1 -- 172.21.15.193:0/4246944563 shutdown_connections
2024-03-27T07:46:26.849 INFO:teuthology.orchestra.run.smithi193.stdout:/usr/bin/ceph: stderr
2024-03-27T07:46:25.653+0000 7f4c61e00700 1 --2- 172.21.15.193:0/4246944563 >> [v2:172.21.15.193:3300/0,v1:172.21.15.193:6789/0] conn(0x7f4c5c077ad0 0x7f4c5c076120 unknown :-1 s=CLOSED pgs=51 cs=0 l=1 rev1=1 crypto rx=0 tx=0 comp rx=0 tx=0).stop
2024-03-27T07:46:26.849 INFO:teuthology.orchestra.run.smithi193.stdout:/usr/bin/ceph: stderr
2024-03-27T07:46:25.653+0000 7f4c61e00700 1 -- 172.21.15.193:0/4246944563 >> 172.21.15.193:0/4246944563 conn(0x7f4c5c0fe090 msgr2=0x7f4c5c100500 unknown :-1 s=STATE_NONE l=0).mark_down
2024-03-27T07:46:26.849 INFO:teuthology.orchestra.run.smithi193.stdout:/usr/bin/ceph: stderr
2024-03-27T07:46:25.653+0000 7f4c61e00700 1 -- 172.21.15.193:0/4246944563 shutdown_connections
2024-03-27T07:46:26.849 INFO:teuthology.orchestra.run.smithi193.stdout:/usr/bin/ceph: stderr
2024-03-27T07:46:25.653+0000 7f4c61e00700 1 -- 172.21.15.193:0/4246944563 wait complete.
2024-03-27T07:46:26.849 INFO:teuthology.orchestra.run.smithi193.stdout:/usr/bin/ceph: stderr
2024-03-27T07:46:25.653+0000 7f4c61e00700 1 Processor -- start
2024-03-27T07:46:26.849 INFO:teuthology.orchestra.run.smithi193.stdout:/usr/bin/ceph: stderr
2024-03-27T07:46:25.654+0000 7f4c61e00700 1 -- start start
2024-03-27T07:46:26.849 INFO:teuthology.orchestra.run.smithi193.stdout:/usr/bin/ceph: stderr
2024-03-27T07:46:25.654+0000 7f4c61e00700 1 --2- >> [v2:172.21.15.193:3300/0,v1:172.21.15.193:6789/0] conn(0x7f4c5c077ad0 0x7f4c5c113990 unknown :-1 s=NONE pgs=0 cs=0 l=1 rev1=0 crypto rx=0 tx=0 comp rx=0 tx=0).connect
2024-03-27T07:46:26.850 INFO:teuthology.orchestra.run.smithi193.stdout:/usr/bin/ceph: stderr
2024-03-27T07:46:25.654+0000 7f4c61e00700 1 -- --> [v2:172.21.15.193:3300/0,v1:172.21.15.193:6789/0] -- mon_getmap magic: 0 v1 -- 0x7f4c5c113ed0 con 0x7f4c5c077ad0
2024-03-27T07:46:26.850 INFO:teuthology.orchestra.run.smithi193.stdout:/usr/bin/ceph: stderr
2024-03-27T07:46:25.654+0000 7f4c5aa00700 1 --2- >> [v2:172.21.15.193:3300/0,v1:172.21.15.193:6789/0] conn(0x7f4c5c077ad0 0x7f4c5c113990 unknown :-1 s=BANNER_CONNECTING pgs=0 cs=0 l=1 rev1=0 crypto rx=0 tx=0 comp rx=0 tx=0)._handle_peer_banner_payload supported=3 required=0
2024-03-27T07:46:26.850 INFO:teuthology.orchestra.run.smithi193.stdout:/usr/bin/ceph: stderr
2024-03-27T07:46:25.654+0000 7f4c5aa00700 1 --2- >> [v2:172.21.15.193:3300/0,v1:172.21.15.193:6789/0] conn(0x7f4c5c077ad0 0x7f4c5c113990 unknown :-1 s=HELLO_CONNECTING pgs=0 cs=0 l=1 rev1=1 crypto rx=0 tx=0 comp rx=0 tx=0).handle_hello peer v2:172.21.15.193:3300/0 says I am v2:172.21.15.193:35116/0 (socket says 172.21.15.193:35116)
2024-03-27T07:46:26.850 INFO:teuthology.orchestra.run.smithi193.stdout:/usr/bin/ceph: stderr
2024-03-27T07:46:25.654+0000 7f4c5aa00700 1 -- 172.21.15.193:0/3442939475 learned_addr learned my addr 172.21.15.193:0/3442939475 (peer_addr_for_me v2:172.21.15.193:0/0)
2024-03-27T07:46:26.850 INFO:teuthology.orchestra.run.smithi193.stdout:/usr/bin/ceph: stderr
2024-03-27T07:46:25.655+0000 7f4c5aa00700 1 -- 172.21.15.193:0/3442939475 --> [v2:172.21.15.193:3300/0,v1:172.21.15.193:6789/0] -- mon_subscribe({config=0+,monmap=0+}) v3 -- 0x7f4c4c0094f0 con 0x7f4c5c077ad0
2024-03-27T07:46:26.850 INFO:teuthology.orchestra.run.smithi193.stdout:/usr/bin/ceph: stderr
2024-03-27T07:46:25.655+0000 7f4c5aa00700 1 --2- 172.21.15.193:0/3442939475 >> [v2:172.21.15.193:3300/0,v1:172.21.15.193:6789/0] conn(0x7f4c5c077ad0 0x7f4c5c113990 secure :-1 s=READY pgs=52 cs=0 l=1 rev1=1 crypto rx=0x7f4c4c0105b0 tx=0x7f4c4c009250 comp rx=0 tx=0).ready entity=mon.0 client_cookie=0 server_cookie=0 in_seq=0 out_seq=0
2024-03-27T07:46:26.850 INFO:teuthology.orchestra.run.smithi193.stdout:/usr/bin/ceph: stderr
2024-03-27T07:46:25.655+0000 7f4c52a00700 1 -- 172.21.15.193:0/3442939475 <== mon.0 v2:172.21.15.193:3300/0 1 ==== mon_map magic: 0 v1 ==== 229+0+0 (secure 0 0 0) 0x7f4c4c010840 con 0x7f4c5c077ad0
2024-03-27T07:46:26.850 INFO:teuthology.orchestra.run.smithi193.stdout:/usr/bin/ceph: stderr
2024-03-27T07:46:25.655+0000 7f4c52a00700 1 -- 172.21.15.193:0/3442939475 <== mon.0 v2:172.21.15.193:3300/0 2 ==== config(27 keys) v1 ==== 1109+0+0 (secure 0 0 0) 0x7f4c4c010e70 con 0x7f4c5c077ad0
2024-03-27T07:46:26.850 INFO:teuthology.orchestra.run.smithi193.stdout:/usr/bin/ceph: stderr
2024-03-27T07:46:25.655+0000 7f4c52a00700 1 -- 172.21.15.193:0/3442939475 <== mon.0 v2:172.21.15.193:3300/0 3 ==== mon_map magic: 0 v1 ==== 229+0+0 (secure 0 0 0) 0x7f4c4c01ae30 con 0x7f4c5c077ad0
2024-03-27T07:46:26.850 INFO:teuthology.orchestra.run.smithi193.stdout:/usr/bin/ceph: stderr
2024-03-27T07:46:25.655+0000 7f4c61e00700 1 -- 172.21.15.193:0/3442939475 --> [v2:172.21.15.193:3300/0,v1:172.21.15.193:6789/0] -- mon_subscribe({mgrmap=0+}) v3 -- 0x7f4c5c1140d0 con 0x7f4c5c077ad0
2024-03-27T07:46:26.850 INFO:teuthology.orchestra.run.smithi193.stdout:/usr/bin/ceph: stderr
2024-03-27T07:46:25.655+0000 7f4c61e00700 1 -- 172.21.15.193:0/3442939475 --> [v2:172.21.15.193:3300/0,v1:172.21.15.193:6789/0] -- mon_subscribe({osdmap=0}) v3 -- 0x7f4c5c114c40 con 0x7f4c5c077ad0
2024-03-27T07:46:26.850 INFO:teuthology.orchestra.run.smithi193.stdout:/usr/bin/ceph: stderr
2024-03-27T07:46:25.657+0000 7f4c52a00700 1 -- 172.21.15.193:0/3442939475 <== mon.0 v2:172.21.15.193:3300/0 4 ==== mgrmap(e 8) v1 ==== 43368+0+0 (secure 0 0 0) 0x7f4c4c01a430 con 0x7f4c5c077ad0
2024-03-27T07:46:26.850 INFO:teuthology.orchestra.run.smithi193.stdout:/usr/bin/ceph: stderr
2024-03-27T07:46:25.657+0000 7f4c61e00700 1 -- 172.21.15.193:0/3442939475 --> [v2:172.21.15.193:3300/0,v1:172.21.15.193:6789/0] -- mon_command({"prefix": "get_command_descriptions"} v 0) v1 -- 0x7f4c5c05f5f0 con 0x7f4c5c077ad0
2024-03-27T07:46:26.851 INFO:teuthology.orchestra.run.smithi193.stdout:/usr/bin/ceph: stderr
2024-03-27T07:46:25.657+0000 7f4c52a00700 1 --2- 172.21.15.193:0/3442939475 >> [v2:172.21.15.193:6800/999131287,v1:172.21.15.193:6801/999131287] conn(0x7f4c400367e0 0x7f4c40038c90 unknown :-1 s=NONE pgs=0 cs=0 l=1 rev1=0 crypto rx=0 tx=0 comp rx=0 tx=0).connect
2024-03-27T07:46:26.851 INFO:teuthology.orchestra.run.smithi193.stdout:/usr/bin/ceph: stderr
2024-03-27T07:46:25.657+0000 7f4c52a00700 1 -- 172.21.15.193:0/3442939475 <== mon.0 v2:172.21.15.193:3300/0 5 ==== osd_map(2..2 src has 1..2) v4 ==== 936+0+0 (secure 0 0 0) 0x7f4c4c04a280 con 0x7f4c5c077ad0
2024-03-27T07:46:26.851 INFO:teuthology.orchestra.run.smithi193.stdout:/usr/bin/ceph: stderr
2024-03-27T07:46:25.657+0000 7f4c5a000700 1 --2- 172.21.15.193:0/3442939475 >> [v2:172.21.15.193:6800/999131287,v1:172.21.15.193:6801/999131287] conn(0x7f4c400367e0 0x7f4c40038c90 unknown :-1 s=BANNER_CONNECTING pgs=0 cs=0 l=1 rev1=0 crypto rx=0 tx=0 comp rx=0 tx=0)._handle_peer_banner_payload supported=3 required=0
2024-03-27T07:46:26.851 INFO:teuthology.orchestra.run.smithi193.stdout:/usr/bin/ceph: stderr
2024-03-27T07:46:25.658+0000 7f4c5a000700 1 --2- 172.21.15.193:0/3442939475 >> [v2:172.21.15.193:6800/999131287,v1:172.21.15.193:6801/999131287] conn(0x7f4c400367e0 0x7f4c40038c90 secure :-1 s=READY pgs=14 cs=0 l=1 rev1=1 crypto rx=0x7f4c48009990 tx=0x7f4c48006e40 comp rx=0 tx=0).ready entity=mgr.14120 client_cookie=0 server_cookie=0 in_seq=0 out_seq=0
2024-03-27T07:46:26.851 INFO:teuthology.orchestra.run.smithi193.stdout:/usr/bin/ceph: stderr
2024-03-27T07:46:25.663+0000 7f4c52a00700 1 -- 172.21.15.193:0/3442939475 <== mon.0 v2:172.21.15.193:3300/0 6 ==== mon_command_ack([{"prefix": "get_command_descriptions"}]=0 v0) v1 ==== 72+0+176504 (secure 0 0 0) 0x7f4c4c02b8c0 con 0x7f4c5c077ad0
2024-03-27T07:46:26.851 INFO:teuthology.orchestra.run.smithi193.stdout:/usr/bin/ceph: stderr
2024-03-27T07:46:25.909+0000 7f4c61e00700 1 -- 172.21.15.193:0/3442939475 --> [v2:172.21.15.193:6800/999131287,v1:172.21.15.193:6801/999131287] -- mgr_command(tid 0: {"prefix": "orch apply", "service_type": "crash", "target": ["mon-mgr", ""]}) v1 -- 0x7f4c5c0ff530 con 0x7f4c400367e0
2024-03-27T07:46:26.851 INFO:teuthology.orchestra.run.smithi193.stdout:/usr/bin/ceph: stderr
2024-03-27T07:46:25.917+0000 7f4c52a00700 1 -- 172.21.15.193:0/3442939475 <== mgr.14120 v2:172.21.15.193:6800/999131287 1 ==== mgr_command_reply(tid 0: 0 ) v1 ==== 8+0+26 (secure 0 0 0) 0x7f4c5c0ff530 con 0x7f4c400367e0
2024-03-27T07:46:26.851 INFO:teuthology.orchestra.run.smithi193.stdout:/usr/bin/ceph: stderr
2024-03-27T07:46:25.919+0000 7f4c61e00700 1 -- 172.21.15.193:0/3442939475 >> [v2:172.21.15.193:6800/999131287,v1:172.21.15.193:6801/999131287] conn(0x7f4c400367e0 msgr2=0x7f4c40038c90 secure :-1 s=STATE_CONNECTION_ESTABLISHED l=1).mark_down
2024-03-27T07:46:26.851 INFO:teuthology.orchestra.run.smithi193.stdout:/usr/bin/ceph: stderr
2024-03-27T07:46:25.920+0000 7f4c61e00700 1 --2- 172.21.15.193:0/3442939475 >> [v2:172.21.15.193:6800/999131287,v1:172.21.15.193:6801/999131287] conn(0x7f4c400367e0 0x7f4c40038c90 secure :-1 s=READY pgs=14 cs=0 l=1 rev1=1 crypto rx=0x7f4c48009990 tx=0x7f4c48006e40 comp rx=0 tx=0).stop
2024-03-27T07:46:26.851 INFO:teuthology.orchestra.run.smithi193.stdout:/usr/bin/ceph: stderr
2024-03-27T07:46:25.920+0000 7f4c61e00700 1 -- 172.21.15.193:0/3442939475 >> [v2:172.21.15.193:3300/0,v1:172.21.15.193:6789/0] conn(0x7f4c5c077ad0 msgr2=0x7f4c5c113990 secure :-1 s=STATE_CONNECTION_ESTABLISHED l=1).mark_down
2024-03-27T07:46:26.851 INFO:teuthology.orchestra.run.smithi193.stdout:/usr/bin/ceph: stderr
2024-03-27T07:46:25.920+0000 7f4c61e00700 1 --2- 172.21.15.193:0/3442939475 >> [v2:172.21.15.193:3300/0,v1:172.21.15.193:6789/0] conn(0x7f4c5c077ad0 0x7f4c5c113990 secure :-1 s=READY pgs=52 cs=0 l=1 rev1=1 crypto rx=0x7f4c4c0105b0 tx=0x7f4c4c009250 comp rx=0 tx=0).stop
2024-03-27T07:46:26.851 INFO:teuthology.orchestra.run.smithi193.stdout:/usr/bin/ceph: stderr
2024-03-27T07:46:25.920+0000 7f4c61e00700 1 -- 172.21.15.193:0/3442939475 shutdown_connections
2024-03-27T07:46:26.852 INFO:teuthology.orchestra.run.smithi193.stdout:/usr/bin/ceph: stderr
2024-03-27T07:46:25.920+0000 7f4c61e00700 1 --2- 172.21.15.193:0/3442939475 >> [v2:172.21.15.193:6800/999131287,v1:172.21.15.193:6801/999131287] conn(0x7f4c400367e0 0x7f4c40038c90 unknown :-1 s=CLOSED pgs=14 cs=0 l=1 rev1=1 crypto rx=0 tx=0 comp rx=0 tx=0).stop
2024-03-27T07:46:26.852 INFO:teuthology.orchestra.run.smithi193.stdout:/usr/bin/ceph: stderr
2024-03-27T07:46:25.920+0000 7f4c61e00700 1 --2- 172.21.15.193:0/3442939475 >> [v2:172.21.15.193:3300/0,v1:172.21.15.193:6789/0] conn(0x7f4c5c077ad0 0x7f4c5c113990 unknown :-1 s=CLOSED pgs=52 cs=0 l=1 rev1=1 crypto rx=0 tx=0 comp rx=0 tx=0).stop
2024-03-27T07:46:26.852 INFO:teuthology.orchestra.run.smithi193.stdout:/usr/bin/ceph: stderr
2024-03-27T07:46:25.920+0000 7f4c61e00700 1 -- 172.21.15.193:0/3442939475 >> 172.21.15.193:0/3442939475 conn(0x7f4c5c0fe090 msgr2=0x7f4c5c0fed60 unknown :-1 s=STATE_NONE l=0).mark_down
2024-03-27T07:46:26.852 INFO:teuthology.orchestra.run.smithi193.stdout:/usr/bin/ceph: stderr
2024-03-27T07:46:25.920+0000 7f4c61e00700 1 -- 172.21.15.193:0/3442939475 shutdown_connections
2024-03-27T07:46:26.852 INFO:teuthology.orchestra.run.smithi193.stdout:/usr/bin/ceph: stderr
2024-03-27T07:46:25.920+0000 7f4c61e00700 1 -- 172.21.15.193:0/3442939475 wait complete.
2024-03-27T07:46:26.852 INFO:teuthology.orchestra.run.smithi193.stdout:Deploying prometheus service with default placement...
2024-03-27T07:46:27.060 INFO:journalctl@ceph.mon.smithi193.smithi193.stdout:Mar 27 07:46:26 smithi193 ceph-mon[28923]: from='client.14146 -' entity='client.admin' cmd=[{"prefix": "orch apply", "service_type": "crash", "target": ["mon-mgr", ""]}]: dispatch
2024-03-27T07:46:27.060 INFO:journalctl@ceph.mon.smithi193.smithi193.stdout:Mar 27 07:46:26 smithi193 ceph-mon[28923]: Saving service crash spec with placement *
2024-03-27T07:46:27.061 INFO:journalctl@ceph.mon.smithi193.smithi193.stdout:Mar 27 07:46:26 smithi193 ceph-mon[28923]: from='mgr.14120 172.21.15.193:0/2512529322' entity='mgr.smithi193.xwlbin'
2024-03-27T07:46:28.702 INFO:journalctl@ceph.mon.smithi193.smithi193.stdout:Mar 27 07:46:28 smithi193 ceph-mon[28923]: from='mgr.14120 172.21.15.193:0/2512529322' entity='mgr.smithi193.xwlbin'
2024-03-27T07:46:28.702 INFO:journalctl@ceph.mon.smithi193.smithi193.stdout:Mar 27 07:46:28 smithi193 ceph-mon[28923]: pgmap v3: 0 pgs: ; 0 B data, 0 B used, 0 B / 0 B avail
2024-03-27T07:46:28.702 INFO:journalctl@ceph.mon.smithi193.smithi193.stdout:Mar 27 07:46:28 smithi193 ceph-mon[28923]: from='client.14148 -' entity='client.admin' cmd=[{"prefix": "orch apply", "service_type": "prometheus", "target": ["mon-mgr", ""]}]: dispatch
2024-03-27T07:46:28.702 INFO:journalctl@ceph.mon.smithi193.smithi193.stdout:Mar 27 07:46:28 smithi193 ceph-mon[28923]: Saving service prometheus spec with placement count:1
2024-03-27T07:46:28.702 INFO:journalctl@ceph.mon.smithi193.smithi193.stdout:Mar 27 07:46:28 smithi193 ceph-mon[28923]: from='mgr.14120 172.21.15.193:0/2512529322' entity='mgr.smithi193.xwlbin'
2024-03-27T07:46:28.712 INFO:teuthology.orchestra.run.smithi193.stdout:/usr/bin/ceph: stdout Scheduled prometheus update...
2024-03-27T07:46:28.713 INFO:teuthology.orchestra.run.smithi193.stdout:/usr/bin/ceph: stderr
2024-03-27T07:46:27.780+0000 7fa41ba00700 1 Processor -- start
2024-03-27T07:46:28.713 INFO:teuthology.orchestra.run.smithi193.stdout:/usr/bin/ceph: stderr
2024-03-27T07:46:27.780+0000 7fa41ba00700 1 -- start start
2024-03-27T07:46:28.713 INFO:teuthology.orchestra.run.smithi193.stdout:/usr/bin/ceph: stderr
2024-03-27T07:46:27.780+0000 7fa41ba00700 1 --2- >> [v2:172.21.15.193:3300/0,v1:172.21.15.193:6789/0] conn(0x7fa414071290 0x7fa414105500 unknown :-1 s=NONE pgs=0 cs=0 l=0 rev1=0 crypto rx=0 tx=0 comp rx=0 tx=0).connect
2024-03-27T07:46:28.714 INFO:teuthology.orchestra.run.smithi193.stdout:/usr/bin/ceph: stderr
2024-03-27T07:46:27.780+0000 7fa41ba00700 1 -- --> [v2:172.21.15.193:3300/0,v1:172.21.15.193:6789/0] -- mon_getmap magic: 0 v1 -- 0x7fa4140716a0 con 0x7fa414071290
2024-03-27T07:46:28.714 INFO:teuthology.orchestra.run.smithi193.stdout:/usr/bin/ceph: stderr
2024-03-27T07:46:27.781+0000 7fa419000700 1 --2- >> [v2:172.21.15.193:3300/0,v1:172.21.15.193:6789/0] conn(0x7fa414071290 0x7fa414105500 unknown :-1 s=BANNER_CONNECTING pgs=0 cs=0 l=0 rev1=0 crypto rx=0 tx=0 comp rx=0 tx=0)._handle_peer_banner_payload supported=3 required=0
2024-03-27T07:46:28.714 INFO:teuthology.orchestra.run.smithi193.stdout:/usr/bin/ceph: stderr
2024-03-27T07:46:27.781+0000 7fa419000700 1 --2- >> [v2:172.21.15.193:3300/0,v1:172.21.15.193:6789/0] conn(0x7fa414071290 0x7fa414105500 unknown :-1 s=HELLO_CONNECTING pgs=0 cs=0 l=0 rev1=1 crypto rx=0 tx=0 comp rx=0 tx=0).handle_hello peer v2:172.21.15.193:3300/0 says I am v2:172.21.15.193:56002/0 (socket says 172.21.15.193:56002)
2024-03-27T07:46:28.715 INFO:teuthology.orchestra.run.smithi193.stdout:/usr/bin/ceph: stderr
2024-03-27T07:46:27.781+0000 7fa419000700 1 -- 172.21.15.193:0/2765634282 learned_addr learned my addr 172.21.15.193:0/2765634282 (peer_addr_for_me v2:172.21.15.193:0/0)
2024-03-27T07:46:28.715 INFO:teuthology.orchestra.run.smithi193.stdout:/usr/bin/ceph: stderr
2024-03-27T07:46:27.781+0000 7fa419000700 1 -- 172.21.15.193:0/2765634282 --> [v2:172.21.15.193:3300/0,v1:172.21.15.193:6789/0] -- mon_subscribe({config=0+,monmap=0+}) v3 -- 0x7fa414105a40 con 0x7fa414071290
2024-03-27T07:46:28.715 INFO:teuthology.orchestra.run.smithi193.stdout:/usr/bin/ceph: stderr
2024-03-27T07:46:27.782+0000 7fa419000700 1 --2- 172.21.15.193:0/2765634282 >> [v2:172.21.15.193:3300/0,v1:172.21.15.193:6789/0] conn(0x7fa414071290 0x7fa414105500 secure :-1 s=READY pgs=53 cs=0 l=1 rev1=1 crypto rx=0x7fa408009e50 tx=0x7fa408009840 comp rx=0 tx=0).ready entity=mon.0 client_cookie=43ffa9a3fbb741c1 server_cookie=0 in_seq=0 out_seq=0
2024-03-27T07:46:28.716 INFO:teuthology.orchestra.run.smithi193.stdout:/usr/bin/ceph: stderr
2024-03-27T07:46:27.782+0000 7fa413400700 1 -- 172.21.15.193:0/2765634282 <== mon.0 v2:172.21.15.193:3300/0 1 ==== mon_map magic: 0 v1 ==== 229+0+0 (secure 0 0 0) 0x7fa4080092e0 con 0x7fa414071290
2024-03-27T07:46:28.716 INFO:teuthology.orchestra.run.smithi193.stdout:/usr/bin/ceph: stderr
2024-03-27T07:46:27.782+0000 7fa413400700 1 -- 172.21.15.193:0/2765634282 <== mon.0 v2:172.21.15.193:3300/0 2 ==== config(27 keys) v1 ==== 1109+0+0 (secure 0 0 0) 0x7fa408012430 con 0x7fa414071290
2024-03-27T07:46:28.716 INFO:teuthology.orchestra.run.smithi193.stdout:/usr/bin/ceph: stderr
2024-03-27T07:46:27.782+0000 7fa413400700 1 -- 172.21.15.193:0/2765634282 <== mon.0 v2:172.21.15.193:3300/0 3 ==== mon_map magic: 0 v1 ==== 229+0+0 (secure 0 0 0) 0x7fa4080075a0 con 0x7fa414071290
2024-03-27T07:46:28.716 INFO:teuthology.orchestra.run.smithi193.stdout:/usr/bin/ceph: stderr
2024-03-27T07:46:27.783+0000 7fa41ba00700 1 -- 172.21.15.193:0/2765634282 >> [v2:172.21.15.193:3300/0,v1:172.21.15.193:6789/0] conn(0x7fa414071290 msgr2=0x7fa414105500 secure :-1 s=STATE_CONNECTION_ESTABLISHED l=1).mark_down
2024-03-27T07:46:28.716 INFO:teuthology.orchestra.run.smithi193.stdout:/usr/bin/ceph: stderr
2024-03-27T07:46:27.783+0000 7fa41ba00700 1 --2- 172.21.15.193:0/2765634282 >> [v2:172.21.15.193:3300/0,v1:172.21.15.193:6789/0] conn(0x7fa414071290 0x7fa414105500 secure :-1 s=READY pgs=53 cs=0 l=1 rev1=1 crypto rx=0x7fa408009e50 tx=0x7fa408009840 comp rx=0 tx=0).stop
2024-03-27T07:46:28.716 INFO:teuthology.orchestra.run.smithi193.stdout:/usr/bin/ceph: stderr
2024-03-27T07:46:27.783+0000 7fa41ba00700 1 -- 172.21.15.193:0/2765634282 shutdown_connections
2024-03-27T07:46:28.716 INFO:teuthology.orchestra.run.smithi193.stdout:/usr/bin/ceph: stderr
2024-03-27T07:46:27.783+0000 7fa41ba00700 1 --2- 172.21.15.193:0/2765634282 >> [v2:172.21.15.193:3300/0,v1:172.21.15.193:6789/0] conn(0x7fa414071290 0x7fa414105500 unknown :-1 s=CLOSED pgs=53 cs=0 l=1 rev1=1 crypto rx=0 tx=0 comp rx=0 tx=0).stop
2024-03-27T07:46:28.716 INFO:teuthology.orchestra.run.smithi193.stdout:/usr/bin/ceph: stderr
2024-03-27T07:46:27.783+0000 7fa41ba00700 1 -- 172.21.15.193:0/2765634282 >> 172.21.15.193:0/2765634282 conn(0x7fa4140fcfb0 msgr2=0x7fa4140ff3c0 unknown :-1 s=STATE_NONE l=0).mark_down
2024-03-27T07:46:28.717 INFO:teuthology.orchestra.run.smithi193.stdout:/usr/bin/ceph: stderr
2024-03-27T07:46:27.783+0000 7fa41ba00700 1 -- 172.21.15.193:0/2765634282 shutdown_connections
2024-03-27T07:46:28.717 INFO:teuthology.orchestra.run.smithi193.stdout:/usr/bin/ceph: stderr
2024-03-27T07:46:27.783+0000 7fa41ba00700 1 -- 172.21.15.193:0/2765634282 wait complete.
2024-03-27T07:46:28.717 INFO:teuthology.orchestra.run.smithi193.stdout:/usr/bin/ceph: stderr
2024-03-27T07:46:27.784+0000 7fa41ba00700 1 Processor -- start
2024-03-27T07:46:28.717 INFO:teuthology.orchestra.run.smithi193.stdout:/usr/bin/ceph: stderr
2024-03-27T07:46:27.784+0000 7fa41ba00700 1 -- start start
2024-03-27T07:46:28.718 INFO:teuthology.orchestra.run.smithi193.stdout:/usr/bin/ceph: stderr
2024-03-27T07:46:27.784+0000 7fa41ba00700 1 --2- >> [v2:172.21.15.193:3300/0,v1:172.21.15.193:6789/0] conn(0x7fa414071290 0x7fa414111780 unknown :-1 s=NONE pgs=0 cs=0 l=1 rev1=0 crypto rx=0 tx=0 comp rx=0 tx=0).connect
2024-03-27T07:46:28.718 INFO:teuthology.orchestra.run.smithi193.stdout:/usr/bin/ceph: stderr
2024-03-27T07:46:27.784+0000 7fa41ba00700 1 -- --> [v2:172.21.15.193:3300/0,v1:172.21.15.193:6789/0] -- mon_getmap magic: 0 v1 -- 0x7fa414111cc0 con 0x7fa414071290
2024-03-27T07:46:28.718 INFO:teuthology.orchestra.run.smithi193.stdout:/usr/bin/ceph: stderr
2024-03-27T07:46:27.784+0000 7fa419000700 1 --2- >> [v2:172.21.15.193:3300/0,v1:172.21.15.193:6789/0] conn(0x7fa414071290 0x7fa414111780 unknown :-1 s=BANNER_CONNECTING pgs=0 cs=0 l=1 rev1=0 crypto rx=0 tx=0 comp rx=0 tx=0)._handle_peer_banner_payload supported=3 required=0
2024-03-27T07:46:28.718 INFO:teuthology.orchestra.run.smithi193.stdout:/usr/bin/ceph: stderr
2024-03-27T07:46:27.785+0000 7fa419000700 1 --2- >> [v2:172.21.15.193:3300/0,v1:172.21.15.193:6789/0] conn(0x7fa414071290 0x7fa414111780 unknown :-1 s=HELLO_CONNECTING pgs=0 cs=0 l=1 rev1=1 crypto rx=0 tx=0 comp rx=0 tx=0).handle_hello peer v2:172.21.15.193:3300/0 says I am v2:172.21.15.193:56016/0 (socket says 172.21.15.193:56016)
2024-03-27T07:46:28.718 INFO:teuthology.orchestra.run.smithi193.stdout:/usr/bin/ceph: stderr
2024-03-27T07:46:27.785+0000 7fa419000700 1 -- 172.21.15.193:0/2985344904 learned_addr learned my addr 172.21.15.193:0/2985344904 (peer_addr_for_me v2:172.21.15.193:0/0)
2024-03-27T07:46:28.719 INFO:teuthology.orchestra.run.smithi193.stdout:/usr/bin/ceph: stderr
2024-03-27T07:46:27.785+0000 7fa419000700 1 -- 172.21.15.193:0/2985344904 --> [v2:172.21.15.193:3300/0,v1:172.21.15.193:6789/0] -- mon_subscribe({config=0+,monmap=0+}) v3 -- 0x7fa408009ae0 con 0x7fa414071290
2024-03-27T07:46:28.719 INFO:teuthology.orchestra.run.smithi193.stdout:/usr/bin/ceph: stderr
2024-03-27T07:46:27.785+0000 7fa419000700 1 --2- 172.21.15.193:0/2985344904 >> [v2:172.21.15.193:3300/0,v1:172.21.15.193:6789/0] conn(0x7fa414071290 0x7fa414111780 secure :-1 s=READY pgs=54 cs=0 l=1 rev1=1 crypto rx=0x7fa408012de0 tx=0x7fa408009840 comp rx=0 tx=0).ready entity=mon.0 client_cookie=0 server_cookie=0 in_seq=0 out_seq=0
2024-03-27T07:46:28.719 INFO:teuthology.orchestra.run.smithi193.stdout:/usr/bin/ceph: stderr
2024-03-27T07:46:27.785+0000 7fa410c00700 1 -- 172.21.15.193:0/2985344904 <== mon.0 v2:172.21.15.193:3300/0 1 ==== mon_map magic: 0 v1 ==== 229+0+0 (secure 0 0 0) 0x7fa4080092e0 con 0x7fa414071290
2024-03-27T07:46:28.719 INFO:teuthology.orchestra.run.smithi193.stdout:/usr/bin/ceph: stderr
2024-03-27T07:46:27.786+0000 7fa410c00700 1 -- 172.21.15.193:0/2985344904 <== mon.0 v2:172.21.15.193:3300/0 2 ==== config(27 keys) v1 ==== 1109+0+0 (secure 0 0 0) 0x7fa408007ce0 con 0x7fa414071290
2024-03-27T07:46:28.719 INFO:teuthology.orchestra.run.smithi193.stdout:/usr/bin/ceph: stderr
2024-03-27T07:46:27.786+0000 7fa410c00700 1 -- 172.21.15.193:0/2985344904 <== mon.0 v2:172.21.15.193:3300/0 3 ==== mon_map magic: 0 v1 ==== 229+0+0 (secure 0 0 0) 0x7fa408025910 con 0x7fa414071290
2024-03-27T07:46:28.719 INFO:teuthology.orchestra.run.smithi193.stdout:/usr/bin/ceph: stderr
2024-03-27T07:46:27.786+0000 7fa41ba00700 1 -- 172.21.15.193:0/2985344904 --> [v2:172.21.15.193:3300/0,v1:172.21.15.193:6789/0] -- mon_subscribe({mgrmap=0+}) v3 -- 0x7fa414111ec0 con 0x7fa414071290
2024-03-27T07:46:28.719 INFO:teuthology.orchestra.run.smithi193.stdout:/usr/bin/ceph: stderr
2024-03-27T07:46:27.786+0000 7fa41ba00700 1 -- 172.21.15.193:0/2985344904 --> [v2:172.21.15.193:3300/0,v1:172.21.15.193:6789/0] -- mon_subscribe({osdmap=0}) v3 -- 0x7fa414112a30 con 0x7fa414071290
2024-03-27T07:46:28.720 INFO:teuthology.orchestra.run.smithi193.stdout:/usr/bin/ceph: stderr
2024-03-27T07:46:27.787+0000 7fa410c00700 1 -- 172.21.15.193:0/2985344904 <== mon.0 v2:172.21.15.193:3300/0 4 ==== mgrmap(e 8) v1 ==== 43368+0+0 (secure 0 0 0) 0x7fa408019050 con 0x7fa414071290
2024-03-27T07:46:28.721 INFO:teuthology.orchestra.run.smithi193.stdout:/usr/bin/ceph: stderr
2024-03-27T07:46:27.787+0000 7fa406000700 1 -- 172.21.15.193:0/2985344904 --> [v2:172.21.15.193:3300/0,v1:172.21.15.193:6789/0] -- mon_command({"prefix": "get_command_descriptions"} v 0) v1 -- 0x7fa41405f5f0 con 0x7fa414071290
2024-03-27T07:46:28.721 INFO:teuthology.orchestra.run.smithi193.stdout:/usr/bin/ceph: stderr
2024-03-27T07:46:27.787+0000 7fa410c00700 1 --2- 172.21.15.193:0/2985344904 >> [v2:172.21.15.193:6800/999131287,v1:172.21.15.193:6801/999131287] conn(0x7fa3fc0367e0 0x7fa3fc038c90 unknown :-1 s=NONE pgs=0 cs=0 l=1 rev1=0 crypto rx=0 tx=0 comp rx=0 tx=0).connect
2024-03-27T07:46:28.721 INFO:teuthology.orchestra.run.smithi193.stdout:/usr/bin/ceph: stderr
2024-03-27T07:46:27.787+0000 7fa410c00700 1 -- 172.21.15.193:0/2985344904 <== mon.0 v2:172.21.15.193:3300/0 5 ==== osd_map(2..2 src has 1..2) v4 ==== 936+0+0 (secure 0 0 0) 0x7fa40804a090 con 0x7fa414071290
2024-03-27T07:46:28.721 INFO:teuthology.orchestra.run.smithi193.stdout:/usr/bin/ceph: stderr
2024-03-27T07:46:27.788+0000 7fa413e00700 1 --2- 172.21.15.193:0/2985344904 >> [v2:172.21.15.193:6800/999131287,v1:172.21.15.193:6801/999131287] conn(0x7fa3fc0367e0 0x7fa3fc038c90 unknown :-1 s=BANNER_CONNECTING pgs=0 cs=0 l=1 rev1=0 crypto rx=0 tx=0 comp rx=0 tx=0)._handle_peer_banner_payload supported=3 required=0
2024-03-27T07:46:28.721 INFO:teuthology.orchestra.run.smithi193.stdout:/usr/bin/ceph: stderr
2024-03-27T07:46:27.788+0000 7fa413e00700 1 --2- 172.21.15.193:0/2985344904 >> [v2:172.21.15.193:6800/999131287,v1:172.21.15.193:6801/999131287] conn(0x7fa3fc0367e0 0x7fa3fc038c90 secure :-1 s=READY pgs=15 cs=0 l=1 rev1=1 crypto rx=0x7fa400009990 tx=0x7fa400006e40 comp rx=0 tx=0).ready entity=mgr.14120 client_cookie=0 server_cookie=0 in_seq=0 out_seq=0
2024-03-27T07:46:28.721 INFO:teuthology.orchestra.run.smithi193.stdout:/usr/bin/ceph: stderr
2024-03-27T07:46:27.793+0000 7fa410c00700 1 -- 172.21.15.193:0/2985344904 <== mon.0 v2:172.21.15.193:3300/0 6 ==== mon_command_ack([{"prefix": "get_command_descriptions"}]=0 v0) v1 ==== 72+0+176504 (secure 0 0 0) 0x7fa408011960 con 0x7fa414071290
2024-03-27T07:46:28.721 INFO:teuthology.orchestra.run.smithi193.stdout:/usr/bin/ceph: stderr
2024-03-27T07:46:28.016+0000 7fa406000700 1 -- 172.21.15.193:0/2985344904 --> [v2:172.21.15.193:6800/999131287,v1:172.21.15.193:6801/999131287] -- mgr_command(tid 0: {"prefix": "orch apply", "service_type": "prometheus", "target": ["mon-mgr", ""]}) v1 -- 0x7fa414106880 con 0x7fa3fc0367e0
2024-03-27T07:46:28.721 INFO:teuthology.orchestra.run.smithi193.stdout:/usr/bin/ceph: stderr
2024-03-27T07:46:28.022+0000 7fa410c00700 1 -- 172.21.15.193:0/2985344904 <== mgr.14120 v2:172.21.15.193:6800/999131287 1 ==== mgr_command_reply(tid 0: 0 ) v1 ==== 8+0+31 (secure 0 0 0) 0x7fa414106880 con 0x7fa3fc0367e0
2024-03-27T07:46:28.722 INFO:teuthology.orchestra.run.smithi193.stdout:/usr/bin/ceph: stderr
2024-03-27T07:46:28.026+0000 7fa406000700 1 -- 172.21.15.193:0/2985344904 >> [v2:172.21.15.193:6800/999131287,v1:172.21.15.193:6801/999131287] conn(0x7fa3fc0367e0 msgr2=0x7fa3fc038c90 secure :-1 s=STATE_CONNECTION_ESTABLISHED l=1).mark_down
2024-03-27T07:46:28.722 INFO:teuthology.orchestra.run.smithi193.stdout:/usr/bin/ceph: stderr
2024-03-27T07:46:28.026+0000 7fa406000700 1 --2- 172.21.15.193:0/2985344904 >> [v2:172.21.15.193:6800/999131287,v1:172.21.15.193:6801/999131287] conn(0x7fa3fc0367e0 0x7fa3fc038c90 secure :-1 s=READY pgs=15 cs=0 l=1 rev1=1 crypto rx=0x7fa400009990 tx=0x7fa400006e40 comp rx=0 tx=0).stop
2024-03-27T07:46:28.723 INFO:teuthology.orchestra.run.smithi193.stdout:/usr/bin/ceph: stderr
