2024-03-27T07:46:14.428 INFO:teuthology.orchestra.run.smithi193.stdout:/usr/bin/ceph: stderr
2024-03-27T07:46:13.761+0000 7fc726c00700 1 --2- 172.21.15.193:0/2913385431 >> [v2:172.21.15.193:6800/999131287,v1:172.21.15.193:6801/999131287] conn(0x7fc7040367e0 0x7fc704038c90 unknown :-1 s=CLOSED pgs=9 cs=0 l=1 rev1=1 crypto rx=0 tx=0 comp rx=0 tx=0).stop
2024-03-27T07:46:14.428 INFO:teuthology.orchestra.run.smithi193.stdout:/usr/bin/ceph: stderr
2024-03-27T07:46:13.761+0000 7fc726c00700 1 --2- 172.21.15.193:0/2913385431 >> [v2:172.21.15.193:3300/0,v1:172.21.15.193:6789/0] conn(0x7fc720101830 0x7fc720107740 unknown :-1 s=CLOSED pgs=42 cs=0 l=1 rev1=1 crypto rx=0 tx=0 comp rx=0 tx=0).stop
2024-03-27T07:46:14.429 INFO:teuthology.orchestra.run.smithi193.stdout:/usr/bin/ceph: stderr
2024-03-27T07:46:13.761+0000 7fc726c00700 1 -- 172.21.15.193:0/2913385431 >> 172.21.15.193:0/2913385431 conn(0x7fc7200fcfb0 msgr2=0x7fc7200fd860 unknown :-1 s=STATE_NONE l=0).mark_down
2024-03-27T07:46:14.429 INFO:teuthology.orchestra.run.smithi193.stdout:/usr/bin/ceph: stderr
2024-03-27T07:46:13.762+0000 7fc726c00700 1 -- 172.21.15.193:0/2913385431 shutdown_connections
2024-03-27T07:46:14.429 INFO:teuthology.orchestra.run.smithi193.stdout:/usr/bin/ceph: stderr
2024-03-27T07:46:13.762+0000 7fc726c00700 1 -- 172.21.15.193:0/2913385431 wait complete.
2024-03-27T07:46:14.989 INFO:journalctl@ceph.mon.smithi193.smithi193.stdout:Mar 27 07:46:14 smithi193 ceph-mon[28923]: from='mgr.14120 172.21.15.193:0/2512529322' entity='mgr.smithi193.xwlbin'
2024-03-27T07:46:14.990 INFO:journalctl@ceph.mon.smithi193.smithi193.stdout:Mar 27 07:46:14 smithi193 ceph-mon[28923]: from='mgr.14120 172.21.15.193:0/2512529322' entity='mgr.smithi193.xwlbin'
2024-03-27T07:46:15.922 INFO:journalctl@ceph.mon.smithi193.smithi193.stdout:Mar 27 07:46:15 smithi193 ceph-mon[28923]: from='client.14138 -' entity='client.admin' cmd=[{"prefix": "cephadm get-pub-key", "target": ["mon-mgr", ""]}]: dispatch
2024-03-27T07:46:15.938 INFO:teuthology.orchestra.run.smithi193.stdout:/usr/bin/ceph: stdout ssh-rsa AAAAB3NzaC1yc2EAAAADAQABAAABgQCypWDzqN5pCw9AlCYR4y9C4w18/6Qbbfi3MH4WlPB/SGJolxTkF6Whk6TANQHDmV+A36nCQt2REpWq48Os2ySlxzWjNJt7cWS6EoO9RAnxnSMGy5r8GndWO6skz/LNDouaYnJ1317nuwZJnUu2pprPXLjqqueszZjkJ6AxK9i4flm6xDktt+uKeCiDlg9nrUIYRZCr0/KOdOe9lYLoqVVe4BFjt6AVA8ia1ZKGN3ZfxwSUHs2wdQW19duX/DE9/AnpvbSE/7Yk7kxkFYzG561RFUN4ZBMbcgvlMJcHlG2mARfgjZX5gDERP5gZVRDYieYAqSwLQD+ihLt26mKNyrWMBVRsAX3sliuVb7z15jWb8HUC4jT6e6pky00USYPouuAiIf/D5ZzaRi809Xn9klTim1Qip4958b0O+xVCvdJb6bwF9lXbIckiVHjM+1HIwgN7bhkhtDCzOzPGq2sl7rpawABqY8wJnyL9mvmb2FCM9YuL1GdKALlfbtYDkQ7Xou8= ceph-d93c369c-ec0d-11ee-95d0-87774f69a715
2024-03-27T07:46:15.938 INFO:teuthology.orchestra.run.smithi193.stdout:/usr/bin/ceph: stderr
2024-03-27T07:46:14.995+0000 7fed77400700 1 Processor -- start
2024-03-27T07:46:15.938 INFO:teuthology.orchestra.run.smithi193.stdout:/usr/bin/ceph: stderr
2024-03-27T07:46:14.995+0000 7fed77400700 1 -- start start
2024-03-27T07:46:15.938 INFO:teuthology.orchestra.run.smithi193.stdout:/usr/bin/ceph: stderr
2024-03-27T07:46:14.995+0000 7fed77400700 1 --2- >> [v2:172.21.15.193:3300/0,v1:172.21.15.193:6789/0] conn(0x7fed701028f0 0x7fed70102d00 unknown :-1 s=NONE pgs=0 cs=0 l=0 rev1=0 crypto rx=0 tx=0 comp rx=0 tx=0).connect
2024-03-27T07:46:15.938 INFO:teuthology.orchestra.run.smithi193.stdout:/usr/bin/ceph: stderr
2024-03-27T07:46:14.995+0000 7fed77400700 1 -- --> [v2:172.21.15.193:3300/0,v1:172.21.15.193:6789/0] -- mon_getmap magic: 0 v1 -- 0x7fed70103240 con 0x7fed701028f0
2024-03-27T07:46:15.938 INFO:teuthology.orchestra.run.smithi193.stdout:/usr/bin/ceph: stderr
2024-03-27T07:46:14.996+0000 7fed74a00700 1 --2- >> [v2:172.21.15.193:3300/0,v1:172.21.15.193:6789/0] conn(0x7fed701028f0 0x7fed70102d00 unknown :-1 s=BANNER_CONNECTING pgs=0 cs=0 l=0 rev1=0 crypto rx=0 tx=0 comp rx=0 tx=0)._handle_peer_banner_payload supported=3 required=0
2024-03-27T07:46:15.938 INFO:teuthology.orchestra.run.smithi193.stdout:/usr/bin/ceph: stderr
2024-03-27T07:46:14.996+0000 7fed74a00700 1 --2- >> [v2:172.21.15.193:3300/0,v1:172.21.15.193:6789/0] conn(0x7fed701028f0 0x7fed70102d00 unknown :-1 s=HELLO_CONNECTING pgs=0 cs=0 l=0 rev1=1 crypto rx=0 tx=0 comp rx=0 tx=0).handle_hello peer v2:172.21.15.193:3300/0 says I am v2:172.21.15.193:60648/0 (socket says 172.21.15.193:60648)
2024-03-27T07:46:15.939 INFO:teuthology.orchestra.run.smithi193.stdout:/usr/bin/ceph: stderr
2024-03-27T07:46:14.996+0000 7fed74a00700 1 -- 172.21.15.193:0/1692891341 learned_addr learned my addr 172.21.15.193:0/1692891341 (peer_addr_for_me v2:172.21.15.193:0/0)
2024-03-27T07:46:15.939 INFO:teuthology.orchestra.run.smithi193.stdout:/usr/bin/ceph: stderr
2024-03-27T07:46:14.996+0000 7fed74a00700 1 -- 172.21.15.193:0/1692891341 --> [v2:172.21.15.193:3300/0,v1:172.21.15.193:6789/0] -- mon_subscribe({config=0+,monmap=0+}) v3 -- 0x7fed70103380 con 0x7fed701028f0
2024-03-27T07:46:15.939 INFO:teuthology.orchestra.run.smithi193.stdout:/usr/bin/ceph: stderr
2024-03-27T07:46:14.997+0000 7fed74a00700 1 --2- 172.21.15.193:0/1692891341 >> [v2:172.21.15.193:3300/0,v1:172.21.15.193:6789/0] conn(0x7fed701028f0 0x7fed70102d00 secure :-1 s=READY pgs=43 cs=0 l=1 rev1=1 crypto rx=0x7fed640098e0 tx=0x7fed64009250 comp rx=0 tx=0).ready entity=mon.0 client_cookie=d01ddcb770971982 server_cookie=0 in_seq=0 out_seq=0
2024-03-27T07:46:15.939 INFO:teuthology.orchestra.run.smithi193.stdout:/usr/bin/ceph: stderr
2024-03-27T07:46:14.997+0000 7fed6f400700 1 -- 172.21.15.193:0/1692891341 <== mon.0 v2:172.21.15.193:3300/0 1 ==== mon_map magic: 0 v1 ==== 229+0+0 (secure 0 0 0) 0x7fed6400b860 con 0x7fed701028f0
2024-03-27T07:46:15.939 INFO:teuthology.orchestra.run.smithi193.stdout:/usr/bin/ceph: stderr
2024-03-27T07:46:14.997+0000 7fed6f400700 1 -- 172.21.15.193:0/1692891341 <== mon.0 v2:172.21.15.193:3300/0 2 ==== config(27 keys) v1 ==== 1044+0+0 (secure 0 0 0) 0x7fed6400be50 con 0x7fed701028f0
2024-03-27T07:46:15.939 INFO:teuthology.orchestra.run.smithi193.stdout:/usr/bin/ceph: stderr
2024-03-27T07:46:14.997+0000 7fed6f400700 1 -- 172.21.15.193:0/1692891341 <== mon.0 v2:172.21.15.193:3300/0 3 ==== mon_map magic: 0 v1 ==== 229+0+0 (secure 0 0 0) 0x7fed64010380 con 0x7fed701028f0
2024-03-27T07:46:15.939 INFO:teuthology.orchestra.run.smithi193.stdout:/usr/bin/ceph: stderr
2024-03-27T07:46:14.998+0000 7fed77400700 1 -- 172.21.15.193:0/1692891341 >> [v2:172.21.15.193:3300/0,v1:172.21.15.193:6789/0] conn(0x7fed701028f0 msgr2=0x7fed70102d00 secure :-1 s=STATE_CONNECTION_ESTABLISHED l=1).mark_down
2024-03-27T07:46:15.939 INFO:teuthology.orchestra.run.smithi193.stdout:/usr/bin/ceph: stderr
2024-03-27T07:46:14.998+0000 7fed77400700 1 --2- 172.21.15.193:0/1692891341 >> [v2:172.21.15.193:3300/0,v1:172.21.15.193:6789/0] conn(0x7fed701028f0 0x7fed70102d00 secure :-1 s=READY pgs=43 cs=0 l=1 rev1=1 crypto rx=0x7fed640098e0 tx=0x7fed64009250 comp rx=0 tx=0).stop
2024-03-27T07:46:15.939 INFO:teuthology.orchestra.run.smithi193.stdout:/usr/bin/ceph: stderr
2024-03-27T07:46:14.998+0000 7fed77400700 1 -- 172.21.15.193:0/1692891341 shutdown_connections
2024-03-27T07:46:15.939 INFO:teuthology.orchestra.run.smithi193.stdout:/usr/bin/ceph: stderr
2024-03-27T07:46:14.998+0000 7fed77400700 1 --2- 172.21.15.193:0/1692891341 >> [v2:172.21.15.193:3300/0,v1:172.21.15.193:6789/0] conn(0x7fed701028f0 0x7fed70102d00 unknown :-1 s=CLOSED pgs=43 cs=0 l=1 rev1=1 crypto rx=0 tx=0 comp rx=0 tx=0).stop
2024-03-27T07:46:15.939 INFO:teuthology.orchestra.run.smithi193.stdout:/usr/bin/ceph: stderr
2024-03-27T07:46:14.998+0000 7fed77400700 1 -- 172.21.15.193:0/1692891341 >> 172.21.15.193:0/1692891341 conn(0x7fed700fe070 msgr2=0x7fed70100480 unknown :-1 s=STATE_NONE l=0).mark_down
2024-03-27T07:46:15.939 INFO:teuthology.orchestra.run.smithi193.stdout:/usr/bin/ceph: stderr
2024-03-27T07:46:14.998+0000 7fed77400700 1 -- 172.21.15.193:0/1692891341 shutdown_connections
2024-03-27T07:46:15.939 INFO:teuthology.orchestra.run.smithi193.stdout:/usr/bin/ceph: stderr
2024-03-27T07:46:14.998+0000 7fed77400700 1 -- 172.21.15.193:0/1692891341 wait complete.
2024-03-27T07:46:15.939 INFO:teuthology.orchestra.run.smithi193.stdout:/usr/bin/ceph: stderr
2024-03-27T07:46:14.999+0000 7fed77400700 1 Processor -- start
2024-03-27T07:46:15.940 INFO:teuthology.orchestra.run.smithi193.stdout:/usr/bin/ceph: stderr
2024-03-27T07:46:14.999+0000 7fed77400700 1 -- start start
2024-03-27T07:46:15.940 INFO:teuthology.orchestra.run.smithi193.stdout:/usr/bin/ceph: stderr
2024-03-27T07:46:14.999+0000 7fed77400700 1 --2- >> [v2:172.21.15.193:3300/0,v1:172.21.15.193:6789/0] conn(0x7fed701028f0 0x7fed701116c0 unknown :-1 s=NONE pgs=0 cs=0 l=1 rev1=0 crypto rx=0 tx=0 comp rx=0 tx=0).connect
2024-03-27T07:46:15.940 INFO:teuthology.orchestra.run.smithi193.stdout:/usr/bin/ceph: stderr
2024-03-27T07:46:14.999+0000 7fed77400700 1 -- --> [v2:172.21.15.193:3300/0,v1:172.21.15.193:6789/0] -- mon_getmap magic: 0 v1 -- 0x7fed70111c00 con 0x7fed701028f0
2024-03-27T07:46:15.940 INFO:teuthology.orchestra.run.smithi193.stdout:/usr/bin/ceph: stderr
2024-03-27T07:46:15.000+0000 7fed74a00700 1 --2- >> [v2:172.21.15.193:3300/0,v1:172.21.15.193:6789/0] conn(0x7fed701028f0 0x7fed701116c0 unknown :-1 s=BANNER_CONNECTING pgs=0 cs=0 l=1 rev1=0 crypto rx=0 tx=0 comp rx=0 tx=0)._handle_peer_banner_payload supported=3 required=0
2024-03-27T07:46:15.940 INFO:teuthology.orchestra.run.smithi193.stdout:/usr/bin/ceph: stderr
2024-03-27T07:46:15.000+0000 7fed74a00700 1 --2- >> [v2:172.21.15.193:3300/0,v1:172.21.15.193:6789/0] conn(0x7fed701028f0 0x7fed701116c0 unknown :-1 s=HELLO_CONNECTING pgs=0 cs=0 l=1 rev1=1 crypto rx=0 tx=0 comp rx=0 tx=0).handle_hello peer v2:172.21.15.193:3300/0 says I am v2:172.21.15.193:60664/0 (socket says 172.21.15.193:60664)
2024-03-27T07:46:15.940 INFO:teuthology.orchestra.run.smithi193.stdout:/usr/bin/ceph: stderr
2024-03-27T07:46:15.000+0000 7fed74a00700 1 -- 172.21.15.193:0/4277881844 learned_addr learned my addr 172.21.15.193:0/4277881844 (peer_addr_for_me v2:172.21.15.193:0/0)
2024-03-27T07:46:15.940 INFO:teuthology.orchestra.run.smithi193.stdout:/usr/bin/ceph: stderr
2024-03-27T07:46:15.000+0000 7fed74a00700 1 -- 172.21.15.193:0/4277881844 --> [v2:172.21.15.193:3300/0,v1:172.21.15.193:6789/0] -- mon_subscribe({config=0+,monmap=0+}) v3 -- 0x7fed640094f0 con 0x7fed701028f0
2024-03-27T07:46:15.940 INFO:teuthology.orchestra.run.smithi193.stdout:/usr/bin/ceph: stderr
2024-03-27T07:46:15.000+0000 7fed74a00700 1 --2- 172.21.15.193:0/4277881844 >> [v2:172.21.15.193:3300/0,v1:172.21.15.193:6789/0] conn(0x7fed701028f0 0x7fed701116c0 secure :-1 s=READY pgs=44 cs=0 l=1 rev1=1 crypto rx=0x7fed6400b440 tx=0x7fed64009250 comp rx=0 tx=0).ready entity=mon.0 client_cookie=0 server_cookie=0 in_seq=0 out_seq=0
2024-03-27T07:46:15.940 INFO:teuthology.orchestra.run.smithi193.stdout:/usr/bin/ceph: stderr
2024-03-27T07:46:15.001+0000 7fed6cc00700 1 -- 172.21.15.193:0/4277881844 <== mon.0 v2:172.21.15.193:3300/0 1 ==== mon_map magic: 0 v1 ==== 229+0+0 (secure 0 0 0) 0x7fed64010760 con 0x7fed701028f0
2024-03-27T07:46:15.940 INFO:teuthology.orchestra.run.smithi193.stdout:/usr/bin/ceph: stderr
2024-03-27T07:46:15.001+0000 7fed6cc00700 1 -- 172.21.15.193:0/4277881844 <== mon.0 v2:172.21.15.193:3300/0 2 ==== config(27 keys) v1 ==== 1044+0+0 (secure 0 0 0) 0x7fed64010d50 con 0x7fed701028f0
2024-03-27T07:46:15.940 INFO:teuthology.orchestra.run.smithi193.stdout:/usr/bin/ceph: stderr
2024-03-27T07:46:15.001+0000 7fed77400700 1 -- 172.21.15.193:0/4277881844 --> [v2:172.21.15.193:3300/0,v1:172.21.15.193:6789/0] -- mon_subscribe({mgrmap=0+}) v3 -- 0x7fed70111e00 con 0x7fed701028f0
2024-03-27T07:46:15.940 INFO:teuthology.orchestra.run.smithi193.stdout:/usr/bin/ceph: stderr
2024-03-27T07:46:15.001+0000 7fed6cc00700 1 -- 172.21.15.193:0/4277881844 <== mon.0 v2:172.21.15.193:3300/0 3 ==== mon_map magic: 0 v1 ==== 229+0+0 (secure 0 0 0) 0x7fed6401ae20 con 0x7fed701028f0
2024-03-27T07:46:15.940 INFO:teuthology.orchestra.run.smithi193.stdout:/usr/bin/ceph: stderr
2024-03-27T07:46:15.001+0000 7fed77400700 1 -- 172.21.15.193:0/4277881844 --> [v2:172.21.15.193:3300/0,v1:172.21.15.193:6789/0] -- mon_subscribe({osdmap=0}) v3 -- 0x7fed70112970 con 0x7fed701028f0
2024-03-27T07:46:15.940 INFO:teuthology.orchestra.run.smithi193.stdout:/usr/bin/ceph: stderr
2024-03-27T07:46:15.002+0000 7fed6cc00700 1 -- 172.21.15.193:0/4277881844 <== mon.0 v2:172.21.15.193:3300/0 4 ==== mgrmap(e 8) v1 ==== 43368+0+0 (secure 0 0 0) 0x7fed640108c0 con 0x7fed701028f0
2024-03-27T07:46:15.941 INFO:teuthology.orchestra.run.smithi193.stdout:/usr/bin/ceph: stderr
2024-03-27T07:46:15.002+0000 7fed77400700 1 -- 172.21.15.193:0/4277881844 --> [v2:172.21.15.193:3300/0,v1:172.21.15.193:6789/0] -- mon_command({"prefix": "get_command_descriptions"} v 0) v1 -- 0x7fed7005f5f0 con 0x7fed701028f0
2024-03-27T07:46:15.941 INFO:teuthology.orchestra.run.smithi193.stdout:/usr/bin/ceph: stderr
2024-03-27T07:46:15.002+0000 7fed6cc00700 1 --2- 172.21.15.193:0/4277881844 >> [v2:172.21.15.193:6800/999131287,v1:172.21.15.193:6801/999131287] conn(0x7fed58036770 0x7fed58038c20 unknown :-1 s=NONE pgs=0 cs=0 l=1 rev1=0 crypto rx=0 tx=0 comp rx=0 tx=0).connect
2024-03-27T07:46:15.941 INFO:teuthology.orchestra.run.smithi193.stdout:/usr/bin/ceph: stderr
2024-03-27T07:46:15.002+0000 7fed6cc00700 1 -- 172.21.15.193:0/4277881844 <== mon.0 v2:172.21.15.193:3300/0 5 ==== osd_map(2..2 src has 1..2) v4 ==== 936+0+0 (secure 0 0 0) 0x7fed6404a590 con 0x7fed701028f0
2024-03-27T07:46:15.941 INFO:teuthology.orchestra.run.smithi193.stdout:/usr/bin/ceph: stderr
2024-03-27T07:46:15.002+0000 7fed6fe00700 1 --2- 172.21.15.193:0/4277881844 >> [v2:172.21.15.193:6800/999131287,v1:172.21.15.193:6801/999131287] conn(0x7fed58036770 0x7fed58038c20 unknown :-1 s=BANNER_CONNECTING pgs=0 cs=0 l=1 rev1=0 crypto rx=0 tx=0 comp rx=0 tx=0)._handle_peer_banner_payload supported=3 required=0
2024-03-27T07:46:15.941 INFO:teuthology.orchestra.run.smithi193.stdout:/usr/bin/ceph: stderr
2024-03-27T07:46:15.003+0000 7fed6fe00700 1 --2- 172.21.15.193:0/4277881844 >> [v2:172.21.15.193:6800/999131287,v1:172.21.15.193:6801/999131287] conn(0x7fed58036770 0x7fed58038c20 secure :-1 s=READY pgs=10 cs=0 l=1 rev1=1 crypto rx=0x7fed5c009990 tx=0x7fed5c006e40 comp rx=0 tx=0).ready entity=mgr.14120 client_cookie=0 server_cookie=0 in_seq=0 out_seq=0
2024-03-27T07:46:15.941 INFO:teuthology.orchestra.run.smithi193.stdout:/usr/bin/ceph: stderr
2024-03-27T07:46:15.007+0000 7fed6cc00700 1 -- 172.21.15.193:0/4277881844 <== mon.0 v2:172.21.15.193:3300/0 6 ==== mon_command_ack([{"prefix": "get_command_descriptions"}]=0 v0) v1 ==== 72+0+176504 (secure 0 0 0) 0x7fed64018b40 con 0x7fed701028f0
2024-03-27T07:46:15.941 INFO:teuthology.orchestra.run.smithi193.stdout:/usr/bin/ceph: stderr
2024-03-27T07:46:15.218+0000 7fed77400700 1 -- 172.21.15.193:0/4277881844 --> [v2:172.21.15.193:6800/999131287,v1:172.21.15.193:6801/999131287] -- mgr_command(tid 0: {"prefix": "cephadm get-pub-key", "target": ["mon-mgr", ""]}) v1 -- 0x7fed700ff2f0 con 0x7fed58036770
2024-03-27T07:46:15.941 INFO:teuthology.orchestra.run.smithi193.stdout:/usr/bin/ceph: stderr
2024-03-27T07:46:15.220+0000 7fed6cc00700 1 -- 172.21.15.193:0/4277881844 <== mgr.14120 v2:172.21.15.193:6800/999131287 1 ==== mgr_command_reply(tid 0: 0 ) v1 ==== 8+0+595 (secure 0 0 0) 0x7fed700ff2f0 con 0x7fed58036770
2024-03-27T07:46:15.941 INFO:teuthology.orchestra.run.smithi193.stdout:/usr/bin/ceph: stderr
2024-03-27T07:46:15.223+0000 7fed77400700 1 -- 172.21.15.193:0/4277881844 >> [v2:172.21.15.193:6800/999131287,v1:172.21.15.193:6801/999131287] conn(0x7fed58036770 msgr2=0x7fed58038c20 secure :-1 s=STATE_CONNECTION_ESTABLISHED l=1).mark_down
2024-03-27T07:46:15.941 INFO:teuthology.orchestra.run.smithi193.stdout:/usr/bin/ceph: stderr
2024-03-27T07:46:15.223+0000 7fed77400700 1 --2- 172.21.15.193:0/4277881844 >> [v2:172.21.15.193:6800/999131287,v1:172.21.15.193:6801/999131287] conn(0x7fed58036770 0x7fed58038c20 secure :-1 s=READY pgs=10 cs=0 l=1 rev1=1 crypto rx=0x7fed5c009990 tx=0x7fed5c006e40 comp rx=0 tx=0).stop
2024-03-27T07:46:15.941 INFO:teuthology.orchestra.run.smithi193.stdout:/usr/bin/ceph: stderr
2024-03-27T07:46:15.223+0000 7fed77400700 1 -- 172.21.15.193:0/4277881844 >> [v2:172.21.15.193:3300/0,v1:172.21.15.193:6789/0] conn(0x7fed701028f0 msgr2=0x7fed701116c0 secure :-1 s=STATE_CONNECTION_ESTABLISHED l=1).mark_down
2024-03-27T07:46:15.941 INFO:teuthology.orchestra.run.smithi193.stdout:/usr/bin/ceph: stderr
2024-03-27T07:46:15.223+0000 7fed77400700 1 --2- 172.21.15.193:0/4277881844 >> [v2:172.21.15.193:3300/0,v1:172.21.15.193:6789/0] conn(0x7fed701028f0 0x7fed701116c0 secure :-1 s=READY pgs=44 cs=0 l=1 rev1=1 crypto rx=0x7fed6400b440 tx=0x7fed64009250 comp rx=0 tx=0).stop
2024-03-27T07:46:15.941 INFO:teuthology.orchestra.run.smithi193.stdout:/usr/bin/ceph: stderr
2024-03-27T07:46:15.223+0000 7fed77400700 1 -- 172.21.15.193:0/4277881844 shutdown_connections
2024-03-27T07:46:15.941 INFO:teuthology.orchestra.run.smithi193.stdout:/usr/bin/ceph: stderr
2024-03-27T07:46:15.223+0000 7fed77400700 1 --2- 172.21.15.193:0/4277881844 >> [v2:172.21.15.193:6800/999131287,v1:172.21.15.193:6801/999131287] conn(0x7fed58036770 0x7fed58038c20 unknown :-1 s=CLOSED pgs=10 cs=0 l=1 rev1=1 crypto rx=0 tx=0 comp rx=0 tx=0).stop
2024-03-27T07:46:15.942 INFO:teuthology.orchestra.run.smithi193.stdout:/usr/bin/ceph: stderr
2024-03-27T07:46:15.223+0000 7fed77400700 1 --2- 172.21.15.193:0/4277881844 >> [v2:172.21.15.193:3300/0,v1:172.21.15.193:6789/0] conn(0x7fed701028f0 0x7fed701116c0 unknown :-1 s=CLOSED pgs=44 cs=0 l=1 rev1=1 crypto rx=0 tx=0 comp rx=0 tx=0).stop
2024-03-27T07:46:15.942 INFO:teuthology.orchestra.run.smithi193.stdout:/usr/bin/ceph: stderr
2024-03-27T07:46:15.223+0000 7fed77400700 1 -- 172.21.15.193:0/4277881844 >> 172.21.15.193:0/4277881844 conn(0x7fed700fe070 msgr2=0x7fed700febe0 unknown :-1 s=STATE_NONE l=0).mark_down
2024-03-27T07:46:15.942 INFO:teuthology.orchestra.run.smithi193.stdout:/usr/bin/ceph: stderr
2024-03-27T07:46:15.224+0000 7fed77400700 1 -- 172.21.15.193:0/4277881844 shutdown_connections
2024-03-27T07:46:15.942 INFO:teuthology.orchestra.run.smithi193.stdout:/usr/bin/ceph: stderr
2024-03-27T07:46:15.224+0000 7fed77400700 1 -- 172.21.15.193:0/4277881844 wait complete.
2024-03-27T07:46:15.942 INFO:teuthology.orchestra.run.smithi193.stdout:Wrote public SSH key to /home/ubuntu/cephtest/ceph.pub
2024-03-27T07:46:15.942 INFO:teuthology.orchestra.run.smithi193.stdout:Adding key to root@localhost authorized_keys...
2024-03-27T07:46:15.942 INFO:teuthology.orchestra.run.smithi193.stdout:Adding host smithi193...
2024-03-27T07:46:18.060 INFO:journalctl@ceph.mon.smithi193.smithi193.stdout:Mar 27 07:46:17 smithi193 ceph-mon[28923]: from='client.14140 -' entity='client.admin' cmd=[{"prefix": "orch host add", "hostname": "smithi193", "addr": "172.21.15.193", "target": ["mon-mgr", ""]}]: dispatch
2024-03-27T07:46:18.925 INFO:journalctl@ceph.mon.smithi193.smithi193.stdout:Mar 27 07:46:18 smithi193 ceph-mon[28923]: Deploying cephadm binary to smithi193
2024-03-27T07:46:21.116 INFO:teuthology.orchestra.run.smithi193.stdout:/usr/bin/ceph: stdout Added host 'smithi193' with addr '172.21.15.193'
2024-03-27T07:46:21.116 INFO:teuthology.orchestra.run.smithi193.stdout:/usr/bin/ceph: stderr
2024-03-27T07:46:16.490+0000 7fa0a8e00700 1 Processor -- start
2024-03-27T07:46:21.116 INFO:teuthology.orchestra.run.smithi193.stdout:/usr/bin/ceph: stderr
2024-03-27T07:46:16.490+0000 7fa0a8e00700 1 -- start start
2024-03-27T07:46:21.116 INFO:teuthology.orchestra.run.smithi193.stdout:/usr/bin/ceph: stderr
2024-03-27T07:46:16.491+0000 7fa0a8e00700 1 --2- >> [v2:172.21.15.193:3300/0,v1:172.21.15.193:6789/0] conn(0x7fa0a4077b60 0x7fa0a4076160 unknown :-1 s=NONE pgs=0 cs=0 l=0 rev1=0 crypto rx=0 tx=0 comp rx=0 tx=0).connect
2024-03-27T07:46:21.116 INFO:teuthology.orchestra.run.smithi193.stdout:/usr/bin/ceph: stderr
2024-03-27T07:46:16.491+0000 7fa0a8e00700 1 -- --> [v2:172.21.15.193:3300/0,v1:172.21.15.193:6789/0] -- mon_getmap magic: 0 v1 -- 0x7fa0a4077f70 con 0x7fa0a4077b60
2024-03-27T07:46:21.116 INFO:teuthology.orchestra.run.smithi193.stdout:/usr/bin/ceph: stderr
2024-03-27T07:46:16.491+0000 7fa0a1e00700 1 --2- >> [v2:172.21.15.193:3300/0,v1:172.21.15.193:6789/0] conn(0x7fa0a4077b60 0x7fa0a4076160 unknown :-1 s=BANNER_CONNECTING pgs=0 cs=0 l=0 rev1=0 crypto rx=0 tx=0 comp rx=0 tx=0)._handle_peer_banner_payload supported=3 required=0
2024-03-27T07:46:21.117 INFO:teuthology.orchestra.run.smithi193.stdout:/usr/bin/ceph: stderr
2024-03-27T07:46:16.491+0000 7fa0a1e00700 1 --2- >> [v2:172.21.15.193:3300/0,v1:172.21.15.193:6789/0] conn(0x7fa0a4077b60 0x7fa0a4076160 unknown :-1 s=HELLO_CONNECTING pgs=0 cs=0 l=0 rev1=1 crypto rx=0 tx=0 comp rx=0 tx=0).handle_hello peer v2:172.21.15.193:3300/0 says I am v2:172.21.15.193:60680/0 (socket says 172.21.15.193:60680)
2024-03-27T07:46:21.117 INFO:teuthology.orchestra.run.smithi193.stdout:/usr/bin/ceph: stderr
2024-03-27T07:46:16.491+0000 7fa0a1e00700 1 -- 172.21.15.193:0/3655574433 learned_addr learned my addr 172.21.15.193:0/3655574433 (peer_addr_for_me v2:172.21.15.193:0/0)
2024-03-27T07:46:21.117 INFO:teuthology.orchestra.run.smithi193.stdout:/usr/bin/ceph: stderr
2024-03-27T07:46:16.492+0000 7fa0a1e00700 1 -- 172.21.15.193:0/3655574433 --> [v2:172.21.15.193:3300/0,v1:172.21.15.193:6789/0] -- mon_subscribe({config=0+,monmap=0+}) v3 -- 0x7fa0a40766a0 con 0x7fa0a4077b60
2024-03-27T07:46:21.117 INFO:teuthology.orchestra.run.smithi193.stdout:/usr/bin/ceph: stderr
2024-03-27T07:46:16.492+0000 7fa0a1e00700 1 --2- 172.21.15.193:0/3655574433 >> [v2:172.21.15.193:3300/0,v1:172.21.15.193:6789/0] conn(0x7fa0a4077b60 0x7fa0a4076160 secure :-1 s=READY pgs=45 cs=0 l=1 rev1=1 crypto rx=0x7fa094009e50 tx=0x7fa094009840 comp rx=0 tx=0).ready entity=mon.0 client_cookie=660f945f796f730a server_cookie=0 in_seq=0 out_seq=0
2024-03-27T07:46:21.121 INFO:teuthology.orchestra.run.smithi193.stdout:/usr/bin/ceph: stderr
2024-03-27T07:46:16.492+0000 7fa0a1400700 1 -- 172.21.15.193:0/3655574433 <== mon.0 v2:172.21.15.193:3300/0 1 ==== mon_map magic: 0 v1 ==== 229+0+0 (secure 0 0 0) 0x7fa0940092e0 con 0x7fa0a4077b60
2024-03-27T07:46:21.121 INFO:teuthology.orchestra.run.smithi193.stdout:/usr/bin/ceph: stderr
2024-03-27T07:46:16.492+0000 7fa0a1400700 1 -- 172.21.15.193:0/3655574433 <== mon.0 v2:172.21.15.193:3300/0 2 ==== config(27 keys) v1 ==== 1044+0+0 (secure 0 0 0) 0x7fa094012430 con 0x7fa0a4077b60
2024-03-27T07:46:21.121 INFO:teuthology.orchestra.run.smithi193.stdout:/usr/bin/ceph: stderr
2024-03-27T07:46:16.492+0000 7fa0a1400700 1 -- 172.21.15.193:0/3655574433 <== mon.0 v2:172.21.15.193:3300/0 3 ==== mon_map magic: 0 v1 ==== 229+0+0 (secure 0 0 0) 0x7fa0940075c0 con 0x7fa0a4077b60
2024-03-27T07:46:21.121 INFO:teuthology.orchestra.run.smithi193.stdout:/usr/bin/ceph: stderr
2024-03-27T07:46:16.493+0000 7fa0a8e00700 1 -- 172.21.15.193:0/3655574433 >> [v2:172.21.15.193:3300/0,v1:172.21.15.193:6789/0] conn(0x7fa0a4077b60 msgr2=0x7fa0a4076160 secure :-1 s=STATE_CONNECTION_ESTABLISHED l=1).mark_down
2024-03-27T07:46:21.122 INFO:teuthology.orchestra.run.smithi193.stdout:/usr/bin/ceph: stderr
2024-03-27T07:46:16.493+0000 7fa0a8e00700 1 --2- 172.21.15.193:0/3655574433 >> [v2:172.21.15.193:3300/0,v1:172.21.15.193:6789/0] conn(0x7fa0a4077b60 0x7fa0a4076160 secure :-1 s=READY pgs=45 cs=0 l=1 rev1=1 crypto rx=0x7fa094009e50 tx=0x7fa094009840 comp rx=0 tx=0).stop
2024-03-27T07:46:21.122 INFO:teuthology.orchestra.run.smithi193.stdout:/usr/bin/ceph: stderr
2024-03-27T07:46:16.493+0000 7fa0a8e00700 1 -- 172.21.15.193:0/3655574433 shutdown_connections
2024-03-27T07:46:21.122 INFO:teuthology.orchestra.run.smithi193.stdout:/usr/bin/ceph: stderr
2024-03-27T07:46:16.493+0000 7fa0a8e00700 1 --2- 172.21.15.193:0/3655574433 >> [v2:172.21.15.193:3300/0,v1:172.21.15.193:6789/0] conn(0x7fa0a4077b60 0x7fa0a4076160 unknown :-1 s=CLOSED pgs=45 cs=0 l=1 rev1=1 crypto rx=0 tx=0 comp rx=0 tx=0).stop
2024-03-27T07:46:21.122 INFO:teuthology.orchestra.run.smithi193.stdout:/usr/bin/ceph: stderr
2024-03-27T07:46:16.493+0000 7fa0a8e00700 1 -- 172.21.15.193:0/3655574433 >> 172.21.15.193:0/3655574433 conn(0x7fa0a40fe090 msgr2=0x7fa0a41004c0 unknown :-1 s=STATE_NONE l=0).mark_down
2024-03-27T07:46:21.122 INFO:teuthology.orchestra.run.smithi193.stdout:/usr/bin/ceph: stderr
2024-03-27T07:46:16.493+0000 7fa0a8e00700 1 -- 172.21.15.193:0/3655574433 shutdown_connections
2024-03-27T07:46:21.122 INFO:teuthology.orchestra.run.smithi193.stdout:/usr/bin/ceph: stderr
2024-03-27T07:46:16.493+0000 7fa0a8e00700 1 -- 172.21.15.193:0/3655574433 wait complete.
2024-03-27T07:46:21.122 INFO:teuthology.orchestra.run.smithi193.stdout:/usr/bin/ceph: stderr
2024-03-27T07:46:16.494+0000 7fa0a8e00700 1 Processor -- start
2024-03-27T07:46:21.122 INFO:teuthology.orchestra.run.smithi193.stdout:/usr/bin/ceph: stderr
2024-03-27T07:46:16.494+0000 7fa0a8e00700 1 -- start start
2024-03-27T07:46:21.123 INFO:teuthology.orchestra.run.smithi193.stdout:/usr/bin/ceph: stderr
2024-03-27T07:46:16.494+0000 7fa0a8e00700 1 --2- >> [v2:172.21.15.193:3300/0,v1:172.21.15.193:6789/0] conn(0x7fa0a4077b60 0x7fa0a41139e0 unknown :-1 s=NONE pgs=0 cs=0 l=1 rev1=0 crypto rx=0 tx=0 comp rx=0 tx=0).connect
2024-03-27T07:46:21.123 INFO:teuthology.orchestra.run.smithi193.stdout:/usr/bin/ceph: stderr
2024-03-27T07:46:16.494+0000 7fa0a8e00700 1 -- --> [v2:172.21.15.193:3300/0,v1:172.21.15.193:6789/0] -- mon_getmap magic: 0 v1 -- 0x7fa0a4113f20 con 0x7fa0a4077b60
2024-03-27T07:46:21.123 INFO:teuthology.orchestra.run.smithi193.stdout:/usr/bin/ceph: stderr
2024-03-27T07:46:16.495+0000 7fa0a1e00700 1 --2- >> [v2:172.21.15.193:3300/0,v1:172.21.15.193:6789/0] conn(0x7fa0a4077b60 0x7fa0a41139e0 unknown :-1 s=BANNER_CONNECTING pgs=0 cs=0 l=1 rev1=0 crypto rx=0 tx=0 comp rx=0 tx=0)._handle_peer_banner_payload supported=3 required=0
2024-03-27T07:46:21.123 INFO:teuthology.orchestra.run.smithi193.stdout:/usr/bin/ceph: stderr
2024-03-27T07:46:16.495+0000 7fa0a1e00700 1 --2- >> [v2:172.21.15.193:3300/0,v1:172.21.15.193:6789/0] conn(0x7fa0a4077b60 0x7fa0a41139e0 unknown :-1 s=HELLO_CONNECTING pgs=0 cs=0 l=1 rev1=1 crypto rx=0 tx=0 comp rx=0 tx=0).handle_hello peer v2:172.21.15.193:3300/0 says I am v2:172.21.15.193:60686/0 (socket says 172.21.15.193:60686)
2024-03-27T07:46:21.123 INFO:teuthology.orchestra.run.smithi193.stdout:/usr/bin/ceph: stderr
2024-03-27T07:46:16.495+0000 7fa0a1e00700 1 -- 172.21.15.193:0/643581714 learned_addr learned my addr 172.21.15.193:0/643581714 (peer_addr_for_me v2:172.21.15.193:0/0)
2024-03-27T07:46:21.123 INFO:teuthology.orchestra.run.smithi193.stdout:/usr/bin/ceph: stderr
2024-03-27T07:46:16.495+0000 7fa0a1e00700 1 -- 172.21.15.193:0/643581714 --> [v2:172.21.15.193:3300/0,v1:172.21.15.193:6789/0] -- mon_subscribe({config=0+,monmap=0+}) v3 -- 0x7fa094009ae0 con 0x7fa0a4077b60
2024-03-27T07:46:21.123 INFO:teuthology.orchestra.run.smithi193.stdout:/usr/bin/ceph: stderr
2024-03-27T07:46:16.495+0000 7fa0a1e00700 1 --2- 172.21.15.193:0/643581714 >> [v2:172.21.15.193:3300/0,v1:172.21.15.193:6789/0] conn(0x7fa0a4077b60 0x7fa0a41139e0 secure :-1 s=READY pgs=46 cs=0 l=1 rev1=1 crypto rx=0x7fa094012da0 tx=0x7fa094009840 comp rx=0 tx=0).ready entity=mon.0 client_cookie=0 server_cookie=0 in_seq=0 out_seq=0
2024-03-27T07:46:21.123 INFO:teuthology.orchestra.run.smithi193.stdout:/usr/bin/ceph: stderr
2024-03-27T07:46:16.496+0000 7fa09aa00700 1 -- 172.21.15.193:0/643581714 <== mon.0 v2:172.21.15.193:3300/0 1 ==== mon_map magic: 0 v1 ==== 229+0+0 (secure 0 0 0) 0x7fa0940092e0 con 0x7fa0a4077b60
2024-03-27T07:46:21.123 INFO:teuthology.orchestra.run.smithi193.stdout:/usr/bin/ceph: stderr
2024-03-27T07:46:16.496+0000 7fa09aa00700 1 -- 172.21.15.193:0/643581714 <== mon.0 v2:172.21.15.193:3300/0 2 ==== config(27 keys) v1 ==== 1044+0+0 (secure 0 0 0) 0x7fa094007d10 con 0x7fa0a4077b60
2024-03-27T07:46:21.123 INFO:teuthology.orchestra.run.smithi193.stdout:/usr/bin/ceph: stderr
2024-03-27T07:46:16.496+0000 7fa0a8e00700 1 -- 172.21.15.193:0/643581714 --> [v2:172.21.15.193:3300/0,v1:172.21.15.193:6789/0] -- mon_subscribe({mgrmap=0+}) v3 -- 0x7fa0a4114120 con 0x7fa0a4077b60
2024-03-27T07:46:21.123 INFO:teuthology.orchestra.run.smithi193.stdout:/usr/bin/ceph: stderr
2024-03-27T07:46:16.496+0000 7fa09aa00700 1 -- 172.21.15.193:0/643581714 <== mon.0 v2:172.21.15.193:3300/0 3 ==== mon_map magic: 0 v1 ==== 229+0+0 (secure 0 0 0) 0x7fa09401c880 con 0x7fa0a4077b60
2024-03-27T07:46:21.123 INFO:teuthology.orchestra.run.smithi193.stdout:/usr/bin/ceph: stderr
2024-03-27T07:46:16.496+0000 7fa0a8e00700 1 -- 172.21.15.193:0/643581714 --> [v2:172.21.15.193:3300/0,v1:172.21.15.193:6789/0] -- mon_subscribe({osdmap=0}) v3 -- 0x7fa0a4114c90 con 0x7fa0a4077b60
2024-03-27T07:46:21.124 INFO:teuthology.orchestra.run.smithi193.stdout:/usr/bin/ceph: stderr
2024-03-27T07:46:16.497+0000 7fa09aa00700 1 -- 172.21.15.193:0/643581714 <== mon.0 v2:172.21.15.193:3300/0 4 ==== mgrmap(e 8) v1 ==== 43368+0+0 (secure 0 0 0) 0x7fa094019070 con 0x7fa0a4077b60
2024-03-27T07:46:21.124 INFO:teuthology.orchestra.run.smithi193.stdout:/usr/bin/ceph: stderr
2024-03-27T07:46:16.497+0000 7fa0a8e00700 1 -- 172.21.15.193:0/643581714 --> [v2:172.21.15.193:3300/0,v1:172.21.15.193:6789/0] -- mon_command({"prefix": "get_command_descriptions"} v 0) v1 -- 0x7fa0a405f5f0 con 0x7fa0a4077b60
2024-03-27T07:46:21.124 INFO:teuthology.orchestra.run.smithi193.stdout:/usr/bin/ceph: stderr
2024-03-27T07:46:16.497+0000 7fa09aa00700 1 --2- 172.21.15.193:0/643581714 >> [v2:172.21.15.193:6800/999131287,v1:172.21.15.193:6801/999131287] conn(0x7fa088036790 0x7fa088038c40 unknown :-1 s=NONE pgs=0 cs=0 l=1 rev1=0 crypto rx=0 tx=0 comp rx=0 tx=0).connect
2024-03-27T07:46:21.124 INFO:teuthology.orchestra.run.smithi193.stdout:/usr/bin/ceph: stderr
2024-03-27T07:46:16.497+0000 7fa09aa00700 1 -- 172.21.15.193:0/643581714 <== mon.0 v2:172.21.15.193:3300/0 5 ==== osd_map(2..2 src has 1..2) v4 ==== 936+0+0 (secure 0 0 0) 0x7fa094049ec0 con 0x7fa0a4077b60
2024-03-27T07:46:21.124 INFO:teuthology.orchestra.run.smithi193.stdout:/usr/bin/ceph: stderr
2024-03-27T07:46:16.498+0000 7fa099400700 1 --2- 172.21.15.193:0/643581714 >> [v2:172.21.15.193:6800/999131287,v1:172.21.15.193:6801/999131287] conn(0x7fa088036790 0x7fa088038c40 unknown :-1 s=BANNER_CONNECTING pgs=0 cs=0 l=1 rev1=0 crypto rx=0 tx=0 comp rx=0 tx=0)._handle_peer_banner_payload supported=3 required=0
2024-03-27T07:46:21.124 INFO:teuthology.orchestra.run.smithi193.stdout:/usr/bin/ceph: stderr
2024-03-27T07:46:16.499+0000 7fa099400700 1 --2- 172.21.15.193:0/643581714 >> [v2:172.21.15.193:6800/999131287,v1:172.21.15.193:6801/999131287] conn(0x7fa088036790 0x7fa088038c40 secure :-1 s=READY pgs=11 cs=0 l=1 rev1=1 crypto rx=0x7fa08c009990 tx=0x7fa08c006e40 comp rx=0 tx=0).ready entity=mgr.14120 client_cookie=0 server_cookie=0 in_seq=0 out_seq=0
2024-03-27T07:46:21.124 INFO:teuthology.orchestra.run.smithi193.stdout:/usr/bin/ceph: stderr
2024-03-27T07:46:16.503+0000 7fa09aa00700 1 -- 172.21.15.193:0/643581714 <== mon.0 v2:172.21.15.193:3300/0 6 ==== mon_command_ack([{"prefix": "get_command_descriptions"}]=0 v0) v1 ==== 72+0+176504 (secure 0 0 0) 0x7fa094011570 con 0x7fa0a4077b60
2024-03-27T07:46:21.124 INFO:teuthology.orchestra.run.smithi193.stdout:/usr/bin/ceph: stderr
2024-03-27T07:46:16.718+0000 7fa0a8e00700 1 -- 172.21.15.193:0/643581714 --> [v2:172.21.15.193:6800/999131287,v1:172.21.15.193:6801/999131287] -- mgr_command(tid 0: {"prefix": "orch host add", "hostname": "smithi193", "addr": "172.21.15.193", "target": ["mon-mgr", ""]}) v1 -- 0x7fa0a40ff4e0 con 0x7fa088036790
2024-03-27T07:46:21.124 INFO:teuthology.orchestra.run.smithi193.stdout:/usr/bin/ceph: stderr
2024-03-27T07:46:20.428+0000 7fa09aa00700 1 -- 172.21.15.193:0/643581714 <== mgr.14120 v2:172.21.15.193:6800/999131287 1 ==== mgr_command_reply(tid 0: 0 ) v1 ==== 8+0+49 (secure 0 0 0) 0x7fa0a40ff4e0 con 0x7fa088036790
2024-03-27T07:46:21.124 INFO:teuthology.orchestra.run.smithi193.stdout:/usr/bin/ceph: stderr
2024-03-27T07:46:20.432+0000 7fa0a8e00700 1 -- 172.21.15.193:0/643581714 >> [v2:172.21.15.193:6800/999131287,v1:172.21.15.193:6801/999131287] conn(0x7fa088036790 msgr2=0x7fa088038c40 secure :-1 s=STATE_CONNECTION_ESTABLISHED l=1).mark_down
2024-03-27T07:46:21.124 INFO:teuthology.orchestra.run.smithi193.stdout:/usr/bin/ceph: stderr
2024-03-27T07:46:20.432+0000 7fa0a8e00700 1 --2- 172.21.15.193:0/643581714 >> [v2:172.21.15.193:6800/999131287,v1:172.21.15.193:6801/999131287] conn(0x7fa088036790 0x7fa088038c40 secure :-1 s=READY pgs=11 cs=0 l=1 rev1=1 crypto rx=0x7fa08c009990 tx=0x7fa08c006e40 comp rx=0 tx=0).stop
2024-03-27T07:46:21.124 INFO:teuthology.orchestra.run.smithi193.stdout:/usr/bin/ceph: stderr
2024-03-27T07:46:20.432+0000 7fa0a8e00700 1 -- 172.21.15.193:0/643581714 >> [v2:172.21.15.193:3300/0,v1:172.21.15.193:6789/0] conn(0x7fa0a4077b60 msgr2=0x7fa0a41139e0 secure :-1 s=STATE_CONNECTION_ESTABLISHED l=1).mark_down
2024-03-27T07:46:21.124 INFO:teuthology.orchestra.run.smithi193.stdout:/usr/bin/ceph: stderr
2024-03-27T07:46:20.432+0000 7fa0a8e00700 1 --2- 172.21.15.193:0/643581714 >> [v2:172.21.15.193:3300/0,v1:172.21.15.193:6789/0] conn(0x7fa0a4077b60 0x7fa0a41139e0 secure :-1 s=READY pgs=46 cs=0 l=1 rev1=1 crypto rx=0x7fa094012da0 tx=0x7fa094009840 comp rx=0 tx=0).stop
2024-03-27T07:46:21.124 INFO:teuthology.orchestra.run.smithi193.stdout:/usr/bin/ceph: stderr
2024-03-27T07:46:20.432+0000 7fa0a8e00700 1 -- 172.21.15.193:0/643581714 shutdown_connections
2024-03-27T07:46:21.125 INFO:teuthology.orchestra.run.smithi193.stdout:/usr/bin/ceph: stderr
2024-03-27T07:46:20.432+0000 7fa0a8e00700 1 --2- 172.21.15.193:0/643581714 >> [v2:172.21.15.193:6800/999131287,v1:172.21.15.193:6801/999131287] conn(0x7fa088036790 0x7fa088038c40 unknown :-1 s=CLOSED pgs=11 cs=0 l=1 rev1=1 crypto rx=0 tx=0 comp rx=0 tx=0).stop
2024-03-27T07:46:21.125 INFO:teuthology.orchestra.run.smithi193.stdout:/usr/bin/ceph: stderr
2024-03-27T07:46:20.432+0000 7fa0a8e00700 1 --2- 172.21.15.193:0/643581714 >> [v2:172.21.15.193:3300/0,v1:172.21.15.193:6789/0] conn(0x7fa0a4077b60 0x7fa0a41139e0 unknown :-1 s=CLOSED pgs=46 cs=0 l=1 rev1=1 crypto rx=0 tx=0 comp rx=0 tx=0).stop
2024-03-27T07:46:21.125 INFO:teuthology.orchestra.run.smithi193.stdout:/usr/bin/ceph: stderr
2024-03-27T07:46:20.432+0000 7fa0a8e00700 1 -- 172.21.15.193:0/643581714 >> 172.21.15.193:0/643581714 conn(0x7fa0a40fe090 msgr2=0x7fa0a40fecd0 unknown :-1 s=STATE_NONE l=0).mark_down
2024-03-27T07:46:21.125 INFO:teuthology.orchestra.run.smithi193.stdout:/usr/bin/ceph: stderr
2024-03-27T07:46:20.432+0000 7fa0a8e00700 1 -- 172.21.15.193:0/643581714 shutdown_connections
2024-03-27T07:46:21.125 INFO:teuthology.orchestra.run.smithi193.stdout:/usr/bin/ceph: stderr
2024-03-27T07:46:20.432+0000 7fa0a8e00700 1 -- 172.21.15.193:0/643581714 wait complete.
2024-03-27T07:46:21.125 INFO:teuthology.orchestra.run.smithi193.stdout:Deploying mon service with default placement...
2024-03-27T07:46:21.681 INFO:journalctl@ceph.mon.smithi193.smithi193.stdout:Mar 27 07:46:21 smithi193 ceph-mon[28923]: from='mgr.14120 172.21.15.193:0/2512529322' entity='mgr.smithi193.xwlbin'
2024-03-27T07:46:21.681 INFO:journalctl@ceph.mon.smithi193.smithi193.stdout:Mar 27 07:46:21 smithi193 ceph-mon[28923]: Added host smithi193
2024-03-27T07:46:21.681 INFO:journalctl@ceph.mon.smithi193.smithi193.stdout:Mar 27 07:46:21 smithi193 ceph-mon[28923]: from='mgr.14120 172.21.15.193:0/2512529322' entity='mgr.smithi193.xwlbin' cmd=[{"prefix": "config dump", "format": "json"}]: dispatch
2024-03-27T07:46:22.952 INFO:teuthology.orchestra.run.smithi193.stdout:/usr/bin/ceph: stdout Scheduled mon update...
2024-03-27T07:46:22.953 INFO:teuthology.orchestra.run.smithi193.stdout:/usr/bin/ceph: stderr
2024-03-27T07:46:21.832+0000 7f9bafa00700 1 Processor -- start
2024-03-27T07:46:22.954 INFO:teuthology.orchestra.run.smithi193.stdout:/usr/bin/ceph: stderr
2024-03-27T07:46:21.832+0000 7f9bafa00700 1 -- start start
2024-03-27T07:46:22.954 INFO:teuthology.orchestra.run.smithi193.stdout:/usr/bin/ceph: stderr
2024-03-27T07:46:21.833+0000 7f9bafa00700 1 --2- >> [v2:172.21.15.193:3300/0,v1:172.21.15.193:6789/0] conn(0x7f9ba8078c90 0x7f9ba8077290 unknown :-1 s=NONE pgs=0 cs=0 l=0 rev1=0 crypto rx=0 tx=0 comp rx=0 tx=0).connect
2024-03-27T07:46:22.954 INFO:teuthology.orchestra.run.smithi193.stdout:/usr/bin/ceph: stderr
2024-03-27T07:46:21.833+0000 7f9bafa00700 1 -- --> [v2:172.21.15.193:3300/0,v1:172.21.15.193:6789/0] -- mon_getmap magic: 0 v1 -- 0x7f9ba80790a0 con 0x7f9ba8078c90
2024-03-27T07:46:22.954 INFO:teuthology.orchestra.run.smithi193.stdout:/usr/bin/ceph: stderr
2024-03-27T07:46:21.833+0000 7f9bad000700 1 --2- >> [v2:172.21.15.193:3300/0,v1:172.21.15.193:6789/0] conn(0x7f9ba8078c90 0x7f9ba8077290 unknown :-1 s=BANNER_CONNECTING pgs=0 cs=0 l=0 rev1=0 crypto rx=0 tx=0 comp rx=0 tx=0)._handle_peer_banner_payload supported=3 required=0
2024-03-27T07:46:22.954 INFO:teuthology.orchestra.run.smithi193.stdout:/usr/bin/ceph: stderr
2024-03-27T07:46:21.833+0000 7f9bad000700 1 --2- >> [v2:172.21.15.193:3300/0,v1:172.21.15.193:6789/0] conn(0x7f9ba8078c90 0x7f9ba8077290 unknown :-1 s=HELLO_CONNECTING pgs=0 cs=0 l=0 rev1=1 crypto rx=0 tx=0 comp rx=0 tx=0).handle_hello peer v2:172.21.15.193:3300/0 says I am v2:172.21.15.193:35064/0 (socket says 172.21.15.193:35064)
2024-03-27T07:46:22.954 INFO:teuthology.orchestra.run.smithi193.stdout:/usr/bin/ceph: stderr
2024-03-27T07:46:21.833+0000 7f9bad000700 1 -- 172.21.15.193:0/4219666456 learned_addr learned my addr 172.21.15.193:0/4219666456 (peer_addr_for_me v2:172.21.15.193:0/0)
2024-03-27T07:46:22.956 INFO:teuthology.orchestra.run.smithi193.stdout:/usr/bin/ceph: stderr
2024-03-27T07:46:21.834+0000 7f9bad000700 1 -- 172.21.15.193:0/4219666456 --> [v2:172.21.15.193:3300/0,v1:172.21.15.193:6789/0] -- mon_subscribe({config=0+,monmap=0+}) v3 -- 0x7f9ba80777d0 con 0x7f9ba8078c90
2024-03-27T07:46:22.956 INFO:teuthology.orchestra.run.smithi193.stdout:/usr/bin/ceph: stderr
2024-03-27T07:46:21.834+0000 7f9bad000700 1 --2- 172.21.15.193:0/4219666456 >> [v2:172.21.15.193:3300/0,v1:172.21.15.193:6789/0] conn(0x7f9ba8078c90 0x7f9ba8077290 secure :-1 s=READY pgs=47 cs=0 l=1 rev1=1 crypto rx=0x7f9b9c0098e0 tx=0x7f9b9c009250 comp rx=0 tx=0).ready entity=mon.0 client_cookie=4f1ecd18a1dc2a56 server_cookie=0 in_seq=0 out_seq=0
2024-03-27T07:46:22.956 INFO:teuthology.orchestra.run.smithi193.stdout:/usr/bin/ceph: stderr
2024-03-27T07:46:21.834+0000 7f9ba7400700 1 -- 172.21.15.193:0/4219666456 <== mon.0 v2:172.21.15.193:3300/0 1 ==== mon_map magic: 0 v1 ==== 229+0+0 (secure 0 0 0) 0x7f9b9c00b860 con 0x7f9ba8078c90
2024-03-27T07:46:22.956 INFO:teuthology.orchestra.run.smithi193.stdout:/usr/bin/ceph: stderr
2024-03-27T07:46:21.835+0000 7f9ba7400700 1 -- 172.21.15.193:0/4219666456 <== mon.0 v2:172.21.15.193:3300/0 2 ==== config(27 keys) v1 ==== 1044+0+0 (secure 0 0 0) 0x7f9b9c00be50 con 0x7f9ba8078c90
2024-03-27T07:46:22.957 INFO:teuthology.orchestra.run.smithi193.stdout:/usr/bin/ceph: stderr
2024-03-27T07:46:21.835+0000 7f9ba7400700 1 -- 172.21.15.193:0/4219666456 <== mon.0 v2:172.21.15.193:3300/0 3 ==== mon_map magic: 0 v1 ==== 229+0+0 (secure 0 0 0) 0x7f9b9c010380 con 0x7f9ba8078c90
2024-03-27T07:46:22.957 INFO:teuthology.orchestra.run.smithi193.stdout:/usr/bin/ceph: stderr
2024-03-27T07:46:21.835+0000 7f9bafa00700 1 -- 172.21.15.193:0/4219666456 >> [v2:172.21.15.193:3300/0,v1:172.21.15.193:6789/0] conn(0x7f9ba8078c90 msgr2=0x7f9ba8077290 secure :-1 s=STATE_CONNECTION_ESTABLISHED l=1).mark_down
2024-03-27T07:46:22.957 INFO:teuthology.orchestra.run.smithi193.stdout:/usr/bin/ceph: stderr
2024-03-27T07:46:21.835+0000 7f9bafa00700 1 --2- 172.21.15.193:0/4219666456 >> [v2:172.21.15.193:3300/0,v1:172.21.15.193:6789/0] conn(0x7f9ba8078c90 0x7f9ba8077290 secure :-1 s=READY pgs=47 cs=0 l=1 rev1=1 crypto rx=0x7f9b9c0098e0 tx=0x7f9b9c009250 comp rx=0 tx=0).stop
2024-03-27T07:46:22.957 INFO:teuthology.orchestra.run.smithi193.stdout:/usr/bin/ceph: stderr
2024-03-27T07:46:21.836+0000 7f9bafa00700 1 -- 172.21.15.193:0/4219666456 shutdown_connections
2024-03-27T07:46:22.957 INFO:teuthology.orchestra.run.smithi193.stdout:/usr/bin/ceph: stderr
2024-03-27T07:46:21.836+0000 7f9bafa00700 1 --2- 172.21.15.193:0/4219666456 >> [v2:172.21.15.193:3300/0,v1:172.21.15.193:6789/0] conn(0x7f9ba8078c90 0x7f9ba8077290 unknown :-1 s=CLOSED pgs=47 cs=0 l=1 rev1=1 crypto rx=0 tx=0 comp rx=0 tx=0).stop
2024-03-27T07:46:22.957 INFO:teuthology.orchestra.run.smithi193.stdout:/usr/bin/ceph: stderr
2024-03-27T07:46:21.836+0000 7f9bafa00700 1 -- 172.21.15.193:0/4219666456 >> 172.21.15.193:0/4219666456 conn(0x7f9ba80fe070 msgr2=0x7f9ba8100480 unknown :-1 s=STATE_NONE l=0).mark_down
2024-03-27T07:46:22.957 INFO:teuthology.orchestra.run.smithi193.stdout:/usr/bin/ceph: stderr
2024-03-27T07:46:21.836+0000 7f9bafa00700 1 -- 172.21.15.193:0/4219666456 shutdown_connections
2024-03-27T07:46:22.957 INFO:teuthology.orchestra.run.smithi193.stdout:/usr/bin/ceph: stderr
2024-03-27T07:46:21.836+0000 7f9bafa00700 1 -- 172.21.15.193:0/4219666456 wait complete.
2024-03-27T07:46:22.957 INFO:teuthology.orchestra.run.smithi193.stdout:/usr/bin/ceph: stderr
2024-03-27T07:46:21.837+0000 7f9bafa00700 1 Processor -- start
2024-03-27T07:46:22.957 INFO:teuthology.orchestra.run.smithi193.stdout:/usr/bin/ceph: stderr
2024-03-27T07:46:21.837+0000 7f9bafa00700 1 -- start start
2024-03-27T07:46:22.957 INFO:teuthology.orchestra.run.smithi193.stdout:/usr/bin/ceph: stderr
2024-03-27T07:46:21.837+0000 7f9bafa00700 1 --2- >> [v2:172.21.15.193:3300/0,v1:172.21.15.193:6789/0] conn(0x7f9ba8078c90 0x7f9ba8113940 unknown :-1 s=NONE pgs=0 cs=0 l=1 rev1=0 crypto rx=0 tx=0 comp rx=0 tx=0).connect
2024-03-27T07:46:22.957 INFO:teuthology.orchestra.run.smithi193.stdout:/usr/bin/ceph: stderr
2024-03-27T07:46:21.837+0000 7f9bafa00700 1 -- --> [v2:172.21.15.193:3300/0,v1:172.21.15.193:6789/0] -- mon_getmap magic: 0 v1 -- 0x7f9ba8113e80 con 0x7f9ba8078c90
2024-03-27T07:46:22.957 INFO:teuthology.orchestra.run.smithi193.stdout:/usr/bin/ceph: stderr
2024-03-27T07:46:21.837+0000 7f9bad000700 1 --2- >> [v2:172.21.15.193:3300/0,v1:172.21.15.193:6789/0] conn(0x7f9ba8078c90 0x7f9ba8113940 unknown :-1 s=BANNER_CONNECTING pgs=0 cs=0 l=1 rev1=0 crypto rx=0 tx=0 comp rx=0 tx=0)._handle_peer_banner_payload supported=3 required=0
2024-03-27T07:46:22.957 INFO:teuthology.orchestra.run.smithi193.stdout:/usr/bin/ceph: stderr
2024-03-27T07:46:21.837+0000 7f9bad000700 1 --2- >> [v2:172.21.15.193:3300/0,v1:172.21.15.193:6789/0] conn(0x7f9ba8078c90 0x7f9ba8113940 unknown :-1 s=HELLO_CONNECTING pgs=0 cs=0 l=1 rev1=1 crypto rx=0 tx=0 comp rx=0 tx=0).handle_hello peer v2:172.21.15.193:3300/0 says I am v2:172.21.15.193:35070/0 (socket says 172.21.15.193:35070)
2024-03-27T07:46:22.957 INFO:teuthology.orchestra.run.smithi193.stdout:/usr/bin/ceph: stderr
2024-03-27T07:46:21.837+0000 7f9bad000700 1 -- 172.21.15.193:0/1445104865 learned_addr learned my addr 172.21.15.193:0/1445104865 (peer_addr_for_me v2:172.21.15.193:0/0)
2024-03-27T07:46:22.958 INFO:teuthology.orchestra.run.smithi193.stdout:/usr/bin/ceph: stderr
2024-03-27T07:46:21.838+0000 7f9bad000700 1 -- 172.21.15.193:0/1445104865 --> [v2:172.21.15.193:3300/0,v1:172.21.15.193:6789/0] -- mon_subscribe({config=0+,monmap=0+}) v3 -- 0x7f9b9c0094f0 con 0x7f9ba8078c90
2024-03-27T07:46:22.960 INFO:teuthology.orchestra.run.smithi193.stdout:/usr/bin/ceph: stderr
2024-03-27T07:46:21.838+0000 7f9bad000700 1 --2- 172.21.15.193:0/1445104865 >> [v2:172.21.15.193:3300/0,v1:172.21.15.193:6789/0] conn(0x7f9ba8078c90 0x7f9ba8113940 secure :-1 s=READY pgs=48 cs=0 l=1 rev1=1 crypto rx=0x7f9b9c006d40 tx=0x7f9b9c009250 comp rx=0 tx=0).ready entity=mon.0 client_cookie=0 server_cookie=0 in_seq=0 out_seq=0
2024-03-27T07:46:22.960 INFO:teuthology.orchestra.run.smithi193.stdout:/usr/bin/ceph: stderr
2024-03-27T07:46:21.838+0000 7f9ba4c00700 1 -- 172.21.15.193:0/1445104865 <== mon.0 v2:172.21.15.193:3300/0 1 ==== mon_map magic: 0 v1 ==== 229+0+0 (secure 0 0 0) 0x7f9b9c0107c0 con 0x7f9ba8078c90
2024-03-27T07:46:22.960 INFO:teuthology.orchestra.run.smithi193.stdout:/usr/bin/ceph: stderr
2024-03-27T07:46:21.838+0000 7f9ba4c00700 1 -- 172.21.15.193:0/1445104865 <== mon.0 v2:172.21.15.193:3300/0 2 ==== config(27 keys) v1 ==== 1044+0+0 (secure 0 0 0) 0x7f9b9c010db0 con 0x7f9ba8078c90
2024-03-27T07:46:22.961 INFO:teuthology.orchestra.run.smithi193.stdout:/usr/bin/ceph: stderr
2024-03-27T07:46:21.838+0000 7f9bafa00700 1 -- 172.21.15.193:0/1445104865 --> [v2:172.21.15.193:3300/0,v1:172.21.15.193:6789/0] -- mon_subscribe({mgrmap=0+}) v3 -- 0x7f9ba8114080 con 0x7f9ba8078c90
2024-03-27T07:46:22.961 INFO:teuthology.orchestra.run.smithi193.stdout:/usr/bin/ceph: stderr
2024-03-27T07:46:21.838+0000 7f9ba4c00700 1 -- 172.21.15.193:0/1445104865 <== mon.0 v2:172.21.15.193:3300/0 3 ==== mon_map magic: 0 v1 ==== 229+0+0 (secure 0 0 0) 0x7f9b9c01ad90 con 0x7f9ba8078c90
2024-03-27T07:46:22.961 INFO:teuthology.orchestra.run.smithi193.stdout:/usr/bin/ceph: stderr
2024-03-27T07:46:21.839+0000 7f9bafa00700 1 -- 172.21.15.193:0/1445104865 --> [v2:172.21.15.193:3300/0,v1:172.21.15.193:6789/0] -- mon_subscribe({osdmap=0}) v3 -- 0x7f9ba8114bf0 con 0x7f9ba8078c90
2024-03-27T07:46:22.961 INFO:teuthology.orchestra.run.smithi193.stdout:/usr/bin/ceph: stderr
2024-03-27T07:46:21.840+0000 7f9ba4c00700 1 -- 172.21.15.193:0/1445104865 <== mon.0 v2:172.21.15.193:3300/0 4 ==== mgrmap(e 8) v1 ==== 43368+0+0 (secure 0 0 0) 0x7f9b9c02b440 con 0x7f9ba8078c90
2024-03-27T07:46:22.961 INFO:teuthology.orchestra.run.smithi193.stdout:/usr/bin/ceph: stderr
2024-03-27T07:46:21.840+0000 7f9bafa00700 1 -- 172.21.15.193:0/1445104865 --> [v2:172.21.15.193:3300/0,v1:172.21.15.193:6789/0] -- mon_command({"prefix": "get_command_descriptions"} v 0) v1 -- 0x7f9ba805f5f0 con 0x7f9ba8078c90
2024-03-27T07:46:22.961 INFO:teuthology.orchestra.run.smithi193.stdout:/usr/bin/ceph: stderr
2024-03-27T07:46:21.840+0000 7f9ba4c00700 1 --2- 172.21.15.193:0/1445104865 >> [v2:172.21.15.193:6800/999131287,v1:172.21.15.193:6801/999131287] conn(0x7f9b900367e0 0x7f9b90038c90 unknown :-1 s=NONE pgs=0 cs=0 l=1 rev1=0 crypto rx=0 tx=0 comp rx=0 tx=0).connect
2024-03-27T07:46:22.961 INFO:teuthology.orchestra.run.smithi193.stdout:/usr/bin/ceph: stderr
2024-03-27T07:46:21.840+0000 7f9ba4c00700 1 -- 172.21.15.193:0/1445104865 <== mon.0 v2:172.21.15.193:3300/0 5 ==== osd_map(2..2 src has 1..2) v4 ==== 936+0+0 (secure 0 0 0) 0x7f9b9c01e070 con 0x7f9ba8078c90
2024-03-27T07:46:22.961 INFO:teuthology.orchestra.run.smithi193.stdout:/usr/bin/ceph: stderr
2024-03-27T07:46:21.840+0000 7f9ba7e00700 1 --2- 172.21.15.193:0/1445104865 >> [v2:172.21.15.193:6800/999131287,v1:172.21.15.193:6801/999131287] conn(0x7f9b900367e0 0x7f9b90038c90 unknown :-1 s=BANNER_CONNECTING pgs=0 cs=0 l=1 rev1=0 crypto rx=0 tx=0 comp rx=0 tx=0)._handle_peer_banner_payload supported=3 required=0
2024-03-27T07:46:22.961 INFO:teuthology.orchestra.run.smithi193.stdout:/usr/bin/ceph: stderr
2024-03-27T07:46:21.841+0000 7f9ba7e00700 1 --2- 172.21.15.193:0/1445104865 >> [v2:172.21.15.193:6800/999131287,v1:172.21.15.193:6801/999131287] conn(0x7f9b900367e0 0x7f9b90038c90 secure :-1 s=READY pgs=12 cs=0 l=1 rev1=1 crypto rx=0x7f9b94009990 tx=0x7f9b94006e40 comp rx=0 tx=0).ready entity=mgr.14120 client_cookie=0 server_cookie=0 in_seq=0 out_seq=0
2024-03-27T07:46:22.961 INFO:teuthology.orchestra.run.smithi193.stdout:/usr/bin/ceph: stderr
2024-03-27T07:46:21.850+0000 7f9ba4c00700 1 -- 172.21.15.193:0/1445104865 <== mon.0 v2:172.21.15.193:3300/0 6 ==== mon_command_ack([{"prefix": "get_command_descriptions"}]=0 v0) v1 ==== 72+0+176504 (secure 0 0 0) 0x7f9b9c029930 con 0x7f9ba8078c90
2024-03-27T07:46:22.961 INFO:teuthology.orchestra.run.smithi193.stdout:/usr/bin/ceph: stderr
2024-03-27T07:46:22.089+0000 7f9bafa00700 1 -- 172.21.15.193:0/1445104865 --> [v2:172.21.15.193:6800/999131287,v1:172.21.15.193:6801/999131287] -- mgr_command(tid 0: {"prefix": "orch apply", "service_type": "mon", "target": ["mon-mgr", ""]}) v1 -- 0x7f9ba80ff3f0 con 0x7f9b900367e0
2024-03-27T07:46:22.961 INFO:teuthology.orchestra.run.smithi193.stdout:/usr/bin/ceph: stderr
2024-03-27T07:46:22.099+0000 7f9ba4c00700 1 -- 172.21.15.193:0/1445104865 <== mgr.14120 v2:172.21.15.193:6800/999131287 1 ==== mgr_command_reply(tid 0: 0 ) v1 ==== 8+0+24 (secure 0 0 0) 0x7f9ba80ff3f0 con 0x7f9b900367e0
2024-03-27T07:46:22.961 INFO:teuthology.orchestra.run.smithi193.stdout:/usr/bin/ceph: stderr
2024-03-27T07:46:22.102+0000 7f9bafa00700 1 -- 172.21.15.193:0/1445104865 >> [v2:172.21.15.193:6800/999131287,v1:172.21.15.193:6801/999131287] conn(0x7f9b900367e0 msgr2=0x7f9b90038c90 secure :-1 s=STATE_CONNECTION_ESTABLISHED l=1).mark_down
2024-03-27T07:46:22.962 INFO:teuthology.orchestra.run.smithi193.stdout:/usr/bin/ceph: stderr
2024-03-27T07:46:22.102+0000 7f9bafa00700 1 --2- 172.21.15.193:0/1445104865 >> [v2:172.21.15.193:6800/999131287,v1:172.21.15.193:6801/999131287] conn(0x7f9b900367e0 0x7f9b90038c90 secure :-1 s=READY pgs=12 cs=0 l=1 rev1=1 crypto rx=0x7f9b94009990 tx=0x7f9b94006e40 comp rx=0 tx=0).stop
2024-03-27T07:46:22.962 INFO:teuthology.orchestra.run.smithi193.stdout:/usr/bin/ceph: stderr
2024-03-27T07:46:22.102+0000 7f9bafa00700 1 -- 172.21.15.193:0/1445104865 >> [v2:172.21.15.193:3300/0,v1:172.21.15.193:6789/0] conn(0x7f9ba8078c90 msgr2=0x7f9ba8113940 secure :-1 s=STATE_CONNECTION_ESTABLISHED l=1).mark_down
2024-03-27T07:46:22.962 INFO:teuthology.orchestra.run.smithi193.stdout:/usr/bin/ceph: stderr
2024-03-27T07:46:22.102+0000 7f9bafa00700 1 --2- 172.21.15.193:0/1445104865 >> [v2:172.21.15.193:3300/0,v1:172.21.15.193:6789/0] conn(0x7f9ba8078c90 0x7f9ba8113940 secure :-1 s=READY pgs=48 cs=0 l=1 rev1=1 crypto rx=0x7f9b9c006d40 tx=0x7f9b9c009250 comp rx=0 tx=0).stop
2024-03-27T07:46:22.962 INFO:teuthology.orchestra.run.smithi193.stdout:/usr/bin/ceph: stderr
2024-03-27T07:46:22.102+0000 7f9bafa00700 1 -- 172.21.15.193:0/1445104865 shutdown_connections
2024-03-27T07:46:22.962 INFO:teuthology.orchestra.run.smithi193.stdout:/usr/bin/ceph: stderr
