2024-03-27T07:45:59.135+0000 7faf5e000700 1 -- 172.21.15.193:0/2014139477 <== mon.0 v2:172.21.15.193:3300/0 3 ==== mon_map magic: 0 v1 ==== 229+0+0 (secure 0 0 0) 0x7faf5801ad00 con 0x7faf681017f0
2024-03-27T07:46:00.158 INFO:teuthology.orchestra.run.smithi193.stdout:/usr/bin/ceph: stderr
2024-03-27T07:45:59.135+0000 7faf6ce00700 1 -- 172.21.15.193:0/2014139477 --> [v2:172.21.15.193:3300/0,v1:172.21.15.193:6789/0] -- mon_subscribe({mgrmap=0+}) v3 -- 0x7faf68111de0 con 0x7faf681017f0
2024-03-27T07:46:00.158 INFO:teuthology.orchestra.run.smithi193.stdout:/usr/bin/ceph: stderr
2024-03-27T07:45:59.135+0000 7faf6ce00700 1 -- 172.21.15.193:0/2014139477 --> [v2:172.21.15.193:3300/0,v1:172.21.15.193:6789/0] -- mon_subscribe({osdmap=0}) v3 -- 0x7faf68112950 con 0x7faf681017f0
2024-03-27T07:46:00.158 INFO:teuthology.orchestra.run.smithi193.stdout:/usr/bin/ceph: stderr
2024-03-27T07:45:59.136+0000 7faf5e000700 1 -- 172.21.15.193:0/2014139477 <== mon.0 v2:172.21.15.193:3300/0 4 ==== mgrmap(e 4) v1 ==== 43357+0+0 (secure 0 0 0) 0x7faf5801a530 con 0x7faf681017f0
2024-03-27T07:46:00.158 INFO:teuthology.orchestra.run.smithi193.stdout:/usr/bin/ceph: stderr
2024-03-27T07:45:59.136+0000 7faf6ce00700 1 -- 172.21.15.193:0/2014139477 --> [v2:172.21.15.193:3300/0,v1:172.21.15.193:6789/0] -- mon_command({"prefix": "get_command_descriptions"} v 0) v1 -- 0x7faf6805f5f0 con 0x7faf681017f0
2024-03-27T07:46:00.158 INFO:teuthology.orchestra.run.smithi193.stdout:/usr/bin/ceph: stderr
2024-03-27T07:45:59.137+0000 7faf5e000700 1 --2- 172.21.15.193:0/2014139477 >> [v2:172.21.15.193:6800/2678163160,v1:172.21.15.193:6801/2678163160] conn(0x7faf4c036790 0x7faf4c038c40 unknown :-1 s=NONE pgs=0 cs=0 l=1 rev1=0 crypto rx=0 tx=0 comp rx=0 tx=0).connect
2024-03-27T07:46:00.158 INFO:teuthology.orchestra.run.smithi193.stdout:/usr/bin/ceph: stderr
2024-03-27T07:45:59.137+0000 7faf5e000700 1 -- 172.21.15.193:0/2014139477 <== mon.0 v2:172.21.15.193:3300/0 5 ==== osd_map(1..1 src has 1..1) v4 ==== 721+0+0 (secure 0 0 0) 0x7faf5804a570 con 0x7faf681017f0
2024-03-27T07:46:00.158 INFO:teuthology.orchestra.run.smithi193.stdout:/usr/bin/ceph: stderr
2024-03-27T07:45:59.137+0000 7faf65400700 1 --2- 172.21.15.193:0/2014139477 >> [v2:172.21.15.193:6800/2678163160,v1:172.21.15.193:6801/2678163160] conn(0x7faf4c036790 0x7faf4c038c40 unknown :-1 s=BANNER_CONNECTING pgs=0 cs=0 l=1 rev1=0 crypto rx=0 tx=0 comp rx=0 tx=0)._handle_peer_banner_payload supported=3 required=0
2024-03-27T07:46:00.158 INFO:teuthology.orchestra.run.smithi193.stdout:/usr/bin/ceph: stderr
2024-03-27T07:45:59.138+0000 7faf65400700 1 --2- 172.21.15.193:0/2014139477 >> [v2:172.21.15.193:6800/2678163160,v1:172.21.15.193:6801/2678163160] conn(0x7faf4c036790 0x7faf4c038c40 secure :-1 s=READY pgs=8 cs=0 l=1 rev1=1 crypto rx=0x7faf54009990 tx=0x7faf54006e40 comp rx=0 tx=0).ready entity=mgr.14100 client_cookie=0 server_cookie=0 in_seq=0 out_seq=0
2024-03-27T07:46:00.158 INFO:teuthology.orchestra.run.smithi193.stdout:/usr/bin/ceph: stderr
2024-03-27T07:45:59.142+0000 7faf5e000700 1 -- 172.21.15.193:0/2014139477 <== mon.0 v2:172.21.15.193:3300/0 6 ==== mon_command_ack([{"prefix": "get_command_descriptions"}]=0 v0) v1 ==== 72+0+176504 (secure 0 0 0) 0x7faf58010920 con 0x7faf681017f0
2024-03-27T07:46:00.158 INFO:teuthology.orchestra.run.smithi193.stdout:/usr/bin/ceph: stderr
2024-03-27T07:45:59.405+0000 7faf6ce00700 1 -- 172.21.15.193:0/2014139477 --> [v2:172.21.15.193:3300/0,v1:172.21.15.193:6789/0] -- mon_command({"prefix": "mgr module enable", "module": "cephadm"} v 0) v1 -- 0x7faf6804bed0 con 0x7faf681017f0
2024-03-27T07:46:00.158 INFO:teuthology.orchestra.run.smithi193.stdout:/usr/bin/ceph: stderr
2024-03-27T07:45:59.462+0000 7faf5e000700 1 -- 172.21.15.193:0/2014139477 <== mon.0 v2:172.21.15.193:3300/0 7 ==== mgrmap(e 5) v1 ==== 43368+0+0 (secure 0 0 0) 0x7faf58016d00 con 0x7faf681017f0
2024-03-27T07:46:00.158 INFO:teuthology.orchestra.run.smithi193.stdout:/usr/bin/ceph: stderr
2024-03-27T07:45:59.465+0000 7faf5e000700 1 -- 172.21.15.193:0/2014139477 <== mon.0 v2:172.21.15.193:3300/0 8 ==== mon_command_ack([{"prefix": "mgr module enable", "module": "cephadm"}]=0 v5) v1 ==== 86+0+0 (secure 0 0 0) 0x7faf58016260 con 0x7faf681017f0
2024-03-27T07:46:00.159 INFO:teuthology.orchestra.run.smithi193.stdout:/usr/bin/ceph: stderr
2024-03-27T07:45:59.467+0000 7faf6ce00700 1 -- 172.21.15.193:0/2014139477 >> [v2:172.21.15.193:6800/2678163160,v1:172.21.15.193:6801/2678163160] conn(0x7faf4c036790 msgr2=0x7faf4c038c40 secure :-1 s=STATE_CONNECTION_ESTABLISHED l=1).mark_down
2024-03-27T07:46:00.159 INFO:teuthology.orchestra.run.smithi193.stdout:/usr/bin/ceph: stderr
2024-03-27T07:45:59.468+0000 7faf6ce00700 1 --2- 172.21.15.193:0/2014139477 >> [v2:172.21.15.193:6800/2678163160,v1:172.21.15.193:6801/2678163160] conn(0x7faf4c036790 0x7faf4c038c40 secure :-1 s=READY pgs=8 cs=0 l=1 rev1=1 crypto rx=0x7faf54009990 tx=0x7faf54006e40 comp rx=0 tx=0).stop
2024-03-27T07:46:00.159 INFO:teuthology.orchestra.run.smithi193.stdout:/usr/bin/ceph: stderr
2024-03-27T07:45:59.468+0000 7faf6ce00700 1 -- 172.21.15.193:0/2014139477 >> [v2:172.21.15.193:3300/0,v1:172.21.15.193:6789/0] conn(0x7faf681017f0 msgr2=0x7faf681116a0 secure :-1 s=STATE_CONNECTION_ESTABLISHED l=1).mark_down
2024-03-27T07:46:00.159 INFO:teuthology.orchestra.run.smithi193.stdout:/usr/bin/ceph: stderr
2024-03-27T07:45:59.468+0000 7faf6ce00700 1 --2- 172.21.15.193:0/2014139477 >> [v2:172.21.15.193:3300/0,v1:172.21.15.193:6789/0] conn(0x7faf681017f0 0x7faf681116a0 secure :-1 s=READY pgs=23 cs=0 l=1 rev1=1 crypto rx=0x7faf58000c00 tx=0x7faf58009250 comp rx=0 tx=0).stop
2024-03-27T07:46:00.159 INFO:teuthology.orchestra.run.smithi193.stdout:/usr/bin/ceph: stderr
2024-03-27T07:45:59.468+0000 7faf6ce00700 1 -- 172.21.15.193:0/2014139477 shutdown_connections
2024-03-27T07:46:00.159 INFO:teuthology.orchestra.run.smithi193.stdout:/usr/bin/ceph: stderr
2024-03-27T07:45:59.468+0000 7faf6ce00700 1 --2- 172.21.15.193:0/2014139477 >> [v2:172.21.15.193:6800/2678163160,v1:172.21.15.193:6801/2678163160] conn(0x7faf4c036790 0x7faf4c038c40 unknown :-1 s=CLOSED pgs=8 cs=0 l=1 rev1=1 crypto rx=0 tx=0 comp rx=0 tx=0).stop
2024-03-27T07:46:00.159 INFO:teuthology.orchestra.run.smithi193.stdout:/usr/bin/ceph: stderr
2024-03-27T07:45:59.468+0000 7faf6ce00700 1 --2- 172.21.15.193:0/2014139477 >> [v2:172.21.15.193:3300/0,v1:172.21.15.193:6789/0] conn(0x7faf681017f0 0x7faf681116a0 unknown :-1 s=CLOSED pgs=23 cs=0 l=1 rev1=1 crypto rx=0 tx=0 comp rx=0 tx=0).stop
2024-03-27T07:46:00.159 INFO:teuthology.orchestra.run.smithi193.stdout:/usr/bin/ceph: stderr
2024-03-27T07:45:59.468+0000 7faf6ce00700 1 -- 172.21.15.193:0/2014139477 >> 172.21.15.193:0/2014139477 conn(0x7faf680fcf90 msgr2=0x7faf680fd900 unknown :-1 s=STATE_NONE l=0).mark_down
2024-03-27T07:46:00.159 INFO:teuthology.orchestra.run.smithi193.stdout:/usr/bin/ceph: stderr
2024-03-27T07:45:59.468+0000 7faf6ce00700 1 -- 172.21.15.193:0/2014139477 shutdown_connections
2024-03-27T07:46:00.159 INFO:teuthology.orchestra.run.smithi193.stdout:/usr/bin/ceph: stderr
2024-03-27T07:45:59.468+0000 7faf6ce00700 1 -- 172.21.15.193:0/2014139477 wait complete.
2024-03-27T07:46:00.696 INFO:journalctl@ceph.mon.smithi193.smithi193.stdout:Mar 27 07:46:00 smithi193 ceph-mon[28923]: from='client.? 172.21.15.193:0/2014139477' entity='client.admin' cmd='[{"prefix": "mgr module enable", "module": "cephadm"}]': finished
2024-03-27T07:46:00.696 INFO:journalctl@ceph.mon.smithi193.smithi193.stdout:Mar 27 07:46:00 smithi193 ceph-mon[28923]: mgrmap e5: smithi193.xwlbin(active, since 5s)
2024-03-27T07:46:01.597 INFO:journalctl@ceph.mon.smithi193.smithi193.stdout:Mar 27 07:46:01 smithi193 ceph-mon[28923]: from='client.? 172.21.15.193:0/2851051916' entity='client.admin' cmd=[{"prefix": "mgr stat"}]: dispatch
2024-03-27T07:46:01.899 INFO:teuthology.orchestra.run.smithi193.stdout:/usr/bin/ceph: stdout {
2024-03-27T07:46:01.900 INFO:teuthology.orchestra.run.smithi193.stdout:/usr/bin/ceph: stdout "epoch": 5,
2024-03-27T07:46:01.900 INFO:teuthology.orchestra.run.smithi193.stdout:/usr/bin/ceph: stdout "available": true,
2024-03-27T07:46:01.900 INFO:teuthology.orchestra.run.smithi193.stdout:/usr/bin/ceph: stdout "active_name": "smithi193.xwlbin",
2024-03-27T07:46:01.900 INFO:teuthology.orchestra.run.smithi193.stdout:/usr/bin/ceph: stdout "num_standby": 0
2024-03-27T07:46:01.900 INFO:teuthology.orchestra.run.smithi193.stdout:/usr/bin/ceph: stdout }
2024-03-27T07:46:01.900 INFO:teuthology.orchestra.run.smithi193.stdout:/usr/bin/ceph: stderr
2024-03-27T07:46:00.702+0000 7f613b800700 1 Processor -- start
2024-03-27T07:46:01.901 INFO:teuthology.orchestra.run.smithi193.stdout:/usr/bin/ceph: stderr
2024-03-27T07:46:00.702+0000 7f613b800700 1 -- start start
2024-03-27T07:46:01.901 INFO:teuthology.orchestra.run.smithi193.stdout:/usr/bin/ceph: stderr
2024-03-27T07:46:00.702+0000 7f613b800700 1 --2- >> [v2:172.21.15.193:3300/0,v1:172.21.15.193:6789/0] conn(0x7f6134077ad0 0x7f6134076120 unknown :-1 s=NONE pgs=0 cs=0 l=0 rev1=0 crypto rx=0 tx=0 comp rx=0 tx=0).connect
2024-03-27T07:46:01.901 INFO:teuthology.orchestra.run.smithi193.stdout:/usr/bin/ceph: stderr
2024-03-27T07:46:00.702+0000 7f613b800700 1 -- --> [v2:172.21.15.193:3300/0,v1:172.21.15.193:6789/0] -- mon_getmap magic: 0 v1 -- 0x7f6134077ee0 con 0x7f6134077ad0
2024-03-27T07:46:01.902 INFO:teuthology.orchestra.run.smithi193.stdout:/usr/bin/ceph: stderr
2024-03-27T07:46:00.703+0000 7f6138e00700 1 --2- >> [v2:172.21.15.193:3300/0,v1:172.21.15.193:6789/0] conn(0x7f6134077ad0 0x7f6134076120 unknown :-1 s=BANNER_CONNECTING pgs=0 cs=0 l=0 rev1=0 crypto rx=0 tx=0 comp rx=0 tx=0)._handle_peer_banner_payload supported=3 required=0
2024-03-27T07:46:01.902 INFO:teuthology.orchestra.run.smithi193.stdout:/usr/bin/ceph: stderr
2024-03-27T07:46:00.703+0000 7f6138e00700 1 --2- >> [v2:172.21.15.193:3300/0,v1:172.21.15.193:6789/0] conn(0x7f6134077ad0 0x7f6134076120 unknown :-1 s=HELLO_CONNECTING pgs=0 cs=0 l=0 rev1=1 crypto rx=0 tx=0 comp rx=0 tx=0).handle_hello peer v2:172.21.15.193:3300/0 says I am v2:172.21.15.193:54068/0 (socket says 172.21.15.193:54068)
2024-03-27T07:46:01.902 INFO:teuthology.orchestra.run.smithi193.stdout:/usr/bin/ceph: stderr
2024-03-27T07:46:00.703+0000 7f6138e00700 1 -- 172.21.15.193:0/843194824 learned_addr learned my addr 172.21.15.193:0/843194824 (peer_addr_for_me v2:172.21.15.193:0/0)
2024-03-27T07:46:01.902 INFO:teuthology.orchestra.run.smithi193.stdout:/usr/bin/ceph: stderr
2024-03-27T07:46:00.703+0000 7f6138e00700 1 -- 172.21.15.193:0/843194824 --> [v2:172.21.15.193:3300/0,v1:172.21.15.193:6789/0] -- mon_subscribe({config=0+,monmap=0+}) v3 -- 0x7f6134078020 con 0x7f6134077ad0
2024-03-27T07:46:01.902 INFO:teuthology.orchestra.run.smithi193.stdout:/usr/bin/ceph: stderr
2024-03-27T07:46:00.703+0000 7f6138e00700 1 --2- 172.21.15.193:0/843194824 >> [v2:172.21.15.193:3300/0,v1:172.21.15.193:6789/0] conn(0x7f6134077ad0 0x7f6134076120 secure :-1 s=READY pgs=26 cs=0 l=1 rev1=1 crypto rx=0x7f61280098e0 tx=0x7f6128009250 comp rx=0 tx=0).ready entity=mon.0 client_cookie=584ba68d3c19ee92 server_cookie=0 in_seq=0 out_seq=0
2024-03-27T07:46:01.902 INFO:teuthology.orchestra.run.smithi193.stdout:/usr/bin/ceph: stderr
2024-03-27T07:46:00.704+0000 7f6133400700 1 -- 172.21.15.193:0/843194824 <== mon.0 v2:172.21.15.193:3300/0 1 ==== mon_map magic: 0 v1 ==== 229+0+0 (secure 0 0 0) 0x7f612800b860 con 0x7f6134077ad0
2024-03-27T07:46:01.903 INFO:teuthology.orchestra.run.smithi193.stdout:/usr/bin/ceph: stderr
2024-03-27T07:46:00.704+0000 7f6133400700 1 -- 172.21.15.193:0/843194824 <== mon.0 v2:172.21.15.193:3300/0 2 ==== config(27 keys) v1 ==== 1044+0+0 (secure 0 0 0) 0x7f612800be50 con 0x7f6134077ad0
2024-03-27T07:46:01.905 INFO:teuthology.orchestra.run.smithi193.stdout:/usr/bin/ceph: stderr
2024-03-27T07:46:00.704+0000 7f6133400700 1 -- 172.21.15.193:0/843194824 <== mon.0 v2:172.21.15.193:3300/0 3 ==== mon_map magic: 0 v1 ==== 229+0+0 (secure 0 0 0) 0x7f6128010380 con 0x7f6134077ad0
2024-03-27T07:46:01.905 INFO:teuthology.orchestra.run.smithi193.stdout:/usr/bin/ceph: stderr
2024-03-27T07:46:00.705+0000 7f613b800700 1 -- 172.21.15.193:0/843194824 >> [v2:172.21.15.193:3300/0,v1:172.21.15.193:6789/0] conn(0x7f6134077ad0 msgr2=0x7f6134076120 secure :-1 s=STATE_CONNECTION_ESTABLISHED l=1).mark_down
2024-03-27T07:46:01.905 INFO:teuthology.orchestra.run.smithi193.stdout:/usr/bin/ceph: stderr
2024-03-27T07:46:00.705+0000 7f613b800700 1 --2- 172.21.15.193:0/843194824 >> [v2:172.21.15.193:3300/0,v1:172.21.15.193:6789/0] conn(0x7f6134077ad0 0x7f6134076120 secure :-1 s=READY pgs=26 cs=0 l=1 rev1=1 crypto rx=0x7f61280098e0 tx=0x7f6128009250 comp rx=0 tx=0).stop
2024-03-27T07:46:01.905 INFO:teuthology.orchestra.run.smithi193.stdout:/usr/bin/ceph: stderr
2024-03-27T07:46:00.705+0000 7f613b800700 1 -- 172.21.15.193:0/843194824 shutdown_connections
2024-03-27T07:46:01.905 INFO:teuthology.orchestra.run.smithi193.stdout:/usr/bin/ceph: stderr
2024-03-27T07:46:00.705+0000 7f613b800700 1 --2- 172.21.15.193:0/843194824 >> [v2:172.21.15.193:3300/0,v1:172.21.15.193:6789/0] conn(0x7f6134077ad0 0x7f6134076120 unknown :-1 s=CLOSED pgs=26 cs=0 l=1 rev1=1 crypto rx=0 tx=0 comp rx=0 tx=0).stop
2024-03-27T07:46:01.905 INFO:teuthology.orchestra.run.smithi193.stdout:/usr/bin/ceph: stderr
2024-03-27T07:46:00.705+0000 7f613b800700 1 -- 172.21.15.193:0/843194824 >> 172.21.15.193:0/843194824 conn(0x7f61340fe090 msgr2=0x7f6134100500 unknown :-1 s=STATE_NONE l=0).mark_down
2024-03-27T07:46:01.906 INFO:teuthology.orchestra.run.smithi193.stdout:/usr/bin/ceph: stderr
2024-03-27T07:46:00.705+0000 7f613b800700 1 -- 172.21.15.193:0/843194824 shutdown_connections
2024-03-27T07:46:01.906 INFO:teuthology.orchestra.run.smithi193.stdout:/usr/bin/ceph: stderr
2024-03-27T07:46:00.705+0000 7f613b800700 1 -- 172.21.15.193:0/843194824 wait complete.
2024-03-27T07:46:01.906 INFO:teuthology.orchestra.run.smithi193.stdout:/usr/bin/ceph: stderr
2024-03-27T07:46:00.706+0000 7f613b800700 1 Processor -- start
2024-03-27T07:46:01.906 INFO:teuthology.orchestra.run.smithi193.stdout:/usr/bin/ceph: stderr
2024-03-27T07:46:00.706+0000 7f613b800700 1 -- start start
2024-03-27T07:46:01.906 INFO:teuthology.orchestra.run.smithi193.stdout:/usr/bin/ceph: stderr
2024-03-27T07:46:00.706+0000 7f613b800700 1 --2- >> [v2:172.21.15.193:3300/0,v1:172.21.15.193:6789/0] conn(0x7f6134077ad0 0x7f6134113950 unknown :-1 s=NONE pgs=0 cs=0 l=1 rev1=0 crypto rx=0 tx=0 comp rx=0 tx=0).connect
2024-03-27T07:46:01.906 INFO:teuthology.orchestra.run.smithi193.stdout:/usr/bin/ceph: stderr
2024-03-27T07:46:00.706+0000 7f613b800700 1 -- --> [v2:172.21.15.193:3300/0,v1:172.21.15.193:6789/0] -- mon_getmap magic: 0 v1 -- 0x7f6134113e90 con 0x7f6134077ad0
2024-03-27T07:46:01.906 INFO:teuthology.orchestra.run.smithi193.stdout:/usr/bin/ceph: stderr
2024-03-27T07:46:00.706+0000 7f6138e00700 1 --2- >> [v2:172.21.15.193:3300/0,v1:172.21.15.193:6789/0] conn(0x7f6134077ad0 0x7f6134113950 unknown :-1 s=BANNER_CONNECTING pgs=0 cs=0 l=1 rev1=0 crypto rx=0 tx=0 comp rx=0 tx=0)._handle_peer_banner_payload supported=3 required=0
2024-03-27T07:46:01.906 INFO:teuthology.orchestra.run.smithi193.stdout:/usr/bin/ceph: stderr
2024-03-27T07:46:00.706+0000 7f6138e00700 1 --2- >> [v2:172.21.15.193:3300/0,v1:172.21.15.193:6789/0] conn(0x7f6134077ad0 0x7f6134113950 unknown :-1 s=HELLO_CONNECTING pgs=0 cs=0 l=1 rev1=1 crypto rx=0 tx=0 comp rx=0 tx=0).handle_hello peer v2:172.21.15.193:3300/0 says I am v2:172.21.15.193:54072/0 (socket says 172.21.15.193:54072)
2024-03-27T07:46:01.906 INFO:teuthology.orchestra.run.smithi193.stdout:/usr/bin/ceph: stderr
2024-03-27T07:46:00.706+0000 7f6138e00700 1 -- 172.21.15.193:0/2851051916 learned_addr learned my addr 172.21.15.193:0/2851051916 (peer_addr_for_me v2:172.21.15.193:0/0)
2024-03-27T07:46:01.906 INFO:teuthology.orchestra.run.smithi193.stdout:/usr/bin/ceph: stderr
2024-03-27T07:46:00.707+0000 7f6138e00700 1 -- 172.21.15.193:0/2851051916 --> [v2:172.21.15.193:3300/0,v1:172.21.15.193:6789/0] -- mon_subscribe({config=0+,monmap=0+}) v3 -- 0x7f61280094f0 con 0x7f6134077ad0
2024-03-27T07:46:01.906 INFO:teuthology.orchestra.run.smithi193.stdout:/usr/bin/ceph: stderr
2024-03-27T07:46:00.707+0000 7f6138e00700 1 --2- 172.21.15.193:0/2851051916 >> [v2:172.21.15.193:3300/0,v1:172.21.15.193:6789/0] conn(0x7f6134077ad0 0x7f6134113950 secure :-1 s=READY pgs=27 cs=0 l=1 rev1=1 crypto rx=0x7f6128011bd0 tx=0x7f6128009250 comp rx=0 tx=0).ready entity=mon.0 client_cookie=0 server_cookie=0 in_seq=0 out_seq=0
2024-03-27T07:46:01.906 INFO:teuthology.orchestra.run.smithi193.stdout:/usr/bin/ceph: stderr
2024-03-27T07:46:00.707+0000 7f6130c00700 1 -- 172.21.15.193:0/2851051916 <== mon.0 v2:172.21.15.193:3300/0 1 ==== mon_map magic: 0 v1 ==== 229+0+0 (secure 0 0 0) 0x7f61280107c0 con 0x7f6134077ad0
2024-03-27T07:46:01.906 INFO:teuthology.orchestra.run.smithi193.stdout:/usr/bin/ceph: stderr
2024-03-27T07:46:00.707+0000 7f6130c00700 1 -- 172.21.15.193:0/2851051916 <== mon.0 v2:172.21.15.193:3300/0 2 ==== config(27 keys) v1 ==== 1044+0+0 (secure 0 0 0) 0x7f6128010db0 con 0x7f6134077ad0
2024-03-27T07:46:01.906 INFO:teuthology.orchestra.run.smithi193.stdout:/usr/bin/ceph: stderr
2024-03-27T07:46:00.707+0000 7f613b800700 1 -- 172.21.15.193:0/2851051916 --> [v2:172.21.15.193:3300/0,v1:172.21.15.193:6789/0] -- mon_subscribe({mgrmap=0+}) v3 -- 0x7f6134114090 con 0x7f6134077ad0
2024-03-27T07:46:01.907 INFO:teuthology.orchestra.run.smithi193.stdout:/usr/bin/ceph: stderr
2024-03-27T07:46:00.707+0000 7f6130c00700 1 -- 172.21.15.193:0/2851051916 <== mon.0 v2:172.21.15.193:3300/0 3 ==== mon_map magic: 0 v1 ==== 229+0+0 (secure 0 0 0) 0x7f612801ad60 con 0x7f6134077ad0
2024-03-27T07:46:01.907 INFO:teuthology.orchestra.run.smithi193.stdout:/usr/bin/ceph: stderr
2024-03-27T07:46:00.707+0000 7f613b800700 1 -- 172.21.15.193:0/2851051916 --> [v2:172.21.15.193:3300/0,v1:172.21.15.193:6789/0] -- mon_subscribe({osdmap=0}) v3 -- 0x7f6134114c00 con 0x7f6134077ad0
2024-03-27T07:46:01.907 INFO:teuthology.orchestra.run.smithi193.stdout:/usr/bin/ceph: stderr
2024-03-27T07:46:00.708+0000 7f6130c00700 1 -- 172.21.15.193:0/2851051916 <== mon.0 v2:172.21.15.193:3300/0 4 ==== mgrmap(e 5) v1 ==== 43368+0+0 (secure 0 0 0) 0x7f612802e440 con 0x7f6134077ad0
2024-03-27T07:46:01.909 INFO:teuthology.orchestra.run.smithi193.stdout:/usr/bin/ceph: stderr
2024-03-27T07:46:00.709+0000 7f613b800700 1 -- 172.21.15.193:0/2851051916 --> [v2:172.21.15.193:3300/0,v1:172.21.15.193:6789/0] -- mon_command({"prefix": "get_command_descriptions"} v 0) v1 -- 0x7f613405f5f0 con 0x7f6134077ad0
2024-03-27T07:46:01.909 INFO:teuthology.orchestra.run.smithi193.stdout:/usr/bin/ceph: stderr
2024-03-27T07:46:00.709+0000 7f6130c00700 1 --2- 172.21.15.193:0/2851051916 >> [v2:172.21.15.193:6800/2678163160,v1:172.21.15.193:6801/2678163160] conn(0x7f611c036790 0x7f611c038c40 unknown :-1 s=NONE pgs=0 cs=0 l=1 rev1=0 crypto rx=0 tx=0 comp rx=0 tx=0).connect
2024-03-27T07:46:01.909 INFO:teuthology.orchestra.run.smithi193.stdout:/usr/bin/ceph: stderr
2024-03-27T07:46:00.709+0000 7f6130c00700 1 -- 172.21.15.193:0/2851051916 <== mon.0 v2:172.21.15.193:3300/0 5 ==== osd_map(1..1 src has 1..1) v4 ==== 721+0+0 (secure 0 0 0) 0x7f612804bab0 con 0x7f6134077ad0
2024-03-27T07:46:01.909 INFO:teuthology.orchestra.run.smithi193.stdout:/usr/bin/ceph: stderr
2024-03-27T07:46:00.709+0000 7f6133e00700 1 -- 172.21.15.193:0/2851051916 >> [v2:172.21.15.193:6800/2678163160,v1:172.21.15.193:6801/2678163160] conn(0x7f611c036790 msgr2=0x7f611c038c40 unknown :-1 s=STATE_CONNECTING_RE l=1).process reconnect failed to v2:172.21.15.193:6800/2678163160
2024-03-27T07:46:01.910 INFO:teuthology.orchestra.run.smithi193.stdout:/usr/bin/ceph: stderr
2024-03-27T07:46:00.709+0000 7f6133e00700 1 --2- 172.21.15.193:0/2851051916 >> [v2:172.21.15.193:6800/2678163160,v1:172.21.15.193:6801/2678163160] conn(0x7f611c036790 0x7f611c038c40 unknown :-1 s=START_CONNECT pgs=0 cs=0 l=1 rev1=0 crypto rx=0 tx=0 comp rx=0 tx=0)._fault waiting 0.200000
2024-03-27T07:46:01.910 INFO:teuthology.orchestra.run.smithi193.stdout:/usr/bin/ceph: stderr
2024-03-27T07:46:00.718+0000 7f6130c00700 1 -- 172.21.15.193:0/2851051916 <== mon.0 v2:172.21.15.193:3300/0 6 ==== mon_command_ack([{"prefix": "get_command_descriptions"}]=0 v0) v1 ==== 72+0+176504 (secure 0 0 0) 0x7f61280243f0 con 0x7f6134077ad0
2024-03-27T07:46:01.910 INFO:teuthology.orchestra.run.smithi193.stdout:/usr/bin/ceph: stderr
2024-03-27T07:46:00.910+0000 7f6133e00700 1 -- 172.21.15.193:0/2851051916 >> [v2:172.21.15.193:6800/2678163160,v1:172.21.15.193:6801/2678163160] conn(0x7f611c036790 msgr2=0x7f611c038c40 unknown :-1 s=STATE_CONNECTING_RE l=1).process reconnect failed to v2:172.21.15.193:6800/2678163160
2024-03-27T07:46:01.910 INFO:teuthology.orchestra.run.smithi193.stdout:/usr/bin/ceph: stderr
2024-03-27T07:46:00.910+0000 7f6133e00700 1 --2- 172.21.15.193:0/2851051916 >> [v2:172.21.15.193:6800/2678163160,v1:172.21.15.193:6801/2678163160] conn(0x7f611c036790 0x7f611c038c40 unknown :-1 s=START_CONNECT pgs=0 cs=0 l=1 rev1=0 crypto rx=0 tx=0 comp rx=0 tx=0)._fault waiting 0.400000
2024-03-27T07:46:01.910 INFO:teuthology.orchestra.run.smithi193.stdout:/usr/bin/ceph: stderr
2024-03-27T07:46:00.982+0000 7f613b800700 1 -- 172.21.15.193:0/2851051916 --> [v2:172.21.15.193:3300/0,v1:172.21.15.193:6789/0] -- mon_command({"prefix": "mgr stat"} v 0) v1 -- 0x7f6134114f40 con 0x7f6134077ad0
2024-03-27T07:46:01.910 INFO:teuthology.orchestra.run.smithi193.stdout:/usr/bin/ceph: stderr
2024-03-27T07:46:00.983+0000 7f6130c00700 1 -- 172.21.15.193:0/2851051916 <== mon.0 v2:172.21.15.193:3300/0 7 ==== mon_command_ack([{"prefix": "mgr stat"}]=0 v5) v1 ==== 56+0+103 (secure 0 0 0) 0x7f6128023b80 con 0x7f6134077ad0
2024-03-27T07:46:01.910 INFO:teuthology.orchestra.run.smithi193.stdout:/usr/bin/ceph: stderr
2024-03-27T07:46:00.986+0000 7f613b800700 1 -- 172.21.15.193:0/2851051916 >> [v2:172.21.15.193:6800/2678163160,v1:172.21.15.193:6801/2678163160] conn(0x7f611c036790 msgr2=0x7f611c038c40 unknown :-1 s=STATE_CONNECTING l=1).mark_down
2024-03-27T07:46:01.910 INFO:teuthology.orchestra.run.smithi193.stdout:/usr/bin/ceph: stderr
2024-03-27T07:46:00.986+0000 7f613b800700 1 --2- 172.21.15.193:0/2851051916 >> [v2:172.21.15.193:6800/2678163160,v1:172.21.15.193:6801/2678163160] conn(0x7f611c036790 0x7f611c038c40 unknown :-1 s=START_CONNECT pgs=0 cs=0 l=1 rev1=0 crypto rx=0 tx=0 comp rx=0 tx=0).stop
2024-03-27T07:46:01.910 INFO:teuthology.orchestra.run.smithi193.stdout:/usr/bin/ceph: stderr
2024-03-27T07:46:00.986+0000 7f613b800700 1 -- 172.21.15.193:0/2851051916 >> [v2:172.21.15.193:3300/0,v1:172.21.15.193:6789/0] conn(0x7f6134077ad0 msgr2=0x7f6134113950 secure :-1 s=STATE_CONNECTION_ESTABLISHED l=1).mark_down
2024-03-27T07:46:01.910 INFO:teuthology.orchestra.run.smithi193.stdout:/usr/bin/ceph: stderr
2024-03-27T07:46:00.986+0000 7f613b800700 1 --2- 172.21.15.193:0/2851051916 >> [v2:172.21.15.193:3300/0,v1:172.21.15.193:6789/0] conn(0x7f6134077ad0 0x7f6134113950 secure :-1 s=READY pgs=27 cs=0 l=1 rev1=1 crypto rx=0x7f6128011bd0 tx=0x7f6128009250 comp rx=0 tx=0).stop
2024-03-27T07:46:01.910 INFO:teuthology.orchestra.run.smithi193.stdout:/usr/bin/ceph: stderr
2024-03-27T07:46:00.986+0000 7f613b800700 1 -- 172.21.15.193:0/2851051916 shutdown_connections
2024-03-27T07:46:01.910 INFO:teuthology.orchestra.run.smithi193.stdout:/usr/bin/ceph: stderr
2024-03-27T07:46:00.986+0000 7f613b800700 1 --2- 172.21.15.193:0/2851051916 >> [v2:172.21.15.193:6800/2678163160,v1:172.21.15.193:6801/2678163160] conn(0x7f611c036790 0x7f611c038c40 unknown :-1 s=CLOSED pgs=0 cs=0 l=1 rev1=0 crypto rx=0 tx=0 comp rx=0 tx=0).stop
2024-03-27T07:46:01.910 INFO:teuthology.orchestra.run.smithi193.stdout:/usr/bin/ceph: stderr
2024-03-27T07:46:00.986+0000 7f613b800700 1 --2- 172.21.15.193:0/2851051916 >> [v2:172.21.15.193:3300/0,v1:172.21.15.193:6789/0] conn(0x7f6134077ad0 0x7f6134113950 unknown :-1 s=CLOSED pgs=27 cs=0 l=1 rev1=1 crypto rx=0 tx=0 comp rx=0 tx=0).stop
2024-03-27T07:46:01.911 INFO:teuthology.orchestra.run.smithi193.stdout:/usr/bin/ceph: stderr
2024-03-27T07:46:00.986+0000 7f613b800700 1 -- 172.21.15.193:0/2851051916 >> 172.21.15.193:0/2851051916 conn(0x7f61340fe090 msgr2=0x7f61340fed60 unknown :-1 s=STATE_NONE l=0).mark_down
2024-03-27T07:46:01.911 INFO:teuthology.orchestra.run.smithi193.stdout:/usr/bin/ceph: stderr
2024-03-27T07:46:00.987+0000 7f613b800700 1 -- 172.21.15.193:0/2851051916 shutdown_connections
2024-03-27T07:46:01.911 INFO:teuthology.orchestra.run.smithi193.stdout:/usr/bin/ceph: stderr
2024-03-27T07:46:00.987+0000 7f613b800700 1 -- 172.21.15.193:0/2851051916 wait complete.
2024-03-27T07:46:01.911 INFO:teuthology.orchestra.run.smithi193.stdout:Waiting for the mgr to restart...
2024-03-27T07:46:01.911 INFO:teuthology.orchestra.run.smithi193.stdout:Waiting for mgr epoch 5...
2024-03-27T07:46:08.311 INFO:journalctl@ceph.mon.smithi193.smithi193.stdout:Mar 27 07:46:07 smithi193 ceph-mon[28923]: Active manager daemon smithi193.xwlbin restarted
2024-03-27T07:46:08.311 INFO:journalctl@ceph.mon.smithi193.smithi193.stdout:Mar 27 07:46:07 smithi193 ceph-mon[28923]: Activating manager daemon smithi193.xwlbin
2024-03-27T07:46:08.311 INFO:journalctl@ceph.mon.smithi193.smithi193.stdout:Mar 27 07:46:07 smithi193 ceph-mon[28923]: osdmap e2: 0 total, 0 up, 0 in
2024-03-27T07:46:08.311 INFO:journalctl@ceph.mon.smithi193.smithi193.stdout:Mar 27 07:46:07 smithi193 ceph-mon[28923]: mgrmap e6: smithi193.xwlbin(active, starting, since 0.00993593s)
2024-03-27T07:46:08.311 INFO:journalctl@ceph.mon.smithi193.smithi193.stdout:Mar 27 07:46:07 smithi193 ceph-mon[28923]: from='mgr.14120 172.21.15.193:0/2512529322' entity='mgr.smithi193.xwlbin' cmd=[{"prefix": "mon metadata", "id": "smithi193"}]: dispatch
2024-03-27T07:46:08.311 INFO:journalctl@ceph.mon.smithi193.smithi193.stdout:Mar 27 07:46:07 smithi193 ceph-mon[28923]: from='mgr.14120 172.21.15.193:0/2512529322' entity='mgr.smithi193.xwlbin' cmd=[{"prefix": "mgr metadata", "who": "smithi193.xwlbin", "id": "smithi193.xwlbin"}]: dispatch
2024-03-27T07:46:08.311 INFO:journalctl@ceph.mon.smithi193.smithi193.stdout:Mar 27 07:46:07 smithi193 ceph-mon[28923]: from='mgr.14120 172.21.15.193:0/2512529322' entity='mgr.smithi193.xwlbin' cmd=[{"prefix": "mds metadata"}]: dispatch
2024-03-27T07:46:08.312 INFO:journalctl@ceph.mon.smithi193.smithi193.stdout:Mar 27 07:46:07 smithi193 ceph-mon[28923]: from='mgr.14120 172.21.15.193:0/2512529322' entity='mgr.smithi193.xwlbin' cmd=[{"prefix": "osd metadata"}]: dispatch
2024-03-27T07:46:08.312 INFO:journalctl@ceph.mon.smithi193.smithi193.stdout:Mar 27 07:46:07 smithi193 ceph-mon[28923]: from='mgr.14120 172.21.15.193:0/2512529322' entity='mgr.smithi193.xwlbin' cmd=[{"prefix": "mon metadata"}]: dispatch
2024-03-27T07:46:08.312 INFO:journalctl@ceph.mon.smithi193.smithi193.stdout:Mar 27 07:46:07 smithi193 ceph-mon[28923]: Manager daemon smithi193.xwlbin is now available
2024-03-27T07:46:08.312 INFO:journalctl@ceph.mon.smithi193.smithi193.stdout:Mar 27 07:46:07 smithi193 ceph-mon[28923]: from='mgr.14120 172.21.15.193:0/2512529322' entity='mgr.smithi193.xwlbin'
2024-03-27T07:46:09.267 INFO:journalctl@ceph.mon.smithi193.smithi193.stdout:Mar 27 07:46:08 smithi193 ceph-mon[28923]: Found migration_current of "None". Setting to last migration.
2024-03-27T07:46:09.268 INFO:journalctl@ceph.mon.smithi193.smithi193.stdout:Mar 27 07:46:08 smithi193 ceph-mon[28923]: from='mgr.14120 172.21.15.193:0/2512529322' entity='mgr.smithi193.xwlbin'
2024-03-27T07:46:09.268 INFO:journalctl@ceph.mon.smithi193.smithi193.stdout:Mar 27 07:46:08 smithi193 ceph-mon[28923]: from='mgr.14120 172.21.15.193:0/2512529322' entity='mgr.smithi193.xwlbin' cmd=[{"prefix": "config dump", "format": "json"}]: dispatch
2024-03-27T07:46:09.268 INFO:journalctl@ceph.mon.smithi193.smithi193.stdout:Mar 27 07:46:08 smithi193 ceph-mon[28923]: from='mgr.14120 172.21.15.193:0/2512529322' entity='mgr.smithi193.xwlbin' cmd=[{"prefix": "config dump", "format": "json"}]: dispatch
2024-03-27T07:46:09.268 INFO:journalctl@ceph.mon.smithi193.smithi193.stdout:Mar 27 07:46:08 smithi193 ceph-mon[28923]: from='mgr.14120 172.21.15.193:0/2512529322' entity='mgr.smithi193.xwlbin' cmd=[{"prefix": "config dump", "format": "json"}]: dispatch
2024-03-27T07:46:09.268 INFO:journalctl@ceph.mon.smithi193.smithi193.stdout:Mar 27 07:46:08 smithi193 ceph-mon[28923]: from='mgr.14120 172.21.15.193:0/2512529322' entity='mgr.smithi193.xwlbin' cmd=[{"prefix":"config rm","who":"mgr","name":"mgr/rbd_support/smithi193.xwlbin/mirror_snapshot_schedule"}]: dispatch
2024-03-27T07:46:09.268 INFO:journalctl@ceph.mon.smithi193.smithi193.stdout:Mar 27 07:46:08 smithi193 ceph-mon[28923]: from='mgr.14120 172.21.15.193:0/2512529322' entity='mgr.smithi193.xwlbin' cmd=[{"prefix":"config rm","who":"mgr","name":"mgr/rbd_support/smithi193.xwlbin/trash_purge_schedule"}]: dispatch
2024-03-27T07:46:09.268 INFO:journalctl@ceph.mon.smithi193.smithi193.stdout:Mar 27 07:46:08 smithi193 ceph-mon[28923]: mgrmap e7: smithi193.xwlbin(active, since 1.01574s)
2024-03-27T07:46:09.579 INFO:teuthology.orchestra.run.smithi193.stdout:/usr/bin/ceph: stdout {
2024-03-27T07:46:09.587 INFO:teuthology.orchestra.run.smithi193.stdout:/usr/bin/ceph: stdout "mgrmap_epoch": 7,
2024-03-27T07:46:09.587 INFO:teuthology.orchestra.run.smithi193.stdout:/usr/bin/ceph: stdout "initialized": true
2024-03-27T07:46:09.587 INFO:teuthology.orchestra.run.smithi193.stdout:/usr/bin/ceph: stdout }
2024-03-27T07:46:09.587 INFO:teuthology.orchestra.run.smithi193.stdout:/usr/bin/ceph: stderr
2024-03-27T07:46:02.489+0000 7f60fd000700 1 Processor -- start
2024-03-27T07:46:09.587 INFO:teuthology.orchestra.run.smithi193.stdout:/usr/bin/ceph: stderr
2024-03-27T07:46:02.489+0000 7f60fd000700 1 -- start start
2024-03-27T07:46:09.587 INFO:teuthology.orchestra.run.smithi193.stdout:/usr/bin/ceph: stderr
2024-03-27T07:46:02.490+0000 7f60fd000700 1 --2- >> [v2:172.21.15.193:3300/0,v1:172.21.15.193:6789/0] conn(0x7f60f8077af0 0x7f60f8076140 unknown :-1 s=NONE pgs=0 cs=0 l=0 rev1=0 crypto rx=0 tx=0 comp rx=0 tx=0).connect
2024-03-27T07:46:09.587 INFO:teuthology.orchestra.run.smithi193.stdout:/usr/bin/ceph: stderr
2024-03-27T07:46:02.490+0000 7f60fd000700 1 -- --> [v2:172.21.15.193:3300/0,v1:172.21.15.193:6789/0] -- mon_getmap magic: 0 v1 -- 0x7f60f8077f00 con 0x7f60f8077af0
2024-03-27T07:46:09.587 INFO:teuthology.orchestra.run.smithi193.stdout:/usr/bin/ceph: stderr
2024-03-27T07:46:02.490+0000 7f60f5e00700 1 --2- >> [v2:172.21.15.193:3300/0,v1:172.21.15.193:6789/0] conn(0x7f60f8077af0 0x7f60f8076140 unknown :-1 s=BANNER_CONNECTING pgs=0 cs=0 l=0 rev1=0 crypto rx=0 tx=0 comp rx=0 tx=0)._handle_peer_banner_payload supported=3 required=0
2024-03-27T07:46:09.588 INFO:teuthology.orchestra.run.smithi193.stdout:/usr/bin/ceph: stderr
2024-03-27T07:46:02.490+0000 7f60f5e00700 1 --2- >> [v2:172.21.15.193:3300/0,v1:172.21.15.193:6789/0] conn(0x7f60f8077af0 0x7f60f8076140 unknown :-1 s=HELLO_CONNECTING pgs=0 cs=0 l=0 rev1=1 crypto rx=0 tx=0 comp rx=0 tx=0).handle_hello peer v2:172.21.15.193:3300/0 says I am v2:172.21.15.193:54078/0 (socket says 172.21.15.193:54078)
2024-03-27T07:46:09.588 INFO:teuthology.orchestra.run.smithi193.stdout:/usr/bin/ceph: stderr
2024-03-27T07:46:02.490+0000 7f60f5e00700 1 -- 172.21.15.193:0/564172305 learned_addr learned my addr 172.21.15.193:0/564172305 (peer_addr_for_me v2:172.21.15.193:0/0)
2024-03-27T07:46:09.588 INFO:teuthology.orchestra.run.smithi193.stdout:/usr/bin/ceph: stderr
2024-03-27T07:46:02.491+0000 7f60f5e00700 1 -- 172.21.15.193:0/564172305 --> [v2:172.21.15.193:3300/0,v1:172.21.15.193:6789/0] -- mon_subscribe({config=0+,monmap=0+}) v3 -- 0x7f60f8078040 con 0x7f60f8077af0
2024-03-27T07:46:09.588 INFO:teuthology.orchestra.run.smithi193.stdout:/usr/bin/ceph: stderr
2024-03-27T07:46:02.491+0000 7f60f5e00700 1 --2- 172.21.15.193:0/564172305 >> [v2:172.21.15.193:3300/0,v1:172.21.15.193:6789/0] conn(0x7f60f8077af0 0x7f60f8076140 secure :-1 s=READY pgs=28 cs=0 l=1 rev1=1 crypto rx=0x7f60e80098e0 tx=0x7f60e8009250 comp rx=0 tx=0).ready entity=mon.0 client_cookie=2bdce352b62d9da3 server_cookie=0 in_seq=0 out_seq=0
2024-03-27T07:46:09.588 INFO:teuthology.orchestra.run.smithi193.stdout:/usr/bin/ceph: stderr
2024-03-27T07:46:02.491+0000 7f60f4a00700 1 -- 172.21.15.193:0/564172305 <== mon.0 v2:172.21.15.193:3300/0 1 ==== mon_map magic: 0 v1 ==== 229+0+0 (secure 0 0 0) 0x7f60e800b860 con 0x7f60f8077af0
2024-03-27T07:46:09.588 INFO:teuthology.orchestra.run.smithi193.stdout:/usr/bin/ceph: stderr
2024-03-27T07:46:02.491+0000 7f60f4a00700 1 -- 172.21.15.193:0/564172305 <== mon.0 v2:172.21.15.193:3300/0 2 ==== config(27 keys) v1 ==== 1044+0+0 (secure 0 0 0) 0x7f60e800be50 con 0x7f60f8077af0
2024-03-27T07:46:09.588 INFO:teuthology.orchestra.run.smithi193.stdout:/usr/bin/ceph: stderr
2024-03-27T07:46:02.491+0000 7f60f4a00700 1 -- 172.21.15.193:0/564172305 <== mon.0 v2:172.21.15.193:3300/0 3 ==== mon_map magic: 0 v1 ==== 229+0+0 (secure 0 0 0) 0x7f60e8010380 con 0x7f60f8077af0
2024-03-27T07:46:09.588 INFO:teuthology.orchestra.run.smithi193.stdout:/usr/bin/ceph: stderr
2024-03-27T07:46:02.492+0000 7f60fd000700 1 -- 172.21.15.193:0/564172305 >> [v2:172.21.15.193:3300/0,v1:172.21.15.193:6789/0] conn(0x7f60f8077af0 msgr2=0x7f60f8076140 secure :-1 s=STATE_CONNECTION_ESTABLISHED l=1).mark_down
2024-03-27T07:46:09.588 INFO:teuthology.orchestra.run.smithi193.stdout:/usr/bin/ceph: stderr
2024-03-27T07:46:02.492+0000 7f60fd000700 1 --2- 172.21.15.193:0/564172305 >> [v2:172.21.15.193:3300/0,v1:172.21.15.193:6789/0] conn(0x7f60f8077af0 0x7f60f8076140 secure :-1 s=READY pgs=28 cs=0 l=1 rev1=1 crypto rx=0x7f60e80098e0 tx=0x7f60e8009250 comp rx=0 tx=0).stop
2024-03-27T07:46:09.588 INFO:teuthology.orchestra.run.smithi193.stdout:/usr/bin/ceph: stderr
2024-03-27T07:46:02.492+0000 7f60fd000700 1 -- 172.21.15.193:0/564172305 shutdown_connections
2024-03-27T07:46:09.588 INFO:teuthology.orchestra.run.smithi193.stdout:/usr/bin/ceph: stderr
2024-03-27T07:46:02.492+0000 7f60fd000700 1 --2- 172.21.15.193:0/564172305 >> [v2:172.21.15.193:3300/0,v1:172.21.15.193:6789/0] conn(0x7f60f8077af0 0x7f60f8076140 unknown :-1 s=CLOSED pgs=28 cs=0 l=1 rev1=1 crypto rx=0 tx=0 comp rx=0 tx=0).stop
2024-03-27T07:46:09.588 INFO:teuthology.orchestra.run.smithi193.stdout:/usr/bin/ceph: stderr
2024-03-27T07:46:02.492+0000 7f60fd000700 1 -- 172.21.15.193:0/564172305 >> 172.21.15.193:0/564172305 conn(0x7f60f80fe090 msgr2=0x7f60f8100500 unknown :-1 s=STATE_NONE l=0).mark_down
2024-03-27T07:46:09.589 INFO:teuthology.orchestra.run.smithi193.stdout:/usr/bin/ceph: stderr
2024-03-27T07:46:02.492+0000 7f60fd000700 1 -- 172.21.15.193:0/564172305 shutdown_connections
2024-03-27T07:46:09.589 INFO:teuthology.orchestra.run.smithi193.stdout:/usr/bin/ceph: stderr
2024-03-27T07:46:02.492+0000 7f60fd000700 1 -- 172.21.15.193:0/564172305 wait complete.
2024-03-27T07:46:09.589 INFO:teuthology.orchestra.run.smithi193.stdout:/usr/bin/ceph: stderr
2024-03-27T07:46:02.493+0000 7f60fd000700 1 Processor -- start
2024-03-27T07:46:09.589 INFO:teuthology.orchestra.run.smithi193.stdout:/usr/bin/ceph: stderr
2024-03-27T07:46:02.493+0000 7f60fd000700 1 -- start start
2024-03-27T07:46:09.589 INFO:teuthology.orchestra.run.smithi193.stdout:/usr/bin/ceph: stderr
2024-03-27T07:46:02.494+0000 7f60fd000700 1 --2- >> [v2:172.21.15.193:3300/0,v1:172.21.15.193:6789/0] conn(0x7f60f8077af0 0x7f60f8113950 unknown :-1 s=NONE pgs=0 cs=0 l=1 rev1=0 crypto rx=0 tx=0 comp rx=0 tx=0).connect
2024-03-27T07:46:09.589 INFO:teuthology.orchestra.run.smithi193.stdout:/usr/bin/ceph: stderr
2024-03-27T07:46:02.494+0000 7f60fd000700 1 -- --> [v2:172.21.15.193:3300/0,v1:172.21.15.193:6789/0] -- mon_getmap magic: 0 v1 -- 0x7f60f8113e90 con 0x7f60f8077af0
2024-03-27T07:46:09.589 INFO:teuthology.orchestra.run.smithi193.stdout:/usr/bin/ceph: stderr
2024-03-27T07:46:02.494+0000 7f60f5e00700 1 --2- >> [v2:172.21.15.193:3300/0,v1:172.21.15.193:6789/0] conn(0x7f60f8077af0 0x7f60f8113950 unknown :-1 s=BANNER_CONNECTING pgs=0 cs=0 l=1 rev1=0 crypto rx=0 tx=0 comp rx=0 tx=0)._handle_peer_banner_payload supported=3 required=0
2024-03-27T07:46:09.589 INFO:teuthology.orchestra.run.smithi193.stdout:/usr/bin/ceph: stderr
2024-03-27T07:46:02.494+0000 7f60f5e00700 1 --2- >> [v2:172.21.15.193:3300/0,v1:172.21.15.193:6789/0] conn(0x7f60f8077af0 0x7f60f8113950 unknown :-1 s=HELLO_CONNECTING pgs=0 cs=0 l=1 rev1=1 crypto rx=0 tx=0 comp rx=0 tx=0).handle_hello peer v2:172.21.15.193:3300/0 says I am v2:172.21.15.193:54082/0 (socket says 172.21.15.193:54082)
2024-03-27T07:46:09.589 INFO:teuthology.orchestra.run.smithi193.stdout:/usr/bin/ceph: stderr
2024-03-27T07:46:02.494+0000 7f60f5e00700 1 -- 172.21.15.193:0/3205316187 learned_addr learned my addr 172.21.15.193:0/3205316187 (peer_addr_for_me v2:172.21.15.193:0/0)
2024-03-27T07:46:09.589 INFO:teuthology.orchestra.run.smithi193.stdout:/usr/bin/ceph: stderr
2024-03-27T07:46:02.494+0000 7f60f5e00700 1 -- 172.21.15.193:0/3205316187 --> [v2:172.21.15.193:3300/0,v1:172.21.15.193:6789/0] -- mon_subscribe({config=0+,monmap=0+}) v3 -- 0x7f60e80094f0 con 0x7f60f8077af0
2024-03-27T07:46:09.589 INFO:teuthology.orchestra.run.smithi193.stdout:/usr/bin/ceph: stderr
2024-03-27T07:46:02.495+0000 7f60f5e00700 1 --2- 172.21.15.193:0/3205316187 >> [v2:172.21.15.193:3300/0,v1:172.21.15.193:6789/0] conn(0x7f60f8077af0 0x7f60f8113950 secure :-1 s=READY pgs=29 cs=0 l=1 rev1=1 crypto rx=0x7f60e8011bd0 tx=0x7f60e8009250 comp rx=0 tx=0).ready entity=mon.0 client_cookie=0 server_cookie=0 in_seq=0 out_seq=0
2024-03-27T07:46:09.589 INFO:teuthology.orchestra.run.smithi193.stdout:/usr/bin/ceph: stderr
2024-03-27T07:46:02.495+0000 7f60ee000700 1 -- 172.21.15.193:0/3205316187 <== mon.0 v2:172.21.15.193:3300/0 1 ==== mon_map magic: 0 v1 ==== 229+0+0 (secure 0 0 0) 0x7f60e80107c0 con 0x7f60f8077af0
2024-03-27T07:46:09.589 INFO:teuthology.orchestra.run.smithi193.stdout:/usr/bin/ceph: stderr
2024-03-27T07:46:02.495+0000 7f60ee000700 1 -- 172.21.15.193:0/3205316187 <== mon.0 v2:172.21.15.193:3300/0 2 ==== config(27 keys) v1 ==== 1044+0+0 (secure 0 0 0) 0x7f60e8010db0 con 0x7f60f8077af0
2024-03-27T07:46:09.589 INFO:teuthology.orchestra.run.smithi193.stdout:/usr/bin/ceph: stderr
2024-03-27T07:46:02.495+0000 7f60fd000700 1 -- 172.21.15.193:0/3205316187 --> [v2:172.21.15.193:3300/0,v1:172.21.15.193:6789/0] -- mon_subscribe({mgrmap=0+}) v3 -- 0x7f60f8114090 con 0x7f60f8077af0
2024-03-27T07:46:09.590 INFO:teuthology.orchestra.run.smithi193.stdout:/usr/bin/ceph: stderr
2024-03-27T07:46:02.495+0000 7f60ee000700 1 -- 172.21.15.193:0/3205316187 <== mon.0 v2:172.21.15.193:3300/0 3 ==== mon_map magic: 0 v1 ==== 229+0+0 (secure 0 0 0) 0x7f60e801ad60 con 0x7f60f8077af0
2024-03-27T07:46:09.590 INFO:teuthology.orchestra.run.smithi193.stdout:/usr/bin/ceph: stderr
2024-03-27T07:46:02.495+0000 7f60fd000700 1 -- 172.21.15.193:0/3205316187 --> [v2:172.21.15.193:3300/0,v1:172.21.15.193:6789/0] -- mon_subscribe({osdmap=0}) v3 -- 0x7f60f8114c00 con 0x7f60f8077af0
2024-03-27T07:46:09.590 INFO:teuthology.orchestra.run.smithi193.stdout:/usr/bin/ceph: stderr
2024-03-27T07:46:02.497+0000 7f60ee000700 1 -- 172.21.15.193:0/3205316187 <== mon.0 v2:172.21.15.193:3300/0 4 ==== mgrmap(e 5) v1 ==== 43368+0+0 (secure 0 0 0) 0x7f60e801a5c0 con 0x7f60f8077af0
2024-03-27T07:46:09.590 INFO:teuthology.orchestra.run.smithi193.stdout:/usr/bin/ceph: stderr
2024-03-27T07:46:02.497+0000 7f60ee000700 1 --2- 172.21.15.193:0/3205316187 >> [v2:172.21.15.193:6800/2678163160,v1:172.21.15.193:6801/2678163160] conn(0x7f60dc0367e0 0x7f60dc038c90 unknown :-1 s=NONE pgs=0 cs=0 l=1 rev1=0 crypto rx=0 tx=0 comp rx=0 tx=0).connect
2024-03-27T07:46:09.590 INFO:teuthology.orchestra.run.smithi193.stdout:/usr/bin/ceph: stderr
2024-03-27T07:46:02.497+0000 7f60ee000700 1 -- 172.21.15.193:0/3205316187 --> [v2:172.21.15.193:6800/2678163160,v1:172.21.15.193:6801/2678163160] -- command(tid 0: {"prefix": "get_command_descriptions"}) v1 -- 0x7f60dc0393a0 con 0x7f60dc0367e0
2024-03-27T07:46:09.590 INFO:teuthology.orchestra.run.smithi193.stdout:/usr/bin/ceph: stderr
2024-03-27T07:46:02.497+0000 7f60ee000700 1 -- 172.21.15.193:0/3205316187 <== mon.0 v2:172.21.15.193:3300/0 5 ==== osd_map(1..1 src has 1..1) v4 ==== 721+0+0 (secure 0 0 0) 0x7f60e804ab60 con 0x7f60f8077af0
2024-03-27T07:46:09.590 INFO:teuthology.orchestra.run.smithi193.stdout:/usr/bin/ceph: stderr
2024-03-27T07:46:02.497+0000 7f60f5400700 1 -- 172.21.15.193:0/3205316187 >> [v2:172.21.15.193:6800/2678163160,v1:172.21.15.193:6801/2678163160] conn(0x7f60dc0367e0 msgr2=0x7f60dc038c90 unknown :-1 s=STATE_CONNECTING_RE l=1).process reconnect failed to v2:172.21.15.193:6800/2678163160
2024-03-27T07:46:09.590 INFO:teuthology.orchestra.run.smithi193.stdout:/usr/bin/ceph: stderr
2024-03-27T07:46:02.497+0000 7f60f5400700 1 --2- 172.21.15.193:0/3205316187 >> [v2:172.21.15.193:6800/2678163160,v1:172.21.15.193:6801/2678163160] conn(0x7f60dc0367e0 0x7f60dc038c90 unknown :-1 s=START_CONNECT pgs=0 cs=0 l=1 rev1=0 crypto rx=0 tx=0 comp rx=0 tx=0)._fault waiting 0.200000
2024-03-27T07:46:09.590 INFO:teuthology.orchestra.run.smithi193.stdout:/usr/bin/ceph: stderr
2024-03-27T07:46:02.698+0000 7f60f5400700 1 -- 172.21.15.193:0/3205316187 >> [v2:172.21.15.193:6800/2678163160,v1:172.21.15.193:6801/2678163160] conn(0x7f60dc0367e0 msgr2=0x7f60dc038c90 unknown :-1 s=STATE_CONNECTING_RE l=1).process reconnect failed to v2:172.21.15.193:6800/2678163160
2024-03-27T07:46:09.590 INFO:teuthology.orchestra.run.smithi193.stdout:/usr/bin/ceph: stderr
2024-03-27T07:46:02.698+0000 7f60f5400700 1 --2- 172.21.15.193:0/3205316187 >> [v2:172.21.15.193:6800/2678163160,v1:172.21.15.193:6801/2678163160] conn(0x7f60dc0367e0 0x7f60dc038c90 unknown :-1 s=START_CONNECT pgs=0 cs=0 l=1 rev1=0 crypto rx=0 tx=0 comp rx=0 tx=0)._fault waiting 0.400000
2024-03-27T07:46:09.590 INFO:teuthology.orchestra.run.smithi193.stdout:/usr/bin/ceph: stderr
2024-03-27T07:46:03.099+0000 7f60f5400700 1 -- 172.21.15.193:0/3205316187 >> [v2:172.21.15.193:6800/2678163160,v1:172.21.15.193:6801/2678163160] conn(0x7f60dc0367e0 msgr2=0x7f60dc038c90 unknown :-1 s=STATE_CONNECTING_RE l=1).process reconnect failed to v2:172.21.15.193:6800/2678163160
2024-03-27T07:46:09.590 INFO:teuthology.orchestra.run.smithi193.stdout:/usr/bin/ceph: stderr
2024-03-27T07:46:03.099+0000 7f60f5400700 1 --2- 172.21.15.193:0/3205316187 >> [v2:172.21.15.193:6800/2678163160,v1:172.21.15.193:6801/2678163160] conn(0x7f60dc0367e0 0x7f60dc038c90 unknown :-1 s=START_CONNECT pgs=0 cs=0 l=1 rev1=0 crypto rx=0 tx=0 comp rx=0 tx=0)._fault waiting 0.800000
2024-03-27T07:46:09.591 INFO:teuthology.orchestra.run.smithi193.stdout:/usr/bin/ceph: stderr
2024-03-27T07:46:03.900+0000 7f60f5400700 1 -- 172.21.15.193:0/3205316187 >> [v2:172.21.15.193:6800/2678163160,v1:172.21.15.193:6801/2678163160] conn(0x7f60dc0367e0 msgr2=0x7f60dc038c90 unknown :-1 s=STATE_CONNECTING_RE l=1).process reconnect failed to v2:172.21.15.193:6800/2678163160
2024-03-27T07:46:09.591 INFO:teuthology.orchestra.run.smithi193.stdout:/usr/bin/ceph: stderr
2024-03-27T07:46:03.900+0000 7f60f5400700 1 --2- 172.21.15.193:0/3205316187 >> [v2:172.21.15.193:6800/2678163160,v1:172.21.15.193:6801/2678163160] conn(0x7f60dc0367e0 0x7f60dc038c90 unknown :-1 s=START_CONNECT pgs=0 cs=0 l=1 rev1=0 crypto rx=0 tx=0 comp rx=0 tx=0)._fault waiting 1.600000
2024-03-27T07:46:09.591 INFO:teuthology.orchestra.run.smithi193.stdout:/usr/bin/ceph: stderr
2024-03-27T07:46:05.502+0000 7f60f5400700 1 -- 172.21.15.193:0/3205316187 >> [v2:172.21.15.193:6800/2678163160,v1:172.21.15.193:6801/2678163160] conn(0x7f60dc0367e0 msgr2=0x7f60dc038c90 unknown :-1 s=STATE_CONNECTING_RE l=1).process reconnect failed to v2:172.21.15.193:6800/2678163160
2024-03-27T07:46:09.591 INFO:teuthology.orchestra.run.smithi193.stdout:/usr/bin/ceph: stderr
2024-03-27T07:46:05.502+0000 7f60f5400700 1 --2- 172.21.15.193:0/3205316187 >> [v2:172.21.15.193:6800/2678163160,v1:172.21.15.193:6801/2678163160] conn(0x7f60dc0367e0 0x7f60dc038c90 unknown :-1 s=START_CONNECT pgs=0 cs=0 l=1 rev1=0 crypto rx=0 tx=0 comp rx=0 tx=0)._fault waiting 3.200000
2024-03-27T07:46:09.591 INFO:teuthology.orchestra.run.smithi193.stdout:/usr/bin/ceph: stderr
2024-03-27T07:46:07.889+0000 7f60ee000700 1 -- 172.21.15.193:0/3205316187 <== mon.0 v2:172.21.15.193:3300/0 6 ==== mgrmap(e 6) v1 ==== 43135+0+0 (secure 0 0 0) 0x7f60e800fdc0 con 0x7f60f8077af0
2024-03-27T07:46:09.591 INFO:teuthology.orchestra.run.smithi193.stdout:/usr/bin/ceph: stderr
2024-03-27T07:46:07.889+0000 7f60ee000700 1 -- 172.21.15.193:0/3205316187 >> [v2:172.21.15.193:6800/2678163160,v1:172.21.15.193:6801/2678163160] conn(0x7f60dc0367e0 msgr2=0x7f60dc038c90 unknown :-1 s=STATE_CONNECTING l=1).mark_down
2024-03-27T07:46:09.591 INFO:teuthology.orchestra.run.smithi193.stdout:/usr/bin/ceph: stderr
2024-03-27T07:46:07.889+0000 7f60ee000700 1 --2- 172.21.15.193:0/3205316187 >> [v2:172.21.15.193:6800/2678163160,v1:172.21.15.193:6801/2678163160] conn(0x7f60dc0367e0 0x7f60dc038c90 unknown :-1 s=START_CONNECT pgs=0 cs=0 l=1 rev1=0 crypto rx=0 tx=0 comp rx=0 tx=0).stop
2024-03-27T07:46:09.591 INFO:teuthology.orchestra.run.smithi193.stdout:/usr/bin/ceph: stderr
2024-03-27T07:46:08.893+0000 7f60ee000700 1 -- 172.21.15.193:0/3205316187 <== mon.0 v2:172.21.15.193:3300/0 7 ==== mgrmap(e 7) v1 ==== 43262+0+0 (secure 0 0 0) 0x7f60e8010920 con 0x7f60f8077af0
2024-03-27T07:46:09.591 INFO:teuthology.orchestra.run.smithi193.stdout:/usr/bin/ceph: stderr
2024-03-27T07:46:08.893+0000 7f60ee000700 1 --2- 172.21.15.193:0/3205316187 >> [v2:172.21.15.193:6800/999131287,v1:172.21.15.193:6801/999131287] conn(0x7f60dc039fc0 0x7f60dc03c3a0 unknown :-1 s=NONE pgs=0 cs=0 l=1 rev1=0 crypto rx=0 tx=0 comp rx=0 tx=0).connect
2024-03-27T07:46:09.591 INFO:teuthology.orchestra.run.smithi193.stdout:/usr/bin/ceph: stderr
2024-03-27T07:46:08.893+0000 7f60ee000700 1 -- 172.21.15.193:0/3205316187 --> [v2:172.21.15.193:6800/999131287,v1:172.21.15.193:6801/999131287] -- command(tid 0: {"prefix": "get_command_descriptions"}) v1 -- 0x7f60dc0393a0 con 0x7f60dc039fc0
2024-03-27T07:46:09.591 INFO:teuthology.orchestra.run.smithi193.stdout:/usr/bin/ceph: stderr
2024-03-27T07:46:08.894+0000 7f60f5400700 1 --2- 172.21.15.193:0/3205316187 >> [v2:172.21.15.193:6800/999131287,v1:172.21.15.193:6801/999131287] conn(0x7f60dc039fc0 0x7f60dc03c3a0 unknown :-1 s=BANNER_CONNECTING pgs=0 cs=0 l=1 rev1=0 crypto rx=0 tx=0 comp rx=0 tx=0)._handle_peer_banner_payload supported=3 required=0
2024-03-27T07:46:09.591 INFO:teuthology.orchestra.run.smithi193.stdout:/usr/bin/ceph: stderr
2024-03-27T07:46:08.896+0000 7f60f5400700 1 --2- 172.21.15.193:0/3205316187 >> [v2:172.21.15.193:6800/999131287,v1:172.21.15.193:6801/999131287] conn(0x7f60dc039fc0 0x7f60dc03c3a0 secure :-1 s=READY pgs=1 cs=0 l=1 rev1=1 crypto rx=0x7f60e40039d0 tx=0x7f60e4009350 comp rx=0 tx=0).ready entity=mgr.14120 client_cookie=0 server_cookie=0 in_seq=0 out_seq=0
2024-03-27T07:46:09.591 INFO:teuthology.orchestra.run.smithi193.stdout:/usr/bin/ceph: stderr
2024-03-27T07:46:08.898+0000 7f60ee000700 1 -- 172.21.15.193:0/3205316187 <== mgr.14120 v2:172.21.15.193:6800/999131287 1 ==== command_reply(tid 0: 0 ) v1 ==== 8+0+6549 (secure 0 0 0) 0x7f60dc0393a0 con 0x7f60dc039fc0
2024-03-27T07:46:09.592 INFO:teuthology.orchestra.run.smithi193.stdout:/usr/bin/ceph: stderr
2024-03-27T07:46:08.905+0000 7f60e3400700 1 -- 172.21.15.193:0/3205316187 --> [v2:172.21.15.193:6800/999131287,v1:172.21.15.193:6801/999131287] -- command(tid 1: {"prefix": "mgr_status"}) v1 -- 0x7f60d00025c0 con 0x7f60dc039fc0
2024-03-27T07:46:09.592 INFO:teuthology.orchestra.run.smithi193.stdout:/usr/bin/ceph: stderr
2024-03-27T07:46:08.905+0000 7f60ee000700 1 -- 172.21.15.193:0/3205316187 <== mgr.14120 v2:172.21.15.193:6800/999131287 2 ==== command_reply(tid 1: 0 ) v1 ==== 8+0+51 (secure 0 0 0) 0x7f60d00025c0 con 0x7f60dc039fc0
2024-03-27T07:46:09.592 INFO:teuthology.orchestra.run.smithi193.stdout:/usr/bin/ceph: stderr
2024-03-27T07:46:08.906+0000 7f60e3400700 1 -- 172.21.15.193:0/3205316187 >> [v2:172.21.15.193:6800/999131287,v1:172.21.15.193:6801/999131287] conn(0x7f60dc039fc0 msgr2=0x7f60dc03c3a0 secure :-1 s=STATE_CONNECTION_ESTABLISHED l=1).mark_down
2024-03-27T07:46:09.592 INFO:teuthology.orchestra.run.smithi193.stdout:/usr/bin/ceph: stderr
2024-03-27T07:46:08.906+0000 7f60e3400700 1 --2- 172.21.15.193:0/3205316187 >> [v2:172.21.15.193:6800/999131287,v1:172.21.15.193:6801/999131287] conn(0x7f60dc039fc0 0x7f60dc03c3a0 secure :-1 s=READY pgs=1 cs=0 l=1 rev1=1 crypto rx=0x7f60e40039d0 tx=0x7f60e4009350 comp rx=0 tx=0).stop
2024-03-27T07:46:09.592 INFO:teuthology.orchestra.run.smithi193.stdout:/usr/bin/ceph: stderr
2024-03-27T07:46:08.906+0000 7f60e3400700 1 -- 172.21.15.193:0/3205316187 >> [v2:172.21.15.193:3300/0,v1:172.21.15.193:6789/0] conn(0x7f60f8077af0 msgr2=0x7f60f8113950 secure :-1 s=STATE_CONNECTION_ESTABLISHED l=1).mark_down
2024-03-27T07:46:09.592 INFO:teuthology.orchestra.run.smithi193.stdout:/usr/bin/ceph: stderr
2024-03-27T07:46:08.906+0000 7f60e3400700 1 --2- 172.21.15.193:0/3205316187 >> [v2:172.21.15.193:3300/0,v1:172.21.15.193:6789/0] conn(0x7f60f8077af0 0x7f60f8113950 secure :-1 s=READY pgs=29 cs=0 l=1 rev1=1 crypto rx=0x7f60e8011bd0 tx=0x7f60e8009250 comp rx=0 tx=0).stop
2024-03-27T07:46:09.592 INFO:teuthology.orchestra.run.smithi193.stdout:/usr/bin/ceph: stderr
2024-03-27T07:46:08.906+0000 7f60e3400700 1 -- 172.21.15.193:0/3205316187 shutdown_connections
2024-03-27T07:46:09.592 INFO:teuthology.orchestra.run.smithi193.stdout:/usr/bin/ceph: stderr
2024-03-27T07:46:08.906+0000 7f60e3400700 1 --2- 172.21.15.193:0/3205316187 >> [v2:172.21.15.193:6800/999131287,v1:172.21.15.193:6801/999131287] conn(0x7f60dc039fc0 0x7f60dc03c3a0 unknown :-1 s=CLOSED pgs=1 cs=0 l=1 rev1=1 crypto rx=0 tx=0 comp rx=0 tx=0).stop
2024-03-27T07:46:09.592 INFO:teuthology.orchestra.run.smithi193.stdout:/usr/bin/ceph: stderr
