2024-03-27T08:23:20.057+0000 7fe9be000700 1 -- 172.21.15.164:0/3768331654 <== mon.0 v2:172.21.15.164:3300/0 3 ==== mon_map magic: 0 ==== 205+0+0 (secure 0 0 0) 0x7fe9b0011b10 con 0x7fe9c0108bb0
2024-03-27T08:23:21.177 INFO:teuthology.orchestra.run.smithi164.stdout:/usr/bin/ceph: stderr
2024-03-27T08:23:20.058+0000 7fe9c6800700 1 -- 172.21.15.164:0/3768331654 >> [v2:172.21.15.164:3300/0,v1:172.21.15.164:6789/0] conn(0x7fe9c0108bb0 msgr2=0x7fe9c010afa0 secure :-1 s=STATE_CONNECTION_ESTABLISHED l=1).mark_down
2024-03-27T08:23:21.177 INFO:teuthology.orchestra.run.smithi164.stdout:/usr/bin/ceph: stderr
2024-03-27T08:23:20.058+0000 7fe9c6800700 1 --2- 172.21.15.164:0/3768331654 >> [v2:172.21.15.164:3300/0,v1:172.21.15.164:6789/0] conn(0x7fe9c0108bb0 0x7fe9c010afa0 secure :-1 s=READY pgs=70 cs=0 l=1 rev1=1 crypto rx=0x7fe9b00098a0 tx=0x7fe9b0009bb0 comp rx=0 tx=0).stop
2024-03-27T08:23:21.177 INFO:teuthology.orchestra.run.smithi164.stdout:/usr/bin/ceph: stderr
2024-03-27T08:23:20.058+0000 7fe9c6800700 1 -- 172.21.15.164:0/3768331654 shutdown_connections
2024-03-27T08:23:21.177 INFO:teuthology.orchestra.run.smithi164.stdout:/usr/bin/ceph: stderr
2024-03-27T08:23:20.058+0000 7fe9c6800700 1 --2- 172.21.15.164:0/3768331654 >> [v2:172.21.15.164:3300/0,v1:172.21.15.164:6789/0] conn(0x7fe9c0108bb0 0x7fe9c010afa0 unknown :-1 s=CLOSED pgs=70 cs=0 l=1 rev1=1 crypto rx=0 tx=0 comp rx=0 tx=0).stop
2024-03-27T08:23:21.177 INFO:teuthology.orchestra.run.smithi164.stdout:/usr/bin/ceph: stderr
2024-03-27T08:23:20.058+0000 7fe9c6800700 1 -- 172.21.15.164:0/3768331654 >> 172.21.15.164:0/3768331654 conn(0x7fe9c0102620 msgr2=0x7fe9c0104a40 unknown :-1 s=STATE_NONE l=0).mark_down
2024-03-27T08:23:21.177 INFO:teuthology.orchestra.run.smithi164.stdout:/usr/bin/ceph: stderr
2024-03-27T08:23:20.058+0000 7fe9c6800700 1 -- 172.21.15.164:0/3768331654 shutdown_connections
2024-03-27T08:23:21.177 INFO:teuthology.orchestra.run.smithi164.stdout:/usr/bin/ceph: stderr
2024-03-27T08:23:20.058+0000 7fe9c6800700 1 -- 172.21.15.164:0/3768331654 wait complete.
2024-03-27T08:23:21.177 INFO:teuthology.orchestra.run.smithi164.stdout:/usr/bin/ceph: stderr
2024-03-27T08:23:20.059+0000 7fe9c6800700 1 Processor -- start
2024-03-27T08:23:21.178 INFO:teuthology.orchestra.run.smithi164.stdout:/usr/bin/ceph: stderr
2024-03-27T08:23:20.059+0000 7fe9c6800700 1 -- start start
2024-03-27T08:23:21.178 INFO:teuthology.orchestra.run.smithi164.stdout:/usr/bin/ceph: stderr
2024-03-27T08:23:20.059+0000 7fe9c6800700 1 --2- >> [v2:172.21.15.164:3300/0,v1:172.21.15.164:6789/0] conn(0x7fe9c0108bb0 0x7fe9c019c0f0 unknown :-1 s=NONE pgs=0 cs=0 l=1 rev1=0 crypto rx=0 tx=0 comp rx=0 tx=0).connect
2024-03-27T08:23:21.178 INFO:teuthology.orchestra.run.smithi164.stdout:/usr/bin/ceph: stderr
2024-03-27T08:23:20.059+0000 7fe9c6800700 1 -- --> [v2:172.21.15.164:3300/0,v1:172.21.15.164:6789/0] -- mon_getmap magic: 0 -- 0x7fe9c010c550 con 0x7fe9c0108bb0
2024-03-27T08:23:21.178 INFO:teuthology.orchestra.run.smithi164.stdout:/usr/bin/ceph: stderr
2024-03-27T08:23:20.060+0000 7fe9bf400700 1 --2- >> [v2:172.21.15.164:3300/0,v1:172.21.15.164:6789/0] conn(0x7fe9c0108bb0 0x7fe9c019c0f0 unknown :-1 s=BANNER_CONNECTING pgs=0 cs=0 l=1 rev1=0 crypto rx=0 tx=0 comp rx=0 tx=0)._handle_peer_banner_payload supported=3 required=0
2024-03-27T08:23:21.178 INFO:teuthology.orchestra.run.smithi164.stdout:/usr/bin/ceph: stderr
2024-03-27T08:23:20.060+0000 7fe9bf400700 1 --2- >> [v2:172.21.15.164:3300/0,v1:172.21.15.164:6789/0] conn(0x7fe9c0108bb0 0x7fe9c019c0f0 unknown :-1 s=HELLO_CONNECTING pgs=0 cs=0 l=1 rev1=1 crypto rx=0 tx=0 comp rx=0 tx=0).handle_hello peer v2:172.21.15.164:3300/0 says I am v2:172.21.15.164:54272/0 (socket says 172.21.15.164:54272)
2024-03-27T08:23:21.178 INFO:teuthology.orchestra.run.smithi164.stdout:/usr/bin/ceph: stderr
2024-03-27T08:23:20.060+0000 7fe9bf400700 1 -- 172.21.15.164:0/529900026 learned_addr learned my addr 172.21.15.164:0/529900026 (peer_addr_for_me v2:172.21.15.164:0/0)
2024-03-27T08:23:21.178 INFO:teuthology.orchestra.run.smithi164.stdout:/usr/bin/ceph: stderr
2024-03-27T08:23:20.060+0000 7fe9bf400700 1 -- 172.21.15.164:0/529900026 --> [v2:172.21.15.164:3300/0,v1:172.21.15.164:6789/0] -- mon_subscribe({config=0+,monmap=0+}) -- 0x7fe9c019c630 con 0x7fe9c0108bb0
2024-03-27T08:23:21.178 INFO:teuthology.orchestra.run.smithi164.stdout:/usr/bin/ceph: stderr
2024-03-27T08:23:20.061+0000 7fe9bf400700 1 --2- 172.21.15.164:0/529900026 >> [v2:172.21.15.164:3300/0,v1:172.21.15.164:6789/0] conn(0x7fe9c0108bb0 0x7fe9c019c0f0 secure :-1 s=READY pgs=71 cs=0 l=1 rev1=1 crypto rx=0x7fe9b0011670 tx=0x7fe9b0011bd0 comp rx=0 tx=0).ready entity=mon.0 client_cookie=0 server_cookie=0 in_seq=0 out_seq=0
2024-03-27T08:23:21.178 INFO:teuthology.orchestra.run.smithi164.stdout:/usr/bin/ceph: stderr
2024-03-27T08:23:20.061+0000 7fe9b7e00700 1 -- 172.21.15.164:0/529900026 <== mon.0 v2:172.21.15.164:3300/0 1 ==== mon_map magic: 0 ==== 205+0+0 (secure 0 0 0) 0x7fe9b0003930 con 0x7fe9c0108bb0
2024-03-27T08:23:21.178 INFO:teuthology.orchestra.run.smithi164.stdout:/usr/bin/ceph: stderr
2024-03-27T08:23:20.061+0000 7fe9b7e00700 1 -- 172.21.15.164:0/529900026 <== mon.0 v2:172.21.15.164:3300/0 2 ==== config(27 keys) ==== 1136+0+0 (secure 0 0 0) 0x7fe9b0003ad0 con 0x7fe9c0108bb0
2024-03-27T08:23:21.178 INFO:teuthology.orchestra.run.smithi164.stdout:/usr/bin/ceph: stderr
2024-03-27T08:23:20.061+0000 7fe9c6800700 1 -- 172.21.15.164:0/529900026 --> [v2:172.21.15.164:3300/0,v1:172.21.15.164:6789/0] -- mon_subscribe({mgrmap=0+}) -- 0x7fe9c019c8c0 con 0x7fe9c0108bb0
2024-03-27T08:23:21.178 INFO:teuthology.orchestra.run.smithi164.stdout:/usr/bin/ceph: stderr
2024-03-27T08:23:20.061+0000 7fe9b7e00700 1 -- 172.21.15.164:0/529900026 <== mon.0 v2:172.21.15.164:3300/0 3 ==== mon_map magic: 0 ==== 205+0+0 (secure 0 0 0) 0x7fe9b0019550 con 0x7fe9c0108bb0
2024-03-27T08:23:21.179 INFO:teuthology.orchestra.run.smithi164.stdout:/usr/bin/ceph: stderr
2024-03-27T08:23:20.061+0000 7fe9c6800700 1 -- 172.21.15.164:0/529900026 --> [v2:172.21.15.164:3300/0,v1:172.21.15.164:6789/0] -- mon_subscribe({osdmap=0}) -- 0x7fe9c019f5b0 con 0x7fe9c0108bb0
2024-03-27T08:23:21.179 INFO:teuthology.orchestra.run.smithi164.stdout:/usr/bin/ceph: stderr
2024-03-27T08:23:20.062+0000 7fe9c6800700 1 -- 172.21.15.164:0/529900026 --> [v2:172.21.15.164:3300/0,v1:172.21.15.164:6789/0] -- mon_command({"prefix": "get_command_descriptions"} v 0) -- 0x7fe9c0063c70 con 0x7fe9c0108bb0
2024-03-27T08:23:21.179 INFO:teuthology.orchestra.run.smithi164.stdout:/usr/bin/ceph: stderr
2024-03-27T08:23:20.062+0000 7fe9b7e00700 1 -- 172.21.15.164:0/529900026 <== mon.0 v2:172.21.15.164:3300/0 4 ==== mgrmap(e 12) ==== 46479+0+0 (secure 0 0 0) 0x7fe9b001a430 con 0x7fe9c0108bb0
2024-03-27T08:23:21.179 INFO:teuthology.orchestra.run.smithi164.stdout:/usr/bin/ceph: stderr
2024-03-27T08:23:20.063+0000 7fe9b7e00700 1 --2- 172.21.15.164:0/529900026 >> [v2:172.21.15.164:6800/2033158356,v1:172.21.15.164:6801/2033158356] conn(0x7fe9a4039430 0x7fe9a403b8f0 unknown :-1 s=NONE pgs=0 cs=0 l=1 rev1=0 crypto rx=0 tx=0 comp rx=0 tx=0).connect
2024-03-27T08:23:21.179 INFO:teuthology.orchestra.run.smithi164.stdout:/usr/bin/ceph: stderr
2024-03-27T08:23:20.063+0000 7fe9b7e00700 1 -- 172.21.15.164:0/529900026 <== mon.0 v2:172.21.15.164:3300/0 5 ==== osd_map(3..3 src has 1..3) ==== 1155+0+0 (secure 0 0 0) 0x7fe9b004d9d0 con 0x7fe9c0108bb0
2024-03-27T08:23:21.179 INFO:teuthology.orchestra.run.smithi164.stdout:/usr/bin/ceph: stderr
2024-03-27T08:23:20.063+0000 7fe9bea00700 1 --2- 172.21.15.164:0/529900026 >> [v2:172.21.15.164:6800/2033158356,v1:172.21.15.164:6801/2033158356] conn(0x7fe9a4039430 0x7fe9a403b8f0 unknown :-1 s=BANNER_CONNECTING pgs=0 cs=0 l=1 rev1=0 crypto rx=0 tx=0 comp rx=0 tx=0)._handle_peer_banner_payload supported=3 required=0
2024-03-27T08:23:21.179 INFO:teuthology.orchestra.run.smithi164.stdout:/usr/bin/ceph: stderr
2024-03-27T08:23:20.064+0000 7fe9bea00700 1 --2- 172.21.15.164:0/529900026 >> [v2:172.21.15.164:6800/2033158356,v1:172.21.15.164:6801/2033158356] conn(0x7fe9a4039430 0x7fe9a403b8f0 secure :-1 s=READY pgs=7 cs=0 l=1 rev1=1 crypto rx=0x7fe9ac006fd0 tx=0x7fe9ac006e40 comp rx=0 tx=0).ready entity=mgr.14152 client_cookie=0 server_cookie=0 in_seq=0 out_seq=0
2024-03-27T08:23:21.179 INFO:teuthology.orchestra.run.smithi164.stdout:/usr/bin/ceph: stderr
2024-03-27T08:23:20.069+0000 7fe9b7e00700 1 -- 172.21.15.164:0/529900026 <== mon.0 v2:172.21.15.164:3300/0 6 ==== mon_command_ack([{"prefix": "get_command_descriptions"}]=0 v0) ==== 72+0+187541 (secure 0 0 0) 0x7fe9b001a720 con 0x7fe9c0108bb0
2024-03-27T08:23:21.179 INFO:teuthology.orchestra.run.smithi164.stdout:/usr/bin/ceph: stderr
2024-03-27T08:23:20.314+0000 7fe9c6800700 1 -- 172.21.15.164:0/529900026 --> [v2:172.21.15.164:6800/2033158356,v1:172.21.15.164:6801/2033158356] -- mgr_command(tid 0: {"prefix": "dashboard create-self-signed-cert", "target": ["mon-mgr", ""]}) -- 0x7fe9c0103870 con 0x7fe9a4039430
2024-03-27T08:23:21.179 INFO:teuthology.orchestra.run.smithi164.stdout:/usr/bin/ceph: stderr
2024-03-27T08:23:20.435+0000 7fe9b7e00700 1 -- 172.21.15.164:0/529900026 <== mgr.14152 v2:172.21.15.164:6800/2033158356 1 ==== mgr_command_reply(tid 0: 0 ) ==== 8+0+32 (secure 0 0 0) 0x7fe9c0103870 con 0x7fe9a4039430
2024-03-27T08:23:21.179 INFO:teuthology.orchestra.run.smithi164.stdout:/usr/bin/ceph: stderr
2024-03-27T08:23:20.438+0000 7fe9c6800700 1 -- 172.21.15.164:0/529900026 >> [v2:172.21.15.164:6800/2033158356,v1:172.21.15.164:6801/2033158356] conn(0x7fe9a4039430 msgr2=0x7fe9a403b8f0 secure :-1 s=STATE_CONNECTION_ESTABLISHED l=1).mark_down
2024-03-27T08:23:21.179 INFO:teuthology.orchestra.run.smithi164.stdout:/usr/bin/ceph: stderr
2024-03-27T08:23:20.438+0000 7fe9c6800700 1 --2- 172.21.15.164:0/529900026 >> [v2:172.21.15.164:6800/2033158356,v1:172.21.15.164:6801/2033158356] conn(0x7fe9a4039430 0x7fe9a403b8f0 secure :-1 s=READY pgs=7 cs=0 l=1 rev1=1 crypto rx=0x7fe9ac006fd0 tx=0x7fe9ac006e40 comp rx=0 tx=0).stop
2024-03-27T08:23:21.179 INFO:teuthology.orchestra.run.smithi164.stdout:/usr/bin/ceph: stderr
2024-03-27T08:23:20.438+0000 7fe9c6800700 1 -- 172.21.15.164:0/529900026 >> [v2:172.21.15.164:3300/0,v1:172.21.15.164:6789/0] conn(0x7fe9c0108bb0 msgr2=0x7fe9c019c0f0 secure :-1 s=STATE_CONNECTION_ESTABLISHED l=1).mark_down
2024-03-27T08:23:21.180 INFO:teuthology.orchestra.run.smithi164.stdout:/usr/bin/ceph: stderr
2024-03-27T08:23:20.438+0000 7fe9c6800700 1 --2- 172.21.15.164:0/529900026 >> [v2:172.21.15.164:3300/0,v1:172.21.15.164:6789/0] conn(0x7fe9c0108bb0 0x7fe9c019c0f0 secure :-1 s=READY pgs=71 cs=0 l=1 rev1=1 crypto rx=0x7fe9b0011670 tx=0x7fe9b0011bd0 comp rx=0 tx=0).stop
2024-03-27T08:23:21.180 INFO:teuthology.orchestra.run.smithi164.stdout:/usr/bin/ceph: stderr
2024-03-27T08:23:20.438+0000 7fe9c6800700 1 -- 172.21.15.164:0/529900026 shutdown_connections
2024-03-27T08:23:21.180 INFO:teuthology.orchestra.run.smithi164.stdout:/usr/bin/ceph: stderr
2024-03-27T08:23:20.438+0000 7fe9c6800700 1 --2- 172.21.15.164:0/529900026 >> [v2:172.21.15.164:6800/2033158356,v1:172.21.15.164:6801/2033158356] conn(0x7fe9a4039430 0x7fe9a403b8f0 unknown :-1 s=CLOSED pgs=7 cs=0 l=1 rev1=1 crypto rx=0 tx=0 comp rx=0 tx=0).stop
2024-03-27T08:23:21.180 INFO:teuthology.orchestra.run.smithi164.stdout:/usr/bin/ceph: stderr
2024-03-27T08:23:20.438+0000 7fe9c6800700 1 --2- 172.21.15.164:0/529900026 >> [v2:172.21.15.164:3300/0,v1:172.21.15.164:6789/0] conn(0x7fe9c0108bb0 0x7fe9c019c0f0 unknown :-1 s=CLOSED pgs=71 cs=0 l=1 rev1=1 crypto rx=0 tx=0 comp rx=0 tx=0).stop
2024-03-27T08:23:21.180 INFO:teuthology.orchestra.run.smithi164.stdout:/usr/bin/ceph: stderr
2024-03-27T08:23:20.438+0000 7fe9c6800700 1 -- 172.21.15.164:0/529900026 >> 172.21.15.164:0/529900026 conn(0x7fe9c0102620 msgr2=0x7fe9c0103160 unknown :-1 s=STATE_NONE l=0).mark_down
2024-03-27T08:23:21.180 INFO:teuthology.orchestra.run.smithi164.stdout:/usr/bin/ceph: stderr
2024-03-27T08:23:20.439+0000 7fe9c6800700 1 -- 172.21.15.164:0/529900026 shutdown_connections
2024-03-27T08:23:21.180 INFO:teuthology.orchestra.run.smithi164.stdout:/usr/bin/ceph: stderr
2024-03-27T08:23:20.439+0000 7fe9c6800700 1 -- 172.21.15.164:0/529900026 wait complete.
2024-03-27T08:23:21.180 INFO:teuthology.orchestra.run.smithi164.stdout:Creating initial admin user...
2024-03-27T08:23:21.678 INFO:journalctl@ceph.mon.a.smithi164.stdout:Mar 27 08:23:21 smithi164 ceph-mon[31788]: from='client.14164 -' entity='client.admin' cmd=[{"prefix": "dashboard create-self-signed-cert", "target": ["mon-mgr", ""]}]: dispatch
2024-03-27T08:23:21.678 INFO:journalctl@ceph.mon.a.smithi164.stdout:Mar 27 08:23:21 smithi164 ceph-mon[31788]: from='mgr.14152 172.21.15.164:0/950928515' entity='mgr.x'
2024-03-27T08:23:21.678 INFO:journalctl@ceph.mon.a.smithi164.stdout:Mar 27 08:23:21 smithi164 ceph-mon[31788]: from='mgr.14152 172.21.15.164:0/950928515' entity='mgr.x'
2024-03-27T08:23:22.957 INFO:teuthology.orchestra.run.smithi164.stdout:/usr/bin/ceph: stdout {"username": "admin", "password": "$2b$12$VES2it/cywwMyXLDKQf3FOAOL.tsHEk/RrkFbyQLss5IGciMTxftW", "roles": ["administrator"], "name": null, "email": null, "lastUpdate": 1711527802, "enabled": true, "pwdExpirationDate": null, "pwdUpdateRequired": true}
2024-03-27T08:23:22.957 INFO:teuthology.orchestra.run.smithi164.stdout:/usr/bin/ceph: stderr
2024-03-27T08:23:21.756+0000 7f48d7c00700 1 Processor -- start
2024-03-27T08:23:22.958 INFO:teuthology.orchestra.run.smithi164.stdout:/usr/bin/ceph: stderr
2024-03-27T08:23:21.756+0000 7f48d7c00700 1 -- start start
2024-03-27T08:23:22.958 INFO:teuthology.orchestra.run.smithi164.stdout:/usr/bin/ceph: stderr
2024-03-27T08:23:21.756+0000 7f48d7c00700 1 --2- >> [v2:172.21.15.164:3300/0,v1:172.21.15.164:6789/0] conn(0x7f48d01064a0 0x7f48d01068c0 unknown :-1 s=NONE pgs=0 cs=0 l=0 rev1=0 crypto rx=0 tx=0 comp rx=0 tx=0).connect
2024-03-27T08:23:22.958 INFO:teuthology.orchestra.run.smithi164.stdout:/usr/bin/ceph: stderr
2024-03-27T08:23:21.756+0000 7f48d7c00700 1 -- --> [v2:172.21.15.164:3300/0,v1:172.21.15.164:6789/0] -- mon_getmap magic: 0 -- 0x7f48d0106e90 con 0x7f48d01064a0
2024-03-27T08:23:22.958 INFO:teuthology.orchestra.run.smithi164.stdout:/usr/bin/ceph: stderr
2024-03-27T08:23:21.757+0000 7f48d5200700 1 --2- >> [v2:172.21.15.164:3300/0,v1:172.21.15.164:6789/0] conn(0x7f48d01064a0 0x7f48d01068c0 unknown :-1 s=BANNER_CONNECTING pgs=0 cs=0 l=0 rev1=0 crypto rx=0 tx=0 comp rx=0 tx=0)._handle_peer_banner_payload supported=3 required=0
2024-03-27T08:23:22.958 INFO:teuthology.orchestra.run.smithi164.stdout:/usr/bin/ceph: stderr
2024-03-27T08:23:21.757+0000 7f48d5200700 1 --2- >> [v2:172.21.15.164:3300/0,v1:172.21.15.164:6789/0] conn(0x7f48d01064a0 0x7f48d01068c0 unknown :-1 s=HELLO_CONNECTING pgs=0 cs=0 l=0 rev1=1 crypto rx=0 tx=0 comp rx=0 tx=0).handle_hello peer v2:172.21.15.164:3300/0 says I am v2:172.21.15.164:54282/0 (socket says 172.21.15.164:54282)
2024-03-27T08:23:22.958 INFO:teuthology.orchestra.run.smithi164.stdout:/usr/bin/ceph: stderr
2024-03-27T08:23:21.757+0000 7f48d5200700 1 -- 172.21.15.164:0/2596282989 learned_addr learned my addr 172.21.15.164:0/2596282989 (peer_addr_for_me v2:172.21.15.164:0/0)
2024-03-27T08:23:22.958 INFO:teuthology.orchestra.run.smithi164.stdout:/usr/bin/ceph: stderr
2024-03-27T08:23:21.757+0000 7f48d5200700 1 -- 172.21.15.164:0/2596282989 --> [v2:172.21.15.164:3300/0,v1:172.21.15.164:6789/0] -- mon_subscribe({config=0+,monmap=0+}) -- 0x7f48d0109430 con 0x7f48d01064a0
2024-03-27T08:23:22.963 INFO:teuthology.orchestra.run.smithi164.stdout:/usr/bin/ceph: stderr
2024-03-27T08:23:21.758+0000 7f48d5200700 1 --2- 172.21.15.164:0/2596282989 >> [v2:172.21.15.164:3300/0,v1:172.21.15.164:6789/0] conn(0x7f48d01064a0 0x7f48d01068c0 secure :-1 s=READY pgs=72 cs=0 l=1 rev1=1 crypto rx=0x7f48c40098a0 tx=0x7f48c4009bb0 comp rx=0 tx=0).ready entity=mon.0 client_cookie=17d81b327a659ec server_cookie=0 in_seq=0 out_seq=0
2024-03-27T08:23:22.963 INFO:teuthology.orchestra.run.smithi164.stdout:/usr/bin/ceph: stderr
2024-03-27T08:23:21.758+0000 7f48cf400700 1 -- 172.21.15.164:0/2596282989 <== mon.0 v2:172.21.15.164:3300/0 1 ==== mon_map magic: 0 ==== 205+0+0 (secure 0 0 0) 0x7f48c4004160 con 0x7f48d01064a0
2024-03-27T08:23:22.963 INFO:teuthology.orchestra.run.smithi164.stdout:/usr/bin/ceph: stderr
2024-03-27T08:23:21.758+0000 7f48cf400700 1 -- 172.21.15.164:0/2596282989 <== mon.0 v2:172.21.15.164:3300/0 2 ==== config(27 keys) ==== 1136+0+0 (secure 0 0 0) 0x7f48c4004300 con 0x7f48d01064a0
2024-03-27T08:23:22.963 INFO:teuthology.orchestra.run.smithi164.stdout:/usr/bin/ceph: stderr
2024-03-27T08:23:21.758+0000 7f48cf400700 1 -- 172.21.15.164:0/2596282989 <== mon.0 v2:172.21.15.164:3300/0 3 ==== mon_map magic: 0 ==== 205+0+0 (secure 0 0 0) 0x7f48c4011b10 con 0x7f48d01064a0
2024-03-27T08:23:22.963 INFO:teuthology.orchestra.run.smithi164.stdout:/usr/bin/ceph: stderr
2024-03-27T08:23:21.759+0000 7f48d7c00700 1 -- 172.21.15.164:0/2596282989 >> [v2:172.21.15.164:3300/0,v1:172.21.15.164:6789/0] conn(0x7f48d01064a0 msgr2=0x7f48d01068c0 secure :-1 s=STATE_CONNECTION_ESTABLISHED l=1).mark_down
2024-03-27T08:23:22.964 INFO:teuthology.orchestra.run.smithi164.stdout:/usr/bin/ceph: stderr
2024-03-27T08:23:21.759+0000 7f48d7c00700 1 --2- 172.21.15.164:0/2596282989 >> [v2:172.21.15.164:3300/0,v1:172.21.15.164:6789/0] conn(0x7f48d01064a0 0x7f48d01068c0 secure :-1 s=READY pgs=72 cs=0 l=1 rev1=1 crypto rx=0x7f48c40098a0 tx=0x7f48c4009bb0 comp rx=0 tx=0).stop
2024-03-27T08:23:22.964 INFO:teuthology.orchestra.run.smithi164.stdout:/usr/bin/ceph: stderr
2024-03-27T08:23:21.759+0000 7f48d7c00700 1 -- 172.21.15.164:0/2596282989 shutdown_connections
2024-03-27T08:23:22.964 INFO:teuthology.orchestra.run.smithi164.stdout:/usr/bin/ceph: stderr
2024-03-27T08:23:21.759+0000 7f48d7c00700 1 --2- 172.21.15.164:0/2596282989 >> [v2:172.21.15.164:3300/0,v1:172.21.15.164:6789/0] conn(0x7f48d01064a0 0x7f48d01068c0 unknown :-1 s=CLOSED pgs=72 cs=0 l=1 rev1=1 crypto rx=0 tx=0 comp rx=0 tx=0).stop
2024-03-27T08:23:22.964 INFO:teuthology.orchestra.run.smithi164.stdout:/usr/bin/ceph: stderr
2024-03-27T08:23:21.759+0000 7f48d7c00700 1 -- 172.21.15.164:0/2596282989 >> 172.21.15.164:0/2596282989 conn(0x7f48d0101e50 msgr2=0x7f48d0104270 unknown :-1 s=STATE_NONE l=0).mark_down
2024-03-27T08:23:22.964 INFO:teuthology.orchestra.run.smithi164.stdout:/usr/bin/ceph: stderr
2024-03-27T08:23:21.759+0000 7f48d7c00700 1 -- 172.21.15.164:0/2596282989 shutdown_connections
2024-03-27T08:23:22.964 INFO:teuthology.orchestra.run.smithi164.stdout:/usr/bin/ceph: stderr
2024-03-27T08:23:21.759+0000 7f48d7c00700 1 -- 172.21.15.164:0/2596282989 wait complete.
2024-03-27T08:23:22.964 INFO:teuthology.orchestra.run.smithi164.stdout:/usr/bin/ceph: stderr
2024-03-27T08:23:21.760+0000 7f48d7c00700 1 Processor -- start
2024-03-27T08:23:22.964 INFO:teuthology.orchestra.run.smithi164.stdout:/usr/bin/ceph: stderr
2024-03-27T08:23:21.760+0000 7f48d7c00700 1 -- start start
2024-03-27T08:23:22.964 INFO:teuthology.orchestra.run.smithi164.stdout:/usr/bin/ceph: stderr
2024-03-27T08:23:21.760+0000 7f48d7c00700 1 --2- >> [v2:172.21.15.164:3300/0,v1:172.21.15.164:6789/0] conn(0x7f48d01064a0 0x7f48d019c170 unknown :-1 s=NONE pgs=0 cs=0 l=1 rev1=0 crypto rx=0 tx=0 comp rx=0 tx=0).connect
2024-03-27T08:23:22.964 INFO:teuthology.orchestra.run.smithi164.stdout:/usr/bin/ceph: stderr
2024-03-27T08:23:21.761+0000 7f48d7c00700 1 -- --> [v2:172.21.15.164:3300/0,v1:172.21.15.164:6789/0] -- mon_getmap magic: 0 -- 0x7f48d010c7e0 con 0x7f48d01064a0
2024-03-27T08:23:22.964 INFO:teuthology.orchestra.run.smithi164.stdout:/usr/bin/ceph: stderr
2024-03-27T08:23:21.761+0000 7f48d5200700 1 --2- >> [v2:172.21.15.164:3300/0,v1:172.21.15.164:6789/0] conn(0x7f48d01064a0 0x7f48d019c170 unknown :-1 s=BANNER_CONNECTING pgs=0 cs=0 l=1 rev1=0 crypto rx=0 tx=0 comp rx=0 tx=0)._handle_peer_banner_payload supported=3 required=0
2024-03-27T08:23:22.965 INFO:teuthology.orchestra.run.smithi164.stdout:/usr/bin/ceph: stderr
2024-03-27T08:23:21.761+0000 7f48d5200700 1 --2- >> [v2:172.21.15.164:3300/0,v1:172.21.15.164:6789/0] conn(0x7f48d01064a0 0x7f48d019c170 unknown :-1 s=HELLO_CONNECTING pgs=0 cs=0 l=1 rev1=1 crypto rx=0 tx=0 comp rx=0 tx=0).handle_hello peer v2:172.21.15.164:3300/0 says I am v2:172.21.15.164:54284/0 (socket says 172.21.15.164:54284)
2024-03-27T08:23:22.965 INFO:teuthology.orchestra.run.smithi164.stdout:/usr/bin/ceph: stderr
2024-03-27T08:23:21.761+0000 7f48d5200700 1 -- 172.21.15.164:0/2461044057 learned_addr learned my addr 172.21.15.164:0/2461044057 (peer_addr_for_me v2:172.21.15.164:0/0)
2024-03-27T08:23:22.965 INFO:teuthology.orchestra.run.smithi164.stdout:/usr/bin/ceph: stderr
2024-03-27T08:23:21.761+0000 7f48d5200700 1 -- 172.21.15.164:0/2461044057 --> [v2:172.21.15.164:3300/0,v1:172.21.15.164:6789/0] -- mon_subscribe({config=0+,monmap=0+}) -- 0x7f48d019c6b0 con 0x7f48d01064a0
2024-03-27T08:23:22.965 INFO:teuthology.orchestra.run.smithi164.stdout:/usr/bin/ceph: stderr
2024-03-27T08:23:21.761+0000 7f48d5200700 1 --2- 172.21.15.164:0/2461044057 >> [v2:172.21.15.164:3300/0,v1:172.21.15.164:6789/0] conn(0x7f48d01064a0 0x7f48d019c170 secure :-1 s=READY pgs=73 cs=0 l=1 rev1=1 crypto rx=0x7f48c4006af0 tx=0x7f48c4011bd0 comp rx=0 tx=0).ready entity=mon.0 client_cookie=0 server_cookie=0 in_seq=0 out_seq=0
2024-03-27T08:23:22.965 INFO:teuthology.orchestra.run.smithi164.stdout:/usr/bin/ceph: stderr
2024-03-27T08:23:21.762+0000 7f48cd600700 1 -- 172.21.15.164:0/2461044057 <== mon.0 v2:172.21.15.164:3300/0 1 ==== mon_map magic: 0 ==== 205+0+0 (secure 0 0 0) 0x7f48c40038b0 con 0x7f48d01064a0
2024-03-27T08:23:22.965 INFO:teuthology.orchestra.run.smithi164.stdout:/usr/bin/ceph: stderr
2024-03-27T08:23:21.762+0000 7f48cd600700 1 -- 172.21.15.164:0/2461044057 <== mon.0 v2:172.21.15.164:3300/0 2 ==== config(27 keys) ==== 1136+0+0 (secure 0 0 0) 0x7f48c401a430 con 0x7f48d01064a0
2024-03-27T08:23:22.965 INFO:teuthology.orchestra.run.smithi164.stdout:/usr/bin/ceph: stderr
2024-03-27T08:23:21.762+0000 7f48cd600700 1 -- 172.21.15.164:0/2461044057 <== mon.0 v2:172.21.15.164:3300/0 3 ==== mon_map magic: 0 ==== 205+0+0 (secure 0 0 0) 0x7f48c4019530 con 0x7f48d01064a0
2024-03-27T08:23:22.965 INFO:teuthology.orchestra.run.smithi164.stdout:/usr/bin/ceph: stderr
2024-03-27T08:23:21.762+0000 7f48d7c00700 1 -- 172.21.15.164:0/2461044057 --> [v2:172.21.15.164:3300/0,v1:172.21.15.164:6789/0] -- mon_subscribe({mgrmap=0+}) -- 0x7f48d019c940 con 0x7f48d01064a0
2024-03-27T08:23:22.965 INFO:teuthology.orchestra.run.smithi164.stdout:/usr/bin/ceph: stderr
2024-03-27T08:23:21.762+0000 7f48d7c00700 1 -- 172.21.15.164:0/2461044057 --> [v2:172.21.15.164:3300/0,v1:172.21.15.164:6789/0] -- mon_subscribe({osdmap=0}) -- 0x7f48d019f630 con 0x7f48d01064a0
2024-03-27T08:23:22.965 INFO:teuthology.orchestra.run.smithi164.stdout:/usr/bin/ceph: stderr
2024-03-27T08:23:21.763+0000 7f48cd600700 1 -- 172.21.15.164:0/2461044057 <== mon.0 v2:172.21.15.164:3300/0 4 ==== mgrmap(e 12) ==== 46479+0+0 (secure 0 0 0) 0x7f48c401a9e0 con 0x7f48d01064a0
2024-03-27T08:23:22.965 INFO:teuthology.orchestra.run.smithi164.stdout:/usr/bin/ceph: stderr
2024-03-27T08:23:21.763+0000 7f48d7c00700 1 -- 172.21.15.164:0/2461044057 --> [v2:172.21.15.164:3300/0,v1:172.21.15.164:6789/0] -- mon_command({"prefix": "get_command_descriptions"} v 0) -- 0x7f48d0063c70 con 0x7f48d01064a0
2024-03-27T08:23:22.965 INFO:teuthology.orchestra.run.smithi164.stdout:/usr/bin/ceph: stderr
2024-03-27T08:23:21.764+0000 7f48cd600700 1 --2- 172.21.15.164:0/2461044057 >> [v2:172.21.15.164:6800/2033158356,v1:172.21.15.164:6801/2033158356] conn(0x7f48b8039430 0x7f48b803b8f0 unknown :-1 s=NONE pgs=0 cs=0 l=1 rev1=0 crypto rx=0 tx=0 comp rx=0 tx=0).connect
2024-03-27T08:23:22.965 INFO:teuthology.orchestra.run.smithi164.stdout:/usr/bin/ceph: stderr
2024-03-27T08:23:21.764+0000 7f48cd600700 1 -- 172.21.15.164:0/2461044057 <== mon.0 v2:172.21.15.164:3300/0 5 ==== osd_map(3..3 src has 1..3) ==== 1155+0+0 (secure 0 0 0) 0x7f48c404d970 con 0x7f48d01064a0
2024-03-27T08:23:22.966 INFO:teuthology.orchestra.run.smithi164.stdout:/usr/bin/ceph: stderr
2024-03-27T08:23:21.764+0000 7f48cfe00700 1 --2- 172.21.15.164:0/2461044057 >> [v2:172.21.15.164:6800/2033158356,v1:172.21.15.164:6801/2033158356] conn(0x7f48b8039430 0x7f48b803b8f0 unknown :-1 s=BANNER_CONNECTING pgs=0 cs=0 l=1 rev1=0 crypto rx=0 tx=0 comp rx=0 tx=0)._handle_peer_banner_payload supported=3 required=0
2024-03-27T08:23:22.966 INFO:teuthology.orchestra.run.smithi164.stdout:/usr/bin/ceph: stderr
2024-03-27T08:23:21.765+0000 7f48cfe00700 1 --2- 172.21.15.164:0/2461044057 >> [v2:172.21.15.164:6800/2033158356,v1:172.21.15.164:6801/2033158356] conn(0x7f48b8039430 0x7f48b803b8f0 secure :-1 s=READY pgs=8 cs=0 l=1 rev1=1 crypto rx=0x7f48bc006fd0 tx=0x7f48bc006e40 comp rx=0 tx=0).ready entity=mgr.14152 client_cookie=0 server_cookie=0 in_seq=0 out_seq=0
2024-03-27T08:23:22.966 INFO:teuthology.orchestra.run.smithi164.stdout:/usr/bin/ceph: stderr
2024-03-27T08:23:21.769+0000 7f48cd600700 1 -- 172.21.15.164:0/2461044057 <== mon.0 v2:172.21.15.164:3300/0 6 ==== mon_command_ack([{"prefix": "get_command_descriptions"}]=0 v0) ==== 72+0+187541 (secure 0 0 0) 0x7f48c401a690 con 0x7f48d01064a0
2024-03-27T08:23:22.966 INFO:teuthology.orchestra.run.smithi164.stdout:/usr/bin/ceph: stderr
2024-03-27T08:23:22.015+0000 7f48d7c00700 1 -- 172.21.15.164:0/2461044057 --> [v2:172.21.15.164:6800/2033158356,v1:172.21.15.164:6801/2033158356] -- mgr_command(tid 0: {"prefix": "dashboard ac-user-create", "username": "admin", "rolename": "administrator", "force_password": true, "pwd_update_required": true, "target": ["mon-mgr", ""]}) -- 0x7f48d019ce20 con 0x7f48b8039430
2024-03-27T08:23:22.966 INFO:teuthology.orchestra.run.smithi164.stdout:/usr/bin/ceph: stderr
2024-03-27T08:23:22.259+0000 7f48cd600700 1 -- 172.21.15.164:0/2461044057 <== mgr.14152 v2:172.21.15.164:6800/2033158356 1 ==== mgr_command_reply(tid 0: 0 ) ==== 8+0+252 (secure 0 0 0) 0x7f48d019ce20 con 0x7f48b8039430
2024-03-27T08:23:22.966 INFO:teuthology.orchestra.run.smithi164.stdout:/usr/bin/ceph: stderr
2024-03-27T08:23:22.261+0000 7f48d7c00700 1 -- 172.21.15.164:0/2461044057 >> [v2:172.21.15.164:6800/2033158356,v1:172.21.15.164:6801/2033158356] conn(0x7f48b8039430 msgr2=0x7f48b803b8f0 secure :-1 s=STATE_CONNECTION_ESTABLISHED l=1).mark_down
2024-03-27T08:23:22.966 INFO:teuthology.orchestra.run.smithi164.stdout:/usr/bin/ceph: stderr
2024-03-27T08:23:22.261+0000 7f48d7c00700 1 --2- 172.21.15.164:0/2461044057 >> [v2:172.21.15.164:6800/2033158356,v1:172.21.15.164:6801/2033158356] conn(0x7f48b8039430 0x7f48b803b8f0 secure :-1 s=READY pgs=8 cs=0 l=1 rev1=1 crypto rx=0x7f48bc006fd0 tx=0x7f48bc006e40 comp rx=0 tx=0).stop
2024-03-27T08:23:22.966 INFO:teuthology.orchestra.run.smithi164.stdout:/usr/bin/ceph: stderr
2024-03-27T08:23:22.261+0000 7f48d7c00700 1 -- 172.21.15.164:0/2461044057 >> [v2:172.21.15.164:3300/0,v1:172.21.15.164:6789/0] conn(0x7f48d01064a0 msgr2=0x7f48d019c170 secure :-1 s=STATE_CONNECTION_ESTABLISHED l=1).mark_down
2024-03-27T08:23:22.966 INFO:teuthology.orchestra.run.smithi164.stdout:/usr/bin/ceph: stderr
2024-03-27T08:23:22.261+0000 7f48d7c00700 1 --2- 172.21.15.164:0/2461044057 >> [v2:172.21.15.164:3300/0,v1:172.21.15.164:6789/0] conn(0x7f48d01064a0 0x7f48d019c170 secure :-1 s=READY pgs=73 cs=0 l=1 rev1=1 crypto rx=0x7f48c4006af0 tx=0x7f48c4011bd0 comp rx=0 tx=0).stop
2024-03-27T08:23:22.966 INFO:teuthology.orchestra.run.smithi164.stdout:/usr/bin/ceph: stderr
2024-03-27T08:23:22.262+0000 7f48d7c00700 1 -- 172.21.15.164:0/2461044057 shutdown_connections
2024-03-27T08:23:22.966 INFO:teuthology.orchestra.run.smithi164.stdout:/usr/bin/ceph: stderr
2024-03-27T08:23:22.262+0000 7f48d7c00700 1 --2- 172.21.15.164:0/2461044057 >> [v2:172.21.15.164:6800/2033158356,v1:172.21.15.164:6801/2033158356] conn(0x7f48b8039430 0x7f48b803b8f0 unknown :-1 s=CLOSED pgs=8 cs=0 l=1 rev1=1 crypto rx=0 tx=0 comp rx=0 tx=0).stop
2024-03-27T08:23:22.966 INFO:teuthology.orchestra.run.smithi164.stdout:/usr/bin/ceph: stderr
2024-03-27T08:23:22.262+0000 7f48d7c00700 1 --2- 172.21.15.164:0/2461044057 >> [v2:172.21.15.164:3300/0,v1:172.21.15.164:6789/0] conn(0x7f48d01064a0 0x7f48d019c170 unknown :-1 s=CLOSED pgs=73 cs=0 l=1 rev1=1 crypto rx=0 tx=0 comp rx=0 tx=0).stop
2024-03-27T08:23:22.967 INFO:teuthology.orchestra.run.smithi164.stdout:/usr/bin/ceph: stderr
2024-03-27T08:23:22.262+0000 7f48d7c00700 1 -- 172.21.15.164:0/2461044057 >> 172.21.15.164:0/2461044057 conn(0x7f48d0101e50 msgr2=0x7f48d01029c0 unknown :-1 s=STATE_NONE l=0).mark_down
2024-03-27T08:23:22.967 INFO:teuthology.orchestra.run.smithi164.stdout:/usr/bin/ceph: stderr
2024-03-27T08:23:22.262+0000 7f48d7c00700 1 -- 172.21.15.164:0/2461044057 shutdown_connections
2024-03-27T08:23:22.967 INFO:teuthology.orchestra.run.smithi164.stdout:/usr/bin/ceph: stderr
2024-03-27T08:23:22.262+0000 7f48d7c00700 1 -- 172.21.15.164:0/2461044057 wait complete.
2024-03-27T08:23:22.967 INFO:teuthology.orchestra.run.smithi164.stdout:Fetching dashboard port number...
2024-03-27T08:23:23.255 INFO:journalctl@ceph.mon.a.smithi164.stdout:Mar 27 08:23:23 smithi164 ceph-mon[31788]: from='client.14166 -' entity='client.admin' cmd=[{"prefix": "dashboard ac-user-create", "username": "admin", "rolename": "administrator", "force_password": true, "pwd_update_required": true, "target": ["mon-mgr", ""]}]: dispatch
2024-03-27T08:23:23.255 INFO:journalctl@ceph.mon.a.smithi164.stdout:Mar 27 08:23:23 smithi164 ceph-mon[31788]: from='mgr.14152 172.21.15.164:0/950928515' entity='mgr.x'
2024-03-27T08:23:23.255 INFO:journalctl@ceph.mon.a.smithi164.stdout:Mar 27 08:23:23 smithi164 ceph-mon[31788]: from='mgr.14152 172.21.15.164:0/950928515' entity='mgr.x'
2024-03-27T08:23:24.504 INFO:journalctl@ceph.mon.a.smithi164.stdout:Mar 27 08:23:24 smithi164 ceph-mon[31788]: from='client.? 172.21.15.164:0/1324666602' entity='client.admin' cmd=[{"prefix": "config get", "who": "mgr", "key": "mgr/dashboard/ssl_server_port"}]: dispatch
2024-03-27T08:23:24.892 INFO:teuthology.orchestra.run.smithi164.stdout:/usr/bin/ceph: stdout 8443
2024-03-27T08:23:24.893 INFO:teuthology.orchestra.run.smithi164.stdout:/usr/bin/ceph: stderr
2024-03-27T08:23:23.564+0000 7fbd56200700 1 Processor -- start
2024-03-27T08:23:24.893 INFO:teuthology.orchestra.run.smithi164.stdout:/usr/bin/ceph: stderr
2024-03-27T08:23:23.564+0000 7fbd56200700 1 -- start start
2024-03-27T08:23:24.893 INFO:teuthology.orchestra.run.smithi164.stdout:/usr/bin/ceph: stderr
2024-03-27T08:23:23.565+0000 7fbd56200700 1 --2- >> [v2:172.21.15.164:3300/0,v1:172.21.15.164:6789/0] conn(0x7fbd501086c0 0x7fbd50108ae0 unknown :-1 s=NONE pgs=0 cs=0 l=0 rev1=0 crypto rx=0 tx=0 comp rx=0 tx=0).connect
2024-03-27T08:23:24.893 INFO:teuthology.orchestra.run.smithi164.stdout:/usr/bin/ceph: stderr
2024-03-27T08:23:23.565+0000 7fbd56200700 1 -- --> [v2:172.21.15.164:3300/0,v1:172.21.15.164:6789/0] -- mon_getmap magic: 0 -- 0x7fbd501090b0 con 0x7fbd501086c0
2024-03-27T08:23:24.893 INFO:teuthology.orchestra.run.smithi164.stdout:/usr/bin/ceph: stderr
2024-03-27T08:23:23.565+0000 7fbd4f400700 1 --2- >> [v2:172.21.15.164:3300/0,v1:172.21.15.164:6789/0] conn(0x7fbd501086c0 0x7fbd50108ae0 unknown :-1 s=BANNER_CONNECTING pgs=0 cs=0 l=0 rev1=0 crypto rx=0 tx=0 comp rx=0 tx=0)._handle_peer_banner_payload supported=3 required=0
2024-03-27T08:23:24.894 INFO:teuthology.orchestra.run.smithi164.stdout:/usr/bin/ceph: stderr
2024-03-27T08:23:23.565+0000 7fbd4f400700 1 --2- >> [v2:172.21.15.164:3300/0,v1:172.21.15.164:6789/0] conn(0x7fbd501086c0 0x7fbd50108ae0 unknown :-1 s=HELLO_CONNECTING pgs=0 cs=0 l=0 rev1=1 crypto rx=0 tx=0 comp rx=0 tx=0).handle_hello peer v2:172.21.15.164:3300/0 says I am v2:172.21.15.164:54298/0 (socket says 172.21.15.164:54298)
2024-03-27T08:23:24.894 INFO:teuthology.orchestra.run.smithi164.stdout:/usr/bin/ceph: stderr
2024-03-27T08:23:23.565+0000 7fbd4f400700 1 -- 172.21.15.164:0/3759090141 learned_addr learned my addr 172.21.15.164:0/3759090141 (peer_addr_for_me v2:172.21.15.164:0/0)
2024-03-27T08:23:24.894 INFO:teuthology.orchestra.run.smithi164.stdout:/usr/bin/ceph: stderr
2024-03-27T08:23:23.566+0000 7fbd4f400700 1 -- 172.21.15.164:0/3759090141 --> [v2:172.21.15.164:3300/0,v1:172.21.15.164:6789/0] -- mon_subscribe({config=0+,monmap=0+}) -- 0x7fbd50109230 con 0x7fbd501086c0
2024-03-27T08:23:24.894 INFO:teuthology.orchestra.run.smithi164.stdout:/usr/bin/ceph: stderr
2024-03-27T08:23:23.566+0000 7fbd4f400700 1 --2- 172.21.15.164:0/3759090141 >> [v2:172.21.15.164:3300/0,v1:172.21.15.164:6789/0] conn(0x7fbd501086c0 0x7fbd50108ae0 secure :-1 s=READY pgs=74 cs=0 l=1 rev1=1 crypto rx=0x7fbd400098a0 tx=0x7fbd40009bb0 comp rx=0 tx=0).ready entity=mon.0 client_cookie=8feb574107afdaf5 server_cookie=0 in_seq=0 out_seq=0
2024-03-27T08:23:24.894 INFO:teuthology.orchestra.run.smithi164.stdout:/usr/bin/ceph: stderr
2024-03-27T08:23:23.566+0000 7fbd4e000700 1 -- 172.21.15.164:0/3759090141 <== mon.0 v2:172.21.15.164:3300/0 1 ==== mon_map magic: 0 ==== 205+0+0 (secure 0 0 0) 0x7fbd40004160 con 0x7fbd501086c0
2024-03-27T08:23:24.895 INFO:teuthology.orchestra.run.smithi164.stdout:/usr/bin/ceph: stderr
2024-03-27T08:23:23.566+0000 7fbd4e000700 1 -- 172.21.15.164:0/3759090141 <== mon.0 v2:172.21.15.164:3300/0 2 ==== config(27 keys) ==== 1136+0+0 (secure 0 0 0) 0x7fbd40004300 con 0x7fbd501086c0
2024-03-27T08:23:24.895 INFO:teuthology.orchestra.run.smithi164.stdout:/usr/bin/ceph: stderr
2024-03-27T08:23:23.566+0000 7fbd4e000700 1 -- 172.21.15.164:0/3759090141 <== mon.0 v2:172.21.15.164:3300/0 3 ==== mon_map magic: 0 ==== 205+0+0 (secure 0 0 0) 0x7fbd40011b10 con 0x7fbd501086c0
2024-03-27T08:23:24.895 INFO:teuthology.orchestra.run.smithi164.stdout:/usr/bin/ceph: stderr
2024-03-27T08:23:23.567+0000 7fbd56200700 1 -- 172.21.15.164:0/3759090141 >> [v2:172.21.15.164:3300/0,v1:172.21.15.164:6789/0] conn(0x7fbd501086c0 msgr2=0x7fbd50108ae0 secure :-1 s=STATE_CONNECTION_ESTABLISHED l=1).mark_down
2024-03-27T08:23:24.895 INFO:teuthology.orchestra.run.smithi164.stdout:/usr/bin/ceph: stderr
2024-03-27T08:23:23.567+0000 7fbd56200700 1 --2- 172.21.15.164:0/3759090141 >> [v2:172.21.15.164:3300/0,v1:172.21.15.164:6789/0] conn(0x7fbd501086c0 0x7fbd50108ae0 secure :-1 s=READY pgs=74 cs=0 l=1 rev1=1 crypto rx=0x7fbd400098a0 tx=0x7fbd40009bb0 comp rx=0 tx=0).stop
2024-03-27T08:23:24.895 INFO:teuthology.orchestra.run.smithi164.stdout:/usr/bin/ceph: stderr
2024-03-27T08:23:23.567+0000 7fbd56200700 1 -- 172.21.15.164:0/3759090141 shutdown_connections
2024-03-27T08:23:24.895 INFO:teuthology.orchestra.run.smithi164.stdout:/usr/bin/ceph: stderr
2024-03-27T08:23:23.567+0000 7fbd56200700 1 --2- 172.21.15.164:0/3759090141 >> [v2:172.21.15.164:3300/0,v1:172.21.15.164:6789/0] conn(0x7fbd501086c0 0x7fbd50108ae0 unknown :-1 s=CLOSED pgs=74 cs=0 l=1 rev1=1 crypto rx=0 tx=0 comp rx=0 tx=0).stop
2024-03-27T08:23:24.896 INFO:teuthology.orchestra.run.smithi164.stdout:/usr/bin/ceph: stderr
2024-03-27T08:23:23.567+0000 7fbd56200700 1 -- 172.21.15.164:0/3759090141 >> 172.21.15.164:0/3759090141 conn(0x7fbd50101e50 msgr2=0x7fbd50104270 unknown :-1 s=STATE_NONE l=0).mark_down
2024-03-27T08:23:24.896 INFO:teuthology.orchestra.run.smithi164.stdout:/usr/bin/ceph: stderr
2024-03-27T08:23:23.567+0000 7fbd56200700 1 -- 172.21.15.164:0/3759090141 shutdown_connections
2024-03-27T08:23:24.896 INFO:teuthology.orchestra.run.smithi164.stdout:/usr/bin/ceph: stderr
2024-03-27T08:23:23.567+0000 7fbd56200700 1 -- 172.21.15.164:0/3759090141 wait complete.
2024-03-27T08:23:24.896 INFO:teuthology.orchestra.run.smithi164.stdout:/usr/bin/ceph: stderr
2024-03-27T08:23:23.568+0000 7fbd56200700 1 Processor -- start
2024-03-27T08:23:24.896 INFO:teuthology.orchestra.run.smithi164.stdout:/usr/bin/ceph: stderr
2024-03-27T08:23:23.568+0000 7fbd56200700 1 -- start start
2024-03-27T08:23:24.896 INFO:teuthology.orchestra.run.smithi164.stdout:/usr/bin/ceph: stderr
2024-03-27T08:23:23.569+0000 7fbd56200700 1 --2- >> [v2:172.21.15.164:3300/0,v1:172.21.15.164:6789/0] conn(0x7fbd501086c0 0x7fbd5019e300 unknown :-1 s=NONE pgs=0 cs=0 l=1 rev1=0 crypto rx=0 tx=0 comp rx=0 tx=0).connect
2024-03-27T08:23:24.897 INFO:teuthology.orchestra.run.smithi164.stdout:/usr/bin/ceph: stderr
2024-03-27T08:23:23.569+0000 7fbd56200700 1 -- --> [v2:172.21.15.164:3300/0,v1:172.21.15.164:6789/0] -- mon_getmap magic: 0 -- 0x7fbd501070e0 con 0x7fbd501086c0
2024-03-27T08:23:24.897 INFO:teuthology.orchestra.run.smithi164.stdout:/usr/bin/ceph: stderr
2024-03-27T08:23:23.569+0000 7fbd4f400700 1 --2- >> [v2:172.21.15.164:3300/0,v1:172.21.15.164:6789/0] conn(0x7fbd501086c0 0x7fbd5019e300 unknown :-1 s=BANNER_CONNECTING pgs=0 cs=0 l=1 rev1=0 crypto rx=0 tx=0 comp rx=0 tx=0)._handle_peer_banner_payload supported=3 required=0
2024-03-27T08:23:24.897 INFO:teuthology.orchestra.run.smithi164.stdout:/usr/bin/ceph: stderr
2024-03-27T08:23:23.569+0000 7fbd4f400700 1 --2- >> [v2:172.21.15.164:3300/0,v1:172.21.15.164:6789/0] conn(0x7fbd501086c0 0x7fbd5019e300 unknown :-1 s=HELLO_CONNECTING pgs=0 cs=0 l=1 rev1=1 crypto rx=0 tx=0 comp rx=0 tx=0).handle_hello peer v2:172.21.15.164:3300/0 says I am v2:172.21.15.164:54312/0 (socket says 172.21.15.164:54312)
2024-03-27T08:23:24.897 INFO:teuthology.orchestra.run.smithi164.stdout:/usr/bin/ceph: stderr
2024-03-27T08:23:23.569+0000 7fbd4f400700 1 -- 172.21.15.164:0/1324666602 learned_addr learned my addr 172.21.15.164:0/1324666602 (peer_addr_for_me v2:172.21.15.164:0/0)
2024-03-27T08:23:24.898 INFO:teuthology.orchestra.run.smithi164.stdout:/usr/bin/ceph: stderr
2024-03-27T08:23:23.569+0000 7fbd4f400700 1 -- 172.21.15.164:0/1324666602 --> [v2:172.21.15.164:3300/0,v1:172.21.15.164:6789/0] -- mon_subscribe({config=0+,monmap=0+}) -- 0x7fbd5019e840 con 0x7fbd501086c0
2024-03-27T08:23:24.898 INFO:teuthology.orchestra.run.smithi164.stdout:/usr/bin/ceph: stderr
2024-03-27T08:23:23.570+0000 7fbd4f400700 1 --2- 172.21.15.164:0/1324666602 >> [v2:172.21.15.164:3300/0,v1:172.21.15.164:6789/0] conn(0x7fbd501086c0 0x7fbd5019e300 secure :-1 s=READY pgs=75 cs=0 l=1 rev1=1 crypto rx=0x7fbd40009fb0 tx=0x7fbd40011bd0 comp rx=0 tx=0).ready entity=mon.0 client_cookie=0 server_cookie=0 in_seq=0 out_seq=0
2024-03-27T08:23:24.898 INFO:teuthology.orchestra.run.smithi164.stdout:/usr/bin/ceph: stderr
2024-03-27T08:23:23.570+0000 7fbd47e00700 1 -- 172.21.15.164:0/1324666602 <== mon.0 v2:172.21.15.164:3300/0 1 ==== mon_map magic: 0 ==== 205+0+0 (secure 0 0 0) 0x7fbd40003b20 con 0x7fbd501086c0
2024-03-27T08:23:24.898 INFO:teuthology.orchestra.run.smithi164.stdout:/usr/bin/ceph: stderr
2024-03-27T08:23:23.570+0000 7fbd47e00700 1 -- 172.21.15.164:0/1324666602 <== mon.0 v2:172.21.15.164:3300/0 2 ==== config(27 keys) ==== 1136+0+0 (secure 0 0 0) 0x7fbd40003cc0 con 0x7fbd501086c0
2024-03-27T08:23:24.898 INFO:teuthology.orchestra.run.smithi164.stdout:/usr/bin/ceph: stderr
2024-03-27T08:23:23.570+0000 7fbd56200700 1 -- 172.21.15.164:0/1324666602 --> [v2:172.21.15.164:3300/0,v1:172.21.15.164:6789/0] -- mon_subscribe({mgrmap=0+}) -- 0x7fbd5019eb30 con 0x7fbd501086c0
2024-03-27T08:23:24.899 INFO:teuthology.orchestra.run.smithi164.stdout:/usr/bin/ceph: stderr
2024-03-27T08:23:23.570+0000 7fbd47e00700 1 -- 172.21.15.164:0/1324666602 <== mon.0 v2:172.21.15.164:3300/0 3 ==== mon_map magic: 0 ==== 205+0+0 (secure 0 0 0) 0x7fbd400247a0 con 0x7fbd501086c0
2024-03-27T08:23:24.899 INFO:teuthology.orchestra.run.smithi164.stdout:/usr/bin/ceph: stderr
2024-03-27T08:23:23.570+0000 7fbd56200700 1 -- 172.21.15.164:0/1324666602 --> [v2:172.21.15.164:3300/0,v1:172.21.15.164:6789/0] -- mon_subscribe({osdmap=0}) -- 0x7fbd501a17c0 con 0x7fbd501086c0
2024-03-27T08:23:24.899 INFO:teuthology.orchestra.run.smithi164.stdout:/usr/bin/ceph: stderr
2024-03-27T08:23:23.572+0000 7fbd56200700 1 -- 172.21.15.164:0/1324666602 --> [v2:172.21.15.164:3300/0,v1:172.21.15.164:6789/0] -- mon_command({"prefix": "get_command_descriptions"} v 0) -- 0x7fbd50063c70 con 0x7fbd501086c0
2024-03-27T08:23:24.899 INFO:teuthology.orchestra.run.smithi164.stdout:/usr/bin/ceph: stderr
2024-03-27T08:23:23.572+0000 7fbd47e00700 1 -- 172.21.15.164:0/1324666602 <== mon.0 v2:172.21.15.164:3300/0 4 ==== mgrmap(e 12) ==== 46479+0+0 (secure 0 0 0) 0x7fbd40022020 con 0x7fbd501086c0
2024-03-27T08:23:24.899 INFO:teuthology.orchestra.run.smithi164.stdout:/usr/bin/ceph: stderr
2024-03-27T08:23:23.573+0000 7fbd47e00700 1 --2- 172.21.15.164:0/1324666602 >> [v2:172.21.15.164:6800/2033158356,v1:172.21.15.164:6801/2033158356] conn(0x7fbd34039420 0x7fbd3403b8e0 unknown :-1 s=NONE pgs=0 cs=0 l=1 rev1=0 crypto rx=0 tx=0 comp rx=0 tx=0).connect
2024-03-27T08:23:24.899 INFO:teuthology.orchestra.run.smithi164.stdout:/usr/bin/ceph: stderr
2024-03-27T08:23:23.573+0000 7fbd47e00700 1 -- 172.21.15.164:0/1324666602 <== mon.0 v2:172.21.15.164:3300/0 5 ==== osd_map(3..3 src has 1..3) ==== 1155+0+0 (secure 0 0 0) 0x7fbd4004d830 con 0x7fbd501086c0
2024-03-27T08:23:24.900 INFO:teuthology.orchestra.run.smithi164.stdout:/usr/bin/ceph: stderr
2024-03-27T08:23:23.573+0000 7fbd4ea00700 1 --2- 172.21.15.164:0/1324666602 >> [v2:172.21.15.164:6800/2033158356,v1:172.21.15.164:6801/2033158356] conn(0x7fbd34039420 0x7fbd3403b8e0 unknown :-1 s=BANNER_CONNECTING pgs=0 cs=0 l=1 rev1=0 crypto rx=0 tx=0 comp rx=0 tx=0)._handle_peer_banner_payload supported=3 required=0
2024-03-27T08:23:24.900 INFO:teuthology.orchestra.run.smithi164.stdout:/usr/bin/ceph: stderr
2024-03-27T08:23:23.574+0000 7fbd4ea00700 1 --2- 172.21.15.164:0/1324666602 >> [v2:172.21.15.164:6800/2033158356,v1:172.21.15.164:6801/2033158356] conn(0x7fbd34039420 0x7fbd3403b8e0 secure :-1 s=READY pgs=9 cs=0 l=1 rev1=1 crypto rx=0x7fbd3c006fd0 tx=0x7fbd3c006e40 comp rx=0 tx=0).ready entity=mgr.14152 client_cookie=0 server_cookie=0 in_seq=0 out_seq=0
2024-03-27T08:23:24.900 INFO:teuthology.orchestra.run.smithi164.stdout:/usr/bin/ceph: stderr
2024-03-27T08:23:23.578+0000 7fbd47e00700 1 -- 172.21.15.164:0/1324666602 <== mon.0 v2:172.21.15.164:3300/0 6 ==== mon_command_ack([{"prefix": "get_command_descriptions"}]=0 v0) ==== 72+0+187541 (secure 0 0 0) 0x7fbd4001acd0 con 0x7fbd501086c0
2024-03-27T08:23:24.900 INFO:teuthology.orchestra.run.smithi164.stdout:/usr/bin/ceph: stderr
2024-03-27T08:23:23.790+0000 7fbd56200700 1 -- 172.21.15.164:0/1324666602 --> [v2:172.21.15.164:3300/0,v1:172.21.15.164:6789/0] -- mon_command({"prefix": "config get", "who": "mgr", "key": "mgr/dashboard/ssl_server_port"} v 0) -- 0x7fbd50197860 con 0x7fbd501086c0
2024-03-27T08:23:24.900 INFO:teuthology.orchestra.run.smithi164.stdout:/usr/bin/ceph: stderr
2024-03-27T08:23:23.791+0000 7fbd47e00700 1 -- 172.21.15.164:0/1324666602 <== mon.0 v2:172.21.15.164:3300/0 7 ==== mon_command_ack([{"prefix": "config get", "who": "mgr", "key": "mgr/dashboard/ssl_server_port"}]=0 v8) ==== 112+0+5 (secure 0 0 0) 0x7fbd50197860 con 0x7fbd501086c0
2024-03-27T08:23:24.900 INFO:teuthology.orchestra.run.smithi164.stdout:/usr/bin/ceph: stderr
2024-03-27T08:23:23.794+0000 7fbd56200700 1 -- 172.21.15.164:0/1324666602 >> [v2:172.21.15.164:6800/2033158356,v1:172.21.15.164:6801/2033158356] conn(0x7fbd34039420 msgr2=0x7fbd3403b8e0 secure :-1 s=STATE_CONNECTION_ESTABLISHED l=1).mark_down
2024-03-27T08:23:24.900 INFO:teuthology.orchestra.run.smithi164.stdout:/usr/bin/ceph: stderr
2024-03-27T08:23:23.794+0000 7fbd56200700 1 --2- 172.21.15.164:0/1324666602 >> [v2:172.21.15.164:6800/2033158356,v1:172.21.15.164:6801/2033158356] conn(0x7fbd34039420 0x7fbd3403b8e0 secure :-1 s=READY pgs=9 cs=0 l=1 rev1=1 crypto rx=0x7fbd3c006fd0 tx=0x7fbd3c006e40 comp rx=0 tx=0).stop
2024-03-27T08:23:24.901 INFO:teuthology.orchestra.run.smithi164.stdout:/usr/bin/ceph: stderr
2024-03-27T08:23:23.794+0000 7fbd56200700 1 -- 172.21.15.164:0/1324666602 >> [v2:172.21.15.164:3300/0,v1:172.21.15.164:6789/0] conn(0x7fbd501086c0 msgr2=0x7fbd5019e300 secure :-1 s=STATE_CONNECTION_ESTABLISHED l=1).mark_down
2024-03-27T08:23:24.901 INFO:teuthology.orchestra.run.smithi164.stdout:/usr/bin/ceph: stderr
2024-03-27T08:23:23.794+0000 7fbd56200700 1 --2- 172.21.15.164:0/1324666602 >> [v2:172.21.15.164:3300/0,v1:172.21.15.164:6789/0] conn(0x7fbd501086c0 0x7fbd5019e300 secure :-1 s=READY pgs=75 cs=0 l=1 rev1=1 crypto rx=0x7fbd40009fb0 tx=0x7fbd40011bd0 comp rx=0 tx=0).stop
2024-03-27T08:23:24.901 INFO:teuthology.orchestra.run.smithi164.stdout:/usr/bin/ceph: stderr
2024-03-27T08:23:23.794+0000 7fbd56200700 1 -- 172.21.15.164:0/1324666602 shutdown_connections
2024-03-27T08:23:24.901 INFO:teuthology.orchestra.run.smithi164.stdout:/usr/bin/ceph: stderr
2024-03-27T08:23:23.794+0000 7fbd56200700 1 --2- 172.21.15.164:0/1324666602 >> [v2:172.21.15.164:6800/2033158356,v1:172.21.15.164:6801/2033158356] conn(0x7fbd34039420 0x7fbd3403b8e0 unknown :-1 s=CLOSED pgs=9 cs=0 l=1 rev1=1 crypto rx=0 tx=0 comp rx=0 tx=0).stop
2024-03-27T08:23:24.901 INFO:teuthology.orchestra.run.smithi164.stdout:/usr/bin/ceph: stderr
2024-03-27T08:23:23.794+0000 7fbd56200700 1 --2- 172.21.15.164:0/1324666602 >> [v2:172.21.15.164:3300/0,v1:172.21.15.164:6789/0] conn(0x7fbd501086c0 0x7fbd5019e300 unknown :-1 s=CLOSED pgs=75 cs=0 l=1 rev1=1 crypto rx=0 tx=0 comp rx=0 tx=0).stop
2024-03-27T08:23:24.901 INFO:teuthology.orchestra.run.smithi164.stdout:/usr/bin/ceph: stderr
2024-03-27T08:23:23.794+0000 7fbd56200700 1 -- 172.21.15.164:0/1324666602 >> 172.21.15.164:0/1324666602 conn(0x7fbd50101e50 msgr2=0x7fbd50194940 unknown :-1 s=STATE_NONE l=0).mark_down
2024-03-27T08:23:24.902 INFO:teuthology.orchestra.run.smithi164.stdout:/usr/bin/ceph: stderr
2024-03-27T08:23:23.795+0000 7fbd56200700 1 -- 172.21.15.164:0/1324666602 shutdown_connections
2024-03-27T08:23:24.902 INFO:teuthology.orchestra.run.smithi164.stdout:/usr/bin/ceph: stderr
2024-03-27T08:23:23.795+0000 7fbd56200700 1 -- 172.21.15.164:0/1324666602 wait complete.
2024-03-27T08:23:24.927 INFO:teuthology.orchestra.run.smithi164.stdout:Non-zero exit code 1 from systemctl is-enabled firewalld.service
2024-03-27T08:23:24.928 INFO:teuthology.orchestra.run.smithi164.stdout:systemctl: stdout disabled
2024-03-27T08:23:24.955 INFO:teuthology.orchestra.run.smithi164.stdout:Non-zero exit code 3 from systemctl is-active firewalld.service
2024-03-27T08:23:24.956 INFO:teuthology.orchestra.run.smithi164.stdout:systemctl: stdout inactive
2024-03-27T08:23:24.957 INFO:teuthology.orchestra.run.smithi164.stdout:firewalld.service is not enabled
2024-03-27T08:23:24.957 INFO:teuthology.orchestra.run.smithi164.stdout:Not possible to open ports <[8443]>. firewalld.service is not available
2024-03-27T08:23:24.964 INFO:teuthology.orchestra.run.smithi164.stdout:Ceph Dashboard is now available at:
2024-03-27T08:23:24.964 INFO:teuthology.orchestra.run.smithi164.stdout:
2024-03-27T08:23:24.964 INFO:teuthology.orchestra.run.smithi164.stdout: URL: https://smithi164.front.sepia.ceph.com:8443/
2024-03-27T08:23:24.964 INFO:teuthology.orchestra.run.smithi164.stdout: User: admin
2024-03-27T08:23:24.964 INFO:teuthology.orchestra.run.smithi164.stdout: Password: 9us7zjwtqa
2024-03-27T08:23:24.965 INFO:teuthology.orchestra.run.smithi164.stdout:
2024-03-27T08:23:24.965 INFO:teuthology.orchestra.run.smithi164.stdout:Saving cluster configuration to /var/lib/ceph/f2a81f2e-ec12-11ee-95d0-87774f69a715/config directory
2024-03-27T08:23:24.967 INFO:teuthology.orchestra.run.smithi164.stdout:Enabling autotune for osd_memory_target
2024-03-27T08:23:25.152 INFO:journalctl@ceph.mon.a.smithi164.stdout:Mar 27 08:23:25 smithi164 ceph-mon[31788]: mgrmap e13: x(active, since 6s)
2024-03-27T08:23:26.893 INFO:teuthology.orchestra.run.smithi164.stdout:/usr/bin/ceph: stderr
2024-03-27T08:23:25.964+0000 7ff2ae800700 1 Processor -- start
2024-03-27T08:23:26.894 INFO:teuthology.orchestra.run.smithi164.stdout:/usr/bin/ceph: stderr
2024-03-27T08:23:25.964+0000 7ff2ae800700 1 -- start start
2024-03-27T08:23:26.894 INFO:teuthology.orchestra.run.smithi164.stdout:/usr/bin/ceph: stderr
2024-03-27T08:23:25.964+0000 7ff2ae800700 1 --2- >> [v2:172.21.15.164:3300/0,v1:172.21.15.164:6789/0] conn(0x7ff2a810ed70 0x7ff2a8111160 unknown :-1 s=NONE pgs=0 cs=0 l=0 rev1=0 crypto rx=0 tx=0 comp rx=0 tx=0).connect
2024-03-27T08:23:26.894 INFO:teuthology.orchestra.run.smithi164.stdout:/usr/bin/ceph: stderr
2024-03-27T08:23:25.964+0000 7ff2ae800700 1 -- --> [v2:172.21.15.164:3300/0,v1:172.21.15.164:6789/0] -- mon_getmap magic: 0 -- 0x7ff2a8111730 con 0x7ff2a810ed70
2024-03-27T08:23:26.894 INFO:teuthology.orchestra.run.smithi164.stdout:/usr/bin/ceph: stderr
2024-03-27T08:23:25.965+0000 7ff2ad400700 1 --2- >> [v2:172.21.15.164:3300/0,v1:172.21.15.164:6789/0] conn(0x7ff2a810ed70 0x7ff2a8111160 unknown :-1 s=BANNER_CONNECTING pgs=0 cs=0 l=0 rev1=0 crypto rx=0 tx=0 comp rx=0 tx=0)._handle_peer_banner_payload supported=3 required=0
2024-03-27T08:23:26.894 INFO:teuthology.orchestra.run.smithi164.stdout:/usr/bin/ceph: stderr
2024-03-27T08:23:25.965+0000 7ff2ad400700 1 --2- >> [v2:172.21.15.164:3300/0,v1:172.21.15.164:6789/0] conn(0x7ff2a810ed70 0x7ff2a8111160 unknown :-1 s=HELLO_CONNECTING pgs=0 cs=0 l=0 rev1=1 crypto rx=0 tx=0 comp rx=0 tx=0).handle_hello peer v2:172.21.15.164:3300/0 says I am v2:172.21.15.164:43866/0 (socket says 172.21.15.164:43866)
2024-03-27T08:23:26.895 INFO:teuthology.orchestra.run.smithi164.stdout:/usr/bin/ceph: stderr
2024-03-27T08:23:25.965+0000 7ff2ad400700 1 -- 172.21.15.164:0/3434524033 learned_addr learned my addr 172.21.15.164:0/3434524033 (peer_addr_for_me v2:172.21.15.164:0/0)
2024-03-27T08:23:26.895 INFO:teuthology.orchestra.run.smithi164.stdout:/usr/bin/ceph: stderr
2024-03-27T08:23:25.965+0000 7ff2ad400700 1 -- 172.21.15.164:0/3434524033 --> [v2:172.21.15.164:3300/0,v1:172.21.15.164:6789/0] -- mon_subscribe({config=0+,monmap=0+}) -- 0x7ff2a81118b0 con 0x7ff2a810ed70
2024-03-27T08:23:26.895 INFO:teuthology.orchestra.run.smithi164.stdout:/usr/bin/ceph: stderr
2024-03-27T08:23:25.965+0000 7ff2ad400700 1 --2- 172.21.15.164:0/3434524033 >> [v2:172.21.15.164:3300/0,v1:172.21.15.164:6789/0] conn(0x7ff2a810ed70 0x7ff2a8111160 secure :-1 s=READY pgs=76 cs=0 l=1 rev1=1 crypto rx=0x7ff29c0098a0 tx=0x7ff29c009bb0 comp rx=0 tx=0).ready entity=mon.0 client_cookie=9a6b0def6b15ffab server_cookie=0 in_seq=0 out_seq=0
