2024-03-27T10:43:56.316 INFO:teuthology.orchestra.run.smithi097.stdout:/usr/bin/ceph: stderr
2024-03-27T10:43:55.417+0000 7f1d73400700 1 --2- 172.21.15.97:0/3162549848 >> [v2:172.21.15.97:3300/0,v1:172.21.15.97:6789/0] conn(0x7f1d74109fc0 0x7f1d7419df70 secure :-1 s=READY pgs=21 cs=0 l=1 rev1=1 crypto rx=0x7f1d64000c00 tx=0x7f1d64011b00 comp rx=0 tx=0).ready entity=mon.0 client_cookie=0 server_cookie=0 in_seq=0 out_seq=0
2024-03-27T10:43:56.316 INFO:teuthology.orchestra.run.smithi097.stdout:/usr/bin/ceph: stderr
2024-03-27T10:43:55.417+0000 7f1d6be00700 1 -- 172.21.15.97:0/3162549848 <== mon.0 v2:172.21.15.97:3300/0 1 ==== mon_map magic: 0 ==== 205+0+0 (secure 0 0 0) 0x7f1d640039f0 con 0x7f1d74109fc0
2024-03-27T10:43:56.316 INFO:teuthology.orchestra.run.smithi097.stdout:/usr/bin/ceph: stderr
2024-03-27T10:43:55.418+0000 7f1d6be00700 1 -- 172.21.15.97:0/3162549848 <== mon.0 v2:172.21.15.97:3300/0 2 ==== config(26 keys) ==== 1071+0+0 (secure 0 0 0) 0x7f1d64003b90 con 0x7f1d74109fc0
2024-03-27T10:43:56.316 INFO:teuthology.orchestra.run.smithi097.stdout:/usr/bin/ceph: stderr
2024-03-27T10:43:55.418+0000 7f1d78c00700 1 -- 172.21.15.97:0/3162549848 --> [v2:172.21.15.97:3300/0,v1:172.21.15.97:6789/0] -- mon_subscribe({mgrmap=0+}) -- 0x7f1d7419e740 con 0x7f1d74109fc0
2024-03-27T10:43:56.316 INFO:teuthology.orchestra.run.smithi097.stdout:/usr/bin/ceph: stderr
2024-03-27T10:43:55.418+0000 7f1d6be00700 1 -- 172.21.15.97:0/3162549848 <== mon.0 v2:172.21.15.97:3300/0 3 ==== mon_map magic: 0 ==== 205+0+0 (secure 0 0 0) 0x7f1d6401a740 con 0x7f1d74109fc0
2024-03-27T10:43:56.316 INFO:teuthology.orchestra.run.smithi097.stdout:/usr/bin/ceph: stderr
2024-03-27T10:43:55.418+0000 7f1d78c00700 1 -- 172.21.15.97:0/3162549848 --> [v2:172.21.15.97:3300/0,v1:172.21.15.97:6789/0] -- mon_subscribe({osdmap=0}) -- 0x7f1d741a1430 con 0x7f1d74109fc0
2024-03-27T10:43:56.316 INFO:teuthology.orchestra.run.smithi097.stdout:/usr/bin/ceph: stderr
2024-03-27T10:43:55.419+0000 7f1d6be00700 1 -- 172.21.15.97:0/3162549848 <== mon.0 v2:172.21.15.97:3300/0 4 ==== mgrmap(e 4) ==== 46455+0+0 (secure 0 0 0) 0x7f1d6401aa40 con 0x7f1d74109fc0
2024-03-27T10:43:56.316 INFO:teuthology.orchestra.run.smithi097.stdout:/usr/bin/ceph: stderr
2024-03-27T10:43:55.419+0000 7f1d78c00700 1 -- 172.21.15.97:0/3162549848 --> [v2:172.21.15.97:3300/0,v1:172.21.15.97:6789/0] -- mon_command({"prefix": "get_command_descriptions"} v 0) -- 0x7f1d74063c70 con 0x7f1d74109fc0
2024-03-27T10:43:56.316 INFO:teuthology.orchestra.run.smithi097.stdout:/usr/bin/ceph: stderr
2024-03-27T10:43:55.419+0000 7f1d6be00700 1 --2- 172.21.15.97:0/3162549848 >> [v2:172.21.15.97:6800/98682155,v1:172.21.15.97:6801/98682155] conn(0x7f1d580393d0 0x7f1d5803b890 unknown :-1 s=NONE pgs=0 cs=0 l=1 rev1=0 crypto rx=0 tx=0 comp rx=0 tx=0).connect
2024-03-27T10:43:56.316 INFO:teuthology.orchestra.run.smithi097.stdout:/usr/bin/ceph: stderr
2024-03-27T10:43:55.419+0000 7f1d6be00700 1 -- 172.21.15.97:0/3162549848 <== mon.0 v2:172.21.15.97:3300/0 5 ==== osd_map(1..1 src has 1..1) ==== 725+0+0 (secure 0 0 0) 0x7f1d6404d7e0 con 0x7f1d74109fc0
2024-03-27T10:43:56.316 INFO:teuthology.orchestra.run.smithi097.stdout:/usr/bin/ceph: stderr
2024-03-27T10:43:55.420+0000 7f1d72a00700 1 --2- 172.21.15.97:0/3162549848 >> [v2:172.21.15.97:6800/98682155,v1:172.21.15.97:6801/98682155] conn(0x7f1d580393d0 0x7f1d5803b890 unknown :-1 s=BANNER_CONNECTING pgs=0 cs=0 l=1 rev1=0 crypto rx=0 tx=0 comp rx=0 tx=0)._handle_peer_banner_payload supported=3 required=0
2024-03-27T10:43:56.316 INFO:teuthology.orchestra.run.smithi097.stdout:/usr/bin/ceph: stderr
2024-03-27T10:43:55.420+0000 7f1d72a00700 1 --2- 172.21.15.97:0/3162549848 >> [v2:172.21.15.97:6800/98682155,v1:172.21.15.97:6801/98682155] conn(0x7f1d580393d0 0x7f1d5803b890 secure :-1 s=READY pgs=7 cs=0 l=1 rev1=1 crypto rx=0x7f1d60006fd0 tx=0x7f1d60006e40 comp rx=0 tx=0).ready entity=mgr.14100 client_cookie=0 server_cookie=0 in_seq=0 out_seq=0
2024-03-27T10:43:56.317 INFO:teuthology.orchestra.run.smithi097.stdout:/usr/bin/ceph: stderr
2024-03-27T10:43:55.425+0000 7f1d6be00700 1 -- 172.21.15.97:0/3162549848 <== mon.0 v2:172.21.15.97:3300/0 6 ==== mon_command_ack([{"prefix": "get_command_descriptions"}]=0 v0) ==== 72+0+187541 (secure 0 0 0) 0x7f1d6400b5a0 con 0x7f1d74109fc0
2024-03-27T10:43:56.317 INFO:teuthology.orchestra.run.smithi097.stdout:/usr/bin/ceph: stderr
2024-03-27T10:43:55.644+0000 7f1d78c00700 1 -- 172.21.15.97:0/3162549848 --> [v2:172.21.15.97:3300/0,v1:172.21.15.97:6789/0] -- mon_command({"prefix": "config assimilate-conf"} v 0) -- 0x7f1d741a1600 con 0x7f1d74109fc0
2024-03-27T10:43:56.317 INFO:teuthology.orchestra.run.smithi097.stdout:/usr/bin/ceph: stderr
2024-03-27T10:43:55.646+0000 7f1d6be00700 1 -- 172.21.15.97:0/3162549848 <== mon.0 v2:172.21.15.97:3300/0 7 ==== mon_command_ack([{"prefix": "config assimilate-conf"}]=0 v3) ==== 70+0+400 (secure 0 0 0) 0x7f1d741a1600 con 0x7f1d74109fc0
2024-03-27T10:43:56.317 INFO:teuthology.orchestra.run.smithi097.stdout:/usr/bin/ceph: stderr
2024-03-27T10:43:55.649+0000 7f1d78c00700 1 -- 172.21.15.97:0/3162549848 >> [v2:172.21.15.97:6800/98682155,v1:172.21.15.97:6801/98682155] conn(0x7f1d580393d0 msgr2=0x7f1d5803b890 secure :-1 s=STATE_CONNECTION_ESTABLISHED l=1).mark_down
2024-03-27T10:43:56.317 INFO:teuthology.orchestra.run.smithi097.stdout:/usr/bin/ceph: stderr
2024-03-27T10:43:55.649+0000 7f1d78c00700 1 --2- 172.21.15.97:0/3162549848 >> [v2:172.21.15.97:6800/98682155,v1:172.21.15.97:6801/98682155] conn(0x7f1d580393d0 0x7f1d5803b890 secure :-1 s=READY pgs=7 cs=0 l=1 rev1=1 crypto rx=0x7f1d60006fd0 tx=0x7f1d60006e40 comp rx=0 tx=0).stop
2024-03-27T10:43:56.317 INFO:teuthology.orchestra.run.smithi097.stdout:/usr/bin/ceph: stderr
2024-03-27T10:43:55.649+0000 7f1d78c00700 1 -- 172.21.15.97:0/3162549848 >> [v2:172.21.15.97:3300/0,v1:172.21.15.97:6789/0] conn(0x7f1d74109fc0 msgr2=0x7f1d7419df70 secure :-1 s=STATE_CONNECTION_ESTABLISHED l=1).mark_down
2024-03-27T10:43:56.317 INFO:teuthology.orchestra.run.smithi097.stdout:/usr/bin/ceph: stderr
2024-03-27T10:43:55.649+0000 7f1d78c00700 1 --2- 172.21.15.97:0/3162549848 >> [v2:172.21.15.97:3300/0,v1:172.21.15.97:6789/0] conn(0x7f1d74109fc0 0x7f1d7419df70 secure :-1 s=READY pgs=21 cs=0 l=1 rev1=1 crypto rx=0x7f1d64000c00 tx=0x7f1d64011b00 comp rx=0 tx=0).stop
2024-03-27T10:43:56.317 INFO:teuthology.orchestra.run.smithi097.stdout:/usr/bin/ceph: stderr
2024-03-27T10:43:55.649+0000 7f1d78c00700 1 -- 172.21.15.97:0/3162549848 shutdown_connections
2024-03-27T10:43:56.317 INFO:teuthology.orchestra.run.smithi097.stdout:/usr/bin/ceph: stderr
2024-03-27T10:43:55.649+0000 7f1d78c00700 1 --2- 172.21.15.97:0/3162549848 >> [v2:172.21.15.97:6800/98682155,v1:172.21.15.97:6801/98682155] conn(0x7f1d580393d0 0x7f1d5803b890 unknown :-1 s=CLOSED pgs=7 cs=0 l=1 rev1=1 crypto rx=0 tx=0 comp rx=0 tx=0).stop
2024-03-27T10:43:56.317 INFO:teuthology.orchestra.run.smithi097.stdout:/usr/bin/ceph: stderr
2024-03-27T10:43:55.649+0000 7f1d78c00700 1 --2- 172.21.15.97:0/3162549848 >> [v2:172.21.15.97:3300/0,v1:172.21.15.97:6789/0] conn(0x7f1d74109fc0 0x7f1d7419df70 unknown :-1 s=CLOSED pgs=21 cs=0 l=1 rev1=1 crypto rx=0 tx=0 comp rx=0 tx=0).stop
2024-03-27T10:43:56.317 INFO:teuthology.orchestra.run.smithi097.stdout:/usr/bin/ceph: stderr
2024-03-27T10:43:55.649+0000 7f1d78c00700 1 -- 172.21.15.97:0/3162549848 >> 172.21.15.97:0/3162549848 conn(0x7f1d7407d3b0 msgr2=0x7f1d74107500 unknown :-1 s=STATE_NONE l=0).mark_down
2024-03-27T10:43:56.317 INFO:teuthology.orchestra.run.smithi097.stdout:/usr/bin/ceph: stderr
2024-03-27T10:43:55.649+0000 7f1d78c00700 1 -- 172.21.15.97:0/3162549848 shutdown_connections
2024-03-27T10:43:56.317 INFO:teuthology.orchestra.run.smithi097.stdout:/usr/bin/ceph: stderr
2024-03-27T10:43:55.649+0000 7f1d78c00700 1 -- 172.21.15.97:0/3162549848 wait complete.
2024-03-27T10:43:56.318 INFO:teuthology.orchestra.run.smithi097.stdout:Enabling cephadm module...
2024-03-27T10:43:57.624 INFO:journalctl@ceph.mgr.x.smithi097.stdout:Mar 27 10:43:57 smithi097 ceph-adca88c4-ec26-11ee-95d0-87774f69a715-mgr-x[32086]: ignoring --setuser ceph since I am not root
2024-03-27T10:43:57.624 INFO:journalctl@ceph.mgr.x.smithi097.stdout:Mar 27 10:43:57 smithi097 ceph-adca88c4-ec26-11ee-95d0-87774f69a715-mgr-x[32086]: ignoring --setgroup ceph since I am not root
2024-03-27T10:43:57.624 INFO:journalctl@ceph.mon.a.smithi097.stdout:Mar 27 10:43:57 smithi097 ceph-mon[31859]: from='client.? 172.21.15.97:0/3763421050' entity='client.admin' cmd=[{"prefix": "mgr module enable", "module": "cephadm"}]: dispatch
2024-03-27T10:43:57.985 INFO:teuthology.orchestra.run.smithi097.stdout:/usr/bin/ceph: stderr
2024-03-27T10:43:56.941+0000 7f0698c00700 1 Processor -- start
2024-03-27T10:43:57.986 INFO:teuthology.orchestra.run.smithi097.stdout:/usr/bin/ceph: stderr
2024-03-27T10:43:56.941+0000 7f0698c00700 1 -- start start
2024-03-27T10:43:57.986 INFO:teuthology.orchestra.run.smithi097.stdout:/usr/bin/ceph: stderr
2024-03-27T10:43:56.942+0000 7f0698c00700 1 --2- >> [v2:172.21.15.97:3300/0,v1:172.21.15.97:6789/0] conn(0x7f069410ecf0 0x7f06941110e0 unknown :-1 s=NONE pgs=0 cs=0 l=0 rev1=0 crypto rx=0 tx=0 comp rx=0 tx=0).connect
2024-03-27T10:43:57.986 INFO:teuthology.orchestra.run.smithi097.stdout:/usr/bin/ceph: stderr
2024-03-27T10:43:56.942+0000 7f0698c00700 1 -- --> [v2:172.21.15.97:3300/0,v1:172.21.15.97:6789/0] -- mon_getmap magic: 0 -- 0x7f0694111620 con 0x7f069410ecf0
2024-03-27T10:43:57.986 INFO:teuthology.orchestra.run.smithi097.stdout:/usr/bin/ceph: stderr
2024-03-27T10:43:56.942+0000 7f0693400700 1 --2- >> [v2:172.21.15.97:3300/0,v1:172.21.15.97:6789/0] conn(0x7f069410ecf0 0x7f06941110e0 unknown :-1 s=BANNER_CONNECTING pgs=0 cs=0 l=0 rev1=0 crypto rx=0 tx=0 comp rx=0 tx=0)._handle_peer_banner_payload supported=3 required=0
2024-03-27T10:43:57.986 INFO:teuthology.orchestra.run.smithi097.stdout:/usr/bin/ceph: stderr
2024-03-27T10:43:56.942+0000 7f0693400700 1 --2- >> [v2:172.21.15.97:3300/0,v1:172.21.15.97:6789/0] conn(0x7f069410ecf0 0x7f06941110e0 unknown :-1 s=HELLO_CONNECTING pgs=0 cs=0 l=0 rev1=1 crypto rx=0 tx=0 comp rx=0 tx=0).handle_hello peer v2:172.21.15.97:3300/0 says I am v2:172.21.15.97:45492/0 (socket says 172.21.15.97:45492)
2024-03-27T10:43:57.987 INFO:teuthology.orchestra.run.smithi097.stdout:/usr/bin/ceph: stderr
2024-03-27T10:43:56.942+0000 7f0693400700 1 -- 172.21.15.97:0/1565848086 learned_addr learned my addr 172.21.15.97:0/1565848086 (peer_addr_for_me v2:172.21.15.97:0/0)
2024-03-27T10:43:57.987 INFO:teuthology.orchestra.run.smithi097.stdout:/usr/bin/ceph: stderr
2024-03-27T10:43:56.943+0000 7f0693400700 1 -- 172.21.15.97:0/1565848086 --> [v2:172.21.15.97:3300/0,v1:172.21.15.97:6789/0] -- mon_subscribe({config=0+,monmap=0+}) -- 0x7f06941117a0 con 0x7f069410ecf0
2024-03-27T10:43:57.987 INFO:teuthology.orchestra.run.smithi097.stdout:/usr/bin/ceph: stderr
2024-03-27T10:43:56.943+0000 7f0693400700 1 --2- 172.21.15.97:0/1565848086 >> [v2:172.21.15.97:3300/0,v1:172.21.15.97:6789/0] conn(0x7f069410ecf0 0x7f06941110e0 secure :-1 s=READY pgs=22 cs=0 l=1 rev1=1 crypto rx=0x7f06840098a0 tx=0x7f0684009bb0 comp rx=0 tx=0).ready entity=mon.0 client_cookie=be285d7b1f840872 server_cookie=0 in_seq=0 out_seq=0
2024-03-27T10:43:57.987 INFO:teuthology.orchestra.run.smithi097.stdout:/usr/bin/ceph: stderr
2024-03-27T10:43:56.943+0000 7f0692000700 1 -- 172.21.15.97:0/1565848086 <== mon.0 v2:172.21.15.97:3300/0 1 ==== mon_map magic: 0 ==== 205+0+0 (secure 0 0 0) 0x7f0684004160 con 0x7f069410ecf0
2024-03-27T10:43:57.987 INFO:teuthology.orchestra.run.smithi097.stdout:/usr/bin/ceph: stderr
2024-03-27T10:43:56.943+0000 7f0692000700 1 -- 172.21.15.97:0/1565848086 <== mon.0 v2:172.21.15.97:3300/0 2 ==== config(26 keys) ==== 1071+0+0 (secure 0 0 0) 0x7f0684004300 con 0x7f069410ecf0
2024-03-27T10:43:57.987 INFO:teuthology.orchestra.run.smithi097.stdout:/usr/bin/ceph: stderr
2024-03-27T10:43:56.943+0000 7f0692000700 1 -- 172.21.15.97:0/1565848086 <== mon.0 v2:172.21.15.97:3300/0 3 ==== mon_map magic: 0 ==== 205+0+0 (secure 0 0 0) 0x7f0684011a80 con 0x7f069410ecf0
2024-03-27T10:43:57.987 INFO:teuthology.orchestra.run.smithi097.stdout:/usr/bin/ceph: stderr
2024-03-27T10:43:56.944+0000 7f0698c00700 1 -- 172.21.15.97:0/1565848086 >> [v2:172.21.15.97:3300/0,v1:172.21.15.97:6789/0] conn(0x7f069410ecf0 msgr2=0x7f06941110e0 secure :-1 s=STATE_CONNECTION_ESTABLISHED l=1).mark_down
2024-03-27T10:43:57.987 INFO:teuthology.orchestra.run.smithi097.stdout:/usr/bin/ceph: stderr
2024-03-27T10:43:56.944+0000 7f0698c00700 1 --2- 172.21.15.97:0/1565848086 >> [v2:172.21.15.97:3300/0,v1:172.21.15.97:6789/0] conn(0x7f069410ecf0 0x7f06941110e0 secure :-1 s=READY pgs=22 cs=0 l=1 rev1=1 crypto rx=0x7f06840098a0 tx=0x7f0684009bb0 comp rx=0 tx=0).stop
2024-03-27T10:43:57.987 INFO:teuthology.orchestra.run.smithi097.stdout:/usr/bin/ceph: stderr
2024-03-27T10:43:56.944+0000 7f0698c00700 1 -- 172.21.15.97:0/1565848086 shutdown_connections
2024-03-27T10:43:57.987 INFO:teuthology.orchestra.run.smithi097.stdout:/usr/bin/ceph: stderr
2024-03-27T10:43:56.944+0000 7f0698c00700 1 --2- 172.21.15.97:0/1565848086 >> [v2:172.21.15.97:3300/0,v1:172.21.15.97:6789/0] conn(0x7f069410ecf0 0x7f06941110e0 unknown :-1 s=CLOSED pgs=22 cs=0 l=1 rev1=1 crypto rx=0 tx=0 comp rx=0 tx=0).stop
2024-03-27T10:43:57.987 INFO:teuthology.orchestra.run.smithi097.stdout:/usr/bin/ceph: stderr
2024-03-27T10:43:56.944+0000 7f0698c00700 1 -- 172.21.15.97:0/1565848086 >> 172.21.15.97:0/1565848086 conn(0x7f069407d410 msgr2=0x7f069407f830 unknown :-1 s=STATE_NONE l=0).mark_down
2024-03-27T10:43:57.988 INFO:teuthology.orchestra.run.smithi097.stdout:/usr/bin/ceph: stderr
2024-03-27T10:43:56.944+0000 7f0698c00700 1 -- 172.21.15.97:0/1565848086 shutdown_connections
2024-03-27T10:43:57.988 INFO:teuthology.orchestra.run.smithi097.stdout:/usr/bin/ceph: stderr
2024-03-27T10:43:56.944+0000 7f0698c00700 1 -- 172.21.15.97:0/1565848086 wait complete.
2024-03-27T10:43:57.988 INFO:teuthology.orchestra.run.smithi097.stdout:/usr/bin/ceph: stderr
2024-03-27T10:43:56.945+0000 7f0698c00700 1 Processor -- start
2024-03-27T10:43:57.988 INFO:teuthology.orchestra.run.smithi097.stdout:/usr/bin/ceph: stderr
2024-03-27T10:43:56.945+0000 7f0698c00700 1 -- start start
2024-03-27T10:43:57.988 INFO:teuthology.orchestra.run.smithi097.stdout:/usr/bin/ceph: stderr
2024-03-27T10:43:56.946+0000 7f0698c00700 1 --2- >> [v2:172.21.15.97:3300/0,v1:172.21.15.97:6789/0] conn(0x7f069410ecf0 0x7f06941a23c0 unknown :-1 s=NONE pgs=0 cs=0 l=1 rev1=0 crypto rx=0 tx=0 comp rx=0 tx=0).connect
2024-03-27T10:43:57.988 INFO:teuthology.orchestra.run.smithi097.stdout:/usr/bin/ceph: stderr
2024-03-27T10:43:56.946+0000 7f0698c00700 1 -- --> [v2:172.21.15.97:3300/0,v1:172.21.15.97:6789/0] -- mon_getmap magic: 0 -- 0x7f0694112770 con 0x7f069410ecf0
2024-03-27T10:43:57.988 INFO:teuthology.orchestra.run.smithi097.stdout:/usr/bin/ceph: stderr
2024-03-27T10:43:56.946+0000 7f0693400700 1 --2- >> [v2:172.21.15.97:3300/0,v1:172.21.15.97:6789/0] conn(0x7f069410ecf0 0x7f06941a23c0 unknown :-1 s=BANNER_CONNECTING pgs=0 cs=0 l=1 rev1=0 crypto rx=0 tx=0 comp rx=0 tx=0)._handle_peer_banner_payload supported=3 required=0
2024-03-27T10:43:57.988 INFO:teuthology.orchestra.run.smithi097.stdout:/usr/bin/ceph: stderr
2024-03-27T10:43:56.946+0000 7f0693400700 1 --2- >> [v2:172.21.15.97:3300/0,v1:172.21.15.97:6789/0] conn(0x7f069410ecf0 0x7f06941a23c0 unknown :-1 s=HELLO_CONNECTING pgs=0 cs=0 l=1 rev1=1 crypto rx=0 tx=0 comp rx=0 tx=0).handle_hello peer v2:172.21.15.97:3300/0 says I am v2:172.21.15.97:45500/0 (socket says 172.21.15.97:45500)
2024-03-27T10:43:57.988 INFO:teuthology.orchestra.run.smithi097.stdout:/usr/bin/ceph: stderr
2024-03-27T10:43:56.946+0000 7f0693400700 1 -- 172.21.15.97:0/3763421050 learned_addr learned my addr 172.21.15.97:0/3763421050 (peer_addr_for_me v2:172.21.15.97:0/0)
2024-03-27T10:43:57.988 INFO:teuthology.orchestra.run.smithi097.stdout:/usr/bin/ceph: stderr
2024-03-27T10:43:56.946+0000 7f0693400700 1 -- 172.21.15.97:0/3763421050 --> [v2:172.21.15.97:3300/0,v1:172.21.15.97:6789/0] -- mon_subscribe({config=0+,monmap=0+}) -- 0x7f06941a2900 con 0x7f069410ecf0
2024-03-27T10:43:57.988 INFO:teuthology.orchestra.run.smithi097.stdout:/usr/bin/ceph: stderr
2024-03-27T10:43:56.947+0000 7f0693400700 1 --2- 172.21.15.97:0/3763421050 >> [v2:172.21.15.97:3300/0,v1:172.21.15.97:6789/0] conn(0x7f069410ecf0 0x7f06941a23c0 secure :-1 s=READY pgs=23 cs=0 l=1 rev1=1 crypto rx=0x7f0684011a50 tx=0x7f0684004290 comp rx=0 tx=0).ready entity=mon.0 client_cookie=0 server_cookie=0 in_seq=0 out_seq=0
2024-03-27T10:43:57.988 INFO:teuthology.orchestra.run.smithi097.stdout:/usr/bin/ceph: stderr
2024-03-27T10:43:56.947+0000 7f068be00700 1 -- 172.21.15.97:0/3763421050 <== mon.0 v2:172.21.15.97:3300/0 1 ==== mon_map magic: 0 ==== 205+0+0 (secure 0 0 0) 0x7f06840039f0 con 0x7f069410ecf0
2024-03-27T10:43:57.988 INFO:teuthology.orchestra.run.smithi097.stdout:/usr/bin/ceph: stderr
2024-03-27T10:43:56.947+0000 7f068be00700 1 -- 172.21.15.97:0/3763421050 <== mon.0 v2:172.21.15.97:3300/0 2 ==== config(26 keys) ==== 1071+0+0 (secure 0 0 0) 0x7f0684003b90 con 0x7f069410ecf0
2024-03-27T10:43:57.989 INFO:teuthology.orchestra.run.smithi097.stdout:/usr/bin/ceph: stderr
2024-03-27T10:43:56.947+0000 7f0698c00700 1 -- 172.21.15.97:0/3763421050 --> [v2:172.21.15.97:3300/0,v1:172.21.15.97:6789/0] -- mon_subscribe({mgrmap=0+}) -- 0x7f06941a2b90 con 0x7f069410ecf0
2024-03-27T10:43:57.989 INFO:teuthology.orchestra.run.smithi097.stdout:/usr/bin/ceph: stderr
2024-03-27T10:43:56.947+0000 7f068be00700 1 -- 172.21.15.97:0/3763421050 <== mon.0 v2:172.21.15.97:3300/0 3 ==== mon_map magic: 0 ==== 205+0+0 (secure 0 0 0) 0x7f068401a600 con 0x7f069410ecf0
2024-03-27T10:43:57.989 INFO:teuthology.orchestra.run.smithi097.stdout:/usr/bin/ceph: stderr
2024-03-27T10:43:56.947+0000 7f0698c00700 1 -- 172.21.15.97:0/3763421050 --> [v2:172.21.15.97:3300/0,v1:172.21.15.97:6789/0] -- mon_subscribe({osdmap=0}) -- 0x7f06941a5880 con 0x7f069410ecf0
2024-03-27T10:43:57.989 INFO:teuthology.orchestra.run.smithi097.stdout:/usr/bin/ceph: stderr
2024-03-27T10:43:56.948+0000 7f068be00700 1 -- 172.21.15.97:0/3763421050 <== mon.0 v2:172.21.15.97:3300/0 4 ==== mgrmap(e 4) ==== 46455+0+0 (secure 0 0 0) 0x7f0684024a40 con 0x7f069410ecf0
2024-03-27T10:43:57.989 INFO:teuthology.orchestra.run.smithi097.stdout:/usr/bin/ceph: stderr
2024-03-27T10:43:56.948+0000 7f0698c00700 1 -- 172.21.15.97:0/3763421050 --> [v2:172.21.15.97:3300/0,v1:172.21.15.97:6789/0] -- mon_command({"prefix": "get_command_descriptions"} v 0) -- 0x7f0694063c70 con 0x7f069410ecf0
2024-03-27T10:43:57.989 INFO:teuthology.orchestra.run.smithi097.stdout:/usr/bin/ceph: stderr
2024-03-27T10:43:56.949+0000 7f068be00700 1 --2- 172.21.15.97:0/3763421050 >> [v2:172.21.15.97:6800/98682155,v1:172.21.15.97:6801/98682155] conn(0x7f06780393d0 0x7f067803b890 unknown :-1 s=NONE pgs=0 cs=0 l=1 rev1=0 crypto rx=0 tx=0 comp rx=0 tx=0).connect
2024-03-27T10:43:57.989 INFO:teuthology.orchestra.run.smithi097.stdout:/usr/bin/ceph: stderr
2024-03-27T10:43:56.949+0000 7f068be00700 1 -- 172.21.15.97:0/3763421050 <== mon.0 v2:172.21.15.97:3300/0 5 ==== osd_map(1..1 src has 1..1) ==== 725+0+0 (secure 0 0 0) 0x7f068404d860 con 0x7f069410ecf0
2024-03-27T10:43:57.989 INFO:teuthology.orchestra.run.smithi097.stdout:/usr/bin/ceph: stderr
2024-03-27T10:43:56.949+0000 7f0692a00700 1 --2- 172.21.15.97:0/3763421050 >> [v2:172.21.15.97:6800/98682155,v1:172.21.15.97:6801/98682155] conn(0x7f06780393d0 0x7f067803b890 unknown :-1 s=BANNER_CONNECTING pgs=0 cs=0 l=1 rev1=0 crypto rx=0 tx=0 comp rx=0 tx=0)._handle_peer_banner_payload supported=3 required=0
2024-03-27T10:43:57.989 INFO:teuthology.orchestra.run.smithi097.stdout:/usr/bin/ceph: stderr
2024-03-27T10:43:56.950+0000 7f0692a00700 1 --2- 172.21.15.97:0/3763421050 >> [v2:172.21.15.97:6800/98682155,v1:172.21.15.97:6801/98682155] conn(0x7f06780393d0 0x7f067803b890 secure :-1 s=READY pgs=8 cs=0 l=1 rev1=1 crypto rx=0x7f0680006fd0 tx=0x7f0680006e40 comp rx=0 tx=0).ready entity=mgr.14100 client_cookie=0 server_cookie=0 in_seq=0 out_seq=0
2024-03-27T10:43:57.989 INFO:teuthology.orchestra.run.smithi097.stdout:/usr/bin/ceph: stderr
2024-03-27T10:43:56.954+0000 7f068be00700 1 -- 172.21.15.97:0/3763421050 <== mon.0 v2:172.21.15.97:3300/0 6 ==== mon_command_ack([{"prefix": "get_command_descriptions"}]=0 v0) ==== 72+0+187541 (secure 0 0 0) 0x7f068404d280 con 0x7f069410ecf0
2024-03-27T10:43:57.989 INFO:teuthology.orchestra.run.smithi097.stdout:/usr/bin/ceph: stderr
2024-03-27T10:43:57.234+0000 7f0698c00700 1 -- 172.21.15.97:0/3763421050 --> [v2:172.21.15.97:3300/0,v1:172.21.15.97:6789/0] -- mon_command({"prefix": "mgr module enable", "module": "cephadm"} v 0) -- 0x7f06941a5a50 con 0x7f069410ecf0
2024-03-27T10:43:57.989 INFO:teuthology.orchestra.run.smithi097.stdout:/usr/bin/ceph: stderr
2024-03-27T10:43:57.287+0000 7f068be00700 1 -- 172.21.15.97:0/3763421050 <== mon.0 v2:172.21.15.97:3300/0 7 ==== mon_command_ack([{"prefix": "mgr module enable", "module": "cephadm"}]=0 v5) ==== 86+0+0 (secure 0 0 0) 0x7f06941a5a50 con 0x7f069410ecf0
2024-03-27T10:43:57.990 INFO:teuthology.orchestra.run.smithi097.stdout:/usr/bin/ceph: stderr
2024-03-27T10:43:57.291+0000 7f068be00700 1 -- 172.21.15.97:0/3763421050 <== mon.0 v2:172.21.15.97:3300/0 8 ==== mgrmap(e 5) ==== 46466+0+0 (secure 0 0 0) 0x7f068402d770 con 0x7f069410ecf0
2024-03-27T10:43:57.990 INFO:teuthology.orchestra.run.smithi097.stdout:/usr/bin/ceph: stderr
2024-03-27T10:43:57.292+0000 7f0698c00700 1 -- 172.21.15.97:0/3763421050 >> [v2:172.21.15.97:6800/98682155,v1:172.21.15.97:6801/98682155] conn(0x7f06780393d0 msgr2=0x7f067803b890 secure :-1 s=STATE_CONNECTION_ESTABLISHED l=1).mark_down
2024-03-27T10:43:57.990 INFO:teuthology.orchestra.run.smithi097.stdout:/usr/bin/ceph: stderr
2024-03-27T10:43:57.292+0000 7f0698c00700 1 --2- 172.21.15.97:0/3763421050 >> [v2:172.21.15.97:6800/98682155,v1:172.21.15.97:6801/98682155] conn(0x7f06780393d0 0x7f067803b890 secure :-1 s=READY pgs=8 cs=0 l=1 rev1=1 crypto rx=0x7f0680006fd0 tx=0x7f0680006e40 comp rx=0 tx=0).stop
2024-03-27T10:43:57.990 INFO:teuthology.orchestra.run.smithi097.stdout:/usr/bin/ceph: stderr
2024-03-27T10:43:57.292+0000 7f0698c00700 1 -- 172.21.15.97:0/3763421050 >> [v2:172.21.15.97:3300/0,v1:172.21.15.97:6789/0] conn(0x7f069410ecf0 msgr2=0x7f06941a23c0 secure :-1 s=STATE_CONNECTION_ESTABLISHED l=1).mark_down
2024-03-27T10:43:57.990 INFO:teuthology.orchestra.run.smithi097.stdout:/usr/bin/ceph: stderr
2024-03-27T10:43:57.292+0000 7f0698c00700 1 --2- 172.21.15.97:0/3763421050 >> [v2:172.21.15.97:3300/0,v1:172.21.15.97:6789/0] conn(0x7f069410ecf0 0x7f06941a23c0 secure :-1 s=READY pgs=23 cs=0 l=1 rev1=1 crypto rx=0x7f0684011a50 tx=0x7f0684004290 comp rx=0 tx=0).stop
2024-03-27T10:43:57.990 INFO:teuthology.orchestra.run.smithi097.stdout:/usr/bin/ceph: stderr
2024-03-27T10:43:57.293+0000 7f0698c00700 1 -- 172.21.15.97:0/3763421050 shutdown_connections
2024-03-27T10:43:57.990 INFO:teuthology.orchestra.run.smithi097.stdout:/usr/bin/ceph: stderr
2024-03-27T10:43:57.293+0000 7f0698c00700 1 --2- 172.21.15.97:0/3763421050 >> [v2:172.21.15.97:6800/98682155,v1:172.21.15.97:6801/98682155] conn(0x7f06780393d0 0x7f067803b890 unknown :-1 s=CLOSED pgs=8 cs=0 l=1 rev1=1 crypto rx=0 tx=0 comp rx=0 tx=0).stop
2024-03-27T10:43:57.990 INFO:teuthology.orchestra.run.smithi097.stdout:/usr/bin/ceph: stderr
2024-03-27T10:43:57.293+0000 7f0698c00700 1 --2- 172.21.15.97:0/3763421050 >> [v2:172.21.15.97:3300/0,v1:172.21.15.97:6789/0] conn(0x7f069410ecf0 0x7f06941a23c0 unknown :-1 s=CLOSED pgs=23 cs=0 l=1 rev1=1 crypto rx=0 tx=0 comp rx=0 tx=0).stop
2024-03-27T10:43:57.990 INFO:teuthology.orchestra.run.smithi097.stdout:/usr/bin/ceph: stderr
2024-03-27T10:43:57.293+0000 7f0698c00700 1 -- 172.21.15.97:0/3763421050 >> 172.21.15.97:0/3763421050 conn(0x7f069407d410 msgr2=0x7f069407e010 unknown :-1 s=STATE_NONE l=0).mark_down
2024-03-27T10:43:57.990 INFO:teuthology.orchestra.run.smithi097.stdout:/usr/bin/ceph: stderr
2024-03-27T10:43:57.293+0000 7f0698c00700 1 -- 172.21.15.97:0/3763421050 shutdown_connections
2024-03-27T10:43:57.990 INFO:teuthology.orchestra.run.smithi097.stdout:/usr/bin/ceph: stderr
2024-03-27T10:43:57.293+0000 7f0698c00700 1 -- 172.21.15.97:0/3763421050 wait complete.
2024-03-27T10:43:58.268 INFO:journalctl@ceph.mgr.x.smithi097.stdout:Mar 27 10:43:58 smithi097 ceph-adca88c4-ec26-11ee-95d0-87774f69a715-mgr-x[32086]:
2024-03-27T10:43:58.062+0000 7fd2aef3c200 -1 mgr[py] Module osd_perf_query has missing NOTIFY_TYPES member
2024-03-27T10:43:58.269 INFO:journalctl@ceph.mgr.x.smithi097.stdout:Mar 27 10:43:58 smithi097 ceph-adca88c4-ec26-11ee-95d0-87774f69a715-mgr-x[32086]:
2024-03-27T10:43:58.181+0000 7fd2aef3c200 -1 mgr[py] Module snap_schedule has missing NOTIFY_TYPES member
2024-03-27T10:43:58.573 INFO:journalctl@ceph.mon.a.smithi097.stdout:Mar 27 10:43:58 smithi097 ceph-mon[31859]: from='client.? 172.21.15.97:0/3763421050' entity='client.admin' cmd='[{"prefix": "mgr module enable", "module": "cephadm"}]': finished
2024-03-27T10:43:58.573 INFO:journalctl@ceph.mon.a.smithi097.stdout:Mar 27 10:43:58 smithi097 ceph-mon[31859]: mgrmap e5: x(active, since 5s)
2024-03-27T10:43:59.143 INFO:journalctl@ceph.mgr.x.smithi097.stdout:Mar 27 10:43:58 smithi097 ceph-adca88c4-ec26-11ee-95d0-87774f69a715-mgr-x[32086]:
2024-03-27T10:43:58.981+0000 7fd2aef3c200 -1 mgr[py] Module zabbix has missing NOTIFY_TYPES member
2024-03-27T10:43:59.143 INFO:journalctl@ceph.mgr.x.smithi097.stdout:Mar 27 10:43:59 smithi097 ceph-adca88c4-ec26-11ee-95d0-87774f69a715-mgr-x[32086]:
2024-03-27T10:43:59.100+0000 7fd2aef3c200 -1 mgr[py] Module balancer has missing NOTIFY_TYPES member
2024-03-27T10:43:59.600 INFO:journalctl@ceph.mon.a.smithi097.stdout:Mar 27 10:43:59 smithi097 ceph-mon[31859]: from='client.? 172.21.15.97:0/1806622742' entity='client.admin' cmd=[{"prefix": "mgr stat"}]: dispatch
2024-03-27T10:43:59.601 INFO:journalctl@ceph.mgr.x.smithi097.stdout:Mar 27 10:43:59 smithi097 ceph-adca88c4-ec26-11ee-95d0-87774f69a715-mgr-x[32086]:
2024-03-27T10:43:59.286+0000 7fd2aef3c200 -1 mgr[py] Module influx has missing NOTIFY_TYPES member
2024-03-27T10:43:59.601 INFO:journalctl@ceph.mgr.x.smithi097.stdout:Mar 27 10:43:59 smithi097 ceph-adca88c4-ec26-11ee-95d0-87774f69a715-mgr-x[32086]:
2024-03-27T10:43:59.409+0000 7fd2aef3c200 -1 mgr[py] Module alerts has missing NOTIFY_TYPES member
2024-03-27T10:43:59.601 INFO:journalctl@ceph.mgr.x.smithi097.stdout:Mar 27 10:43:59 smithi097 ceph-adca88c4-ec26-11ee-95d0-87774f69a715-mgr-x[32086]:
2024-03-27T10:43:59.519+0000 7fd2aef3c200 -1 mgr[py] Module iostat has missing NOTIFY_TYPES member
2024-03-27T10:43:59.614 INFO:teuthology.orchestra.run.smithi097.stdout:/usr/bin/ceph: stdout {
2024-03-27T10:43:59.614 INFO:teuthology.orchestra.run.smithi097.stdout:/usr/bin/ceph: stdout "epoch": 5,
2024-03-27T10:43:59.614 INFO:teuthology.orchestra.run.smithi097.stdout:/usr/bin/ceph: stdout "available": true,
2024-03-27T10:43:59.615 INFO:teuthology.orchestra.run.smithi097.stdout:/usr/bin/ceph: stdout "active_name": "x",
2024-03-27T10:43:59.615 INFO:teuthology.orchestra.run.smithi097.stdout:/usr/bin/ceph: stdout "num_standby": 0
2024-03-27T10:43:59.615 INFO:teuthology.orchestra.run.smithi097.stdout:/usr/bin/ceph: stdout }
2024-03-27T10:43:59.615 INFO:teuthology.orchestra.run.smithi097.stdout:/usr/bin/ceph: stderr
2024-03-27T10:43:58.598+0000 7f264b000700 1 Processor -- start
2024-03-27T10:43:59.615 INFO:teuthology.orchestra.run.smithi097.stdout:/usr/bin/ceph: stderr
2024-03-27T10:43:58.598+0000 7f264b000700 1 -- start start
2024-03-27T10:43:59.615 INFO:teuthology.orchestra.run.smithi097.stdout:/usr/bin/ceph: stderr
2024-03-27T10:43:58.599+0000 7f264b000700 1 --2- >> [v2:172.21.15.97:3300/0,v1:172.21.15.97:6789/0] conn(0x7f264407dee0 0x7f264407c340 unknown :-1 s=NONE pgs=0 cs=0 l=0 rev1=0 crypto rx=0 tx=0 comp rx=0 tx=0).connect
2024-03-27T10:43:59.615 INFO:teuthology.orchestra.run.smithi097.stdout:/usr/bin/ceph: stderr
2024-03-27T10:43:58.599+0000 7f264b000700 1 -- --> [v2:172.21.15.97:3300/0,v1:172.21.15.97:6789/0] -- mon_getmap magic: 0 -- 0x7f264407c910 con 0x7f264407dee0
2024-03-27T10:43:59.615 INFO:teuthology.orchestra.run.smithi097.stdout:/usr/bin/ceph: stderr
2024-03-27T10:43:58.599+0000 7f2643e00700 1 --2- >> [v2:172.21.15.97:3300/0,v1:172.21.15.97:6789/0] conn(0x7f264407dee0 0x7f264407c340 unknown :-1 s=BANNER_CONNECTING pgs=0 cs=0 l=0 rev1=0 crypto rx=0 tx=0 comp rx=0 tx=0)._handle_peer_banner_payload supported=3 required=0
2024-03-27T10:43:59.615 INFO:teuthology.orchestra.run.smithi097.stdout:/usr/bin/ceph: stderr
2024-03-27T10:43:58.599+0000 7f2643e00700 1 --2- >> [v2:172.21.15.97:3300/0,v1:172.21.15.97:6789/0] conn(0x7f264407dee0 0x7f264407c340 unknown :-1 s=HELLO_CONNECTING pgs=0 cs=0 l=0 rev1=1 crypto rx=0 tx=0 comp rx=0 tx=0).handle_hello peer v2:172.21.15.97:3300/0 says I am v2:172.21.15.97:45526/0 (socket says 172.21.15.97:45526)
2024-03-27T10:43:59.615 INFO:teuthology.orchestra.run.smithi097.stdout:/usr/bin/ceph: stderr
2024-03-27T10:43:58.599+0000 7f2643e00700 1 -- 172.21.15.97:0/2669546839 learned_addr learned my addr 172.21.15.97:0/2669546839 (peer_addr_for_me v2:172.21.15.97:0/0)
2024-03-27T10:43:59.615 INFO:teuthology.orchestra.run.smithi097.stdout:/usr/bin/ceph: stderr
2024-03-27T10:43:58.599+0000 7f2643e00700 1 -- 172.21.15.97:0/2669546839 --> [v2:172.21.15.97:3300/0,v1:172.21.15.97:6789/0] -- mon_subscribe({config=0+,monmap=0+}) -- 0x7f264407ca90 con 0x7f264407dee0
2024-03-27T10:43:59.615 INFO:teuthology.orchestra.run.smithi097.stdout:/usr/bin/ceph: stderr
2024-03-27T10:43:58.600+0000 7f2643e00700 1 --2- 172.21.15.97:0/2669546839 >> [v2:172.21.15.97:3300/0,v1:172.21.15.97:6789/0] conn(0x7f264407dee0 0x7f264407c340 secure :-1 s=READY pgs=26 cs=0 l=1 rev1=1 crypto rx=0x7f26340098a0 tx=0x7f2634009bb0 comp rx=0 tx=0).ready entity=mon.0 client_cookie=a2888d895be8b882 server_cookie=0 in_seq=0 out_seq=0
2024-03-27T10:43:59.615 INFO:teuthology.orchestra.run.smithi097.stdout:/usr/bin/ceph: stderr
2024-03-27T10:43:58.600+0000 7f2643400700 1 -- 172.21.15.97:0/2669546839 <== mon.0 v2:172.21.15.97:3300/0 1 ==== mon_map magic: 0 ==== 205+0+0 (secure 0 0 0) 0x7f2634004160 con 0x7f264407dee0
2024-03-27T10:43:59.616 INFO:teuthology.orchestra.run.smithi097.stdout:/usr/bin/ceph: stderr
2024-03-27T10:43:58.600+0000 7f2643400700 1 -- 172.21.15.97:0/2669546839 <== mon.0 v2:172.21.15.97:3300/0 2 ==== config(26 keys) ==== 1071+0+0 (secure 0 0 0) 0x7f2634004300 con 0x7f264407dee0
2024-03-27T10:43:59.616 INFO:teuthology.orchestra.run.smithi097.stdout:/usr/bin/ceph: stderr
2024-03-27T10:43:58.600+0000 7f2643400700 1 -- 172.21.15.97:0/2669546839 <== mon.0 v2:172.21.15.97:3300/0 3 ==== mon_map magic: 0 ==== 205+0+0 (secure 0 0 0) 0x7f2634011a80 con 0x7f264407dee0
2024-03-27T10:43:59.616 INFO:teuthology.orchestra.run.smithi097.stdout:/usr/bin/ceph: stderr
2024-03-27T10:43:58.601+0000 7f264b000700 1 -- 172.21.15.97:0/2669546839 >> [v2:172.21.15.97:3300/0,v1:172.21.15.97:6789/0] conn(0x7f264407dee0 msgr2=0x7f264407c340 secure :-1 s=STATE_CONNECTION_ESTABLISHED l=1).mark_down
2024-03-27T10:43:59.616 INFO:teuthology.orchestra.run.smithi097.stdout:/usr/bin/ceph: stderr
2024-03-27T10:43:58.601+0000 7f264b000700 1 --2- 172.21.15.97:0/2669546839 >> [v2:172.21.15.97:3300/0,v1:172.21.15.97:6789/0] conn(0x7f264407dee0 0x7f264407c340 secure :-1 s=READY pgs=26 cs=0 l=1 rev1=1 crypto rx=0x7f26340098a0 tx=0x7f2634009bb0 comp rx=0 tx=0).stop
2024-03-27T10:43:59.616 INFO:teuthology.orchestra.run.smithi097.stdout:/usr/bin/ceph: stderr
2024-03-27T10:43:58.601+0000 7f264b000700 1 -- 172.21.15.97:0/2669546839 shutdown_connections
2024-03-27T10:43:59.616 INFO:teuthology.orchestra.run.smithi097.stdout:/usr/bin/ceph: stderr
2024-03-27T10:43:58.601+0000 7f264b000700 1 --2- 172.21.15.97:0/2669546839 >> [v2:172.21.15.97:3300/0,v1:172.21.15.97:6789/0] conn(0x7f264407dee0 0x7f264407c340 unknown :-1 s=CLOSED pgs=26 cs=0 l=1 rev1=1 crypto rx=0 tx=0 comp rx=0 tx=0).stop
2024-03-27T10:43:59.616 INFO:teuthology.orchestra.run.smithi097.stdout:/usr/bin/ceph: stderr
2024-03-27T10:43:58.601+0000 7f264b000700 1 -- 172.21.15.97:0/2669546839 >> 172.21.15.97:0/2669546839 conn(0x7f2644103570 msgr2=0x7f26441059d0 unknown :-1 s=STATE_NONE l=0).mark_down
2024-03-27T10:43:59.616 INFO:teuthology.orchestra.run.smithi097.stdout:/usr/bin/ceph: stderr
2024-03-27T10:43:58.601+0000 7f264b000700 1 -- 172.21.15.97:0/2669546839 shutdown_connections
2024-03-27T10:43:59.616 INFO:teuthology.orchestra.run.smithi097.stdout:/usr/bin/ceph: stderr
2024-03-27T10:43:58.601+0000 7f264b000700 1 -- 172.21.15.97:0/2669546839 wait complete.
2024-03-27T10:43:59.616 INFO:teuthology.orchestra.run.smithi097.stdout:/usr/bin/ceph: stderr
2024-03-27T10:43:58.602+0000 7f264b000700 1 Processor -- start
2024-03-27T10:43:59.616 INFO:teuthology.orchestra.run.smithi097.stdout:/usr/bin/ceph: stderr
2024-03-27T10:43:58.602+0000 7f264b000700 1 -- start start
2024-03-27T10:43:59.616 INFO:teuthology.orchestra.run.smithi097.stdout:/usr/bin/ceph: stderr
2024-03-27T10:43:58.602+0000 7f264b000700 1 --2- >> [v2:172.21.15.97:3300/0,v1:172.21.15.97:6789/0] conn(0x7f264407dee0 0x7f264419e150 unknown :-1 s=NONE pgs=0 cs=0 l=1 rev1=0 crypto rx=0 tx=0 comp rx=0 tx=0).connect
2024-03-27T10:43:59.617 INFO:teuthology.orchestra.run.smithi097.stdout:/usr/bin/ceph: stderr
2024-03-27T10:43:58.603+0000 7f264b000700 1 -- --> [v2:172.21.15.97:3300/0,v1:172.21.15.97:6789/0] -- mon_getmap magic: 0 -- 0x7f264410e520 con 0x7f264407dee0
2024-03-27T10:43:59.617 INFO:teuthology.orchestra.run.smithi097.stdout:/usr/bin/ceph: stderr
2024-03-27T10:43:58.603+0000 7f2643e00700 1 --2- >> [v2:172.21.15.97:3300/0,v1:172.21.15.97:6789/0] conn(0x7f264407dee0 0x7f264419e150 unknown :-1 s=BANNER_CONNECTING pgs=0 cs=0 l=1 rev1=0 crypto rx=0 tx=0 comp rx=0 tx=0)._handle_peer_banner_payload supported=3 required=0
2024-03-27T10:43:59.617 INFO:teuthology.orchestra.run.smithi097.stdout:/usr/bin/ceph: stderr
2024-03-27T10:43:58.603+0000 7f2643e00700 1 --2- >> [v2:172.21.15.97:3300/0,v1:172.21.15.97:6789/0] conn(0x7f264407dee0 0x7f264419e150 unknown :-1 s=HELLO_CONNECTING pgs=0 cs=0 l=1 rev1=1 crypto rx=0 tx=0 comp rx=0 tx=0).handle_hello peer v2:172.21.15.97:3300/0 says I am v2:172.21.15.97:45538/0 (socket says 172.21.15.97:45538)
2024-03-27T10:43:59.617 INFO:teuthology.orchestra.run.smithi097.stdout:/usr/bin/ceph: stderr
2024-03-27T10:43:58.603+0000 7f2643e00700 1 -- 172.21.15.97:0/1806622742 learned_addr learned my addr 172.21.15.97:0/1806622742 (peer_addr_for_me v2:172.21.15.97:0/0)
2024-03-27T10:43:59.617 INFO:teuthology.orchestra.run.smithi097.stdout:/usr/bin/ceph: stderr
2024-03-27T10:43:58.603+0000 7f2643e00700 1 -- 172.21.15.97:0/1806622742 --> [v2:172.21.15.97:3300/0,v1:172.21.15.97:6789/0] -- mon_subscribe({config=0+,monmap=0+}) -- 0x7f264419e690 con 0x7f264407dee0
2024-03-27T10:43:59.617 INFO:teuthology.orchestra.run.smithi097.stdout:/usr/bin/ceph: stderr
2024-03-27T10:43:58.603+0000 7f2643e00700 1 --2- 172.21.15.97:0/1806622742 >> [v2:172.21.15.97:3300/0,v1:172.21.15.97:6789/0] conn(0x7f264407dee0 0x7f264419e150 secure :-1 s=READY pgs=27 cs=0 l=1 rev1=1 crypto rx=0x7f2634000c00 tx=0x7f2634004290 comp rx=0 tx=0).ready entity=mon.0 client_cookie=0 server_cookie=0 in_seq=0 out_seq=0
2024-03-27T10:43:59.617 INFO:teuthology.orchestra.run.smithi097.stdout:/usr/bin/ceph: stderr
2024-03-27T10:43:58.604+0000 7f2641600700 1 -- 172.21.15.97:0/1806622742 <== mon.0 v2:172.21.15.97:3300/0 1 ==== mon_map magic: 0 ==== 205+0+0 (secure 0 0 0) 0x7f26340039c0 con 0x7f264407dee0
2024-03-27T10:43:59.617 INFO:teuthology.orchestra.run.smithi097.stdout:/usr/bin/ceph: stderr
2024-03-27T10:43:58.604+0000 7f2641600700 1 -- 172.21.15.97:0/1806622742 <== mon.0 v2:172.21.15.97:3300/0 2 ==== config(26 keys) ==== 1071+0+0 (secure 0 0 0) 0x7f2634003b60 con 0x7f264407dee0
2024-03-27T10:43:59.617 INFO:teuthology.orchestra.run.smithi097.stdout:/usr/bin/ceph: stderr
2024-03-27T10:43:58.604+0000 7f2641600700 1 -- 172.21.15.97:0/1806622742 <== mon.0 v2:172.21.15.97:3300/0 3 ==== mon_map magic: 0 ==== 205+0+0 (secure 0 0 0) 0x7f263401a6f0 con 0x7f264407dee0
2024-03-27T10:43:59.617 INFO:teuthology.orchestra.run.smithi097.stdout:/usr/bin/ceph: stderr
2024-03-27T10:43:58.604+0000 7f264b000700 1 -- 172.21.15.97:0/1806622742 --> [v2:172.21.15.97:3300/0,v1:172.21.15.97:6789/0] -- mon_subscribe({mgrmap=0+}) -- 0x7f264419e920 con 0x7f264407dee0
2024-03-27T10:43:59.617 INFO:teuthology.orchestra.run.smithi097.stdout:/usr/bin/ceph: stderr
2024-03-27T10:43:58.604+0000 7f264b000700 1 -- 172.21.15.97:0/1806622742 --> [v2:172.21.15.97:3300/0,v1:172.21.15.97:6789/0] -- mon_subscribe({osdmap=0}) -- 0x7f26441a1610 con 0x7f264407dee0
2024-03-27T10:43:59.617 INFO:teuthology.orchestra.run.smithi097.stdout:/usr/bin/ceph: stderr
2024-03-27T10:43:58.605+0000 7f2641600700 1 -- 172.21.15.97:0/1806622742 <== mon.0 v2:172.21.15.97:3300/0 4 ==== mgrmap(e 5) ==== 46466+0+0 (secure 0 0 0) 0x7f263401a9a0 con 0x7f264407dee0
2024-03-27T10:43:59.618 INFO:teuthology.orchestra.run.smithi097.stdout:/usr/bin/ceph: stderr
2024-03-27T10:43:58.605+0000 7f264b000700 1 -- 172.21.15.97:0/1806622742 --> [v2:172.21.15.97:3300/0,v1:172.21.15.97:6789/0] -- mon_command({"prefix": "get_command_descriptions"} v 0) -- 0x7f2644063c70 con 0x7f264407dee0
2024-03-27T10:43:59.618 INFO:teuthology.orchestra.run.smithi097.stdout:/usr/bin/ceph: stderr
2024-03-27T10:43:58.605+0000 7f2641600700 1 --2- 172.21.15.97:0/1806622742 >> [v2:172.21.15.97:6800/98682155,v1:172.21.15.97:6801/98682155] conn(0x7f26240393d0 0x7f262403b890 unknown :-1 s=NONE pgs=0 cs=0 l=1 rev1=0 crypto rx=0 tx=0 comp rx=0 tx=0).connect
2024-03-27T10:43:59.618 INFO:teuthology.orchestra.run.smithi097.stdout:/usr/bin/ceph: stderr
2024-03-27T10:43:58.605+0000 7f2641600700 1 -- 172.21.15.97:0/1806622742 <== mon.0 v2:172.21.15.97:3300/0 5 ==== osd_map(1..1 src has 1..1) ==== 725+0+0 (secure 0 0 0) 0x7f263404d7c0 con 0x7f264407dee0
2024-03-27T10:43:59.618 INFO:teuthology.orchestra.run.smithi097.stdout:/usr/bin/ceph: stderr
2024-03-27T10:43:58.605+0000 7f263b400700 1 -- 172.21.15.97:0/1806622742 >> [v2:172.21.15.97:6800/98682155,v1:172.21.15.97:6801/98682155] conn(0x7f26240393d0 msgr2=0x7f262403b890 unknown :-1 s=STATE_CONNECTING_RE l=1).process reconnect failed to v2:172.21.15.97:6800/98682155
2024-03-27T10:43:59.618 INFO:teuthology.orchestra.run.smithi097.stdout:/usr/bin/ceph: stderr
2024-03-27T10:43:58.606+0000 7f263b400700 1 --2- 172.21.15.97:0/1806622742 >> [v2:172.21.15.97:6800/98682155,v1:172.21.15.97:6801/98682155] conn(0x7f26240393d0 0x7f262403b890 unknown :-1 s=START_CONNECT pgs=0 cs=0 l=1 rev1=0 crypto rx=0 tx=0 comp rx=0 tx=0)._fault waiting 0.200000
2024-03-27T10:43:59.618 INFO:teuthology.orchestra.run.smithi097.stdout:/usr/bin/ceph: stderr
2024-03-27T10:43:58.611+0000 7f2641600700 1 -- 172.21.15.97:0/1806622742 <== mon.0 v2:172.21.15.97:3300/0 6 ==== mon_command_ack([{"prefix": "get_command_descriptions"}]=0 v0) ==== 72+0+187541 (secure 0 0 0) 0x7f2634020240 con 0x7f264407dee0
2024-03-27T10:43:59.618 INFO:teuthology.orchestra.run.smithi097.stdout:/usr/bin/ceph: stderr
2024-03-27T10:43:58.807+0000 7f263b400700 1 -- 172.21.15.97:0/1806622742 >> [v2:172.21.15.97:6800/98682155,v1:172.21.15.97:6801/98682155] conn(0x7f26240393d0 msgr2=0x7f262403b890 unknown :-1 s=STATE_CONNECTING_RE l=1).process reconnect failed to v2:172.21.15.97:6800/98682155
2024-03-27T10:43:59.618 INFO:teuthology.orchestra.run.smithi097.stdout:/usr/bin/ceph: stderr
2024-03-27T10:43:58.807+0000 7f263b400700 1 --2- 172.21.15.97:0/1806622742 >> [v2:172.21.15.97:6800/98682155,v1:172.21.15.97:6801/98682155] conn(0x7f26240393d0 0x7f262403b890 unknown :-1 s=START_CONNECT pgs=0 cs=0 l=1 rev1=0 crypto rx=0 tx=0 comp rx=0 tx=0)._fault waiting 0.400000
2024-03-27T10:43:59.618 INFO:teuthology.orchestra.run.smithi097.stdout:/usr/bin/ceph: stderr
2024-03-27T10:43:58.895+0000 7f264b000700 1 -- 172.21.15.97:0/1806622742 --> [v2:172.21.15.97:3300/0,v1:172.21.15.97:6789/0] -- mon_command({"prefix": "mgr stat"} v 0) -- 0x7f26441a17e0 con 0x7f264407dee0
2024-03-27T10:43:59.618 INFO:teuthology.orchestra.run.smithi097.stdout:/usr/bin/ceph: stderr
2024-03-27T10:43:58.896+0000 7f2641600700 1 -- 172.21.15.97:0/1806622742 <== mon.0 v2:172.21.15.97:3300/0 7 ==== mon_command_ack([{"prefix": "mgr stat"}]=0 v5) ==== 56+0+88 (secure 0 0 0) 0x7f26441a17e0 con 0x7f264407dee0
2024-03-27T10:43:59.618 INFO:teuthology.orchestra.run.smithi097.stdout:/usr/bin/ceph: stderr
2024-03-27T10:43:58.899+0000 7f264b000700 1 -- 172.21.15.97:0/1806622742 >> [v2:172.21.15.97:6800/98682155,v1:172.21.15.97:6801/98682155] conn(0x7f26240393d0 msgr2=0x7f262403b890 unknown :-1 s=STATE_CONNECTING l=1).mark_down
2024-03-27T10:43:59.619 INFO:teuthology.orchestra.run.smithi097.stdout:/usr/bin/ceph: stderr
2024-03-27T10:43:58.899+0000 7f264b000700 1 --2- 172.21.15.97:0/1806622742 >> [v2:172.21.15.97:6800/98682155,v1:172.21.15.97:6801/98682155] conn(0x7f26240393d0 0x7f262403b890 unknown :-1 s=START_CONNECT pgs=0 cs=0 l=1 rev1=0 crypto rx=0 tx=0 comp rx=0 tx=0).stop
2024-03-27T10:43:59.619 INFO:teuthology.orchestra.run.smithi097.stdout:/usr/bin/ceph: stderr
2024-03-27T10:43:58.899+0000 7f264b000700 1 -- 172.21.15.97:0/1806622742 >> [v2:172.21.15.97:3300/0,v1:172.21.15.97:6789/0] conn(0x7f264407dee0 msgr2=0x7f264419e150 secure :-1 s=STATE_CONNECTION_ESTABLISHED l=1).mark_down
2024-03-27T10:43:59.619 INFO:teuthology.orchestra.run.smithi097.stdout:/usr/bin/ceph: stderr
2024-03-27T10:43:58.899+0000 7f264b000700 1 --2- 172.21.15.97:0/1806622742 >> [v2:172.21.15.97:3300/0,v1:172.21.15.97:6789/0] conn(0x7f264407dee0 0x7f264419e150 secure :-1 s=READY pgs=27 cs=0 l=1 rev1=1 crypto rx=0x7f2634000c00 tx=0x7f2634004290 comp rx=0 tx=0).stop
2024-03-27T10:43:59.619 INFO:teuthology.orchestra.run.smithi097.stdout:/usr/bin/ceph: stderr
2024-03-27T10:43:58.899+0000 7f264b000700 1 -- 172.21.15.97:0/1806622742 shutdown_connections
2024-03-27T10:43:59.619 INFO:teuthology.orchestra.run.smithi097.stdout:/usr/bin/ceph: stderr
2024-03-27T10:43:58.899+0000 7f264b000700 1 --2- 172.21.15.97:0/1806622742 >> [v2:172.21.15.97:6800/98682155,v1:172.21.15.97:6801/98682155] conn(0x7f26240393d0 0x7f262403b890 unknown :-1 s=CLOSED pgs=0 cs=0 l=1 rev1=0 crypto rx=0 tx=0 comp rx=0 tx=0).stop
2024-03-27T10:43:59.619 INFO:teuthology.orchestra.run.smithi097.stdout:/usr/bin/ceph: stderr
2024-03-27T10:43:58.899+0000 7f264b000700 1 --2- 172.21.15.97:0/1806622742 >> [v2:172.21.15.97:3300/0,v1:172.21.15.97:6789/0] conn(0x7f264407dee0 0x7f264419e150 unknown :-1 s=CLOSED pgs=27 cs=0 l=1 rev1=1 crypto rx=0 tx=0 comp rx=0 tx=0).stop
2024-03-27T10:43:59.619 INFO:teuthology.orchestra.run.smithi097.stdout:/usr/bin/ceph: stderr
2024-03-27T10:43:58.899+0000 7f264b000700 1 -- 172.21.15.97:0/1806622742 >> 172.21.15.97:0/1806622742 conn(0x7f2644103570 msgr2=0x7f2644104150 unknown :-1 s=STATE_NONE l=0).mark_down
2024-03-27T10:43:59.619 INFO:teuthology.orchestra.run.smithi097.stdout:/usr/bin/ceph: stderr
2024-03-27T10:43:58.899+0000 7f264b000700 1 -- 172.21.15.97:0/1806622742 shutdown_connections
2024-03-27T10:43:59.619 INFO:teuthology.orchestra.run.smithi097.stdout:/usr/bin/ceph: stderr
2024-03-27T10:43:58.899+0000 7f264b000700 1 -- 172.21.15.97:0/1806622742 wait complete.
2024-03-27T10:43:59.619 INFO:teuthology.orchestra.run.smithi097.stdout:Waiting for the mgr to restart...
2024-03-27T10:43:59.620 INFO:teuthology.orchestra.run.smithi097.stdout:Waiting for mgr epoch 5...
2024-03-27T10:43:59.871 INFO:journalctl@ceph.mgr.x.smithi097.stdout:Mar 27 10:43:59 smithi097 ceph-adca88c4-ec26-11ee-95d0-87774f69a715-mgr-x[32086]:
2024-03-27T10:43:59.858+0000 7fd2aef3c200 -1 mgr[py] Module rgw has missing NOTIFY_TYPES member
2024-03-27T10:44:00.143 INFO:journalctl@ceph.mgr.x.smithi097.stdout:Mar 27 10:44:00 smithi097 ceph-adca88c4-ec26-11ee-95d0-87774f69a715-mgr-x[32086]:
2024-03-27T10:44:00.007+0000 7fd2aef3c200 -1 mgr[py] Module rbd_support has missing NOTIFY_TYPES member
2024-03-27T10:44:00.144 INFO:journalctl@ceph.mgr.x.smithi097.stdout:Mar 27 10:44:00 smithi097 ceph-adca88c4-ec26-11ee-95d0-87774f69a715-mgr-x[32086]:
2024-03-27T10:44:00.127+0000 7fd2aef3c200 -1 mgr[py] Module progress has missing NOTIFY_TYPES member
2024-03-27T10:44:00.460 INFO:journalctl@ceph.mgr.x.smithi097.stdout:Mar 27 10:44:00 smithi097 ceph-adca88c4-ec26-11ee-95d0-87774f69a715-mgr-x[32086]:
2024-03-27T10:44:00.257+0000 7fd2aef3c200 -1 mgr[py] Module pg_autoscaler has missing NOTIFY_TYPES member
2024-03-27T10:44:00.785 INFO:journalctl@ceph.mgr.x.smithi097.stdout:Mar 27 10:44:00 smithi097 ceph-adca88c4-ec26-11ee-95d0-87774f69a715-mgr-x[32086]:
2024-03-27T10:44:00.486+0000 7fd2aef3c200 -1 mgr[py] Module devicehealth has missing NOTIFY_TYPES member
2024-03-27T10:44:02.144 INFO:journalctl@ceph.mgr.x.smithi097.stdout:Mar 27 10:44:01 smithi097 ceph-adca88c4-ec26-11ee-95d0-87774f69a715-mgr-x[32086]:
2024-03-27T10:44:01.772+0000 7fd2aef3c200 -1 mgr[py] Module rook has missing NOTIFY_TYPES member
2024-03-27T10:44:02.144 INFO:journalctl@ceph.mgr.x.smithi097.stdout:Mar 27 10:44:01 smithi097 ceph-adca88c4-ec26-11ee-95d0-87774f69a715-mgr-x[32086]:
2024-03-27T10:44:01.940+0000 7fd2aef3c200 -1 mgr[py] Module diskprediction_local has missing NOTIFY_TYPES member
2024-03-27T10:44:02.643 INFO:journalctl@ceph.mgr.x.smithi097.stdout:Mar 27 10:44:02 smithi097 ceph-adca88c4-ec26-11ee-95d0-87774f69a715-mgr-x[32086]:
2024-03-27T10:44:02.350+0000 7fd2aef3c200 -1 mgr[py] Module selftest has missing NOTIFY_TYPES member
2024-03-27T10:44:02.644 INFO:journalctl@ceph.mgr.x.smithi097.stdout:Mar 27 10:44:02 smithi097 ceph-adca88c4-ec26-11ee-95d0-87774f69a715-mgr-x[32086]:
2024-03-27T10:44:02.467+0000 7fd2aef3c200 -1 mgr[py] Module telegraf has missing NOTIFY_TYPES member
2024-03-27T10:44:03.143 INFO:journalctl@ceph.mgr.x.smithi097.stdout:Mar 27 10:44:02 smithi097 ceph-adca88c4-ec26-11ee-95d0-87774f69a715-mgr-x[32086]:
2024-03-27T10:44:02.718+0000 7fd2aef3c200 -1 mgr[py] Module test_orchestrator has missing NOTIFY_TYPES member
2024-03-27T10:44:03.144 INFO:journalctl@ceph.mgr.x.smithi097.stdout:Mar 27 10:44:02 smithi097 ceph-adca88c4-ec26-11ee-95d0-87774f69a715-mgr-x[32086]:
2024-03-27T10:44:02.956+0000 7fd2aef3c200 -1 mgr[py] Module crash has missing NOTIFY_TYPES member
2024-03-27T10:44:03.608 INFO:journalctl@ceph.mgr.x.smithi097.stdout:Mar 27 10:44:03 smithi097 ceph-adca88c4-ec26-11ee-95d0-87774f69a715-mgr-x[32086]:
2024-03-27T10:44:03.321+0000 7fd2aef3c200 -1 mgr[py] Module orchestrator has missing NOTIFY_TYPES member
2024-03-27T10:44:03.608 INFO:journalctl@ceph.mgr.x.smithi097.stdout:Mar 27 10:44:03 smithi097 ceph-adca88c4-ec26-11ee-95d0-87774f69a715-mgr-x[32086]:
2024-03-27T10:44:03.633+0000 7fd2aef3c200 -1 mgr[py] Module osd_support has missing NOTIFY_TYPES member
2024-03-27T10:44:04.393 INFO:journalctl@ceph.mgr.x.smithi097.stdout:Mar 27 10:44:03 smithi097 ceph-adca88c4-ec26-11ee-95d0-87774f69a715-mgr-x[32086]:
2024-03-27T10:44:03.930+0000 7fd2aef3c200 -1 mgr[py] Module volumes has missing NOTIFY_TYPES member
2024-03-27T10:44:05.393 INFO:journalctl@ceph.mgr.x.smithi097.stdout:Mar 27 10:44:04 smithi097 ceph-adca88c4-ec26-11ee-95d0-87774f69a715-mgr-x[32086]:
2024-03-27T10:44:04.929+0000 7fd2aef3c200 -1 mgr[py] Module telemetry has missing NOTIFY_TYPES member
2024-03-27T10:44:05.894 INFO:journalctl@ceph.mgr.x.smithi097.stdout:Mar 27 10:44:05 smithi097 ceph-adca88c4-ec26-11ee-95d0-87774f69a715-mgr-x[32086]:
2024-03-27T10:44:05.615+0000 7fd2aef3c200 -1 mgr[py] Module prometheus has missing NOTIFY_TYPES member
2024-03-27T10:44:05.894 INFO:journalctl@ceph.mgr.x.smithi097.stdout:Mar 27 10:44:05 smithi097 ceph-adca88c4-ec26-11ee-95d0-87774f69a715-mgr-x[32086]:
2024-03-27T10:44:05.740+0000 7fd2aef3c200 -1 mgr[py] Module status has missing NOTIFY_TYPES member
2024-03-27T10:44:06.393 INFO:journalctl@ceph.mgr.x.smithi097.stdout:Mar 27 10:44:06 smithi097 ceph-adca88c4-ec26-11ee-95d0-87774f69a715-mgr-x[32086]:
2024-03-27T10:44:06.016+0000 7fd2aef3c200 -1 mgr[py] Module nfs has missing NOTIFY_TYPES member
2024-03-27T10:44:06.394 INFO:journalctl@ceph.mon.a.smithi097.stdout:Mar 27 10:44:06 smithi097 ceph-mon[31859]: Active manager daemon x restarted
2024-03-27T10:44:06.394 INFO:journalctl@ceph.mon.a.smithi097.stdout:Mar 27 10:44:06 smithi097 ceph-mon[31859]: Activating manager daemon x
2024-03-27T10:44:06.394 INFO:journalctl@ceph.mon.a.smithi097.stdout:Mar 27 10:44:06 smithi097 ceph-mon[31859]: osdmap e2: 0 total, 0 up, 0 in
2024-03-27T10:44:06.394 INFO:journalctl@ceph.mon.a.smithi097.stdout:Mar 27 10:44:06 smithi097 ceph-mon[31859]: mgrmap e6: x(active, starting, since 0.00457814s)
2024-03-27T10:44:06.394 INFO:journalctl@ceph.mon.a.smithi097.stdout:Mar 27 10:44:06 smithi097 ceph-mon[31859]: from='mgr.14120 172.21.15.97:0/4145774229' entity='mgr.x' cmd=[{"prefix": "mon metadata", "id": "a"}]: dispatch
2024-03-27T10:44:06.394 INFO:journalctl@ceph.mon.a.smithi097.stdout:Mar 27 10:44:06 smithi097 ceph-mon[31859]: from='mgr.14120 172.21.15.97:0/4145774229' entity='mgr.x' cmd=[{"prefix": "mgr metadata", "who": "x", "id": "x"}]: dispatch
2024-03-27T10:44:06.394 INFO:journalctl@ceph.mon.a.smithi097.stdout:Mar 27 10:44:06 smithi097 ceph-mon[31859]: from='mgr.14120 172.21.15.97:0/4145774229' entity='mgr.x' cmd=[{"prefix": "mds metadata"}]: dispatch
2024-03-27T10:44:06.394 INFO:journalctl@ceph.mon.a.smithi097.stdout:Mar 27 10:44:06 smithi097 ceph-mon[31859]: from='mgr.14120 172.21.15.97:0/4145774229' entity='mgr.x' cmd=[{"prefix": "osd metadata"}]: dispatch
2024-03-27T10:44:06.394 INFO:journalctl@ceph.mon.a.smithi097.stdout:Mar 27 10:44:06 smithi097 ceph-mon[31859]: from='mgr.14120 172.21.15.97:0/4145774229' entity='mgr.x' cmd=[{"prefix": "mon metadata"}]: dispatch
2024-03-27T10:44:06.395 INFO:journalctl@ceph.mon.a.smithi097.stdout:Mar 27 10:44:06 smithi097 ceph-mon[31859]: Manager daemon x is now available
2024-03-27T10:44:07.394 INFO:journalctl@ceph.mon.a.smithi097.stdout:Mar 27 10:44:07 smithi097 ceph-mon[31859]: Found migration_current of "None". Setting to last migration.
