2024-03-30T00:26:54.230+0000 7f8cd2000700 1 --2- 172.21.15.99:0/2473159990 >> [v2:172.21.15.99:3300/0,v1:172.21.15.99:6789/0] conn(0x7f8ccc07ad50 0x7f8ccc19c290 secure :-1 s=READY pgs=44 cs=0 l=1 rev1=1 crypto rx=0x7f8cbc003f20 tx=0x7f8cbc011f00 comp rx=0 tx=0).stop
2024-03-30T00:26:54.589 INFO:teuthology.orchestra.run.smithi099.stdout:/usr/bin/ceph: stderr
2024-03-30T00:26:54.230+0000 7f8cd2000700 1 -- 172.21.15.99:0/2473159990 shutdown_connections
2024-03-30T00:26:54.589 INFO:teuthology.orchestra.run.smithi099.stdout:/usr/bin/ceph: stderr
2024-03-30T00:26:54.230+0000 7f8cd2000700 1 --2- 172.21.15.99:0/2473159990 >> [v2:172.21.15.99:6800/1748928762,v1:172.21.15.99:6801/1748928762] conn(0x7f8cb0038750 0x7f8cb003ac10 unknown :-1 s=CLOSED pgs=11 cs=0 l=1 rev1=1 crypto rx=0 tx=0 comp rx=0 tx=0).stop
2024-03-30T00:26:54.589 INFO:teuthology.orchestra.run.smithi099.stdout:/usr/bin/ceph: stderr
2024-03-30T00:26:54.230+0000 7f8cd2000700 1 --2- 172.21.15.99:0/2473159990 >> [v2:172.21.15.99:3300/0,v1:172.21.15.99:6789/0] conn(0x7f8ccc07ad50 0x7f8ccc19c290 unknown :-1 s=CLOSED pgs=44 cs=0 l=1 rev1=1 crypto rx=0 tx=0 comp rx=0 tx=0).stop
2024-03-30T00:26:54.589 INFO:teuthology.orchestra.run.smithi099.stdout:/usr/bin/ceph: stderr
2024-03-30T00:26:54.230+0000 7f8cd2000700 1 -- 172.21.15.99:0/2473159990 >> 172.21.15.99:0/2473159990 conn(0x7f8ccc1019a0 msgr2=0x7f8ccc1025a0 unknown :-1 s=STATE_NONE l=0).mark_down
2024-03-30T00:26:54.589 INFO:teuthology.orchestra.run.smithi099.stdout:/usr/bin/ceph: stderr
2024-03-30T00:26:54.231+0000 7f8cd2000700 1 -- 172.21.15.99:0/2473159990 shutdown_connections
2024-03-30T00:26:54.589 INFO:teuthology.orchestra.run.smithi099.stdout:/usr/bin/ceph: stderr
2024-03-30T00:26:54.231+0000 7f8cd2000700 1 -- 172.21.15.99:0/2473159990 wait complete.
2024-03-30T00:26:54.589 INFO:teuthology.orchestra.run.smithi099.stdout:Deploying unmanaged mon service...
2024-03-30T00:26:55.418 INFO:journalctl@ceph.mon.a.smithi099.stdout:Mar 30 00:26:55 smithi099 ceph-mon[38079]: from='mgr.14118 172.21.15.99:0/1199735907' entity='mgr.x'
2024-03-30T00:26:55.418 INFO:journalctl@ceph.mon.a.smithi099.stdout:Mar 30 00:26:55 smithi099 ceph-mon[38079]: Added host smithi099
2024-03-30T00:26:55.418 INFO:journalctl@ceph.mon.a.smithi099.stdout:Mar 30 00:26:55 smithi099 ceph-mon[38079]: from='mgr.14118 172.21.15.99:0/1199735907' entity='mgr.x' cmd=[{"prefix": "config dump", "format": "json"}]: dispatch
2024-03-30T00:26:55.690 INFO:teuthology.orchestra.run.smithi099.stdout:/usr/bin/ceph: stdout Scheduled mon update...
2024-03-30T00:26:55.690 INFO:teuthology.orchestra.run.smithi099.stdout:/usr/bin/ceph: stderr
2024-03-30T00:26:55.021+0000 7fdcd8800700 1 Processor -- start
2024-03-30T00:26:55.690 INFO:teuthology.orchestra.run.smithi099.stdout:/usr/bin/ceph: stderr
2024-03-30T00:26:55.021+0000 7fdcd8800700 1 -- start start
2024-03-30T00:26:55.690 INFO:teuthology.orchestra.run.smithi099.stdout:/usr/bin/ceph: stderr
2024-03-30T00:26:55.021+0000 7fdcd8800700 1 --2- >> [v2:172.21.15.99:3300/0,v1:172.21.15.99:6789/0] conn(0x7fdcd007ad50 0x7fdcd00791b0 unknown :-1 s=NONE pgs=0 cs=0 l=0 rev1=0 crypto rx=0 tx=0 comp rx=0 tx=0).connect
2024-03-30T00:26:55.690 INFO:teuthology.orchestra.run.smithi099.stdout:/usr/bin/ceph: stderr
2024-03-30T00:26:55.022+0000 7fdcd8800700 1 -- --> [v2:172.21.15.99:3300/0,v1:172.21.15.99:6789/0] -- mon_getmap magic: 0 v1 -- 0x7fdcd0079780 con 0x7fdcd007ad50
2024-03-30T00:26:55.691 INFO:teuthology.orchestra.run.smithi099.stdout:/usr/bin/ceph: stderr
2024-03-30T00:26:55.022+0000 7fdcd5e00700 1 --2- >> [v2:172.21.15.99:3300/0,v1:172.21.15.99:6789/0] conn(0x7fdcd007ad50 0x7fdcd00791b0 unknown :-1 s=BANNER_CONNECTING pgs=0 cs=0 l=0 rev1=0 crypto rx=0 tx=0 comp rx=0 tx=0)._handle_peer_banner_payload supported=3 required=0
2024-03-30T00:26:55.691 INFO:teuthology.orchestra.run.smithi099.stdout:/usr/bin/ceph: stderr
2024-03-30T00:26:55.022+0000 7fdcd5e00700 1 --2- >> [v2:172.21.15.99:3300/0,v1:172.21.15.99:6789/0] conn(0x7fdcd007ad50 0x7fdcd00791b0 unknown :-1 s=HELLO_CONNECTING pgs=0 cs=0 l=0 rev1=1 crypto rx=0 tx=0 comp rx=0 tx=0).handle_hello peer v2:172.21.15.99:3300/0 says I am v2:172.21.15.99:48710/0 (socket says 172.21.15.99:48710)
2024-03-30T00:26:55.691 INFO:teuthology.orchestra.run.smithi099.stdout:/usr/bin/ceph: stderr
2024-03-30T00:26:55.022+0000 7fdcd5e00700 1 -- 172.21.15.99:0/660903496 learned_addr learned my addr 172.21.15.99:0/660903496 (peer_addr_for_me v2:172.21.15.99:0/0)
2024-03-30T00:26:55.691 INFO:teuthology.orchestra.run.smithi099.stdout:/usr/bin/ceph: stderr
2024-03-30T00:26:55.022+0000 7fdcd5e00700 1 -- 172.21.15.99:0/660903496 --> [v2:172.21.15.99:3300/0,v1:172.21.15.99:6789/0] -- mon_subscribe({config=0+,monmap=0+}) v3 -- 0x7fdcd00798c0 con 0x7fdcd007ad50
2024-03-30T00:26:55.691 INFO:teuthology.orchestra.run.smithi099.stdout:/usr/bin/ceph: stderr
2024-03-30T00:26:55.023+0000 7fdcd5e00700 1 --2- 172.21.15.99:0/660903496 >> [v2:172.21.15.99:3300/0,v1:172.21.15.99:6789/0] conn(0x7fdcd007ad50 0x7fdcd00791b0 secure :-1 s=READY pgs=45 cs=0 l=1 rev1=1 crypto rx=0x7fdcc40098a0 tx=0x7fdcc4009bb0 comp rx=0 tx=0).ready entity=mon.0 client_cookie=389babef85fbff18 server_cookie=0 in_seq=0 out_seq=0
2024-03-30T00:26:55.691 INFO:teuthology.orchestra.run.smithi099.stdout:/usr/bin/ceph: stderr
2024-03-30T00:26:55.023+0000 7fdcd4a00700 1 -- 172.21.15.99:0/660903496 <== mon.0 v2:172.21.15.99:3300/0 1 ==== mon_map magic: 0 v1 ==== 205+0+0 (secure 0 0 0) 0x7fdcc4004160 con 0x7fdcd007ad50
2024-03-30T00:26:55.691 INFO:teuthology.orchestra.run.smithi099.stdout:/usr/bin/ceph: stderr
2024-03-30T00:26:55.023+0000 7fdcd4a00700 1 -- 172.21.15.99:0/660903496 <== mon.0 v2:172.21.15.99:3300/0 2 ==== config(25 keys) v1 ==== 1036+0+0 (secure 0 0 0) 0x7fdcc40042c0 con 0x7fdcd007ad50
2024-03-30T00:26:55.691 INFO:teuthology.orchestra.run.smithi099.stdout:/usr/bin/ceph: stderr
2024-03-30T00:26:55.023+0000 7fdcd4a00700 1 -- 172.21.15.99:0/660903496 <== mon.0 v2:172.21.15.99:3300/0 3 ==== mon_map magic: 0 v1 ==== 205+0+0 (secure 0 0 0) 0x7fdcc4011940 con 0x7fdcd007ad50
2024-03-30T00:26:55.691 INFO:teuthology.orchestra.run.smithi099.stdout:/usr/bin/ceph: stderr
2024-03-30T00:26:55.023+0000 7fdcd8800700 1 -- 172.21.15.99:0/660903496 >> [v2:172.21.15.99:3300/0,v1:172.21.15.99:6789/0] conn(0x7fdcd007ad50 msgr2=0x7fdcd00791b0 secure :-1 s=STATE_CONNECTION_ESTABLISHED l=1).mark_down
2024-03-30T00:26:55.691 INFO:teuthology.orchestra.run.smithi099.stdout:/usr/bin/ceph: stderr
2024-03-30T00:26:55.023+0000 7fdcd8800700 1 --2- 172.21.15.99:0/660903496 >> [v2:172.21.15.99:3300/0,v1:172.21.15.99:6789/0] conn(0x7fdcd007ad50 0x7fdcd00791b0 secure :-1 s=READY pgs=45 cs=0 l=1 rev1=1 crypto rx=0x7fdcc40098a0 tx=0x7fdcc4009bb0 comp rx=0 tx=0).stop
2024-03-30T00:26:55.691 INFO:teuthology.orchestra.run.smithi099.stdout:/usr/bin/ceph: stderr
2024-03-30T00:26:55.024+0000 7fdcd8800700 1 -- 172.21.15.99:0/660903496 shutdown_connections
2024-03-30T00:26:55.691 INFO:teuthology.orchestra.run.smithi099.stdout:/usr/bin/ceph: stderr
2024-03-30T00:26:55.024+0000 7fdcd8800700 1 --2- 172.21.15.99:0/660903496 >> [v2:172.21.15.99:3300/0,v1:172.21.15.99:6789/0] conn(0x7fdcd007ad50 0x7fdcd00791b0 unknown :-1 s=CLOSED pgs=45 cs=0 l=1 rev1=1 crypto rx=0 tx=0 comp rx=0 tx=0).stop
2024-03-30T00:26:55.692 INFO:teuthology.orchestra.run.smithi099.stdout:/usr/bin/ceph: stderr
2024-03-30T00:26:55.024+0000 7fdcd8800700 1 -- 172.21.15.99:0/660903496 >> 172.21.15.99:0/660903496 conn(0x7fdcd01019a0 msgr2=0x7fdcd0103e00 unknown :-1 s=STATE_NONE l=0).mark_down
2024-03-30T00:26:55.692 INFO:teuthology.orchestra.run.smithi099.stdout:/usr/bin/ceph: stderr
2024-03-30T00:26:55.024+0000 7fdcd8800700 1 -- 172.21.15.99:0/660903496 shutdown_connections
2024-03-30T00:26:55.692 INFO:teuthology.orchestra.run.smithi099.stdout:/usr/bin/ceph: stderr
2024-03-30T00:26:55.024+0000 7fdcd8800700 1 -- 172.21.15.99:0/660903496 wait complete.
2024-03-30T00:26:55.692 INFO:teuthology.orchestra.run.smithi099.stdout:/usr/bin/ceph: stderr
2024-03-30T00:26:55.025+0000 7fdcd8800700 1 Processor -- start
2024-03-30T00:26:55.692 INFO:teuthology.orchestra.run.smithi099.stdout:/usr/bin/ceph: stderr
2024-03-30T00:26:55.025+0000 7fdcd8800700 1 -- start start
2024-03-30T00:26:55.692 INFO:teuthology.orchestra.run.smithi099.stdout:/usr/bin/ceph: stderr
2024-03-30T00:26:55.026+0000 7fdcd8800700 1 --2- >> [v2:172.21.15.99:3300/0,v1:172.21.15.99:6789/0] conn(0x7fdcd007ad50 0x7fdcd019c290 unknown :-1 s=NONE pgs=0 cs=0 l=1 rev1=0 crypto rx=0 tx=0 comp rx=0 tx=0).connect
2024-03-30T00:26:55.692 INFO:teuthology.orchestra.run.smithi099.stdout:/usr/bin/ceph: stderr
2024-03-30T00:26:55.026+0000 7fdcd8800700 1 -- --> [v2:172.21.15.99:3300/0,v1:172.21.15.99:6789/0] -- mon_getmap magic: 0 v1 -- 0x7fdcd019c7d0 con 0x7fdcd007ad50
2024-03-30T00:26:55.692 INFO:teuthology.orchestra.run.smithi099.stdout:/usr/bin/ceph: stderr
2024-03-30T00:26:55.026+0000 7fdcd5e00700 1 --2- >> [v2:172.21.15.99:3300/0,v1:172.21.15.99:6789/0] conn(0x7fdcd007ad50 0x7fdcd019c290 unknown :-1 s=BANNER_CONNECTING pgs=0 cs=0 l=1 rev1=0 crypto rx=0 tx=0 comp rx=0 tx=0)._handle_peer_banner_payload supported=3 required=0
2024-03-30T00:26:55.692 INFO:teuthology.orchestra.run.smithi099.stdout:/usr/bin/ceph: stderr
2024-03-30T00:26:55.026+0000 7fdcd5e00700 1 --2- >> [v2:172.21.15.99:3300/0,v1:172.21.15.99:6789/0] conn(0x7fdcd007ad50 0x7fdcd019c290 unknown :-1 s=HELLO_CONNECTING pgs=0 cs=0 l=1 rev1=1 crypto rx=0 tx=0 comp rx=0 tx=0).handle_hello peer v2:172.21.15.99:3300/0 says I am v2:172.21.15.99:48718/0 (socket says 172.21.15.99:48718)
2024-03-30T00:26:55.692 INFO:teuthology.orchestra.run.smithi099.stdout:/usr/bin/ceph: stderr
2024-03-30T00:26:55.026+0000 7fdcd5e00700 1 -- 172.21.15.99:0/3223956909 learned_addr learned my addr 172.21.15.99:0/3223956909 (peer_addr_for_me v2:172.21.15.99:0/0)
2024-03-30T00:26:55.692 INFO:teuthology.orchestra.run.smithi099.stdout:/usr/bin/ceph: stderr
2024-03-30T00:26:55.026+0000 7fdcd5e00700 1 -- 172.21.15.99:0/3223956909 --> [v2:172.21.15.99:3300/0,v1:172.21.15.99:6789/0] -- mon_subscribe({config=0+,monmap=0+}) v3 -- 0x7fdcc4009550 con 0x7fdcd007ad50
2024-03-30T00:26:55.692 INFO:teuthology.orchestra.run.smithi099.stdout:/usr/bin/ceph: stderr
2024-03-30T00:26:55.027+0000 7fdcd5e00700 1 --2- 172.21.15.99:0/3223956909 >> [v2:172.21.15.99:3300/0,v1:172.21.15.99:6789/0] conn(0x7fdcd007ad50 0x7fdcd019c290 secure :-1 s=READY pgs=46 cs=0 l=1 rev1=1 crypto rx=0x7fdcc4003f20 tx=0x7fdcc4011f00 comp rx=0 tx=0).ready entity=mon.0 client_cookie=0 server_cookie=0 in_seq=0 out_seq=0
2024-03-30T00:26:55.692 INFO:teuthology.orchestra.run.smithi099.stdout:/usr/bin/ceph: stderr
2024-03-30T00:26:55.027+0000 7fdccaa00700 1 -- 172.21.15.99:0/3223956909 <== mon.0 v2:172.21.15.99:3300/0 1 ==== mon_map magic: 0 v1 ==== 205+0+0 (secure 0 0 0) 0x7fdcc40037d0 con 0x7fdcd007ad50
2024-03-30T00:26:55.693 INFO:teuthology.orchestra.run.smithi099.stdout:/usr/bin/ceph: stderr
2024-03-30T00:26:55.027+0000 7fdccaa00700 1 -- 172.21.15.99:0/3223956909 <== mon.0 v2:172.21.15.99:3300/0 2 ==== config(25 keys) v1 ==== 1036+0+0 (secure 0 0 0) 0x7fdcc401b440 con 0x7fdcd007ad50
2024-03-30T00:26:55.693 INFO:teuthology.orchestra.run.smithi099.stdout:/usr/bin/ceph: stderr
2024-03-30T00:26:55.027+0000 7fdcd8800700 1 -- 172.21.15.99:0/3223956909 --> [v2:172.21.15.99:3300/0,v1:172.21.15.99:6789/0] -- mon_subscribe({mgrmap=0+}) v3 -- 0x7fdcd019c9d0 con 0x7fdcd007ad50
2024-03-30T00:26:55.693 INFO:teuthology.orchestra.run.smithi099.stdout:/usr/bin/ceph: stderr
2024-03-30T00:26:55.027+0000 7fdccaa00700 1 -- 172.21.15.99:0/3223956909 <== mon.0 v2:172.21.15.99:3300/0 3 ==== mon_map magic: 0 v1 ==== 205+0+0 (secure 0 0 0) 0x7fdcc4023590 con 0x7fdcd007ad50
2024-03-30T00:26:55.693 INFO:teuthology.orchestra.run.smithi099.stdout:/usr/bin/ceph: stderr
2024-03-30T00:26:55.027+0000 7fdcd8800700 1 -- 172.21.15.99:0/3223956909 --> [v2:172.21.15.99:3300/0,v1:172.21.15.99:6789/0] -- mon_subscribe({osdmap=0}) v3 -- 0x7fdcd019ce70 con 0x7fdcd007ad50
2024-03-30T00:26:55.693 INFO:teuthology.orchestra.run.smithi099.stdout:/usr/bin/ceph: stderr
2024-03-30T00:26:55.028+0000 7fdcd8800700 1 -- 172.21.15.99:0/3223956909 --> [v2:172.21.15.99:3300/0,v1:172.21.15.99:6789/0] -- mon_command({"prefix": "get_command_descriptions"} v 0) v1 -- 0x7fdcd010c7b0 con 0x7fdcd007ad50
2024-03-30T00:26:55.693 INFO:teuthology.orchestra.run.smithi099.stdout:/usr/bin/ceph: stderr
2024-03-30T00:26:55.029+0000 7fdccaa00700 1 -- 172.21.15.99:0/3223956909 <== mon.0 v2:172.21.15.99:3300/0 4 ==== mgrmap(e 8) v1 ==== 45533+0+0 (secure 0 0 0) 0x7fdcc401b5b0 con 0x7fdcd007ad50
2024-03-30T00:26:55.693 INFO:teuthology.orchestra.run.smithi099.stdout:/usr/bin/ceph: stderr
2024-03-30T00:26:55.030+0000 7fdccaa00700 1 --2- 172.21.15.99:0/3223956909 >> [v2:172.21.15.99:6800/1748928762,v1:172.21.15.99:6801/1748928762] conn(0x7fdcb8038750 0x7fdcb803ac10 unknown :-1 s=NONE pgs=0 cs=0 l=1 rev1=0 crypto rx=0 tx=0 comp rx=0 tx=0).connect
2024-03-30T00:26:55.693 INFO:teuthology.orchestra.run.smithi099.stdout:/usr/bin/ceph: stderr
2024-03-30T00:26:55.030+0000 7fdccaa00700 1 -- 172.21.15.99:0/3223956909 <== mon.0 v2:172.21.15.99:3300/0 5 ==== osd_map(2..2 src has 1..2) v4 ==== 940+0+0 (secure 0 0 0) 0x7fdcc404ccf0 con 0x7fdcd007ad50
2024-03-30T00:26:55.693 INFO:teuthology.orchestra.run.smithi099.stdout:/usr/bin/ceph: stderr
2024-03-30T00:26:55.030+0000 7fdcd5400700 1 --2- 172.21.15.99:0/3223956909 >> [v2:172.21.15.99:6800/1748928762,v1:172.21.15.99:6801/1748928762] conn(0x7fdcb8038750 0x7fdcb803ac10 unknown :-1 s=BANNER_CONNECTING pgs=0 cs=0 l=1 rev1=0 crypto rx=0 tx=0 comp rx=0 tx=0)._handle_peer_banner_payload supported=3 required=0
2024-03-30T00:26:55.693 INFO:teuthology.orchestra.run.smithi099.stdout:/usr/bin/ceph: stderr
2024-03-30T00:26:55.030+0000 7fdcd5400700 1 --2- 172.21.15.99:0/3223956909 >> [v2:172.21.15.99:6800/1748928762,v1:172.21.15.99:6801/1748928762] conn(0x7fdcb8038750 0x7fdcb803ac10 secure :-1 s=READY pgs=12 cs=0 l=1 rev1=1 crypto rx=0x7fdcc0006fd0 tx=0x7fdcc0006e40 comp rx=0 tx=0).ready entity=mgr.14118 client_cookie=0 server_cookie=0 in_seq=0 out_seq=0
2024-03-30T00:26:55.693 INFO:teuthology.orchestra.run.smithi099.stdout:/usr/bin/ceph: stderr
2024-03-30T00:26:55.035+0000 7fdccaa00700 1 -- 172.21.15.99:0/3223956909 <== mon.0 v2:172.21.15.99:3300/0 6 ==== mon_command_ack([{"prefix": "get_command_descriptions"}]=0 v0) v1 ==== 72+0+182738 (secure 0 0 0) 0x7fdcc401b920 con 0x7fdcd007ad50
2024-03-30T00:26:55.693 INFO:teuthology.orchestra.run.smithi099.stdout:/usr/bin/ceph: stderr
2024-03-30T00:26:55.263+0000 7fdcd8800700 1 -- 172.21.15.99:0/3223956909 --> [v2:172.21.15.99:6800/1748928762,v1:172.21.15.99:6801/1748928762] -- mgr_command(tid 0: {"prefix": "orch apply", "service_type": "mon", "unmanaged": true, "target": ["mon-mgr", ""]}) v1 -- 0x7fdcd0102cb0 con 0x7fdcb8038750
2024-03-30T00:26:55.693 INFO:teuthology.orchestra.run.smithi099.stdout:/usr/bin/ceph: stderr
2024-03-30T00:26:55.269+0000 7fdccaa00700 1 -- 172.21.15.99:0/3223956909 <== mgr.14118 v2:172.21.15.99:6800/1748928762 1 ==== mgr_command_reply(tid 0: 0 ) v1 ==== 8+0+24 (secure 0 0 0) 0x7fdcd0102cb0 con 0x7fdcb8038750
2024-03-30T00:26:55.694 INFO:teuthology.orchestra.run.smithi099.stdout:/usr/bin/ceph: stderr
2024-03-30T00:26:55.272+0000 7fdcd8800700 1 -- 172.21.15.99:0/3223956909 >> [v2:172.21.15.99:6800/1748928762,v1:172.21.15.99:6801/1748928762] conn(0x7fdcb8038750 msgr2=0x7fdcb803ac10 secure :-1 s=STATE_CONNECTION_ESTABLISHED l=1).mark_down
2024-03-30T00:26:55.694 INFO:teuthology.orchestra.run.smithi099.stdout:/usr/bin/ceph: stderr
2024-03-30T00:26:55.272+0000 7fdcd8800700 1 --2- 172.21.15.99:0/3223956909 >> [v2:172.21.15.99:6800/1748928762,v1:172.21.15.99:6801/1748928762] conn(0x7fdcb8038750 0x7fdcb803ac10 secure :-1 s=READY pgs=12 cs=0 l=1 rev1=1 crypto rx=0x7fdcc0006fd0 tx=0x7fdcc0006e40 comp rx=0 tx=0).stop
2024-03-30T00:26:55.694 INFO:teuthology.orchestra.run.smithi099.stdout:/usr/bin/ceph: stderr
2024-03-30T00:26:55.272+0000 7fdcd8800700 1 -- 172.21.15.99:0/3223956909 >> [v2:172.21.15.99:3300/0,v1:172.21.15.99:6789/0] conn(0x7fdcd007ad50 msgr2=0x7fdcd019c290 secure :-1 s=STATE_CONNECTION_ESTABLISHED l=1).mark_down
2024-03-30T00:26:55.694 INFO:teuthology.orchestra.run.smithi099.stdout:/usr/bin/ceph: stderr
2024-03-30T00:26:55.272+0000 7fdcd8800700 1 --2- 172.21.15.99:0/3223956909 >> [v2:172.21.15.99:3300/0,v1:172.21.15.99:6789/0] conn(0x7fdcd007ad50 0x7fdcd019c290 secure :-1 s=READY pgs=46 cs=0 l=1 rev1=1 crypto rx=0x7fdcc4003f20 tx=0x7fdcc4011f00 comp rx=0 tx=0).stop
2024-03-30T00:26:55.694 INFO:teuthology.orchestra.run.smithi099.stdout:/usr/bin/ceph: stderr
2024-03-30T00:26:55.272+0000 7fdcd8800700 1 -- 172.21.15.99:0/3223956909 shutdown_connections
2024-03-30T00:26:55.694 INFO:teuthology.orchestra.run.smithi099.stdout:/usr/bin/ceph: stderr
2024-03-30T00:26:55.272+0000 7fdcd8800700 1 --2- 172.21.15.99:0/3223956909 >> [v2:172.21.15.99:6800/1748928762,v1:172.21.15.99:6801/1748928762] conn(0x7fdcb8038750 0x7fdcb803ac10 unknown :-1 s=CLOSED pgs=12 cs=0 l=1 rev1=1 crypto rx=0 tx=0 comp rx=0 tx=0).stop
2024-03-30T00:26:55.694 INFO:teuthology.orchestra.run.smithi099.stdout:/usr/bin/ceph: stderr
2024-03-30T00:26:55.272+0000 7fdcd8800700 1 --2- 172.21.15.99:0/3223956909 >> [v2:172.21.15.99:3300/0,v1:172.21.15.99:6789/0] conn(0x7fdcd007ad50 0x7fdcd019c290 unknown :-1 s=CLOSED pgs=46 cs=0 l=1 rev1=1 crypto rx=0 tx=0 comp rx=0 tx=0).stop
2024-03-30T00:26:55.694 INFO:teuthology.orchestra.run.smithi099.stdout:/usr/bin/ceph: stderr
2024-03-30T00:26:55.272+0000 7fdcd8800700 1 -- 172.21.15.99:0/3223956909 >> 172.21.15.99:0/3223956909 conn(0x7fdcd01019a0 msgr2=0x7fdcd01025a0 unknown :-1 s=STATE_NONE l=0).mark_down
2024-03-30T00:26:55.694 INFO:teuthology.orchestra.run.smithi099.stdout:/usr/bin/ceph: stderr
2024-03-30T00:26:55.272+0000 7fdcd8800700 1 -- 172.21.15.99:0/3223956909 shutdown_connections
2024-03-30T00:26:55.694 INFO:teuthology.orchestra.run.smithi099.stdout:/usr/bin/ceph: stderr
2024-03-30T00:26:55.272+0000 7fdcd8800700 1 -- 172.21.15.99:0/3223956909 wait complete.
2024-03-30T00:26:55.694 INFO:teuthology.orchestra.run.smithi099.stdout:Deploying unmanaged mgr service...
2024-03-30T00:26:56.529 INFO:journalctl@ceph.mon.a.smithi099.stdout:Mar 30 00:26:56 smithi099 ceph-mon[38079]: from='client.14140 -' entity='client.admin' cmd=[{"prefix": "orch apply", "service_type": "mon", "unmanaged": true, "target": ["mon-mgr", ""]}]: dispatch
2024-03-30T00:26:56.529 INFO:journalctl@ceph.mon.a.smithi099.stdout:Mar 30 00:26:56 smithi099 ceph-mon[38079]: Saving service mon spec with placement count:5
2024-03-30T00:26:56.529 INFO:journalctl@ceph.mon.a.smithi099.stdout:Mar 30 00:26:56 smithi099 ceph-mon[38079]: from='mgr.14118 172.21.15.99:0/1199735907' entity='mgr.x'
2024-03-30T00:26:56.529 INFO:journalctl@ceph.mon.a.smithi099.stdout:Mar 30 00:26:56 smithi099 ceph-mon[38079]: from='mgr.14118 172.21.15.99:0/1199735907' entity='mgr.x'
2024-03-30T00:26:56.529 INFO:journalctl@ceph.mon.a.smithi099.stdout:Mar 30 00:26:56 smithi099 ceph-mon[38079]: from='mgr.14118 172.21.15.99:0/1199735907' entity='mgr.x'
2024-03-30T00:26:56.662 INFO:teuthology.orchestra.run.smithi099.stdout:/usr/bin/ceph: stdout Scheduled mgr update...
2024-03-30T00:26:56.662 INFO:teuthology.orchestra.run.smithi099.stdout:/usr/bin/ceph: stderr
2024-03-30T00:26:56.060+0000 7f5c75a00700 1 Processor -- start
2024-03-30T00:26:56.662 INFO:teuthology.orchestra.run.smithi099.stdout:/usr/bin/ceph: stderr
2024-03-30T00:26:56.060+0000 7f5c75a00700 1 -- start start
2024-03-30T00:26:56.662 INFO:teuthology.orchestra.run.smithi099.stdout:/usr/bin/ceph: stderr
2024-03-30T00:26:56.060+0000 7f5c75a00700 1 --2- >> [v2:172.21.15.99:3300/0,v1:172.21.15.99:6789/0] conn(0x7f5c7007ad50 0x7f5c700791b0 unknown :-1 s=NONE pgs=0 cs=0 l=0 rev1=0 crypto rx=0 tx=0 comp rx=0 tx=0).connect
2024-03-30T00:26:56.662 INFO:teuthology.orchestra.run.smithi099.stdout:/usr/bin/ceph: stderr
2024-03-30T00:26:56.060+0000 7f5c75a00700 1 -- --> [v2:172.21.15.99:3300/0,v1:172.21.15.99:6789/0] -- mon_getmap magic: 0 v1 -- 0x7f5c70079780 con 0x7f5c7007ad50
2024-03-30T00:26:56.662 INFO:teuthology.orchestra.run.smithi099.stdout:/usr/bin/ceph: stderr
2024-03-30T00:26:56.060+0000 7f5c6ea00700 1 --2- >> [v2:172.21.15.99:3300/0,v1:172.21.15.99:6789/0] conn(0x7f5c7007ad50 0x7f5c700791b0 unknown :-1 s=BANNER_CONNECTING pgs=0 cs=0 l=0 rev1=0 crypto rx=0 tx=0 comp rx=0 tx=0)._handle_peer_banner_payload supported=3 required=0
2024-03-30T00:26:56.662 INFO:teuthology.orchestra.run.smithi099.stdout:/usr/bin/ceph: stderr
2024-03-30T00:26:56.061+0000 7f5c6ea00700 1 --2- >> [v2:172.21.15.99:3300/0,v1:172.21.15.99:6789/0] conn(0x7f5c7007ad50 0x7f5c700791b0 unknown :-1 s=HELLO_CONNECTING pgs=0 cs=0 l=0 rev1=1 crypto rx=0 tx=0 comp rx=0 tx=0).handle_hello peer v2:172.21.15.99:3300/0 says I am v2:172.21.15.99:48722/0 (socket says 172.21.15.99:48722)
2024-03-30T00:26:56.662 INFO:teuthology.orchestra.run.smithi099.stdout:/usr/bin/ceph: stderr
2024-03-30T00:26:56.061+0000 7f5c6ea00700 1 -- 172.21.15.99:0/1036503611 learned_addr learned my addr 172.21.15.99:0/1036503611 (peer_addr_for_me v2:172.21.15.99:0/0)
2024-03-30T00:26:56.662 INFO:teuthology.orchestra.run.smithi099.stdout:/usr/bin/ceph: stderr
2024-03-30T00:26:56.061+0000 7f5c6ea00700 1 -- 172.21.15.99:0/1036503611 --> [v2:172.21.15.99:3300/0,v1:172.21.15.99:6789/0] -- mon_subscribe({config=0+,monmap=0+}) v3 -- 0x7f5c700798c0 con 0x7f5c7007ad50
2024-03-30T00:26:56.662 INFO:teuthology.orchestra.run.smithi099.stdout:/usr/bin/ceph: stderr
2024-03-30T00:26:56.061+0000 7f5c6ea00700 1 --2- 172.21.15.99:0/1036503611 >> [v2:172.21.15.99:3300/0,v1:172.21.15.99:6789/0] conn(0x7f5c7007ad50 0x7f5c700791b0 secure :-1 s=READY pgs=47 cs=0 l=1 rev1=1 crypto rx=0x7f5c600098a0 tx=0x7f5c60009bb0 comp rx=0 tx=0).ready entity=mon.0 client_cookie=47c19cd55139a4c5 server_cookie=0 in_seq=0 out_seq=0
2024-03-30T00:26:56.662 INFO:teuthology.orchestra.run.smithi099.stdout:/usr/bin/ceph: stderr
2024-03-30T00:26:56.061+0000 7f5c6e000700 1 -- 172.21.15.99:0/1036503611 <== mon.0 v2:172.21.15.99:3300/0 1 ==== mon_map magic: 0 v1 ==== 205+0+0 (secure 0 0 0) 0x7f5c60004160 con 0x7f5c7007ad50
2024-03-30T00:26:56.663 INFO:teuthology.orchestra.run.smithi099.stdout:/usr/bin/ceph: stderr
2024-03-30T00:26:56.062+0000 7f5c6e000700 1 -- 172.21.15.99:0/1036503611 <== mon.0 v2:172.21.15.99:3300/0 2 ==== config(25 keys) v1 ==== 1067+0+0 (secure 0 0 0) 0x7f5c600042c0 con 0x7f5c7007ad50
2024-03-30T00:26:56.663 INFO:teuthology.orchestra.run.smithi099.stdout:/usr/bin/ceph: stderr
2024-03-30T00:26:56.062+0000 7f5c6e000700 1 -- 172.21.15.99:0/1036503611 <== mon.0 v2:172.21.15.99:3300/0 3 ==== mon_map magic: 0 v1 ==== 205+0+0 (secure 0 0 0) 0x7f5c600118e0 con 0x7f5c7007ad50
2024-03-30T00:26:56.663 INFO:teuthology.orchestra.run.smithi099.stdout:/usr/bin/ceph: stderr
2024-03-30T00:26:56.062+0000 7f5c75a00700 1 -- 172.21.15.99:0/1036503611 >> [v2:172.21.15.99:3300/0,v1:172.21.15.99:6789/0] conn(0x7f5c7007ad50 msgr2=0x7f5c700791b0 secure :-1 s=STATE_CONNECTION_ESTABLISHED l=1).mark_down
2024-03-30T00:26:56.663 INFO:teuthology.orchestra.run.smithi099.stdout:/usr/bin/ceph: stderr
2024-03-30T00:26:56.062+0000 7f5c75a00700 1 --2- 172.21.15.99:0/1036503611 >> [v2:172.21.15.99:3300/0,v1:172.21.15.99:6789/0] conn(0x7f5c7007ad50 0x7f5c700791b0 secure :-1 s=READY pgs=47 cs=0 l=1 rev1=1 crypto rx=0x7f5c600098a0 tx=0x7f5c60009bb0 comp rx=0 tx=0).stop
2024-03-30T00:26:56.663 INFO:teuthology.orchestra.run.smithi099.stdout:/usr/bin/ceph: stderr
2024-03-30T00:26:56.062+0000 7f5c75a00700 1 -- 172.21.15.99:0/1036503611 shutdown_connections
2024-03-30T00:26:56.663 INFO:teuthology.orchestra.run.smithi099.stdout:/usr/bin/ceph: stderr
2024-03-30T00:26:56.062+0000 7f5c75a00700 1 --2- 172.21.15.99:0/1036503611 >> [v2:172.21.15.99:3300/0,v1:172.21.15.99:6789/0] conn(0x7f5c7007ad50 0x7f5c700791b0 unknown :-1 s=CLOSED pgs=47 cs=0 l=1 rev1=1 crypto rx=0 tx=0 comp rx=0 tx=0).stop
2024-03-30T00:26:56.663 INFO:teuthology.orchestra.run.smithi099.stdout:/usr/bin/ceph: stderr
2024-03-30T00:26:56.062+0000 7f5c75a00700 1 -- 172.21.15.99:0/1036503611 >> 172.21.15.99:0/1036503611 conn(0x7f5c701019a0 msgr2=0x7f5c70103e00 unknown :-1 s=STATE_NONE l=0).mark_down
2024-03-30T00:26:56.663 INFO:teuthology.orchestra.run.smithi099.stdout:/usr/bin/ceph: stderr
2024-03-30T00:26:56.062+0000 7f5c75a00700 1 -- 172.21.15.99:0/1036503611 shutdown_connections
2024-03-30T00:26:56.663 INFO:teuthology.orchestra.run.smithi099.stdout:/usr/bin/ceph: stderr
2024-03-30T00:26:56.062+0000 7f5c75a00700 1 -- 172.21.15.99:0/1036503611 wait complete.
2024-03-30T00:26:56.663 INFO:teuthology.orchestra.run.smithi099.stdout:/usr/bin/ceph: stderr
2024-03-30T00:26:56.063+0000 7f5c75a00700 1 Processor -- start
2024-03-30T00:26:56.663 INFO:teuthology.orchestra.run.smithi099.stdout:/usr/bin/ceph: stderr
2024-03-30T00:26:56.064+0000 7f5c75a00700 1 -- start start
2024-03-30T00:26:56.663 INFO:teuthology.orchestra.run.smithi099.stdout:/usr/bin/ceph: stderr
2024-03-30T00:26:56.064+0000 7f5c75a00700 1 --2- >> [v2:172.21.15.99:3300/0,v1:172.21.15.99:6789/0] conn(0x7f5c7007ad50 0x7f5c7019c350 unknown :-1 s=NONE pgs=0 cs=0 l=1 rev1=0 crypto rx=0 tx=0 comp rx=0 tx=0).connect
2024-03-30T00:26:56.663 INFO:teuthology.orchestra.run.smithi099.stdout:/usr/bin/ceph: stderr
2024-03-30T00:26:56.064+0000 7f5c75a00700 1 -- --> [v2:172.21.15.99:3300/0,v1:172.21.15.99:6789/0] -- mon_getmap magic: 0 v1 -- 0x7f5c7019c890 con 0x7f5c7007ad50
2024-03-30T00:26:56.664 INFO:teuthology.orchestra.run.smithi099.stdout:/usr/bin/ceph: stderr
2024-03-30T00:26:56.064+0000 7f5c6ea00700 1 --2- >> [v2:172.21.15.99:3300/0,v1:172.21.15.99:6789/0] conn(0x7f5c7007ad50 0x7f5c7019c350 unknown :-1 s=BANNER_CONNECTING pgs=0 cs=0 l=1 rev1=0 crypto rx=0 tx=0 comp rx=0 tx=0)._handle_peer_banner_payload supported=3 required=0
2024-03-30T00:26:56.664 INFO:teuthology.orchestra.run.smithi099.stdout:/usr/bin/ceph: stderr
2024-03-30T00:26:56.064+0000 7f5c6ea00700 1 --2- >> [v2:172.21.15.99:3300/0,v1:172.21.15.99:6789/0] conn(0x7f5c7007ad50 0x7f5c7019c350 unknown :-1 s=HELLO_CONNECTING pgs=0 cs=0 l=1 rev1=1 crypto rx=0 tx=0 comp rx=0 tx=0).handle_hello peer v2:172.21.15.99:3300/0 says I am v2:172.21.15.99:48734/0 (socket says 172.21.15.99:48734)
2024-03-30T00:26:56.664 INFO:teuthology.orchestra.run.smithi099.stdout:/usr/bin/ceph: stderr
2024-03-30T00:26:56.064+0000 7f5c6ea00700 1 -- 172.21.15.99:0/877674712 learned_addr learned my addr 172.21.15.99:0/877674712 (peer_addr_for_me v2:172.21.15.99:0/0)
2024-03-30T00:26:56.664 INFO:teuthology.orchestra.run.smithi099.stdout:/usr/bin/ceph: stderr
2024-03-30T00:26:56.064+0000 7f5c6ea00700 1 -- 172.21.15.99:0/877674712 --> [v2:172.21.15.99:3300/0,v1:172.21.15.99:6789/0] -- mon_subscribe({config=0+,monmap=0+}) v3 -- 0x7f5c60009550 con 0x7f5c7007ad50
2024-03-30T00:26:56.664 INFO:teuthology.orchestra.run.smithi099.stdout:/usr/bin/ceph: stderr
2024-03-30T00:26:56.065+0000 7f5c6ea00700 1 --2- 172.21.15.99:0/877674712 >> [v2:172.21.15.99:3300/0,v1:172.21.15.99:6789/0] conn(0x7f5c7007ad50 0x7f5c7019c350 secure :-1 s=READY pgs=48 cs=0 l=1 rev1=1 crypto rx=0x7f5c60003f70 tx=0x7f5c600119a0 comp rx=0 tx=0).ready entity=mon.0 client_cookie=0 server_cookie=0 in_seq=0 out_seq=0
2024-03-30T00:26:56.664 INFO:teuthology.orchestra.run.smithi099.stdout:/usr/bin/ceph: stderr
2024-03-30T00:26:56.065+0000 7f5c67400700 1 -- 172.21.15.99:0/877674712 <== mon.0 v2:172.21.15.99:3300/0 1 ==== mon_map magic: 0 v1 ==== 205+0+0 (secure 0 0 0) 0x7f5c600036a0 con 0x7f5c7007ad50
2024-03-30T00:26:56.664 INFO:teuthology.orchestra.run.smithi099.stdout:/usr/bin/ceph: stderr
2024-03-30T00:26:56.065+0000 7f5c67400700 1 -- 172.21.15.99:0/877674712 <== mon.0 v2:172.21.15.99:3300/0 2 ==== config(25 keys) v1 ==== 1067+0+0 (secure 0 0 0) 0x7f5c6001b440 con 0x7f5c7007ad50
2024-03-30T00:26:56.664 INFO:teuthology.orchestra.run.smithi099.stdout:/usr/bin/ceph: stderr
2024-03-30T00:26:56.065+0000 7f5c67400700 1 -- 172.21.15.99:0/877674712 <== mon.0 v2:172.21.15.99:3300/0 3 ==== mon_map magic: 0 v1 ==== 205+0+0 (secure 0 0 0) 0x7f5c60023400 con 0x7f5c7007ad50
2024-03-30T00:26:56.664 INFO:teuthology.orchestra.run.smithi099.stdout:/usr/bin/ceph: stderr
2024-03-30T00:26:56.065+0000 7f5c75a00700 1 -- 172.21.15.99:0/877674712 --> [v2:172.21.15.99:3300/0,v1:172.21.15.99:6789/0] -- mon_subscribe({mgrmap=0+}) v3 -- 0x7f5c7019ca90 con 0x7f5c7007ad50
2024-03-30T00:26:56.664 INFO:teuthology.orchestra.run.smithi099.stdout:/usr/bin/ceph: stderr
2024-03-30T00:26:56.065+0000 7f5c75a00700 1 -- 172.21.15.99:0/877674712 --> [v2:172.21.15.99:3300/0,v1:172.21.15.99:6789/0] -- mon_subscribe({osdmap=0}) v3 -- 0x7f5c7019cf30 con 0x7f5c7007ad50
2024-03-30T00:26:56.664 INFO:teuthology.orchestra.run.smithi099.stdout:/usr/bin/ceph: stderr
2024-03-30T00:26:56.066+0000 7f5c67400700 1 -- 172.21.15.99:0/877674712 <== mon.0 v2:172.21.15.99:3300/0 4 ==== mgrmap(e 8) v1 ==== 45533+0+0 (secure 0 0 0) 0x7f5c60023630 con 0x7f5c7007ad50
2024-03-30T00:26:56.664 INFO:teuthology.orchestra.run.smithi099.stdout:/usr/bin/ceph: stderr
2024-03-30T00:26:56.067+0000 7f5c75a00700 1 -- 172.21.15.99:0/877674712 --> [v2:172.21.15.99:3300/0,v1:172.21.15.99:6789/0] -- mon_command({"prefix": "get_command_descriptions"} v 0) v1 -- 0x7f5c7010c800 con 0x7f5c7007ad50
2024-03-30T00:26:56.664 INFO:teuthology.orchestra.run.smithi099.stdout:/usr/bin/ceph: stderr
2024-03-30T00:26:56.067+0000 7f5c67400700 1 --2- 172.21.15.99:0/877674712 >> [v2:172.21.15.99:6800/1748928762,v1:172.21.15.99:6801/1748928762] conn(0x7f5c54038750 0x7f5c5403ac10 unknown :-1 s=NONE pgs=0 cs=0 l=1 rev1=0 crypto rx=0 tx=0 comp rx=0 tx=0).connect
2024-03-30T00:26:56.664 INFO:teuthology.orchestra.run.smithi099.stdout:/usr/bin/ceph: stderr
2024-03-30T00:26:56.067+0000 7f5c67400700 1 -- 172.21.15.99:0/877674712 <== mon.0 v2:172.21.15.99:3300/0 5 ==== osd_map(2..2 src has 1..2) v4 ==== 940+0+0 (secure 0 0 0) 0x7f5c6004c810 con 0x7f5c7007ad50
2024-03-30T00:26:56.665 INFO:teuthology.orchestra.run.smithi099.stdout:/usr/bin/ceph: stderr
2024-03-30T00:26:56.067+0000 7f5c67e00700 1 --2- 172.21.15.99:0/877674712 >> [v2:172.21.15.99:6800/1748928762,v1:172.21.15.99:6801/1748928762] conn(0x7f5c54038750 0x7f5c5403ac10 unknown :-1 s=BANNER_CONNECTING pgs=0 cs=0 l=1 rev1=0 crypto rx=0 tx=0 comp rx=0 tx=0)._handle_peer_banner_payload supported=3 required=0
2024-03-30T00:26:56.665 INFO:teuthology.orchestra.run.smithi099.stdout:/usr/bin/ceph: stderr
2024-03-30T00:26:56.067+0000 7f5c67e00700 1 --2- 172.21.15.99:0/877674712 >> [v2:172.21.15.99:6800/1748928762,v1:172.21.15.99:6801/1748928762] conn(0x7f5c54038750 0x7f5c5403ac10 secure :-1 s=READY pgs=13 cs=0 l=1 rev1=1 crypto rx=0x7f5c58006fd0 tx=0x7f5c58006e40 comp rx=0 tx=0).ready entity=mgr.14118 client_cookie=0 server_cookie=0 in_seq=0 out_seq=0
2024-03-30T00:26:56.665 INFO:teuthology.orchestra.run.smithi099.stdout:/usr/bin/ceph: stderr
2024-03-30T00:26:56.072+0000 7f5c67400700 1 -- 172.21.15.99:0/877674712 <== mon.0 v2:172.21.15.99:3300/0 6 ==== mon_command_ack([{"prefix": "get_command_descriptions"}]=0 v0) v1 ==== 72+0+182738 (secure 0 0 0) 0x7f5c6002c3f0 con 0x7f5c7007ad50
2024-03-30T00:26:56.665 INFO:teuthology.orchestra.run.smithi099.stdout:/usr/bin/ceph: stderr
2024-03-30T00:26:56.310+0000 7f5c75a00700 1 -- 172.21.15.99:0/877674712 --> [v2:172.21.15.99:6800/1748928762,v1:172.21.15.99:6801/1748928762] -- mgr_command(tid 0: {"prefix": "orch apply", "service_type": "mgr", "unmanaged": true, "target": ["mon-mgr", ""]}) v1 -- 0x7f5c7019f7c0 con 0x7f5c54038750
2024-03-30T00:26:56.665 INFO:teuthology.orchestra.run.smithi099.stdout:/usr/bin/ceph: stderr
2024-03-30T00:26:56.315+0000 7f5c67400700 1 -- 172.21.15.99:0/877674712 <== mgr.14118 v2:172.21.15.99:6800/1748928762 1 ==== mgr_command_reply(tid 0: 0 ) v1 ==== 8+0+24 (secure 0 0 0) 0x7f5c7019f7c0 con 0x7f5c54038750
2024-03-30T00:26:56.665 INFO:teuthology.orchestra.run.smithi099.stdout:/usr/bin/ceph: stderr
2024-03-30T00:26:56.318+0000 7f5c75a00700 1 -- 172.21.15.99:0/877674712 >> [v2:172.21.15.99:6800/1748928762,v1:172.21.15.99:6801/1748928762] conn(0x7f5c54038750 msgr2=0x7f5c5403ac10 secure :-1 s=STATE_CONNECTION_ESTABLISHED l=1).mark_down
2024-03-30T00:26:56.665 INFO:teuthology.orchestra.run.smithi099.stdout:/usr/bin/ceph: stderr
2024-03-30T00:26:56.318+0000 7f5c75a00700 1 --2- 172.21.15.99:0/877674712 >> [v2:172.21.15.99:6800/1748928762,v1:172.21.15.99:6801/1748928762] conn(0x7f5c54038750 0x7f5c5403ac10 secure :-1 s=READY pgs=13 cs=0 l=1 rev1=1 crypto rx=0x7f5c58006fd0 tx=0x7f5c58006e40 comp rx=0 tx=0).stop
2024-03-30T00:26:56.665 INFO:teuthology.orchestra.run.smithi099.stdout:/usr/bin/ceph: stderr
2024-03-30T00:26:56.318+0000 7f5c75a00700 1 -- 172.21.15.99:0/877674712 >> [v2:172.21.15.99:3300/0,v1:172.21.15.99:6789/0] conn(0x7f5c7007ad50 msgr2=0x7f5c7019c350 secure :-1 s=STATE_CONNECTION_ESTABLISHED l=1).mark_down
2024-03-30T00:26:56.665 INFO:teuthology.orchestra.run.smithi099.stdout:/usr/bin/ceph: stderr
2024-03-30T00:26:56.318+0000 7f5c75a00700 1 --2- 172.21.15.99:0/877674712 >> [v2:172.21.15.99:3300/0,v1:172.21.15.99:6789/0] conn(0x7f5c7007ad50 0x7f5c7019c350 secure :-1 s=READY pgs=48 cs=0 l=1 rev1=1 crypto rx=0x7f5c60003f70 tx=0x7f5c600119a0 comp rx=0 tx=0).stop
2024-03-30T00:26:56.665 INFO:teuthology.orchestra.run.smithi099.stdout:/usr/bin/ceph: stderr
2024-03-30T00:26:56.318+0000 7f5c75a00700 1 -- 172.21.15.99:0/877674712 shutdown_connections
2024-03-30T00:26:56.665 INFO:teuthology.orchestra.run.smithi099.stdout:/usr/bin/ceph: stderr
2024-03-30T00:26:56.318+0000 7f5c75a00700 1 --2- 172.21.15.99:0/877674712 >> [v2:172.21.15.99:6800/1748928762,v1:172.21.15.99:6801/1748928762] conn(0x7f5c54038750 0x7f5c5403ac10 unknown :-1 s=CLOSED pgs=13 cs=0 l=1 rev1=1 crypto rx=0 tx=0 comp rx=0 tx=0).stop
2024-03-30T00:26:56.665 INFO:teuthology.orchestra.run.smithi099.stdout:/usr/bin/ceph: stderr
2024-03-30T00:26:56.318+0000 7f5c75a00700 1 --2- 172.21.15.99:0/877674712 >> [v2:172.21.15.99:3300/0,v1:172.21.15.99:6789/0] conn(0x7f5c7007ad50 0x7f5c7019c350 unknown :-1 s=CLOSED pgs=48 cs=0 l=1 rev1=1 crypto rx=0 tx=0 comp rx=0 tx=0).stop
2024-03-30T00:26:56.665 INFO:teuthology.orchestra.run.smithi099.stdout:/usr/bin/ceph: stderr
2024-03-30T00:26:56.318+0000 7f5c75a00700 1 -- 172.21.15.99:0/877674712 >> 172.21.15.99:0/877674712 conn(0x7f5c701019a0 msgr2=0x7f5c701025b0 unknown :-1 s=STATE_NONE l=0).mark_down
2024-03-30T00:26:56.666 INFO:teuthology.orchestra.run.smithi099.stdout:/usr/bin/ceph: stderr
2024-03-30T00:26:56.318+0000 7f5c75a00700 1 -- 172.21.15.99:0/877674712 shutdown_connections
2024-03-30T00:26:56.666 INFO:teuthology.orchestra.run.smithi099.stdout:/usr/bin/ceph: stderr
2024-03-30T00:26:56.318+0000 7f5c75a00700 1 -- 172.21.15.99:0/877674712 wait complete.
2024-03-30T00:26:57.633 INFO:teuthology.orchestra.run.smithi099.stdout:/usr/bin/ceph: stderr
2024-03-30T00:26:57.037+0000 7fbc49600700 1 Processor -- start
2024-03-30T00:26:57.633 INFO:teuthology.orchestra.run.smithi099.stdout:/usr/bin/ceph: stderr
2024-03-30T00:26:57.037+0000 7fbc49600700 1 -- start start
2024-03-30T00:26:57.633 INFO:teuthology.orchestra.run.smithi099.stdout:/usr/bin/ceph: stderr
2024-03-30T00:26:57.037+0000 7fbc49600700 1 --2- >> [v2:172.21.15.99:3300/0,v1:172.21.15.99:6789/0] conn(0x7fbc4407ad50 0x7fbc440791b0 unknown :-1 s=NONE pgs=0 cs=0 l=0 rev1=0 crypto rx=0 tx=0 comp rx=0 tx=0).connect
2024-03-30T00:26:57.634 INFO:teuthology.orchestra.run.smithi099.stdout:/usr/bin/ceph: stderr
2024-03-30T00:26:57.037+0000 7fbc49600700 1 -- --> [v2:172.21.15.99:3300/0,v1:172.21.15.99:6789/0] -- mon_getmap magic: 0 v1 -- 0x7fbc44079780 con 0x7fbc4407ad50
2024-03-30T00:26:57.634 INFO:teuthology.orchestra.run.smithi099.stdout:/usr/bin/ceph: stderr
2024-03-30T00:26:57.038+0000 7fbc42a00700 1 --2- >> [v2:172.21.15.99:3300/0,v1:172.21.15.99:6789/0] conn(0x7fbc4407ad50 0x7fbc440791b0 unknown :-1 s=BANNER_CONNECTING pgs=0 cs=0 l=0 rev1=0 crypto rx=0 tx=0 comp rx=0 tx=0)._handle_peer_banner_payload supported=3 required=0
2024-03-30T00:26:57.634 INFO:teuthology.orchestra.run.smithi099.stdout:/usr/bin/ceph: stderr
2024-03-30T00:26:57.038+0000 7fbc42a00700 1 --2- >> [v2:172.21.15.99:3300/0,v1:172.21.15.99:6789/0] conn(0x7fbc4407ad50 0x7fbc440791b0 unknown :-1 s=HELLO_CONNECTING pgs=0 cs=0 l=0 rev1=1 crypto rx=0 tx=0 comp rx=0 tx=0).handle_hello peer v2:172.21.15.99:3300/0 says I am v2:172.21.15.99:48748/0 (socket says 172.21.15.99:48748)
2024-03-30T00:26:57.634 INFO:teuthology.orchestra.run.smithi099.stdout:/usr/bin/ceph: stderr
2024-03-30T00:26:57.038+0000 7fbc42a00700 1 -- 172.21.15.99:0/3222494705 learned_addr learned my addr 172.21.15.99:0/3222494705 (peer_addr_for_me v2:172.21.15.99:0/0)
2024-03-30T00:26:57.634 INFO:teuthology.orchestra.run.smithi099.stdout:/usr/bin/ceph: stderr
2024-03-30T00:26:57.038+0000 7fbc42a00700 1 -- 172.21.15.99:0/3222494705 --> [v2:172.21.15.99:3300/0,v1:172.21.15.99:6789/0] -- mon_subscribe({config=0+,monmap=0+}) v3 -- 0x7fbc440798c0 con 0x7fbc4407ad50
2024-03-30T00:26:57.634 INFO:teuthology.orchestra.run.smithi099.stdout:/usr/bin/ceph: stderr
2024-03-30T00:26:57.038+0000 7fbc42a00700 1 --2- 172.21.15.99:0/3222494705 >> [v2:172.21.15.99:3300/0,v1:172.21.15.99:6789/0] conn(0x7fbc4407ad50 0x7fbc440791b0 secure :-1 s=READY pgs=49 cs=0 l=1 rev1=1 crypto rx=0x7fbc340098a0 tx=0x7fbc34009bb0 comp rx=0 tx=0).ready entity=mon.0 client_cookie=234b8471d89b04cf server_cookie=0 in_seq=0 out_seq=0
2024-03-30T00:26:57.634 INFO:teuthology.orchestra.run.smithi099.stdout:/usr/bin/ceph: stderr
2024-03-30T00:26:57.039+0000 7fbc42000700 1 -- 172.21.15.99:0/3222494705 <== mon.0 v2:172.21.15.99:3300/0 1 ==== mon_map magic: 0 v1 ==== 205+0+0 (secure 0 0 0) 0x7fbc34004160 con 0x7fbc4407ad50
2024-03-30T00:26:57.634 INFO:teuthology.orchestra.run.smithi099.stdout:/usr/bin/ceph: stderr
2024-03-30T00:26:57.039+0000 7fbc42000700 1 -- 172.21.15.99:0/3222494705 <== mon.0 v2:172.21.15.99:3300/0 2 ==== config(25 keys) v1 ==== 1067+0+0 (secure 0 0 0) 0x7fbc340042c0 con 0x7fbc4407ad50
2024-03-30T00:26:57.634 INFO:teuthology.orchestra.run.smithi099.stdout:/usr/bin/ceph: stderr
2024-03-30T00:26:57.039+0000 7fbc42000700 1 -- 172.21.15.99:0/3222494705 <== mon.0 v2:172.21.15.99:3300/0 3 ==== mon_map magic: 0 v1 ==== 205+0+0 (secure 0 0 0) 0x7fbc340118e0 con 0x7fbc4407ad50
2024-03-30T00:26:57.634 INFO:teuthology.orchestra.run.smithi099.stdout:/usr/bin/ceph: stderr
2024-03-30T00:26:57.039+0000 7fbc49600700 1 -- 172.21.15.99:0/3222494705 >> [v2:172.21.15.99:3300/0,v1:172.21.15.99:6789/0] conn(0x7fbc4407ad50 msgr2=0x7fbc440791b0 secure :-1 s=STATE_CONNECTION_ESTABLISHED l=1).mark_down
2024-03-30T00:26:57.634 INFO:teuthology.orchestra.run.smithi099.stdout:/usr/bin/ceph: stderr
2024-03-30T00:26:57.039+0000 7fbc49600700 1 --2- 172.21.15.99:0/3222494705 >> [v2:172.21.15.99:3300/0,v1:172.21.15.99:6789/0] conn(0x7fbc4407ad50 0x7fbc440791b0 secure :-1 s=READY pgs=49 cs=0 l=1 rev1=1 crypto rx=0x7fbc340098a0 tx=0x7fbc34009bb0 comp rx=0 tx=0).stop
2024-03-30T00:26:57.634 INFO:teuthology.orchestra.run.smithi099.stdout:/usr/bin/ceph: stderr
2024-03-30T00:26:57.039+0000 7fbc49600700 1 -- 172.21.15.99:0/3222494705 shutdown_connections
2024-03-30T00:26:57.635 INFO:teuthology.orchestra.run.smithi099.stdout:/usr/bin/ceph: stderr
2024-03-30T00:26:57.039+0000 7fbc49600700 1 --2- 172.21.15.99:0/3222494705 >> [v2:172.21.15.99:3300/0,v1:172.21.15.99:6789/0] conn(0x7fbc4407ad50 0x7fbc440791b0 unknown :-1 s=CLOSED pgs=49 cs=0 l=1 rev1=1 crypto rx=0 tx=0 comp rx=0 tx=0).stop
2024-03-30T00:26:57.635 INFO:teuthology.orchestra.run.smithi099.stdout:/usr/bin/ceph: stderr
2024-03-30T00:26:57.039+0000 7fbc49600700 1 -- 172.21.15.99:0/3222494705 >> 172.21.15.99:0/3222494705 conn(0x7fbc44101990 msgr2=0x7fbc44103e10 unknown :-1 s=STATE_NONE l=0).mark_down
2024-03-30T00:26:57.635 INFO:teuthology.orchestra.run.smithi099.stdout:/usr/bin/ceph: stderr
2024-03-30T00:26:57.039+0000 7fbc49600700 1 -- 172.21.15.99:0/3222494705 shutdown_connections
2024-03-30T00:26:57.635 INFO:teuthology.orchestra.run.smithi099.stdout:/usr/bin/ceph: stderr
2024-03-30T00:26:57.040+0000 7fbc49600700 1 -- 172.21.15.99:0/3222494705 wait complete.
2024-03-30T00:26:57.635 INFO:teuthology.orchestra.run.smithi099.stdout:/usr/bin/ceph: stderr
2024-03-30T00:26:57.040+0000 7fbc49600700 1 Processor -- start
2024-03-30T00:26:57.635 INFO:teuthology.orchestra.run.smithi099.stdout:/usr/bin/ceph: stderr
2024-03-30T00:26:57.041+0000 7fbc49600700 1 -- start start
2024-03-30T00:26:57.635 INFO:teuthology.orchestra.run.smithi099.stdout:/usr/bin/ceph: stderr
2024-03-30T00:26:57.041+0000 7fbc49600700 1 --2- >> [v2:172.21.15.99:3300/0,v1:172.21.15.99:6789/0] conn(0x7fbc4407ad50 0x7fbc4419c340 unknown :-1 s=NONE pgs=0 cs=0 l=1 rev1=0 crypto rx=0 tx=0 comp rx=0 tx=0).connect
2024-03-30T00:26:57.635 INFO:teuthology.orchestra.run.smithi099.stdout:/usr/bin/ceph: stderr
2024-03-30T00:26:57.041+0000 7fbc49600700 1 -- --> [v2:172.21.15.99:3300/0,v1:172.21.15.99:6789/0] -- mon_getmap magic: 0 v1 -- 0x7fbc4419c880 con 0x7fbc4407ad50
2024-03-30T00:26:57.635 INFO:teuthology.orchestra.run.smithi099.stdout:/usr/bin/ceph: stderr
2024-03-30T00:26:57.041+0000 7fbc42a00700 1 --2- >> [v2:172.21.15.99:3300/0,v1:172.21.15.99:6789/0] conn(0x7fbc4407ad50 0x7fbc4419c340 unknown :-1 s=BANNER_CONNECTING pgs=0 cs=0 l=1 rev1=0 crypto rx=0 tx=0 comp rx=0 tx=0)._handle_peer_banner_payload supported=3 required=0
2024-03-30T00:26:57.635 INFO:teuthology.orchestra.run.smithi099.stdout:/usr/bin/ceph: stderr
2024-03-30T00:26:57.041+0000 7fbc42a00700 1 --2- >> [v2:172.21.15.99:3300/0,v1:172.21.15.99:6789/0] conn(0x7fbc4407ad50 0x7fbc4419c340 unknown :-1 s=HELLO_CONNECTING pgs=0 cs=0 l=1 rev1=1 crypto rx=0 tx=0 comp rx=0 tx=0).handle_hello peer v2:172.21.15.99:3300/0 says I am v2:172.21.15.99:48762/0 (socket says 172.21.15.99:48762)
2024-03-30T00:26:57.635 INFO:teuthology.orchestra.run.smithi099.stdout:/usr/bin/ceph: stderr
2024-03-30T00:26:57.041+0000 7fbc42a00700 1 -- 172.21.15.99:0/3289204086 learned_addr learned my addr 172.21.15.99:0/3289204086 (peer_addr_for_me v2:172.21.15.99:0/0)
2024-03-30T00:26:57.635 INFO:teuthology.orchestra.run.smithi099.stdout:/usr/bin/ceph: stderr
2024-03-30T00:26:57.041+0000 7fbc42a00700 1 -- 172.21.15.99:0/3289204086 --> [v2:172.21.15.99:3300/0,v1:172.21.15.99:6789/0] -- mon_subscribe({config=0+,monmap=0+}) v3 -- 0x7fbc34009550 con 0x7fbc4407ad50
2024-03-30T00:26:57.635 INFO:teuthology.orchestra.run.smithi099.stdout:/usr/bin/ceph: stderr
2024-03-30T00:26:57.042+0000 7fbc42a00700 1 --2- 172.21.15.99:0/3289204086 >> [v2:172.21.15.99:3300/0,v1:172.21.15.99:6789/0] conn(0x7fbc4407ad50 0x7fbc4419c340 secure :-1 s=READY pgs=50 cs=0 l=1 rev1=1 crypto rx=0x7fbc34003f70 tx=0x7fbc340119a0 comp rx=0 tx=0).ready entity=mon.0 client_cookie=0 server_cookie=0 in_seq=0 out_seq=0
2024-03-30T00:26:57.635 INFO:teuthology.orchestra.run.smithi099.stdout:/usr/bin/ceph: stderr
2024-03-30T00:26:57.042+0000 7fbc3b400700 1 -- 172.21.15.99:0/3289204086 <== mon.0 v2:172.21.15.99:3300/0 1 ==== mon_map magic: 0 v1 ==== 205+0+0 (secure 0 0 0) 0x7fbc340036a0 con 0x7fbc4407ad50
2024-03-30T00:26:57.636 INFO:teuthology.orchestra.run.smithi099.stdout:/usr/bin/ceph: stderr
2024-03-30T00:26:57.042+0000 7fbc3b400700 1 -- 172.21.15.99:0/3289204086 <== mon.0 v2:172.21.15.99:3300/0 2 ==== config(25 keys) v1 ==== 1067+0+0 (secure 0 0 0) 0x7fbc3401b440 con 0x7fbc4407ad50
2024-03-30T00:26:57.636 INFO:teuthology.orchestra.run.smithi099.stdout:/usr/bin/ceph: stderr
2024-03-30T00:26:57.042+0000 7fbc49600700 1 -- 172.21.15.99:0/3289204086 --> [v2:172.21.15.99:3300/0,v1:172.21.15.99:6789/0] -- mon_subscribe({mgrmap=0+}) v3 -- 0x7fbc4419ca80 con 0x7fbc4407ad50
2024-03-30T00:26:57.636 INFO:teuthology.orchestra.run.smithi099.stdout:/usr/bin/ceph: stderr
2024-03-30T00:26:57.042+0000 7fbc3b400700 1 -- 172.21.15.99:0/3289204086 <== mon.0 v2:172.21.15.99:3300/0 3 ==== mon_map magic: 0 v1 ==== 205+0+0 (secure 0 0 0) 0x7fbc34023400 con 0x7fbc4407ad50
2024-03-30T00:26:57.636 INFO:teuthology.orchestra.run.smithi099.stdout:/usr/bin/ceph: stderr
2024-03-30T00:26:57.043+0000 7fbc49600700 1 -- 172.21.15.99:0/3289204086 --> [v2:172.21.15.99:3300/0,v1:172.21.15.99:6789/0] -- mon_subscribe({osdmap=0}) v3 -- 0x7fbc4419cf20 con 0x7fbc4407ad50
2024-03-30T00:26:57.636 INFO:teuthology.orchestra.run.smithi099.stdout:/usr/bin/ceph: stderr
2024-03-30T00:26:57.044+0000 7fbc49600700 1 -- 172.21.15.99:0/3289204086 --> [v2:172.21.15.99:3300/0,v1:172.21.15.99:6789/0] -- mon_command({"prefix": "get_command_descriptions"} v 0) v1 -- 0x7fbc4410c810 con 0x7fbc4407ad50
2024-03-30T00:26:57.636 INFO:teuthology.orchestra.run.smithi099.stdout:/usr/bin/ceph: stderr
2024-03-30T00:26:57.044+0000 7fbc3b400700 1 -- 172.21.15.99:0/3289204086 <== mon.0 v2:172.21.15.99:3300/0 4 ==== mgrmap(e 8) v1 ==== 45533+0+0 (secure 0 0 0) 0x7fbc3401b8b0 con 0x7fbc4407ad50
2024-03-30T00:26:57.636 INFO:teuthology.orchestra.run.smithi099.stdout:/usr/bin/ceph: stderr
2024-03-30T00:26:57.045+0000 7fbc3b400700 1 --2- 172.21.15.99:0/3289204086 >> [v2:172.21.15.99:6800/1748928762,v1:172.21.15.99:6801/1748928762] conn(0x7fbc28038750 0x7fbc2803ac10 unknown :-1 s=NONE pgs=0 cs=0 l=1 rev1=0 crypto rx=0 tx=0 comp rx=0 tx=0).connect
2024-03-30T00:26:57.636 INFO:teuthology.orchestra.run.smithi099.stdout:/usr/bin/ceph: stderr
2024-03-30T00:26:57.045+0000 7fbc3b400700 1 -- 172.21.15.99:0/3289204086 <== mon.0 v2:172.21.15.99:3300/0 5 ==== osd_map(2..2 src has 1..2) v4 ==== 940+0+0 (secure 0 0 0) 0x7fbc3404c790 con 0x7fbc4407ad50
2024-03-30T00:26:57.636 INFO:teuthology.orchestra.run.smithi099.stdout:/usr/bin/ceph: stderr
2024-03-30T00:26:57.045+0000 7fbc3be00700 1 --2- 172.21.15.99:0/3289204086 >> [v2:172.21.15.99:6800/1748928762,v1:172.21.15.99:6801/1748928762] conn(0x7fbc28038750 0x7fbc2803ac10 unknown :-1 s=BANNER_CONNECTING pgs=0 cs=0 l=1 rev1=0 crypto rx=0 tx=0 comp rx=0 tx=0)._handle_peer_banner_payload supported=3 required=0
2024-03-30T00:26:57.636 INFO:teuthology.orchestra.run.smithi099.stdout:/usr/bin/ceph: stderr
2024-03-30T00:26:57.046+0000 7fbc3be00700 1 --2- 172.21.15.99:0/3289204086 >> [v2:172.21.15.99:6800/1748928762,v1:172.21.15.99:6801/1748928762] conn(0x7fbc28038750 0x7fbc2803ac10 secure :-1 s=READY pgs=14 cs=0 l=1 rev1=1 crypto rx=0x7fbc2c006fd0 tx=0x7fbc2c006e40 comp rx=0 tx=0).ready entity=mgr.14118 client_cookie=0 server_cookie=0 in_seq=0 out_seq=0
2024-03-30T00:26:57.636 INFO:teuthology.orchestra.run.smithi099.stdout:/usr/bin/ceph: stderr
2024-03-30T00:26:57.050+0000 7fbc3b400700 1 -- 172.21.15.99:0/3289204086 <== mon.0 v2:172.21.15.99:3300/0 6 ==== mon_command_ack([{"prefix": "get_command_descriptions"}]=0 v0) v1 ==== 72+0+182738 (secure 0 0 0) 0x7fbc34018760 con 0x7fbc4407ad50
2024-03-30T00:26:57.637 INFO:teuthology.orchestra.run.smithi099.stdout:/usr/bin/ceph: stderr
2024-03-30T00:26:57.269+0000 7fbc49600700 1 -- 172.21.15.99:0/3289204086 --> [v2:172.21.15.99:3300/0,v1:172.21.15.99:6789/0] -- mon_command([{prefix=config set, name=mgr/cephadm/container_init}] v 0) v1 -- 0x7fbc4410ca50 con 0x7fbc4407ad50
2024-03-30T00:26:57.637 INFO:teuthology.orchestra.run.smithi099.stdout:/usr/bin/ceph: stderr
2024-03-30T00:26:57.273+0000 7fbc3b400700 1 -- 172.21.15.99:0/3289204086 <== mon.0 v2:172.21.15.99:3300/0 7 ==== mon_command_ack([{prefix=config set, name=mgr/cephadm/container_init}]=0 v7)=0 v7) v1 ==== 142+0+0 (secure 0 0 0) 0x7fbc3400b3e0 con 0x7fbc4407ad50
2024-03-30T00:26:57.637 INFO:teuthology.orchestra.run.smithi099.stdout:/usr/bin/ceph: stderr
2024-03-30T00:26:57.276+0000 7fbc49600700 1 -- 172.21.15.99:0/3289204086 >> [v2:172.21.15.99:6800/1748928762,v1:172.21.15.99:6801/1748928762] conn(0x7fbc28038750 msgr2=0x7fbc2803ac10 secure :-1 s=STATE_CONNECTION_ESTABLISHED l=1).mark_down
2024-03-30T00:26:57.637 INFO:teuthology.orchestra.run.smithi099.stdout:/usr/bin/ceph: stderr
2024-03-30T00:26:57.276+0000 7fbc49600700 1 --2- 172.21.15.99:0/3289204086 >> [v2:172.21.15.99:6800/1748928762,v1:172.21.15.99:6801/1748928762] conn(0x7fbc28038750 0x7fbc2803ac10 secure :-1 s=READY pgs=14 cs=0 l=1 rev1=1 crypto rx=0x7fbc2c006fd0 tx=0x7fbc2c006e40 comp rx=0 tx=0).stop
2024-03-30T00:26:57.637 INFO:teuthology.orchestra.run.smithi099.stdout:/usr/bin/ceph: stderr
2024-03-30T00:26:57.276+0000 7fbc49600700 1 -- 172.21.15.99:0/3289204086 >> [v2:172.21.15.99:3300/0,v1:172.21.15.99:6789/0] conn(0x7fbc4407ad50 msgr2=0x7fbc4419c340 secure :-1 s=STATE_CONNECTION_ESTABLISHED l=1).mark_down
2024-03-30T00:26:57.637 INFO:teuthology.orchestra.run.smithi099.stdout:/usr/bin/ceph: stderr
2024-03-30T00:26:57.276+0000 7fbc49600700 1 --2- 172.21.15.99:0/3289204086 >> [v2:172.21.15.99:3300/0,v1:172.21.15.99:6789/0] conn(0x7fbc4407ad50 0x7fbc4419c340 secure :-1 s=READY pgs=50 cs=0 l=1 rev1=1 crypto rx=0x7fbc34003f70 tx=0x7fbc340119a0 comp rx=0 tx=0).stop
2024-03-30T00:26:57.637 INFO:teuthology.orchestra.run.smithi099.stdout:/usr/bin/ceph: stderr
2024-03-30T00:26:57.277+0000 7fbc49600700 1 -- 172.21.15.99:0/3289204086 shutdown_connections
2024-03-30T00:26:57.637 INFO:teuthology.orchestra.run.smithi099.stdout:/usr/bin/ceph: stderr
2024-03-30T00:26:57.277+0000 7fbc49600700 1 --2- 172.21.15.99:0/3289204086 >> [v2:172.21.15.99:6800/1748928762,v1:172.21.15.99:6801/1748928762] conn(0x7fbc28038750 0x7fbc2803ac10 unknown :-1 s=CLOSED pgs=14 cs=0 l=1 rev1=1 crypto rx=0 tx=0 comp rx=0 tx=0).stop
2024-03-30T00:26:57.637 INFO:teuthology.orchestra.run.smithi099.stdout:/usr/bin/ceph: stderr
2024-03-30T00:26:57.277+0000 7fbc49600700 1 --2- 172.21.15.99:0/3289204086 >> [v2:172.21.15.99:3300/0,v1:172.21.15.99:6789/0] conn(0x7fbc4407ad50 0x7fbc4419c340 unknown :-1 s=CLOSED pgs=50 cs=0 l=1 rev1=1 crypto rx=0 tx=0 comp rx=0 tx=0).stop
2024-03-30T00:26:57.637 INFO:teuthology.orchestra.run.smithi099.stdout:/usr/bin/ceph: stderr
2024-03-30T00:26:57.277+0000 7fbc49600700 1 -- 172.21.15.99:0/3289204086 >> 172.21.15.99:0/3289204086 conn(0x7fbc44101990 msgr2=0x7fbc44102530 unknown :-1 s=STATE_NONE l=0).mark_down
2024-03-30T00:26:57.637 INFO:teuthology.orchestra.run.smithi099.stdout:/usr/bin/ceph: stderr
2024-03-30T00:26:57.277+0000 7fbc49600700 1 -- 172.21.15.99:0/3289204086 shutdown_connections
