2024-03-30T00:26:37.112 INFO:teuthology.orchestra.run.smithi099.stdout:/usr/bin/ceph: stderr
2024-03-30T00:26:36.033+0000 7f6c91200700 1 -- start start
2024-03-30T00:26:37.112 INFO:teuthology.orchestra.run.smithi099.stdout:/usr/bin/ceph: stderr
2024-03-30T00:26:36.033+0000 7f6c91200700 1 --2- >> [v2:172.21.15.99:3300/0,v1:172.21.15.99:6789/0] conn(0x7f6c8c07ad70 0x7f6c8c0791d0 unknown :-1 s=NONE pgs=0 cs=0 l=0 rev1=0 crypto rx=0 tx=0 comp rx=0 tx=0).connect
2024-03-30T00:26:37.112 INFO:teuthology.orchestra.run.smithi099.stdout:/usr/bin/ceph: stderr
2024-03-30T00:26:36.033+0000 7f6c91200700 1 -- --> [v2:172.21.15.99:3300/0,v1:172.21.15.99:6789/0] -- mon_getmap magic: 0 v1 -- 0x7f6c8c0797a0 con 0x7f6c8c07ad70
2024-03-30T00:26:37.112 INFO:teuthology.orchestra.run.smithi099.stdout:/usr/bin/ceph: stderr
2024-03-30T00:26:36.033+0000 7f6c89e00700 1 --2- >> [v2:172.21.15.99:3300/0,v1:172.21.15.99:6789/0] conn(0x7f6c8c07ad70 0x7f6c8c0791d0 unknown :-1 s=BANNER_CONNECTING pgs=0 cs=0 l=0 rev1=0 crypto rx=0 tx=0 comp rx=0 tx=0)._handle_peer_banner_payload supported=3 required=0
2024-03-30T00:26:37.112 INFO:teuthology.orchestra.run.smithi099.stdout:/usr/bin/ceph: stderr
2024-03-30T00:26:36.033+0000 7f6c89e00700 1 --2- >> [v2:172.21.15.99:3300/0,v1:172.21.15.99:6789/0] conn(0x7f6c8c07ad70 0x7f6c8c0791d0 unknown :-1 s=HELLO_CONNECTING pgs=0 cs=0 l=0 rev1=1 crypto rx=0 tx=0 comp rx=0 tx=0).handle_hello peer v2:172.21.15.99:3300/0 says I am v2:172.21.15.99:49598/0 (socket says 172.21.15.99:49598)
2024-03-30T00:26:37.112 INFO:teuthology.orchestra.run.smithi099.stdout:/usr/bin/ceph: stderr
2024-03-30T00:26:36.033+0000 7f6c89e00700 1 -- 172.21.15.99:0/4141370944 learned_addr learned my addr 172.21.15.99:0/4141370944 (peer_addr_for_me v2:172.21.15.99:0/0)
2024-03-30T00:26:37.112 INFO:teuthology.orchestra.run.smithi099.stdout:/usr/bin/ceph: stderr
2024-03-30T00:26:36.034+0000 7f6c89e00700 1 -- 172.21.15.99:0/4141370944 --> [v2:172.21.15.99:3300/0,v1:172.21.15.99:6789/0] -- mon_subscribe({config=0+,monmap=0+}) v3 -- 0x7f6c8c0798e0 con 0x7f6c8c07ad70
2024-03-30T00:26:37.112 INFO:teuthology.orchestra.run.smithi099.stdout:/usr/bin/ceph: stderr
2024-03-30T00:26:36.034+0000 7f6c89e00700 1 --2- 172.21.15.99:0/4141370944 >> [v2:172.21.15.99:3300/0,v1:172.21.15.99:6789/0] conn(0x7f6c8c07ad70 0x7f6c8c0791d0 secure :-1 s=READY pgs=20 cs=0 l=1 rev1=1 crypto rx=0x7f6c7c0098a0 tx=0x7f6c7c009bb0 comp rx=0 tx=0).ready entity=mon.0 client_cookie=51944c8678080b1 server_cookie=0 in_seq=0 out_seq=0
2024-03-30T00:26:37.112 INFO:teuthology.orchestra.run.smithi099.stdout:/usr/bin/ceph: stderr
2024-03-30T00:26:36.034+0000 7f6c89400700 1 -- 172.21.15.99:0/4141370944 <== mon.0 v2:172.21.15.99:3300/0 1 ==== mon_map magic: 0 v1 ==== 205+0+0 (secure 0 0 0) 0x7f6c7c004160 con 0x7f6c8c07ad70
2024-03-30T00:26:37.112 INFO:teuthology.orchestra.run.smithi099.stdout:/usr/bin/ceph: stderr
2024-03-30T00:26:36.034+0000 7f6c89400700 1 -- 172.21.15.99:0/4141370944 <== mon.0 v2:172.21.15.99:3300/0 2 ==== config(25 keys) v1 ==== 1036+0+0 (secure 0 0 0) 0x7f6c7c0042c0 con 0x7f6c8c07ad70
2024-03-30T00:26:37.113 INFO:teuthology.orchestra.run.smithi099.stdout:/usr/bin/ceph: stderr
2024-03-30T00:26:36.034+0000 7f6c89400700 1 -- 172.21.15.99:0/4141370944 <== mon.0 v2:172.21.15.99:3300/0 3 ==== mon_map magic: 0 v1 ==== 205+0+0 (secure 0 0 0) 0x7f6c7c011940 con 0x7f6c8c07ad70
2024-03-30T00:26:37.113 INFO:teuthology.orchestra.run.smithi099.stdout:/usr/bin/ceph: stderr
2024-03-30T00:26:36.035+0000 7f6c91200700 1 -- 172.21.15.99:0/4141370944 >> [v2:172.21.15.99:3300/0,v1:172.21.15.99:6789/0] conn(0x7f6c8c07ad70 msgr2=0x7f6c8c0791d0 secure :-1 s=STATE_CONNECTION_ESTABLISHED l=1).mark_down
2024-03-30T00:26:37.113 INFO:teuthology.orchestra.run.smithi099.stdout:/usr/bin/ceph: stderr
2024-03-30T00:26:36.035+0000 7f6c91200700 1 --2- 172.21.15.99:0/4141370944 >> [v2:172.21.15.99:3300/0,v1:172.21.15.99:6789/0] conn(0x7f6c8c07ad70 0x7f6c8c0791d0 secure :-1 s=READY pgs=20 cs=0 l=1 rev1=1 crypto rx=0x7f6c7c0098a0 tx=0x7f6c7c009bb0 comp rx=0 tx=0).stop
2024-03-30T00:26:37.113 INFO:teuthology.orchestra.run.smithi099.stdout:/usr/bin/ceph: stderr
2024-03-30T00:26:36.035+0000 7f6c91200700 1 -- 172.21.15.99:0/4141370944 shutdown_connections
2024-03-30T00:26:37.113 INFO:teuthology.orchestra.run.smithi099.stdout:/usr/bin/ceph: stderr
2024-03-30T00:26:36.035+0000 7f6c91200700 1 --2- 172.21.15.99:0/4141370944 >> [v2:172.21.15.99:3300/0,v1:172.21.15.99:6789/0] conn(0x7f6c8c07ad70 0x7f6c8c0791d0 unknown :-1 s=CLOSED pgs=20 cs=0 l=1 rev1=1 crypto rx=0 tx=0 comp rx=0 tx=0).stop
2024-03-30T00:26:37.113 INFO:teuthology.orchestra.run.smithi099.stdout:/usr/bin/ceph: stderr
2024-03-30T00:26:36.035+0000 7f6c91200700 1 -- 172.21.15.99:0/4141370944 >> 172.21.15.99:0/4141370944 conn(0x7f6c8c1019a0 msgr2=0x7f6c8c103e00 unknown :-1 s=STATE_NONE l=0).mark_down
2024-03-30T00:26:37.113 INFO:teuthology.orchestra.run.smithi099.stdout:/usr/bin/ceph: stderr
2024-03-30T00:26:36.035+0000 7f6c91200700 1 -- 172.21.15.99:0/4141370944 shutdown_connections
2024-03-30T00:26:37.113 INFO:teuthology.orchestra.run.smithi099.stdout:/usr/bin/ceph: stderr
2024-03-30T00:26:36.035+0000 7f6c91200700 1 -- 172.21.15.99:0/4141370944 wait complete.
2024-03-30T00:26:37.113 INFO:teuthology.orchestra.run.smithi099.stdout:/usr/bin/ceph: stderr
2024-03-30T00:26:36.036+0000 7f6c91200700 1 Processor -- start
2024-03-30T00:26:37.113 INFO:teuthology.orchestra.run.smithi099.stdout:/usr/bin/ceph: stderr
2024-03-30T00:26:36.036+0000 7f6c91200700 1 -- start start
2024-03-30T00:26:37.113 INFO:teuthology.orchestra.run.smithi099.stdout:/usr/bin/ceph: stderr
2024-03-30T00:26:36.036+0000 7f6c91200700 1 --2- >> [v2:172.21.15.99:3300/0,v1:172.21.15.99:6789/0] conn(0x7f6c8c07ad70 0x7f6c8c19c330 unknown :-1 s=NONE pgs=0 cs=0 l=1 rev1=0 crypto rx=0 tx=0 comp rx=0 tx=0).connect
2024-03-30T00:26:37.113 INFO:teuthology.orchestra.run.smithi099.stdout:/usr/bin/ceph: stderr
2024-03-30T00:26:36.036+0000 7f6c91200700 1 -- --> [v2:172.21.15.99:3300/0,v1:172.21.15.99:6789/0] -- mon_getmap magic: 0 v1 -- 0x7f6c8c19c870 con 0x7f6c8c07ad70
2024-03-30T00:26:37.113 INFO:teuthology.orchestra.run.smithi099.stdout:/usr/bin/ceph: stderr
2024-03-30T00:26:36.036+0000 7f6c89e00700 1 --2- >> [v2:172.21.15.99:3300/0,v1:172.21.15.99:6789/0] conn(0x7f6c8c07ad70 0x7f6c8c19c330 unknown :-1 s=BANNER_CONNECTING pgs=0 cs=0 l=1 rev1=0 crypto rx=0 tx=0 comp rx=0 tx=0)._handle_peer_banner_payload supported=3 required=0
2024-03-30T00:26:37.114 INFO:teuthology.orchestra.run.smithi099.stdout:/usr/bin/ceph: stderr
2024-03-30T00:26:36.037+0000 7f6c89e00700 1 --2- >> [v2:172.21.15.99:3300/0,v1:172.21.15.99:6789/0] conn(0x7f6c8c07ad70 0x7f6c8c19c330 unknown :-1 s=HELLO_CONNECTING pgs=0 cs=0 l=1 rev1=1 crypto rx=0 tx=0 comp rx=0 tx=0).handle_hello peer v2:172.21.15.99:3300/0 says I am v2:172.21.15.99:49614/0 (socket says 172.21.15.99:49614)
2024-03-30T00:26:37.114 INFO:teuthology.orchestra.run.smithi099.stdout:/usr/bin/ceph: stderr
2024-03-30T00:26:36.037+0000 7f6c89e00700 1 -- 172.21.15.99:0/3061079739 learned_addr learned my addr 172.21.15.99:0/3061079739 (peer_addr_for_me v2:172.21.15.99:0/0)
2024-03-30T00:26:37.114 INFO:teuthology.orchestra.run.smithi099.stdout:/usr/bin/ceph: stderr
2024-03-30T00:26:36.037+0000 7f6c89e00700 1 -- 172.21.15.99:0/3061079739 --> [v2:172.21.15.99:3300/0,v1:172.21.15.99:6789/0] -- mon_subscribe({config=0+,monmap=0+}) v3 -- 0x7f6c7c009550 con 0x7f6c8c07ad70
2024-03-30T00:26:37.114 INFO:teuthology.orchestra.run.smithi099.stdout:/usr/bin/ceph: stderr
2024-03-30T00:26:36.037+0000 7f6c89e00700 1 --2- 172.21.15.99:0/3061079739 >> [v2:172.21.15.99:3300/0,v1:172.21.15.99:6789/0] conn(0x7f6c8c07ad70 0x7f6c8c19c330 secure :-1 s=READY pgs=21 cs=0 l=1 rev1=1 crypto rx=0x7f6c7c003f20 tx=0x7f6c7c011f00 comp rx=0 tx=0).ready entity=mon.0 client_cookie=0 server_cookie=0 in_seq=0 out_seq=0
2024-03-30T00:26:37.114 INFO:teuthology.orchestra.run.smithi099.stdout:/usr/bin/ceph: stderr
2024-03-30T00:26:36.037+0000 7f6c82a00700 1 -- 172.21.15.99:0/3061079739 <== mon.0 v2:172.21.15.99:3300/0 1 ==== mon_map magic: 0 v1 ==== 205+0+0 (secure 0 0 0) 0x7f6c7c0036a0 con 0x7f6c8c07ad70
2024-03-30T00:26:37.114 INFO:teuthology.orchestra.run.smithi099.stdout:/usr/bin/ceph: stderr
2024-03-30T00:26:36.037+0000 7f6c91200700 1 -- 172.21.15.99:0/3061079739 --> [v2:172.21.15.99:3300/0,v1:172.21.15.99:6789/0] -- mon_subscribe({mgrmap=0+}) v3 -- 0x7f6c8c19ca70 con 0x7f6c8c07ad70
2024-03-30T00:26:37.114 INFO:teuthology.orchestra.run.smithi099.stdout:/usr/bin/ceph: stderr
2024-03-30T00:26:36.037+0000 7f6c82a00700 1 -- 172.21.15.99:0/3061079739 <== mon.0 v2:172.21.15.99:3300/0 2 ==== config(25 keys) v1 ==== 1036+0+0 (secure 0 0 0) 0x7f6c7c01b440 con 0x7f6c8c07ad70
2024-03-30T00:26:37.114 INFO:teuthology.orchestra.run.smithi099.stdout:/usr/bin/ceph: stderr
2024-03-30T00:26:36.037+0000 7f6c82a00700 1 -- 172.21.15.99:0/3061079739 <== mon.0 v2:172.21.15.99:3300/0 3 ==== mon_map magic: 0 v1 ==== 205+0+0 (secure 0 0 0) 0x7f6c7c023400 con 0x7f6c8c07ad70
2024-03-30T00:26:37.114 INFO:teuthology.orchestra.run.smithi099.stdout:/usr/bin/ceph: stderr
2024-03-30T00:26:36.037+0000 7f6c91200700 1 -- 172.21.15.99:0/3061079739 --> [v2:172.21.15.99:3300/0,v1:172.21.15.99:6789/0] -- mon_subscribe({osdmap=0}) v3 -- 0x7f6c8c19cf10 con 0x7f6c8c07ad70
2024-03-30T00:26:37.114 INFO:teuthology.orchestra.run.smithi099.stdout:/usr/bin/ceph: stderr
2024-03-30T00:26:36.038+0000 7f6c82a00700 1 -- 172.21.15.99:0/3061079739 <== mon.0 v2:172.21.15.99:3300/0 4 ==== mgrmap(e 4) v1 ==== 45522+0+0 (secure 0 0 0) 0x7f6c7c003800 con 0x7f6c8c07ad70
2024-03-30T00:26:37.114 INFO:teuthology.orchestra.run.smithi099.stdout:/usr/bin/ceph: stderr
2024-03-30T00:26:36.038+0000 7f6c91200700 1 -- 172.21.15.99:0/3061079739 --> [v2:172.21.15.99:3300/0,v1:172.21.15.99:6789/0] -- mon_command({"prefix": "get_command_descriptions"} v 0) v1 -- 0x7f6c8c10c790 con 0x7f6c8c07ad70
2024-03-30T00:26:37.114 INFO:teuthology.orchestra.run.smithi099.stdout:/usr/bin/ceph: stderr
2024-03-30T00:26:36.039+0000 7f6c82a00700 1 --2- 172.21.15.99:0/3061079739 >> [v2:172.21.15.99:6800/1133935143,v1:172.21.15.99:6801/1133935143] conn(0x7f6c700386b0 0x7f6c7003ab70 unknown :-1 s=NONE pgs=0 cs=0 l=1 rev1=0 crypto rx=0 tx=0 comp rx=0 tx=0).connect
2024-03-30T00:26:37.114 INFO:teuthology.orchestra.run.smithi099.stdout:/usr/bin/ceph: stderr
2024-03-30T00:26:36.039+0000 7f6c82a00700 1 -- 172.21.15.99:0/3061079739 <== mon.0 v2:172.21.15.99:3300/0 5 ==== osd_map(1..1 src has 1..1) v4 ==== 725+0+0 (secure 0 0 0) 0x7f6c7c04c670 con 0x7f6c8c07ad70
2024-03-30T00:26:37.115 INFO:teuthology.orchestra.run.smithi099.stdout:/usr/bin/ceph: stderr
2024-03-30T00:26:36.039+0000 7f6c83e00700 1 --2- 172.21.15.99:0/3061079739 >> [v2:172.21.15.99:6800/1133935143,v1:172.21.15.99:6801/1133935143] conn(0x7f6c700386b0 0x7f6c7003ab70 unknown :-1 s=BANNER_CONNECTING pgs=0 cs=0 l=1 rev1=0 crypto rx=0 tx=0 comp rx=0 tx=0)._handle_peer_banner_payload supported=3 required=0
2024-03-30T00:26:37.115 INFO:teuthology.orchestra.run.smithi099.stdout:/usr/bin/ceph: stderr
2024-03-30T00:26:36.040+0000 7f6c83e00700 1 --2- 172.21.15.99:0/3061079739 >> [v2:172.21.15.99:6800/1133935143,v1:172.21.15.99:6801/1133935143] conn(0x7f6c700386b0 0x7f6c7003ab70 secure :-1 s=READY pgs=8 cs=0 l=1 rev1=1 crypto rx=0x7f6c74006fd0 tx=0x7f6c74006e40 comp rx=0 tx=0).ready entity=mgr.14100 client_cookie=0 server_cookie=0 in_seq=0 out_seq=0
2024-03-30T00:26:37.115 INFO:teuthology.orchestra.run.smithi099.stdout:/usr/bin/ceph: stderr
2024-03-30T00:26:36.044+0000 7f6c82a00700 1 -- 172.21.15.99:0/3061079739 <== mon.0 v2:172.21.15.99:3300/0 6 ==== mon_command_ack([{"prefix": "get_command_descriptions"}]=0 v0) v1 ==== 72+0+182738 (secure 0 0 0) 0x7f6c7c00ba30 con 0x7f6c8c07ad70
2024-03-30T00:26:37.115 INFO:teuthology.orchestra.run.smithi099.stdout:/usr/bin/ceph: stderr
2024-03-30T00:26:36.299+0000 7f6c91200700 1 -- 172.21.15.99:0/3061079739 --> [v2:172.21.15.99:3300/0,v1:172.21.15.99:6789/0] -- mon_command({"prefix": "mgr module enable", "module": "cephadm"} v 0) v1 -- 0x7f6c8c10c9d0 con 0x7f6c8c07ad70
2024-03-30T00:26:37.115 INFO:teuthology.orchestra.run.smithi099.stdout:/usr/bin/ceph: stderr
2024-03-30T00:26:36.767+0000 7f6c82a00700 1 -- 172.21.15.99:0/3061079739 <== mon.0 v2:172.21.15.99:3300/0 7 ==== mgrmap(e 5) v1 ==== 45533+0+0 (secure 0 0 0) 0x7f6c7c023760 con 0x7f6c8c07ad70
2024-03-30T00:26:37.115 INFO:teuthology.orchestra.run.smithi099.stdout:/usr/bin/ceph: stderr
2024-03-30T00:26:36.768+0000 7f6c82a00700 1 -- 172.21.15.99:0/3061079739 <== mon.0 v2:172.21.15.99:3300/0 8 ==== mon_command_ack([{"prefix": "mgr module enable", "module": "cephadm"}]=0 v5) v1 ==== 86+0+0 (secure 0 0 0) 0x7f6c7c019a90 con 0x7f6c8c07ad70
2024-03-30T00:26:37.115 INFO:teuthology.orchestra.run.smithi099.stdout:/usr/bin/ceph: stderr
2024-03-30T00:26:36.771+0000 7f6c91200700 1 -- 172.21.15.99:0/3061079739 >> [v2:172.21.15.99:6800/1133935143,v1:172.21.15.99:6801/1133935143] conn(0x7f6c700386b0 msgr2=0x7f6c7003ab70 secure :-1 s=STATE_CONNECTION_ESTABLISHED l=1).mark_down
2024-03-30T00:26:37.115 INFO:teuthology.orchestra.run.smithi099.stdout:/usr/bin/ceph: stderr
2024-03-30T00:26:36.771+0000 7f6c91200700 1 --2- 172.21.15.99:0/3061079739 >> [v2:172.21.15.99:6800/1133935143,v1:172.21.15.99:6801/1133935143] conn(0x7f6c700386b0 0x7f6c7003ab70 secure :-1 s=READY pgs=8 cs=0 l=1 rev1=1 crypto rx=0x7f6c74006fd0 tx=0x7f6c74006e40 comp rx=0 tx=0).stop
2024-03-30T00:26:37.115 INFO:teuthology.orchestra.run.smithi099.stdout:/usr/bin/ceph: stderr
2024-03-30T00:26:36.771+0000 7f6c91200700 1 -- 172.21.15.99:0/3061079739 >> [v2:172.21.15.99:3300/0,v1:172.21.15.99:6789/0] conn(0x7f6c8c07ad70 msgr2=0x7f6c8c19c330 secure :-1 s=STATE_CONNECTION_ESTABLISHED l=1).mark_down
2024-03-30T00:26:37.115 INFO:teuthology.orchestra.run.smithi099.stdout:/usr/bin/ceph: stderr
2024-03-30T00:26:36.771+0000 7f6c91200700 1 --2- 172.21.15.99:0/3061079739 >> [v2:172.21.15.99:3300/0,v1:172.21.15.99:6789/0] conn(0x7f6c8c07ad70 0x7f6c8c19c330 secure :-1 s=READY pgs=21 cs=0 l=1 rev1=1 crypto rx=0x7f6c7c003f20 tx=0x7f6c7c011f00 comp rx=0 tx=0).stop
2024-03-30T00:26:37.115 INFO:teuthology.orchestra.run.smithi099.stdout:/usr/bin/ceph: stderr
2024-03-30T00:26:36.771+0000 7f6c91200700 1 -- 172.21.15.99:0/3061079739 shutdown_connections
2024-03-30T00:26:37.115 INFO:teuthology.orchestra.run.smithi099.stdout:/usr/bin/ceph: stderr
2024-03-30T00:26:36.771+0000 7f6c91200700 1 --2- 172.21.15.99:0/3061079739 >> [v2:172.21.15.99:6800/1133935143,v1:172.21.15.99:6801/1133935143] conn(0x7f6c700386b0 0x7f6c7003ab70 unknown :-1 s=CLOSED pgs=8 cs=0 l=1 rev1=1 crypto rx=0 tx=0 comp rx=0 tx=0).stop
2024-03-30T00:26:37.115 INFO:teuthology.orchestra.run.smithi099.stdout:/usr/bin/ceph: stderr
2024-03-30T00:26:36.771+0000 7f6c91200700 1 --2- 172.21.15.99:0/3061079739 >> [v2:172.21.15.99:3300/0,v1:172.21.15.99:6789/0] conn(0x7f6c8c07ad70 0x7f6c8c19c330 unknown :-1 s=CLOSED pgs=21 cs=0 l=1 rev1=1 crypto rx=0 tx=0 comp rx=0 tx=0).stop
2024-03-30T00:26:37.115 INFO:teuthology.orchestra.run.smithi099.stdout:/usr/bin/ceph: stderr
2024-03-30T00:26:36.771+0000 7f6c91200700 1 -- 172.21.15.99:0/3061079739 >> 172.21.15.99:0/3061079739 conn(0x7f6c8c1019a0 msgr2=0x7f6c8c102590 unknown :-1 s=STATE_NONE l=0).mark_down
2024-03-30T00:26:37.116 INFO:teuthology.orchestra.run.smithi099.stdout:/usr/bin/ceph: stderr
2024-03-30T00:26:36.771+0000 7f6c91200700 1 -- 172.21.15.99:0/3061079739 shutdown_connections
2024-03-30T00:26:37.116 INFO:teuthology.orchestra.run.smithi099.stdout:/usr/bin/ceph: stderr
2024-03-30T00:26:36.771+0000 7f6c91200700 1 -- 172.21.15.99:0/3061079739 wait complete.
2024-03-30T00:26:37.738 INFO:journalctl@ceph.mgr.x.smithi099.stdout:Mar 30 00:26:37 smithi099 ceph-03801b1a-ee2c-11ee-b647-cb9ed24678a4-mgr-x[38332]:
2024-03-30T00:26:37.392+0000 7f3aa7b6b200 -1 mgr[py] Module prometheus has missing NOTIFY_TYPES member
2024-03-30T00:26:37.738 INFO:journalctl@ceph.mgr.x.smithi099.stdout:Mar 30 00:26:37 smithi099 ceph-03801b1a-ee2c-11ee-b647-cb9ed24678a4-mgr-x[38332]:
2024-03-30T00:26:37.515+0000 7f3aa7b6b200 -1 mgr[py] Module alerts has missing NOTIFY_TYPES member
2024-03-30T00:26:37.738 INFO:journalctl@ceph.mgr.x.smithi099.stdout:Mar 30 00:26:37 smithi099 ceph-03801b1a-ee2c-11ee-b647-cb9ed24678a4-mgr-x[38332]:
2024-03-30T00:26:37.635+0000 7f3aa7b6b200 -1 mgr[py] Module osd_perf_query has missing NOTIFY_TYPES member
2024-03-30T00:26:38.010 INFO:journalctl@ceph.mon.a.smithi099.stdout:Mar 30 00:26:37 smithi099 ceph-mon[38079]: from='client.? 172.21.15.99:0/3061079739' entity='client.admin' cmd='[{"prefix": "mgr module enable", "module": "cephadm"}]': finished
2024-03-30T00:26:38.010 INFO:journalctl@ceph.mon.a.smithi099.stdout:Mar 30 00:26:37 smithi099 ceph-mon[38079]: mgrmap e5: x(active, since 6s)
2024-03-30T00:26:38.010 INFO:journalctl@ceph.mgr.x.smithi099.stdout:Mar 30 00:26:37 smithi099 ceph-03801b1a-ee2c-11ee-b647-cb9ed24678a4-mgr-x[38332]:
2024-03-30T00:26:37.747+0000 7f3aa7b6b200 -1 mgr[py] Module progress has missing NOTIFY_TYPES member
2024-03-30T00:26:38.153 INFO:teuthology.orchestra.run.smithi099.stdout:/usr/bin/ceph: stdout {
2024-03-30T00:26:38.153 INFO:teuthology.orchestra.run.smithi099.stdout:/usr/bin/ceph: stdout "epoch": 5,
2024-03-30T00:26:38.153 INFO:teuthology.orchestra.run.smithi099.stdout:/usr/bin/ceph: stdout "available": true,
2024-03-30T00:26:38.153 INFO:teuthology.orchestra.run.smithi099.stdout:/usr/bin/ceph: stdout "active_name": "x",
2024-03-30T00:26:38.154 INFO:teuthology.orchestra.run.smithi099.stdout:/usr/bin/ceph: stdout "num_standby": 0
2024-03-30T00:26:38.154 INFO:teuthology.orchestra.run.smithi099.stdout:/usr/bin/ceph: stdout }
2024-03-30T00:26:38.154 INFO:teuthology.orchestra.run.smithi099.stdout:/usr/bin/ceph: stderr
2024-03-30T00:26:37.525+0000 7fb4eb000700 1 Processor -- start
2024-03-30T00:26:38.154 INFO:teuthology.orchestra.run.smithi099.stdout:/usr/bin/ceph: stderr
2024-03-30T00:26:37.525+0000 7fb4eb000700 1 -- start start
2024-03-30T00:26:38.154 INFO:teuthology.orchestra.run.smithi099.stdout:/usr/bin/ceph: stderr
2024-03-30T00:26:37.526+0000 7fb4eb000700 1 --2- >> [v2:172.21.15.99:3300/0,v1:172.21.15.99:6789/0] conn(0x7fb4e4106430 0x7fb4e4106850 unknown :-1 s=NONE pgs=0 cs=0 l=0 rev1=0 crypto rx=0 tx=0 comp rx=0 tx=0).connect
2024-03-30T00:26:38.154 INFO:teuthology.orchestra.run.smithi099.stdout:/usr/bin/ceph: stderr
2024-03-30T00:26:37.526+0000 7fb4eb000700 1 -- --> [v2:172.21.15.99:3300/0,v1:172.21.15.99:6789/0] -- mon_getmap magic: 0 v1 -- 0x7fb4e4106e20 con 0x7fb4e4106430
2024-03-30T00:26:38.154 INFO:teuthology.orchestra.run.smithi099.stdout:/usr/bin/ceph: stderr
2024-03-30T00:26:37.526+0000 7fb4e3e00700 1 --2- >> [v2:172.21.15.99:3300/0,v1:172.21.15.99:6789/0] conn(0x7fb4e4106430 0x7fb4e4106850 unknown :-1 s=BANNER_CONNECTING pgs=0 cs=0 l=0 rev1=0 crypto rx=0 tx=0 comp rx=0 tx=0)._handle_peer_banner_payload supported=3 required=0
2024-03-30T00:26:38.154 INFO:teuthology.orchestra.run.smithi099.stdout:/usr/bin/ceph: stderr
2024-03-30T00:26:37.526+0000 7fb4e3e00700 1 --2- >> [v2:172.21.15.99:3300/0,v1:172.21.15.99:6789/0] conn(0x7fb4e4106430 0x7fb4e4106850 unknown :-1 s=HELLO_CONNECTING pgs=0 cs=0 l=0 rev1=1 crypto rx=0 tx=0 comp rx=0 tx=0).handle_hello peer v2:172.21.15.99:3300/0 says I am v2:172.21.15.99:49654/0 (socket says 172.21.15.99:49654)
2024-03-30T00:26:38.154 INFO:teuthology.orchestra.run.smithi099.stdout:/usr/bin/ceph: stderr
2024-03-30T00:26:37.526+0000 7fb4e3e00700 1 -- 172.21.15.99:0/3733493896 learned_addr learned my addr 172.21.15.99:0/3733493896 (peer_addr_for_me v2:172.21.15.99:0/0)
2024-03-30T00:26:38.154 INFO:teuthology.orchestra.run.smithi099.stdout:/usr/bin/ceph: stderr
2024-03-30T00:26:37.527+0000 7fb4e3e00700 1 -- 172.21.15.99:0/3733493896 --> [v2:172.21.15.99:3300/0,v1:172.21.15.99:6789/0] -- mon_subscribe({config=0+,monmap=0+}) v3 -- 0x7fb4e4107630 con 0x7fb4e4106430
2024-03-30T00:26:38.154 INFO:teuthology.orchestra.run.smithi099.stdout:/usr/bin/ceph: stderr
2024-03-30T00:26:37.527+0000 7fb4e3e00700 1 --2- 172.21.15.99:0/3733493896 >> [v2:172.21.15.99:3300/0,v1:172.21.15.99:6789/0] conn(0x7fb4e4106430 0x7fb4e4106850 secure :-1 s=READY pgs=24 cs=0 l=1 rev1=1 crypto rx=0x7fb4d40098a0 tx=0x7fb4d4009bb0 comp rx=0 tx=0).ready entity=mon.0 client_cookie=90e0f69fff3d8a67 server_cookie=0 in_seq=0 out_seq=0
2024-03-30T00:26:38.154 INFO:teuthology.orchestra.run.smithi099.stdout:/usr/bin/ceph: stderr
2024-03-30T00:26:37.527+0000 7fb4e2a00700 1 -- 172.21.15.99:0/3733493896 <== mon.0 v2:172.21.15.99:3300/0 1 ==== mon_map magic: 0 v1 ==== 205+0+0 (secure 0 0 0) 0x7fb4d4004160 con 0x7fb4e4106430
2024-03-30T00:26:38.154 INFO:teuthology.orchestra.run.smithi099.stdout:/usr/bin/ceph: stderr
2024-03-30T00:26:37.527+0000 7fb4e2a00700 1 -- 172.21.15.99:0/3733493896 <== mon.0 v2:172.21.15.99:3300/0 2 ==== config(25 keys) v1 ==== 1036+0+0 (secure 0 0 0) 0x7fb4d40042c0 con 0x7fb4e4106430
2024-03-30T00:26:38.155 INFO:teuthology.orchestra.run.smithi099.stdout:/usr/bin/ceph: stderr
2024-03-30T00:26:37.527+0000 7fb4e2a00700 1 -- 172.21.15.99:0/3733493896 <== mon.0 v2:172.21.15.99:3300/0 3 ==== mon_map magic: 0 v1 ==== 205+0+0 (secure 0 0 0) 0x7fb4d4011940 con 0x7fb4e4106430
2024-03-30T00:26:38.155 INFO:teuthology.orchestra.run.smithi099.stdout:/usr/bin/ceph: stderr
2024-03-30T00:26:37.528+0000 7fb4eb000700 1 -- 172.21.15.99:0/3733493896 >> [v2:172.21.15.99:3300/0,v1:172.21.15.99:6789/0] conn(0x7fb4e4106430 msgr2=0x7fb4e4106850 secure :-1 s=STATE_CONNECTION_ESTABLISHED l=1).mark_down
2024-03-30T00:26:38.155 INFO:teuthology.orchestra.run.smithi099.stdout:/usr/bin/ceph: stderr
2024-03-30T00:26:37.528+0000 7fb4eb000700 1 --2- 172.21.15.99:0/3733493896 >> [v2:172.21.15.99:3300/0,v1:172.21.15.99:6789/0] conn(0x7fb4e4106430 0x7fb4e4106850 secure :-1 s=READY pgs=24 cs=0 l=1 rev1=1 crypto rx=0x7fb4d40098a0 tx=0x7fb4d4009bb0 comp rx=0 tx=0).stop
2024-03-30T00:26:38.155 INFO:teuthology.orchestra.run.smithi099.stdout:/usr/bin/ceph: stderr
2024-03-30T00:26:37.528+0000 7fb4eb000700 1 -- 172.21.15.99:0/3733493896 shutdown_connections
2024-03-30T00:26:38.155 INFO:teuthology.orchestra.run.smithi099.stdout:/usr/bin/ceph: stderr
2024-03-30T00:26:37.528+0000 7fb4eb000700 1 --2- 172.21.15.99:0/3733493896 >> [v2:172.21.15.99:3300/0,v1:172.21.15.99:6789/0] conn(0x7fb4e4106430 0x7fb4e4106850 unknown :-1 s=CLOSED pgs=24 cs=0 l=1 rev1=1 crypto rx=0 tx=0 comp rx=0 tx=0).stop
2024-03-30T00:26:38.155 INFO:teuthology.orchestra.run.smithi099.stdout:/usr/bin/ceph: stderr
2024-03-30T00:26:37.528+0000 7fb4eb000700 1 -- 172.21.15.99:0/3733493896 >> 172.21.15.99:0/3733493896 conn(0x7fb4e4101990 msgr2=0x7fb4e4103e10 unknown :-1 s=STATE_NONE l=0).mark_down
2024-03-30T00:26:38.155 INFO:teuthology.orchestra.run.smithi099.stdout:/usr/bin/ceph: stderr
2024-03-30T00:26:37.528+0000 7fb4eb000700 1 -- 172.21.15.99:0/3733493896 shutdown_connections
2024-03-30T00:26:38.155 INFO:teuthology.orchestra.run.smithi099.stdout:/usr/bin/ceph: stderr
2024-03-30T00:26:37.528+0000 7fb4eb000700 1 -- 172.21.15.99:0/3733493896 wait complete.
2024-03-30T00:26:38.155 INFO:teuthology.orchestra.run.smithi099.stdout:/usr/bin/ceph: stderr
2024-03-30T00:26:37.529+0000 7fb4eb000700 1 Processor -- start
2024-03-30T00:26:38.155 INFO:teuthology.orchestra.run.smithi099.stdout:/usr/bin/ceph: stderr
2024-03-30T00:26:37.529+0000 7fb4eb000700 1 -- start start
2024-03-30T00:26:38.155 INFO:teuthology.orchestra.run.smithi099.stdout:/usr/bin/ceph: stderr
2024-03-30T00:26:37.529+0000 7fb4eb000700 1 --2- >> [v2:172.21.15.99:3300/0,v1:172.21.15.99:6789/0] conn(0x7fb4e4106430 0x7fb4e407a9f0 unknown :-1 s=NONE pgs=0 cs=0 l=1 rev1=0 crypto rx=0 tx=0 comp rx=0 tx=0).connect
2024-03-30T00:26:38.155 INFO:teuthology.orchestra.run.smithi099.stdout:/usr/bin/ceph: stderr
2024-03-30T00:26:37.529+0000 7fb4eb000700 1 -- --> [v2:172.21.15.99:3300/0,v1:172.21.15.99:6789/0] -- mon_getmap magic: 0 v1 -- 0x7fb4e407af30 con 0x7fb4e4106430
2024-03-30T00:26:38.155 INFO:teuthology.orchestra.run.smithi099.stdout:/usr/bin/ceph: stderr
2024-03-30T00:26:37.530+0000 7fb4e3e00700 1 --2- >> [v2:172.21.15.99:3300/0,v1:172.21.15.99:6789/0] conn(0x7fb4e4106430 0x7fb4e407a9f0 unknown :-1 s=BANNER_CONNECTING pgs=0 cs=0 l=1 rev1=0 crypto rx=0 tx=0 comp rx=0 tx=0)._handle_peer_banner_payload supported=3 required=0
2024-03-30T00:26:38.156 INFO:teuthology.orchestra.run.smithi099.stdout:/usr/bin/ceph: stderr
2024-03-30T00:26:37.530+0000 7fb4e3e00700 1 --2- >> [v2:172.21.15.99:3300/0,v1:172.21.15.99:6789/0] conn(0x7fb4e4106430 0x7fb4e407a9f0 unknown :-1 s=HELLO_CONNECTING pgs=0 cs=0 l=1 rev1=1 crypto rx=0 tx=0 comp rx=0 tx=0).handle_hello peer v2:172.21.15.99:3300/0 says I am v2:172.21.15.99:49670/0 (socket says 172.21.15.99:49670)
2024-03-30T00:26:38.156 INFO:teuthology.orchestra.run.smithi099.stdout:/usr/bin/ceph: stderr
2024-03-30T00:26:37.530+0000 7fb4e3e00700 1 -- 172.21.15.99:0/3579077737 learned_addr learned my addr 172.21.15.99:0/3579077737 (peer_addr_for_me v2:172.21.15.99:0/0)
2024-03-30T00:26:38.156 INFO:teuthology.orchestra.run.smithi099.stdout:/usr/bin/ceph: stderr
2024-03-30T00:26:37.530+0000 7fb4e3e00700 1 -- 172.21.15.99:0/3579077737 --> [v2:172.21.15.99:3300/0,v1:172.21.15.99:6789/0] -- mon_subscribe({config=0+,monmap=0+}) v3 -- 0x7fb4d4009550 con 0x7fb4e4106430
2024-03-30T00:26:38.156 INFO:teuthology.orchestra.run.smithi099.stdout:/usr/bin/ceph: stderr
2024-03-30T00:26:37.530+0000 7fb4e3e00700 1 --2- 172.21.15.99:0/3579077737 >> [v2:172.21.15.99:3300/0,v1:172.21.15.99:6789/0] conn(0x7fb4e4106430 0x7fb4e407a9f0 secure :-1 s=READY pgs=25 cs=0 l=1 rev1=1 crypto rx=0x7fb4d4003f20 tx=0x7fb4d4011f00 comp rx=0 tx=0).ready entity=mon.0 client_cookie=0 server_cookie=0 in_seq=0 out_seq=0
2024-03-30T00:26:38.156 INFO:teuthology.orchestra.run.smithi099.stdout:/usr/bin/ceph: stderr
2024-03-30T00:26:37.530+0000 7fb4e0c00700 1 -- 172.21.15.99:0/3579077737 <== mon.0 v2:172.21.15.99:3300/0 1 ==== mon_map magic: 0 v1 ==== 205+0+0 (secure 0 0 0) 0x7fb4d40036a0 con 0x7fb4e4106430
2024-03-30T00:26:38.156 INFO:teuthology.orchestra.run.smithi099.stdout:/usr/bin/ceph: stderr
2024-03-30T00:26:37.530+0000 7fb4e0c00700 1 -- 172.21.15.99:0/3579077737 <== mon.0 v2:172.21.15.99:3300/0 2 ==== config(25 keys) v1 ==== 1036+0+0 (secure 0 0 0) 0x7fb4d401b440 con 0x7fb4e4106430
2024-03-30T00:26:38.156 INFO:teuthology.orchestra.run.smithi099.stdout:/usr/bin/ceph: stderr
2024-03-30T00:26:37.530+0000 7fb4eb000700 1 -- 172.21.15.99:0/3579077737 --> [v2:172.21.15.99:3300/0,v1:172.21.15.99:6789/0] -- mon_subscribe({mgrmap=0+}) v3 -- 0x7fb4e4079170 con 0x7fb4e4106430
2024-03-30T00:26:38.156 INFO:teuthology.orchestra.run.smithi099.stdout:/usr/bin/ceph: stderr
2024-03-30T00:26:37.530+0000 7fb4e0c00700 1 -- 172.21.15.99:0/3579077737 <== mon.0 v2:172.21.15.99:3300/0 3 ==== mon_map magic: 0 v1 ==== 205+0+0 (secure 0 0 0) 0x7fb4d4023400 con 0x7fb4e4106430
2024-03-30T00:26:38.156 INFO:teuthology.orchestra.run.smithi099.stdout:/usr/bin/ceph: stderr
2024-03-30T00:26:37.531+0000 7fb4eb000700 1 -- 172.21.15.99:0/3579077737 --> [v2:172.21.15.99:3300/0,v1:172.21.15.99:6789/0] -- mon_subscribe({osdmap=0}) v3 -- 0x7fb4e4079610 con 0x7fb4e4106430
2024-03-30T00:26:38.156 INFO:teuthology.orchestra.run.smithi099.stdout:/usr/bin/ceph: stderr
2024-03-30T00:26:37.532+0000 7fb4e0c00700 1 -- 172.21.15.99:0/3579077737 <== mon.0 v2:172.21.15.99:3300/0 4 ==== mgrmap(e 5) v1 ==== 45533+0+0 (secure 0 0 0) 0x7fb4d4023670 con 0x7fb4e4106430
2024-03-30T00:26:38.156 INFO:teuthology.orchestra.run.smithi099.stdout:/usr/bin/ceph: stderr
2024-03-30T00:26:37.532+0000 7fb4eb000700 1 -- 172.21.15.99:0/3579077737 --> [v2:172.21.15.99:3300/0,v1:172.21.15.99:6789/0] -- mon_command({"prefix": "get_command_descriptions"} v 0) v1 -- 0x7fb4e40623e0 con 0x7fb4e4106430
2024-03-30T00:26:38.156 INFO:teuthology.orchestra.run.smithi099.stdout:/usr/bin/ceph: stderr
2024-03-30T00:26:37.532+0000 7fb4e0c00700 1 --2- 172.21.15.99:0/3579077737 >> [v2:172.21.15.99:6800/1133935143,v1:172.21.15.99:6801/1133935143] conn(0x7fb4c8038750 0x7fb4c803ac10 unknown :-1 s=NONE pgs=0 cs=0 l=1 rev1=0 crypto rx=0 tx=0 comp rx=0 tx=0).connect
2024-03-30T00:26:38.156 INFO:teuthology.orchestra.run.smithi099.stdout:/usr/bin/ceph: stderr
2024-03-30T00:26:37.532+0000 7fb4e0c00700 1 -- 172.21.15.99:0/3579077737 <== mon.0 v2:172.21.15.99:3300/0 5 ==== osd_map(1..1 src has 1..1) v4 ==== 725+0+0 (secure 0 0 0) 0x7fb4d404d590 con 0x7fb4e4106430
2024-03-30T00:26:38.156 INFO:teuthology.orchestra.run.smithi099.stdout:/usr/bin/ceph: stderr
2024-03-30T00:26:37.532+0000 7fb4e3400700 1 -- 172.21.15.99:0/3579077737 >> [v2:172.21.15.99:6800/1133935143,v1:172.21.15.99:6801/1133935143] conn(0x7fb4c8038750 msgr2=0x7fb4c803ac10 unknown :-1 s=STATE_CONNECTING_RE l=1).process reconnect failed to v2:172.21.15.99:6800/1133935143
2024-03-30T00:26:38.157 INFO:teuthology.orchestra.run.smithi099.stdout:/usr/bin/ceph: stderr
2024-03-30T00:26:37.532+0000 7fb4e3400700 1 --2- 172.21.15.99:0/3579077737 >> [v2:172.21.15.99:6800/1133935143,v1:172.21.15.99:6801/1133935143] conn(0x7fb4c8038750 0x7fb4c803ac10 unknown :-1 s=START_CONNECT pgs=0 cs=0 l=1 rev1=0 crypto rx=0 tx=0 comp rx=0 tx=0)._fault waiting 0.200000
2024-03-30T00:26:38.157 INFO:teuthology.orchestra.run.smithi099.stdout:/usr/bin/ceph: stderr
2024-03-30T00:26:37.541+0000 7fb4e0c00700 1 -- 172.21.15.99:0/3579077737 <== mon.0 v2:172.21.15.99:3300/0 6 ==== mon_command_ack([{"prefix": "get_command_descriptions"}]=0 v0) v1 ==== 72+0+182738 (secure 0 0 0) 0x7fb4d4023920 con 0x7fb4e4106430
2024-03-30T00:26:38.157 INFO:teuthology.orchestra.run.smithi099.stdout:/usr/bin/ceph: stderr
2024-03-30T00:26:37.733+0000 7fb4e3400700 1 -- 172.21.15.99:0/3579077737 >> [v2:172.21.15.99:6800/1133935143,v1:172.21.15.99:6801/1133935143] conn(0x7fb4c8038750 msgr2=0x7fb4c803ac10 unknown :-1 s=STATE_CONNECTING_RE l=1).process reconnect failed to v2:172.21.15.99:6800/1133935143
2024-03-30T00:26:38.157 INFO:teuthology.orchestra.run.smithi099.stdout:/usr/bin/ceph: stderr
2024-03-30T00:26:37.733+0000 7fb4e3400700 1 --2- 172.21.15.99:0/3579077737 >> [v2:172.21.15.99:6800/1133935143,v1:172.21.15.99:6801/1133935143] conn(0x7fb4c8038750 0x7fb4c803ac10 unknown :-1 s=START_CONNECT pgs=0 cs=0 l=1 rev1=0 crypto rx=0 tx=0 comp rx=0 tx=0)._fault waiting 0.400000
2024-03-30T00:26:38.157 INFO:teuthology.orchestra.run.smithi099.stdout:/usr/bin/ceph: stderr
2024-03-30T00:26:37.807+0000 7fb4eb000700 1 -- 172.21.15.99:0/3579077737 --> [v2:172.21.15.99:3300/0,v1:172.21.15.99:6789/0] -- mon_command({"prefix": "mgr stat"} v 0) v1 -- 0x7fb4e4079d90 con 0x7fb4e4106430
2024-03-30T00:26:38.157 INFO:teuthology.orchestra.run.smithi099.stdout:/usr/bin/ceph: stderr
2024-03-30T00:26:37.808+0000 7fb4e0c00700 1 -- 172.21.15.99:0/3579077737 <== mon.0 v2:172.21.15.99:3300/0 7 ==== mon_command_ack([{"prefix": "mgr stat"}]=0 v5) v1 ==== 56+0+88 (secure 0 0 0) 0x7fb4d402bb40 con 0x7fb4e4106430
2024-03-30T00:26:38.157 INFO:teuthology.orchestra.run.smithi099.stdout:/usr/bin/ceph: stderr
2024-03-30T00:26:37.810+0000 7fb4eb000700 1 -- 172.21.15.99:0/3579077737 >> [v2:172.21.15.99:6800/1133935143,v1:172.21.15.99:6801/1133935143] conn(0x7fb4c8038750 msgr2=0x7fb4c803ac10 unknown :-1 s=STATE_CONNECTING l=1).mark_down
2024-03-30T00:26:38.157 INFO:teuthology.orchestra.run.smithi099.stdout:/usr/bin/ceph: stderr
2024-03-30T00:26:37.810+0000 7fb4eb000700 1 --2- 172.21.15.99:0/3579077737 >> [v2:172.21.15.99:6800/1133935143,v1:172.21.15.99:6801/1133935143] conn(0x7fb4c8038750 0x7fb4c803ac10 unknown :-1 s=START_CONNECT pgs=0 cs=0 l=1 rev1=0 crypto rx=0 tx=0 comp rx=0 tx=0).stop
2024-03-30T00:26:38.157 INFO:teuthology.orchestra.run.smithi099.stdout:/usr/bin/ceph: stderr
2024-03-30T00:26:37.810+0000 7fb4eb000700 1 -- 172.21.15.99:0/3579077737 >> [v2:172.21.15.99:3300/0,v1:172.21.15.99:6789/0] conn(0x7fb4e4106430 msgr2=0x7fb4e407a9f0 secure :-1 s=STATE_CONNECTION_ESTABLISHED l=1).mark_down
2024-03-30T00:26:38.157 INFO:teuthology.orchestra.run.smithi099.stdout:/usr/bin/ceph: stderr
2024-03-30T00:26:37.810+0000 7fb4eb000700 1 --2- 172.21.15.99:0/3579077737 >> [v2:172.21.15.99:3300/0,v1:172.21.15.99:6789/0] conn(0x7fb4e4106430 0x7fb4e407a9f0 secure :-1 s=READY pgs=25 cs=0 l=1 rev1=1 crypto rx=0x7fb4d4003f20 tx=0x7fb4d4011f00 comp rx=0 tx=0).stop
2024-03-30T00:26:38.157 INFO:teuthology.orchestra.run.smithi099.stdout:/usr/bin/ceph: stderr
2024-03-30T00:26:37.810+0000 7fb4eb000700 1 -- 172.21.15.99:0/3579077737 shutdown_connections
2024-03-30T00:26:38.157 INFO:teuthology.orchestra.run.smithi099.stdout:/usr/bin/ceph: stderr
2024-03-30T00:26:37.810+0000 7fb4eb000700 1 --2- 172.21.15.99:0/3579077737 >> [v2:172.21.15.99:6800/1133935143,v1:172.21.15.99:6801/1133935143] conn(0x7fb4c8038750 0x7fb4c803ac10 unknown :-1 s=CLOSED pgs=0 cs=0 l=1 rev1=0 crypto rx=0 tx=0 comp rx=0 tx=0).stop
2024-03-30T00:26:38.158 INFO:teuthology.orchestra.run.smithi099.stdout:/usr/bin/ceph: stderr
2024-03-30T00:26:37.810+0000 7fb4eb000700 1 --2- 172.21.15.99:0/3579077737 >> [v2:172.21.15.99:3300/0,v1:172.21.15.99:6789/0] conn(0x7fb4e4106430 0x7fb4e407a9f0 unknown :-1 s=CLOSED pgs=25 cs=0 l=1 rev1=1 crypto rx=0 tx=0 comp rx=0 tx=0).stop
2024-03-30T00:26:38.158 INFO:teuthology.orchestra.run.smithi099.stdout:/usr/bin/ceph: stderr
2024-03-30T00:26:37.810+0000 7fb4eb000700 1 -- 172.21.15.99:0/3579077737 >> 172.21.15.99:0/3579077737 conn(0x7fb4e4101990 msgr2=0x7fb4e41024f0 unknown :-1 s=STATE_NONE l=0).mark_down
2024-03-30T00:26:38.158 INFO:teuthology.orchestra.run.smithi099.stdout:/usr/bin/ceph: stderr
2024-03-30T00:26:37.811+0000 7fb4eb000700 1 -- 172.21.15.99:0/3579077737 shutdown_connections
2024-03-30T00:26:38.158 INFO:teuthology.orchestra.run.smithi099.stdout:/usr/bin/ceph: stderr
2024-03-30T00:26:37.811+0000 7fb4eb000700 1 -- 172.21.15.99:0/3579077737 wait complete.
2024-03-30T00:26:38.158 INFO:teuthology.orchestra.run.smithi099.stdout:Waiting for the mgr to restart...
2024-03-30T00:26:38.158 INFO:teuthology.orchestra.run.smithi099.stdout:Waiting for mgr epoch 5...
2024-03-30T00:26:38.926 INFO:journalctl@ceph.mon.a.smithi099.stdout:Mar 30 00:26:38 smithi099 ceph-mon[38079]: from='client.? 172.21.15.99:0/3579077737' entity='client.admin' cmd=[{"prefix": "mgr stat"}]: dispatch
2024-03-30T00:26:38.926 INFO:journalctl@ceph.mgr.x.smithi099.stdout:Mar 30 00:26:38 smithi099 ceph-03801b1a-ee2c-11ee-b647-cb9ed24678a4-mgr-x[38332]:
2024-03-30T00:26:38.606+0000 7f3aa7b6b200 -1 mgr[py] Module orchestrator has missing NOTIFY_TYPES member
2024-03-30T00:26:38.926 INFO:journalctl@ceph.mgr.x.smithi099.stdout:Mar 30 00:26:38 smithi099 ceph-03801b1a-ee2c-11ee-b647-cb9ed24678a4-mgr-x[38332]:
2024-03-30T00:26:38.917+0000 7f3aa7b6b200 -1 mgr[py] Module nfs has missing NOTIFY_TYPES member
2024-03-30T00:26:39.238 INFO:journalctl@ceph.mgr.x.smithi099.stdout:Mar 30 00:26:39 smithi099 ceph-03801b1a-ee2c-11ee-b647-cb9ed24678a4-mgr-x[38332]:
2024-03-30T00:26:39.026+0000 7f3aa7b6b200 -1 mgr[py] Module zabbix has missing NOTIFY_TYPES member
2024-03-30T00:26:39.238 INFO:journalctl@ceph.mgr.x.smithi099.stdout:Mar 30 00:26:39 smithi099 ceph-03801b1a-ee2c-11ee-b647-cb9ed24678a4-mgr-x[38332]:
2024-03-30T00:26:39.161+0000 7f3aa7b6b200 -1 mgr[py] Module rbd_support has missing NOTIFY_TYPES member
2024-03-30T00:26:39.634 INFO:journalctl@ceph.mgr.x.smithi099.stdout:Mar 30 00:26:39 smithi099 ceph-03801b1a-ee2c-11ee-b647-cb9ed24678a4-mgr-x[38332]:
2024-03-30T00:26:39.355+0000 7f3aa7b6b200 -1 mgr[py] Module status has missing NOTIFY_TYPES member
2024-03-30T00:26:39.634 INFO:journalctl@ceph.mgr.x.smithi099.stdout:Mar 30 00:26:39 smithi099 ceph-03801b1a-ee2c-11ee-b647-cb9ed24678a4-mgr-x[38332]:
2024-03-30T00:26:39.518+0000 7f3aa7b6b200 -1 mgr[py] Module diskprediction_local has missing NOTIFY_TYPES member
2024-03-30T00:26:39.988 INFO:journalctl@ceph.mgr.x.smithi099.stdout:Mar 30 00:26:39 smithi099 ceph-03801b1a-ee2c-11ee-b647-cb9ed24678a4-mgr-x[38332]:
2024-03-30T00:26:39.626+0000 7f3aa7b6b200 -1 mgr[py] Module telegraf has missing NOTIFY_TYPES member
2024-03-30T00:26:40.488 INFO:journalctl@ceph.mgr.x.smithi099.stdout:Mar 30 00:26:40 smithi099 ceph-03801b1a-ee2c-11ee-b647-cb9ed24678a4-mgr-x[38332]:
2024-03-30T00:26:40.083+0000 7f3aa7b6b200 -1 mgr[py] Module influx has missing NOTIFY_TYPES member
2024-03-30T00:26:40.934 INFO:journalctl@ceph.mgr.x.smithi099.stdout:Mar 30 00:26:40 smithi099 ceph-03801b1a-ee2c-11ee-b647-cb9ed24678a4-mgr-x[38332]:
2024-03-30T00:26:40.562+0000 7f3aa7b6b200 -1 mgr[py] Module pg_autoscaler has missing NOTIFY_TYPES member
2024-03-30T00:26:40.935 INFO:journalctl@ceph.mgr.x.smithi099.stdout:Mar 30 00:26:40 smithi099 ceph-03801b1a-ee2c-11ee-b647-cb9ed24678a4-mgr-x[38332]:
2024-03-30T00:26:40.807+0000 7f3aa7b6b200 -1 mgr[py] Module rgw has missing NOTIFY_TYPES member
2024-03-30T00:26:40.935 INFO:journalctl@ceph.mgr.x.smithi099.stdout:Mar 30 00:26:40 smithi099 ceph-03801b1a-ee2c-11ee-b647-cb9ed24678a4-mgr-x[38332]:
2024-03-30T00:26:40.926+0000 7f3aa7b6b200 -1 mgr[py] Module balancer has missing NOTIFY_TYPES member
2024-03-30T00:26:42.174 INFO:journalctl@ceph.mgr.x.smithi099.stdout:Mar 30 00:26:41 smithi099 ceph-03801b1a-ee2c-11ee-b647-cb9ed24678a4-mgr-x[38332]:
2024-03-30T00:26:41.855+0000 7f3aa7b6b200 -1 mgr[py] Module iostat has missing NOTIFY_TYPES member
2024-03-30T00:26:42.175 INFO:journalctl@ceph.mgr.x.smithi099.stdout:Mar 30 00:26:41 smithi099 ceph-03801b1a-ee2c-11ee-b647-cb9ed24678a4-mgr-x[38332]:
2024-03-30T00:26:41.977+0000 7f3aa7b6b200 -1 mgr[py] Module snap_schedule has missing NOTIFY_TYPES member
2024-03-30T00:26:42.175 INFO:journalctl@ceph.mgr.x.smithi099.stdout:Mar 30 00:26:42 smithi099 ceph-03801b1a-ee2c-11ee-b647-cb9ed24678a4-mgr-x[38332]:
2024-03-30T00:26:42.165+0000 7f3aa7b6b200 -1 mgr[py] Module telemetry has missing NOTIFY_TYPES member
2024-03-30T00:26:43.238 INFO:journalctl@ceph.mgr.x.smithi099.stdout:Mar 30 00:26:42 smithi099 ceph-03801b1a-ee2c-11ee-b647-cb9ed24678a4-mgr-x[38332]:
2024-03-30T00:26:42.955+0000 7f3aa7b6b200 -1 mgr[py] Module rook has missing NOTIFY_TYPES member
2024-03-30T00:26:43.239 INFO:journalctl@ceph.mgr.x.smithi099.stdout:Mar 30 00:26:43 smithi099 ceph-03801b1a-ee2c-11ee-b647-cb9ed24678a4-mgr-x[38332]:
2024-03-30T00:26:43.189+0000 7f3aa7b6b200 -1 mgr[py] Module selftest has missing NOTIFY_TYPES member
2024-03-30T00:26:43.738 INFO:journalctl@ceph.mgr.x.smithi099.stdout:Mar 30 00:26:43 smithi099 ceph-03801b1a-ee2c-11ee-b647-cb9ed24678a4-mgr-x[38332]:
2024-03-30T00:26:43.436+0000 7f3aa7b6b200 -1 mgr[py] Module devicehealth has missing NOTIFY_TYPES member
2024-03-30T00:26:44.940 INFO:journalctl@ceph.mgr.x.smithi099.stdout:Mar 30 00:26:44 smithi099 ceph-03801b1a-ee2c-11ee-b647-cb9ed24678a4-mgr-x[38332]:
2024-03-30T00:26:44.559+0000 7f3aa7b6b200 -1 mgr[py] Module volumes has missing NOTIFY_TYPES member
2024-03-30T00:26:44.940 INFO:journalctl@ceph.mgr.x.smithi099.stdout:Mar 30 00:26:44 smithi099 ceph-03801b1a-ee2c-11ee-b647-cb9ed24678a4-mgr-x[38332]:
2024-03-30T00:26:44.931+0000 7f3aa7b6b200 -1 mgr[py] Module test_orchestrator has missing NOTIFY_TYPES member
2024-03-30T00:26:45.238 INFO:journalctl@ceph.mgr.x.smithi099.stdout:Mar 30 00:26:45 smithi099 ceph-03801b1a-ee2c-11ee-b647-cb9ed24678a4-mgr-x[38332]:
2024-03-30T00:26:45.047+0000 7f3aa7b6b200 -1 mgr[py] Module osd_support has missing NOTIFY_TYPES member
2024-03-30T00:26:45.738 INFO:journalctl@ceph.mgr.x.smithi099.stdout:Mar 30 00:26:45 smithi099 ceph-03801b1a-ee2c-11ee-b647-cb9ed24678a4-mgr-x[38332]:
2024-03-30T00:26:45.297+0000 7f3aa7b6b200 -1 mgr[py] Module crash has missing NOTIFY_TYPES member
2024-03-30T00:26:46.238 INFO:journalctl@ceph.mon.a.smithi099.stdout:Mar 30 00:26:45 smithi099 ceph-mon[38079]: Active manager daemon x restarted
2024-03-30T00:26:46.239 INFO:journalctl@ceph.mon.a.smithi099.stdout:Mar 30 00:26:45 smithi099 ceph-mon[38079]: Activating manager daemon x
2024-03-30T00:26:46.239 INFO:journalctl@ceph.mon.a.smithi099.stdout:Mar 30 00:26:45 smithi099 ceph-mon[38079]: osdmap e2: 0 total, 0 up, 0 in
2024-03-30T00:26:46.239 INFO:journalctl@ceph.mon.a.smithi099.stdout:Mar 30 00:26:45 smithi099 ceph-mon[38079]: mgrmap e6: x(active, starting, since 0.00416245s)
2024-03-30T00:26:46.239 INFO:journalctl@ceph.mon.a.smithi099.stdout:Mar 30 00:26:45 smithi099 ceph-mon[38079]: from='mgr.14118 172.21.15.99:0/1199735907' entity='mgr.x' cmd=[{"prefix": "mon metadata", "id": "a"}]: dispatch
2024-03-30T00:26:46.239 INFO:journalctl@ceph.mon.a.smithi099.stdout:Mar 30 00:26:45 smithi099 ceph-mon[38079]: from='mgr.14118 172.21.15.99:0/1199735907' entity='mgr.x' cmd=[{"prefix": "mgr metadata", "who": "x", "id": "x"}]: dispatch
2024-03-30T00:26:46.239 INFO:journalctl@ceph.mon.a.smithi099.stdout:Mar 30 00:26:45 smithi099 ceph-mon[38079]: from='mgr.14118 172.21.15.99:0/1199735907' entity='mgr.x' cmd=[{"prefix": "mds metadata"}]: dispatch
2024-03-30T00:26:46.239 INFO:journalctl@ceph.mon.a.smithi099.stdout:Mar 30 00:26:45 smithi099 ceph-mon[38079]: from='mgr.14118 172.21.15.99:0/1199735907' entity='mgr.x' cmd=[{"prefix": "osd metadata"}]: dispatch
2024-03-30T00:26:46.239 INFO:journalctl@ceph.mon.a.smithi099.stdout:Mar 30 00:26:45 smithi099 ceph-mon[38079]: from='mgr.14118 172.21.15.99:0/1199735907' entity='mgr.x' cmd=[{"prefix": "mon metadata"}]: dispatch
2024-03-30T00:26:46.239 INFO:journalctl@ceph.mon.a.smithi099.stdout:Mar 30 00:26:45 smithi099 ceph-mon[38079]: Manager daemon x is now available
2024-03-30T00:26:46.239 INFO:journalctl@ceph.mon.a.smithi099.stdout:Mar 30 00:26:45 smithi099 ceph-mon[38079]: from='mgr.14118 172.21.15.99:0/1199735907' entity='mgr.x'
2024-03-30T00:26:46.239 INFO:journalctl@ceph.mon.a.smithi099.stdout:Mar 30 00:26:45 smithi099 ceph-mon[38079]: from='mgr.14118 172.21.15.99:0/1199735907' entity='mgr.x'
2024-03-30T00:26:46.239 INFO:journalctl@ceph.mon.a.smithi099.stdout:Mar 30 00:26:45 smithi099 ceph-mon[38079]: from='mgr.14118 172.21.15.99:0/1199735907' entity='mgr.x' cmd=[{"prefix": "config dump", "format": "json"}]: dispatch
2024-03-30T00:26:46.240 INFO:journalctl@ceph.mon.a.smithi099.stdout:Mar 30 00:26:45 smithi099 ceph-mon[38079]: from='mgr.14118 172.21.15.99:0/1199735907' entity='mgr.x' cmd=[{"prefix": "config dump", "format": "json"}]: dispatch
2024-03-30T00:26:46.240 INFO:journalctl@ceph.mon.a.smithi099.stdout:Mar 30 00:26:45 smithi099 ceph-mon[38079]: from='mgr.14118 172.21.15.99:0/1199735907' entity='mgr.x' cmd=[{"prefix":"config rm","who":"mgr","name":"mgr/rbd_support/x/mirror_snapshot_schedule"}]: dispatch
2024-03-30T00:26:46.240 INFO:journalctl@ceph.mon.a.smithi099.stdout:Mar 30 00:26:45 smithi099 ceph-mon[38079]: from='mgr.14118 172.21.15.99:0/1199735907' entity='mgr.x' cmd=[{"prefix":"config rm","who":"mgr","name":"mgr/rbd_support/x/trash_purge_schedule"}]: dispatch
2024-03-30T00:26:46.644 INFO:teuthology.orchestra.run.smithi099.stdout:/usr/bin/ceph: stdout {
2024-03-30T00:26:46.644 INFO:teuthology.orchestra.run.smithi099.stdout:/usr/bin/ceph: stdout "mgrmap_epoch": 7,
2024-03-30T00:26:46.644 INFO:teuthology.orchestra.run.smithi099.stdout:/usr/bin/ceph: stdout "initialized": true
2024-03-30T00:26:46.644 INFO:teuthology.orchestra.run.smithi099.stdout:/usr/bin/ceph: stdout }
2024-03-30T00:26:46.644 INFO:teuthology.orchestra.run.smithi099.stdout:/usr/bin/ceph: stderr
2024-03-30T00:26:38.567+0000 7fdff0a00700 1 Processor -- start
2024-03-30T00:26:46.644 INFO:teuthology.orchestra.run.smithi099.stdout:/usr/bin/ceph: stderr
2024-03-30T00:26:38.568+0000 7fdff0a00700 1 -- start start
2024-03-30T00:26:46.644 INFO:teuthology.orchestra.run.smithi099.stdout:/usr/bin/ceph: stderr
2024-03-30T00:26:38.568+0000 7fdff0a00700 1 --2- >> [v2:172.21.15.99:3300/0,v1:172.21.15.99:6789/0] conn(0x7fdfec07ad50 0x7fdfec0791b0 unknown :-1 s=NONE pgs=0 cs=0 l=0 rev1=0 crypto rx=0 tx=0 comp rx=0 tx=0).connect
2024-03-30T00:26:46.645 INFO:teuthology.orchestra.run.smithi099.stdout:/usr/bin/ceph: stderr
2024-03-30T00:26:38.568+0000 7fdff0a00700 1 -- --> [v2:172.21.15.99:3300/0,v1:172.21.15.99:6789/0] -- mon_getmap magic: 0 v1 -- 0x7fdfec079780 con 0x7fdfec07ad50
2024-03-30T00:26:46.645 INFO:teuthology.orchestra.run.smithi099.stdout:/usr/bin/ceph: stderr
2024-03-30T00:26:38.568+0000 7fdfe9e00700 1 --2- >> [v2:172.21.15.99:3300/0,v1:172.21.15.99:6789/0] conn(0x7fdfec07ad50 0x7fdfec0791b0 unknown :-1 s=BANNER_CONNECTING pgs=0 cs=0 l=0 rev1=0 crypto rx=0 tx=0 comp rx=0 tx=0)._handle_peer_banner_payload supported=3 required=0
2024-03-30T00:26:46.645 INFO:teuthology.orchestra.run.smithi099.stdout:/usr/bin/ceph: stderr
2024-03-30T00:26:38.568+0000 7fdfe9e00700 1 --2- >> [v2:172.21.15.99:3300/0,v1:172.21.15.99:6789/0] conn(0x7fdfec07ad50 0x7fdfec0791b0 unknown :-1 s=HELLO_CONNECTING pgs=0 cs=0 l=0 rev1=1 crypto rx=0 tx=0 comp rx=0 tx=0).handle_hello peer v2:172.21.15.99:3300/0 says I am v2:172.21.15.99:49676/0 (socket says 172.21.15.99:49676)
2024-03-30T00:26:46.645 INFO:teuthology.orchestra.run.smithi099.stdout:/usr/bin/ceph: stderr
2024-03-30T00:26:38.568+0000 7fdfe9e00700 1 -- 172.21.15.99:0/1577004813 learned_addr learned my addr 172.21.15.99:0/1577004813 (peer_addr_for_me v2:172.21.15.99:0/0)
2024-03-30T00:26:46.645 INFO:teuthology.orchestra.run.smithi099.stdout:/usr/bin/ceph: stderr
2024-03-30T00:26:38.569+0000 7fdfe9e00700 1 -- 172.21.15.99:0/1577004813 --> [v2:172.21.15.99:3300/0,v1:172.21.15.99:6789/0] -- mon_subscribe({config=0+,monmap=0+}) v3 -- 0x7fdfec0798c0 con 0x7fdfec07ad50
2024-03-30T00:26:46.645 INFO:teuthology.orchestra.run.smithi099.stdout:/usr/bin/ceph: stderr
2024-03-30T00:26:38.569+0000 7fdfe9e00700 1 --2- 172.21.15.99:0/1577004813 >> [v2:172.21.15.99:3300/0,v1:172.21.15.99:6789/0] conn(0x7fdfec07ad50 0x7fdfec0791b0 secure :-1 s=READY pgs=26 cs=0 l=1 rev1=1 crypto rx=0x7fdfdc0098a0 tx=0x7fdfdc009bb0 comp rx=0 tx=0).ready entity=mon.0 client_cookie=8df2232bf0004d9 server_cookie=0 in_seq=0 out_seq=0
2024-03-30T00:26:46.645 INFO:teuthology.orchestra.run.smithi099.stdout:/usr/bin/ceph: stderr
2024-03-30T00:26:38.569+0000 7fdfe8a00700 1 -- 172.21.15.99:0/1577004813 <== mon.0 v2:172.21.15.99:3300/0 1 ==== mon_map magic: 0 v1 ==== 205+0+0 (secure 0 0 0) 0x7fdfdc004160 con 0x7fdfec07ad50
2024-03-30T00:26:46.645 INFO:teuthology.orchestra.run.smithi099.stdout:/usr/bin/ceph: stderr
2024-03-30T00:26:38.569+0000 7fdfe8a00700 1 -- 172.21.15.99:0/1577004813 <== mon.0 v2:172.21.15.99:3300/0 2 ==== config(25 keys) v1 ==== 1036+0+0 (secure 0 0 0) 0x7fdfdc0042c0 con 0x7fdfec07ad50
2024-03-30T00:26:46.645 INFO:teuthology.orchestra.run.smithi099.stdout:/usr/bin/ceph: stderr
2024-03-30T00:26:38.569+0000 7fdfe8a00700 1 -- 172.21.15.99:0/1577004813 <== mon.0 v2:172.21.15.99:3300/0 3 ==== mon_map magic: 0 v1 ==== 205+0+0 (secure 0 0 0) 0x7fdfdc011940 con 0x7fdfec07ad50
2024-03-30T00:26:46.645 INFO:teuthology.orchestra.run.smithi099.stdout:/usr/bin/ceph: stderr
2024-03-30T00:26:38.570+0000 7fdff0a00700 1 -- 172.21.15.99:0/1577004813 >> [v2:172.21.15.99:3300/0,v1:172.21.15.99:6789/0] conn(0x7fdfec07ad50 msgr2=0x7fdfec0791b0 secure :-1 s=STATE_CONNECTION_ESTABLISHED l=1).mark_down
2024-03-30T00:26:46.645 INFO:teuthology.orchestra.run.smithi099.stdout:/usr/bin/ceph: stderr
2024-03-30T00:26:38.570+0000 7fdff0a00700 1 --2- 172.21.15.99:0/1577004813 >> [v2:172.21.15.99:3300/0,v1:172.21.15.99:6789/0] conn(0x7fdfec07ad50 0x7fdfec0791b0 secure :-1 s=READY pgs=26 cs=0 l=1 rev1=1 crypto rx=0x7fdfdc0098a0 tx=0x7fdfdc009bb0 comp rx=0 tx=0).stop
2024-03-30T00:26:46.645 INFO:teuthology.orchestra.run.smithi099.stdout:/usr/bin/ceph: stderr
2024-03-30T00:26:38.570+0000 7fdff0a00700 1 -- 172.21.15.99:0/1577004813 shutdown_connections
2024-03-30T00:26:46.645 INFO:teuthology.orchestra.run.smithi099.stdout:/usr/bin/ceph: stderr
2024-03-30T00:26:38.570+0000 7fdff0a00700 1 --2- 172.21.15.99:0/1577004813 >> [v2:172.21.15.99:3300/0,v1:172.21.15.99:6789/0] conn(0x7fdfec07ad50 0x7fdfec0791b0 unknown :-1 s=CLOSED pgs=26 cs=0 l=1 rev1=1 crypto rx=0 tx=0 comp rx=0 tx=0).stop
2024-03-30T00:26:46.646 INFO:teuthology.orchestra.run.smithi099.stdout:/usr/bin/ceph: stderr
2024-03-30T00:26:38.570+0000 7fdff0a00700 1 -- 172.21.15.99:0/1577004813 >> 172.21.15.99:0/1577004813 conn(0x7fdfec1019c0 msgr2=0x7fdfec103e20 unknown :-1 s=STATE_NONE l=0).mark_down
2024-03-30T00:26:46.646 INFO:teuthology.orchestra.run.smithi099.stdout:/usr/bin/ceph: stderr
2024-03-30T00:26:38.570+0000 7fdff0a00700 1 -- 172.21.15.99:0/1577004813 shutdown_connections
2024-03-30T00:26:46.646 INFO:teuthology.orchestra.run.smithi099.stdout:/usr/bin/ceph: stderr
2024-03-30T00:26:38.570+0000 7fdff0a00700 1 -- 172.21.15.99:0/1577004813 wait complete.
2024-03-30T00:26:46.646 INFO:teuthology.orchestra.run.smithi099.stdout:/usr/bin/ceph: stderr
2024-03-30T00:26:38.571+0000 7fdff0a00700 1 Processor -- start
2024-03-30T00:26:46.646 INFO:teuthology.orchestra.run.smithi099.stdout:/usr/bin/ceph: stderr
2024-03-30T00:26:38.571+0000 7fdff0a00700 1 -- start start
2024-03-30T00:26:46.646 INFO:teuthology.orchestra.run.smithi099.stdout:/usr/bin/ceph: stderr
2024-03-30T00:26:38.571+0000 7fdff0a00700 1 --2- >> [v2:172.21.15.99:3300/0,v1:172.21.15.99:6789/0] conn(0x7fdfec07ad50 0x7fdfec19c250 unknown :-1 s=NONE pgs=0 cs=0 l=1 rev1=0 crypto rx=0 tx=0 comp rx=0 tx=0).connect
2024-03-30T00:26:46.646 INFO:teuthology.orchestra.run.smithi099.stdout:/usr/bin/ceph: stderr
2024-03-30T00:26:38.571+0000 7fdff0a00700 1 -- --> [v2:172.21.15.99:3300/0,v1:172.21.15.99:6789/0] -- mon_getmap magic: 0 v1 -- 0x7fdfec19c790 con 0x7fdfec07ad50
2024-03-30T00:26:46.646 INFO:teuthology.orchestra.run.smithi099.stdout:/usr/bin/ceph: stderr
2024-03-30T00:26:38.572+0000 7fdfe9e00700 1 --2- >> [v2:172.21.15.99:3300/0,v1:172.21.15.99:6789/0] conn(0x7fdfec07ad50 0x7fdfec19c250 unknown :-1 s=BANNER_CONNECTING pgs=0 cs=0 l=1 rev1=0 crypto rx=0 tx=0 comp rx=0 tx=0)._handle_peer_banner_payload supported=3 required=0
2024-03-30T00:26:46.646 INFO:teuthology.orchestra.run.smithi099.stdout:/usr/bin/ceph: stderr
2024-03-30T00:26:38.572+0000 7fdfe9e00700 1 --2- >> [v2:172.21.15.99:3300/0,v1:172.21.15.99:6789/0] conn(0x7fdfec07ad50 0x7fdfec19c250 unknown :-1 s=HELLO_CONNECTING pgs=0 cs=0 l=1 rev1=1 crypto rx=0 tx=0 comp rx=0 tx=0).handle_hello peer v2:172.21.15.99:3300/0 says I am v2:172.21.15.99:49680/0 (socket says 172.21.15.99:49680)
