2024-03-30T00:50:27.758 INFO:teuthology.orchestra.run.smithi116.stdout:/usr/bin/ceph: stderr
2024-03-30T00:50:27.181+0000 7fc9c0a00700 1 -- 172.21.15.116:0/3448410578 --> [v2:172.21.15.116:3300/0,v1:172.21.15.116:6789/0] -- mon_command({"prefix": "get_command_descriptions"} v 0) v1 -- 0x7fc9bc10c890 con 0x7fc9bc07be20
2024-03-30T00:50:27.758 INFO:teuthology.orchestra.run.smithi116.stdout:/usr/bin/ceph: stderr
2024-03-30T00:50:27.181+0000 7fc9b2a00700 1 --2- 172.21.15.116:0/3448410578 >> [v2:172.21.15.116:6800/131150228,v1:172.21.15.116:6801/131150228] conn(0x7fc9a0038750 0x7fc9a003ac10 unknown :-1 s=NONE pgs=0 cs=0 l=1 rev1=0 crypto rx=0 tx=0 comp rx=0 tx=0).connect
2024-03-30T00:50:27.758 INFO:teuthology.orchestra.run.smithi116.stdout:/usr/bin/ceph: stderr
2024-03-30T00:50:27.182+0000 7fc9b2a00700 1 -- 172.21.15.116:0/3448410578 <== mon.0 v2:172.21.15.116:3300/0 5 ==== osd_map(2..2 src has 1..2) v4 ==== 940+0+0 (secure 0 0 0) 0x7fc9ac04cb20 con 0x7fc9bc07be20
2024-03-30T00:50:27.758 INFO:teuthology.orchestra.run.smithi116.stdout:/usr/bin/ceph: stderr
2024-03-30T00:50:27.182+0000 7fc9b9400700 1 -- 172.21.15.116:0/3448410578 >> [v2:172.21.15.116:6800/131150228,v1:172.21.15.116:6801/131150228] conn(0x7fc9a0038750 msgr2=0x7fc9a003ac10 unknown :-1 s=STATE_CONNECTING_RE l=1).process reconnect failed to v2:172.21.15.116:6800/131150228
2024-03-30T00:50:27.758 INFO:teuthology.orchestra.run.smithi116.stdout:/usr/bin/ceph: stderr
2024-03-30T00:50:27.182+0000 7fc9b9400700 1 --2- 172.21.15.116:0/3448410578 >> [v2:172.21.15.116:6800/131150228,v1:172.21.15.116:6801/131150228] conn(0x7fc9a0038750 0x7fc9a003ac10 unknown :-1 s=START_CONNECT pgs=0 cs=0 l=1 rev1=0 crypto rx=0 tx=0 comp rx=0 tx=0)._fault waiting 0.200000
2024-03-30T00:50:27.758 INFO:teuthology.orchestra.run.smithi116.stdout:/usr/bin/ceph: stderr
2024-03-30T00:50:27.187+0000 7fc9b2a00700 1 -- 172.21.15.116:0/3448410578 <== mon.0 v2:172.21.15.116:3300/0 6 ==== mon_command_ack([{"prefix": "get_command_descriptions"}]=0 v0) v1 ==== 72+0+182738 (secure 0 0 0) 0x7fc9ac00b3e0 con 0x7fc9bc07be20
2024-03-30T00:50:27.758 INFO:teuthology.orchestra.run.smithi116.stdout:/usr/bin/ceph: stderr
2024-03-30T00:50:27.383+0000 7fc9b9400700 1 -- 172.21.15.116:0/3448410578 >> [v2:172.21.15.116:6800/131150228,v1:172.21.15.116:6801/131150228] conn(0x7fc9a0038750 msgr2=0x7fc9a003ac10 unknown :-1 s=STATE_CONNECTING_RE l=1).process reconnect failed to v2:172.21.15.116:6800/131150228
2024-03-30T00:50:27.758 INFO:teuthology.orchestra.run.smithi116.stdout:/usr/bin/ceph: stderr
2024-03-30T00:50:27.383+0000 7fc9b9400700 1 --2- 172.21.15.116:0/3448410578 >> [v2:172.21.15.116:6800/131150228,v1:172.21.15.116:6801/131150228] conn(0x7fc9a0038750 0x7fc9a003ac10 unknown :-1 s=START_CONNECT pgs=0 cs=0 l=1 rev1=0 crypto rx=0 tx=0 comp rx=0 tx=0)._fault waiting 0.400000
2024-03-30T00:50:27.759 INFO:teuthology.orchestra.run.smithi116.stdout:/usr/bin/ceph: stderr
2024-03-30T00:50:27.455+0000 7fc9c0a00700 1 -- 172.21.15.116:0/3448410578 --> [v2:172.21.15.116:3300/0,v1:172.21.15.116:6789/0] -- mon_command({"prefix": "mgr stat"} v 0) v1 -- 0x7fc9bc19f900 con 0x7fc9bc07be20
2024-03-30T00:50:27.759 INFO:teuthology.orchestra.run.smithi116.stdout:/usr/bin/ceph: stderr
2024-03-30T00:50:27.455+0000 7fc9b2a00700 1 -- 172.21.15.116:0/3448410578 <== mon.0 v2:172.21.15.116:3300/0 7 ==== mon_command_ack([{"prefix": "mgr stat"}]=0 v9) v1 ==== 56+0+88 (secure 0 0 0) 0x7fc9ac018350 con 0x7fc9bc07be20
2024-03-30T00:50:27.759 INFO:teuthology.orchestra.run.smithi116.stdout:/usr/bin/ceph: stderr
2024-03-30T00:50:27.457+0000 7fc9c0a00700 1 -- 172.21.15.116:0/3448410578 >> [v2:172.21.15.116:6800/131150228,v1:172.21.15.116:6801/131150228] conn(0x7fc9a0038750 msgr2=0x7fc9a003ac10 unknown :-1 s=STATE_CONNECTING l=1).mark_down
2024-03-30T00:50:27.759 INFO:teuthology.orchestra.run.smithi116.stdout:/usr/bin/ceph: stderr
2024-03-30T00:50:27.458+0000 7fc9c0a00700 1 --2- 172.21.15.116:0/3448410578 >> [v2:172.21.15.116:6800/131150228,v1:172.21.15.116:6801/131150228] conn(0x7fc9a0038750 0x7fc9a003ac10 unknown :-1 s=START_CONNECT pgs=0 cs=0 l=1 rev1=0 crypto rx=0 tx=0 comp rx=0 tx=0).stop
2024-03-30T00:50:27.759 INFO:teuthology.orchestra.run.smithi116.stdout:/usr/bin/ceph: stderr
2024-03-30T00:50:27.458+0000 7fc9c0a00700 1 -- 172.21.15.116:0/3448410578 >> [v2:172.21.15.116:3300/0,v1:172.21.15.116:6789/0] conn(0x7fc9bc07be20 msgr2=0x7fc9bc19c430 secure :-1 s=STATE_CONNECTION_ESTABLISHED l=1).mark_down
2024-03-30T00:50:27.759 INFO:teuthology.orchestra.run.smithi116.stdout:/usr/bin/ceph: stderr
2024-03-30T00:50:27.458+0000 7fc9c0a00700 1 --2- 172.21.15.116:0/3448410578 >> [v2:172.21.15.116:3300/0,v1:172.21.15.116:6789/0] conn(0x7fc9bc07be20 0x7fc9bc19c430 secure :-1 s=READY pgs=60 cs=0 l=1 rev1=1 crypto rx=0x7fc9ac011980 tx=0x7fc9ac011a60 comp rx=0 tx=0).stop
2024-03-30T00:50:27.759 INFO:teuthology.orchestra.run.smithi116.stdout:/usr/bin/ceph: stderr
2024-03-30T00:50:27.458+0000 7fc9c0a00700 1 -- 172.21.15.116:0/3448410578 shutdown_connections
2024-03-30T00:50:27.759 INFO:teuthology.orchestra.run.smithi116.stdout:/usr/bin/ceph: stderr
2024-03-30T00:50:27.458+0000 7fc9c0a00700 1 --2- 172.21.15.116:0/3448410578 >> [v2:172.21.15.116:6800/131150228,v1:172.21.15.116:6801/131150228] conn(0x7fc9a0038750 0x7fc9a003ac10 unknown :-1 s=CLOSED pgs=0 cs=0 l=1 rev1=0 crypto rx=0 tx=0 comp rx=0 tx=0).stop
2024-03-30T00:50:27.759 INFO:teuthology.orchestra.run.smithi116.stdout:/usr/bin/ceph: stderr
2024-03-30T00:50:27.458+0000 7fc9c0a00700 1 --2- 172.21.15.116:0/3448410578 >> [v2:172.21.15.116:3300/0,v1:172.21.15.116:6789/0] conn(0x7fc9bc07be20 0x7fc9bc19c430 unknown :-1 s=CLOSED pgs=60 cs=0 l=1 rev1=1 crypto rx=0 tx=0 comp rx=0 tx=0).stop
2024-03-30T00:50:27.759 INFO:teuthology.orchestra.run.smithi116.stdout:/usr/bin/ceph: stderr
2024-03-30T00:50:27.458+0000 7fc9c0a00700 1 -- 172.21.15.116:0/3448410578 >> 172.21.15.116:0/3448410578 conn(0x7fc9bc101af0 msgr2=0x7fc9bc1026b0 unknown :-1 s=STATE_NONE l=0).mark_down
2024-03-30T00:50:27.759 INFO:teuthology.orchestra.run.smithi116.stdout:/usr/bin/ceph: stderr
2024-03-30T00:50:27.458+0000 7fc9c0a00700 1 -- 172.21.15.116:0/3448410578 shutdown_connections
2024-03-30T00:50:27.759 INFO:teuthology.orchestra.run.smithi116.stdout:/usr/bin/ceph: stderr
2024-03-30T00:50:27.458+0000 7fc9c0a00700 1 -- 172.21.15.116:0/3448410578 wait complete.
2024-03-30T00:50:27.759 INFO:teuthology.orchestra.run.smithi116.stdout:Waiting for the mgr to restart...
2024-03-30T00:50:27.759 INFO:teuthology.orchestra.run.smithi116.stdout:Waiting for mgr epoch 9...
2024-03-30T00:50:28.564 INFO:journalctl@ceph.mon.a.smithi116.stdout:Mar 30 00:50:28 smithi116 ceph-mon[38086]: from='client.? 172.21.15.116:0/3448410578' entity='client.admin' cmd=[{"prefix": "mgr stat"}]: dispatch
2024-03-30T00:50:28.564 INFO:journalctl@ceph.mgr.x.smithi116.stdout:Mar 30 00:50:28 smithi116 ceph-4909f004-ee2f-11ee-b647-cb9ed24678a4-mgr-x[38337]:
2024-03-30T00:50:28.245+0000 7fc7e83b6200 -1 mgr[py] Module orchestrator has missing NOTIFY_TYPES member
2024-03-30T00:50:28.564 INFO:journalctl@ceph.mgr.x.smithi116.stdout:Mar 30 00:50:28 smithi116 ceph-4909f004-ee2f-11ee-b647-cb9ed24678a4-mgr-x[38337]:
2024-03-30T00:50:28.556+0000 7fc7e83b6200 -1 mgr[py] Module nfs has missing NOTIFY_TYPES member
2024-03-30T00:50:28.815 INFO:journalctl@ceph.mgr.x.smithi116.stdout:Mar 30 00:50:28 smithi116 ceph-4909f004-ee2f-11ee-b647-cb9ed24678a4-mgr-x[38337]:
2024-03-30T00:50:28.669+0000 7fc7e83b6200 -1 mgr[py] Module zabbix has missing NOTIFY_TYPES member
2024-03-30T00:50:29.173 INFO:journalctl@ceph.mgr.x.smithi116.stdout:Mar 30 00:50:28 smithi116 ceph-4909f004-ee2f-11ee-b647-cb9ed24678a4-mgr-x[38337]:
2024-03-30T00:50:28.808+0000 7fc7e83b6200 -1 mgr[py] Module rbd_support has missing NOTIFY_TYPES member
2024-03-30T00:50:29.174 INFO:journalctl@ceph.mgr.x.smithi116.stdout:Mar 30 00:50:29 smithi116 ceph-4909f004-ee2f-11ee-b647-cb9ed24678a4-mgr-x[38337]:
2024-03-30T00:50:29.003+0000 7fc7e83b6200 -1 mgr[py] Module status has missing NOTIFY_TYPES member
2024-03-30T00:50:29.674 INFO:journalctl@ceph.mgr.x.smithi116.stdout:Mar 30 00:50:29 smithi116 ceph-4909f004-ee2f-11ee-b647-cb9ed24678a4-mgr-x[38337]:
2024-03-30T00:50:29.167+0000 7fc7e83b6200 -1 mgr[py] Module diskprediction_local has missing NOTIFY_TYPES member
2024-03-30T00:50:29.674 INFO:journalctl@ceph.mgr.x.smithi116.stdout:Mar 30 00:50:29 smithi116 ceph-4909f004-ee2f-11ee-b647-cb9ed24678a4-mgr-x[38337]:
2024-03-30T00:50:29.277+0000 7fc7e83b6200 -1 mgr[py] Module telegraf has missing NOTIFY_TYPES member
2024-03-30T00:50:30.174 INFO:journalctl@ceph.mgr.x.smithi116.stdout:Mar 30 00:50:29 smithi116 ceph-4909f004-ee2f-11ee-b647-cb9ed24678a4-mgr-x[38337]:
2024-03-30T00:50:29.737+0000 7fc7e83b6200 -1 mgr[py] Module influx has missing NOTIFY_TYPES member
2024-03-30T00:50:30.598 INFO:journalctl@ceph.mgr.x.smithi116.stdout:Mar 30 00:50:30 smithi116 ceph-4909f004-ee2f-11ee-b647-cb9ed24678a4-mgr-x[38337]:
2024-03-30T00:50:30.222+0000 7fc7e83b6200 -1 mgr[py] Module pg_autoscaler has missing NOTIFY_TYPES member
2024-03-30T00:50:30.598 INFO:journalctl@ceph.mgr.x.smithi116.stdout:Mar 30 00:50:30 smithi116 ceph-4909f004-ee2f-11ee-b647-cb9ed24678a4-mgr-x[38337]:
2024-03-30T00:50:30.469+0000 7fc7e83b6200 -1 mgr[py] Module rgw has missing NOTIFY_TYPES member
2024-03-30T00:50:31.853 INFO:journalctl@ceph.mgr.x.smithi116.stdout:Mar 30 00:50:30 smithi116 ceph-4909f004-ee2f-11ee-b647-cb9ed24678a4-mgr-x[38337]:
2024-03-30T00:50:30.591+0000 7fc7e83b6200 -1 mgr[py] Module balancer has missing NOTIFY_TYPES member
2024-03-30T00:50:31.853 INFO:journalctl@ceph.mgr.x.smithi116.stdout:Mar 30 00:50:31 smithi116 ceph-4909f004-ee2f-11ee-b647-cb9ed24678a4-mgr-x[38337]:
2024-03-30T00:50:31.534+0000 7fc7e83b6200 -1 mgr[py] Module iostat has missing NOTIFY_TYPES member
2024-03-30T00:50:31.853 INFO:journalctl@ceph.mgr.x.smithi116.stdout:Mar 30 00:50:31 smithi116 ceph-4909f004-ee2f-11ee-b647-cb9ed24678a4-mgr-x[38337]:
2024-03-30T00:50:31.657+0000 7fc7e83b6200 -1 mgr[py] Module snap_schedule has missing NOTIFY_TYPES member
2024-03-30T00:50:32.924 INFO:journalctl@ceph.mgr.x.smithi116.stdout:Mar 30 00:50:31 smithi116 ceph-4909f004-ee2f-11ee-b647-cb9ed24678a4-mgr-x[38337]:
2024-03-30T00:50:31.846+0000 7fc7e83b6200 -1 mgr[py] Module telemetry has missing NOTIFY_TYPES member
2024-03-30T00:50:32.924 INFO:journalctl@ceph.mgr.x.smithi116.stdout:Mar 30 00:50:32 smithi116 ceph-4909f004-ee2f-11ee-b647-cb9ed24678a4-mgr-x[38337]:
2024-03-30T00:50:32.645+0000 7fc7e83b6200 -1 mgr[py] Module rook has missing NOTIFY_TYPES member
2024-03-30T00:50:32.924 INFO:journalctl@ceph.mgr.x.smithi116.stdout:Mar 30 00:50:32 smithi116 ceph-4909f004-ee2f-11ee-b647-cb9ed24678a4-mgr-x[38337]:
2024-03-30T00:50:32.884+0000 7fc7e83b6200 -1 mgr[py] Module selftest has missing NOTIFY_TYPES member
2024-03-30T00:50:33.423 INFO:journalctl@ceph.mgr.x.smithi116.stdout:Mar 30 00:50:33 smithi116 ceph-4909f004-ee2f-11ee-b647-cb9ed24678a4-mgr-x[38337]:
2024-03-30T00:50:33.141+0000 7fc7e83b6200 -1 mgr[py] Module devicehealth has missing NOTIFY_TYPES member
2024-03-30T00:50:34.663 INFO:journalctl@ceph.mgr.x.smithi116.stdout:Mar 30 00:50:34 smithi116 ceph-4909f004-ee2f-11ee-b647-cb9ed24678a4-mgr-x[38337]:
2024-03-30T00:50:34.279+0000 7fc7e83b6200 -1 mgr[py] Module volumes has missing NOTIFY_TYPES member
2024-03-30T00:50:34.924 INFO:journalctl@ceph.mgr.x.smithi116.stdout:Mar 30 00:50:34 smithi116 ceph-4909f004-ee2f-11ee-b647-cb9ed24678a4-mgr-x[38337]:
2024-03-30T00:50:34.656+0000 7fc7e83b6200 -1 mgr[py] Module test_orchestrator has missing NOTIFY_TYPES member
2024-03-30T00:50:34.924 INFO:journalctl@ceph.mgr.x.smithi116.stdout:Mar 30 00:50:34 smithi116 ceph-4909f004-ee2f-11ee-b647-cb9ed24678a4-mgr-x[38337]:
2024-03-30T00:50:34.773+0000 7fc7e83b6200 -1 mgr[py] Module osd_support has missing NOTIFY_TYPES member
2024-03-30T00:50:35.424 INFO:journalctl@ceph.mgr.x.smithi116.stdout:Mar 30 00:50:35 smithi116 ceph-4909f004-ee2f-11ee-b647-cb9ed24678a4-mgr-x[38337]:
2024-03-30T00:50:35.026+0000 7fc7e83b6200 -1 mgr[py] Module crash has missing NOTIFY_TYPES member
2024-03-30T00:50:35.424 INFO:journalctl@ceph.mon.a.smithi116.stdout:Mar 30 00:50:35 smithi116 ceph-mon[38086]: Active manager daemon x restarted
2024-03-30T00:50:35.424 INFO:journalctl@ceph.mon.a.smithi116.stdout:Mar 30 00:50:35 smithi116 ceph-mon[38086]: Activating manager daemon x
2024-03-30T00:50:35.424 INFO:journalctl@ceph.mon.a.smithi116.stdout:Mar 30 00:50:35 smithi116 ceph-mon[38086]: osdmap e3: 0 total, 0 up, 0 in
2024-03-30T00:50:35.424 INFO:journalctl@ceph.mon.a.smithi116.stdout:Mar 30 00:50:35 smithi116 ceph-mon[38086]: mgrmap e10: x(active, starting, since 0.00434514s)
2024-03-30T00:50:35.424 INFO:journalctl@ceph.mon.a.smithi116.stdout:Mar 30 00:50:35 smithi116 ceph-mon[38086]: from='mgr.14152 172.21.15.116:0/3895701107' entity='mgr.x' cmd=[{"prefix": "mon metadata", "id": "a"}]: dispatch
2024-03-30T00:50:35.424 INFO:journalctl@ceph.mon.a.smithi116.stdout:Mar 30 00:50:35 smithi116 ceph-mon[38086]: from='mgr.14152 172.21.15.116:0/3895701107' entity='mgr.x' cmd=[{"prefix": "mgr metadata", "who": "x", "id": "x"}]: dispatch
2024-03-30T00:50:35.424 INFO:journalctl@ceph.mon.a.smithi116.stdout:Mar 30 00:50:35 smithi116 ceph-mon[38086]: from='mgr.14152 172.21.15.116:0/3895701107' entity='mgr.x' cmd=[{"prefix": "mds metadata"}]: dispatch
2024-03-30T00:50:35.424 INFO:journalctl@ceph.mon.a.smithi116.stdout:Mar 30 00:50:35 smithi116 ceph-mon[38086]: from='mgr.14152 172.21.15.116:0/3895701107' entity='mgr.x' cmd=[{"prefix": "osd metadata"}]: dispatch
2024-03-30T00:50:35.424 INFO:journalctl@ceph.mon.a.smithi116.stdout:Mar 30 00:50:35 smithi116 ceph-mon[38086]: from='mgr.14152 172.21.15.116:0/3895701107' entity='mgr.x' cmd=[{"prefix": "mon metadata"}]: dispatch
2024-03-30T00:50:35.425 INFO:journalctl@ceph.mon.a.smithi116.stdout:Mar 30 00:50:35 smithi116 ceph-mon[38086]: Manager daemon x is now available
2024-03-30T00:50:35.425 INFO:journalctl@ceph.mon.a.smithi116.stdout:Mar 30 00:50:35 smithi116 ceph-mon[38086]: from='mgr.14152 172.21.15.116:0/3895701107' entity='mgr.x' cmd=[{"prefix": "config dump", "format": "json"}]: dispatch
2024-03-30T00:50:36.424 INFO:journalctl@ceph.mon.a.smithi116.stdout:Mar 30 00:50:36 smithi116 ceph-mon[38086]: from='mgr.14152 172.21.15.116:0/3895701107' entity='mgr.x' cmd=[{"prefix":"config rm","who":"mgr","name":"mgr/rbd_support/x/mirror_snapshot_schedule"}]: dispatch
2024-03-30T00:50:36.424 INFO:journalctl@ceph.mon.a.smithi116.stdout:Mar 30 00:50:36 smithi116 ceph-mon[38086]: from='mgr.14152 172.21.15.116:0/3895701107' entity='mgr.x' cmd=[{"prefix":"config rm","who":"mgr","name":"mgr/rbd_support/x/trash_purge_schedule"}]: dispatch
2024-03-30T00:50:36.424 INFO:journalctl@ceph.mon.a.smithi116.stdout:Mar 30 00:50:36 smithi116 ceph-mon[38086]: mgrmap e11: x(active, since 1.01166s)
2024-03-30T00:50:36.464 INFO:teuthology.orchestra.run.smithi116.stdout:/usr/bin/ceph: stdout {
2024-03-30T00:50:36.464 INFO:teuthology.orchestra.run.smithi116.stdout:/usr/bin/ceph: stdout "mgrmap_epoch": 11,
2024-03-30T00:50:36.465 INFO:teuthology.orchestra.run.smithi116.stdout:/usr/bin/ceph: stdout "initialized": true
2024-03-30T00:50:36.465 INFO:teuthology.orchestra.run.smithi116.stdout:/usr/bin/ceph: stdout }
2024-03-30T00:50:36.465 INFO:teuthology.orchestra.run.smithi116.stdout:/usr/bin/ceph: stderr
2024-03-30T00:50:28.201+0000 7fe6ad600700 1 Processor -- start
2024-03-30T00:50:36.465 INFO:teuthology.orchestra.run.smithi116.stdout:/usr/bin/ceph: stderr
2024-03-30T00:50:28.201+0000 7fe6ad600700 1 -- start start
2024-03-30T00:50:36.465 INFO:teuthology.orchestra.run.smithi116.stdout:/usr/bin/ceph: stderr
2024-03-30T00:50:28.202+0000 7fe6ad600700 1 --2- >> [v2:172.21.15.116:3300/0,v1:172.21.15.116:6789/0] conn(0x7fe6a807be20 0x7fe6a807a2d0 unknown :-1 s=NONE pgs=0 cs=0 l=0 rev1=0 crypto rx=0 tx=0 comp rx=0 tx=0).connect
2024-03-30T00:50:36.465 INFO:teuthology.orchestra.run.smithi116.stdout:/usr/bin/ceph: stderr
2024-03-30T00:50:28.202+0000 7fe6ad600700 1 -- --> [v2:172.21.15.116:3300/0,v1:172.21.15.116:6789/0] -- mon_getmap magic: 0 v1 -- 0x7fe6a807a810 con 0x7fe6a807be20
2024-03-30T00:50:36.465 INFO:teuthology.orchestra.run.smithi116.stdout:/usr/bin/ceph: stderr
2024-03-30T00:50:28.202+0000 7fe6a6a00700 1 --2- >> [v2:172.21.15.116:3300/0,v1:172.21.15.116:6789/0] conn(0x7fe6a807be20 0x7fe6a807a2d0 unknown :-1 s=BANNER_CONNECTING pgs=0 cs=0 l=0 rev1=0 crypto rx=0 tx=0 comp rx=0 tx=0)._handle_peer_banner_payload supported=3 required=0
2024-03-30T00:50:36.465 INFO:teuthology.orchestra.run.smithi116.stdout:/usr/bin/ceph: stderr
2024-03-30T00:50:28.202+0000 7fe6a6a00700 1 --2- >> [v2:172.21.15.116:3300/0,v1:172.21.15.116:6789/0] conn(0x7fe6a807be20 0x7fe6a807a2d0 unknown :-1 s=HELLO_CONNECTING pgs=0 cs=0 l=0 rev1=1 crypto rx=0 tx=0 comp rx=0 tx=0).handle_hello peer v2:172.21.15.116:3300/0 says I am v2:172.21.15.116:45586/0 (socket says 172.21.15.116:45586)
2024-03-30T00:50:36.465 INFO:teuthology.orchestra.run.smithi116.stdout:/usr/bin/ceph: stderr
2024-03-30T00:50:28.202+0000 7fe6a6a00700 1 -- 172.21.15.116:0/1604105575 learned_addr learned my addr 172.21.15.116:0/1604105575 (peer_addr_for_me v2:172.21.15.116:0/0)
2024-03-30T00:50:36.465 INFO:teuthology.orchestra.run.smithi116.stdout:/usr/bin/ceph: stderr
2024-03-30T00:50:28.202+0000 7fe6a6a00700 1 -- 172.21.15.116:0/1604105575 --> [v2:172.21.15.116:3300/0,v1:172.21.15.116:6789/0] -- mon_subscribe({config=0+,monmap=0+}) v3 -- 0x7fe6a807a950 con 0x7fe6a807be20
2024-03-30T00:50:36.465 INFO:teuthology.orchestra.run.smithi116.stdout:/usr/bin/ceph: stderr
2024-03-30T00:50:28.203+0000 7fe6a6a00700 1 --2- 172.21.15.116:0/1604105575 >> [v2:172.21.15.116:3300/0,v1:172.21.15.116:6789/0] conn(0x7fe6a807be20 0x7fe6a807a2d0 secure :-1 s=READY pgs=61 cs=0 l=1 rev1=1 crypto rx=0x7fe6980098a0 tx=0x7fe698009bb0 comp rx=0 tx=0).ready entity=mon.0 client_cookie=aa0824dbd139b58c server_cookie=0 in_seq=0 out_seq=0
2024-03-30T00:50:36.465 INFO:teuthology.orchestra.run.smithi116.stdout:/usr/bin/ceph: stderr
2024-03-30T00:50:28.203+0000 7fe6a5600700 1 -- 172.21.15.116:0/1604105575 <== mon.0 v2:172.21.15.116:3300/0 1 ==== mon_map magic: 0 v1 ==== 205+0+0 (secure 0 0 0) 0x7fe698004160 con 0x7fe6a807be20
2024-03-30T00:50:36.465 INFO:teuthology.orchestra.run.smithi116.stdout:/usr/bin/ceph: stderr
2024-03-30T00:50:28.203+0000 7fe6a5600700 1 -- 172.21.15.116:0/1604105575 <== mon.0 v2:172.21.15.116:3300/0 2 ==== config(26 keys) v1 ==== 1105+0+0 (secure 0 0 0) 0x7fe6980042c0 con 0x7fe6a807be20
2024-03-30T00:50:36.466 INFO:teuthology.orchestra.run.smithi116.stdout:/usr/bin/ceph: stderr
2024-03-30T00:50:28.203+0000 7fe6a5600700 1 -- 172.21.15.116:0/1604105575 <== mon.0 v2:172.21.15.116:3300/0 3 ==== mon_map magic: 0 v1 ==== 205+0+0 (secure 0 0 0) 0x7fe6980119b0 con 0x7fe6a807be20
2024-03-30T00:50:36.466 INFO:teuthology.orchestra.run.smithi116.stdout:/usr/bin/ceph: stderr
2024-03-30T00:50:28.204+0000 7fe6ad600700 1 -- 172.21.15.116:0/1604105575 >> [v2:172.21.15.116:3300/0,v1:172.21.15.116:6789/0] conn(0x7fe6a807be20 msgr2=0x7fe6a807a2d0 secure :-1 s=STATE_CONNECTION_ESTABLISHED l=1).mark_down
2024-03-30T00:50:36.466 INFO:teuthology.orchestra.run.smithi116.stdout:/usr/bin/ceph: stderr
2024-03-30T00:50:28.204+0000 7fe6ad600700 1 --2- 172.21.15.116:0/1604105575 >> [v2:172.21.15.116:3300/0,v1:172.21.15.116:6789/0] conn(0x7fe6a807be20 0x7fe6a807a2d0 secure :-1 s=READY pgs=61 cs=0 l=1 rev1=1 crypto rx=0x7fe6980098a0 tx=0x7fe698009bb0 comp rx=0 tx=0).stop
2024-03-30T00:50:36.466 INFO:teuthology.orchestra.run.smithi116.stdout:/usr/bin/ceph: stderr
2024-03-30T00:50:28.204+0000 7fe6ad600700 1 -- 172.21.15.116:0/1604105575 shutdown_connections
2024-03-30T00:50:36.466 INFO:teuthology.orchestra.run.smithi116.stdout:/usr/bin/ceph: stderr
2024-03-30T00:50:28.204+0000 7fe6ad600700 1 --2- 172.21.15.116:0/1604105575 >> [v2:172.21.15.116:3300/0,v1:172.21.15.116:6789/0] conn(0x7fe6a807be20 0x7fe6a807a2d0 unknown :-1 s=CLOSED pgs=61 cs=0 l=1 rev1=1 crypto rx=0 tx=0 comp rx=0 tx=0).stop
2024-03-30T00:50:36.466 INFO:teuthology.orchestra.run.smithi116.stdout:/usr/bin/ceph: stderr
2024-03-30T00:50:28.204+0000 7fe6ad600700 1 -- 172.21.15.116:0/1604105575 >> 172.21.15.116:0/1604105575 conn(0x7fe6a8101af0 msgr2=0x7fe6a8103f10 unknown :-1 s=STATE_NONE l=0).mark_down
2024-03-30T00:50:36.466 INFO:teuthology.orchestra.run.smithi116.stdout:/usr/bin/ceph: stderr
2024-03-30T00:50:28.204+0000 7fe6ad600700 1 -- 172.21.15.116:0/1604105575 shutdown_connections
2024-03-30T00:50:36.466 INFO:teuthology.orchestra.run.smithi116.stdout:/usr/bin/ceph: stderr
2024-03-30T00:50:28.204+0000 7fe6ad600700 1 -- 172.21.15.116:0/1604105575 wait complete.
2024-03-30T00:50:36.466 INFO:teuthology.orchestra.run.smithi116.stdout:/usr/bin/ceph: stderr
2024-03-30T00:50:28.205+0000 7fe6ad600700 1 Processor -- start
2024-03-30T00:50:36.466 INFO:teuthology.orchestra.run.smithi116.stdout:/usr/bin/ceph: stderr
2024-03-30T00:50:28.205+0000 7fe6ad600700 1 -- start start
2024-03-30T00:50:36.466 INFO:teuthology.orchestra.run.smithi116.stdout:/usr/bin/ceph: stderr
2024-03-30T00:50:28.205+0000 7fe6ad600700 1 --2- >> [v2:172.21.15.116:3300/0,v1:172.21.15.116:6789/0] conn(0x7fe6a807be20 0x7fe6a819c430 unknown :-1 s=NONE pgs=0 cs=0 l=1 rev1=0 crypto rx=0 tx=0 comp rx=0 tx=0).connect
2024-03-30T00:50:36.466 INFO:teuthology.orchestra.run.smithi116.stdout:/usr/bin/ceph: stderr
2024-03-30T00:50:28.205+0000 7fe6ad600700 1 -- --> [v2:172.21.15.116:3300/0,v1:172.21.15.116:6789/0] -- mon_getmap magic: 0 v1 -- 0x7fe6a819c970 con 0x7fe6a807be20
2024-03-30T00:50:36.466 INFO:teuthology.orchestra.run.smithi116.stdout:/usr/bin/ceph: stderr
2024-03-30T00:50:28.205+0000 7fe6a6a00700 1 --2- >> [v2:172.21.15.116:3300/0,v1:172.21.15.116:6789/0] conn(0x7fe6a807be20 0x7fe6a819c430 unknown :-1 s=BANNER_CONNECTING pgs=0 cs=0 l=1 rev1=0 crypto rx=0 tx=0 comp rx=0 tx=0)._handle_peer_banner_payload supported=3 required=0
2024-03-30T00:50:36.467 INFO:teuthology.orchestra.run.smithi116.stdout:/usr/bin/ceph: stderr
2024-03-30T00:50:28.206+0000 7fe6a6a00700 1 --2- >> [v2:172.21.15.116:3300/0,v1:172.21.15.116:6789/0] conn(0x7fe6a807be20 0x7fe6a819c430 unknown :-1 s=HELLO_CONNECTING pgs=0 cs=0 l=1 rev1=1 crypto rx=0 tx=0 comp rx=0 tx=0).handle_hello peer v2:172.21.15.116:3300/0 says I am v2:172.21.15.116:45590/0 (socket says 172.21.15.116:45590)
2024-03-30T00:50:36.467 INFO:teuthology.orchestra.run.smithi116.stdout:/usr/bin/ceph: stderr
2024-03-30T00:50:28.206+0000 7fe6a6a00700 1 -- 172.21.15.116:0/3314612634 learned_addr learned my addr 172.21.15.116:0/3314612634 (peer_addr_for_me v2:172.21.15.116:0/0)
2024-03-30T00:50:36.467 INFO:teuthology.orchestra.run.smithi116.stdout:/usr/bin/ceph: stderr
2024-03-30T00:50:28.206+0000 7fe6a6a00700 1 -- 172.21.15.116:0/3314612634 --> [v2:172.21.15.116:3300/0,v1:172.21.15.116:6789/0] -- mon_subscribe({config=0+,monmap=0+}) v3 -- 0x7fe698009550 con 0x7fe6a807be20
2024-03-30T00:50:36.467 INFO:teuthology.orchestra.run.smithi116.stdout:/usr/bin/ceph: stderr
2024-03-30T00:50:28.206+0000 7fe6a6a00700 1 --2- 172.21.15.116:0/3314612634 >> [v2:172.21.15.116:3300/0,v1:172.21.15.116:6789/0] conn(0x7fe6a807be20 0x7fe6a819c430 secure :-1 s=READY pgs=62 cs=0 l=1 rev1=1 crypto rx=0x7fe698011980 tx=0x7fe698011a60 comp rx=0 tx=0).ready entity=mon.0 client_cookie=0 server_cookie=0 in_seq=0 out_seq=0
2024-03-30T00:50:36.467 INFO:teuthology.orchestra.run.smithi116.stdout:/usr/bin/ceph: stderr
2024-03-30T00:50:28.206+0000 7fe69f400700 1 -- 172.21.15.116:0/3314612634 <== mon.0 v2:172.21.15.116:3300/0 1 ==== mon_map magic: 0 v1 ==== 205+0+0 (secure 0 0 0) 0x7fe698003b70 con 0x7fe6a807be20
2024-03-30T00:50:36.467 INFO:teuthology.orchestra.run.smithi116.stdout:/usr/bin/ceph: stderr
2024-03-30T00:50:28.206+0000 7fe69f400700 1 -- 172.21.15.116:0/3314612634 <== mon.0 v2:172.21.15.116:3300/0 2 ==== config(26 keys) v1 ==== 1105+0+0 (secure 0 0 0) 0x7fe69801a8f0 con 0x7fe6a807be20
2024-03-30T00:50:36.467 INFO:teuthology.orchestra.run.smithi116.stdout:/usr/bin/ceph: stderr
2024-03-30T00:50:28.206+0000 7fe69f400700 1 -- 172.21.15.116:0/3314612634 <== mon.0 v2:172.21.15.116:3300/0 3 ==== mon_map magic: 0 v1 ==== 205+0+0 (secure 0 0 0) 0x7fe6980197d0 con 0x7fe6a807be20
2024-03-30T00:50:36.467 INFO:teuthology.orchestra.run.smithi116.stdout:/usr/bin/ceph: stderr
2024-03-30T00:50:28.206+0000 7fe6ad600700 1 -- 172.21.15.116:0/3314612634 --> [v2:172.21.15.116:3300/0,v1:172.21.15.116:6789/0] -- mon_subscribe({mgrmap=0+}) v3 -- 0x7fe6a819cb70 con 0x7fe6a807be20
2024-03-30T00:50:36.467 INFO:teuthology.orchestra.run.smithi116.stdout:/usr/bin/ceph: stderr
2024-03-30T00:50:28.206+0000 7fe6ad600700 1 -- 172.21.15.116:0/3314612634 --> [v2:172.21.15.116:3300/0,v1:172.21.15.116:6789/0] -- mon_subscribe({osdmap=0}) v3 -- 0x7fe6a819d010 con 0x7fe6a807be20
2024-03-30T00:50:36.467 INFO:teuthology.orchestra.run.smithi116.stdout:/usr/bin/ceph: stderr
2024-03-30T00:50:28.207+0000 7fe69f400700 1 -- 172.21.15.116:0/3314612634 <== mon.0 v2:172.21.15.116:3300/0 4 ==== mgrmap(e 9) v1 ==== 45546+0+0 (secure 0 0 0) 0x7fe69801a430 con 0x7fe6a807be20
2024-03-30T00:50:36.467 INFO:teuthology.orchestra.run.smithi116.stdout:/usr/bin/ceph: stderr
2024-03-30T00:50:28.208+0000 7fe69f400700 1 --2- 172.21.15.116:0/3314612634 >> [v2:172.21.15.116:6800/131150228,v1:172.21.15.116:6801/131150228] conn(0x7fe68c0387a0 0x7fe68c03ac60 unknown :-1 s=NONE pgs=0 cs=0 l=1 rev1=0 crypto rx=0 tx=0 comp rx=0 tx=0).connect
2024-03-30T00:50:36.467 INFO:teuthology.orchestra.run.smithi116.stdout:/usr/bin/ceph: stderr
2024-03-30T00:50:28.208+0000 7fe69f400700 1 -- 172.21.15.116:0/3314612634 --> [v2:172.21.15.116:6800/131150228,v1:172.21.15.116:6801/131150228] -- command(tid 0: {"prefix": "get_command_descriptions"}) v1 -- 0x7fe68c03b370 con 0x7fe68c0387a0
2024-03-30T00:50:36.467 INFO:teuthology.orchestra.run.smithi116.stdout:/usr/bin/ceph: stderr
2024-03-30T00:50:28.208+0000 7fe69f400700 1 -- 172.21.15.116:0/3314612634 <== mon.0 v2:172.21.15.116:3300/0 5 ==== osd_map(2..2 src has 1..2) v4 ==== 940+0+0 (secure 0 0 0) 0x7fe69804cae0 con 0x7fe6a807be20
2024-03-30T00:50:36.467 INFO:teuthology.orchestra.run.smithi116.stdout:/usr/bin/ceph: stderr
2024-03-30T00:50:28.208+0000 7fe6a6000700 1 -- 172.21.15.116:0/3314612634 >> [v2:172.21.15.116:6800/131150228,v1:172.21.15.116:6801/131150228] conn(0x7fe68c0387a0 msgr2=0x7fe68c03ac60 unknown :-1 s=STATE_CONNECTING_RE l=1).process reconnect failed to v2:172.21.15.116:6800/131150228
2024-03-30T00:50:36.467 INFO:teuthology.orchestra.run.smithi116.stdout:/usr/bin/ceph: stderr
2024-03-30T00:50:28.208+0000 7fe6a6000700 1 --2- 172.21.15.116:0/3314612634 >> [v2:172.21.15.116:6800/131150228,v1:172.21.15.116:6801/131150228] conn(0x7fe68c0387a0 0x7fe68c03ac60 unknown :-1 s=START_CONNECT pgs=0 cs=0 l=1 rev1=0 crypto rx=0 tx=0 comp rx=0 tx=0)._fault waiting 0.200000
2024-03-30T00:50:36.467 INFO:teuthology.orchestra.run.smithi116.stdout:/usr/bin/ceph: stderr
2024-03-30T00:50:28.409+0000 7fe6a6000700 1 -- 172.21.15.116:0/3314612634 >> [v2:172.21.15.116:6800/131150228,v1:172.21.15.116:6801/131150228] conn(0x7fe68c0387a0 msgr2=0x7fe68c03ac60 unknown :-1 s=STATE_CONNECTING_RE l=1).process reconnect failed to v2:172.21.15.116:6800/131150228
2024-03-30T00:50:36.467 INFO:teuthology.orchestra.run.smithi116.stdout:/usr/bin/ceph: stderr
2024-03-30T00:50:28.409+0000 7fe6a6000700 1 --2- 172.21.15.116:0/3314612634 >> [v2:172.21.15.116:6800/131150228,v1:172.21.15.116:6801/131150228] conn(0x7fe68c0387a0 0x7fe68c03ac60 unknown :-1 s=START_CONNECT pgs=0 cs=0 l=1 rev1=0 crypto rx=0 tx=0 comp rx=0 tx=0)._fault waiting 0.400000
2024-03-30T00:50:36.468 INFO:teuthology.orchestra.run.smithi116.stdout:/usr/bin/ceph: stderr
2024-03-30T00:50:28.810+0000 7fe6a6000700 1 -- 172.21.15.116:0/3314612634 >> [v2:172.21.15.116:6800/131150228,v1:172.21.15.116:6801/131150228] conn(0x7fe68c0387a0 msgr2=0x7fe68c03ac60 unknown :-1 s=STATE_CONNECTING_RE l=1).process reconnect failed to v2:172.21.15.116:6800/131150228
2024-03-30T00:50:36.468 INFO:teuthology.orchestra.run.smithi116.stdout:/usr/bin/ceph: stderr
2024-03-30T00:50:28.810+0000 7fe6a6000700 1 --2- 172.21.15.116:0/3314612634 >> [v2:172.21.15.116:6800/131150228,v1:172.21.15.116:6801/131150228] conn(0x7fe68c0387a0 0x7fe68c03ac60 unknown :-1 s=START_CONNECT pgs=0 cs=0 l=1 rev1=0 crypto rx=0 tx=0 comp rx=0 tx=0)._fault waiting 0.800000
2024-03-30T00:50:36.468 INFO:teuthology.orchestra.run.smithi116.stdout:/usr/bin/ceph: stderr
2024-03-30T00:50:29.611+0000 7fe6a6000700 1 -- 172.21.15.116:0/3314612634 >> [v2:172.21.15.116:6800/131150228,v1:172.21.15.116:6801/131150228] conn(0x7fe68c0387a0 msgr2=0x7fe68c03ac60 unknown :-1 s=STATE_CONNECTING_RE l=1).process reconnect failed to v2:172.21.15.116:6800/131150228
2024-03-30T00:50:36.468 INFO:teuthology.orchestra.run.smithi116.stdout:/usr/bin/ceph: stderr
2024-03-30T00:50:29.611+0000 7fe6a6000700 1 --2- 172.21.15.116:0/3314612634 >> [v2:172.21.15.116:6800/131150228,v1:172.21.15.116:6801/131150228] conn(0x7fe68c0387a0 0x7fe68c03ac60 unknown :-1 s=START_CONNECT pgs=0 cs=0 l=1 rev1=0 crypto rx=0 tx=0 comp rx=0 tx=0)._fault waiting 1.600000
2024-03-30T00:50:36.468 INFO:teuthology.orchestra.run.smithi116.stdout:/usr/bin/ceph: stderr
2024-03-30T00:50:31.213+0000 7fe6a6000700 1 -- 172.21.15.116:0/3314612634 >> [v2:172.21.15.116:6800/131150228,v1:172.21.15.116:6801/131150228] conn(0x7fe68c0387a0 msgr2=0x7fe68c03ac60 unknown :-1 s=STATE_CONNECTING_RE l=1).process reconnect failed to v2:172.21.15.116:6800/131150228
2024-03-30T00:50:36.468 INFO:teuthology.orchestra.run.smithi116.stdout:/usr/bin/ceph: stderr
2024-03-30T00:50:31.213+0000 7fe6a6000700 1 --2- 172.21.15.116:0/3314612634 >> [v2:172.21.15.116:6800/131150228,v1:172.21.15.116:6801/131150228] conn(0x7fe68c0387a0 0x7fe68c03ac60 unknown :-1 s=START_CONNECT pgs=0 cs=0 l=1 rev1=0 crypto rx=0 tx=0 comp rx=0 tx=0)._fault waiting 3.200000
2024-03-30T00:50:36.468 INFO:teuthology.orchestra.run.smithi116.stdout:/usr/bin/ceph: stderr
2024-03-30T00:50:34.414+0000 7fe6a6000700 1 -- 172.21.15.116:0/3314612634 >> [v2:172.21.15.116:6800/131150228,v1:172.21.15.116:6801/131150228] conn(0x7fe68c0387a0 msgr2=0x7fe68c03ac60 unknown :-1 s=STATE_CONNECTING_RE l=1).process reconnect failed to v2:172.21.15.116:6800/131150228
2024-03-30T00:50:36.468 INFO:teuthology.orchestra.run.smithi116.stdout:/usr/bin/ceph: stderr
2024-03-30T00:50:34.414+0000 7fe6a6000700 1 --2- 172.21.15.116:0/3314612634 >> [v2:172.21.15.116:6800/131150228,v1:172.21.15.116:6801/131150228] conn(0x7fe68c0387a0 0x7fe68c03ac60 unknown :-1 s=START_CONNECT pgs=0 cs=0 l=1 rev1=0 crypto rx=0 tx=0 comp rx=0 tx=0)._fault waiting 6.400000
2024-03-30T00:50:36.468 INFO:teuthology.orchestra.run.smithi116.stdout:/usr/bin/ceph: stderr
2024-03-30T00:50:35.031+0000 7fe69f400700 1 -- 172.21.15.116:0/3314612634 <== mon.0 v2:172.21.15.116:3300/0 6 ==== mgrmap(e 10) v1 ==== 45313+0+0 (secure 0 0 0) 0x7fe698019a00 con 0x7fe6a807be20
2024-03-30T00:50:36.468 INFO:teuthology.orchestra.run.smithi116.stdout:/usr/bin/ceph: stderr
2024-03-30T00:50:35.031+0000 7fe69f400700 1 -- 172.21.15.116:0/3314612634 >> [v2:172.21.15.116:6800/131150228,v1:172.21.15.116:6801/131150228] conn(0x7fe68c0387a0 msgr2=0x7fe68c03ac60 unknown :-1 s=STATE_CONNECTING l=1).mark_down
2024-03-30T00:50:36.468 INFO:teuthology.orchestra.run.smithi116.stdout:/usr/bin/ceph: stderr
2024-03-30T00:50:35.031+0000 7fe69f400700 1 --2- 172.21.15.116:0/3314612634 >> [v2:172.21.15.116:6800/131150228,v1:172.21.15.116:6801/131150228] conn(0x7fe68c0387a0 0x7fe68c03ac60 unknown :-1 s=START_CONNECT pgs=0 cs=0 l=1 rev1=0 crypto rx=0 tx=0 comp rx=0 tx=0).stop
2024-03-30T00:50:36.468 INFO:teuthology.orchestra.run.smithi116.stdout:/usr/bin/ceph: stderr
2024-03-30T00:50:36.036+0000 7fe69f400700 1 -- 172.21.15.116:0/3314612634 <== mon.0 v2:172.21.15.116:3300/0 7 ==== mgrmap(e 11) v1 ==== 45440+0+0 (secure 0 0 0) 0x7fe698019d80 con 0x7fe6a807be20
2024-03-30T00:50:36.468 INFO:teuthology.orchestra.run.smithi116.stdout:/usr/bin/ceph: stderr
2024-03-30T00:50:36.037+0000 7fe69f400700 1 --2- 172.21.15.116:0/3314612634 >> [v2:172.21.15.116:6800/3072243062,v1:172.21.15.116:6801/3072243062] conn(0x7fe68c03bff0 0x7fe68c03e3e0 unknown :-1 s=NONE pgs=0 cs=0 l=1 rev1=0 crypto rx=0 tx=0 comp rx=0 tx=0).connect
2024-03-30T00:50:36.468 INFO:teuthology.orchestra.run.smithi116.stdout:/usr/bin/ceph: stderr
2024-03-30T00:50:36.037+0000 7fe69f400700 1 -- 172.21.15.116:0/3314612634 --> [v2:172.21.15.116:6800/3072243062,v1:172.21.15.116:6801/3072243062] -- command(tid 0: {"prefix": "get_command_descriptions"}) v1 -- 0x7fe68c03b370 con 0x7fe68c03bff0
2024-03-30T00:50:36.468 INFO:teuthology.orchestra.run.smithi116.stdout:/usr/bin/ceph: stderr
2024-03-30T00:50:36.037+0000 7fe6a6000700 1 --2- 172.21.15.116:0/3314612634 >> [v2:172.21.15.116:6800/3072243062,v1:172.21.15.116:6801/3072243062] conn(0x7fe68c03bff0 0x7fe68c03e3e0 unknown :-1 s=BANNER_CONNECTING pgs=0 cs=0 l=1 rev1=0 crypto rx=0 tx=0 comp rx=0 tx=0)._handle_peer_banner_payload supported=3 required=0
2024-03-30T00:50:36.468 INFO:teuthology.orchestra.run.smithi116.stdout:/usr/bin/ceph: stderr
2024-03-30T00:50:36.038+0000 7fe6a6000700 1 --2- 172.21.15.116:0/3314612634 >> [v2:172.21.15.116:6800/3072243062,v1:172.21.15.116:6801/3072243062] conn(0x7fe68c03bff0 0x7fe68c03e3e0 secure :-1 s=READY pgs=1 cs=0 l=1 rev1=1 crypto rx=0x7fe694003a10 tx=0x7fe694009270 comp rx=0 tx=0).ready entity=mgr.14152 client_cookie=0 server_cookie=0 in_seq=0 out_seq=0
2024-03-30T00:50:36.469 INFO:teuthology.orchestra.run.smithi116.stdout:/usr/bin/ceph: stderr
2024-03-30T00:50:36.039+0000 7fe69f400700 1 -- 172.21.15.116:0/3314612634 <== mgr.14152 v2:172.21.15.116:6800/3072243062 1 ==== command_reply(tid 0: 0 ) v1 ==== 8+0+6910 (secure 0 0 0) 0x7fe68c03b370 con 0x7fe68c03bff0
2024-03-30T00:50:36.469 INFO:teuthology.orchestra.run.smithi116.stdout:/usr/bin/ceph: stderr
2024-03-30T00:50:36.051+0000 7fe6ad600700 1 -- 172.21.15.116:0/3314612634 --> [v2:172.21.15.116:6800/3072243062,v1:172.21.15.116:6801/3072243062] -- command(tid 1: {"prefix": "mgr_status"}) v1 -- 0x7fe6a810c890 con 0x7fe68c03bff0
2024-03-30T00:50:36.469 INFO:teuthology.orchestra.run.smithi116.stdout:/usr/bin/ceph: stderr
2024-03-30T00:50:36.052+0000 7fe69f400700 1 -- 172.21.15.116:0/3314612634 <== mgr.14152 v2:172.21.15.116:6800/3072243062 2 ==== command_reply(tid 1: 0 ) v1 ==== 8+0+52 (secure 0 0 0) 0x7fe6a810c890 con 0x7fe68c03bff0
2024-03-30T00:50:36.469 INFO:teuthology.orchestra.run.smithi116.stdout:/usr/bin/ceph: stderr
2024-03-30T00:50:36.052+0000 7fe6ad600700 1 -- 172.21.15.116:0/3314612634 >> [v2:172.21.15.116:6800/3072243062,v1:172.21.15.116:6801/3072243062] conn(0x7fe68c03bff0 msgr2=0x7fe68c03e3e0 secure :-1 s=STATE_CONNECTION_ESTABLISHED l=1).mark_down
2024-03-30T00:50:36.469 INFO:teuthology.orchestra.run.smithi116.stdout:/usr/bin/ceph: stderr
2024-03-30T00:50:36.052+0000 7fe6ad600700 1 --2- 172.21.15.116:0/3314612634 >> [v2:172.21.15.116:6800/3072243062,v1:172.21.15.116:6801/3072243062] conn(0x7fe68c03bff0 0x7fe68c03e3e0 secure :-1 s=READY pgs=1 cs=0 l=1 rev1=1 crypto rx=0x7fe694003a10 tx=0x7fe694009270 comp rx=0 tx=0).stop
2024-03-30T00:50:36.469 INFO:teuthology.orchestra.run.smithi116.stdout:/usr/bin/ceph: stderr
2024-03-30T00:50:36.052+0000 7fe6ad600700 1 -- 172.21.15.116:0/3314612634 >> [v2:172.21.15.116:3300/0,v1:172.21.15.116:6789/0] conn(0x7fe6a807be20 msgr2=0x7fe6a819c430 secure :-1 s=STATE_CONNECTION_ESTABLISHED l=1).mark_down
2024-03-30T00:50:36.469 INFO:teuthology.orchestra.run.smithi116.stdout:/usr/bin/ceph: stderr
2024-03-30T00:50:36.052+0000 7fe6ad600700 1 --2- 172.21.15.116:0/3314612634 >> [v2:172.21.15.116:3300/0,v1:172.21.15.116:6789/0] conn(0x7fe6a807be20 0x7fe6a819c430 secure :-1 s=READY pgs=62 cs=0 l=1 rev1=1 crypto rx=0x7fe698011980 tx=0x7fe698011a60 comp rx=0 tx=0).stop
2024-03-30T00:50:36.469 INFO:teuthology.orchestra.run.smithi116.stdout:/usr/bin/ceph: stderr
2024-03-30T00:50:36.053+0000 7fe6ad600700 1 -- 172.21.15.116:0/3314612634 shutdown_connections
2024-03-30T00:50:36.469 INFO:teuthology.orchestra.run.smithi116.stdout:/usr/bin/ceph: stderr
2024-03-30T00:50:36.053+0000 7fe6ad600700 1 --2- 172.21.15.116:0/3314612634 >> [v2:172.21.15.116:6800/3072243062,v1:172.21.15.116:6801/3072243062] conn(0x7fe68c03bff0 0x7fe68c03e3e0 unknown :-1 s=CLOSED pgs=1 cs=0 l=1 rev1=1 crypto rx=0 tx=0 comp rx=0 tx=0).stop
2024-03-30T00:50:36.469 INFO:teuthology.orchestra.run.smithi116.stdout:/usr/bin/ceph: stderr
2024-03-30T00:50:36.053+0000 7fe6ad600700 1 --2- 172.21.15.116:0/3314612634 >> [v2:172.21.15.116:3300/0,v1:172.21.15.116:6789/0] conn(0x7fe6a807be20 0x7fe6a819c430 unknown :-1 s=CLOSED pgs=62 cs=0 l=1 rev1=1 crypto rx=0 tx=0 comp rx=0 tx=0).stop
2024-03-30T00:50:36.469 INFO:teuthology.orchestra.run.smithi116.stdout:/usr/bin/ceph: stderr
2024-03-30T00:50:36.053+0000 7fe6ad600700 1 --2- 172.21.15.116:0/3314612634 >> [v2:172.21.15.116:6800/131150228,v1:172.21.15.116:6801/131150228] conn(0x7fe68c0387a0 0x7fe68c03ac60 unknown :-1 s=CLOSED pgs=0 cs=0 l=1 rev1=0 crypto rx=0 tx=0 comp rx=0 tx=0).stop
2024-03-30T00:50:36.469 INFO:teuthology.orchestra.run.smithi116.stdout:/usr/bin/ceph: stderr
2024-03-30T00:50:36.053+0000 7fe6ad600700 1 -- 172.21.15.116:0/3314612634 >> 172.21.15.116:0/3314612634 conn(0x7fe6a8101af0 msgr2=0x7fe6a81026b0 unknown :-1 s=STATE_NONE l=0).mark_down
2024-03-30T00:50:36.469 INFO:teuthology.orchestra.run.smithi116.stdout:/usr/bin/ceph: stderr
2024-03-30T00:50:36.053+0000 7fe6ad600700 1 -- 172.21.15.116:0/3314612634 shutdown_connections
2024-03-30T00:50:36.469 INFO:teuthology.orchestra.run.smithi116.stdout:/usr/bin/ceph: stderr
2024-03-30T00:50:36.053+0000 7fe6ad600700 1 -- 172.21.15.116:0/3314612634 wait complete.
2024-03-30T00:50:36.469 INFO:teuthology.orchestra.run.smithi116.stdout:mgr epoch 9 is available
2024-03-30T00:50:36.469 INFO:teuthology.orchestra.run.smithi116.stdout:Generating a dashboard self-signed certificate...
2024-03-30T00:50:37.673 INFO:journalctl@ceph.mon.a.smithi116.stdout:Mar 30 00:50:37 smithi116 ceph-mon[38086]: from='client.14156 -' entity='client.admin' cmd=[{"prefix": "get_command_descriptions"}]: dispatch
2024-03-30T00:50:37.674 INFO:journalctl@ceph.mon.a.smithi116.stdout:Mar 30 00:50:37 smithi116 ceph-mon[38086]: from='client.14156 -' entity='client.admin' cmd=[{"prefix": "mgr_status"}]: dispatch
2024-03-30T00:50:37.674 INFO:journalctl@ceph.mon.a.smithi116.stdout:Mar 30 00:50:37 smithi116 ceph-mon[38086]: from='mgr.14152 172.21.15.116:0/3895701107' entity='mgr.x'
2024-03-30T00:50:37.674 INFO:journalctl@ceph.mon.a.smithi116.stdout:Mar 30 00:50:37 smithi116 ceph-mon[38086]: from='mgr.14152 172.21.15.116:0/3895701107' entity='mgr.x'
2024-03-30T00:50:37.674 INFO:journalctl@ceph.mon.a.smithi116.stdout:Mar 30 00:50:37 smithi116 ceph-mon[38086]: from='mgr.14152 172.21.15.116:0/3895701107' entity='mgr.x'
2024-03-30T00:50:37.739 INFO:teuthology.orchestra.run.smithi116.stdout:/usr/bin/ceph: stdout Self-signed certificate created
2024-03-30T00:50:37.739 INFO:teuthology.orchestra.run.smithi116.stdout:/usr/bin/ceph: stderr
2024-03-30T00:50:36.905+0000 7f3450a00700 1 Processor -- start
2024-03-30T00:50:37.739 INFO:teuthology.orchestra.run.smithi116.stdout:/usr/bin/ceph: stderr
2024-03-30T00:50:36.906+0000 7f3450a00700 1 -- start start
2024-03-30T00:50:37.739 INFO:teuthology.orchestra.run.smithi116.stdout:/usr/bin/ceph: stderr
2024-03-30T00:50:36.906+0000 7f3450a00700 1 --2- >> [v2:172.21.15.116:3300/0,v1:172.21.15.116:6789/0] conn(0x7f344c106510 0x7f344c106930 unknown :-1 s=NONE pgs=0 cs=0 l=0 rev1=0 crypto rx=0 tx=0 comp rx=0 tx=0).connect
2024-03-30T00:50:37.739 INFO:teuthology.orchestra.run.smithi116.stdout:/usr/bin/ceph: stderr
2024-03-30T00:50:36.906+0000 7f3450a00700 1 -- --> [v2:172.21.15.116:3300/0,v1:172.21.15.116:6789/0] -- mon_getmap magic: 0 v1 -- 0x7f344c106f00 con 0x7f344c106510
2024-03-30T00:50:37.739 INFO:teuthology.orchestra.run.smithi116.stdout:/usr/bin/ceph: stderr
2024-03-30T00:50:36.907+0000 7f3449e00700 1 --2- >> [v2:172.21.15.116:3300/0,v1:172.21.15.116:6789/0] conn(0x7f344c106510 0x7f344c106930 unknown :-1 s=BANNER_CONNECTING pgs=0 cs=0 l=0 rev1=0 crypto rx=0 tx=0 comp rx=0 tx=0)._handle_peer_banner_payload supported=3 required=0
2024-03-30T00:50:37.739 INFO:teuthology.orchestra.run.smithi116.stdout:/usr/bin/ceph: stderr
2024-03-30T00:50:36.907+0000 7f3449e00700 1 --2- >> [v2:172.21.15.116:3300/0,v1:172.21.15.116:6789/0] conn(0x7f344c106510 0x7f344c106930 unknown :-1 s=HELLO_CONNECTING pgs=0 cs=0 l=0 rev1=1 crypto rx=0 tx=0 comp rx=0 tx=0).handle_hello peer v2:172.21.15.116:3300/0 says I am v2:172.21.15.116:54298/0 (socket says 172.21.15.116:54298)
2024-03-30T00:50:37.739 INFO:teuthology.orchestra.run.smithi116.stdout:/usr/bin/ceph: stderr
2024-03-30T00:50:36.907+0000 7f3449e00700 1 -- 172.21.15.116:0/3552451922 learned_addr learned my addr 172.21.15.116:0/3552451922 (peer_addr_for_me v2:172.21.15.116:0/0)
2024-03-30T00:50:37.739 INFO:teuthology.orchestra.run.smithi116.stdout:/usr/bin/ceph: stderr
2024-03-30T00:50:36.907+0000 7f3449e00700 1 -- 172.21.15.116:0/3552451922 --> [v2:172.21.15.116:3300/0,v1:172.21.15.116:6789/0] -- mon_subscribe({config=0+,monmap=0+}) v3 -- 0x7f344c1076c0 con 0x7f344c106510
2024-03-30T00:50:37.739 INFO:teuthology.orchestra.run.smithi116.stdout:/usr/bin/ceph: stderr
2024-03-30T00:50:36.907+0000 7f3449e00700 1 --2- 172.21.15.116:0/3552451922 >> [v2:172.21.15.116:3300/0,v1:172.21.15.116:6789/0] conn(0x7f344c106510 0x7f344c106930 secure :-1 s=READY pgs=70 cs=0 l=1 rev1=1 crypto rx=0x7f343c0098a0 tx=0x7f343c009bb0 comp rx=0 tx=0).ready entity=mon.0 client_cookie=73527a9d0a9786eb server_cookie=0 in_seq=0 out_seq=0
2024-03-30T00:50:37.739 INFO:teuthology.orchestra.run.smithi116.stdout:/usr/bin/ceph: stderr
2024-03-30T00:50:36.907+0000 7f3448a00700 1 -- 172.21.15.116:0/3552451922 <== mon.0 v2:172.21.15.116:3300/0 1 ==== mon_map magic: 0 v1 ==== 205+0+0 (secure 0 0 0) 0x7f343c004160 con 0x7f344c106510
2024-03-30T00:50:37.740 INFO:teuthology.orchestra.run.smithi116.stdout:/usr/bin/ceph: stderr
2024-03-30T00:50:36.907+0000 7f3448a00700 1 -- 172.21.15.116:0/3552451922 <== mon.0 v2:172.21.15.116:3300/0 2 ==== config(26 keys) v1 ==== 1105+0+0 (secure 0 0 0) 0x7f343c0042c0 con 0x7f344c106510
2024-03-30T00:50:37.740 INFO:teuthology.orchestra.run.smithi116.stdout:/usr/bin/ceph: stderr
2024-03-30T00:50:36.907+0000 7f3448a00700 1 -- 172.21.15.116:0/3552451922 <== mon.0 v2:172.21.15.116:3300/0 3 ==== mon_map magic: 0 v1 ==== 205+0+0 (secure 0 0 0) 0x7f343c0119b0 con 0x7f344c106510
2024-03-30T00:50:37.740 INFO:teuthology.orchestra.run.smithi116.stdout:/usr/bin/ceph: stderr
2024-03-30T00:50:36.908+0000 7f3450a00700 1 -- 172.21.15.116:0/3552451922 >> [v2:172.21.15.116:3300/0,v1:172.21.15.116:6789/0] conn(0x7f344c106510 msgr2=0x7f344c106930 secure :-1 s=STATE_CONNECTION_ESTABLISHED l=1).mark_down
2024-03-30T00:50:37.740 INFO:teuthology.orchestra.run.smithi116.stdout:/usr/bin/ceph: stderr
2024-03-30T00:50:36.908+0000 7f3450a00700 1 --2- 172.21.15.116:0/3552451922 >> [v2:172.21.15.116:3300/0,v1:172.21.15.116:6789/0] conn(0x7f344c106510 0x7f344c106930 secure :-1 s=READY pgs=70 cs=0 l=1 rev1=1 crypto rx=0x7f343c0098a0 tx=0x7f343c009bb0 comp rx=0 tx=0).stop
2024-03-30T00:50:37.740 INFO:teuthology.orchestra.run.smithi116.stdout:/usr/bin/ceph: stderr
2024-03-30T00:50:36.908+0000 7f3450a00700 1 -- 172.21.15.116:0/3552451922 shutdown_connections
2024-03-30T00:50:37.740 INFO:teuthology.orchestra.run.smithi116.stdout:/usr/bin/ceph: stderr
2024-03-30T00:50:36.908+0000 7f3450a00700 1 --2- 172.21.15.116:0/3552451922 >> [v2:172.21.15.116:3300/0,v1:172.21.15.116:6789/0] conn(0x7f344c106510 0x7f344c106930 unknown :-1 s=CLOSED pgs=70 cs=0 l=1 rev1=1 crypto rx=0 tx=0 comp rx=0 tx=0).stop
2024-03-30T00:50:37.740 INFO:teuthology.orchestra.run.smithi116.stdout:/usr/bin/ceph: stderr
2024-03-30T00:50:36.908+0000 7f3450a00700 1 -- 172.21.15.116:0/3552451922 >> 172.21.15.116:0/3552451922 conn(0x7f344c101af0 msgr2=0x7f344c103f10 unknown :-1 s=STATE_NONE l=0).mark_down
2024-03-30T00:50:37.740 INFO:teuthology.orchestra.run.smithi116.stdout:/usr/bin/ceph: stderr
2024-03-30T00:50:36.908+0000 7f3450a00700 1 -- 172.21.15.116:0/3552451922 shutdown_connections
2024-03-30T00:50:37.740 INFO:teuthology.orchestra.run.smithi116.stdout:/usr/bin/ceph: stderr
2024-03-30T00:50:36.909+0000 7f3450a00700 1 -- 172.21.15.116:0/3552451922 wait complete.
2024-03-30T00:50:37.740 INFO:teuthology.orchestra.run.smithi116.stdout:/usr/bin/ceph: stderr
2024-03-30T00:50:36.910+0000 7f3450a00700 1 Processor -- start
2024-03-30T00:50:37.740 INFO:teuthology.orchestra.run.smithi116.stdout:/usr/bin/ceph: stderr
2024-03-30T00:50:36.910+0000 7f3450a00700 1 -- start start
2024-03-30T00:50:37.740 INFO:teuthology.orchestra.run.smithi116.stdout:/usr/bin/ceph: stderr
2024-03-30T00:50:36.911+0000 7f3450a00700 1 --2- >> [v2:172.21.15.116:3300/0,v1:172.21.15.116:6789/0] conn(0x7f344c106510 0x7f344c19a280 unknown :-1 s=NONE pgs=0 cs=0 l=1 rev1=0 crypto rx=0 tx=0 comp rx=0 tx=0).connect
2024-03-30T00:50:37.740 INFO:teuthology.orchestra.run.smithi116.stdout:/usr/bin/ceph: stderr
2024-03-30T00:50:36.911+0000 7f3450a00700 1 -- --> [v2:172.21.15.116:3300/0,v1:172.21.15.116:6789/0] -- mon_getmap magic: 0 v1 -- 0x7f344c19a7c0 con 0x7f344c106510
2024-03-30T00:50:37.740 INFO:teuthology.orchestra.run.smithi116.stdout:/usr/bin/ceph: stderr
2024-03-30T00:50:36.911+0000 7f3449e00700 1 --2- >> [v2:172.21.15.116:3300/0,v1:172.21.15.116:6789/0] conn(0x7f344c106510 0x7f344c19a280 unknown :-1 s=BANNER_CONNECTING pgs=0 cs=0 l=1 rev1=0 crypto rx=0 tx=0 comp rx=0 tx=0)._handle_peer_banner_payload supported=3 required=0
2024-03-30T00:50:37.741 INFO:teuthology.orchestra.run.smithi116.stdout:/usr/bin/ceph: stderr
2024-03-30T00:50:36.911+0000 7f3449e00700 1 --2- >> [v2:172.21.15.116:3300/0,v1:172.21.15.116:6789/0] conn(0x7f344c106510 0x7f344c19a280 unknown :-1 s=HELLO_CONNECTING pgs=0 cs=0 l=1 rev1=1 crypto rx=0 tx=0 comp rx=0 tx=0).handle_hello peer v2:172.21.15.116:3300/0 says I am v2:172.21.15.116:54308/0 (socket says 172.21.15.116:54308)
2024-03-30T00:50:37.741 INFO:teuthology.orchestra.run.smithi116.stdout:/usr/bin/ceph: stderr
2024-03-30T00:50:36.911+0000 7f3449e00700 1 -- 172.21.15.116:0/1655914372 learned_addr learned my addr 172.21.15.116:0/1655914372 (peer_addr_for_me v2:172.21.15.116:0/0)
2024-03-30T00:50:37.741 INFO:teuthology.orchestra.run.smithi116.stdout:/usr/bin/ceph: stderr
2024-03-30T00:50:36.911+0000 7f3449e00700 1 -- 172.21.15.116:0/1655914372 --> [v2:172.21.15.116:3300/0,v1:172.21.15.116:6789/0] -- mon_subscribe({config=0+,monmap=0+}) v3 -- 0x7f343c009550 con 0x7f344c106510
2024-03-30T00:50:37.741 INFO:teuthology.orchestra.run.smithi116.stdout:/usr/bin/ceph: stderr
2024-03-30T00:50:36.911+0000 7f3449e00700 1 --2- 172.21.15.116:0/1655914372 >> [v2:172.21.15.116:3300/0,v1:172.21.15.116:6789/0] conn(0x7f344c106510 0x7f344c19a280 secure :-1 s=READY pgs=71 cs=0 l=1 rev1=1 crypto rx=0x7f343c011670 tx=0x7f343c011a30 comp rx=0 tx=0).ready entity=mon.0 client_cookie=0 server_cookie=0 in_seq=0 out_seq=0
2024-03-30T00:50:37.741 INFO:teuthology.orchestra.run.smithi116.stdout:/usr/bin/ceph: stderr
2024-03-30T00:50:36.912+0000 7f3442a00700 1 -- 172.21.15.116:0/1655914372 <== mon.0 v2:172.21.15.116:3300/0 1 ==== mon_map magic: 0 v1 ==== 205+0+0 (secure 0 0 0) 0x7f343c003af0 con 0x7f344c106510
2024-03-30T00:50:37.741 INFO:teuthology.orchestra.run.smithi116.stdout:/usr/bin/ceph: stderr
2024-03-30T00:50:36.912+0000 7f3442a00700 1 -- 172.21.15.116:0/1655914372 <== mon.0 v2:172.21.15.116:3300/0 2 ==== config(26 keys) v1 ==== 1105+0+0 (secure 0 0 0) 0x7f343c003c50 con 0x7f344c106510
2024-03-30T00:50:37.741 INFO:teuthology.orchestra.run.smithi116.stdout:/usr/bin/ceph: stderr
2024-03-30T00:50:36.912+0000 7f3450a00700 1 -- 172.21.15.116:0/1655914372 --> [v2:172.21.15.116:3300/0,v1:172.21.15.116:6789/0] -- mon_subscribe({mgrmap=0+}) v3 -- 0x7f344c19a9c0 con 0x7f344c106510
2024-03-30T00:50:37.741 INFO:teuthology.orchestra.run.smithi116.stdout:/usr/bin/ceph: stderr
2024-03-30T00:50:36.912+0000 7f3442a00700 1 -- 172.21.15.116:0/1655914372 <== mon.0 v2:172.21.15.116:3300/0 3 ==== mon_map magic: 0 v1 ==== 205+0+0 (secure 0 0 0) 0x7f343c024820 con 0x7f344c106510
2024-03-30T00:50:37.741 INFO:teuthology.orchestra.run.smithi116.stdout:/usr/bin/ceph: stderr
2024-03-30T00:50:36.912+0000 7f3450a00700 1 -- 172.21.15.116:0/1655914372 --> [v2:172.21.15.116:3300/0,v1:172.21.15.116:6789/0] -- mon_subscribe({osdmap=0}) v3 -- 0x7f344c19ae60 con 0x7f344c106510
2024-03-30T00:50:37.741 INFO:teuthology.orchestra.run.smithi116.stdout:/usr/bin/ceph: stderr
2024-03-30T00:50:36.913+0000 7f3442a00700 1 -- 172.21.15.116:0/1655914372 <== mon.0 v2:172.21.15.116:3300/0 4 ==== mgrmap(e 11) v1 ==== 45440+0+0 (secure 0 0 0) 0x7f343c01a430 con 0x7f344c106510
2024-03-30T00:50:37.741 INFO:teuthology.orchestra.run.smithi116.stdout:/usr/bin/ceph: stderr
2024-03-30T00:50:36.913+0000 7f3450a00700 1 -- 172.21.15.116:0/1655914372 --> [v2:172.21.15.116:3300/0,v1:172.21.15.116:6789/0] -- mon_command({"prefix": "get_command_descriptions"} v 0) v1 -- 0x7f344c10a8f0 con 0x7f344c106510
2024-03-30T00:50:37.741 INFO:teuthology.orchestra.run.smithi116.stdout:/usr/bin/ceph: stderr
2024-03-30T00:50:36.914+0000 7f3442a00700 1 --2- 172.21.15.116:0/1655914372 >> [v2:172.21.15.116:6800/3072243062,v1:172.21.15.116:6801/3072243062] conn(0x7f3430038670 0x7f343003ab30 unknown :-1 s=NONE pgs=0 cs=0 l=1 rev1=0 crypto rx=0 tx=0 comp rx=0 tx=0).connect
2024-03-30T00:50:37.741 INFO:teuthology.orchestra.run.smithi116.stdout:/usr/bin/ceph: stderr
2024-03-30T00:50:36.914+0000 7f3442a00700 1 -- 172.21.15.116:0/1655914372 <== mon.0 v2:172.21.15.116:3300/0 5 ==== osd_map(3..3 src has 1..3) v4 ==== 1155+0+0 (secure 0 0 0) 0x7f343c04c6b0 con 0x7f344c106510
2024-03-30T00:50:37.741 INFO:teuthology.orchestra.run.smithi116.stdout:/usr/bin/ceph: stderr
