2024-03-30T04:16:54.100+0000 7f08f1a00700 1 --2- 172.21.15.123:0/1483378812 >> [v2:172.21.15.123:6800/1291592055,v1:172.21.15.123:6801/1291592055] conn(0x7f08d0036790 0x7f08d0038c40 unknown :-1 s=CLOSED pgs=6 cs=0 l=1 rev1=1 crypto rx=0 tx=0 comp rx=0 tx=0).stop
2024-03-30T04:16:54.678 INFO:teuthology.orchestra.run.smithi123.stdout:/usr/bin/ceph: stderr
2024-03-30T04:16:54.100+0000 7f08f1a00700 1 --2- 172.21.15.123:0/1483378812 >> [v2:172.21.15.123:3300/0,v1:172.21.15.123:6789/0] conn(0x7f08ec078d30 0x7f08ec113460 unknown :-1 s=CLOSED pgs=17 cs=0 l=1 rev1=1 crypto rx=0 tx=0 comp rx=0 tx=0).stop
2024-03-30T04:16:54.678 INFO:teuthology.orchestra.run.smithi123.stdout:/usr/bin/ceph: stderr
2024-03-30T04:16:54.100+0000 7f08f1a00700 1 -- 172.21.15.123:0/1483378812 >> 172.21.15.123:0/1483378812 conn(0x7f08ec0fdb90 msgr2=0x7f08ec0fe720 unknown :-1 s=STATE_NONE l=0).mark_down
2024-03-30T04:16:54.678 INFO:teuthology.orchestra.run.smithi123.stdout:/usr/bin/ceph: stderr
2024-03-30T04:16:54.100+0000 7f08f1a00700 1 -- 172.21.15.123:0/1483378812 shutdown_connections
2024-03-30T04:16:54.678 INFO:teuthology.orchestra.run.smithi123.stdout:/usr/bin/ceph: stderr
2024-03-30T04:16:54.100+0000 7f08f1a00700 1 -- 172.21.15.123:0/1483378812 wait complete.
2024-03-30T04:16:54.678 INFO:teuthology.orchestra.run.smithi123.stdout:mgr is available
2024-03-30T04:16:55.716 INFO:journalctl@ceph.mon.smithi123.smithi123.stdout:Mar 30 04:16:55 smithi123 ceph-mon[35245]: from='client.? 172.21.15.123:0/466510472' entity='client.admin' cmd=[{"prefix": "config assimilate-conf"}]: dispatch
2024-03-30T04:16:56.104 INFO:teuthology.orchestra.run.smithi123.stdout:/usr/bin/ceph: stdout
2024-03-30T04:16:56.104 INFO:teuthology.orchestra.run.smithi123.stdout:/usr/bin/ceph: stdout [global]
2024-03-30T04:16:56.105 INFO:teuthology.orchestra.run.smithi123.stdout:/usr/bin/ceph: stdout fsid = 2e77a2be-ee4c-11ee-b647-cb9ed24678a4
2024-03-30T04:16:56.105 INFO:teuthology.orchestra.run.smithi123.stdout:/usr/bin/ceph: stdout mon_osd_allow_pg_remap = true
2024-03-30T04:16:56.105 INFO:teuthology.orchestra.run.smithi123.stdout:/usr/bin/ceph: stdout mon_osd_allow_primary_affinity = true
2024-03-30T04:16:56.105 INFO:teuthology.orchestra.run.smithi123.stdout:/usr/bin/ceph: stdout mon_warn_on_no_sortbitwise = false
2024-03-30T04:16:56.105 INFO:teuthology.orchestra.run.smithi123.stdout:/usr/bin/ceph: stdout osd_crush_chooseleaf_type = 0
2024-03-30T04:16:56.105 INFO:teuthology.orchestra.run.smithi123.stdout:/usr/bin/ceph: stdout
2024-03-30T04:16:56.105 INFO:teuthology.orchestra.run.smithi123.stdout:/usr/bin/ceph: stdout [mgr]
2024-03-30T04:16:56.105 INFO:teuthology.orchestra.run.smithi123.stdout:/usr/bin/ceph: stdout mgr/telemetry/nag = false
2024-03-30T04:16:56.105 INFO:teuthology.orchestra.run.smithi123.stdout:/usr/bin/ceph: stdout
2024-03-30T04:16:56.105 INFO:teuthology.orchestra.run.smithi123.stdout:/usr/bin/ceph: stdout [osd]
2024-03-30T04:16:56.105 INFO:teuthology.orchestra.run.smithi123.stdout:/usr/bin/ceph: stdout mon_osd_backfillfull_ratio = 0.85
2024-03-30T04:16:56.105 INFO:teuthology.orchestra.run.smithi123.stdout:/usr/bin/ceph: stdout mon_osd_full_ratio = 0.9
2024-03-30T04:16:56.105 INFO:teuthology.orchestra.run.smithi123.stdout:/usr/bin/ceph: stdout mon_osd_nearfull_ratio = 0.8
2024-03-30T04:16:56.106 INFO:teuthology.orchestra.run.smithi123.stdout:/usr/bin/ceph: stdout osd_map_max_advance = 10
2024-03-30T04:16:56.106 INFO:teuthology.orchestra.run.smithi123.stdout:/usr/bin/ceph: stdout osd_sloppy_crc = true
2024-03-30T04:16:56.106 INFO:teuthology.orchestra.run.smithi123.stdout:/usr/bin/ceph: stderr
2024-03-30T04:16:55.221+0000 7f3e25c00700 1 Processor -- start
2024-03-30T04:16:56.106 INFO:teuthology.orchestra.run.smithi123.stdout:/usr/bin/ceph: stderr
2024-03-30T04:16:55.222+0000 7f3e25c00700 1 -- start start
2024-03-30T04:16:56.106 INFO:teuthology.orchestra.run.smithi123.stdout:/usr/bin/ceph: stderr
2024-03-30T04:16:55.222+0000 7f3e25c00700 1 --2- >> [v2:172.21.15.123:3300/0,v1:172.21.15.123:6789/0] conn(0x7f3e20102580 0x7f3e20102990 unknown :-1 s=NONE pgs=0 cs=0 l=0 rev1=0 crypto rx=0 tx=0 comp rx=0 tx=0).connect
2024-03-30T04:16:56.106 INFO:teuthology.orchestra.run.smithi123.stdout:/usr/bin/ceph: stderr
2024-03-30T04:16:55.222+0000 7f3e25c00700 1 -- --> [v2:172.21.15.123:3300/0,v1:172.21.15.123:6789/0] -- mon_getmap magic: 0 v1 -- 0x7f3e20102ed0 con 0x7f3e20102580
2024-03-30T04:16:56.106 INFO:teuthology.orchestra.run.smithi123.stdout:/usr/bin/ceph: stderr
2024-03-30T04:16:55.222+0000 7f3e1ea00700 1 --2- >> [v2:172.21.15.123:3300/0,v1:172.21.15.123:6789/0] conn(0x7f3e20102580 0x7f3e20102990 unknown :-1 s=BANNER_CONNECTING pgs=0 cs=0 l=0 rev1=0 crypto rx=0 tx=0 comp rx=0 tx=0)._handle_peer_banner_payload supported=3 required=0
2024-03-30T04:16:56.106 INFO:teuthology.orchestra.run.smithi123.stdout:/usr/bin/ceph: stderr
2024-03-30T04:16:55.222+0000 7f3e1ea00700 1 --2- >> [v2:172.21.15.123:3300/0,v1:172.21.15.123:6789/0] conn(0x7f3e20102580 0x7f3e20102990 unknown :-1 s=HELLO_CONNECTING pgs=0 cs=0 l=0 rev1=1 crypto rx=0 tx=0 comp rx=0 tx=0).handle_hello peer v2:172.21.15.123:3300/0 says I am v2:172.21.15.123:42326/0 (socket says 172.21.15.123:42326)
2024-03-30T04:16:56.106 INFO:teuthology.orchestra.run.smithi123.stdout:/usr/bin/ceph: stderr
2024-03-30T04:16:55.222+0000 7f3e1ea00700 1 -- 172.21.15.123:0/989699941 learned_addr learned my addr 172.21.15.123:0/989699941 (peer_addr_for_me v2:172.21.15.123:0/0)
2024-03-30T04:16:56.106 INFO:teuthology.orchestra.run.smithi123.stdout:/usr/bin/ceph: stderr
2024-03-30T04:16:55.223+0000 7f3e1ea00700 1 -- 172.21.15.123:0/989699941 --> [v2:172.21.15.123:3300/0,v1:172.21.15.123:6789/0] -- mon_subscribe({config=0+,monmap=0+}) v3 -- 0x7f3e20103010 con 0x7f3e20102580
2024-03-30T04:16:56.106 INFO:teuthology.orchestra.run.smithi123.stdout:/usr/bin/ceph: stderr
2024-03-30T04:16:55.223+0000 7f3e1ea00700 1 --2- 172.21.15.123:0/989699941 >> [v2:172.21.15.123:3300/0,v1:172.21.15.123:6789/0] conn(0x7f3e20102580 0x7f3e20102990 secure :-1 s=READY pgs=18 cs=0 l=1 rev1=1 crypto rx=0x7f3e100098e0 tx=0x7f3e10009250 comp rx=0 tx=0).ready entity=mon.0 client_cookie=84d1dc9cc8902e85 server_cookie=0 in_seq=0 out_seq=0
2024-03-30T04:16:56.106 INFO:teuthology.orchestra.run.smithi123.stdout:/usr/bin/ceph: stderr
2024-03-30T04:16:55.223+0000 7f3e1d600700 1 -- 172.21.15.123:0/989699941 <== mon.0 v2:172.21.15.123:3300/0 1 ==== mon_map magic: 0 v1 ==== 229+0+0 (secure 0 0 0) 0x7f3e1000b860 con 0x7f3e20102580
2024-03-30T04:16:56.106 INFO:teuthology.orchestra.run.smithi123.stdout:/usr/bin/ceph: stderr
2024-03-30T04:16:55.223+0000 7f3e1d600700 1 -- 172.21.15.123:0/989699941 <== mon.0 v2:172.21.15.123:3300/0 2 ==== config(26 keys) v1 ==== 1009+0+0 (secure 0 0 0) 0x7f3e1000be30 con 0x7f3e20102580
2024-03-30T04:16:56.107 INFO:teuthology.orchestra.run.smithi123.stdout:/usr/bin/ceph: stderr
2024-03-30T04:16:55.223+0000 7f3e1d600700 1 -- 172.21.15.123:0/989699941 <== mon.0 v2:172.21.15.123:3300/0 3 ==== mon_map magic: 0 v1 ==== 229+0+0 (secure 0 0 0) 0x7f3e10010380 con 0x7f3e20102580
2024-03-30T04:16:56.107 INFO:teuthology.orchestra.run.smithi123.stdout:/usr/bin/ceph: stderr
2024-03-30T04:16:55.224+0000 7f3e25c00700 1 -- 172.21.15.123:0/989699941 >> [v2:172.21.15.123:3300/0,v1:172.21.15.123:6789/0] conn(0x7f3e20102580 msgr2=0x7f3e20102990 secure :-1 s=STATE_CONNECTION_ESTABLISHED l=1).mark_down
2024-03-30T04:16:56.107 INFO:teuthology.orchestra.run.smithi123.stdout:/usr/bin/ceph: stderr
2024-03-30T04:16:55.224+0000 7f3e25c00700 1 --2- 172.21.15.123:0/989699941 >> [v2:172.21.15.123:3300/0,v1:172.21.15.123:6789/0] conn(0x7f3e20102580 0x7f3e20102990 secure :-1 s=READY pgs=18 cs=0 l=1 rev1=1 crypto rx=0x7f3e100098e0 tx=0x7f3e10009250 comp rx=0 tx=0).stop
2024-03-30T04:16:56.107 INFO:teuthology.orchestra.run.smithi123.stdout:/usr/bin/ceph: stderr
2024-03-30T04:16:55.224+0000 7f3e25c00700 1 -- 172.21.15.123:0/989699941 shutdown_connections
2024-03-30T04:16:56.107 INFO:teuthology.orchestra.run.smithi123.stdout:/usr/bin/ceph: stderr
2024-03-30T04:16:55.224+0000 7f3e25c00700 1 --2- 172.21.15.123:0/989699941 >> [v2:172.21.15.123:3300/0,v1:172.21.15.123:6789/0] conn(0x7f3e20102580 0x7f3e20102990 unknown :-1 s=CLOSED pgs=18 cs=0 l=1 rev1=1 crypto rx=0 tx=0 comp rx=0 tx=0).stop
2024-03-30T04:16:56.107 INFO:teuthology.orchestra.run.smithi123.stdout:/usr/bin/ceph: stderr
2024-03-30T04:16:55.224+0000 7f3e25c00700 1 -- 172.21.15.123:0/989699941 >> 172.21.15.123:0/989699941 conn(0x7f3e200fdd00 msgr2=0x7f3e20100110 unknown :-1 s=STATE_NONE l=0).mark_down
2024-03-30T04:16:56.107 INFO:teuthology.orchestra.run.smithi123.stdout:/usr/bin/ceph: stderr
2024-03-30T04:16:55.224+0000 7f3e25c00700 1 -- 172.21.15.123:0/989699941 shutdown_connections
2024-03-30T04:16:56.107 INFO:teuthology.orchestra.run.smithi123.stdout:/usr/bin/ceph: stderr
2024-03-30T04:16:55.224+0000 7f3e25c00700 1 -- 172.21.15.123:0/989699941 wait complete.
2024-03-30T04:16:56.107 INFO:teuthology.orchestra.run.smithi123.stdout:/usr/bin/ceph: stderr
2024-03-30T04:16:55.225+0000 7f3e25c00700 1 Processor -- start
2024-03-30T04:16:56.107 INFO:teuthology.orchestra.run.smithi123.stdout:/usr/bin/ceph: stderr
2024-03-30T04:16:55.225+0000 7f3e25c00700 1 -- start start
2024-03-30T04:16:56.107 INFO:teuthology.orchestra.run.smithi123.stdout:/usr/bin/ceph: stderr
2024-03-30T04:16:55.225+0000 7f3e25c00700 1 --2- >> [v2:172.21.15.123:3300/0,v1:172.21.15.123:6789/0] conn(0x7f3e20102580 0x7f3e20113540 unknown :-1 s=NONE pgs=0 cs=0 l=1 rev1=0 crypto rx=0 tx=0 comp rx=0 tx=0).connect
2024-03-30T04:16:56.107 INFO:teuthology.orchestra.run.smithi123.stdout:/usr/bin/ceph: stderr
2024-03-30T04:16:55.225+0000 7f3e25c00700 1 -- --> [v2:172.21.15.123:3300/0,v1:172.21.15.123:6789/0] -- mon_getmap magic: 0 v1 -- 0x7f3e20113a80 con 0x7f3e20102580
2024-03-30T04:16:56.107 INFO:teuthology.orchestra.run.smithi123.stdout:/usr/bin/ceph: stderr
2024-03-30T04:16:55.225+0000 7f3e1ea00700 1 --2- >> [v2:172.21.15.123:3300/0,v1:172.21.15.123:6789/0] conn(0x7f3e20102580 0x7f3e20113540 unknown :-1 s=BANNER_CONNECTING pgs=0 cs=0 l=1 rev1=0 crypto rx=0 tx=0 comp rx=0 tx=0)._handle_peer_banner_payload supported=3 required=0
2024-03-30T04:16:56.108 INFO:teuthology.orchestra.run.smithi123.stdout:/usr/bin/ceph: stderr
2024-03-30T04:16:55.225+0000 7f3e1ea00700 1 --2- >> [v2:172.21.15.123:3300/0,v1:172.21.15.123:6789/0] conn(0x7f3e20102580 0x7f3e20113540 unknown :-1 s=HELLO_CONNECTING pgs=0 cs=0 l=1 rev1=1 crypto rx=0 tx=0 comp rx=0 tx=0).handle_hello peer v2:172.21.15.123:3300/0 says I am v2:172.21.15.123:42342/0 (socket says 172.21.15.123:42342)
2024-03-30T04:16:56.108 INFO:teuthology.orchestra.run.smithi123.stdout:/usr/bin/ceph: stderr
2024-03-30T04:16:55.225+0000 7f3e1ea00700 1 -- 172.21.15.123:0/466510472 learned_addr learned my addr 172.21.15.123:0/466510472 (peer_addr_for_me v2:172.21.15.123:0/0)
2024-03-30T04:16:56.108 INFO:teuthology.orchestra.run.smithi123.stdout:/usr/bin/ceph: stderr
2024-03-30T04:16:55.226+0000 7f3e1ea00700 1 -- 172.21.15.123:0/466510472 --> [v2:172.21.15.123:3300/0,v1:172.21.15.123:6789/0] -- mon_subscribe({config=0+,monmap=0+}) v3 -- 0x7f3e100094f0 con 0x7f3e20102580
2024-03-30T04:16:56.108 INFO:teuthology.orchestra.run.smithi123.stdout:/usr/bin/ceph: stderr
2024-03-30T04:16:55.226+0000 7f3e1ea00700 1 --2- 172.21.15.123:0/466510472 >> [v2:172.21.15.123:3300/0,v1:172.21.15.123:6789/0] conn(0x7f3e20102580 0x7f3e20113540 secure :-1 s=READY pgs=19 cs=0 l=1 rev1=1 crypto rx=0x7f3e10000c00 tx=0x7f3e10009250 comp rx=0 tx=0).ready entity=mon.0 client_cookie=0 server_cookie=0 in_seq=0 out_seq=0
2024-03-30T04:16:56.108 INFO:teuthology.orchestra.run.smithi123.stdout:/usr/bin/ceph: stderr
2024-03-30T04:16:55.226+0000 7f3e16a00700 1 -- 172.21.15.123:0/466510472 <== mon.0 v2:172.21.15.123:3300/0 1 ==== mon_map magic: 0 v1 ==== 229+0+0 (secure 0 0 0) 0x7f3e10010a80 con 0x7f3e20102580
2024-03-30T04:16:56.108 INFO:teuthology.orchestra.run.smithi123.stdout:/usr/bin/ceph: stderr
2024-03-30T04:16:55.226+0000 7f3e16a00700 1 -- 172.21.15.123:0/466510472 <== mon.0 v2:172.21.15.123:3300/0 2 ==== config(26 keys) v1 ==== 1009+0+0 (secure 0 0 0) 0x7f3e1001a430 con 0x7f3e20102580
2024-03-30T04:16:56.108 INFO:teuthology.orchestra.run.smithi123.stdout:/usr/bin/ceph: stderr
2024-03-30T04:16:55.226+0000 7f3e25c00700 1 -- 172.21.15.123:0/466510472 --> [v2:172.21.15.123:3300/0,v1:172.21.15.123:6789/0] -- mon_subscribe({mgrmap=0+}) v3 -- 0x7f3e20113c80 con 0x7f3e20102580
2024-03-30T04:16:56.108 INFO:teuthology.orchestra.run.smithi123.stdout:/usr/bin/ceph: stderr
2024-03-30T04:16:55.226+0000 7f3e16a00700 1 -- 172.21.15.123:0/466510472 <== mon.0 v2:172.21.15.123:3300/0 3 ==== mon_map magic: 0 v1 ==== 229+0+0 (secure 0 0 0) 0x7f3e100245b0 con 0x7f3e20102580
2024-03-30T04:16:56.108 INFO:teuthology.orchestra.run.smithi123.stdout:/usr/bin/ceph: stderr
2024-03-30T04:16:55.226+0000 7f3e25c00700 1 -- 172.21.15.123:0/466510472 --> [v2:172.21.15.123:3300/0,v1:172.21.15.123:6789/0] -- mon_subscribe({osdmap=0}) v3 -- 0x7f3e201147f0 con 0x7f3e20102580
2024-03-30T04:16:56.108 INFO:teuthology.orchestra.run.smithi123.stdout:/usr/bin/ceph: stderr
2024-03-30T04:16:55.227+0000 7f3e16a00700 1 -- 172.21.15.123:0/466510472 <== mon.0 v2:172.21.15.123:3300/0 4 ==== mgrmap(e 4) v1 ==== 43357+0+0 (secure 0 0 0) 0x7f3e1001a5a0 con 0x7f3e20102580
2024-03-30T04:16:56.108 INFO:teuthology.orchestra.run.smithi123.stdout:/usr/bin/ceph: stderr
2024-03-30T04:16:55.227+0000 7f3e25c00700 1 -- 172.21.15.123:0/466510472 --> [v2:172.21.15.123:3300/0,v1:172.21.15.123:6789/0] -- mon_command({"prefix": "get_command_descriptions"} v 0) v1 -- 0x7f3e2005f5f0 con 0x7f3e20102580
2024-03-30T04:16:56.108 INFO:teuthology.orchestra.run.smithi123.stdout:/usr/bin/ceph: stderr
2024-03-30T04:16:55.228+0000 7f3e16a00700 1 --2- 172.21.15.123:0/466510472 >> [v2:172.21.15.123:6800/1291592055,v1:172.21.15.123:6801/1291592055] conn(0x7f3e04036740 0x7f3e04038bf0 unknown :-1 s=NONE pgs=0 cs=0 l=1 rev1=0 crypto rx=0 tx=0 comp rx=0 tx=0).connect
2024-03-30T04:16:56.108 INFO:teuthology.orchestra.run.smithi123.stdout:/usr/bin/ceph: stderr
2024-03-30T04:16:55.228+0000 7f3e16a00700 1 -- 172.21.15.123:0/466510472 <== mon.0 v2:172.21.15.123:3300/0 5 ==== osd_map(1..1 src has 1..1) v4 ==== 721+0+0 (secure 0 0 0) 0x7f3e1004ace0 con 0x7f3e20102580
2024-03-30T04:16:56.108 INFO:teuthology.orchestra.run.smithi123.stdout:/usr/bin/ceph: stderr
2024-03-30T04:16:55.228+0000 7f3e1e000700 1 --2- 172.21.15.123:0/466510472 >> [v2:172.21.15.123:6800/1291592055,v1:172.21.15.123:6801/1291592055] conn(0x7f3e04036740 0x7f3e04038bf0 unknown :-1 s=BANNER_CONNECTING pgs=0 cs=0 l=1 rev1=0 crypto rx=0 tx=0 comp rx=0 tx=0)._handle_peer_banner_payload supported=3 required=0
2024-03-30T04:16:56.109 INFO:teuthology.orchestra.run.smithi123.stdout:/usr/bin/ceph: stderr
2024-03-30T04:16:55.228+0000 7f3e1e000700 1 --2- 172.21.15.123:0/466510472 >> [v2:172.21.15.123:6800/1291592055,v1:172.21.15.123:6801/1291592055] conn(0x7f3e04036740 0x7f3e04038bf0 secure :-1 s=READY pgs=7 cs=0 l=1 rev1=1 crypto rx=0x7f3e0c009990 tx=0x7f3e0c006e40 comp rx=0 tx=0).ready entity=mgr.14100 client_cookie=0 server_cookie=0 in_seq=0 out_seq=0
2024-03-30T04:16:56.109 INFO:teuthology.orchestra.run.smithi123.stdout:/usr/bin/ceph: stderr
2024-03-30T04:16:55.232+0000 7f3e16a00700 1 -- 172.21.15.123:0/466510472 <== mon.0 v2:172.21.15.123:3300/0 6 ==== mon_command_ack([{"prefix": "get_command_descriptions"}]=0 v0) v1 ==== 72+0+176504 (secure 0 0 0) 0x7f3e10023dd0 con 0x7f3e20102580
2024-03-30T04:16:56.109 INFO:teuthology.orchestra.run.smithi123.stdout:/usr/bin/ceph: stderr
2024-03-30T04:16:55.425+0000 7f3e25c00700 1 -- 172.21.15.123:0/466510472 --> [v2:172.21.15.123:3300/0,v1:172.21.15.123:6789/0] -- mon_command({"prefix": "config assimilate-conf"} v 0) v1 -- 0x7f3e2004bed0 con 0x7f3e20102580
2024-03-30T04:16:56.109 INFO:teuthology.orchestra.run.smithi123.stdout:/usr/bin/ceph: stderr
2024-03-30T04:16:55.426+0000 7f3e16a00700 1 -- 172.21.15.123:0/466510472 <== mon.0 v2:172.21.15.123:3300/0 7 ==== mon_command_ack([{"prefix": "config assimilate-conf"}]=0 v3) v1 ==== 70+0+373 (secure 0 0 0) 0x7f3e10023390 con 0x7f3e20102580
2024-03-30T04:16:56.109 INFO:teuthology.orchestra.run.smithi123.stdout:/usr/bin/ceph: stderr
2024-03-30T04:16:55.428+0000 7f3e25c00700 1 -- 172.21.15.123:0/466510472 >> [v2:172.21.15.123:6800/1291592055,v1:172.21.15.123:6801/1291592055] conn(0x7f3e04036740 msgr2=0x7f3e04038bf0 secure :-1 s=STATE_CONNECTION_ESTABLISHED l=1).mark_down
2024-03-30T04:16:56.109 INFO:teuthology.orchestra.run.smithi123.stdout:/usr/bin/ceph: stderr
2024-03-30T04:16:55.428+0000 7f3e25c00700 1 --2- 172.21.15.123:0/466510472 >> [v2:172.21.15.123:6800/1291592055,v1:172.21.15.123:6801/1291592055] conn(0x7f3e04036740 0x7f3e04038bf0 secure :-1 s=READY pgs=7 cs=0 l=1 rev1=1 crypto rx=0x7f3e0c009990 tx=0x7f3e0c006e40 comp rx=0 tx=0).stop
2024-03-30T04:16:56.109 INFO:teuthology.orchestra.run.smithi123.stdout:/usr/bin/ceph: stderr
2024-03-30T04:16:55.428+0000 7f3e25c00700 1 -- 172.21.15.123:0/466510472 >> [v2:172.21.15.123:3300/0,v1:172.21.15.123:6789/0] conn(0x7f3e20102580 msgr2=0x7f3e20113540 secure :-1 s=STATE_CONNECTION_ESTABLISHED l=1).mark_down
2024-03-30T04:16:56.109 INFO:teuthology.orchestra.run.smithi123.stdout:/usr/bin/ceph: stderr
2024-03-30T04:16:55.428+0000 7f3e25c00700 1 --2- 172.21.15.123:0/466510472 >> [v2:172.21.15.123:3300/0,v1:172.21.15.123:6789/0] conn(0x7f3e20102580 0x7f3e20113540 secure :-1 s=READY pgs=19 cs=0 l=1 rev1=1 crypto rx=0x7f3e10000c00 tx=0x7f3e10009250 comp rx=0 tx=0).stop
2024-03-30T04:16:56.109 INFO:teuthology.orchestra.run.smithi123.stdout:/usr/bin/ceph: stderr
2024-03-30T04:16:55.428+0000 7f3e25c00700 1 -- 172.21.15.123:0/466510472 shutdown_connections
2024-03-30T04:16:56.109 INFO:teuthology.orchestra.run.smithi123.stdout:/usr/bin/ceph: stderr
2024-03-30T04:16:55.428+0000 7f3e25c00700 1 --2- 172.21.15.123:0/466510472 >> [v2:172.21.15.123:6800/1291592055,v1:172.21.15.123:6801/1291592055] conn(0x7f3e04036740 0x7f3e04038bf0 unknown :-1 s=CLOSED pgs=7 cs=0 l=1 rev1=1 crypto rx=0 tx=0 comp rx=0 tx=0).stop
2024-03-30T04:16:56.109 INFO:teuthology.orchestra.run.smithi123.stdout:/usr/bin/ceph: stderr
2024-03-30T04:16:55.428+0000 7f3e25c00700 1 --2- 172.21.15.123:0/466510472 >> [v2:172.21.15.123:3300/0,v1:172.21.15.123:6789/0] conn(0x7f3e20102580 0x7f3e20113540 unknown :-1 s=CLOSED pgs=19 cs=0 l=1 rev1=1 crypto rx=0 tx=0 comp rx=0 tx=0).stop
2024-03-30T04:16:56.109 INFO:teuthology.orchestra.run.smithi123.stdout:/usr/bin/ceph: stderr
2024-03-30T04:16:55.428+0000 7f3e25c00700 1 -- 172.21.15.123:0/466510472 >> 172.21.15.123:0/466510472 conn(0x7f3e200fdd00 msgr2=0x7f3e200fe830 unknown :-1 s=STATE_NONE l=0).mark_down
2024-03-30T04:16:56.109 INFO:teuthology.orchestra.run.smithi123.stdout:/usr/bin/ceph: stderr
2024-03-30T04:16:55.428+0000 7f3e25c00700 1 -- 172.21.15.123:0/466510472 shutdown_connections
2024-03-30T04:16:56.109 INFO:teuthology.orchestra.run.smithi123.stdout:/usr/bin/ceph: stderr
2024-03-30T04:16:55.428+0000 7f3e25c00700 1 -- 172.21.15.123:0/466510472 wait complete.
2024-03-30T04:16:56.110 INFO:teuthology.orchestra.run.smithi123.stdout:Enabling cephadm module...
2024-03-30T04:16:57.216 INFO:journalctl@ceph.mon.smithi123.smithi123.stdout:Mar 30 04:16:56 smithi123 ceph-mon[35245]: from='client.? 172.21.15.123:0/967674587' entity='client.admin' cmd=[{"prefix": "mgr module enable", "module": "cephadm"}]: dispatch
2024-03-30T04:16:57.643 INFO:teuthology.orchestra.run.smithi123.stdout:/usr/bin/ceph: stderr
2024-03-30T04:16:56.620+0000 7ff8bba00700 1 Processor -- start
2024-03-30T04:16:57.644 INFO:teuthology.orchestra.run.smithi123.stdout:/usr/bin/ceph: stderr
2024-03-30T04:16:56.620+0000 7ff8bba00700 1 -- start start
2024-03-30T04:16:57.644 INFO:teuthology.orchestra.run.smithi123.stdout:/usr/bin/ceph: stderr
2024-03-30T04:16:56.620+0000 7ff8bba00700 1 --2- >> [v2:172.21.15.123:3300/0,v1:172.21.15.123:6789/0] conn(0x7ff8b4078d60 0x7ff8b4077260 unknown :-1 s=NONE pgs=0 cs=0 l=0 rev1=0 crypto rx=0 tx=0 comp rx=0 tx=0).connect
2024-03-30T04:16:57.644 INFO:teuthology.orchestra.run.smithi123.stdout:/usr/bin/ceph: stderr
2024-03-30T04:16:56.620+0000 7ff8bba00700 1 -- --> [v2:172.21.15.123:3300/0,v1:172.21.15.123:6789/0] -- mon_getmap magic: 0 v1 -- 0x7ff8b4079170 con 0x7ff8b4078d60
2024-03-30T04:16:57.644 INFO:teuthology.orchestra.run.smithi123.stdout:/usr/bin/ceph: stderr
2024-03-30T04:16:56.621+0000 7ff8b9000700 1 --2- >> [v2:172.21.15.123:3300/0,v1:172.21.15.123:6789/0] conn(0x7ff8b4078d60 0x7ff8b4077260 unknown :-1 s=BANNER_CONNECTING pgs=0 cs=0 l=0 rev1=0 crypto rx=0 tx=0 comp rx=0 tx=0)._handle_peer_banner_payload supported=3 required=0
2024-03-30T04:16:57.644 INFO:teuthology.orchestra.run.smithi123.stdout:/usr/bin/ceph: stderr
2024-03-30T04:16:56.621+0000 7ff8b9000700 1 --2- >> [v2:172.21.15.123:3300/0,v1:172.21.15.123:6789/0] conn(0x7ff8b4078d60 0x7ff8b4077260 unknown :-1 s=HELLO_CONNECTING pgs=0 cs=0 l=0 rev1=1 crypto rx=0 tx=0 comp rx=0 tx=0).handle_hello peer v2:172.21.15.123:3300/0 says I am v2:172.21.15.123:42346/0 (socket says 172.21.15.123:42346)
2024-03-30T04:16:57.645 INFO:teuthology.orchestra.run.smithi123.stdout:/usr/bin/ceph: stderr
2024-03-30T04:16:56.621+0000 7ff8b9000700 1 -- 172.21.15.123:0/3970950859 learned_addr learned my addr 172.21.15.123:0/3970950859 (peer_addr_for_me v2:172.21.15.123:0/0)
2024-03-30T04:16:57.645 INFO:teuthology.orchestra.run.smithi123.stdout:/usr/bin/ceph: stderr
2024-03-30T04:16:56.621+0000 7ff8b9000700 1 -- 172.21.15.123:0/3970950859 --> [v2:172.21.15.123:3300/0,v1:172.21.15.123:6789/0] -- mon_subscribe({config=0+,monmap=0+}) v3 -- 0x7ff8b40777a0 con 0x7ff8b4078d60
2024-03-30T04:16:57.645 INFO:teuthology.orchestra.run.smithi123.stdout:/usr/bin/ceph: stderr
2024-03-30T04:16:56.621+0000 7ff8b9000700 1 --2- 172.21.15.123:0/3970950859 >> [v2:172.21.15.123:3300/0,v1:172.21.15.123:6789/0] conn(0x7ff8b4078d60 0x7ff8b4077260 secure :-1 s=READY pgs=20 cs=0 l=1 rev1=1 crypto rx=0x7ff8a80098e0 tx=0x7ff8a8009250 comp rx=0 tx=0).ready entity=mon.0 client_cookie=e66a64cc0c594574 server_cookie=0 in_seq=0 out_seq=0
2024-03-30T04:16:57.645 INFO:teuthology.orchestra.run.smithi123.stdout:/usr/bin/ceph: stderr
2024-03-30T04:16:56.622+0000 7ff8b3400700 1 -- 172.21.15.123:0/3970950859 <== mon.0 v2:172.21.15.123:3300/0 1 ==== mon_map magic: 0 v1 ==== 229+0+0 (secure 0 0 0) 0x7ff8a800b860 con 0x7ff8b4078d60
2024-03-30T04:16:57.645 INFO:teuthology.orchestra.run.smithi123.stdout:/usr/bin/ceph: stderr
2024-03-30T04:16:56.622+0000 7ff8b3400700 1 -- 172.21.15.123:0/3970950859 <== mon.0 v2:172.21.15.123:3300/0 2 ==== config(26 keys) v1 ==== 1009+0+0 (secure 0 0 0) 0x7ff8a800be30 con 0x7ff8b4078d60
2024-03-30T04:16:57.645 INFO:teuthology.orchestra.run.smithi123.stdout:/usr/bin/ceph: stderr
2024-03-30T04:16:56.622+0000 7ff8b3400700 1 -- 172.21.15.123:0/3970950859 <== mon.0 v2:172.21.15.123:3300/0 3 ==== mon_map magic: 0 v1 ==== 229+0+0 (secure 0 0 0) 0x7ff8a8010380 con 0x7ff8b4078d60
2024-03-30T04:16:57.645 INFO:teuthology.orchestra.run.smithi123.stdout:/usr/bin/ceph: stderr
2024-03-30T04:16:56.622+0000 7ff8bba00700 1 -- 172.21.15.123:0/3970950859 >> [v2:172.21.15.123:3300/0,v1:172.21.15.123:6789/0] conn(0x7ff8b4078d60 msgr2=0x7ff8b4077260 secure :-1 s=STATE_CONNECTION_ESTABLISHED l=1).mark_down
2024-03-30T04:16:57.646 INFO:teuthology.orchestra.run.smithi123.stdout:/usr/bin/ceph: stderr
2024-03-30T04:16:56.622+0000 7ff8bba00700 1 --2- 172.21.15.123:0/3970950859 >> [v2:172.21.15.123:3300/0,v1:172.21.15.123:6789/0] conn(0x7ff8b4078d60 0x7ff8b4077260 secure :-1 s=READY pgs=20 cs=0 l=1 rev1=1 crypto rx=0x7ff8a80098e0 tx=0x7ff8a8009250 comp rx=0 tx=0).stop
2024-03-30T04:16:57.646 INFO:teuthology.orchestra.run.smithi123.stdout:/usr/bin/ceph: stderr
2024-03-30T04:16:56.622+0000 7ff8bba00700 1 -- 172.21.15.123:0/3970950859 shutdown_connections
2024-03-30T04:16:57.646 INFO:teuthology.orchestra.run.smithi123.stdout:/usr/bin/ceph: stderr
2024-03-30T04:16:56.622+0000 7ff8bba00700 1 --2- 172.21.15.123:0/3970950859 >> [v2:172.21.15.123:3300/0,v1:172.21.15.123:6789/0] conn(0x7ff8b4078d60 0x7ff8b4077260 unknown :-1 s=CLOSED pgs=20 cs=0 l=1 rev1=1 crypto rx=0 tx=0 comp rx=0 tx=0).stop
2024-03-30T04:16:57.646 INFO:teuthology.orchestra.run.smithi123.stdout:/usr/bin/ceph: stderr
2024-03-30T04:16:56.622+0000 7ff8bba00700 1 -- 172.21.15.123:0/3970950859 >> 172.21.15.123:0/3970950859 conn(0x7ff8b40fdcd0 msgr2=0x7ff8b4100100 unknown :-1 s=STATE_NONE l=0).mark_down
2024-03-30T04:16:57.646 INFO:teuthology.orchestra.run.smithi123.stdout:/usr/bin/ceph: stderr
2024-03-30T04:16:56.622+0000 7ff8bba00700 1 -- 172.21.15.123:0/3970950859 shutdown_connections
2024-03-30T04:16:57.647 INFO:teuthology.orchestra.run.smithi123.stdout:/usr/bin/ceph: stderr
2024-03-30T04:16:56.622+0000 7ff8bba00700 1 -- 172.21.15.123:0/3970950859 wait complete.
2024-03-30T04:16:57.647 INFO:teuthology.orchestra.run.smithi123.stdout:/usr/bin/ceph: stderr
2024-03-30T04:16:56.623+0000 7ff8bba00700 1 Processor -- start
2024-03-30T04:16:57.647 INFO:teuthology.orchestra.run.smithi123.stdout:/usr/bin/ceph: stderr
2024-03-30T04:16:56.623+0000 7ff8bba00700 1 -- start start
2024-03-30T04:16:57.647 INFO:teuthology.orchestra.run.smithi123.stdout:/usr/bin/ceph: stderr
2024-03-30T04:16:56.623+0000 7ff8bba00700 1 --2- >> [v2:172.21.15.123:3300/0,v1:172.21.15.123:6789/0] conn(0x7ff8b4078d60 0x7ff8b4113630 unknown :-1 s=NONE pgs=0 cs=0 l=1 rev1=0 crypto rx=0 tx=0 comp rx=0 tx=0).connect
2024-03-30T04:16:57.648 INFO:teuthology.orchestra.run.smithi123.stdout:/usr/bin/ceph: stderr
2024-03-30T04:16:56.623+0000 7ff8bba00700 1 -- --> [v2:172.21.15.123:3300/0,v1:172.21.15.123:6789/0] -- mon_getmap magic: 0 v1 -- 0x7ff8b4113b70 con 0x7ff8b4078d60
2024-03-30T04:16:57.648 INFO:teuthology.orchestra.run.smithi123.stdout:/usr/bin/ceph: stderr
2024-03-30T04:16:56.624+0000 7ff8b9000700 1 --2- >> [v2:172.21.15.123:3300/0,v1:172.21.15.123:6789/0] conn(0x7ff8b4078d60 0x7ff8b4113630 unknown :-1 s=BANNER_CONNECTING pgs=0 cs=0 l=1 rev1=0 crypto rx=0 tx=0 comp rx=0 tx=0)._handle_peer_banner_payload supported=3 required=0
2024-03-30T04:16:57.648 INFO:teuthology.orchestra.run.smithi123.stdout:/usr/bin/ceph: stderr
2024-03-30T04:16:56.624+0000 7ff8b9000700 1 --2- >> [v2:172.21.15.123:3300/0,v1:172.21.15.123:6789/0] conn(0x7ff8b4078d60 0x7ff8b4113630 unknown :-1 s=HELLO_CONNECTING pgs=0 cs=0 l=1 rev1=1 crypto rx=0 tx=0 comp rx=0 tx=0).handle_hello peer v2:172.21.15.123:3300/0 says I am v2:172.21.15.123:42360/0 (socket says 172.21.15.123:42360)
2024-03-30T04:16:57.648 INFO:teuthology.orchestra.run.smithi123.stdout:/usr/bin/ceph: stderr
2024-03-30T04:16:56.624+0000 7ff8b9000700 1 -- 172.21.15.123:0/967674587 learned_addr learned my addr 172.21.15.123:0/967674587 (peer_addr_for_me v2:172.21.15.123:0/0)
2024-03-30T04:16:57.648 INFO:teuthology.orchestra.run.smithi123.stdout:/usr/bin/ceph: stderr
2024-03-30T04:16:56.624+0000 7ff8b9000700 1 -- 172.21.15.123:0/967674587 --> [v2:172.21.15.123:3300/0,v1:172.21.15.123:6789/0] -- mon_subscribe({config=0+,monmap=0+}) v3 -- 0x7ff8a80094f0 con 0x7ff8b4078d60
2024-03-30T04:16:57.649 INFO:teuthology.orchestra.run.smithi123.stdout:/usr/bin/ceph: stderr
2024-03-30T04:16:56.624+0000 7ff8b9000700 1 --2- 172.21.15.123:0/967674587 >> [v2:172.21.15.123:3300/0,v1:172.21.15.123:6789/0] conn(0x7ff8b4078d60 0x7ff8b4113630 secure :-1 s=READY pgs=21 cs=0 l=1 rev1=1 crypto rx=0x7ff8a8006b00 tx=0x7ff8a8009250 comp rx=0 tx=0).ready entity=mon.0 client_cookie=0 server_cookie=0 in_seq=0 out_seq=0
2024-03-30T04:16:57.649 INFO:teuthology.orchestra.run.smithi123.stdout:/usr/bin/ceph: stderr
2024-03-30T04:16:56.624+0000 7ff8b0c00700 1 -- 172.21.15.123:0/967674587 <== mon.0 v2:172.21.15.123:3300/0 1 ==== mon_map magic: 0 v1 ==== 229+0+0 (secure 0 0 0) 0x7ff8a8010750 con 0x7ff8b4078d60
2024-03-30T04:16:57.649 INFO:teuthology.orchestra.run.smithi123.stdout:/usr/bin/ceph: stderr
2024-03-30T04:16:56.625+0000 7ff8b0c00700 1 -- 172.21.15.123:0/967674587 <== mon.0 v2:172.21.15.123:3300/0 2 ==== config(26 keys) v1 ==== 1009+0+0 (secure 0 0 0) 0x7ff8a8010d20 con 0x7ff8b4078d60
2024-03-30T04:16:57.649 INFO:teuthology.orchestra.run.smithi123.stdout:/usr/bin/ceph: stderr
2024-03-30T04:16:56.625+0000 7ff8bba00700 1 -- 172.21.15.123:0/967674587 --> [v2:172.21.15.123:3300/0,v1:172.21.15.123:6789/0] -- mon_subscribe({mgrmap=0+}) v3 -- 0x7ff8b4113d70 con 0x7ff8b4078d60
2024-03-30T04:16:57.649 INFO:teuthology.orchestra.run.smithi123.stdout:/usr/bin/ceph: stderr
2024-03-30T04:16:56.625+0000 7ff8b0c00700 1 -- 172.21.15.123:0/967674587 <== mon.0 v2:172.21.15.123:3300/0 3 ==== mon_map magic: 0 v1 ==== 229+0+0 (secure 0 0 0) 0x7ff8a801acf0 con 0x7ff8b4078d60
2024-03-30T04:16:57.649 INFO:teuthology.orchestra.run.smithi123.stdout:/usr/bin/ceph: stderr
2024-03-30T04:16:56.625+0000 7ff8bba00700 1 -- 172.21.15.123:0/967674587 --> [v2:172.21.15.123:3300/0,v1:172.21.15.123:6789/0] -- mon_subscribe({osdmap=0}) v3 -- 0x7ff8b41148e0 con 0x7ff8b4078d60
2024-03-30T04:16:57.649 INFO:teuthology.orchestra.run.smithi123.stdout:/usr/bin/ceph: stderr
2024-03-30T04:16:56.626+0000 7ff8b0c00700 1 -- 172.21.15.123:0/967674587 <== mon.0 v2:172.21.15.123:3300/0 4 ==== mgrmap(e 4) v1 ==== 43357+0+0 (secure 0 0 0) 0x7ff8a802b440 con 0x7ff8b4078d60
2024-03-30T04:16:57.649 INFO:teuthology.orchestra.run.smithi123.stdout:/usr/bin/ceph: stderr
2024-03-30T04:16:56.626+0000 7ff8bba00700 1 -- 172.21.15.123:0/967674587 --> [v2:172.21.15.123:3300/0,v1:172.21.15.123:6789/0] -- mon_command({"prefix": "get_command_descriptions"} v 0) v1 -- 0x7ff8b405f5f0 con 0x7ff8b4078d60
2024-03-30T04:16:57.649 INFO:teuthology.orchestra.run.smithi123.stdout:/usr/bin/ceph: stderr
2024-03-30T04:16:56.626+0000 7ff8b0c00700 1 --2- 172.21.15.123:0/967674587 >> [v2:172.21.15.123:6800/1291592055,v1:172.21.15.123:6801/1291592055] conn(0x7ff89c036790 0x7ff89c038c40 unknown :-1 s=NONE pgs=0 cs=0 l=1 rev1=0 crypto rx=0 tx=0 comp rx=0 tx=0).connect
2024-03-30T04:16:57.650 INFO:teuthology.orchestra.run.smithi123.stdout:/usr/bin/ceph: stderr
2024-03-30T04:16:56.626+0000 7ff8b0c00700 1 -- 172.21.15.123:0/967674587 <== mon.0 v2:172.21.15.123:3300/0 5 ==== osd_map(1..1 src has 1..1) v4 ==== 721+0+0 (secure 0 0 0) 0x7ff8a801e070 con 0x7ff8b4078d60
2024-03-30T04:16:57.650 INFO:teuthology.orchestra.run.smithi123.stdout:/usr/bin/ceph: stderr
2024-03-30T04:16:56.626+0000 7ff8b3e00700 1 --2- 172.21.15.123:0/967674587 >> [v2:172.21.15.123:6800/1291592055,v1:172.21.15.123:6801/1291592055] conn(0x7ff89c036790 0x7ff89c038c40 unknown :-1 s=BANNER_CONNECTING pgs=0 cs=0 l=1 rev1=0 crypto rx=0 tx=0 comp rx=0 tx=0)._handle_peer_banner_payload supported=3 required=0
2024-03-30T04:16:57.650 INFO:teuthology.orchestra.run.smithi123.stdout:/usr/bin/ceph: stderr
2024-03-30T04:16:56.627+0000 7ff8b3e00700 1 --2- 172.21.15.123:0/967674587 >> [v2:172.21.15.123:6800/1291592055,v1:172.21.15.123:6801/1291592055] conn(0x7ff89c036790 0x7ff89c038c40 secure :-1 s=READY pgs=8 cs=0 l=1 rev1=1 crypto rx=0x7ff8a0009990 tx=0x7ff8a0006e40 comp rx=0 tx=0).ready entity=mgr.14100 client_cookie=0 server_cookie=0 in_seq=0 out_seq=0
2024-03-30T04:16:57.650 INFO:teuthology.orchestra.run.smithi123.stdout:/usr/bin/ceph: stderr
2024-03-30T04:16:56.631+0000 7ff8b0c00700 1 -- 172.21.15.123:0/967674587 <== mon.0 v2:172.21.15.123:3300/0 6 ==== mon_command_ack([{"prefix": "get_command_descriptions"}]=0 v0) v1 ==== 72+0+176504 (secure 0 0 0) 0x7ff8a802b6f0 con 0x7ff8b4078d60
2024-03-30T04:16:57.650 INFO:teuthology.orchestra.run.smithi123.stdout:/usr/bin/ceph: stderr
2024-03-30T04:16:56.874+0000 7ff8bba00700 1 -- 172.21.15.123:0/967674587 --> [v2:172.21.15.123:3300/0,v1:172.21.15.123:6789/0] -- mon_command({"prefix": "mgr module enable", "module": "cephadm"} v 0) v1 -- 0x7ff8b404bed0 con 0x7ff8b4078d60
2024-03-30T04:16:57.650 INFO:teuthology.orchestra.run.smithi123.stdout:/usr/bin/ceph: stderr
2024-03-30T04:16:56.927+0000 7ff8b0c00700 1 -- 172.21.15.123:0/967674587 <== mon.0 v2:172.21.15.123:3300/0 7 ==== mgrmap(e 5) v1 ==== 43368+0+0 (secure 0 0 0) 0x7ff8a801a5a0 con 0x7ff8b4078d60
2024-03-30T04:16:57.650 INFO:teuthology.orchestra.run.smithi123.stdout:/usr/bin/ceph: stderr
2024-03-30T04:16:56.929+0000 7ff8b0c00700 1 -- 172.21.15.123:0/967674587 <== mon.0 v2:172.21.15.123:3300/0 8 ==== mon_command_ack([{"prefix": "mgr module enable", "module": "cephadm"}]=0 v5) v1 ==== 86+0+0 (secure 0 0 0) 0x7ff8a80298e0 con 0x7ff8b4078d60
2024-03-30T04:16:57.651 INFO:teuthology.orchestra.run.smithi123.stdout:/usr/bin/ceph: stderr
2024-03-30T04:16:56.932+0000 7ff8bba00700 1 -- 172.21.15.123:0/967674587 >> [v2:172.21.15.123:6800/1291592055,v1:172.21.15.123:6801/1291592055] conn(0x7ff89c036790 msgr2=0x7ff89c038c40 secure :-1 s=STATE_CONNECTION_ESTABLISHED l=1).mark_down
2024-03-30T04:16:57.651 INFO:teuthology.orchestra.run.smithi123.stdout:/usr/bin/ceph: stderr
2024-03-30T04:16:56.932+0000 7ff8bba00700 1 --2- 172.21.15.123:0/967674587 >> [v2:172.21.15.123:6800/1291592055,v1:172.21.15.123:6801/1291592055] conn(0x7ff89c036790 0x7ff89c038c40 secure :-1 s=READY pgs=8 cs=0 l=1 rev1=1 crypto rx=0x7ff8a0009990 tx=0x7ff8a0006e40 comp rx=0 tx=0).stop
2024-03-30T04:16:57.651 INFO:teuthology.orchestra.run.smithi123.stdout:/usr/bin/ceph: stderr
2024-03-30T04:16:56.932+0000 7ff8bba00700 1 -- 172.21.15.123:0/967674587 >> [v2:172.21.15.123:3300/0,v1:172.21.15.123:6789/0] conn(0x7ff8b4078d60 msgr2=0x7ff8b4113630 secure :-1 s=STATE_CONNECTION_ESTABLISHED l=1).mark_down
2024-03-30T04:16:57.651 INFO:teuthology.orchestra.run.smithi123.stdout:/usr/bin/ceph: stderr
2024-03-30T04:16:56.932+0000 7ff8bba00700 1 --2- 172.21.15.123:0/967674587 >> [v2:172.21.15.123:3300/0,v1:172.21.15.123:6789/0] conn(0x7ff8b4078d60 0x7ff8b4113630 secure :-1 s=READY pgs=21 cs=0 l=1 rev1=1 crypto rx=0x7ff8a8006b00 tx=0x7ff8a8009250 comp rx=0 tx=0).stop
2024-03-30T04:16:57.651 INFO:teuthology.orchestra.run.smithi123.stdout:/usr/bin/ceph: stderr
2024-03-30T04:16:56.932+0000 7ff8bba00700 1 -- 172.21.15.123:0/967674587 shutdown_connections
2024-03-30T04:16:57.651 INFO:teuthology.orchestra.run.smithi123.stdout:/usr/bin/ceph: stderr
2024-03-30T04:16:56.932+0000 7ff8bba00700 1 --2- 172.21.15.123:0/967674587 >> [v2:172.21.15.123:6800/1291592055,v1:172.21.15.123:6801/1291592055] conn(0x7ff89c036790 0x7ff89c038c40 unknown :-1 s=CLOSED pgs=8 cs=0 l=1 rev1=1 crypto rx=0 tx=0 comp rx=0 tx=0).stop
2024-03-30T04:16:57.651 INFO:teuthology.orchestra.run.smithi123.stdout:/usr/bin/ceph: stderr
2024-03-30T04:16:56.932+0000 7ff8bba00700 1 --2- 172.21.15.123:0/967674587 >> [v2:172.21.15.123:3300/0,v1:172.21.15.123:6789/0] conn(0x7ff8b4078d60 0x7ff8b4113630 unknown :-1 s=CLOSED pgs=21 cs=0 l=1 rev1=1 crypto rx=0 tx=0 comp rx=0 tx=0).stop
2024-03-30T04:16:57.651 INFO:teuthology.orchestra.run.smithi123.stdout:/usr/bin/ceph: stderr
2024-03-30T04:16:56.932+0000 7ff8bba00700 1 -- 172.21.15.123:0/967674587 >> 172.21.15.123:0/967674587 conn(0x7ff8b40fdcd0 msgr2=0x7ff8b40fe8c0 unknown :-1 s=STATE_NONE l=0).mark_down
2024-03-30T04:16:57.652 INFO:teuthology.orchestra.run.smithi123.stdout:/usr/bin/ceph: stderr
2024-03-30T04:16:56.932+0000 7ff8bba00700 1 -- 172.21.15.123:0/967674587 shutdown_connections
2024-03-30T04:16:57.652 INFO:teuthology.orchestra.run.smithi123.stdout:/usr/bin/ceph: stderr
2024-03-30T04:16:56.932+0000 7ff8bba00700 1 -- 172.21.15.123:0/967674587 wait complete.
2024-03-30T04:16:58.216 INFO:journalctl@ceph.mon.smithi123.smithi123.stdout:Mar 30 04:16:57 smithi123 ceph-mon[35245]: from='client.? 172.21.15.123:0/967674587' entity='client.admin' cmd='[{"prefix": "mgr module enable", "module": "cephadm"}]': finished
2024-03-30T04:16:58.217 INFO:journalctl@ceph.mon.smithi123.smithi123.stdout:Mar 30 04:16:57 smithi123 ceph-mon[35245]: mgrmap e5: smithi123.xgksqq(active, since 9s)
2024-03-30T04:16:59.047 INFO:teuthology.orchestra.run.smithi123.stdout:/usr/bin/ceph: stdout {
2024-03-30T04:16:59.047 INFO:teuthology.orchestra.run.smithi123.stdout:/usr/bin/ceph: stdout "epoch": 5,
2024-03-30T04:16:59.047 INFO:teuthology.orchestra.run.smithi123.stdout:/usr/bin/ceph: stdout "available": true,
2024-03-30T04:16:59.047 INFO:teuthology.orchestra.run.smithi123.stdout:/usr/bin/ceph: stdout "active_name": "smithi123.xgksqq",
2024-03-30T04:16:59.047 INFO:teuthology.orchestra.run.smithi123.stdout:/usr/bin/ceph: stdout "num_standby": 0
2024-03-30T04:16:59.047 INFO:teuthology.orchestra.run.smithi123.stdout:/usr/bin/ceph: stdout }
2024-03-30T04:16:59.047 INFO:teuthology.orchestra.run.smithi123.stdout:/usr/bin/ceph: stderr
2024-03-30T04:16:58.180+0000 7fe445600700 1 Processor -- start
2024-03-30T04:16:59.048 INFO:teuthology.orchestra.run.smithi123.stdout:/usr/bin/ceph: stderr
2024-03-30T04:16:58.180+0000 7fe445600700 1 -- start start
2024-03-30T04:16:59.048 INFO:teuthology.orchestra.run.smithi123.stdout:/usr/bin/ceph: stderr
2024-03-30T04:16:58.180+0000 7fe445600700 1 --2- >> [v2:172.21.15.123:3300/0,v1:172.21.15.123:6789/0] conn(0x7fe440076c00 0x7fe440107630 unknown :-1 s=NONE pgs=0 cs=0 l=0 rev1=0 crypto rx=0 tx=0 comp rx=0 tx=0).connect
2024-03-30T04:16:59.048 INFO:teuthology.orchestra.run.smithi123.stdout:/usr/bin/ceph: stderr
2024-03-30T04:16:58.180+0000 7fe445600700 1 -- --> [v2:172.21.15.123:3300/0,v1:172.21.15.123:6789/0] -- mon_getmap magic: 0 v1 -- 0x7fe440103020 con 0x7fe440076c00
2024-03-30T04:16:59.048 INFO:teuthology.orchestra.run.smithi123.stdout:/usr/bin/ceph: stderr
2024-03-30T04:16:58.181+0000 7fe43ea00700 1 --2- >> [v2:172.21.15.123:3300/0,v1:172.21.15.123:6789/0] conn(0x7fe440076c00 0x7fe440107630 unknown :-1 s=BANNER_CONNECTING pgs=0 cs=0 l=0 rev1=0 crypto rx=0 tx=0 comp rx=0 tx=0)._handle_peer_banner_payload supported=3 required=0
2024-03-30T04:16:59.048 INFO:teuthology.orchestra.run.smithi123.stdout:/usr/bin/ceph: stderr
2024-03-30T04:16:58.181+0000 7fe43ea00700 1 --2- >> [v2:172.21.15.123:3300/0,v1:172.21.15.123:6789/0] conn(0x7fe440076c00 0x7fe440107630 unknown :-1 s=HELLO_CONNECTING pgs=0 cs=0 l=0 rev1=1 crypto rx=0 tx=0 comp rx=0 tx=0).handle_hello peer v2:172.21.15.123:3300/0 says I am v2:172.21.15.123:42380/0 (socket says 172.21.15.123:42380)
2024-03-30T04:16:59.048 INFO:teuthology.orchestra.run.smithi123.stdout:/usr/bin/ceph: stderr
2024-03-30T04:16:58.181+0000 7fe43ea00700 1 -- 172.21.15.123:0/1784511263 learned_addr learned my addr 172.21.15.123:0/1784511263 (peer_addr_for_me v2:172.21.15.123:0/0)
2024-03-30T04:16:59.048 INFO:teuthology.orchestra.run.smithi123.stdout:/usr/bin/ceph: stderr
2024-03-30T04:16:58.181+0000 7fe43ea00700 1 -- 172.21.15.123:0/1784511263 --> [v2:172.21.15.123:3300/0,v1:172.21.15.123:6789/0] -- mon_subscribe({config=0+,monmap=0+}) v3 -- 0x7fe440107b70 con 0x7fe440076c00
2024-03-30T04:16:59.048 INFO:teuthology.orchestra.run.smithi123.stdout:/usr/bin/ceph: stderr
2024-03-30T04:16:58.181+0000 7fe43ea00700 1 --2- 172.21.15.123:0/1784511263 >> [v2:172.21.15.123:3300/0,v1:172.21.15.123:6789/0] conn(0x7fe440076c00 0x7fe440107630 secure :-1 s=READY pgs=24 cs=0 l=1 rev1=1 crypto rx=0x7fe4300098e0 tx=0x7fe430009250 comp rx=0 tx=0).ready entity=mon.0 client_cookie=a7e11852b685f8bd server_cookie=0 in_seq=0 out_seq=0
2024-03-30T04:16:59.048 INFO:teuthology.orchestra.run.smithi123.stdout:/usr/bin/ceph: stderr
2024-03-30T04:16:58.182+0000 7fe43d600700 1 -- 172.21.15.123:0/1784511263 <== mon.0 v2:172.21.15.123:3300/0 1 ==== mon_map magic: 0 v1 ==== 229+0+0 (secure 0 0 0) 0x7fe43000b860 con 0x7fe440076c00
2024-03-30T04:16:59.048 INFO:teuthology.orchestra.run.smithi123.stdout:/usr/bin/ceph: stderr
2024-03-30T04:16:58.182+0000 7fe43d600700 1 -- 172.21.15.123:0/1784511263 <== mon.0 v2:172.21.15.123:3300/0 2 ==== config(26 keys) v1 ==== 1009+0+0 (secure 0 0 0) 0x7fe43000be30 con 0x7fe440076c00
2024-03-30T04:16:59.048 INFO:teuthology.orchestra.run.smithi123.stdout:/usr/bin/ceph: stderr
2024-03-30T04:16:58.182+0000 7fe43d600700 1 -- 172.21.15.123:0/1784511263 <== mon.0 v2:172.21.15.123:3300/0 3 ==== mon_map magic: 0 v1 ==== 229+0+0 (secure 0 0 0) 0x7fe430010380 con 0x7fe440076c00
2024-03-30T04:16:59.048 INFO:teuthology.orchestra.run.smithi123.stdout:/usr/bin/ceph: stderr
2024-03-30T04:16:58.182+0000 7fe445600700 1 -- 172.21.15.123:0/1784511263 >> [v2:172.21.15.123:3300/0,v1:172.21.15.123:6789/0] conn(0x7fe440076c00 msgr2=0x7fe440107630 secure :-1 s=STATE_CONNECTION_ESTABLISHED l=1).mark_down
2024-03-30T04:16:59.048 INFO:teuthology.orchestra.run.smithi123.stdout:/usr/bin/ceph: stderr
2024-03-30T04:16:58.182+0000 7fe445600700 1 --2- 172.21.15.123:0/1784511263 >> [v2:172.21.15.123:3300/0,v1:172.21.15.123:6789/0] conn(0x7fe440076c00 0x7fe440107630 secure :-1 s=READY pgs=24 cs=0 l=1 rev1=1 crypto rx=0x7fe4300098e0 tx=0x7fe430009250 comp rx=0 tx=0).stop
2024-03-30T04:16:59.048 INFO:teuthology.orchestra.run.smithi123.stdout:/usr/bin/ceph: stderr
2024-03-30T04:16:58.182+0000 7fe445600700 1 -- 172.21.15.123:0/1784511263 shutdown_connections
2024-03-30T04:16:59.049 INFO:teuthology.orchestra.run.smithi123.stdout:/usr/bin/ceph: stderr
2024-03-30T04:16:58.182+0000 7fe445600700 1 --2- 172.21.15.123:0/1784511263 >> [v2:172.21.15.123:3300/0,v1:172.21.15.123:6789/0] conn(0x7fe440076c00 0x7fe440107630 unknown :-1 s=CLOSED pgs=24 cs=0 l=1 rev1=1 crypto rx=0 tx=0 comp rx=0 tx=0).stop
2024-03-30T04:16:59.049 INFO:teuthology.orchestra.run.smithi123.stdout:/usr/bin/ceph: stderr
2024-03-30T04:16:58.182+0000 7fe445600700 1 -- 172.21.15.123:0/1784511263 >> 172.21.15.123:0/1784511263 conn(0x7fe4400fcc60 msgr2=0x7fe4400ff070 unknown :-1 s=STATE_NONE l=0).mark_down
2024-03-30T04:16:59.049 INFO:teuthology.orchestra.run.smithi123.stdout:/usr/bin/ceph: stderr
2024-03-30T04:16:58.183+0000 7fe445600700 1 -- 172.21.15.123:0/1784511263 shutdown_connections
2024-03-30T04:16:59.049 INFO:teuthology.orchestra.run.smithi123.stdout:/usr/bin/ceph: stderr
2024-03-30T04:16:58.183+0000 7fe445600700 1 -- 172.21.15.123:0/1784511263 wait complete.
2024-03-30T04:16:59.049 INFO:teuthology.orchestra.run.smithi123.stdout:/usr/bin/ceph: stderr
2024-03-30T04:16:58.183+0000 7fe445600700 1 Processor -- start
2024-03-30T04:16:59.049 INFO:teuthology.orchestra.run.smithi123.stdout:/usr/bin/ceph: stderr
2024-03-30T04:16:58.184+0000 7fe445600700 1 -- start start
2024-03-30T04:16:59.049 INFO:teuthology.orchestra.run.smithi123.stdout:/usr/bin/ceph: stderr
2024-03-30T04:16:58.184+0000 7fe445600700 1 --2- >> [v2:172.21.15.123:3300/0,v1:172.21.15.123:6789/0] conn(0x7fe440076c00 0x7fe440113570 unknown :-1 s=NONE pgs=0 cs=0 l=1 rev1=0 crypto rx=0 tx=0 comp rx=0 tx=0).connect
2024-03-30T04:16:59.049 INFO:teuthology.orchestra.run.smithi123.stdout:/usr/bin/ceph: stderr
2024-03-30T04:16:58.184+0000 7fe445600700 1 -- --> [v2:172.21.15.123:3300/0,v1:172.21.15.123:6789/0] -- mon_getmap magic: 0 v1 -- 0x7fe440113ab0 con 0x7fe440076c00
2024-03-30T04:16:59.049 INFO:teuthology.orchestra.run.smithi123.stdout:/usr/bin/ceph: stderr
2024-03-30T04:16:58.184+0000 7fe43ea00700 1 --2- >> [v2:172.21.15.123:3300/0,v1:172.21.15.123:6789/0] conn(0x7fe440076c00 0x7fe440113570 unknown :-1 s=BANNER_CONNECTING pgs=0 cs=0 l=1 rev1=0 crypto rx=0 tx=0 comp rx=0 tx=0)._handle_peer_banner_payload supported=3 required=0
2024-03-30T04:16:59.049 INFO:teuthology.orchestra.run.smithi123.stdout:/usr/bin/ceph: stderr
2024-03-30T04:16:58.184+0000 7fe43ea00700 1 --2- >> [v2:172.21.15.123:3300/0,v1:172.21.15.123:6789/0] conn(0x7fe440076c00 0x7fe440113570 unknown :-1 s=HELLO_CONNECTING pgs=0 cs=0 l=1 rev1=1 crypto rx=0 tx=0 comp rx=0 tx=0).handle_hello peer v2:172.21.15.123:3300/0 says I am v2:172.21.15.123:42396/0 (socket says 172.21.15.123:42396)
2024-03-30T04:16:59.049 INFO:teuthology.orchestra.run.smithi123.stdout:/usr/bin/ceph: stderr
2024-03-30T04:16:58.184+0000 7fe43ea00700 1 -- 172.21.15.123:0/561150728 learned_addr learned my addr 172.21.15.123:0/561150728 (peer_addr_for_me v2:172.21.15.123:0/0)
2024-03-30T04:16:59.049 INFO:teuthology.orchestra.run.smithi123.stdout:/usr/bin/ceph: stderr
2024-03-30T04:16:58.185+0000 7fe43ea00700 1 -- 172.21.15.123:0/561150728 --> [v2:172.21.15.123:3300/0,v1:172.21.15.123:6789/0] -- mon_subscribe({config=0+,monmap=0+}) v3 -- 0x7fe4300094f0 con 0x7fe440076c00
2024-03-30T04:16:59.049 INFO:teuthology.orchestra.run.smithi123.stdout:/usr/bin/ceph: stderr
2024-03-30T04:16:58.185+0000 7fe43ea00700 1 --2- 172.21.15.123:0/561150728 >> [v2:172.21.15.123:3300/0,v1:172.21.15.123:6789/0] conn(0x7fe440076c00 0x7fe440113570 secure :-1 s=READY pgs=25 cs=0 l=1 rev1=1 crypto rx=0x7fe430006b00 tx=0x7fe430009250 comp rx=0 tx=0).ready entity=mon.0 client_cookie=0 server_cookie=0 in_seq=0 out_seq=0
2024-03-30T04:16:59.050 INFO:teuthology.orchestra.run.smithi123.stdout:/usr/bin/ceph: stderr
2024-03-30T04:16:58.185+0000 7fe436a00700 1 -- 172.21.15.123:0/561150728 <== mon.0 v2:172.21.15.123:3300/0 1 ==== mon_map magic: 0 v1 ==== 229+0+0 (secure 0 0 0) 0x7fe430010a80 con 0x7fe440076c00
2024-03-30T04:16:59.050 INFO:teuthology.orchestra.run.smithi123.stdout:/usr/bin/ceph: stderr
2024-03-30T04:16:58.185+0000 7fe436a00700 1 -- 172.21.15.123:0/561150728 <== mon.0 v2:172.21.15.123:3300/0 2 ==== config(26 keys) v1 ==== 1009+0+0 (secure 0 0 0) 0x7fe43001a430 con 0x7fe440076c00
2024-03-30T04:16:59.050 INFO:teuthology.orchestra.run.smithi123.stdout:/usr/bin/ceph: stderr
2024-03-30T04:16:58.185+0000 7fe436a00700 1 -- 172.21.15.123:0/561150728 <== mon.0 v2:172.21.15.123:3300/0 3 ==== mon_map magic: 0 v1 ==== 229+0+0 (secure 0 0 0) 0x7fe4300245b0 con 0x7fe440076c00
2024-03-30T04:16:59.050 INFO:teuthology.orchestra.run.smithi123.stdout:/usr/bin/ceph: stderr
2024-03-30T04:16:58.185+0000 7fe445600700 1 -- 172.21.15.123:0/561150728 --> [v2:172.21.15.123:3300/0,v1:172.21.15.123:6789/0] -- mon_subscribe({mgrmap=0+}) v3 -- 0x7fe440113cb0 con 0x7fe440076c00
2024-03-30T04:16:59.050 INFO:teuthology.orchestra.run.smithi123.stdout:/usr/bin/ceph: stderr
2024-03-30T04:16:58.185+0000 7fe445600700 1 -- 172.21.15.123:0/561150728 --> [v2:172.21.15.123:3300/0,v1:172.21.15.123:6789/0] -- mon_subscribe({osdmap=0}) v3 -- 0x7fe440114820 con 0x7fe440076c00
2024-03-30T04:16:59.050 INFO:teuthology.orchestra.run.smithi123.stdout:/usr/bin/ceph: stderr
2024-03-30T04:16:58.186+0000 7fe436a00700 1 -- 172.21.15.123:0/561150728 <== mon.0 v2:172.21.15.123:3300/0 4 ==== mgrmap(e 5) v1 ==== 43368+0+0 (secure 0 0 0) 0x7fe430024830 con 0x7fe440076c00
2024-03-30T04:16:59.050 INFO:teuthology.orchestra.run.smithi123.stdout:/usr/bin/ceph: stderr
2024-03-30T04:16:58.186+0000 7fe445600700 1 -- 172.21.15.123:0/561150728 --> [v2:172.21.15.123:3300/0,v1:172.21.15.123:6789/0] -- mon_command({"prefix": "get_command_descriptions"} v 0) v1 -- 0x7fe44005f5f0 con 0x7fe440076c00
2024-03-30T04:16:59.050 INFO:teuthology.orchestra.run.smithi123.stdout:/usr/bin/ceph: stderr
2024-03-30T04:16:58.187+0000 7fe436a00700 1 --2- 172.21.15.123:0/561150728 >> [v2:172.21.15.123:6800/1291592055,v1:172.21.15.123:6801/1291592055] conn(0x7fe424036790 0x7fe424038c40 unknown :-1 s=NONE pgs=0 cs=0 l=1 rev1=0 crypto rx=0 tx=0 comp rx=0 tx=0).connect
2024-03-30T04:16:59.050 INFO:teuthology.orchestra.run.smithi123.stdout:/usr/bin/ceph: stderr
2024-03-30T04:16:58.187+0000 7fe436a00700 1 -- 172.21.15.123:0/561150728 <== mon.0 v2:172.21.15.123:3300/0 5 ==== osd_map(1..1 src has 1..1) v4 ==== 721+0+0 (secure 0 0 0) 0x7fe43004ad00 con 0x7fe440076c00
2024-03-30T04:16:59.050 INFO:teuthology.orchestra.run.smithi123.stdout:/usr/bin/ceph: stderr
2024-03-30T04:16:58.187+0000 7fe43e000700 1 -- 172.21.15.123:0/561150728 >> [v2:172.21.15.123:6800/1291592055,v1:172.21.15.123:6801/1291592055] conn(0x7fe424036790 msgr2=0x7fe424038c40 unknown :-1 s=STATE_CONNECTING_RE l=1).process reconnect failed to v2:172.21.15.123:6800/1291592055
2024-03-30T04:16:59.050 INFO:teuthology.orchestra.run.smithi123.stdout:/usr/bin/ceph: stderr
2024-03-30T04:16:58.187+0000 7fe43e000700 1 --2- 172.21.15.123:0/561150728 >> [v2:172.21.15.123:6800/1291592055,v1:172.21.15.123:6801/1291592055] conn(0x7fe424036790 0x7fe424038c40 unknown :-1 s=START_CONNECT pgs=0 cs=0 l=1 rev1=0 crypto rx=0 tx=0 comp rx=0 tx=0)._fault waiting 0.200000
2024-03-30T04:16:59.050 INFO:teuthology.orchestra.run.smithi123.stdout:/usr/bin/ceph: stderr
2024-03-30T04:16:58.192+0000 7fe436a00700 1 -- 172.21.15.123:0/561150728 <== mon.0 v2:172.21.15.123:3300/0 6 ==== mon_command_ack([{"prefix": "get_command_descriptions"}]=0 v0) v1 ==== 72+0+176504 (secure 0 0 0) 0x7fe43002cd60 con 0x7fe440076c00
2024-03-30T04:16:59.050 INFO:teuthology.orchestra.run.smithi123.stdout:/usr/bin/ceph: stderr
2024-03-30T04:16:58.388+0000 7fe43e000700 1 -- 172.21.15.123:0/561150728 >> [v2:172.21.15.123:6800/1291592055,v1:172.21.15.123:6801/1291592055] conn(0x7fe424036790 msgr2=0x7fe424038c40 unknown :-1 s=STATE_CONNECTING_RE l=1).process reconnect failed to v2:172.21.15.123:6800/1291592055
2024-03-30T04:16:59.051 INFO:teuthology.orchestra.run.smithi123.stdout:/usr/bin/ceph: stderr
2024-03-30T04:16:58.388+0000 7fe43e000700 1 --2- 172.21.15.123:0/561150728 >> [v2:172.21.15.123:6800/1291592055,v1:172.21.15.123:6801/1291592055] conn(0x7fe424036790 0x7fe424038c40 unknown :-1 s=START_CONNECT pgs=0 cs=0 l=1 rev1=0 crypto rx=0 tx=0 comp rx=0 tx=0)._fault waiting 0.400000
2024-03-30T04:16:59.051 INFO:teuthology.orchestra.run.smithi123.stdout:/usr/bin/ceph: stderr
2024-03-30T04:16:58.448+0000 7fe445600700 1 -- 172.21.15.123:0/561150728 --> [v2:172.21.15.123:3300/0,v1:172.21.15.123:6789/0] -- mon_command({"prefix": "mgr stat"} v 0) v1 -- 0x7fe44005f5f0 con 0x7fe440076c00
2024-03-30T04:16:59.051 INFO:teuthology.orchestra.run.smithi123.stdout:/usr/bin/ceph: stderr
2024-03-30T04:16:58.448+0000 7fe436a00700 1 -- 172.21.15.123:0/561150728 <== mon.0 v2:172.21.15.123:3300/0 7 ==== mon_command_ack([{"prefix": "mgr stat"}]=0 v5) v1 ==== 56+0+103 (secure 0 0 0) 0x7fe43002cb80 con 0x7fe440076c00
2024-03-30T04:16:59.051 INFO:teuthology.orchestra.run.smithi123.stdout:/usr/bin/ceph: stderr
2024-03-30T04:16:58.451+0000 7fe445600700 1 -- 172.21.15.123:0/561150728 >> [v2:172.21.15.123:6800/1291592055,v1:172.21.15.123:6801/1291592055] conn(0x7fe424036790 msgr2=0x7fe424038c40 unknown :-1 s=STATE_CONNECTING l=1).mark_down
2024-03-30T04:16:59.051 INFO:teuthology.orchestra.run.smithi123.stdout:/usr/bin/ceph: stderr
