2024-03-30T04:17:13.022+0000 7f92be000700 1 -- 172.21.15.123:0/2104259368 <== mon.0 v2:172.21.15.123:3300/0 1 ==== mon_map magic: 0 v1 ==== 229+0+0 (secure 0 0 0) 0x7f92b000b860 con 0x7f92c0078d50
2024-03-30T04:17:16.451 INFO:teuthology.orchestra.run.smithi123.stdout:/usr/bin/ceph: stderr
2024-03-30T04:17:13.022+0000 7f92be000700 1 -- 172.21.15.123:0/2104259368 <== mon.0 v2:172.21.15.123:3300/0 2 ==== config(26 keys) v1 ==== 1009+0+0 (secure 0 0 0) 0x7f92b000be30 con 0x7f92c0078d50
2024-03-30T04:17:16.451 INFO:teuthology.orchestra.run.smithi123.stdout:/usr/bin/ceph: stderr
2024-03-30T04:17:13.022+0000 7f92be000700 1 -- 172.21.15.123:0/2104259368 <== mon.0 v2:172.21.15.123:3300/0 3 ==== mon_map magic: 0 v1 ==== 229+0+0 (secure 0 0 0) 0x7f92b0010380 con 0x7f92c0078d50
2024-03-30T04:17:16.451 INFO:teuthology.orchestra.run.smithi123.stdout:/usr/bin/ceph: stderr
2024-03-30T04:17:13.022+0000 7f92c6200700 1 -- 172.21.15.123:0/2104259368 >> [v2:172.21.15.123:3300/0,v1:172.21.15.123:6789/0] conn(0x7f92c0078d50 msgr2=0x7f92c0077260 secure :-1 s=STATE_CONNECTION_ESTABLISHED l=1).mark_down
2024-03-30T04:17:16.451 INFO:teuthology.orchestra.run.smithi123.stdout:/usr/bin/ceph: stderr
2024-03-30T04:17:13.022+0000 7f92c6200700 1 --2- 172.21.15.123:0/2104259368 >> [v2:172.21.15.123:3300/0,v1:172.21.15.123:6789/0] conn(0x7f92c0078d50 0x7f92c0077260 secure :-1 s=READY pgs=43 cs=0 l=1 rev1=1 crypto rx=0x7f92b00098e0 tx=0x7f92b0009250 comp rx=0 tx=0).stop
2024-03-30T04:17:16.452 INFO:teuthology.orchestra.run.smithi123.stdout:/usr/bin/ceph: stderr
2024-03-30T04:17:13.023+0000 7f92c6200700 1 -- 172.21.15.123:0/2104259368 shutdown_connections
2024-03-30T04:17:16.452 INFO:teuthology.orchestra.run.smithi123.stdout:/usr/bin/ceph: stderr
2024-03-30T04:17:13.023+0000 7f92c6200700 1 --2- 172.21.15.123:0/2104259368 >> [v2:172.21.15.123:3300/0,v1:172.21.15.123:6789/0] conn(0x7f92c0078d50 0x7f92c0077260 unknown :-1 s=CLOSED pgs=43 cs=0 l=1 rev1=1 crypto rx=0 tx=0 comp rx=0 tx=0).stop
2024-03-30T04:17:16.452 INFO:teuthology.orchestra.run.smithi123.stdout:/usr/bin/ceph: stderr
2024-03-30T04:17:13.023+0000 7f92c6200700 1 -- 172.21.15.123:0/2104259368 >> 172.21.15.123:0/2104259368 conn(0x7f92c00fdcd0 msgr2=0x7f92c0100100 unknown :-1 s=STATE_NONE l=0).mark_down
2024-03-30T04:17:16.452 INFO:teuthology.orchestra.run.smithi123.stdout:/usr/bin/ceph: stderr
2024-03-30T04:17:13.023+0000 7f92c6200700 1 -- 172.21.15.123:0/2104259368 shutdown_connections
2024-03-30T04:17:16.452 INFO:teuthology.orchestra.run.smithi123.stdout:/usr/bin/ceph: stderr
2024-03-30T04:17:13.023+0000 7f92c6200700 1 -- 172.21.15.123:0/2104259368 wait complete.
2024-03-30T04:17:16.452 INFO:teuthology.orchestra.run.smithi123.stdout:/usr/bin/ceph: stderr
2024-03-30T04:17:13.023+0000 7f92c6200700 1 Processor -- start
2024-03-30T04:17:16.452 INFO:teuthology.orchestra.run.smithi123.stdout:/usr/bin/ceph: stderr
2024-03-30T04:17:13.024+0000 7f92c6200700 1 -- start start
2024-03-30T04:17:16.452 INFO:teuthology.orchestra.run.smithi123.stdout:/usr/bin/ceph: stderr
2024-03-30T04:17:13.024+0000 7f92c6200700 1 --2- >> [v2:172.21.15.123:3300/0,v1:172.21.15.123:6789/0] conn(0x7f92c0078d50 0x7f92c0113640 unknown :-1 s=NONE pgs=0 cs=0 l=1 rev1=0 crypto rx=0 tx=0 comp rx=0 tx=0).connect
2024-03-30T04:17:16.452 INFO:teuthology.orchestra.run.smithi123.stdout:/usr/bin/ceph: stderr
2024-03-30T04:17:13.024+0000 7f92c6200700 1 -- --> [v2:172.21.15.123:3300/0,v1:172.21.15.123:6789/0] -- mon_getmap magic: 0 v1 -- 0x7f92c0113b80 con 0x7f92c0078d50
2024-03-30T04:17:16.452 INFO:teuthology.orchestra.run.smithi123.stdout:/usr/bin/ceph: stderr
2024-03-30T04:17:13.024+0000 7f92bf400700 1 --2- >> [v2:172.21.15.123:3300/0,v1:172.21.15.123:6789/0] conn(0x7f92c0078d50 0x7f92c0113640 unknown :-1 s=BANNER_CONNECTING pgs=0 cs=0 l=1 rev1=0 crypto rx=0 tx=0 comp rx=0 tx=0)._handle_peer_banner_payload supported=3 required=0
2024-03-30T04:17:16.452 INFO:teuthology.orchestra.run.smithi123.stdout:/usr/bin/ceph: stderr
2024-03-30T04:17:13.024+0000 7f92bf400700 1 --2- >> [v2:172.21.15.123:3300/0,v1:172.21.15.123:6789/0] conn(0x7f92c0078d50 0x7f92c0113640 unknown :-1 s=HELLO_CONNECTING pgs=0 cs=0 l=1 rev1=1 crypto rx=0 tx=0 comp rx=0 tx=0).handle_hello peer v2:172.21.15.123:3300/0 says I am v2:172.21.15.123:33434/0 (socket says 172.21.15.123:33434)
2024-03-30T04:17:16.453 INFO:teuthology.orchestra.run.smithi123.stdout:/usr/bin/ceph: stderr
2024-03-30T04:17:13.024+0000 7f92bf400700 1 -- 172.21.15.123:0/2589704357 learned_addr learned my addr 172.21.15.123:0/2589704357 (peer_addr_for_me v2:172.21.15.123:0/0)
2024-03-30T04:17:16.453 INFO:teuthology.orchestra.run.smithi123.stdout:/usr/bin/ceph: stderr
2024-03-30T04:17:13.024+0000 7f92bf400700 1 -- 172.21.15.123:0/2589704357 --> [v2:172.21.15.123:3300/0,v1:172.21.15.123:6789/0] -- mon_subscribe({config=0+,monmap=0+}) v3 -- 0x7f92b00094f0 con 0x7f92c0078d50
2024-03-30T04:17:16.453 INFO:teuthology.orchestra.run.smithi123.stdout:/usr/bin/ceph: stderr
2024-03-30T04:17:13.025+0000 7f92bf400700 1 --2- 172.21.15.123:0/2589704357 >> [v2:172.21.15.123:3300/0,v1:172.21.15.123:6789/0] conn(0x7f92c0078d50 0x7f92c0113640 secure :-1 s=READY pgs=44 cs=0 l=1 rev1=1 crypto rx=0x7f92b0006b00 tx=0x7f92b0009250 comp rx=0 tx=0).ready entity=mon.0 client_cookie=0 server_cookie=0 in_seq=0 out_seq=0
2024-03-30T04:17:16.453 INFO:teuthology.orchestra.run.smithi123.stdout:/usr/bin/ceph: stderr
2024-03-30T04:17:13.025+0000 7f92b7400700 1 -- 172.21.15.123:0/2589704357 <== mon.0 v2:172.21.15.123:3300/0 1 ==== mon_map magic: 0 v1 ==== 229+0+0 (secure 0 0 0) 0x7f92b0010750 con 0x7f92c0078d50
2024-03-30T04:17:16.453 INFO:teuthology.orchestra.run.smithi123.stdout:/usr/bin/ceph: stderr
2024-03-30T04:17:13.025+0000 7f92b7400700 1 -- 172.21.15.123:0/2589704357 <== mon.0 v2:172.21.15.123:3300/0 2 ==== config(26 keys) v1 ==== 1009+0+0 (secure 0 0 0) 0x7f92b0010d20 con 0x7f92c0078d50
2024-03-30T04:17:16.453 INFO:teuthology.orchestra.run.smithi123.stdout:/usr/bin/ceph: stderr
2024-03-30T04:17:13.025+0000 7f92c6200700 1 -- 172.21.15.123:0/2589704357 --> [v2:172.21.15.123:3300/0,v1:172.21.15.123:6789/0] -- mon_subscribe({mgrmap=0+}) v3 -- 0x7f92c0113d80 con 0x7f92c0078d50
2024-03-30T04:17:16.453 INFO:teuthology.orchestra.run.smithi123.stdout:/usr/bin/ceph: stderr
2024-03-30T04:17:13.025+0000 7f92b7400700 1 -- 172.21.15.123:0/2589704357 <== mon.0 v2:172.21.15.123:3300/0 3 ==== mon_map magic: 0 v1 ==== 229+0+0 (secure 0 0 0) 0x7f92b001acf0 con 0x7f92c0078d50
2024-03-30T04:17:16.453 INFO:teuthology.orchestra.run.smithi123.stdout:/usr/bin/ceph: stderr
2024-03-30T04:17:13.025+0000 7f92c6200700 1 -- 172.21.15.123:0/2589704357 --> [v2:172.21.15.123:3300/0,v1:172.21.15.123:6789/0] -- mon_subscribe({osdmap=0}) v3 -- 0x7f92c01148f0 con 0x7f92c0078d50
2024-03-30T04:17:16.454 INFO:teuthology.orchestra.run.smithi123.stdout:/usr/bin/ceph: stderr
2024-03-30T04:17:13.026+0000 7f92b7400700 1 -- 172.21.15.123:0/2589704357 <== mon.0 v2:172.21.15.123:3300/0 4 ==== mgrmap(e 8) v1 ==== 43368+0+0 (secure 0 0 0) 0x7f92b001a5a0 con 0x7f92c0078d50
2024-03-30T04:17:16.454 INFO:teuthology.orchestra.run.smithi123.stdout:/usr/bin/ceph: stderr
2024-03-30T04:17:13.026+0000 7f92c6200700 1 -- 172.21.15.123:0/2589704357 --> [v2:172.21.15.123:3300/0,v1:172.21.15.123:6789/0] -- mon_command({"prefix": "get_command_descriptions"} v 0) v1 -- 0x7f92c005f5f0 con 0x7f92c0078d50
2024-03-30T04:17:16.454 INFO:teuthology.orchestra.run.smithi123.stdout:/usr/bin/ceph: stderr
2024-03-30T04:17:13.026+0000 7f92b7400700 1 --2- 172.21.15.123:0/2589704357 >> [v2:172.21.15.123:6800/1776532690,v1:172.21.15.123:6801/1776532690] conn(0x7f92a40367e0 0x7f92a4038c90 unknown :-1 s=NONE pgs=0 cs=0 l=1 rev1=0 crypto rx=0 tx=0 comp rx=0 tx=0).connect
2024-03-30T04:17:16.454 INFO:teuthology.orchestra.run.smithi123.stdout:/usr/bin/ceph: stderr
2024-03-30T04:17:13.026+0000 7f92b7400700 1 -- 172.21.15.123:0/2589704357 <== mon.0 v2:172.21.15.123:3300/0 5 ==== osd_map(2..2 src has 1..2) v4 ==== 936+0+0 (secure 0 0 0) 0x7f92b001e070 con 0x7f92c0078d50
2024-03-30T04:17:16.454 INFO:teuthology.orchestra.run.smithi123.stdout:/usr/bin/ceph: stderr
2024-03-30T04:17:13.027+0000 7f92bea00700 1 --2- 172.21.15.123:0/2589704357 >> [v2:172.21.15.123:6800/1776532690,v1:172.21.15.123:6801/1776532690] conn(0x7f92a40367e0 0x7f92a4038c90 unknown :-1 s=BANNER_CONNECTING pgs=0 cs=0 l=1 rev1=0 crypto rx=0 tx=0 comp rx=0 tx=0)._handle_peer_banner_payload supported=3 required=0
2024-03-30T04:17:16.454 INFO:teuthology.orchestra.run.smithi123.stdout:/usr/bin/ceph: stderr
2024-03-30T04:17:13.027+0000 7f92bea00700 1 --2- 172.21.15.123:0/2589704357 >> [v2:172.21.15.123:6800/1776532690,v1:172.21.15.123:6801/1776532690] conn(0x7f92a40367e0 0x7f92a4038c90 secure :-1 s=READY pgs=11 cs=0 l=1 rev1=1 crypto rx=0x7f92ac009990 tx=0x7f92ac006e40 comp rx=0 tx=0).ready entity=mgr.14118 client_cookie=0 server_cookie=0 in_seq=0 out_seq=0
2024-03-30T04:17:16.454 INFO:teuthology.orchestra.run.smithi123.stdout:/usr/bin/ceph: stderr
2024-03-30T04:17:13.031+0000 7f92b7400700 1 -- 172.21.15.123:0/2589704357 <== mon.0 v2:172.21.15.123:3300/0 6 ==== mon_command_ack([{"prefix": "get_command_descriptions"}]=0 v0) v1 ==== 72+0+176504 (secure 0 0 0) 0x7f92b0010e90 con 0x7f92c0078d50
2024-03-30T04:17:16.454 INFO:teuthology.orchestra.run.smithi123.stdout:/usr/bin/ceph: stderr
2024-03-30T04:17:13.232+0000 7f92c6200700 1 -- 172.21.15.123:0/2589704357 --> [v2:172.21.15.123:6800/1776532690,v1:172.21.15.123:6801/1776532690] -- mgr_command(tid 0: {"prefix": "orch host add", "hostname": "smithi123", "addr": "172.21.15.123", "target": ["mon-mgr", ""]}) v1 -- 0x7f92c00ff090 con 0x7f92a40367e0
2024-03-30T04:17:16.454 INFO:teuthology.orchestra.run.smithi123.stdout:/usr/bin/ceph: stderr
2024-03-30T04:17:15.767+0000 7f92b7400700 1 -- 172.21.15.123:0/2589704357 <== mgr.14118 v2:172.21.15.123:6800/1776532690 1 ==== mgr_command_reply(tid 0: 0 ) v1 ==== 8+0+49 (secure 0 0 0) 0x7f92c00ff090 con 0x7f92a40367e0
2024-03-30T04:17:16.454 INFO:teuthology.orchestra.run.smithi123.stdout:/usr/bin/ceph: stderr
2024-03-30T04:17:15.770+0000 7f92c6200700 1 -- 172.21.15.123:0/2589704357 >> [v2:172.21.15.123:6800/1776532690,v1:172.21.15.123:6801/1776532690] conn(0x7f92a40367e0 msgr2=0x7f92a4038c90 secure :-1 s=STATE_CONNECTION_ESTABLISHED l=1).mark_down
2024-03-30T04:17:16.454 INFO:teuthology.orchestra.run.smithi123.stdout:/usr/bin/ceph: stderr
2024-03-30T04:17:15.770+0000 7f92c6200700 1 --2- 172.21.15.123:0/2589704357 >> [v2:172.21.15.123:6800/1776532690,v1:172.21.15.123:6801/1776532690] conn(0x7f92a40367e0 0x7f92a4038c90 secure :-1 s=READY pgs=11 cs=0 l=1 rev1=1 crypto rx=0x7f92ac009990 tx=0x7f92ac006e40 comp rx=0 tx=0).stop
2024-03-30T04:17:16.454 INFO:teuthology.orchestra.run.smithi123.stdout:/usr/bin/ceph: stderr
2024-03-30T04:17:15.770+0000 7f92c6200700 1 -- 172.21.15.123:0/2589704357 >> [v2:172.21.15.123:3300/0,v1:172.21.15.123:6789/0] conn(0x7f92c0078d50 msgr2=0x7f92c0113640 secure :-1 s=STATE_CONNECTION_ESTABLISHED l=1).mark_down
2024-03-30T04:17:16.454 INFO:teuthology.orchestra.run.smithi123.stdout:/usr/bin/ceph: stderr
2024-03-30T04:17:15.770+0000 7f92c6200700 1 --2- 172.21.15.123:0/2589704357 >> [v2:172.21.15.123:3300/0,v1:172.21.15.123:6789/0] conn(0x7f92c0078d50 0x7f92c0113640 secure :-1 s=READY pgs=44 cs=0 l=1 rev1=1 crypto rx=0x7f92b0006b00 tx=0x7f92b0009250 comp rx=0 tx=0).stop
2024-03-30T04:17:16.455 INFO:teuthology.orchestra.run.smithi123.stdout:/usr/bin/ceph: stderr
2024-03-30T04:17:15.770+0000 7f92c6200700 1 -- 172.21.15.123:0/2589704357 shutdown_connections
2024-03-30T04:17:16.455 INFO:teuthology.orchestra.run.smithi123.stdout:/usr/bin/ceph: stderr
2024-03-30T04:17:15.770+0000 7f92c6200700 1 --2- 172.21.15.123:0/2589704357 >> [v2:172.21.15.123:6800/1776532690,v1:172.21.15.123:6801/1776532690] conn(0x7f92a40367e0 0x7f92a4038c90 unknown :-1 s=CLOSED pgs=11 cs=0 l=1 rev1=1 crypto rx=0 tx=0 comp rx=0 tx=0).stop
2024-03-30T04:17:16.455 INFO:teuthology.orchestra.run.smithi123.stdout:/usr/bin/ceph: stderr
2024-03-30T04:17:15.770+0000 7f92c6200700 1 --2- 172.21.15.123:0/2589704357 >> [v2:172.21.15.123:3300/0,v1:172.21.15.123:6789/0] conn(0x7f92c0078d50 0x7f92c0113640 unknown :-1 s=CLOSED pgs=44 cs=0 l=1 rev1=1 crypto rx=0 tx=0 comp rx=0 tx=0).stop
2024-03-30T04:17:16.455 INFO:teuthology.orchestra.run.smithi123.stdout:/usr/bin/ceph: stderr
2024-03-30T04:17:15.770+0000 7f92c6200700 1 -- 172.21.15.123:0/2589704357 >> 172.21.15.123:0/2589704357 conn(0x7f92c00fdcd0 msgr2=0x7f92c00fe8c0 unknown :-1 s=STATE_NONE l=0).mark_down
2024-03-30T04:17:16.455 INFO:teuthology.orchestra.run.smithi123.stdout:/usr/bin/ceph: stderr
2024-03-30T04:17:15.770+0000 7f92c6200700 1 -- 172.21.15.123:0/2589704357 shutdown_connections
2024-03-30T04:17:16.455 INFO:teuthology.orchestra.run.smithi123.stdout:/usr/bin/ceph: stderr
2024-03-30T04:17:15.770+0000 7f92c6200700 1 -- 172.21.15.123:0/2589704357 wait complete.
2024-03-30T04:17:16.455 INFO:teuthology.orchestra.run.smithi123.stdout:Deploying mon service with default placement...
2024-03-30T04:17:17.217 INFO:journalctl@ceph.mon.smithi123.smithi123.stdout:Mar 30 04:17:16 smithi123 ceph-mon[35245]: from='mgr.14118 172.21.15.123:0/1102803547' entity='mgr.smithi123.xgksqq'
2024-03-30T04:17:17.217 INFO:journalctl@ceph.mon.smithi123.smithi123.stdout:Mar 30 04:17:16 smithi123 ceph-mon[35245]: Added host smithi123
2024-03-30T04:17:17.217 INFO:journalctl@ceph.mon.smithi123.smithi123.stdout:Mar 30 04:17:16 smithi123 ceph-mon[35245]: from='mgr.14118 172.21.15.123:0/1102803547' entity='mgr.smithi123.xgksqq' cmd=[{"prefix": "config dump", "format": "json"}]: dispatch
2024-03-30T04:17:18.396 INFO:journalctl@ceph.mon.smithi123.smithi123.stdout:Mar 30 04:17:18 smithi123 ceph-mon[35245]: from='client.14140 -' entity='client.admin' cmd=[{"prefix": "orch apply", "service_type": "mon", "target": ["mon-mgr", ""]}]: dispatch
2024-03-30T04:17:18.396 INFO:journalctl@ceph.mon.smithi123.smithi123.stdout:Mar 30 04:17:18 smithi123 ceph-mon[35245]: Saving service mon spec with placement count:5
2024-03-30T04:17:18.396 INFO:journalctl@ceph.mon.smithi123.smithi123.stdout:Mar 30 04:17:18 smithi123 ceph-mon[35245]: from='mgr.14118 172.21.15.123:0/1102803547' entity='mgr.smithi123.xgksqq'
2024-03-30T04:17:18.807 INFO:teuthology.orchestra.run.smithi123.stdout:/usr/bin/ceph: stdout Scheduled mon update...
2024-03-30T04:17:18.807 INFO:teuthology.orchestra.run.smithi123.stdout:/usr/bin/ceph: stderr
2024-03-30T04:17:17.124+0000 7f7001c00700 1 Processor -- start
2024-03-30T04:17:18.808 INFO:teuthology.orchestra.run.smithi123.stdout:/usr/bin/ceph: stderr
2024-03-30T04:17:17.124+0000 7f7001c00700 1 -- start start
2024-03-30T04:17:18.808 INFO:teuthology.orchestra.run.smithi123.stdout:/usr/bin/ceph: stderr
2024-03-30T04:17:17.124+0000 7f7001c00700 1 --2- >> [v2:172.21.15.123:3300/0,v1:172.21.15.123:6789/0] conn(0x7f6ffc102580 0x7f6ffc102990 unknown :-1 s=NONE pgs=0 cs=0 l=0 rev1=0 crypto rx=0 tx=0 comp rx=0 tx=0).connect
2024-03-30T04:17:18.808 INFO:teuthology.orchestra.run.smithi123.stdout:/usr/bin/ceph: stderr
2024-03-30T04:17:17.124+0000 7f7001c00700 1 -- --> [v2:172.21.15.123:3300/0,v1:172.21.15.123:6789/0] -- mon_getmap magic: 0 v1 -- 0x7f6ffc102ed0 con 0x7f6ffc102580
2024-03-30T04:17:18.808 INFO:teuthology.orchestra.run.smithi123.stdout:/usr/bin/ceph: stderr
2024-03-30T04:17:17.125+0000 7f6ffaa00700 1 --2- >> [v2:172.21.15.123:3300/0,v1:172.21.15.123:6789/0] conn(0x7f6ffc102580 0x7f6ffc102990 unknown :-1 s=BANNER_CONNECTING pgs=0 cs=0 l=0 rev1=0 crypto rx=0 tx=0 comp rx=0 tx=0)._handle_peer_banner_payload supported=3 required=0
2024-03-30T04:17:18.808 INFO:teuthology.orchestra.run.smithi123.stdout:/usr/bin/ceph: stderr
2024-03-30T04:17:17.125+0000 7f6ffaa00700 1 --2- >> [v2:172.21.15.123:3300/0,v1:172.21.15.123:6789/0] conn(0x7f6ffc102580 0x7f6ffc102990 unknown :-1 s=HELLO_CONNECTING pgs=0 cs=0 l=0 rev1=1 crypto rx=0 tx=0 comp rx=0 tx=0).handle_hello peer v2:172.21.15.123:3300/0 says I am v2:172.21.15.123:34114/0 (socket says 172.21.15.123:34114)
2024-03-30T04:17:18.808 INFO:teuthology.orchestra.run.smithi123.stdout:/usr/bin/ceph: stderr
2024-03-30T04:17:17.125+0000 7f6ffaa00700 1 -- 172.21.15.123:0/2379087134 learned_addr learned my addr 172.21.15.123:0/2379087134 (peer_addr_for_me v2:172.21.15.123:0/0)
2024-03-30T04:17:18.808 INFO:teuthology.orchestra.run.smithi123.stdout:/usr/bin/ceph: stderr
2024-03-30T04:17:17.125+0000 7f6ffaa00700 1 -- 172.21.15.123:0/2379087134 --> [v2:172.21.15.123:3300/0,v1:172.21.15.123:6789/0] -- mon_subscribe({config=0+,monmap=0+}) v3 -- 0x7f6ffc103010 con 0x7f6ffc102580
2024-03-30T04:17:18.808 INFO:teuthology.orchestra.run.smithi123.stdout:/usr/bin/ceph: stderr
2024-03-30T04:17:17.125+0000 7f6ffaa00700 1 --2- 172.21.15.123:0/2379087134 >> [v2:172.21.15.123:3300/0,v1:172.21.15.123:6789/0] conn(0x7f6ffc102580 0x7f6ffc102990 secure :-1 s=READY pgs=45 cs=0 l=1 rev1=1 crypto rx=0x7f6fec0098e0 tx=0x7f6fec009250 comp rx=0 tx=0).ready entity=mon.0 client_cookie=15e2d869e85124be server_cookie=0 in_seq=0 out_seq=0
2024-03-30T04:17:18.808 INFO:teuthology.orchestra.run.smithi123.stdout:/usr/bin/ceph: stderr
2024-03-30T04:17:17.126+0000 7f6ff9600700 1 -- 172.21.15.123:0/2379087134 <== mon.0 v2:172.21.15.123:3300/0 1 ==== mon_map magic: 0 v1 ==== 229+0+0 (secure 0 0 0) 0x7f6fec00b860 con 0x7f6ffc102580
2024-03-30T04:17:18.808 INFO:teuthology.orchestra.run.smithi123.stdout:/usr/bin/ceph: stderr
2024-03-30T04:17:17.126+0000 7f6ff9600700 1 -- 172.21.15.123:0/2379087134 <== mon.0 v2:172.21.15.123:3300/0 2 ==== config(26 keys) v1 ==== 1009+0+0 (secure 0 0 0) 0x7f6fec00be30 con 0x7f6ffc102580
2024-03-30T04:17:18.808 INFO:teuthology.orchestra.run.smithi123.stdout:/usr/bin/ceph: stderr
2024-03-30T04:17:17.126+0000 7f6ff9600700 1 -- 172.21.15.123:0/2379087134 <== mon.0 v2:172.21.15.123:3300/0 3 ==== mon_map magic: 0 v1 ==== 229+0+0 (secure 0 0 0) 0x7f6fec010380 con 0x7f6ffc102580
2024-03-30T04:17:18.808 INFO:teuthology.orchestra.run.smithi123.stdout:/usr/bin/ceph: stderr
2024-03-30T04:17:17.126+0000 7f7001c00700 1 -- 172.21.15.123:0/2379087134 >> [v2:172.21.15.123:3300/0,v1:172.21.15.123:6789/0] conn(0x7f6ffc102580 msgr2=0x7f6ffc102990 secure :-1 s=STATE_CONNECTION_ESTABLISHED l=1).mark_down
2024-03-30T04:17:18.809 INFO:teuthology.orchestra.run.smithi123.stdout:/usr/bin/ceph: stderr
2024-03-30T04:17:17.126+0000 7f7001c00700 1 --2- 172.21.15.123:0/2379087134 >> [v2:172.21.15.123:3300/0,v1:172.21.15.123:6789/0] conn(0x7f6ffc102580 0x7f6ffc102990 secure :-1 s=READY pgs=45 cs=0 l=1 rev1=1 crypto rx=0x7f6fec0098e0 tx=0x7f6fec009250 comp rx=0 tx=0).stop
2024-03-30T04:17:18.809 INFO:teuthology.orchestra.run.smithi123.stdout:/usr/bin/ceph: stderr
2024-03-30T04:17:17.126+0000 7f7001c00700 1 -- 172.21.15.123:0/2379087134 shutdown_connections
2024-03-30T04:17:18.809 INFO:teuthology.orchestra.run.smithi123.stdout:/usr/bin/ceph: stderr
2024-03-30T04:17:17.126+0000 7f7001c00700 1 --2- 172.21.15.123:0/2379087134 >> [v2:172.21.15.123:3300/0,v1:172.21.15.123:6789/0] conn(0x7f6ffc102580 0x7f6ffc102990 unknown :-1 s=CLOSED pgs=45 cs=0 l=1 rev1=1 crypto rx=0 tx=0 comp rx=0 tx=0).stop
2024-03-30T04:17:18.809 INFO:teuthology.orchestra.run.smithi123.stdout:/usr/bin/ceph: stderr
2024-03-30T04:17:17.126+0000 7f7001c00700 1 -- 172.21.15.123:0/2379087134 >> 172.21.15.123:0/2379087134 conn(0x7f6ffc0fdd00 msgr2=0x7f6ffc100110 unknown :-1 s=STATE_NONE l=0).mark_down
2024-03-30T04:17:18.809 INFO:teuthology.orchestra.run.smithi123.stdout:/usr/bin/ceph: stderr
2024-03-30T04:17:17.127+0000 7f7001c00700 1 -- 172.21.15.123:0/2379087134 shutdown_connections
2024-03-30T04:17:18.809 INFO:teuthology.orchestra.run.smithi123.stdout:/usr/bin/ceph: stderr
2024-03-30T04:17:17.127+0000 7f7001c00700 1 -- 172.21.15.123:0/2379087134 wait complete.
2024-03-30T04:17:18.809 INFO:teuthology.orchestra.run.smithi123.stdout:/usr/bin/ceph: stderr
2024-03-30T04:17:17.127+0000 7f7001c00700 1 Processor -- start
2024-03-30T04:17:18.809 INFO:teuthology.orchestra.run.smithi123.stdout:/usr/bin/ceph: stderr
2024-03-30T04:17:17.128+0000 7f7001c00700 1 -- start start
2024-03-30T04:17:18.809 INFO:teuthology.orchestra.run.smithi123.stdout:/usr/bin/ceph: stderr
2024-03-30T04:17:17.128+0000 7f7001c00700 1 --2- >> [v2:172.21.15.123:3300/0,v1:172.21.15.123:6789/0] conn(0x7f6ffc102580 0x7f6ffc111340 unknown :-1 s=NONE pgs=0 cs=0 l=1 rev1=0 crypto rx=0 tx=0 comp rx=0 tx=0).connect
2024-03-30T04:17:18.809 INFO:teuthology.orchestra.run.smithi123.stdout:/usr/bin/ceph: stderr
2024-03-30T04:17:17.128+0000 7f7001c00700 1 -- --> [v2:172.21.15.123:3300/0,v1:172.21.15.123:6789/0] -- mon_getmap magic: 0 v1 -- 0x7f6ffc111880 con 0x7f6ffc102580
2024-03-30T04:17:18.809 INFO:teuthology.orchestra.run.smithi123.stdout:/usr/bin/ceph: stderr
2024-03-30T04:17:17.128+0000 7f6ffaa00700 1 --2- >> [v2:172.21.15.123:3300/0,v1:172.21.15.123:6789/0] conn(0x7f6ffc102580 0x7f6ffc111340 unknown :-1 s=BANNER_CONNECTING pgs=0 cs=0 l=1 rev1=0 crypto rx=0 tx=0 comp rx=0 tx=0)._handle_peer_banner_payload supported=3 required=0
2024-03-30T04:17:18.810 INFO:teuthology.orchestra.run.smithi123.stdout:/usr/bin/ceph: stderr
2024-03-30T04:17:17.128+0000 7f6ffaa00700 1 --2- >> [v2:172.21.15.123:3300/0,v1:172.21.15.123:6789/0] conn(0x7f6ffc102580 0x7f6ffc111340 unknown :-1 s=HELLO_CONNECTING pgs=0 cs=0 l=1 rev1=1 crypto rx=0 tx=0 comp rx=0 tx=0).handle_hello peer v2:172.21.15.123:3300/0 says I am v2:172.21.15.123:34120/0 (socket says 172.21.15.123:34120)
2024-03-30T04:17:18.810 INFO:teuthology.orchestra.run.smithi123.stdout:/usr/bin/ceph: stderr
2024-03-30T04:17:17.128+0000 7f6ffaa00700 1 -- 172.21.15.123:0/975349469 learned_addr learned my addr 172.21.15.123:0/975349469 (peer_addr_for_me v2:172.21.15.123:0/0)
2024-03-30T04:17:18.810 INFO:teuthology.orchestra.run.smithi123.stdout:/usr/bin/ceph: stderr
2024-03-30T04:17:17.128+0000 7f6ffaa00700 1 -- 172.21.15.123:0/975349469 --> [v2:172.21.15.123:3300/0,v1:172.21.15.123:6789/0] -- mon_subscribe({config=0+,monmap=0+}) v3 -- 0x7f6fec0094f0 con 0x7f6ffc102580
2024-03-30T04:17:18.810 INFO:teuthology.orchestra.run.smithi123.stdout:/usr/bin/ceph: stderr
2024-03-30T04:17:17.129+0000 7f6ffaa00700 1 --2- 172.21.15.123:0/975349469 >> [v2:172.21.15.123:3300/0,v1:172.21.15.123:6789/0] conn(0x7f6ffc102580 0x7f6ffc111340 secure :-1 s=READY pgs=46 cs=0 l=1 rev1=1 crypto rx=0x7f6fec000c00 tx=0x7f6fec009250 comp rx=0 tx=0).ready entity=mon.0 client_cookie=0 server_cookie=0 in_seq=0 out_seq=0
2024-03-30T04:17:18.810 INFO:teuthology.orchestra.run.smithi123.stdout:/usr/bin/ceph: stderr
2024-03-30T04:17:17.129+0000 7f6ff2a00700 1 -- 172.21.15.123:0/975349469 <== mon.0 v2:172.21.15.123:3300/0 1 ==== mon_map magic: 0 v1 ==== 229+0+0 (secure 0 0 0) 0x7f6fec010a80 con 0x7f6ffc102580
2024-03-30T04:17:18.810 INFO:teuthology.orchestra.run.smithi123.stdout:/usr/bin/ceph: stderr
2024-03-30T04:17:17.129+0000 7f6ff2a00700 1 -- 172.21.15.123:0/975349469 <== mon.0 v2:172.21.15.123:3300/0 2 ==== config(26 keys) v1 ==== 1009+0+0 (secure 0 0 0) 0x7f6fec01a430 con 0x7f6ffc102580
2024-03-30T04:17:18.810 INFO:teuthology.orchestra.run.smithi123.stdout:/usr/bin/ceph: stderr
2024-03-30T04:17:17.129+0000 7f6ff2a00700 1 -- 172.21.15.123:0/975349469 <== mon.0 v2:172.21.15.123:3300/0 3 ==== mon_map magic: 0 v1 ==== 229+0+0 (secure 0 0 0) 0x7f6fec0245b0 con 0x7f6ffc102580
2024-03-30T04:17:18.810 INFO:teuthology.orchestra.run.smithi123.stdout:/usr/bin/ceph: stderr
2024-03-30T04:17:17.129+0000 7f7001c00700 1 -- 172.21.15.123:0/975349469 --> [v2:172.21.15.123:3300/0,v1:172.21.15.123:6789/0] -- mon_subscribe({mgrmap=0+}) v3 -- 0x7f6ffc111a80 con 0x7f6ffc102580
2024-03-30T04:17:18.810 INFO:teuthology.orchestra.run.smithi123.stdout:/usr/bin/ceph: stderr
2024-03-30T04:17:17.129+0000 7f7001c00700 1 -- 172.21.15.123:0/975349469 --> [v2:172.21.15.123:3300/0,v1:172.21.15.123:6789/0] -- mon_subscribe({osdmap=0}) v3 -- 0x7f6ffc1125f0 con 0x7f6ffc102580
2024-03-30T04:17:18.810 INFO:teuthology.orchestra.run.smithi123.stdout:/usr/bin/ceph: stderr
2024-03-30T04:17:17.131+0000 7f6fe7e00700 1 -- 172.21.15.123:0/975349469 --> [v2:172.21.15.123:3300/0,v1:172.21.15.123:6789/0] -- mon_command({"prefix": "get_command_descriptions"} v 0) v1 -- 0x7f6ffc05f5f0 con 0x7f6ffc102580
2024-03-30T04:17:18.810 INFO:teuthology.orchestra.run.smithi123.stdout:/usr/bin/ceph: stderr
2024-03-30T04:17:17.131+0000 7f6ff2a00700 1 -- 172.21.15.123:0/975349469 <== mon.0 v2:172.21.15.123:3300/0 4 ==== mgrmap(e 8) v1 ==== 43368+0+0 (secure 0 0 0) 0x7f6fec01a5a0 con 0x7f6ffc102580
2024-03-30T04:17:18.811 INFO:teuthology.orchestra.run.smithi123.stdout:/usr/bin/ceph: stderr
2024-03-30T04:17:17.132+0000 7f6ff2a00700 1 --2- 172.21.15.123:0/975349469 >> [v2:172.21.15.123:6800/1776532690,v1:172.21.15.123:6801/1776532690] conn(0x7f6fe00367e0 0x7f6fe0038c90 unknown :-1 s=NONE pgs=0 cs=0 l=1 rev1=0 crypto rx=0 tx=0 comp rx=0 tx=0).connect
2024-03-30T04:17:18.811 INFO:teuthology.orchestra.run.smithi123.stdout:/usr/bin/ceph: stderr
2024-03-30T04:17:17.132+0000 7f6ff2a00700 1 -- 172.21.15.123:0/975349469 <== mon.0 v2:172.21.15.123:3300/0 5 ==== osd_map(2..2 src has 1..2) v4 ==== 936+0+0 (secure 0 0 0) 0x7f6fec04abf0 con 0x7f6ffc102580
2024-03-30T04:17:18.811 INFO:teuthology.orchestra.run.smithi123.stdout:/usr/bin/ceph: stderr
2024-03-30T04:17:17.132+0000 7f6ffa000700 1 --2- 172.21.15.123:0/975349469 >> [v2:172.21.15.123:6800/1776532690,v1:172.21.15.123:6801/1776532690] conn(0x7f6fe00367e0 0x7f6fe0038c90 unknown :-1 s=BANNER_CONNECTING pgs=0 cs=0 l=1 rev1=0 crypto rx=0 tx=0 comp rx=0 tx=0)._handle_peer_banner_payload supported=3 required=0
2024-03-30T04:17:18.811 INFO:teuthology.orchestra.run.smithi123.stdout:/usr/bin/ceph: stderr
2024-03-30T04:17:17.132+0000 7f6ffa000700 1 --2- 172.21.15.123:0/975349469 >> [v2:172.21.15.123:6800/1776532690,v1:172.21.15.123:6801/1776532690] conn(0x7f6fe00367e0 0x7f6fe0038c90 secure :-1 s=READY pgs=12 cs=0 l=1 rev1=1 crypto rx=0x7f6fe8009990 tx=0x7f6fe8006e40 comp rx=0 tx=0).ready entity=mgr.14118 client_cookie=0 server_cookie=0 in_seq=0 out_seq=0
2024-03-30T04:17:18.811 INFO:teuthology.orchestra.run.smithi123.stdout:/usr/bin/ceph: stderr
2024-03-30T04:17:17.137+0000 7f6ff2a00700 1 -- 172.21.15.123:0/975349469 <== mon.0 v2:172.21.15.123:3300/0 6 ==== mon_command_ack([{"prefix": "get_command_descriptions"}]=0 v0) v1 ==== 72+0+176504 (secure 0 0 0) 0x7f6fec023df0 con 0x7f6ffc102580
2024-03-30T04:17:18.811 INFO:teuthology.orchestra.run.smithi123.stdout:/usr/bin/ceph: stderr
2024-03-30T04:17:17.372+0000 7f6fe7e00700 1 -- 172.21.15.123:0/975349469 --> [v2:172.21.15.123:6800/1776532690,v1:172.21.15.123:6801/1776532690] -- mgr_command(tid 0: {"prefix": "orch apply", "service_type": "mon", "target": ["mon-mgr", ""]}) v1 -- 0x7f6ffc104390 con 0x7f6fe00367e0
2024-03-30T04:17:18.811 INFO:teuthology.orchestra.run.smithi123.stdout:/usr/bin/ceph: stderr
2024-03-30T04:17:17.377+0000 7f6ff2a00700 1 -- 172.21.15.123:0/975349469 <== mgr.14118 v2:172.21.15.123:6800/1776532690 1 ==== mgr_command_reply(tid 0: 0 ) v1 ==== 8+0+24 (secure 0 0 0) 0x7f6ffc104390 con 0x7f6fe00367e0
2024-03-30T04:17:18.811 INFO:teuthology.orchestra.run.smithi123.stdout:/usr/bin/ceph: stderr
2024-03-30T04:17:17.379+0000 7f6fe7e00700 1 -- 172.21.15.123:0/975349469 >> [v2:172.21.15.123:6800/1776532690,v1:172.21.15.123:6801/1776532690] conn(0x7f6fe00367e0 msgr2=0x7f6fe0038c90 secure :-1 s=STATE_CONNECTION_ESTABLISHED l=1).mark_down
2024-03-30T04:17:18.811 INFO:teuthology.orchestra.run.smithi123.stdout:/usr/bin/ceph: stderr
2024-03-30T04:17:17.379+0000 7f6fe7e00700 1 --2- 172.21.15.123:0/975349469 >> [v2:172.21.15.123:6800/1776532690,v1:172.21.15.123:6801/1776532690] conn(0x7f6fe00367e0 0x7f6fe0038c90 secure :-1 s=READY pgs=12 cs=0 l=1 rev1=1 crypto rx=0x7f6fe8009990 tx=0x7f6fe8006e40 comp rx=0 tx=0).stop
2024-03-30T04:17:18.811 INFO:teuthology.orchestra.run.smithi123.stdout:/usr/bin/ceph: stderr
2024-03-30T04:17:17.379+0000 7f6fe7e00700 1 -- 172.21.15.123:0/975349469 >> [v2:172.21.15.123:3300/0,v1:172.21.15.123:6789/0] conn(0x7f6ffc102580 msgr2=0x7f6ffc111340 secure :-1 s=STATE_CONNECTION_ESTABLISHED l=1).mark_down
2024-03-30T04:17:18.811 INFO:teuthology.orchestra.run.smithi123.stdout:/usr/bin/ceph: stderr
2024-03-30T04:17:17.379+0000 7f6fe7e00700 1 --2- 172.21.15.123:0/975349469 >> [v2:172.21.15.123:3300/0,v1:172.21.15.123:6789/0] conn(0x7f6ffc102580 0x7f6ffc111340 secure :-1 s=READY pgs=46 cs=0 l=1 rev1=1 crypto rx=0x7f6fec000c00 tx=0x7f6fec009250 comp rx=0 tx=0).stop
2024-03-30T04:17:18.812 INFO:teuthology.orchestra.run.smithi123.stdout:/usr/bin/ceph: stderr
2024-03-30T04:17:17.379+0000 7f6fe7e00700 1 -- 172.21.15.123:0/975349469 shutdown_connections
2024-03-30T04:17:18.812 INFO:teuthology.orchestra.run.smithi123.stdout:/usr/bin/ceph: stderr
2024-03-30T04:17:17.379+0000 7f6fe7e00700 1 --2- 172.21.15.123:0/975349469 >> [v2:172.21.15.123:6800/1776532690,v1:172.21.15.123:6801/1776532690] conn(0x7f6fe00367e0 0x7f6fe0038c90 unknown :-1 s=CLOSED pgs=12 cs=0 l=1 rev1=1 crypto rx=0 tx=0 comp rx=0 tx=0).stop
2024-03-30T04:17:18.812 INFO:teuthology.orchestra.run.smithi123.stdout:/usr/bin/ceph: stderr
2024-03-30T04:17:17.379+0000 7f6fe7e00700 1 --2- 172.21.15.123:0/975349469 >> [v2:172.21.15.123:3300/0,v1:172.21.15.123:6789/0] conn(0x7f6ffc102580 0x7f6ffc111340 unknown :-1 s=CLOSED pgs=46 cs=0 l=1 rev1=1 crypto rx=0 tx=0 comp rx=0 tx=0).stop
2024-03-30T04:17:18.812 INFO:teuthology.orchestra.run.smithi123.stdout:/usr/bin/ceph: stderr
2024-03-30T04:17:17.379+0000 7f6fe7e00700 1 -- 172.21.15.123:0/975349469 >> 172.21.15.123:0/975349469 conn(0x7f6ffc0fdd00 msgr2=0x7f6ffc0fe830 unknown :-1 s=STATE_NONE l=0).mark_down
2024-03-30T04:17:18.812 INFO:teuthology.orchestra.run.smithi123.stdout:/usr/bin/ceph: stderr
2024-03-30T04:17:17.379+0000 7f6fe7e00700 1 -- 172.21.15.123:0/975349469 shutdown_connections
2024-03-30T04:17:18.812 INFO:teuthology.orchestra.run.smithi123.stdout:/usr/bin/ceph: stderr
2024-03-30T04:17:17.379+0000 7f6fe7e00700 1 -- 172.21.15.123:0/975349469 wait complete.
2024-03-30T04:17:18.812 INFO:teuthology.orchestra.run.smithi123.stdout:Deploying mgr service with default placement...
2024-03-30T04:17:19.716 INFO:journalctl@ceph.mon.smithi123.smithi123.stdout:Mar 30 04:17:19 smithi123 ceph-mon[35245]: from='mgr.14118 172.21.15.123:0/1102803547' entity='mgr.smithi123.xgksqq'
2024-03-30T04:17:19.717 INFO:journalctl@ceph.mon.smithi123.smithi123.stdout:Mar 30 04:17:19 smithi123 ceph-mon[35245]: from='mgr.14118 172.21.15.123:0/1102803547' entity='mgr.smithi123.xgksqq'
2024-03-30T04:17:20.966 INFO:journalctl@ceph.mon.smithi123.smithi123.stdout:Mar 30 04:17:20 smithi123 ceph-mon[35245]: from='client.14142 -' entity='client.admin' cmd=[{"prefix": "orch apply", "service_type": "mgr", "target": ["mon-mgr", ""]}]: dispatch
2024-03-30T04:17:20.967 INFO:journalctl@ceph.mon.smithi123.smithi123.stdout:Mar 30 04:17:20 smithi123 ceph-mon[35245]: Saving service mgr spec with placement count:2
2024-03-30T04:17:20.967 INFO:journalctl@ceph.mon.smithi123.smithi123.stdout:Mar 30 04:17:20 smithi123 ceph-mon[35245]: from='mgr.14118 172.21.15.123:0/1102803547' entity='mgr.smithi123.xgksqq'
2024-03-30T04:17:20.971 INFO:teuthology.orchestra.run.smithi123.stdout:/usr/bin/ceph: stdout Scheduled mgr update...
2024-03-30T04:17:20.976 INFO:teuthology.orchestra.run.smithi123.stdout:/usr/bin/ceph: stderr
2024-03-30T04:17:19.438+0000 7f9253000700 1 Processor -- start
2024-03-30T04:17:20.976 INFO:teuthology.orchestra.run.smithi123.stdout:/usr/bin/ceph: stderr
2024-03-30T04:17:19.438+0000 7f9253000700 1 -- start start
2024-03-30T04:17:20.976 INFO:teuthology.orchestra.run.smithi123.stdout:/usr/bin/ceph: stderr
2024-03-30T04:17:19.439+0000 7f9253000700 1 --2- >> [v2:172.21.15.123:3300/0,v1:172.21.15.123:6789/0] conn(0x7f924c102580 0x7f924c102990 unknown :-1 s=NONE pgs=0 cs=0 l=0 rev1=0 crypto rx=0 tx=0 comp rx=0 tx=0).connect
2024-03-30T04:17:20.976 INFO:teuthology.orchestra.run.smithi123.stdout:/usr/bin/ceph: stderr
2024-03-30T04:17:19.439+0000 7f9253000700 1 -- --> [v2:172.21.15.123:3300/0,v1:172.21.15.123:6789/0] -- mon_getmap magic: 0 v1 -- 0x7f924c102ed0 con 0x7f924c102580
2024-03-30T04:17:20.976 INFO:teuthology.orchestra.run.smithi123.stdout:/usr/bin/ceph: stderr
2024-03-30T04:17:19.439+0000 7f924be00700 1 --2- >> [v2:172.21.15.123:3300/0,v1:172.21.15.123:6789/0] conn(0x7f924c102580 0x7f924c102990 unknown :-1 s=BANNER_CONNECTING pgs=0 cs=0 l=0 rev1=0 crypto rx=0 tx=0 comp rx=0 tx=0)._handle_peer_banner_payload supported=3 required=0
2024-03-30T04:17:20.976 INFO:teuthology.orchestra.run.smithi123.stdout:/usr/bin/ceph: stderr
2024-03-30T04:17:19.439+0000 7f924be00700 1 --2- >> [v2:172.21.15.123:3300/0,v1:172.21.15.123:6789/0] conn(0x7f924c102580 0x7f924c102990 unknown :-1 s=HELLO_CONNECTING pgs=0 cs=0 l=0 rev1=1 crypto rx=0 tx=0 comp rx=0 tx=0).handle_hello peer v2:172.21.15.123:3300/0 says I am v2:172.21.15.123:34122/0 (socket says 172.21.15.123:34122)
2024-03-30T04:17:20.976 INFO:teuthology.orchestra.run.smithi123.stdout:/usr/bin/ceph: stderr
2024-03-30T04:17:19.439+0000 7f924be00700 1 -- 172.21.15.123:0/1922352907 learned_addr learned my addr 172.21.15.123:0/1922352907 (peer_addr_for_me v2:172.21.15.123:0/0)
2024-03-30T04:17:20.976 INFO:teuthology.orchestra.run.smithi123.stdout:/usr/bin/ceph: stderr
2024-03-30T04:17:19.439+0000 7f924be00700 1 -- 172.21.15.123:0/1922352907 --> [v2:172.21.15.123:3300/0,v1:172.21.15.123:6789/0] -- mon_subscribe({config=0+,monmap=0+}) v3 -- 0x7f924c103010 con 0x7f924c102580
2024-03-30T04:17:20.976 INFO:teuthology.orchestra.run.smithi123.stdout:/usr/bin/ceph: stderr
2024-03-30T04:17:19.440+0000 7f924be00700 1 --2- 172.21.15.123:0/1922352907 >> [v2:172.21.15.123:3300/0,v1:172.21.15.123:6789/0] conn(0x7f924c102580 0x7f924c102990 secure :-1 s=READY pgs=47 cs=0 l=1 rev1=1 crypto rx=0x7f923c0098e0 tx=0x7f923c009250 comp rx=0 tx=0).ready entity=mon.0 client_cookie=b2cf5a0b4b06ae6e server_cookie=0 in_seq=0 out_seq=0
2024-03-30T04:17:20.976 INFO:teuthology.orchestra.run.smithi123.stdout:/usr/bin/ceph: stderr
2024-03-30T04:17:19.440+0000 7f924aa00700 1 -- 172.21.15.123:0/1922352907 <== mon.0 v2:172.21.15.123:3300/0 1 ==== mon_map magic: 0 v1 ==== 229+0+0 (secure 0 0 0) 0x7f923c00b860 con 0x7f924c102580
2024-03-30T04:17:20.977 INFO:teuthology.orchestra.run.smithi123.stdout:/usr/bin/ceph: stderr
2024-03-30T04:17:19.440+0000 7f924aa00700 1 -- 172.21.15.123:0/1922352907 <== mon.0 v2:172.21.15.123:3300/0 2 ==== config(26 keys) v1 ==== 1074+0+0 (secure 0 0 0) 0x7f923c00be70 con 0x7f924c102580
2024-03-30T04:17:20.977 INFO:teuthology.orchestra.run.smithi123.stdout:/usr/bin/ceph: stderr
2024-03-30T04:17:19.440+0000 7f924aa00700 1 -- 172.21.15.123:0/1922352907 <== mon.0 v2:172.21.15.123:3300/0 3 ==== mon_map magic: 0 v1 ==== 229+0+0 (secure 0 0 0) 0x7f923c010380 con 0x7f924c102580
2024-03-30T04:17:20.977 INFO:teuthology.orchestra.run.smithi123.stdout:/usr/bin/ceph: stderr
2024-03-30T04:17:19.440+0000 7f9253000700 1 -- 172.21.15.123:0/1922352907 >> [v2:172.21.15.123:3300/0,v1:172.21.15.123:6789/0] conn(0x7f924c102580 msgr2=0x7f924c102990 secure :-1 s=STATE_CONNECTION_ESTABLISHED l=1).mark_down
2024-03-30T04:17:20.977 INFO:teuthology.orchestra.run.smithi123.stdout:/usr/bin/ceph: stderr
2024-03-30T04:17:19.440+0000 7f9253000700 1 --2- 172.21.15.123:0/1922352907 >> [v2:172.21.15.123:3300/0,v1:172.21.15.123:6789/0] conn(0x7f924c102580 0x7f924c102990 secure :-1 s=READY pgs=47 cs=0 l=1 rev1=1 crypto rx=0x7f923c0098e0 tx=0x7f923c009250 comp rx=0 tx=0).stop
2024-03-30T04:17:20.977 INFO:teuthology.orchestra.run.smithi123.stdout:/usr/bin/ceph: stderr
2024-03-30T04:17:19.441+0000 7f9253000700 1 -- 172.21.15.123:0/1922352907 shutdown_connections
2024-03-30T04:17:20.977 INFO:teuthology.orchestra.run.smithi123.stdout:/usr/bin/ceph: stderr
2024-03-30T04:17:19.441+0000 7f9253000700 1 --2- 172.21.15.123:0/1922352907 >> [v2:172.21.15.123:3300/0,v1:172.21.15.123:6789/0] conn(0x7f924c102580 0x7f924c102990 unknown :-1 s=CLOSED pgs=47 cs=0 l=1 rev1=1 crypto rx=0 tx=0 comp rx=0 tx=0).stop
2024-03-30T04:17:20.977 INFO:teuthology.orchestra.run.smithi123.stdout:/usr/bin/ceph: stderr
2024-03-30T04:17:19.441+0000 7f9253000700 1 -- 172.21.15.123:0/1922352907 >> 172.21.15.123:0/1922352907 conn(0x7f924c0fdd00 msgr2=0x7f924c100110 unknown :-1 s=STATE_NONE l=0).mark_down
2024-03-30T04:17:20.977 INFO:teuthology.orchestra.run.smithi123.stdout:/usr/bin/ceph: stderr
2024-03-30T04:17:19.441+0000 7f9253000700 1 -- 172.21.15.123:0/1922352907 shutdown_connections
2024-03-30T04:17:20.977 INFO:teuthology.orchestra.run.smithi123.stdout:/usr/bin/ceph: stderr
2024-03-30T04:17:19.441+0000 7f9253000700 1 -- 172.21.15.123:0/1922352907 wait complete.
2024-03-30T04:17:20.977 INFO:teuthology.orchestra.run.smithi123.stdout:/usr/bin/ceph: stderr
2024-03-30T04:17:19.442+0000 7f9253000700 1 Processor -- start
2024-03-30T04:17:20.977 INFO:teuthology.orchestra.run.smithi123.stdout:/usr/bin/ceph: stderr
2024-03-30T04:17:19.442+0000 7f9253000700 1 -- start start
2024-03-30T04:17:20.977 INFO:teuthology.orchestra.run.smithi123.stdout:/usr/bin/ceph: stderr
2024-03-30T04:17:19.442+0000 7f9253000700 1 --2- >> [v2:172.21.15.123:3300/0,v1:172.21.15.123:6789/0] conn(0x7f924c102580 0x7f924c113580 unknown :-1 s=NONE pgs=0 cs=0 l=1 rev1=0 crypto rx=0 tx=0 comp rx=0 tx=0).connect
2024-03-30T04:17:20.977 INFO:teuthology.orchestra.run.smithi123.stdout:/usr/bin/ceph: stderr
2024-03-30T04:17:19.442+0000 7f9253000700 1 -- --> [v2:172.21.15.123:3300/0,v1:172.21.15.123:6789/0] -- mon_getmap magic: 0 v1 -- 0x7f924c113ac0 con 0x7f924c102580
2024-03-30T04:17:20.977 INFO:teuthology.orchestra.run.smithi123.stdout:/usr/bin/ceph: stderr
2024-03-30T04:17:19.442+0000 7f924be00700 1 --2- >> [v2:172.21.15.123:3300/0,v1:172.21.15.123:6789/0] conn(0x7f924c102580 0x7f924c113580 unknown :-1 s=BANNER_CONNECTING pgs=0 cs=0 l=1 rev1=0 crypto rx=0 tx=0 comp rx=0 tx=0)._handle_peer_banner_payload supported=3 required=0
2024-03-30T04:17:20.978 INFO:teuthology.orchestra.run.smithi123.stdout:/usr/bin/ceph: stderr
2024-03-30T04:17:19.442+0000 7f924be00700 1 --2- >> [v2:172.21.15.123:3300/0,v1:172.21.15.123:6789/0] conn(0x7f924c102580 0x7f924c113580 unknown :-1 s=HELLO_CONNECTING pgs=0 cs=0 l=1 rev1=1 crypto rx=0 tx=0 comp rx=0 tx=0).handle_hello peer v2:172.21.15.123:3300/0 says I am v2:172.21.15.123:34126/0 (socket says 172.21.15.123:34126)
2024-03-30T04:17:20.978 INFO:teuthology.orchestra.run.smithi123.stdout:/usr/bin/ceph: stderr
2024-03-30T04:17:19.442+0000 7f924be00700 1 -- 172.21.15.123:0/284889085 learned_addr learned my addr 172.21.15.123:0/284889085 (peer_addr_for_me v2:172.21.15.123:0/0)
2024-03-30T04:17:20.978 INFO:teuthology.orchestra.run.smithi123.stdout:/usr/bin/ceph: stderr
2024-03-30T04:17:19.443+0000 7f924be00700 1 -- 172.21.15.123:0/284889085 --> [v2:172.21.15.123:3300/0,v1:172.21.15.123:6789/0] -- mon_subscribe({config=0+,monmap=0+}) v3 -- 0x7f923c0094f0 con 0x7f924c102580
2024-03-30T04:17:20.978 INFO:teuthology.orchestra.run.smithi123.stdout:/usr/bin/ceph: stderr
2024-03-30T04:17:19.443+0000 7f924be00700 1 --2- 172.21.15.123:0/284889085 >> [v2:172.21.15.123:3300/0,v1:172.21.15.123:6789/0] conn(0x7f924c102580 0x7f924c113580 secure :-1 s=READY pgs=48 cs=0 l=1 rev1=1 crypto rx=0x7f923c00c010 tx=0x7f923c009250 comp rx=0 tx=0).ready entity=mon.0 client_cookie=0 server_cookie=0 in_seq=0 out_seq=0
2024-03-30T04:17:20.978 INFO:teuthology.orchestra.run.smithi123.stdout:/usr/bin/ceph: stderr
2024-03-30T04:17:19.443+0000 7f9243e00700 1 -- 172.21.15.123:0/284889085 <== mon.0 v2:172.21.15.123:3300/0 1 ==== mon_map magic: 0 v1 ==== 229+0+0 (secure 0 0 0) 0x7f923c010960 con 0x7f924c102580
2024-03-30T04:17:20.978 INFO:teuthology.orchestra.run.smithi123.stdout:/usr/bin/ceph: stderr
2024-03-30T04:17:19.443+0000 7f9243e00700 1 -- 172.21.15.123:0/284889085 <== mon.0 v2:172.21.15.123:3300/0 2 ==== config(26 keys) v1 ==== 1074+0+0 (secure 0 0 0) 0x7f923c01a430 con 0x7f924c102580
2024-03-30T04:17:20.978 INFO:teuthology.orchestra.run.smithi123.stdout:/usr/bin/ceph: stderr
2024-03-30T04:17:19.443+0000 7f9253000700 1 -- 172.21.15.123:0/284889085 --> [v2:172.21.15.123:3300/0,v1:172.21.15.123:6789/0] -- mon_subscribe({mgrmap=0+}) v3 -- 0x7f924c113cc0 con 0x7f924c102580
2024-03-30T04:17:20.978 INFO:teuthology.orchestra.run.smithi123.stdout:/usr/bin/ceph: stderr
2024-03-30T04:17:19.443+0000 7f9243e00700 1 -- 172.21.15.123:0/284889085 <== mon.0 v2:172.21.15.123:3300/0 3 ==== mon_map magic: 0 v1 ==== 229+0+0 (secure 0 0 0) 0x7f923c0245b0 con 0x7f924c102580
2024-03-30T04:17:20.978 INFO:teuthology.orchestra.run.smithi123.stdout:/usr/bin/ceph: stderr
2024-03-30T04:17:19.443+0000 7f9253000700 1 -- 172.21.15.123:0/284889085 --> [v2:172.21.15.123:3300/0,v1:172.21.15.123:6789/0] -- mon_subscribe({osdmap=0}) v3 -- 0x7f924c114830 con 0x7f924c102580
2024-03-30T04:17:20.978 INFO:teuthology.orchestra.run.smithi123.stdout:/usr/bin/ceph: stderr
2024-03-30T04:17:19.444+0000 7f9243e00700 1 -- 172.21.15.123:0/284889085 <== mon.0 v2:172.21.15.123:3300/0 4 ==== mgrmap(e 8) v1 ==== 43368+0+0 (secure 0 0 0) 0x7f923c0247f0 con 0x7f924c102580
2024-03-30T04:17:20.978 INFO:teuthology.orchestra.run.smithi123.stdout:/usr/bin/ceph: stderr
2024-03-30T04:17:19.445+0000 7f9253000700 1 -- 172.21.15.123:0/284889085 --> [v2:172.21.15.123:3300/0,v1:172.21.15.123:6789/0] -- mon_command({"prefix": "get_command_descriptions"} v 0) v1 -- 0x7f924c05f5f0 con 0x7f924c102580
2024-03-30T04:17:20.978 INFO:teuthology.orchestra.run.smithi123.stdout:/usr/bin/ceph: stderr
2024-03-30T04:17:19.445+0000 7f9243e00700 1 --2- 172.21.15.123:0/284889085 >> [v2:172.21.15.123:6800/1776532690,v1:172.21.15.123:6801/1776532690] conn(0x7f92300367e0 0x7f9230038c90 unknown :-1 s=NONE pgs=0 cs=0 l=1 rev1=0 crypto rx=0 tx=0 comp rx=0 tx=0).connect
2024-03-30T04:17:20.978 INFO:teuthology.orchestra.run.smithi123.stdout:/usr/bin/ceph: stderr
2024-03-30T04:17:19.445+0000 7f9243e00700 1 -- 172.21.15.123:0/284889085 <== mon.0 v2:172.21.15.123:3300/0 5 ==== osd_map(2..2 src has 1..2) v4 ==== 936+0+0 (secure 0 0 0) 0x7f923c04a7d0 con 0x7f924c102580
2024-03-30T04:17:20.979 INFO:teuthology.orchestra.run.smithi123.stdout:/usr/bin/ceph: stderr
2024-03-30T04:17:19.445+0000 7f924b400700 1 --2- 172.21.15.123:0/284889085 >> [v2:172.21.15.123:6800/1776532690,v1:172.21.15.123:6801/1776532690] conn(0x7f92300367e0 0x7f9230038c90 unknown :-1 s=BANNER_CONNECTING pgs=0 cs=0 l=1 rev1=0 crypto rx=0 tx=0 comp rx=0 tx=0)._handle_peer_banner_payload supported=3 required=0
2024-03-30T04:17:20.979 INFO:teuthology.orchestra.run.smithi123.stdout:/usr/bin/ceph: stderr
2024-03-30T04:17:19.446+0000 7f924b400700 1 --2- 172.21.15.123:0/284889085 >> [v2:172.21.15.123:6800/1776532690,v1:172.21.15.123:6801/1776532690] conn(0x7f92300367e0 0x7f9230038c90 secure :-1 s=READY pgs=13 cs=0 l=1 rev1=1 crypto rx=0x7f9238009990 tx=0x7f9238006e40 comp rx=0 tx=0).ready entity=mgr.14118 client_cookie=0 server_cookie=0 in_seq=0 out_seq=0
2024-03-30T04:17:20.979 INFO:teuthology.orchestra.run.smithi123.stdout:/usr/bin/ceph: stderr
2024-03-30T04:17:19.450+0000 7f9243e00700 1 -- 172.21.15.123:0/284889085 <== mon.0 v2:172.21.15.123:3300/0 6 ==== mon_command_ack([{"prefix": "get_command_descriptions"}]=0 v0) v1 ==== 72+0+176504 (secure 0 0 0) 0x7f923c018d90 con 0x7f924c102580
2024-03-30T04:17:20.979 INFO:teuthology.orchestra.run.smithi123.stdout:/usr/bin/ceph: stderr
2024-03-30T04:17:19.672+0000 7f9253000700 1 -- 172.21.15.123:0/284889085 --> [v2:172.21.15.123:6800/1776532690,v1:172.21.15.123:6801/1776532690] -- mgr_command(tid 0: {"prefix": "orch apply", "service_type": "mgr", "target": ["mon-mgr", ""]}) v1 -- 0x7f924c0fee90 con 0x7f92300367e0
2024-03-30T04:17:20.979 INFO:teuthology.orchestra.run.smithi123.stdout:/usr/bin/ceph: stderr
2024-03-30T04:17:19.680+0000 7f9243e00700 1 -- 172.21.15.123:0/284889085 <== mgr.14118 v2:172.21.15.123:6800/1776532690 1 ==== mgr_command_reply(tid 0: 0 ) v1 ==== 8+0+24 (secure 0 0 0) 0x7f924c0fee90 con 0x7f92300367e0
2024-03-30T04:17:20.979 INFO:teuthology.orchestra.run.smithi123.stdout:/usr/bin/ceph: stderr
2024-03-30T04:17:19.682+0000 7f9253000700 1 -- 172.21.15.123:0/284889085 >> [v2:172.21.15.123:6800/1776532690,v1:172.21.15.123:6801/1776532690] conn(0x7f92300367e0 msgr2=0x7f9230038c90 secure :-1 s=STATE_CONNECTION_ESTABLISHED l=1).mark_down
2024-03-30T04:17:20.979 INFO:teuthology.orchestra.run.smithi123.stdout:/usr/bin/ceph: stderr
2024-03-30T04:17:19.682+0000 7f9253000700 1 --2- 172.21.15.123:0/284889085 >> [v2:172.21.15.123:6800/1776532690,v1:172.21.15.123:6801/1776532690] conn(0x7f92300367e0 0x7f9230038c90 secure :-1 s=READY pgs=13 cs=0 l=1 rev1=1 crypto rx=0x7f9238009990 tx=0x7f9238006e40 comp rx=0 tx=0).stop
2024-03-30T04:17:20.979 INFO:teuthology.orchestra.run.smithi123.stdout:/usr/bin/ceph: stderr
2024-03-30T04:17:19.682+0000 7f9253000700 1 -- 172.21.15.123:0/284889085 >> [v2:172.21.15.123:3300/0,v1:172.21.15.123:6789/0] conn(0x7f924c102580 msgr2=0x7f924c113580 secure :-1 s=STATE_CONNECTION_ESTABLISHED l=1).mark_down
2024-03-30T04:17:20.979 INFO:teuthology.orchestra.run.smithi123.stdout:/usr/bin/ceph: stderr
2024-03-30T04:17:19.682+0000 7f9253000700 1 --2- 172.21.15.123:0/284889085 >> [v2:172.21.15.123:3300/0,v1:172.21.15.123:6789/0] conn(0x7f924c102580 0x7f924c113580 secure :-1 s=READY pgs=48 cs=0 l=1 rev1=1 crypto rx=0x7f923c00c010 tx=0x7f923c009250 comp rx=0 tx=0).stop
2024-03-30T04:17:20.979 INFO:teuthology.orchestra.run.smithi123.stdout:/usr/bin/ceph: stderr
2024-03-30T04:17:19.683+0000 7f9253000700 1 -- 172.21.15.123:0/284889085 shutdown_connections
2024-03-30T04:17:20.979 INFO:teuthology.orchestra.run.smithi123.stdout:/usr/bin/ceph: stderr
2024-03-30T04:17:19.683+0000 7f9253000700 1 --2- 172.21.15.123:0/284889085 >> [v2:172.21.15.123:6800/1776532690,v1:172.21.15.123:6801/1776532690] conn(0x7f92300367e0 0x7f9230038c90 unknown :-1 s=CLOSED pgs=13 cs=0 l=1 rev1=1 crypto rx=0 tx=0 comp rx=0 tx=0).stop
2024-03-30T04:17:20.979 INFO:teuthology.orchestra.run.smithi123.stdout:/usr/bin/ceph: stderr
2024-03-30T04:17:19.683+0000 7f9253000700 1 --2- 172.21.15.123:0/284889085 >> [v2:172.21.15.123:3300/0,v1:172.21.15.123:6789/0] conn(0x7f924c102580 0x7f924c113580 unknown :-1 s=CLOSED pgs=48 cs=0 l=1 rev1=1 crypto rx=0 tx=0 comp rx=0 tx=0).stop
2024-03-30T04:17:20.979 INFO:teuthology.orchestra.run.smithi123.stdout:/usr/bin/ceph: stderr
2024-03-30T04:17:19.683+0000 7f9253000700 1 -- 172.21.15.123:0/284889085 >> 172.21.15.123:0/284889085 conn(0x7f924c0fdd00 msgr2=0x7f924c0fe780 unknown :-1 s=STATE_NONE l=0).mark_down
2024-03-30T04:17:20.979 INFO:teuthology.orchestra.run.smithi123.stdout:/usr/bin/ceph: stderr
2024-03-30T04:17:19.683+0000 7f9253000700 1 -- 172.21.15.123:0/284889085 shutdown_connections
2024-03-30T04:17:20.980 INFO:teuthology.orchestra.run.smithi123.stdout:/usr/bin/ceph: stderr
2024-03-30T04:17:19.683+0000 7f9253000700 1 -- 172.21.15.123:0/284889085 wait complete.
2024-03-30T04:17:20.980 INFO:teuthology.orchestra.run.smithi123.stdout:Deploying crash service with default placement...
2024-03-30T04:17:21.969 INFO:journalctl@ceph.mon.smithi123.smithi123.stdout:Mar 30 04:17:21 smithi123 ceph-mon[35245]: from='mgr.14118 172.21.15.123:0/1102803547' entity='mgr.smithi123.xgksqq'
2024-03-30T04:17:22.519 INFO:teuthology.orchestra.run.smithi123.stdout:/usr/bin/ceph: stdout Scheduled crash update...
2024-03-30T04:17:22.519 INFO:teuthology.orchestra.run.smithi123.stdout:/usr/bin/ceph: stderr
2024-03-30T04:17:21.565+0000 7f4114c00700 1 Processor -- start
2024-03-30T04:17:22.519 INFO:teuthology.orchestra.run.smithi123.stdout:/usr/bin/ceph: stderr
2024-03-30T04:17:21.565+0000 7f4114c00700 1 -- start start
2024-03-30T04:17:22.519 INFO:teuthology.orchestra.run.smithi123.stdout:/usr/bin/ceph: stderr
2024-03-30T04:17:21.565+0000 7f4114c00700 1 --2- >> [v2:172.21.15.123:3300/0,v1:172.21.15.123:6789/0] conn(0x7f4110102580 0x7f4110102990 unknown :-1 s=NONE pgs=0 cs=0 l=0 rev1=0 crypto rx=0 tx=0 comp rx=0 tx=0).connect
2024-03-30T04:17:22.519 INFO:teuthology.orchestra.run.smithi123.stdout:/usr/bin/ceph: stderr
2024-03-30T04:17:21.565+0000 7f4114c00700 1 -- --> [v2:172.21.15.123:3300/0,v1:172.21.15.123:6789/0] -- mon_getmap magic: 0 v1 -- 0x7f4110102ed0 con 0x7f4110102580
2024-03-30T04:17:22.519 INFO:teuthology.orchestra.run.smithi123.stdout:/usr/bin/ceph: stderr
2024-03-30T04:17:21.566+0000 7f410de00700 1 --2- >> [v2:172.21.15.123:3300/0,v1:172.21.15.123:6789/0] conn(0x7f4110102580 0x7f4110102990 unknown :-1 s=BANNER_CONNECTING pgs=0 cs=0 l=0 rev1=0 crypto rx=0 tx=0 comp rx=0 tx=0)._handle_peer_banner_payload supported=3 required=0
2024-03-30T04:17:22.519 INFO:teuthology.orchestra.run.smithi123.stdout:/usr/bin/ceph: stderr
2024-03-30T04:17:21.566+0000 7f410de00700 1 --2- >> [v2:172.21.15.123:3300/0,v1:172.21.15.123:6789/0] conn(0x7f4110102580 0x7f4110102990 unknown :-1 s=HELLO_CONNECTING pgs=0 cs=0 l=0 rev1=1 crypto rx=0 tx=0 comp rx=0 tx=0).handle_hello peer v2:172.21.15.123:3300/0 says I am v2:172.21.15.123:34140/0 (socket says 172.21.15.123:34140)
2024-03-30T04:17:22.519 INFO:teuthology.orchestra.run.smithi123.stdout:/usr/bin/ceph: stderr
2024-03-30T04:17:21.566+0000 7f410de00700 1 -- 172.21.15.123:0/3234974453 learned_addr learned my addr 172.21.15.123:0/3234974453 (peer_addr_for_me v2:172.21.15.123:0/0)
2024-03-30T04:17:22.519 INFO:teuthology.orchestra.run.smithi123.stdout:/usr/bin/ceph: stderr
2024-03-30T04:17:21.566+0000 7f410de00700 1 -- 172.21.15.123:0/3234974453 --> [v2:172.21.15.123:3300/0,v1:172.21.15.123:6789/0] -- mon_subscribe({config=0+,monmap=0+}) v3 -- 0x7f4110103010 con 0x7f4110102580
2024-03-30T04:17:22.519 INFO:teuthology.orchestra.run.smithi123.stdout:/usr/bin/ceph: stderr
2024-03-30T04:17:21.566+0000 7f410de00700 1 --2- 172.21.15.123:0/3234974453 >> [v2:172.21.15.123:3300/0,v1:172.21.15.123:6789/0] conn(0x7f4110102580 0x7f4110102990 secure :-1 s=READY pgs=49 cs=0 l=1 rev1=1 crypto rx=0x7f41000098e0 tx=0x7f4100009250 comp rx=0 tx=0).ready entity=mon.0 client_cookie=e1208a2eba217600 server_cookie=0 in_seq=0 out_seq=0
2024-03-30T04:17:22.519 INFO:teuthology.orchestra.run.smithi123.stdout:/usr/bin/ceph: stderr
