2024-04-17T06:27:00.343+0000 7f362d600700 1 -- 172.21.15.110:0/2944491071 <== mon.0 v2:172.21.15.110:3300/0 3 ==== mon_map magic: 0 ==== 205+0+0 (secure 0 0 0) 0x7f3620004490 con 0x7f3630106630
2024-04-17T06:27:01.187 INFO:teuthology.orchestra.run.smithi110.stdout:/usr/bin/ceph: stderr
2024-04-17T06:27:00.347+0000 7f362fe00700 1 -- 172.21.15.110:0/2944491071 >> [v2:172.21.15.110:3300/0,v1:172.21.15.110:6789/0] conn(0x7f3630106630 msgr2=0x7f3630106a50 secure :-1 s=STATE_CONNECTION_ESTABLISHED l=1).mark_down
2024-04-17T06:27:01.187 INFO:teuthology.orchestra.run.smithi110.stdout:/usr/bin/ceph: stderr
2024-04-17T06:27:00.347+0000 7f362fe00700 1 --2- 172.21.15.110:0/2944491071 >> [v2:172.21.15.110:3300/0,v1:172.21.15.110:6789/0] conn(0x7f3630106630 0x7f3630106a50 secure :-1 s=READY pgs=53 cs=0 l=1 rev1=1 crypto rx=0x7f3620009e80 tx=0x7f362000b330 comp rx=0 tx=0).stop
2024-04-17T06:27:01.187 INFO:teuthology.orchestra.run.smithi110.stdout:/usr/bin/ceph: stderr
2024-04-17T06:27:00.347+0000 7f362fe00700 1 -- 172.21.15.110:0/2944491071 shutdown_connections
2024-04-17T06:27:01.187 INFO:teuthology.orchestra.run.smithi110.stdout:/usr/bin/ceph: stderr
2024-04-17T06:27:00.347+0000 7f362fe00700 1 --2- 172.21.15.110:0/2944491071 >> [v2:172.21.15.110:3300/0,v1:172.21.15.110:6789/0] conn(0x7f3630106630 0x7f3630106a50 unknown :-1 s=CLOSED pgs=53 cs=0 l=1 rev1=1 crypto rx=0 tx=0 comp rx=0 tx=0).stop
2024-04-17T06:27:01.187 INFO:teuthology.orchestra.run.smithi110.stdout:/usr/bin/ceph: stderr
2024-04-17T06:27:00.347+0000 7f362fe00700 1 -- 172.21.15.110:0/2944491071 >> 172.21.15.110:0/2944491071 conn(0x7f3630101c30 msgr2=0x7f3630104050 unknown :-1 s=STATE_NONE l=0).mark_down
2024-04-17T06:27:01.187 INFO:teuthology.orchestra.run.smithi110.stdout:/usr/bin/ceph: stderr
2024-04-17T06:27:00.347+0000 7f362fe00700 1 -- 172.21.15.110:0/2944491071 shutdown_connections
2024-04-17T06:27:01.187 INFO:teuthology.orchestra.run.smithi110.stdout:/usr/bin/ceph: stderr
2024-04-17T06:27:00.347+0000 7f362fe00700 1 -- 172.21.15.110:0/2944491071 wait complete.
2024-04-17T06:27:01.187 INFO:teuthology.orchestra.run.smithi110.stdout:/usr/bin/ceph: stderr
2024-04-17T06:27:00.347+0000 7f362fe00700 1 Processor -- start
2024-04-17T06:27:01.187 INFO:teuthology.orchestra.run.smithi110.stdout:/usr/bin/ceph: stderr
2024-04-17T06:27:00.347+0000 7f362fe00700 1 -- start start
2024-04-17T06:27:01.187 INFO:teuthology.orchestra.run.smithi110.stdout:/usr/bin/ceph: stderr
2024-04-17T06:27:00.347+0000 7f362fe00700 1 --2- >> [v2:172.21.15.110:3300/0,v1:172.21.15.110:6789/0] conn(0x7f3630106630 0x7f363019b6a0 unknown :-1 s=NONE pgs=0 cs=0 l=1 rev1=0 crypto rx=0 tx=0 comp rx=0 tx=0).connect
2024-04-17T06:27:01.188 INFO:teuthology.orchestra.run.smithi110.stdout:/usr/bin/ceph: stderr
2024-04-17T06:27:00.347+0000 7f362fe00700 1 -- --> [v2:172.21.15.110:3300/0,v1:172.21.15.110:6789/0] -- mon_getmap magic: 0 -- 0x7f363010abe0 con 0x7f3630106630
2024-04-17T06:27:01.188 INFO:teuthology.orchestra.run.smithi110.stdout:/usr/bin/ceph: stderr
2024-04-17T06:27:00.347+0000 7f362ea00700 1 --2- >> [v2:172.21.15.110:3300/0,v1:172.21.15.110:6789/0] conn(0x7f3630106630 0x7f363019b6a0 unknown :-1 s=BANNER_CONNECTING pgs=0 cs=0 l=1 rev1=0 crypto rx=0 tx=0 comp rx=0 tx=0)._handle_peer_banner_payload supported=3 required=0
2024-04-17T06:27:01.188 INFO:teuthology.orchestra.run.smithi110.stdout:/usr/bin/ceph: stderr
2024-04-17T06:27:00.347+0000 7f362ea00700 1 --2- >> [v2:172.21.15.110:3300/0,v1:172.21.15.110:6789/0] conn(0x7f3630106630 0x7f363019b6a0 unknown :-1 s=HELLO_CONNECTING pgs=0 cs=0 l=1 rev1=1 crypto rx=0 tx=0 comp rx=0 tx=0).handle_hello peer v2:172.21.15.110:3300/0 says I am v2:172.21.15.110:38514/0 (socket says 172.21.15.110:38514)
2024-04-17T06:27:01.188 INFO:teuthology.orchestra.run.smithi110.stdout:/usr/bin/ceph: stderr
2024-04-17T06:27:00.347+0000 7f362ea00700 1 -- 172.21.15.110:0/3967047059 learned_addr learned my addr 172.21.15.110:0/3967047059 (peer_addr_for_me v2:172.21.15.110:0/0)
2024-04-17T06:27:01.188 INFO:teuthology.orchestra.run.smithi110.stdout:/usr/bin/ceph: stderr
2024-04-17T06:27:00.347+0000 7f362ea00700 1 -- 172.21.15.110:0/3967047059 --> [v2:172.21.15.110:3300/0,v1:172.21.15.110:6789/0] -- mon_subscribe({config=0+,monmap=0+}) -- 0x7f363019bbe0 con 0x7f3630106630
2024-04-17T06:27:01.188 INFO:teuthology.orchestra.run.smithi110.stdout:/usr/bin/ceph: stderr
2024-04-17T06:27:00.347+0000 7f362ea00700 1 --2- 172.21.15.110:0/3967047059 >> [v2:172.21.15.110:3300/0,v1:172.21.15.110:6789/0] conn(0x7f3630106630 0x7f363019b6a0 secure :-1 s=READY pgs=54 cs=0 l=1 rev1=1 crypto rx=0x7f3620003c50 tx=0x7f3620003d30 comp rx=0 tx=0).ready entity=mon.0 client_cookie=0 server_cookie=0 in_seq=0 out_seq=0
2024-04-17T06:27:01.188 INFO:teuthology.orchestra.run.smithi110.stdout:/usr/bin/ceph: stderr
2024-04-17T06:27:00.347+0000 7f3627400700 1 -- 172.21.15.110:0/3967047059 <== mon.0 v2:172.21.15.110:3300/0 1 ==== mon_map magic: 0 ==== 205+0+0 (secure 0 0 0) 0x7f3620020020 con 0x7f3630106630
2024-04-17T06:27:01.188 INFO:teuthology.orchestra.run.smithi110.stdout:/usr/bin/ceph: stderr
2024-04-17T06:27:00.347+0000 7f3627400700 1 -- 172.21.15.110:0/3967047059 <== mon.0 v2:172.21.15.110:3300/0 2 ==== config(26 keys) ==== 1102+0+0 (secure 0 0 0) 0x7f362000bc60 con 0x7f3630106630
2024-04-17T06:27:01.188 INFO:teuthology.orchestra.run.smithi110.stdout:/usr/bin/ceph: stderr
2024-04-17T06:27:00.347+0000 7f3627400700 1 -- 172.21.15.110:0/3967047059 <== mon.0 v2:172.21.15.110:3300/0 3 ==== mon_map magic: 0 ==== 205+0+0 (secure 0 0 0) 0x7f3620017040 con 0x7f3630106630
2024-04-17T06:27:01.188 INFO:teuthology.orchestra.run.smithi110.stdout:/usr/bin/ceph: stderr
2024-04-17T06:27:00.347+0000 7f362fe00700 1 -- 172.21.15.110:0/3967047059 --> [v2:172.21.15.110:3300/0,v1:172.21.15.110:6789/0] -- mon_subscribe({mgrmap=0+}) -- 0x7f363019be70 con 0x7f3630106630
2024-04-17T06:27:01.188 INFO:teuthology.orchestra.run.smithi110.stdout:/usr/bin/ceph: stderr
2024-04-17T06:27:00.347+0000 7f362fe00700 1 -- 172.21.15.110:0/3967047059 --> [v2:172.21.15.110:3300/0,v1:172.21.15.110:6789/0] -- mon_subscribe({osdmap=0}) -- 0x7f363019eb10 con 0x7f3630106630
2024-04-17T06:27:01.189 INFO:teuthology.orchestra.run.smithi110.stdout:/usr/bin/ceph: stderr
2024-04-17T06:27:00.347+0000 7f3627400700 1 -- 172.21.15.110:0/3967047059 <== mon.0 v2:172.21.15.110:3300/0 4 ==== mgrmap(e 8) ==== 46558+0+0 (secure 0 0 0) 0x7f3620023020 con 0x7f3630106630
2024-04-17T06:27:01.189 INFO:teuthology.orchestra.run.smithi110.stdout:/usr/bin/ceph: stderr
2024-04-17T06:27:00.351+0000 7f362fe00700 1 -- 172.21.15.110:0/3967047059 --> [v2:172.21.15.110:3300/0,v1:172.21.15.110:6789/0] -- mon_command({"prefix": "get_command_descriptions"} v 0) -- 0x7f36300640b0 con 0x7f3630106630
2024-04-17T06:27:01.189 INFO:teuthology.orchestra.run.smithi110.stdout:/usr/bin/ceph: stderr
2024-04-17T06:27:00.351+0000 7f3627400700 1 --2- 172.21.15.110:0/3967047059 >> [v2:172.21.15.110:6800/2801396398,v1:172.21.15.110:6801/2801396398] conn(0x7f3614039600 0x7f361403bac0 unknown :-1 s=NONE pgs=0 cs=0 l=1 rev1=0 crypto rx=0 tx=0 comp rx=0 tx=0).connect
2024-04-17T06:27:01.189 INFO:teuthology.orchestra.run.smithi110.stdout:/usr/bin/ceph: stderr
2024-04-17T06:27:00.351+0000 7f3627400700 1 -- 172.21.15.110:0/3967047059 <== mon.0 v2:172.21.15.110:3300/0 5 ==== osd_map(2..2 src has 1..2) ==== 940+0+0 (secure 0 0 0) 0x7f362000f050 con 0x7f3630106630
2024-04-17T06:27:01.189 INFO:teuthology.orchestra.run.smithi110.stdout:/usr/bin/ceph: stderr
2024-04-17T06:27:00.351+0000 7f362e000700 1 --2- 172.21.15.110:0/3967047059 >> [v2:172.21.15.110:6800/2801396398,v1:172.21.15.110:6801/2801396398] conn(0x7f3614039600 0x7f361403bac0 unknown :-1 s=BANNER_CONNECTING pgs=0 cs=0 l=1 rev1=0 crypto rx=0 tx=0 comp rx=0 tx=0)._handle_peer_banner_payload supported=3 required=0
2024-04-17T06:27:01.189 INFO:teuthology.orchestra.run.smithi110.stdout:/usr/bin/ceph: stderr
2024-04-17T06:27:00.351+0000 7f362e000700 1 --2- 172.21.15.110:0/3967047059 >> [v2:172.21.15.110:6800/2801396398,v1:172.21.15.110:6801/2801396398] conn(0x7f3614039600 0x7f361403bac0 secure :-1 s=READY pgs=15 cs=0 l=1 rev1=1 crypto rx=0x7f361c006fd0 tx=0x7f361c006e40 comp rx=0 tx=0).ready entity=mgr.14120 client_cookie=0 server_cookie=0 in_seq=0 out_seq=0
2024-04-17T06:27:01.189 INFO:teuthology.orchestra.run.smithi110.stdout:/usr/bin/ceph: stderr
2024-04-17T06:27:00.355+0000 7f3627400700 1 -- 172.21.15.110:0/3967047059 <== mon.0 v2:172.21.15.110:3300/0 6 ==== mon_command_ack([{"prefix": "get_command_descriptions"}]=0 v0) ==== 72+0+188381 (secure 0 0 0) 0x7f362002a020 con 0x7f3630106630
2024-04-17T06:27:01.189 INFO:teuthology.orchestra.run.smithi110.stdout:/usr/bin/ceph: stderr
2024-04-17T06:27:00.559+0000 7f362fe00700 1 -- 172.21.15.110:0/3967047059 --> [v2:172.21.15.110:3300/0,v1:172.21.15.110:6789/0] -- mon_command([{prefix=config set, name=mgr/dashboard/ssl_server_port}] v 0) -- 0x7f363002e340 con 0x7f3630106630
2024-04-17T06:27:01.189 INFO:teuthology.orchestra.run.smithi110.stdout:/usr/bin/ceph: stderr
2024-04-17T06:27:00.563+0000 7f3627400700 1 -- 172.21.15.110:0/3967047059 <== mon.0 v2:172.21.15.110:3300/0 7 ==== mon_command_ack([{prefix=config set, name=mgr/dashboard/ssl_server_port}]=0 v8)=0 v8) ==== 130+0+0 (secure 0 0 0) 0x7f362004d140 con 0x7f3630106630
2024-04-17T06:27:01.189 INFO:teuthology.orchestra.run.smithi110.stdout:/usr/bin/ceph: stderr
2024-04-17T06:27:00.563+0000 7f362fe00700 1 -- 172.21.15.110:0/3967047059 >> [v2:172.21.15.110:6800/2801396398,v1:172.21.15.110:6801/2801396398] conn(0x7f3614039600 msgr2=0x7f361403bac0 secure :-1 s=STATE_CONNECTION_ESTABLISHED l=1).mark_down
2024-04-17T06:27:01.189 INFO:teuthology.orchestra.run.smithi110.stdout:/usr/bin/ceph: stderr
2024-04-17T06:27:00.563+0000 7f362fe00700 1 --2- 172.21.15.110:0/3967047059 >> [v2:172.21.15.110:6800/2801396398,v1:172.21.15.110:6801/2801396398] conn(0x7f3614039600 0x7f361403bac0 secure :-1 s=READY pgs=15 cs=0 l=1 rev1=1 crypto rx=0x7f361c006fd0 tx=0x7f361c006e40 comp rx=0 tx=0).stop
2024-04-17T06:27:01.189 INFO:teuthology.orchestra.run.smithi110.stdout:/usr/bin/ceph: stderr
2024-04-17T06:27:00.563+0000 7f362fe00700 1 -- 172.21.15.110:0/3967047059 >> [v2:172.21.15.110:3300/0,v1:172.21.15.110:6789/0] conn(0x7f3630106630 msgr2=0x7f363019b6a0 secure :-1 s=STATE_CONNECTION_ESTABLISHED l=1).mark_down
2024-04-17T06:27:01.189 INFO:teuthology.orchestra.run.smithi110.stdout:/usr/bin/ceph: stderr
2024-04-17T06:27:00.563+0000 7f362fe00700 1 --2- 172.21.15.110:0/3967047059 >> [v2:172.21.15.110:3300/0,v1:172.21.15.110:6789/0] conn(0x7f3630106630 0x7f363019b6a0 secure :-1 s=READY pgs=54 cs=0 l=1 rev1=1 crypto rx=0x7f3620003c50 tx=0x7f3620003d30 comp rx=0 tx=0).stop
2024-04-17T06:27:01.190 INFO:teuthology.orchestra.run.smithi110.stdout:/usr/bin/ceph: stderr
2024-04-17T06:27:00.563+0000 7f362fe00700 1 -- 172.21.15.110:0/3967047059 shutdown_connections
2024-04-17T06:27:01.190 INFO:teuthology.orchestra.run.smithi110.stdout:/usr/bin/ceph: stderr
2024-04-17T06:27:00.563+0000 7f362fe00700 1 --2- 172.21.15.110:0/3967047059 >> [v2:172.21.15.110:6800/2801396398,v1:172.21.15.110:6801/2801396398] conn(0x7f3614039600 0x7f361403bac0 unknown :-1 s=CLOSED pgs=15 cs=0 l=1 rev1=1 crypto rx=0 tx=0 comp rx=0 tx=0).stop
2024-04-17T06:27:01.190 INFO:teuthology.orchestra.run.smithi110.stdout:/usr/bin/ceph: stderr
2024-04-17T06:27:00.563+0000 7f362fe00700 1 --2- 172.21.15.110:0/3967047059 >> [v2:172.21.15.110:3300/0,v1:172.21.15.110:6789/0] conn(0x7f3630106630 0x7f363019b6a0 unknown :-1 s=CLOSED pgs=54 cs=0 l=1 rev1=1 crypto rx=0 tx=0 comp rx=0 tx=0).stop
2024-04-17T06:27:01.190 INFO:teuthology.orchestra.run.smithi110.stdout:/usr/bin/ceph: stderr
2024-04-17T06:27:00.563+0000 7f362fe00700 1 -- 172.21.15.110:0/3967047059 >> 172.21.15.110:0/3967047059 conn(0x7f3630101c30 msgr2=0x7f3630102a80 unknown :-1 s=STATE_NONE l=0).mark_down
2024-04-17T06:27:01.190 INFO:teuthology.orchestra.run.smithi110.stdout:/usr/bin/ceph: stderr
2024-04-17T06:27:00.563+0000 7f362fe00700 1 -- 172.21.15.110:0/3967047059 shutdown_connections
2024-04-17T06:27:01.190 INFO:teuthology.orchestra.run.smithi110.stdout:/usr/bin/ceph: stderr
2024-04-17T06:27:00.563+0000 7f362fe00700 1 -- 172.21.15.110:0/3967047059 wait complete.
2024-04-17T06:27:01.190 INFO:teuthology.orchestra.run.smithi110.stdout:Enabling the dashboard module...
2024-04-17T06:27:01.859 INFO:journalctl@ceph.mon.a.smithi110.stdout:Apr 17 06:27:01 smithi110 bash[21553]: audit
2024-04-17T06:27:00.567779+0000 mon.a (mon.0) 69 : audit [INF] from='client.? 172.21.15.110:0/3967047059' entity='client.admin'
2024-04-17T06:27:02.848 INFO:journalctl@ceph.mgr.x.smithi110.stdout:Apr 17 06:27:02 smithi110 bash[21806]: ignoring --setuser ceph since I am not root
2024-04-17T06:27:02.848 INFO:journalctl@ceph.mgr.x.smithi110.stdout:Apr 17 06:27:02 smithi110 bash[21806]: ignoring --setgroup ceph since I am not root
2024-04-17T06:27:02.849 INFO:journalctl@ceph.mon.a.smithi110.stdout:Apr 17 06:27:02 smithi110 bash[21553]: cluster
2024-04-17T06:27:01.087322+0000 mgr.x (mgr.14120) 22 : cluster [DBG] pgmap v5: 0 pgs: ; 0 B data, 0 B used, 0 B / 0 B avail
2024-04-17T06:27:02.849 INFO:journalctl@ceph.mon.a.smithi110.stdout:Apr 17 06:27:02 smithi110 bash[21553]: audit
2024-04-17T06:27:02.457250+0000 mon.a (mon.0) 70 : audit [INF] from='client.? 172.21.15.110:0/1716591618' entity='client.admin' cmd=[{"prefix": "mgr module enable", "module": "dashboard"}]: dispatch
2024-04-17T06:27:03.109 INFO:journalctl@ceph.mgr.x.smithi110.stdout:Apr 17 06:27:02 smithi110 bash[21806]: debug
2024-04-17T06:27:02.831+0000 7fba7bbe2200 -1 mgr[py] Module devicehealth has missing NOTIFY_TYPES member
2024-04-17T06:27:03.199 INFO:teuthology.orchestra.run.smithi110.stdout:/usr/bin/ceph: stderr
2024-04-17T06:27:02.175+0000 7fba92600700 1 Processor -- start
2024-04-17T06:27:03.199 INFO:teuthology.orchestra.run.smithi110.stdout:/usr/bin/ceph: stderr
2024-04-17T06:27:02.175+0000 7fba92600700 1 -- start start
2024-04-17T06:27:03.199 INFO:teuthology.orchestra.run.smithi110.stdout:/usr/bin/ceph: stderr
2024-04-17T06:27:02.175+0000 7fba92600700 1 --2- >> [v2:172.21.15.110:3300/0,v1:172.21.15.110:6789/0] conn(0x7fba8c1081c0 0x7fba8c10a5b0 unknown :-1 s=NONE pgs=0 cs=0 l=0 rev1=0 crypto rx=0 tx=0 comp rx=0 tx=0).connect
2024-04-17T06:27:03.200 INFO:teuthology.orchestra.run.smithi110.stdout:/usr/bin/ceph: stderr
2024-04-17T06:27:02.175+0000 7fba92600700 1 -- --> [v2:172.21.15.110:3300/0,v1:172.21.15.110:6789/0] -- mon_getmap magic: 0 -- 0x7fba8c07aed0 con 0x7fba8c1081c0
2024-04-17T06:27:03.200 INFO:teuthology.orchestra.run.smithi110.stdout:/usr/bin/ceph: stderr
2024-04-17T06:27:02.175+0000 7fba91200700 1 --2- >> [v2:172.21.15.110:3300/0,v1:172.21.15.110:6789/0] conn(0x7fba8c1081c0 0x7fba8c10a5b0 unknown :-1 s=BANNER_CONNECTING pgs=0 cs=0 l=0 rev1=0 crypto rx=0 tx=0 comp rx=0 tx=0)._handle_peer_banner_payload supported=3 required=0
2024-04-17T06:27:03.200 INFO:teuthology.orchestra.run.smithi110.stdout:/usr/bin/ceph: stderr
2024-04-17T06:27:02.175+0000 7fba91200700 1 --2- >> [v2:172.21.15.110:3300/0,v1:172.21.15.110:6789/0] conn(0x7fba8c1081c0 0x7fba8c10a5b0 unknown :-1 s=HELLO_CONNECTING pgs=0 cs=0 l=0 rev1=1 crypto rx=0 tx=0 comp rx=0 tx=0).handle_hello peer v2:172.21.15.110:3300/0 says I am v2:172.21.15.110:59920/0 (socket says 172.21.15.110:59920)
2024-04-17T06:27:03.200 INFO:teuthology.orchestra.run.smithi110.stdout:/usr/bin/ceph: stderr
2024-04-17T06:27:02.175+0000 7fba91200700 1 -- 172.21.15.110:0/1986291769 learned_addr learned my addr 172.21.15.110:0/1986291769 (peer_addr_for_me v2:172.21.15.110:0/0)
2024-04-17T06:27:03.200 INFO:teuthology.orchestra.run.smithi110.stdout:/usr/bin/ceph: stderr
2024-04-17T06:27:02.175+0000 7fba91200700 1 -- 172.21.15.110:0/1986291769 --> [v2:172.21.15.110:3300/0,v1:172.21.15.110:6789/0] -- mon_subscribe({config=0+,monmap=0+}) -- 0x7fba8c10aaf0 con 0x7fba8c1081c0
2024-04-17T06:27:03.200 INFO:teuthology.orchestra.run.smithi110.stdout:/usr/bin/ceph: stderr
2024-04-17T06:27:02.175+0000 7fba91200700 1 --2- 172.21.15.110:0/1986291769 >> [v2:172.21.15.110:3300/0,v1:172.21.15.110:6789/0] conn(0x7fba8c1081c0 0x7fba8c10a5b0 secure :-1 s=READY pgs=55 cs=0 l=1 rev1=1 crypto rx=0x7fba800098a0 tx=0x7fba80009bb0 comp rx=0 tx=0).ready entity=mon.0 client_cookie=d44aa3d88f6e9054 server_cookie=0 in_seq=0 out_seq=0
2024-04-17T06:27:03.200 INFO:teuthology.orchestra.run.smithi110.stdout:/usr/bin/ceph: stderr
2024-04-17T06:27:02.175+0000 7fba8b400700 1 -- 172.21.15.110:0/1986291769 <== mon.0 v2:172.21.15.110:3300/0 1 ==== mon_map magic: 0 ==== 205+0+0 (secure 0 0 0) 0x7fba80004160 con 0x7fba8c1081c0
2024-04-17T06:27:03.200 INFO:teuthology.orchestra.run.smithi110.stdout:/usr/bin/ceph: stderr
2024-04-17T06:27:02.175+0000 7fba8b400700 1 -- 172.21.15.110:0/1986291769 <== mon.0 v2:172.21.15.110:3300/0 2 ==== config(26 keys) ==== 1102+0+0 (secure 0 0 0) 0x7fba80004300 con 0x7fba8c1081c0
2024-04-17T06:27:03.200 INFO:teuthology.orchestra.run.smithi110.stdout:/usr/bin/ceph: stderr
2024-04-17T06:27:02.175+0000 7fba8b400700 1 -- 172.21.15.110:0/1986291769 <== mon.0 v2:172.21.15.110:3300/0 3 ==== mon_map magic: 0 ==== 205+0+0 (secure 0 0 0) 0x7fba80011a50 con 0x7fba8c1081c0
2024-04-17T06:27:03.200 INFO:teuthology.orchestra.run.smithi110.stdout:/usr/bin/ceph: stderr
2024-04-17T06:27:02.175+0000 7fba92600700 1 -- 172.21.15.110:0/1986291769 >> [v2:172.21.15.110:3300/0,v1:172.21.15.110:6789/0] conn(0x7fba8c1081c0 msgr2=0x7fba8c10a5b0 secure :-1 s=STATE_CONNECTION_ESTABLISHED l=1).mark_down
2024-04-17T06:27:03.200 INFO:teuthology.orchestra.run.smithi110.stdout:/usr/bin/ceph: stderr
2024-04-17T06:27:02.175+0000 7fba92600700 1 --2- 172.21.15.110:0/1986291769 >> [v2:172.21.15.110:3300/0,v1:172.21.15.110:6789/0] conn(0x7fba8c1081c0 0x7fba8c10a5b0 secure :-1 s=READY pgs=55 cs=0 l=1 rev1=1 crypto rx=0x7fba800098a0 tx=0x7fba80009bb0 comp rx=0 tx=0).stop
2024-04-17T06:27:03.200 INFO:teuthology.orchestra.run.smithi110.stdout:/usr/bin/ceph: stderr
2024-04-17T06:27:02.175+0000 7fba92600700 1 -- 172.21.15.110:0/1986291769 shutdown_connections
2024-04-17T06:27:03.201 INFO:teuthology.orchestra.run.smithi110.stdout:/usr/bin/ceph: stderr
2024-04-17T06:27:02.175+0000 7fba92600700 1 --2- 172.21.15.110:0/1986291769 >> [v2:172.21.15.110:3300/0,v1:172.21.15.110:6789/0] conn(0x7fba8c1081c0 0x7fba8c10a5b0 unknown :-1 s=CLOSED pgs=55 cs=0 l=1 rev1=1 crypto rx=0 tx=0 comp rx=0 tx=0).stop
2024-04-17T06:27:03.201 INFO:teuthology.orchestra.run.smithi110.stdout:/usr/bin/ceph: stderr
2024-04-17T06:27:02.175+0000 7fba92600700 1 -- 172.21.15.110:0/1986291769 >> 172.21.15.110:0/1986291769 conn(0x7fba8c101bf0 msgr2=0x7fba8c104030 unknown :-1 s=STATE_NONE l=0).mark_down
2024-04-17T06:27:03.201 INFO:teuthology.orchestra.run.smithi110.stdout:/usr/bin/ceph: stderr
2024-04-17T06:27:02.175+0000 7fba92600700 1 -- 172.21.15.110:0/1986291769 shutdown_connections
2024-04-17T06:27:03.201 INFO:teuthology.orchestra.run.smithi110.stdout:/usr/bin/ceph: stderr
2024-04-17T06:27:02.175+0000 7fba92600700 1 -- 172.21.15.110:0/1986291769 wait complete.
2024-04-17T06:27:03.201 INFO:teuthology.orchestra.run.smithi110.stdout:/usr/bin/ceph: stderr
2024-04-17T06:27:02.179+0000 7fba92600700 1 Processor -- start
2024-04-17T06:27:03.201 INFO:teuthology.orchestra.run.smithi110.stdout:/usr/bin/ceph: stderr
2024-04-17T06:27:02.179+0000 7fba92600700 1 -- start start
2024-04-17T06:27:03.201 INFO:teuthology.orchestra.run.smithi110.stdout:/usr/bin/ceph: stderr
2024-04-17T06:27:02.179+0000 7fba92600700 1 --2- >> [v2:172.21.15.110:3300/0,v1:172.21.15.110:6789/0] conn(0x7fba8c1081c0 0x7fba8c19d840 unknown :-1 s=NONE pgs=0 cs=0 l=1 rev1=0 crypto rx=0 tx=0 comp rx=0 tx=0).connect
2024-04-17T06:27:03.201 INFO:teuthology.orchestra.run.smithi110.stdout:/usr/bin/ceph: stderr
2024-04-17T06:27:02.179+0000 7fba92600700 1 -- --> [v2:172.21.15.110:3300/0,v1:172.21.15.110:6789/0] -- mon_getmap magic: 0 -- 0x7fba8c10bb00 con 0x7fba8c1081c0
2024-04-17T06:27:03.201 INFO:teuthology.orchestra.run.smithi110.stdout:/usr/bin/ceph: stderr
2024-04-17T06:27:02.179+0000 7fba91200700 1 --2- >> [v2:172.21.15.110:3300/0,v1:172.21.15.110:6789/0] conn(0x7fba8c1081c0 0x7fba8c19d840 unknown :-1 s=BANNER_CONNECTING pgs=0 cs=0 l=1 rev1=0 crypto rx=0 tx=0 comp rx=0 tx=0)._handle_peer_banner_payload supported=3 required=0
2024-04-17T06:27:03.201 INFO:teuthology.orchestra.run.smithi110.stdout:/usr/bin/ceph: stderr
2024-04-17T06:27:02.179+0000 7fba91200700 1 --2- >> [v2:172.21.15.110:3300/0,v1:172.21.15.110:6789/0] conn(0x7fba8c1081c0 0x7fba8c19d840 unknown :-1 s=HELLO_CONNECTING pgs=0 cs=0 l=1 rev1=1 crypto rx=0 tx=0 comp rx=0 tx=0).handle_hello peer v2:172.21.15.110:3300/0 says I am v2:172.21.15.110:59932/0 (socket says 172.21.15.110:59932)
2024-04-17T06:27:03.201 INFO:teuthology.orchestra.run.smithi110.stdout:/usr/bin/ceph: stderr
2024-04-17T06:27:02.179+0000 7fba91200700 1 -- 172.21.15.110:0/1716591618 learned_addr learned my addr 172.21.15.110:0/1716591618 (peer_addr_for_me v2:172.21.15.110:0/0)
2024-04-17T06:27:03.201 INFO:teuthology.orchestra.run.smithi110.stdout:/usr/bin/ceph: stderr
2024-04-17T06:27:02.179+0000 7fba91200700 1 -- 172.21.15.110:0/1716591618 --> [v2:172.21.15.110:3300/0,v1:172.21.15.110:6789/0] -- mon_subscribe({config=0+,monmap=0+}) -- 0x7fba8c19dd80 con 0x7fba8c1081c0
2024-04-17T06:27:03.201 INFO:teuthology.orchestra.run.smithi110.stdout:/usr/bin/ceph: stderr
2024-04-17T06:27:02.179+0000 7fba91200700 1 --2- 172.21.15.110:0/1716591618 >> [v2:172.21.15.110:3300/0,v1:172.21.15.110:6789/0] conn(0x7fba8c1081c0 0x7fba8c19d840 secure :-1 s=READY pgs=56 cs=0 l=1 rev1=1 crypto rx=0x7fba80011a20 tx=0x7fba80011b00 comp rx=0 tx=0).ready entity=mon.0 client_cookie=0 server_cookie=0 in_seq=0 out_seq=0
2024-04-17T06:27:03.201 INFO:teuthology.orchestra.run.smithi110.stdout:/usr/bin/ceph: stderr
2024-04-17T06:27:02.179+0000 7fba89600700 1 -- 172.21.15.110:0/1716591618 <== mon.0 v2:172.21.15.110:3300/0 1 ==== mon_map magic: 0 ==== 205+0+0 (secure 0 0 0) 0x7fba80003b70 con 0x7fba8c1081c0
2024-04-17T06:27:03.202 INFO:teuthology.orchestra.run.smithi110.stdout:/usr/bin/ceph: stderr
2024-04-17T06:27:02.179+0000 7fba89600700 1 -- 172.21.15.110:0/1716591618 <== mon.0 v2:172.21.15.110:3300/0 2 ==== config(26 keys) ==== 1102+0+0 (secure 0 0 0) 0x7fba8001a8e0 con 0x7fba8c1081c0
2024-04-17T06:27:03.202 INFO:teuthology.orchestra.run.smithi110.stdout:/usr/bin/ceph: stderr
2024-04-17T06:27:02.179+0000 7fba92600700 1 -- 172.21.15.110:0/1716591618 --> [v2:172.21.15.110:3300/0,v1:172.21.15.110:6789/0] -- mon_subscribe({mgrmap=0+}) -- 0x7fba8c19e010 con 0x7fba8c1081c0
2024-04-17T06:27:03.202 INFO:teuthology.orchestra.run.smithi110.stdout:/usr/bin/ceph: stderr
2024-04-17T06:27:02.179+0000 7fba89600700 1 -- 172.21.15.110:0/1716591618 <== mon.0 v2:172.21.15.110:3300/0 3 ==== mon_map magic: 0 ==== 205+0+0 (secure 0 0 0) 0x7fba80024990 con 0x7fba8c1081c0
2024-04-17T06:27:03.202 INFO:teuthology.orchestra.run.smithi110.stdout:/usr/bin/ceph: stderr
2024-04-17T06:27:02.179+0000 7fba92600700 1 -- 172.21.15.110:0/1716591618 --> [v2:172.21.15.110:3300/0,v1:172.21.15.110:6789/0] -- mon_subscribe({osdmap=0}) -- 0x7fba8c1a0d00 con 0x7fba8c1081c0
2024-04-17T06:27:03.202 INFO:teuthology.orchestra.run.smithi110.stdout:/usr/bin/ceph: stderr
2024-04-17T06:27:02.179+0000 7fba89600700 1 -- 172.21.15.110:0/1716591618 <== mon.0 v2:172.21.15.110:3300/0 4 ==== mgrmap(e 8) ==== 46558+0+0 (secure 0 0 0) 0x7fba80022020 con 0x7fba8c1081c0
2024-04-17T06:27:03.202 INFO:teuthology.orchestra.run.smithi110.stdout:/usr/bin/ceph: stderr
2024-04-17T06:27:02.179+0000 7fba92600700 1 -- 172.21.15.110:0/1716591618 --> [v2:172.21.15.110:3300/0,v1:172.21.15.110:6789/0] -- mon_command({"prefix": "get_command_descriptions"} v 0) -- 0x7fba8c0640b0 con 0x7fba8c1081c0
2024-04-17T06:27:03.202 INFO:teuthology.orchestra.run.smithi110.stdout:/usr/bin/ceph: stderr
2024-04-17T06:27:02.179+0000 7fba89600700 1 --2- 172.21.15.110:0/1716591618 >> [v2:172.21.15.110:6800/2801396398,v1:172.21.15.110:6801/2801396398] conn(0x7fba74039560 0x7fba7403ba20 unknown :-1 s=NONE pgs=0 cs=0 l=1 rev1=0 crypto rx=0 tx=0 comp rx=0 tx=0).connect
2024-04-17T06:27:03.202 INFO:teuthology.orchestra.run.smithi110.stdout:/usr/bin/ceph: stderr
2024-04-17T06:27:02.179+0000 7fba89600700 1 -- 172.21.15.110:0/1716591618 <== mon.0 v2:172.21.15.110:3300/0 5 ==== osd_map(2..2 src has 1..2) ==== 940+0+0 (secure 0 0 0) 0x7fba8004db50 con 0x7fba8c1081c0
2024-04-17T06:27:03.202 INFO:teuthology.orchestra.run.smithi110.stdout:/usr/bin/ceph: stderr
2024-04-17T06:27:02.179+0000 7fba8be00700 1 --2- 172.21.15.110:0/1716591618 >> [v2:172.21.15.110:6800/2801396398,v1:172.21.15.110:6801/2801396398] conn(0x7fba74039560 0x7fba7403ba20 unknown :-1 s=BANNER_CONNECTING pgs=0 cs=0 l=1 rev1=0 crypto rx=0 tx=0 comp rx=0 tx=0)._handle_peer_banner_payload supported=3 required=0
2024-04-17T06:27:03.202 INFO:teuthology.orchestra.run.smithi110.stdout:/usr/bin/ceph: stderr
2024-04-17T06:27:02.183+0000 7fba8be00700 1 --2- 172.21.15.110:0/1716591618 >> [v2:172.21.15.110:6800/2801396398,v1:172.21.15.110:6801/2801396398] conn(0x7fba74039560 0x7fba7403ba20 secure :-1 s=READY pgs=16 cs=0 l=1 rev1=1 crypto rx=0x7fba78006fd0 tx=0x7fba78006e40 comp rx=0 tx=0).ready entity=mgr.14120 client_cookie=0 server_cookie=0 in_seq=0 out_seq=0
2024-04-17T06:27:03.202 INFO:teuthology.orchestra.run.smithi110.stdout:/usr/bin/ceph: stderr
2024-04-17T06:27:02.187+0000 7fba89600700 1 -- 172.21.15.110:0/1716591618 <== mon.0 v2:172.21.15.110:3300/0 6 ==== mon_command_ack([{"prefix": "get_command_descriptions"}]=0 v0) ==== 72+0+188381 (secure 0 0 0) 0x7fba8000f2e0 con 0x7fba8c1081c0
2024-04-17T06:27:03.202 INFO:teuthology.orchestra.run.smithi110.stdout:/usr/bin/ceph: stderr
2024-04-17T06:27:02.451+0000 7fba92600700 1 -- 172.21.15.110:0/1716591618 --> [v2:172.21.15.110:3300/0,v1:172.21.15.110:6789/0] -- mon_command({"prefix": "mgr module enable", "module": "dashboard"} v 0) -- 0x7fba8c1a0ed0 con 0x7fba8c1081c0
2024-04-17T06:27:03.202 INFO:teuthology.orchestra.run.smithi110.stdout:/usr/bin/ceph: stderr
2024-04-17T06:27:02.567+0000 7fba89600700 1 -- 172.21.15.110:0/1716591618 <== mon.0 v2:172.21.15.110:3300/0 7 ==== mon_command_ack([{"prefix": "mgr module enable", "module": "dashboard"}]=0 v9) ==== 88+0+0 (secure 0 0 0) 0x7fba8004d4a0 con 0x7fba8c1081c0
2024-04-17T06:27:03.203 INFO:teuthology.orchestra.run.smithi110.stdout:/usr/bin/ceph: stderr
2024-04-17T06:27:02.567+0000 7fba89600700 1 -- 172.21.15.110:0/1716591618 <== mon.0 v2:172.21.15.110:3300/0 8 ==== mgrmap(e 9) ==== 46571+0+0 (secure 0 0 0) 0x7fba8002d3f0 con 0x7fba8c1081c0
2024-04-17T06:27:03.203 INFO:teuthology.orchestra.run.smithi110.stdout:/usr/bin/ceph: stderr
2024-04-17T06:27:02.567+0000 7fba92600700 1 -- 172.21.15.110:0/1716591618 >> [v2:172.21.15.110:6800/2801396398,v1:172.21.15.110:6801/2801396398] conn(0x7fba74039560 msgr2=0x7fba7403ba20 secure :-1 s=STATE_CONNECTION_ESTABLISHED l=1).mark_down
2024-04-17T06:27:03.203 INFO:teuthology.orchestra.run.smithi110.stdout:/usr/bin/ceph: stderr
2024-04-17T06:27:02.567+0000 7fba92600700 1 --2- 172.21.15.110:0/1716591618 >> [v2:172.21.15.110:6800/2801396398,v1:172.21.15.110:6801/2801396398] conn(0x7fba74039560 0x7fba7403ba20 secure :-1 s=READY pgs=16 cs=0 l=1 rev1=1 crypto rx=0x7fba78006fd0 tx=0x7fba78006e40 comp rx=0 tx=0).stop
2024-04-17T06:27:03.203 INFO:teuthology.orchestra.run.smithi110.stdout:/usr/bin/ceph: stderr
2024-04-17T06:27:02.567+0000 7fba92600700 1 -- 172.21.15.110:0/1716591618 >> [v2:172.21.15.110:3300/0,v1:172.21.15.110:6789/0] conn(0x7fba8c1081c0 msgr2=0x7fba8c19d840 secure :-1 s=STATE_CONNECTION_ESTABLISHED l=1).mark_down
2024-04-17T06:27:03.203 INFO:teuthology.orchestra.run.smithi110.stdout:/usr/bin/ceph: stderr
2024-04-17T06:27:02.567+0000 7fba92600700 1 --2- 172.21.15.110:0/1716591618 >> [v2:172.21.15.110:3300/0,v1:172.21.15.110:6789/0] conn(0x7fba8c1081c0 0x7fba8c19d840 secure :-1 s=READY pgs=56 cs=0 l=1 rev1=1 crypto rx=0x7fba80011a20 tx=0x7fba80011b00 comp rx=0 tx=0).stop
2024-04-17T06:27:03.203 INFO:teuthology.orchestra.run.smithi110.stdout:/usr/bin/ceph: stderr
2024-04-17T06:27:02.567+0000 7fba92600700 1 -- 172.21.15.110:0/1716591618 shutdown_connections
2024-04-17T06:27:03.203 INFO:teuthology.orchestra.run.smithi110.stdout:/usr/bin/ceph: stderr
2024-04-17T06:27:02.567+0000 7fba92600700 1 --2- 172.21.15.110:0/1716591618 >> [v2:172.21.15.110:6800/2801396398,v1:172.21.15.110:6801/2801396398] conn(0x7fba74039560 0x7fba7403ba20 unknown :-1 s=CLOSED pgs=16 cs=0 l=1 rev1=1 crypto rx=0 tx=0 comp rx=0 tx=0).stop
2024-04-17T06:27:03.203 INFO:teuthology.orchestra.run.smithi110.stdout:/usr/bin/ceph: stderr
2024-04-17T06:27:02.567+0000 7fba92600700 1 --2- 172.21.15.110:0/1716591618 >> [v2:172.21.15.110:3300/0,v1:172.21.15.110:6789/0] conn(0x7fba8c1081c0 0x7fba8c19d840 unknown :-1 s=CLOSED pgs=56 cs=0 l=1 rev1=1 crypto rx=0 tx=0 comp rx=0 tx=0).stop
2024-04-17T06:27:03.203 INFO:teuthology.orchestra.run.smithi110.stdout:/usr/bin/ceph: stderr
2024-04-17T06:27:02.567+0000 7fba92600700 1 -- 172.21.15.110:0/1716591618 >> 172.21.15.110:0/1716591618 conn(0x7fba8c101bf0 msgr2=0x7fba8c102640 unknown :-1 s=STATE_NONE l=0).mark_down
2024-04-17T06:27:03.203 INFO:teuthology.orchestra.run.smithi110.stdout:/usr/bin/ceph: stderr
2024-04-17T06:27:02.567+0000 7fba92600700 1 -- 172.21.15.110:0/1716591618 shutdown_connections
2024-04-17T06:27:03.203 INFO:teuthology.orchestra.run.smithi110.stdout:/usr/bin/ceph: stderr
2024-04-17T06:27:02.567+0000 7fba92600700 1 -- 172.21.15.110:0/1716591618 wait complete.
2024-04-17T06:27:03.860 INFO:journalctl@ceph.mon.a.smithi110.stdout:Apr 17 06:27:03 smithi110 bash[21553]: audit
2024-04-17T06:27:02.570883+0000 mon.a (mon.0) 71 : audit [INF] from='client.? 172.21.15.110:0/1716591618' entity='client.admin' cmd='[{"prefix": "mgr module enable", "module": "dashboard"}]': finished
2024-04-17T06:27:03.860 INFO:journalctl@ceph.mon.a.smithi110.stdout:Apr 17 06:27:03 smithi110 bash[21553]: cluster
2024-04-17T06:27:02.574344+0000 mon.a (mon.0) 72 : cluster [DBG] mgrmap e9: x(active, since 25s)
2024-04-17T06:27:04.859 INFO:journalctl@ceph.mon.a.smithi110.stdout:Apr 17 06:27:04 smithi110 bash[21553]: audit
2024-04-17T06:27:04.531021+0000 mon.a (mon.0) 73 : audit [DBG] from='client.? 172.21.15.110:0/2598856994' entity='client.admin' cmd=[{"prefix": "mgr stat"}]: dispatch
2024-04-17T06:27:04.859 INFO:journalctl@ceph.mgr.x.smithi110.stdout:Apr 17 06:27:04 smithi110 bash[21806]: debug
2024-04-17T06:27:04.591+0000 7fba7bbe2200 -1 mgr[py] Module rook has missing NOTIFY_TYPES member
2024-04-17T06:27:04.860 INFO:journalctl@ceph.mgr.x.smithi110.stdout:Apr 17 06:27:04 smithi110 bash[21806]: debug
2024-04-17T06:27:04.695+0000 7fba7bbe2200 -1 mgr[py] Module iostat has missing NOTIFY_TYPES member
2024-04-17T06:27:05.172 INFO:teuthology.orchestra.run.smithi110.stdout:/usr/bin/ceph: stdout {
2024-04-17T06:27:05.172 INFO:teuthology.orchestra.run.smithi110.stdout:/usr/bin/ceph: stdout "epoch": 9,
2024-04-17T06:27:05.172 INFO:teuthology.orchestra.run.smithi110.stdout:/usr/bin/ceph: stdout "available": true,
2024-04-17T06:27:05.172 INFO:teuthology.orchestra.run.smithi110.stdout:/usr/bin/ceph: stdout "active_name": "x",
2024-04-17T06:27:05.172 INFO:teuthology.orchestra.run.smithi110.stdout:/usr/bin/ceph: stdout "num_standby": 0
2024-04-17T06:27:05.172 INFO:teuthology.orchestra.run.smithi110.stdout:/usr/bin/ceph: stdout }
2024-04-17T06:27:05.173 INFO:teuthology.orchestra.run.smithi110.stdout:/usr/bin/ceph: stderr
2024-04-17T06:27:04.243+0000 7f3ef7600700 1 Processor -- start
2024-04-17T06:27:05.173 INFO:teuthology.orchestra.run.smithi110.stdout:/usr/bin/ceph: stderr
2024-04-17T06:27:04.243+0000 7f3ef7600700 1 -- start start
2024-04-17T06:27:05.173 INFO:teuthology.orchestra.run.smithi110.stdout:/usr/bin/ceph: stderr
2024-04-17T06:27:04.243+0000 7f3ef7600700 1 --2- >> [v2:172.21.15.110:3300/0,v1:172.21.15.110:6789/0] conn(0x7f3ef0106810 0x7f3ef0106c30 unknown :-1 s=NONE pgs=0 cs=0 l=0 rev1=0 crypto rx=0 tx=0 comp rx=0 tx=0).connect
2024-04-17T06:27:05.173 INFO:teuthology.orchestra.run.smithi110.stdout:/usr/bin/ceph: stderr
2024-04-17T06:27:04.243+0000 7f3ef7600700 1 -- --> [v2:172.21.15.110:3300/0,v1:172.21.15.110:6789/0] -- mon_getmap magic: 0 -- 0x7f3ef0107200 con 0x7f3ef0106810
2024-04-17T06:27:05.173 INFO:teuthology.orchestra.run.smithi110.stdout:/usr/bin/ceph: stderr
2024-04-17T06:27:04.243+0000 7f3ef4c00700 1 --2- >> [v2:172.21.15.110:3300/0,v1:172.21.15.110:6789/0] conn(0x7f3ef0106810 0x7f3ef0106c30 unknown :-1 s=BANNER_CONNECTING pgs=0 cs=0 l=0 rev1=0 crypto rx=0 tx=0 comp rx=0 tx=0)._handle_peer_banner_payload supported=3 required=0
2024-04-17T06:27:05.173 INFO:teuthology.orchestra.run.smithi110.stdout:/usr/bin/ceph: stderr
2024-04-17T06:27:04.243+0000 7f3ef4c00700 1 --2- >> [v2:172.21.15.110:3300/0,v1:172.21.15.110:6789/0] conn(0x7f3ef0106810 0x7f3ef0106c30 unknown :-1 s=HELLO_CONNECTING pgs=0 cs=0 l=0 rev1=1 crypto rx=0 tx=0 comp rx=0 tx=0).handle_hello peer v2:172.21.15.110:3300/0 says I am v2:172.21.15.110:59960/0 (socket says 172.21.15.110:59960)
2024-04-17T06:27:05.173 INFO:teuthology.orchestra.run.smithi110.stdout:/usr/bin/ceph: stderr
2024-04-17T06:27:04.243+0000 7f3ef4c00700 1 -- 172.21.15.110:0/1857808776 learned_addr learned my addr 172.21.15.110:0/1857808776 (peer_addr_for_me v2:172.21.15.110:0/0)
2024-04-17T06:27:05.173 INFO:teuthology.orchestra.run.smithi110.stdout:/usr/bin/ceph: stderr
2024-04-17T06:27:04.247+0000 7f3ef4c00700 1 -- 172.21.15.110:0/1857808776 --> [v2:172.21.15.110:3300/0,v1:172.21.15.110:6789/0] -- mon_subscribe({config=0+,monmap=0+}) -- 0x7f3ef0107a10 con 0x7f3ef0106810
2024-04-17T06:27:05.173 INFO:teuthology.orchestra.run.smithi110.stdout:/usr/bin/ceph: stderr
2024-04-17T06:27:04.247+0000 7f3ef4c00700 1 --2- 172.21.15.110:0/1857808776 >> [v2:172.21.15.110:3300/0,v1:172.21.15.110:6789/0] conn(0x7f3ef0106810 0x7f3ef0106c30 secure :-1 s=READY pgs=59 cs=0 l=1 rev1=1 crypto rx=0x7f3ee40098a0 tx=0x7f3ee4009bb0 comp rx=0 tx=0).ready entity=mon.0 client_cookie=cdab439197186003 server_cookie=0 in_seq=0 out_seq=0
2024-04-17T06:27:05.173 INFO:teuthology.orchestra.run.smithi110.stdout:/usr/bin/ceph: stderr
2024-04-17T06:27:04.247+0000 7f3eef400700 1 -- 172.21.15.110:0/1857808776 <== mon.0 v2:172.21.15.110:3300/0 1 ==== mon_map magic: 0 ==== 205+0+0 (secure 0 0 0) 0x7f3ee4004160 con 0x7f3ef0106810
2024-04-17T06:27:05.173 INFO:teuthology.orchestra.run.smithi110.stdout:/usr/bin/ceph: stderr
2024-04-17T06:27:04.247+0000 7f3eef400700 1 -- 172.21.15.110:0/1857808776 <== mon.0 v2:172.21.15.110:3300/0 2 ==== config(26 keys) ==== 1102+0+0 (secure 0 0 0) 0x7f3ee4004300 con 0x7f3ef0106810
2024-04-17T06:27:05.173 INFO:teuthology.orchestra.run.smithi110.stdout:/usr/bin/ceph: stderr
2024-04-17T06:27:04.247+0000 7f3eef400700 1 -- 172.21.15.110:0/1857808776 <== mon.0 v2:172.21.15.110:3300/0 3 ==== mon_map magic: 0 ==== 205+0+0 (secure 0 0 0) 0x7f3ee4011a50 con 0x7f3ef0106810
2024-04-17T06:27:05.173 INFO:teuthology.orchestra.run.smithi110.stdout:/usr/bin/ceph: stderr
2024-04-17T06:27:04.247+0000 7f3ef7600700 1 -- 172.21.15.110:0/1857808776 >> [v2:172.21.15.110:3300/0,v1:172.21.15.110:6789/0] conn(0x7f3ef0106810 msgr2=0x7f3ef0106c30 secure :-1 s=STATE_CONNECTION_ESTABLISHED l=1).mark_down
2024-04-17T06:27:05.174 INFO:teuthology.orchestra.run.smithi110.stdout:/usr/bin/ceph: stderr
2024-04-17T06:27:04.247+0000 7f3ef7600700 1 --2- 172.21.15.110:0/1857808776 >> [v2:172.21.15.110:3300/0,v1:172.21.15.110:6789/0] conn(0x7f3ef0106810 0x7f3ef0106c30 secure :-1 s=READY pgs=59 cs=0 l=1 rev1=1 crypto rx=0x7f3ee40098a0 tx=0x7f3ee4009bb0 comp rx=0 tx=0).stop
2024-04-17T06:27:05.174 INFO:teuthology.orchestra.run.smithi110.stdout:/usr/bin/ceph: stderr
2024-04-17T06:27:04.247+0000 7f3ef7600700 1 -- 172.21.15.110:0/1857808776 shutdown_connections
2024-04-17T06:27:05.174 INFO:teuthology.orchestra.run.smithi110.stdout:/usr/bin/ceph: stderr
2024-04-17T06:27:04.247+0000 7f3ef7600700 1 --2- 172.21.15.110:0/1857808776 >> [v2:172.21.15.110:3300/0,v1:172.21.15.110:6789/0] conn(0x7f3ef0106810 0x7f3ef0106c30 unknown :-1 s=CLOSED pgs=59 cs=0 l=1 rev1=1 crypto rx=0 tx=0 comp rx=0 tx=0).stop
2024-04-17T06:27:05.174 INFO:teuthology.orchestra.run.smithi110.stdout:/usr/bin/ceph: stderr
2024-04-17T06:27:04.247+0000 7f3ef7600700 1 -- 172.21.15.110:0/1857808776 >> 172.21.15.110:0/1857808776 conn(0x7f3ef0101e30 msgr2=0x7f3ef0104250 unknown :-1 s=STATE_NONE l=0).mark_down
2024-04-17T06:27:05.174 INFO:teuthology.orchestra.run.smithi110.stdout:/usr/bin/ceph: stderr
2024-04-17T06:27:04.247+0000 7f3ef7600700 1 -- 172.21.15.110:0/1857808776 shutdown_connections
2024-04-17T06:27:05.174 INFO:teuthology.orchestra.run.smithi110.stdout:/usr/bin/ceph: stderr
2024-04-17T06:27:04.247+0000 7f3ef7600700 1 -- 172.21.15.110:0/1857808776 wait complete.
2024-04-17T06:27:05.174 INFO:teuthology.orchestra.run.smithi110.stdout:/usr/bin/ceph: stderr
2024-04-17T06:27:04.247+0000 7f3ef7600700 1 Processor -- start
2024-04-17T06:27:05.174 INFO:teuthology.orchestra.run.smithi110.stdout:/usr/bin/ceph: stderr
2024-04-17T06:27:04.247+0000 7f3ef7600700 1 -- start start
2024-04-17T06:27:05.174 INFO:teuthology.orchestra.run.smithi110.stdout:/usr/bin/ceph: stderr
2024-04-17T06:27:04.247+0000 7f3ef7600700 1 --2- >> [v2:172.21.15.110:3300/0,v1:172.21.15.110:6789/0] conn(0x7f3ef0106810 0x7f3ef019d9f0 unknown :-1 s=NONE pgs=0 cs=0 l=1 rev1=0 crypto rx=0 tx=0 comp rx=0 tx=0).connect
2024-04-17T06:27:05.174 INFO:teuthology.orchestra.run.smithi110.stdout:/usr/bin/ceph: stderr
2024-04-17T06:27:04.247+0000 7f3ef7600700 1 -- --> [v2:172.21.15.110:3300/0,v1:172.21.15.110:6789/0] -- mon_getmap magic: 0 -- 0x7f3ef010adc0 con 0x7f3ef0106810
2024-04-17T06:27:05.174 INFO:teuthology.orchestra.run.smithi110.stdout:/usr/bin/ceph: stderr
2024-04-17T06:27:04.247+0000 7f3ef4c00700 1 --2- >> [v2:172.21.15.110:3300/0,v1:172.21.15.110:6789/0] conn(0x7f3ef0106810 0x7f3ef019d9f0 unknown :-1 s=BANNER_CONNECTING pgs=0 cs=0 l=1 rev1=0 crypto rx=0 tx=0 comp rx=0 tx=0)._handle_peer_banner_payload supported=3 required=0
2024-04-17T06:27:05.174 INFO:teuthology.orchestra.run.smithi110.stdout:/usr/bin/ceph: stderr
2024-04-17T06:27:04.247+0000 7f3ef4c00700 1 --2- >> [v2:172.21.15.110:3300/0,v1:172.21.15.110:6789/0] conn(0x7f3ef0106810 0x7f3ef019d9f0 unknown :-1 s=HELLO_CONNECTING pgs=0 cs=0 l=1 rev1=1 crypto rx=0 tx=0 comp rx=0 tx=0).handle_hello peer v2:172.21.15.110:3300/0 says I am v2:172.21.15.110:59968/0 (socket says 172.21.15.110:59968)
2024-04-17T06:27:05.174 INFO:teuthology.orchestra.run.smithi110.stdout:/usr/bin/ceph: stderr
2024-04-17T06:27:04.247+0000 7f3ef4c00700 1 -- 172.21.15.110:0/2598856994 learned_addr learned my addr 172.21.15.110:0/2598856994 (peer_addr_for_me v2:172.21.15.110:0/0)
2024-04-17T06:27:05.174 INFO:teuthology.orchestra.run.smithi110.stdout:/usr/bin/ceph: stderr
2024-04-17T06:27:04.247+0000 7f3ef4c00700 1 -- 172.21.15.110:0/2598856994 --> [v2:172.21.15.110:3300/0,v1:172.21.15.110:6789/0] -- mon_subscribe({config=0+,monmap=0+}) -- 0x7f3ef019df30 con 0x7f3ef0106810
2024-04-17T06:27:05.175 INFO:teuthology.orchestra.run.smithi110.stdout:/usr/bin/ceph: stderr
2024-04-17T06:27:04.251+0000 7f3ef4c00700 1 --2- 172.21.15.110:0/2598856994 >> [v2:172.21.15.110:3300/0,v1:172.21.15.110:6789/0] conn(0x7f3ef0106810 0x7f3ef019d9f0 secure :-1 s=READY pgs=60 cs=0 l=1 rev1=1 crypto rx=0x7f3ee4006b20 tx=0x7f3ee4011ad0 comp rx=0 tx=0).ready entity=mon.0 client_cookie=0 server_cookie=0 in_seq=0 out_seq=0
2024-04-17T06:27:05.175 INFO:teuthology.orchestra.run.smithi110.stdout:/usr/bin/ceph: stderr
2024-04-17T06:27:04.251+0000 7f3eed600700 1 -- 172.21.15.110:0/2598856994 <== mon.0 v2:172.21.15.110:3300/0 1 ==== mon_map magic: 0 ==== 205+0+0 (secure 0 0 0) 0x7f3ee40039e0 con 0x7f3ef0106810
2024-04-17T06:27:05.175 INFO:teuthology.orchestra.run.smithi110.stdout:/usr/bin/ceph: stderr
2024-04-17T06:27:04.251+0000 7f3eed600700 1 -- 172.21.15.110:0/2598856994 <== mon.0 v2:172.21.15.110:3300/0 2 ==== config(26 keys) ==== 1102+0+0 (secure 0 0 0) 0x7f3ee401a8e0 con 0x7f3ef0106810
2024-04-17T06:27:05.175 INFO:teuthology.orchestra.run.smithi110.stdout:/usr/bin/ceph: stderr
2024-04-17T06:27:04.251+0000 7f3eed600700 1 -- 172.21.15.110:0/2598856994 <== mon.0 v2:172.21.15.110:3300/0 3 ==== mon_map magic: 0 ==== 205+0+0 (secure 0 0 0) 0x7f3ee40247e0 con 0x7f3ef0106810
2024-04-17T06:27:05.175 INFO:teuthology.orchestra.run.smithi110.stdout:/usr/bin/ceph: stderr
2024-04-17T06:27:04.251+0000 7f3ef7600700 1 -- 172.21.15.110:0/2598856994 --> [v2:172.21.15.110:3300/0,v1:172.21.15.110:6789/0] -- mon_subscribe({mgrmap=0+}) -- 0x7f3ef019e1c0 con 0x7f3ef0106810
2024-04-17T06:27:05.175 INFO:teuthology.orchestra.run.smithi110.stdout:/usr/bin/ceph: stderr
2024-04-17T06:27:04.251+0000 7f3ef7600700 1 -- 172.21.15.110:0/2598856994 --> [v2:172.21.15.110:3300/0,v1:172.21.15.110:6789/0] -- mon_subscribe({osdmap=0}) -- 0x7f3ef01a0eb0 con 0x7f3ef0106810
2024-04-17T06:27:05.175 INFO:teuthology.orchestra.run.smithi110.stdout:/usr/bin/ceph: stderr
2024-04-17T06:27:04.251+0000 7f3ef7600700 1 -- 172.21.15.110:0/2598856994 --> [v2:172.21.15.110:3300/0,v1:172.21.15.110:6789/0] -- mon_command({"prefix": "get_command_descriptions"} v 0) -- 0x7f3ef00640b0 con 0x7f3ef0106810
2024-04-17T06:27:05.175 INFO:teuthology.orchestra.run.smithi110.stdout:/usr/bin/ceph: stderr
2024-04-17T06:27:04.251+0000 7f3eed600700 1 -- 172.21.15.110:0/2598856994 <== mon.0 v2:172.21.15.110:3300/0 4 ==== mgrmap(e 9) ==== 46571+0+0 (secure 0 0 0) 0x7f3ee4022020 con 0x7f3ef0106810
2024-04-17T06:27:05.175 INFO:teuthology.orchestra.run.smithi110.stdout:/usr/bin/ceph: stderr
2024-04-17T06:27:04.251+0000 7f3eed600700 1 --2- 172.21.15.110:0/2598856994 >> [v2:172.21.15.110:6800/2801396398,v1:172.21.15.110:6801/2801396398] conn(0x7f3ed8039650 0x7f3ed803bb10 unknown :-1 s=NONE pgs=0 cs=0 l=1 rev1=0 crypto rx=0 tx=0 comp rx=0 tx=0).connect
2024-04-17T06:27:05.175 INFO:teuthology.orchestra.run.smithi110.stdout:/usr/bin/ceph: stderr
2024-04-17T06:27:04.251+0000 7f3eed600700 1 -- 172.21.15.110:0/2598856994 <== mon.0 v2:172.21.15.110:3300/0 5 ==== osd_map(2..2 src has 1..2) ==== 940+0+0 (secure 0 0 0) 0x7f3ee404dbe0 con 0x7f3ef0106810
2024-04-17T06:27:05.175 INFO:teuthology.orchestra.run.smithi110.stdout:/usr/bin/ceph: stderr
2024-04-17T06:27:04.251+0000 7f3eefe00700 1 -- 172.21.15.110:0/2598856994 >> [v2:172.21.15.110:6800/2801396398,v1:172.21.15.110:6801/2801396398] conn(0x7f3ed8039650 msgr2=0x7f3ed803bb10 unknown :-1 s=STATE_CONNECTING_RE l=1).process reconnect failed to v2:172.21.15.110:6800/2801396398
2024-04-17T06:27:05.175 INFO:teuthology.orchestra.run.smithi110.stdout:/usr/bin/ceph: stderr
2024-04-17T06:27:04.251+0000 7f3eefe00700 1 --2- 172.21.15.110:0/2598856994 >> [v2:172.21.15.110:6800/2801396398,v1:172.21.15.110:6801/2801396398] conn(0x7f3ed8039650 0x7f3ed803bb10 unknown :-1 s=START_CONNECT pgs=0 cs=0 l=1 rev1=0 crypto rx=0 tx=0 comp rx=0 tx=0)._fault waiting 0.200000
2024-04-17T06:27:05.175 INFO:teuthology.orchestra.run.smithi110.stdout:/usr/bin/ceph: stderr
2024-04-17T06:27:04.255+0000 7f3eed600700 1 -- 172.21.15.110:0/2598856994 <== mon.0 v2:172.21.15.110:3300/0 6 ==== mon_command_ack([{"prefix": "get_command_descriptions"}]=0 v0) ==== 72+0+188381 (secure 0 0 0) 0x7f3ee404d530 con 0x7f3ef0106810
2024-04-17T06:27:05.175 INFO:teuthology.orchestra.run.smithi110.stdout:/usr/bin/ceph: stderr
2024-04-17T06:27:04.455+0000 7f3eefe00700 1 -- 172.21.15.110:0/2598856994 >> [v2:172.21.15.110:6800/2801396398,v1:172.21.15.110:6801/2801396398] conn(0x7f3ed8039650 msgr2=0x7f3ed803bb10 unknown :-1 s=STATE_CONNECTING_RE l=1).process reconnect failed to v2:172.21.15.110:6800/2801396398
2024-04-17T06:27:05.176 INFO:teuthology.orchestra.run.smithi110.stdout:/usr/bin/ceph: stderr
2024-04-17T06:27:04.455+0000 7f3eefe00700 1 --2- 172.21.15.110:0/2598856994 >> [v2:172.21.15.110:6800/2801396398,v1:172.21.15.110:6801/2801396398] conn(0x7f3ed8039650 0x7f3ed803bb10 unknown :-1 s=START_CONNECT pgs=0 cs=0 l=1 rev1=0 crypto rx=0 tx=0 comp rx=0 tx=0)._fault waiting 0.400000
2024-04-17T06:27:05.176 INFO:teuthology.orchestra.run.smithi110.stdout:/usr/bin/ceph: stderr
2024-04-17T06:27:04.523+0000 7f3ef7600700 1 -- 172.21.15.110:0/2598856994 --> [v2:172.21.15.110:3300/0,v1:172.21.15.110:6789/0] -- mon_command({"prefix": "mgr stat"} v 0) -- 0x7f3ef002e1e0 con 0x7f3ef0106810
2024-04-17T06:27:05.176 INFO:teuthology.orchestra.run.smithi110.stdout:/usr/bin/ceph: stderr
2024-04-17T06:27:04.527+0000 7f3eed600700 1 -- 172.21.15.110:0/2598856994 <== mon.0 v2:172.21.15.110:3300/0 7 ==== mon_command_ack([{"prefix": "mgr stat"}]=0 v9) ==== 56+0+88 (secure 0 0 0) 0x7f3ee4021d80 con 0x7f3ef0106810
2024-04-17T06:27:05.176 INFO:teuthology.orchestra.run.smithi110.stdout:/usr/bin/ceph: stderr
2024-04-17T06:27:04.527+0000 7f3ef7600700 1 -- 172.21.15.110:0/2598856994 >> [v2:172.21.15.110:6800/2801396398,v1:172.21.15.110:6801/2801396398] conn(0x7f3ed8039650 msgr2=0x7f3ed803bb10 unknown :-1 s=STATE_CONNECTING l=1).mark_down
2024-04-17T06:27:05.176 INFO:teuthology.orchestra.run.smithi110.stdout:/usr/bin/ceph: stderr
2024-04-17T06:27:04.527+0000 7f3ef7600700 1 --2- 172.21.15.110:0/2598856994 >> [v2:172.21.15.110:6800/2801396398,v1:172.21.15.110:6801/2801396398] conn(0x7f3ed8039650 0x7f3ed803bb10 unknown :-1 s=START_CONNECT pgs=0 cs=0 l=1 rev1=0 crypto rx=0 tx=0 comp rx=0 tx=0).stop
2024-04-17T06:27:05.176 INFO:teuthology.orchestra.run.smithi110.stdout:/usr/bin/ceph: stderr
2024-04-17T06:27:04.527+0000 7f3ef7600700 1 -- 172.21.15.110:0/2598856994 >> [v2:172.21.15.110:3300/0,v1:172.21.15.110:6789/0] conn(0x7f3ef0106810 msgr2=0x7f3ef019d9f0 secure :-1 s=STATE_CONNECTION_ESTABLISHED l=1).mark_down
2024-04-17T06:27:05.176 INFO:teuthology.orchestra.run.smithi110.stdout:/usr/bin/ceph: stderr
2024-04-17T06:27:04.527+0000 7f3ef7600700 1 --2- 172.21.15.110:0/2598856994 >> [v2:172.21.15.110:3300/0,v1:172.21.15.110:6789/0] conn(0x7f3ef0106810 0x7f3ef019d9f0 secure :-1 s=READY pgs=60 cs=0 l=1 rev1=1 crypto rx=0x7f3ee4006b20 tx=0x7f3ee4011ad0 comp rx=0 tx=0).stop
2024-04-17T06:27:05.176 INFO:teuthology.orchestra.run.smithi110.stdout:/usr/bin/ceph: stderr
2024-04-17T06:27:04.527+0000 7f3ef7600700 1 -- 172.21.15.110:0/2598856994 shutdown_connections
2024-04-17T06:27:05.176 INFO:teuthology.orchestra.run.smithi110.stdout:/usr/bin/ceph: stderr
2024-04-17T06:27:04.527+0000 7f3ef7600700 1 --2- 172.21.15.110:0/2598856994 >> [v2:172.21.15.110:6800/2801396398,v1:172.21.15.110:6801/2801396398] conn(0x7f3ed8039650 0x7f3ed803bb10 unknown :-1 s=CLOSED pgs=0 cs=0 l=1 rev1=0 crypto rx=0 tx=0 comp rx=0 tx=0).stop
2024-04-17T06:27:05.176 INFO:teuthology.orchestra.run.smithi110.stdout:/usr/bin/ceph: stderr
2024-04-17T06:27:04.527+0000 7f3ef7600700 1 --2- 172.21.15.110:0/2598856994 >> [v2:172.21.15.110:3300/0,v1:172.21.15.110:6789/0] conn(0x7f3ef0106810 0x7f3ef019d9f0 unknown :-1 s=CLOSED pgs=60 cs=0 l=1 rev1=1 crypto rx=0 tx=0 comp rx=0 tx=0).stop
2024-04-17T06:27:05.176 INFO:teuthology.orchestra.run.smithi110.stdout:/usr/bin/ceph: stderr
2024-04-17T06:27:04.527+0000 7f3ef7600700 1 -- 172.21.15.110:0/2598856994 >> 172.21.15.110:0/2598856994 conn(0x7f3ef0101e30 msgr2=0x7f3ef0102c50 unknown :-1 s=STATE_NONE l=0).mark_down
2024-04-17T06:27:05.176 INFO:teuthology.orchestra.run.smithi110.stdout:/usr/bin/ceph: stderr
2024-04-17T06:27:04.527+0000 7f3ef7600700 1 -- 172.21.15.110:0/2598856994 shutdown_connections
2024-04-17T06:27:05.176 INFO:teuthology.orchestra.run.smithi110.stdout:/usr/bin/ceph: stderr
2024-04-17T06:27:04.527+0000 7f3ef7600700 1 -- 172.21.15.110:0/2598856994 wait complete.
2024-04-17T06:27:05.176 INFO:teuthology.orchestra.run.smithi110.stdout:Waiting for the mgr to restart...
2024-04-17T06:27:05.177 INFO:teuthology.orchestra.run.smithi110.stdout:Waiting for mgr epoch 9...
2024-04-17T06:27:05.359 INFO:journalctl@ceph.mgr.x.smithi110.stdout:Apr 17 06:27:04 smithi110 bash[21806]: debug
2024-04-17T06:27:04.967+0000 7fba7bbe2200 -1 mgr[py] Module telemetry has missing NOTIFY_TYPES member
2024-04-17T06:27:06.064 INFO:journalctl@ceph.mgr.x.smithi110.stdout:Apr 17 06:27:05 smithi110 bash[21806]: debug
2024-04-17T06:27:05.771+0000 7fba7bbe2200 -1 mgr[py] Module osd_support has missing NOTIFY_TYPES member
2024-04-17T06:27:06.065 INFO:journalctl@ceph.mgr.x.smithi110.stdout:Apr 17 06:27:05 smithi110 bash[21806]: debug
2024-04-17T06:27:05.891+0000 7fba7bbe2200 -1 mgr[py] Module selftest has missing NOTIFY_TYPES member
2024-04-17T06:27:06.065 INFO:journalctl@ceph.mgr.x.smithi110.stdout:Apr 17 06:27:06 smithi110 bash[21806]: debug
2024-04-17T06:27:06.003+0000 7fba7bbe2200 -1 mgr[py] Module progress has missing NOTIFY_TYPES member
2024-04-17T06:27:06.859 INFO:journalctl@ceph.mgr.x.smithi110.stdout:Apr 17 06:27:06 smithi110 bash[21806]: debug
2024-04-17T06:27:06.383+0000 7fba7bbe2200 -1 mgr[py] Module rgw has missing NOTIFY_TYPES member
2024-04-17T06:27:06.859 INFO:journalctl@ceph.mgr.x.smithi110.stdout:Apr 17 06:27:06 smithi110 bash[21806]: debug
2024-04-17T06:27:06.503+0000 7fba7bbe2200 -1 mgr[py] Module crash has missing NOTIFY_TYPES member
2024-04-17T06:27:06.859 INFO:journalctl@ceph.mgr.x.smithi110.stdout:Apr 17 06:27:06 smithi110 bash[21806]: debug
2024-04-17T06:27:06.615+0000 7fba7bbe2200 -1 mgr[py] Module telegraf has missing NOTIFY_TYPES member
2024-04-17T06:27:07.244 INFO:journalctl@ceph.mgr.x.smithi110.stdout:Apr 17 06:27:06 smithi110 bash[21806]: debug
2024-04-17T06:27:06.979+0000 7fba7bbe2200 -1 mgr[py] Module pg_autoscaler has missing NOTIFY_TYPES member
2024-04-17T06:27:07.503 INFO:journalctl@ceph.mgr.x.smithi110.stdout:Apr 17 06:27:07 smithi110 bash[21806]: debug
2024-04-17T06:27:07.239+0000 7fba7bbe2200 -1 mgr[py] Module zabbix has missing NOTIFY_TYPES member
2024-04-17T06:27:07.859 INFO:journalctl@ceph.mgr.x.smithi110.stdout:Apr 17 06:27:07 smithi110 bash[21806]: debug
2024-04-17T06:27:07.499+0000 7fba7bbe2200 -1 mgr[py] Module nfs has missing NOTIFY_TYPES member
2024-04-17T06:27:07.859 INFO:journalctl@ceph.mgr.x.smithi110.stdout:Apr 17 06:27:07 smithi110 bash[21806]: debug
2024-04-17T06:27:07.623+0000 7fba7bbe2200 -1 mgr[py] Module balancer has missing NOTIFY_TYPES member
