2024-04-17T06:26:44.420 INFO:teuthology.orchestra.run.smithi110.stdout:/usr/bin/ceph: stderr
2024-04-17T06:26:43.327+0000 7f4e5fe00700 1 -- 172.21.15.110:0/2778233050 <== mon.0 v2:172.21.15.110:3300/0 3 ==== mon_map magic: 0 ==== 205+0+0 (secure 0 0 0) 0x7f4e54011a80 con 0x7f4e6007d770
2024-04-17T06:26:44.421 INFO:teuthology.orchestra.run.smithi110.stdout:/usr/bin/ceph: stderr
2024-04-17T06:26:43.327+0000 7f4e68400700 1 -- 172.21.15.110:0/2778233050 >> [v2:172.21.15.110:3300/0,v1:172.21.15.110:6789/0] conn(0x7f4e6007d770 msgr2=0x7f4e6007bbd0 secure :-1 s=STATE_CONNECTION_ESTABLISHED l=1).mark_down
2024-04-17T06:26:44.421 INFO:teuthology.orchestra.run.smithi110.stdout:/usr/bin/ceph: stderr
2024-04-17T06:26:43.327+0000 7f4e68400700 1 --2- 172.21.15.110:0/2778233050 >> [v2:172.21.15.110:3300/0,v1:172.21.15.110:6789/0] conn(0x7f4e6007d770 0x7f4e6007bbd0 secure :-1 s=READY pgs=41 cs=0 l=1 rev1=1 crypto rx=0x7f4e540098a0 tx=0x7f4e54009bb0 comp rx=0 tx=0).stop
2024-04-17T06:26:44.421 INFO:teuthology.orchestra.run.smithi110.stdout:/usr/bin/ceph: stderr
2024-04-17T06:26:43.327+0000 7f4e68400700 1 -- 172.21.15.110:0/2778233050 shutdown_connections
2024-04-17T06:26:44.421 INFO:teuthology.orchestra.run.smithi110.stdout:/usr/bin/ceph: stderr
2024-04-17T06:26:43.327+0000 7f4e68400700 1 --2- 172.21.15.110:0/2778233050 >> [v2:172.21.15.110:3300/0,v1:172.21.15.110:6789/0] conn(0x7f4e6007d770 0x7f4e6007bbd0 unknown :-1 s=CLOSED pgs=41 cs=0 l=1 rev1=1 crypto rx=0 tx=0 comp rx=0 tx=0).stop
2024-04-17T06:26:44.421 INFO:teuthology.orchestra.run.smithi110.stdout:/usr/bin/ceph: stderr
2024-04-17T06:26:43.327+0000 7f4e68400700 1 -- 172.21.15.110:0/2778233050 >> 172.21.15.110:0/2778233050 conn(0x7f4e60102f50 msgr2=0x7f4e60105370 unknown :-1 s=STATE_NONE l=0).mark_down
2024-04-17T06:26:44.421 INFO:teuthology.orchestra.run.smithi110.stdout:/usr/bin/ceph: stderr
2024-04-17T06:26:43.327+0000 7f4e68400700 1 -- 172.21.15.110:0/2778233050 shutdown_connections
2024-04-17T06:26:44.421 INFO:teuthology.orchestra.run.smithi110.stdout:/usr/bin/ceph: stderr
2024-04-17T06:26:43.327+0000 7f4e68400700 1 -- 172.21.15.110:0/2778233050 wait complete.
2024-04-17T06:26:44.421 INFO:teuthology.orchestra.run.smithi110.stdout:/usr/bin/ceph: stderr
2024-04-17T06:26:43.327+0000 7f4e68400700 1 Processor -- start
2024-04-17T06:26:44.421 INFO:teuthology.orchestra.run.smithi110.stdout:/usr/bin/ceph: stderr
2024-04-17T06:26:43.327+0000 7f4e68400700 1 -- start start
2024-04-17T06:26:44.421 INFO:teuthology.orchestra.run.smithi110.stdout:/usr/bin/ceph: stderr
2024-04-17T06:26:43.327+0000 7f4e68400700 1 --2- >> [v2:172.21.15.110:3300/0,v1:172.21.15.110:6789/0] conn(0x7f4e6007d770 0x7f4e6019da10 unknown :-1 s=NONE pgs=0 cs=0 l=1 rev1=0 crypto rx=0 tx=0 comp rx=0 tx=0).connect
2024-04-17T06:26:44.421 INFO:teuthology.orchestra.run.smithi110.stdout:/usr/bin/ceph: stderr
2024-04-17T06:26:43.327+0000 7f4e68400700 1 -- --> [v2:172.21.15.110:3300/0,v1:172.21.15.110:6789/0] -- mon_getmap magic: 0 -- 0x7f4e6010dec0 con 0x7f4e6007d770
2024-04-17T06:26:44.421 INFO:teuthology.orchestra.run.smithi110.stdout:/usr/bin/ceph: stderr
2024-04-17T06:26:43.327+0000 7f4e65a00700 1 --2- >> [v2:172.21.15.110:3300/0,v1:172.21.15.110:6789/0] conn(0x7f4e6007d770 0x7f4e6019da10 unknown :-1 s=BANNER_CONNECTING pgs=0 cs=0 l=1 rev1=0 crypto rx=0 tx=0 comp rx=0 tx=0)._handle_peer_banner_payload supported=3 required=0
2024-04-17T06:26:44.421 INFO:teuthology.orchestra.run.smithi110.stdout:/usr/bin/ceph: stderr
2024-04-17T06:26:43.327+0000 7f4e65a00700 1 --2- >> [v2:172.21.15.110:3300/0,v1:172.21.15.110:6789/0] conn(0x7f4e6007d770 0x7f4e6019da10 unknown :-1 s=HELLO_CONNECTING pgs=0 cs=0 l=1 rev1=1 crypto rx=0 tx=0 comp rx=0 tx=0).handle_hello peer v2:172.21.15.110:3300/0 says I am v2:172.21.15.110:49886/0 (socket says 172.21.15.110:49886)
2024-04-17T06:26:44.422 INFO:teuthology.orchestra.run.smithi110.stdout:/usr/bin/ceph: stderr
2024-04-17T06:26:43.327+0000 7f4e65a00700 1 -- 172.21.15.110:0/4016117684 learned_addr learned my addr 172.21.15.110:0/4016117684 (peer_addr_for_me v2:172.21.15.110:0/0)
2024-04-17T06:26:44.422 INFO:teuthology.orchestra.run.smithi110.stdout:/usr/bin/ceph: stderr
2024-04-17T06:26:43.331+0000 7f4e65a00700 1 -- 172.21.15.110:0/4016117684 --> [v2:172.21.15.110:3300/0,v1:172.21.15.110:6789/0] -- mon_subscribe({config=0+,monmap=0+}) -- 0x7f4e6019df50 con 0x7f4e6007d770
2024-04-17T06:26:44.422 INFO:teuthology.orchestra.run.smithi110.stdout:/usr/bin/ceph: stderr
2024-04-17T06:26:43.331+0000 7f4e65a00700 1 --2- 172.21.15.110:0/4016117684 >> [v2:172.21.15.110:3300/0,v1:172.21.15.110:6789/0] conn(0x7f4e6007d770 0x7f4e6019da10 secure :-1 s=READY pgs=42 cs=0 l=1 rev1=1 crypto rx=0x7f4e54000c00 tx=0x7f4e54011b00 comp rx=0 tx=0).ready entity=mon.0 client_cookie=0 server_cookie=0 in_seq=0 out_seq=0
2024-04-17T06:26:44.422 INFO:teuthology.orchestra.run.smithi110.stdout:/usr/bin/ceph: stderr
2024-04-17T06:26:43.331+0000 7f4e5e000700 1 -- 172.21.15.110:0/4016117684 <== mon.0 v2:172.21.15.110:3300/0 1 ==== mon_map magic: 0 ==== 205+0+0 (secure 0 0 0) 0x7f4e540039f0 con 0x7f4e6007d770
2024-04-17T06:26:44.422 INFO:teuthology.orchestra.run.smithi110.stdout:/usr/bin/ceph: stderr
2024-04-17T06:26:43.331+0000 7f4e5e000700 1 -- 172.21.15.110:0/4016117684 <== mon.0 v2:172.21.15.110:3300/0 2 ==== config(26 keys) ==== 1071+0+0 (secure 0 0 0) 0x7f4e54003b90 con 0x7f4e6007d770
2024-04-17T06:26:44.422 INFO:teuthology.orchestra.run.smithi110.stdout:/usr/bin/ceph: stderr
2024-04-17T06:26:43.331+0000 7f4e5e000700 1 -- 172.21.15.110:0/4016117684 <== mon.0 v2:172.21.15.110:3300/0 3 ==== mon_map magic: 0 ==== 205+0+0 (secure 0 0 0) 0x7f4e5401a740 con 0x7f4e6007d770
2024-04-17T06:26:44.422 INFO:teuthology.orchestra.run.smithi110.stdout:/usr/bin/ceph: stderr
2024-04-17T06:26:43.331+0000 7f4e68400700 1 -- 172.21.15.110:0/4016117684 --> [v2:172.21.15.110:3300/0,v1:172.21.15.110:6789/0] -- mon_subscribe({mgrmap=0+}) -- 0x7f4e6019e1e0 con 0x7f4e6007d770
2024-04-17T06:26:44.422 INFO:teuthology.orchestra.run.smithi110.stdout:/usr/bin/ceph: stderr
2024-04-17T06:26:43.331+0000 7f4e68400700 1 -- 172.21.15.110:0/4016117684 --> [v2:172.21.15.110:3300/0,v1:172.21.15.110:6789/0] -- mon_subscribe({osdmap=0}) -- 0x7f4e601a0ed0 con 0x7f4e6007d770
2024-04-17T06:26:44.422 INFO:teuthology.orchestra.run.smithi110.stdout:/usr/bin/ceph: stderr
2024-04-17T06:26:43.331+0000 7f4e68400700 1 -- 172.21.15.110:0/4016117684 --> [v2:172.21.15.110:3300/0,v1:172.21.15.110:6789/0] -- mon_command({"prefix": "get_command_descriptions"} v 0) -- 0x7f4e600640b0 con 0x7f4e6007d770
2024-04-17T06:26:44.422 INFO:teuthology.orchestra.run.smithi110.stdout:/usr/bin/ceph: stderr
2024-04-17T06:26:43.331+0000 7f4e5e000700 1 -- 172.21.15.110:0/4016117684 <== mon.0 v2:172.21.15.110:3300/0 4 ==== mgrmap(e 8) ==== 46558+0+0 (secure 0 0 0) 0x7f4e54024af0 con 0x7f4e6007d770
2024-04-17T06:26:44.422 INFO:teuthology.orchestra.run.smithi110.stdout:/usr/bin/ceph: stderr
2024-04-17T06:26:43.331+0000 7f4e5e000700 1 --2- 172.21.15.110:0/4016117684 >> [v2:172.21.15.110:6800/2801396398,v1:172.21.15.110:6801/2801396398] conn(0x7f4e480395b0 0x7f4e4803ba70 unknown :-1 s=NONE pgs=0 cs=0 l=1 rev1=0 crypto rx=0 tx=0 comp rx=0 tx=0).connect
2024-04-17T06:26:44.422 INFO:teuthology.orchestra.run.smithi110.stdout:/usr/bin/ceph: stderr
2024-04-17T06:26:43.331+0000 7f4e5e000700 1 -- 172.21.15.110:0/4016117684 <== mon.0 v2:172.21.15.110:3300/0 5 ==== osd_map(2..2 src has 1..2) ==== 940+0+0 (secure 0 0 0) 0x7f4e5404db50 con 0x7f4e6007d770
2024-04-17T06:26:44.423 INFO:teuthology.orchestra.run.smithi110.stdout:/usr/bin/ceph: stderr
2024-04-17T06:26:43.331+0000 7f4e65000700 1 --2- 172.21.15.110:0/4016117684 >> [v2:172.21.15.110:6800/2801396398,v1:172.21.15.110:6801/2801396398] conn(0x7f4e480395b0 0x7f4e4803ba70 unknown :-1 s=BANNER_CONNECTING pgs=0 cs=0 l=1 rev1=0 crypto rx=0 tx=0 comp rx=0 tx=0)._handle_peer_banner_payload supported=3 required=0
2024-04-17T06:26:44.423 INFO:teuthology.orchestra.run.smithi110.stdout:/usr/bin/ceph: stderr
2024-04-17T06:26:43.331+0000 7f4e65000700 1 --2- 172.21.15.110:0/4016117684 >> [v2:172.21.15.110:6800/2801396398,v1:172.21.15.110:6801/2801396398] conn(0x7f4e480395b0 0x7f4e4803ba70 secure :-1 s=READY pgs=9 cs=0 l=1 rev1=1 crypto rx=0x7f4e4c006fd0 tx=0x7f4e4c006e40 comp rx=0 tx=0).ready entity=mgr.14120 client_cookie=0 server_cookie=0 in_seq=0 out_seq=0
2024-04-17T06:26:44.423 INFO:teuthology.orchestra.run.smithi110.stdout:/usr/bin/ceph: stderr
2024-04-17T06:26:43.335+0000 7f4e5e000700 1 -- 172.21.15.110:0/4016117684 <== mon.0 v2:172.21.15.110:3300/0 6 ==== mon_command_ack([{"prefix": "get_command_descriptions"}]=0 v0) ==== 72+0+188381 (secure 0 0 0) 0x7f4e5400ba20 con 0x7f4e6007d770
2024-04-17T06:26:44.423 INFO:teuthology.orchestra.run.smithi110.stdout:/usr/bin/ceph: stderr
2024-04-17T06:26:43.543+0000 7f4e68400700 1 -- 172.21.15.110:0/4016117684 --> [v2:172.21.15.110:6800/2801396398,v1:172.21.15.110:6801/2801396398] -- mgr_command(tid 0: {"prefix": "cephadm generate-key", "target": ["mon-mgr", ""]}) -- 0x7f4e60104140 con 0x7f4e480395b0
2024-04-17T06:26:44.423 INFO:teuthology.orchestra.run.smithi110.stdout:/usr/bin/ceph: stderr
2024-04-17T06:26:43.763+0000 7f4e5e000700 1 -- 172.21.15.110:0/4016117684 <== mgr.14120 v2:172.21.15.110:6800/2801396398 1 ==== mgr_command_reply(tid 0: 0 ) ==== 8+0+0 (secure 0 0 0) 0x7f4e60104140 con 0x7f4e480395b0
2024-04-17T06:26:44.423 INFO:teuthology.orchestra.run.smithi110.stdout:/usr/bin/ceph: stderr
2024-04-17T06:26:43.767+0000 7f4e68400700 1 -- 172.21.15.110:0/4016117684 >> [v2:172.21.15.110:6800/2801396398,v1:172.21.15.110:6801/2801396398] conn(0x7f4e480395b0 msgr2=0x7f4e4803ba70 secure :-1 s=STATE_CONNECTION_ESTABLISHED l=1).mark_down
2024-04-17T06:26:44.423 INFO:teuthology.orchestra.run.smithi110.stdout:/usr/bin/ceph: stderr
2024-04-17T06:26:43.767+0000 7f4e68400700 1 --2- 172.21.15.110:0/4016117684 >> [v2:172.21.15.110:6800/2801396398,v1:172.21.15.110:6801/2801396398] conn(0x7f4e480395b0 0x7f4e4803ba70 secure :-1 s=READY pgs=9 cs=0 l=1 rev1=1 crypto rx=0x7f4e4c006fd0 tx=0x7f4e4c006e40 comp rx=0 tx=0).stop
2024-04-17T06:26:44.423 INFO:teuthology.orchestra.run.smithi110.stdout:/usr/bin/ceph: stderr
2024-04-17T06:26:43.767+0000 7f4e68400700 1 -- 172.21.15.110:0/4016117684 >> [v2:172.21.15.110:3300/0,v1:172.21.15.110:6789/0] conn(0x7f4e6007d770 msgr2=0x7f4e6019da10 secure :-1 s=STATE_CONNECTION_ESTABLISHED l=1).mark_down
2024-04-17T06:26:44.423 INFO:teuthology.orchestra.run.smithi110.stdout:/usr/bin/ceph: stderr
2024-04-17T06:26:43.767+0000 7f4e68400700 1 --2- 172.21.15.110:0/4016117684 >> [v2:172.21.15.110:3300/0,v1:172.21.15.110:6789/0] conn(0x7f4e6007d770 0x7f4e6019da10 secure :-1 s=READY pgs=42 cs=0 l=1 rev1=1 crypto rx=0x7f4e54000c00 tx=0x7f4e54011b00 comp rx=0 tx=0).stop
2024-04-17T06:26:44.423 INFO:teuthology.orchestra.run.smithi110.stdout:/usr/bin/ceph: stderr
2024-04-17T06:26:43.767+0000 7f4e68400700 1 -- 172.21.15.110:0/4016117684 shutdown_connections
2024-04-17T06:26:44.423 INFO:teuthology.orchestra.run.smithi110.stdout:/usr/bin/ceph: stderr
2024-04-17T06:26:43.767+0000 7f4e68400700 1 --2- 172.21.15.110:0/4016117684 >> [v2:172.21.15.110:6800/2801396398,v1:172.21.15.110:6801/2801396398] conn(0x7f4e480395b0 0x7f4e4803ba70 unknown :-1 s=CLOSED pgs=9 cs=0 l=1 rev1=1 crypto rx=0 tx=0 comp rx=0 tx=0).stop
2024-04-17T06:26:44.423 INFO:teuthology.orchestra.run.smithi110.stdout:/usr/bin/ceph: stderr
2024-04-17T06:26:43.767+0000 7f4e68400700 1 --2- 172.21.15.110:0/4016117684 >> [v2:172.21.15.110:3300/0,v1:172.21.15.110:6789/0] conn(0x7f4e6007d770 0x7f4e6019da10 unknown :-1 s=CLOSED pgs=42 cs=0 l=1 rev1=1 crypto rx=0 tx=0 comp rx=0 tx=0).stop
2024-04-17T06:26:44.423 INFO:teuthology.orchestra.run.smithi110.stdout:/usr/bin/ceph: stderr
2024-04-17T06:26:43.767+0000 7f4e68400700 1 -- 172.21.15.110:0/4016117684 >> 172.21.15.110:0/4016117684 conn(0x7f4e60102f50 msgr2=0x7f4e60103a30 unknown :-1 s=STATE_NONE l=0).mark_down
2024-04-17T06:26:44.423 INFO:teuthology.orchestra.run.smithi110.stdout:/usr/bin/ceph: stderr
2024-04-17T06:26:43.767+0000 7f4e68400700 1 -- 172.21.15.110:0/4016117684 shutdown_connections
2024-04-17T06:26:44.424 INFO:teuthology.orchestra.run.smithi110.stdout:/usr/bin/ceph: stderr
2024-04-17T06:26:43.767+0000 7f4e68400700 1 -- 172.21.15.110:0/4016117684 wait complete.
2024-04-17T06:26:45.109 INFO:journalctl@ceph.mon.a.smithi110.stdout:Apr 17 06:26:44 smithi110 bash[21553]: audit
2024-04-17T06:26:43.767234+0000 mon.a (mon.0) 60 : audit [INF] from='mgr.14120 172.21.15.110:0/1009080332' entity='mgr.x'
2024-04-17T06:26:45.109 INFO:journalctl@ceph.mon.a.smithi110.stdout:Apr 17 06:26:44 smithi110 bash[21553]: audit
2024-04-17T06:26:43.769381+0000 mon.a (mon.0) 61 : audit [INF] from='mgr.14120 172.21.15.110:0/1009080332' entity='mgr.x'
2024-04-17T06:26:45.859 INFO:journalctl@ceph.mon.a.smithi110.stdout:Apr 17 06:26:45 smithi110 bash[21553]: audit
2024-04-17T06:26:45.590384+0000 mgr.x (mgr.14120) 12 : audit [DBG] from='client.14138 -' entity='client.admin' cmd=[{"prefix": "cephadm get-pub-key", "target": ["mon-mgr", ""]}]: dispatch
2024-04-17T06:26:46.213 INFO:teuthology.orchestra.run.smithi110.stdout:/usr/bin/ceph: stdout ssh-rsa AAAAB3NzaC1yc2EAAAADAQABAAABgQDWuaryeI0MoiYsdEdKVKjKqhzatuwj+5FrN+alwGIajdtp3j0i/XktJ5DOquHYAukcxoPPuddEqZQxgeqGjZCe8oXPQg0Kv0j1JxvqpqfH8BPJSynH+vyNHZMJcUUnBu2LUebrm/ScFpC2FeBEcNrLeh0UF4H3FjQUVgboYuBSgMyCPdWzmXQIfbPBeLOGKB5/klLbGLVr+DSrIoTEG9WvESLQXuQCyStYm+JSLLzbC6Zfk1p9M0pageGZjfuaRdk/mp8G/dOIOsnx21ilNtYu+urPS/aRZnkqYKh84nVxvgrdICXbXoMw0U3U7m5lhi3oQNhHLXUNwNwNjgpcQtN5Vh7KzUBfeRU0qu4SjA6n+PmQafdkjuCtxG7emfQX7+H9ADpbuY0Qw/Y1vbJGTcN8LbfflrQXL60IkxQjbTQQUF4mYl2vPzJo0vjQbN0WyspmMuIP5dpO7pWXIP0GuZleA32LIz3dqWVnET7cOHqhEIJNNQvQvPA4h+o7M3MrrQE= ceph-39b68308-fc83-11ee-bc91-c7b262605968
2024-04-17T06:26:46.213 INFO:teuthology.orchestra.run.smithi110.stdout:/usr/bin/ceph: stderr
2024-04-17T06:26:45.363+0000 7f615fe00700 1 Processor -- start
2024-04-17T06:26:46.213 INFO:teuthology.orchestra.run.smithi110.stdout:/usr/bin/ceph: stderr
2024-04-17T06:26:45.363+0000 7f615fe00700 1 -- start start
2024-04-17T06:26:46.213 INFO:teuthology.orchestra.run.smithi110.stdout:/usr/bin/ceph: stderr
2024-04-17T06:26:45.367+0000 7f615fe00700 1 --2- >> [v2:172.21.15.110:3300/0,v1:172.21.15.110:6789/0] conn(0x7f6160107730 0x7f6160107b50 unknown :-1 s=NONE pgs=0 cs=0 l=0 rev1=0 crypto rx=0 tx=0 comp rx=0 tx=0).connect
2024-04-17T06:26:46.214 INFO:teuthology.orchestra.run.smithi110.stdout:/usr/bin/ceph: stderr
2024-04-17T06:26:45.367+0000 7f615fe00700 1 -- --> [v2:172.21.15.110:3300/0,v1:172.21.15.110:6789/0] -- mon_getmap magic: 0 -- 0x7f6160108120 con 0x7f6160107730
2024-04-17T06:26:46.214 INFO:teuthology.orchestra.run.smithi110.stdout:/usr/bin/ceph: stderr
2024-04-17T06:26:45.367+0000 7f615ea00700 1 --2- >> [v2:172.21.15.110:3300/0,v1:172.21.15.110:6789/0] conn(0x7f6160107730 0x7f6160107b50 unknown :-1 s=BANNER_CONNECTING pgs=0 cs=0 l=0 rev1=0 crypto rx=0 tx=0 comp rx=0 tx=0)._handle_peer_banner_payload supported=3 required=0
2024-04-17T06:26:46.214 INFO:teuthology.orchestra.run.smithi110.stdout:/usr/bin/ceph: stderr
2024-04-17T06:26:45.367+0000 7f615ea00700 1 --2- >> [v2:172.21.15.110:3300/0,v1:172.21.15.110:6789/0] conn(0x7f6160107730 0x7f6160107b50 unknown :-1 s=HELLO_CONNECTING pgs=0 cs=0 l=0 rev1=1 crypto rx=0 tx=0 comp rx=0 tx=0).handle_hello peer v2:172.21.15.110:3300/0 says I am v2:172.21.15.110:49892/0 (socket says 172.21.15.110:49892)
2024-04-17T06:26:46.214 INFO:teuthology.orchestra.run.smithi110.stdout:/usr/bin/ceph: stderr
2024-04-17T06:26:45.367+0000 7f615ea00700 1 -- 172.21.15.110:0/783758068 learned_addr learned my addr 172.21.15.110:0/783758068 (peer_addr_for_me v2:172.21.15.110:0/0)
2024-04-17T06:26:46.214 INFO:teuthology.orchestra.run.smithi110.stdout:/usr/bin/ceph: stderr
2024-04-17T06:26:45.367+0000 7f615ea00700 1 -- 172.21.15.110:0/783758068 --> [v2:172.21.15.110:3300/0,v1:172.21.15.110:6789/0] -- mon_subscribe({config=0+,monmap=0+}) -- 0x7f6160108930 con 0x7f6160107730
2024-04-17T06:26:46.214 INFO:teuthology.orchestra.run.smithi110.stdout:/usr/bin/ceph: stderr
2024-04-17T06:26:45.367+0000 7f615ea00700 1 --2- 172.21.15.110:0/783758068 >> [v2:172.21.15.110:3300/0,v1:172.21.15.110:6789/0] conn(0x7f6160107730 0x7f6160107b50 secure :-1 s=READY pgs=43 cs=0 l=1 rev1=1 crypto rx=0x7f61500098a0 tx=0x7f6150009bb0 comp rx=0 tx=0).ready entity=mon.0 client_cookie=d85149eba0569099 server_cookie=0 in_seq=0 out_seq=0
2024-04-17T06:26:46.214 INFO:teuthology.orchestra.run.smithi110.stdout:/usr/bin/ceph: stderr
2024-04-17T06:26:45.367+0000 7f615d600700 1 -- 172.21.15.110:0/783758068 <== mon.0 v2:172.21.15.110:3300/0 1 ==== mon_map magic: 0 ==== 205+0+0 (secure 0 0 0) 0x7f6150004160 con 0x7f6160107730
2024-04-17T06:26:46.214 INFO:teuthology.orchestra.run.smithi110.stdout:/usr/bin/ceph: stderr
2024-04-17T06:26:45.367+0000 7f615d600700 1 -- 172.21.15.110:0/783758068 <== mon.0 v2:172.21.15.110:3300/0 2 ==== config(26 keys) ==== 1071+0+0 (secure 0 0 0) 0x7f6150004300 con 0x7f6160107730
2024-04-17T06:26:46.214 INFO:teuthology.orchestra.run.smithi110.stdout:/usr/bin/ceph: stderr
2024-04-17T06:26:45.367+0000 7f615d600700 1 -- 172.21.15.110:0/783758068 <== mon.0 v2:172.21.15.110:3300/0 3 ==== mon_map magic: 0 ==== 205+0+0 (secure 0 0 0) 0x7f6150011a80 con 0x7f6160107730
2024-04-17T06:26:46.214 INFO:teuthology.orchestra.run.smithi110.stdout:/usr/bin/ceph: stderr
2024-04-17T06:26:45.367+0000 7f615fe00700 1 -- 172.21.15.110:0/783758068 >> [v2:172.21.15.110:3300/0,v1:172.21.15.110:6789/0] conn(0x7f6160107730 msgr2=0x7f6160107b50 secure :-1 s=STATE_CONNECTION_ESTABLISHED l=1).mark_down
2024-04-17T06:26:46.214 INFO:teuthology.orchestra.run.smithi110.stdout:/usr/bin/ceph: stderr
2024-04-17T06:26:45.367+0000 7f615fe00700 1 --2- 172.21.15.110:0/783758068 >> [v2:172.21.15.110:3300/0,v1:172.21.15.110:6789/0] conn(0x7f6160107730 0x7f6160107b50 secure :-1 s=READY pgs=43 cs=0 l=1 rev1=1 crypto rx=0x7f61500098a0 tx=0x7f6150009bb0 comp rx=0 tx=0).stop
2024-04-17T06:26:46.214 INFO:teuthology.orchestra.run.smithi110.stdout:/usr/bin/ceph: stderr
2024-04-17T06:26:45.367+0000 7f615fe00700 1 -- 172.21.15.110:0/783758068 shutdown_connections
2024-04-17T06:26:46.215 INFO:teuthology.orchestra.run.smithi110.stdout:/usr/bin/ceph: stderr
2024-04-17T06:26:45.367+0000 7f615fe00700 1 --2- 172.21.15.110:0/783758068 >> [v2:172.21.15.110:3300/0,v1:172.21.15.110:6789/0] conn(0x7f6160107730 0x7f6160107b50 unknown :-1 s=CLOSED pgs=43 cs=0 l=1 rev1=1 crypto rx=0 tx=0 comp rx=0 tx=0).stop
2024-04-17T06:26:46.215 INFO:teuthology.orchestra.run.smithi110.stdout:/usr/bin/ceph: stderr
2024-04-17T06:26:45.367+0000 7f615fe00700 1 -- 172.21.15.110:0/783758068 >> 172.21.15.110:0/783758068 conn(0x7f6160102cd0 msgr2=0x7f6160105110 unknown :-1 s=STATE_NONE l=0).mark_down
2024-04-17T06:26:46.215 INFO:teuthology.orchestra.run.smithi110.stdout:/usr/bin/ceph: stderr
2024-04-17T06:26:45.367+0000 7f615fe00700 1 -- 172.21.15.110:0/783758068 shutdown_connections
2024-04-17T06:26:46.215 INFO:teuthology.orchestra.run.smithi110.stdout:/usr/bin/ceph: stderr
2024-04-17T06:26:45.367+0000 7f615fe00700 1 -- 172.21.15.110:0/783758068 wait complete.
2024-04-17T06:26:46.215 INFO:teuthology.orchestra.run.smithi110.stdout:/usr/bin/ceph: stderr
2024-04-17T06:26:45.367+0000 7f615fe00700 1 Processor -- start
2024-04-17T06:26:46.215 INFO:teuthology.orchestra.run.smithi110.stdout:/usr/bin/ceph: stderr
2024-04-17T06:26:45.367+0000 7f615fe00700 1 -- start start
2024-04-17T06:26:46.215 INFO:teuthology.orchestra.run.smithi110.stdout:/usr/bin/ceph: stderr
2024-04-17T06:26:45.367+0000 7f615fe00700 1 --2- >> [v2:172.21.15.110:3300/0,v1:172.21.15.110:6789/0] conn(0x7f6160107730 0x7f616019d8e0 unknown :-1 s=NONE pgs=0 cs=0 l=1 rev1=0 crypto rx=0 tx=0 comp rx=0 tx=0).connect
2024-04-17T06:26:46.215 INFO:teuthology.orchestra.run.smithi110.stdout:/usr/bin/ceph: stderr
2024-04-17T06:26:45.367+0000 7f615fe00700 1 -- --> [v2:172.21.15.110:3300/0,v1:172.21.15.110:6789/0] -- mon_getmap magic: 0 -- 0x7f616010bce0 con 0x7f6160107730
2024-04-17T06:26:46.215 INFO:teuthology.orchestra.run.smithi110.stdout:/usr/bin/ceph: stderr
2024-04-17T06:26:45.367+0000 7f615ea00700 1 --2- >> [v2:172.21.15.110:3300/0,v1:172.21.15.110:6789/0] conn(0x7f6160107730 0x7f616019d8e0 unknown :-1 s=BANNER_CONNECTING pgs=0 cs=0 l=1 rev1=0 crypto rx=0 tx=0 comp rx=0 tx=0)._handle_peer_banner_payload supported=3 required=0
2024-04-17T06:26:46.215 INFO:teuthology.orchestra.run.smithi110.stdout:/usr/bin/ceph: stderr
2024-04-17T06:26:45.367+0000 7f615ea00700 1 --2- >> [v2:172.21.15.110:3300/0,v1:172.21.15.110:6789/0] conn(0x7f6160107730 0x7f616019d8e0 unknown :-1 s=HELLO_CONNECTING pgs=0 cs=0 l=1 rev1=1 crypto rx=0 tx=0 comp rx=0 tx=0).handle_hello peer v2:172.21.15.110:3300/0 says I am v2:172.21.15.110:49900/0 (socket says 172.21.15.110:49900)
2024-04-17T06:26:46.215 INFO:teuthology.orchestra.run.smithi110.stdout:/usr/bin/ceph: stderr
2024-04-17T06:26:45.367+0000 7f615ea00700 1 -- 172.21.15.110:0/3202447119 learned_addr learned my addr 172.21.15.110:0/3202447119 (peer_addr_for_me v2:172.21.15.110:0/0)
2024-04-17T06:26:46.215 INFO:teuthology.orchestra.run.smithi110.stdout:/usr/bin/ceph: stderr
2024-04-17T06:26:45.371+0000 7f615ea00700 1 -- 172.21.15.110:0/3202447119 --> [v2:172.21.15.110:3300/0,v1:172.21.15.110:6789/0] -- mon_subscribe({config=0+,monmap=0+}) -- 0x7f616019de20 con 0x7f6160107730
2024-04-17T06:26:46.215 INFO:teuthology.orchestra.run.smithi110.stdout:/usr/bin/ceph: stderr
2024-04-17T06:26:45.371+0000 7f615ea00700 1 --2- 172.21.15.110:0/3202447119 >> [v2:172.21.15.110:3300/0,v1:172.21.15.110:6789/0] conn(0x7f6160107730 0x7f616019d8e0 secure :-1 s=READY pgs=44 cs=0 l=1 rev1=1 crypto rx=0x7f6150000c00 tx=0x7f6150011b00 comp rx=0 tx=0).ready entity=mon.0 client_cookie=0 server_cookie=0 in_seq=0 out_seq=0
2024-04-17T06:26:46.215 INFO:teuthology.orchestra.run.smithi110.stdout:/usr/bin/ceph: stderr
2024-04-17T06:26:45.371+0000 7f6157400700 1 -- 172.21.15.110:0/3202447119 <== mon.0 v2:172.21.15.110:3300/0 1 ==== mon_map magic: 0 ==== 205+0+0 (secure 0 0 0) 0x7f61500039f0 con 0x7f6160107730
2024-04-17T06:26:46.216 INFO:teuthology.orchestra.run.smithi110.stdout:/usr/bin/ceph: stderr
2024-04-17T06:26:45.371+0000 7f6157400700 1 -- 172.21.15.110:0/3202447119 <== mon.0 v2:172.21.15.110:3300/0 2 ==== config(26 keys) ==== 1071+0+0 (secure 0 0 0) 0x7f6150003b90 con 0x7f6160107730
2024-04-17T06:26:46.216 INFO:teuthology.orchestra.run.smithi110.stdout:/usr/bin/ceph: stderr
2024-04-17T06:26:45.371+0000 7f6157400700 1 -- 172.21.15.110:0/3202447119 <== mon.0 v2:172.21.15.110:3300/0 3 ==== mon_map magic: 0 ==== 205+0+0 (secure 0 0 0) 0x7f615001a740 con 0x7f6160107730
2024-04-17T06:26:46.216 INFO:teuthology.orchestra.run.smithi110.stdout:/usr/bin/ceph: stderr
2024-04-17T06:26:45.371+0000 7f615fe00700 1 -- 172.21.15.110:0/3202447119 --> [v2:172.21.15.110:3300/0,v1:172.21.15.110:6789/0] -- mon_subscribe({mgrmap=0+}) -- 0x7f616019e0b0 con 0x7f6160107730
2024-04-17T06:26:46.216 INFO:teuthology.orchestra.run.smithi110.stdout:/usr/bin/ceph: stderr
2024-04-17T06:26:45.371+0000 7f615fe00700 1 -- 172.21.15.110:0/3202447119 --> [v2:172.21.15.110:3300/0,v1:172.21.15.110:6789/0] -- mon_subscribe({osdmap=0}) -- 0x7f61601a0da0 con 0x7f6160107730
2024-04-17T06:26:46.216 INFO:teuthology.orchestra.run.smithi110.stdout:/usr/bin/ceph: stderr
2024-04-17T06:26:45.371+0000 7f615fe00700 1 -- 172.21.15.110:0/3202447119 --> [v2:172.21.15.110:3300/0,v1:172.21.15.110:6789/0] -- mon_command({"prefix": "get_command_descriptions"} v 0) -- 0x7f61600640b0 con 0x7f6160107730
2024-04-17T06:26:46.216 INFO:teuthology.orchestra.run.smithi110.stdout:/usr/bin/ceph: stderr
2024-04-17T06:26:45.371+0000 7f6157400700 1 -- 172.21.15.110:0/3202447119 <== mon.0 v2:172.21.15.110:3300/0 4 ==== mgrmap(e 8) ==== 46558+0+0 (secure 0 0 0) 0x7f6150024af0 con 0x7f6160107730
2024-04-17T06:26:46.216 INFO:teuthology.orchestra.run.smithi110.stdout:/usr/bin/ceph: stderr
2024-04-17T06:26:45.371+0000 7f6157400700 1 --2- 172.21.15.110:0/3202447119 >> [v2:172.21.15.110:6800/2801396398,v1:172.21.15.110:6801/2801396398] conn(0x7f61440395b0 0x7f614403ba70 unknown :-1 s=NONE pgs=0 cs=0 l=1 rev1=0 crypto rx=0 tx=0 comp rx=0 tx=0).connect
2024-04-17T06:26:46.216 INFO:teuthology.orchestra.run.smithi110.stdout:/usr/bin/ceph: stderr
2024-04-17T06:26:45.371+0000 7f6157400700 1 -- 172.21.15.110:0/3202447119 <== mon.0 v2:172.21.15.110:3300/0 5 ==== osd_map(2..2 src has 1..2) ==== 940+0+0 (secure 0 0 0) 0x7f615004db30 con 0x7f6160107730
2024-04-17T06:26:46.216 INFO:teuthology.orchestra.run.smithi110.stdout:/usr/bin/ceph: stderr
2024-04-17T06:26:45.371+0000 7f615e000700 1 --2- 172.21.15.110:0/3202447119 >> [v2:172.21.15.110:6800/2801396398,v1:172.21.15.110:6801/2801396398] conn(0x7f61440395b0 0x7f614403ba70 unknown :-1 s=BANNER_CONNECTING pgs=0 cs=0 l=1 rev1=0 crypto rx=0 tx=0 comp rx=0 tx=0)._handle_peer_banner_payload supported=3 required=0
2024-04-17T06:26:46.216 INFO:teuthology.orchestra.run.smithi110.stdout:/usr/bin/ceph: stderr
2024-04-17T06:26:45.371+0000 7f615e000700 1 --2- 172.21.15.110:0/3202447119 >> [v2:172.21.15.110:6800/2801396398,v1:172.21.15.110:6801/2801396398] conn(0x7f61440395b0 0x7f614403ba70 secure :-1 s=READY pgs=10 cs=0 l=1 rev1=1 crypto rx=0x7f614c006fd0 tx=0x7f614c006e40 comp rx=0 tx=0).ready entity=mgr.14120 client_cookie=0 server_cookie=0 in_seq=0 out_seq=0
2024-04-17T06:26:46.216 INFO:teuthology.orchestra.run.smithi110.stdout:/usr/bin/ceph: stderr
2024-04-17T06:26:45.375+0000 7f6157400700 1 -- 172.21.15.110:0/3202447119 <== mon.0 v2:172.21.15.110:3300/0 6 ==== mon_command_ack([{"prefix": "get_command_descriptions"}]=0 v0) ==== 72+0+188381 (secure 0 0 0) 0x7f615004d4c0 con 0x7f6160107730
2024-04-17T06:26:46.216 INFO:teuthology.orchestra.run.smithi110.stdout:/usr/bin/ceph: stderr
2024-04-17T06:26:45.583+0000 7f615fe00700 1 -- 172.21.15.110:0/3202447119 --> [v2:172.21.15.110:6800/2801396398,v1:172.21.15.110:6801/2801396398] -- mgr_command(tid 0: {"prefix": "cephadm get-pub-key", "target": ["mon-mgr", ""]}) -- 0x7f6160103e70 con 0x7f61440395b0
2024-04-17T06:26:46.216 INFO:teuthology.orchestra.run.smithi110.stdout:/usr/bin/ceph: stderr
2024-04-17T06:26:45.583+0000 7f6157400700 1 -- 172.21.15.110:0/3202447119 <== mgr.14120 v2:172.21.15.110:6800/2801396398 1 ==== mgr_command_reply(tid 0: 0 ) ==== 8+0+595 (secure 0 0 0) 0x7f6160103e70 con 0x7f61440395b0
2024-04-17T06:26:46.216 INFO:teuthology.orchestra.run.smithi110.stdout:/usr/bin/ceph: stderr
2024-04-17T06:26:45.587+0000 7f615fe00700 1 -- 172.21.15.110:0/3202447119 >> [v2:172.21.15.110:6800/2801396398,v1:172.21.15.110:6801/2801396398] conn(0x7f61440395b0 msgr2=0x7f614403ba70 secure :-1 s=STATE_CONNECTION_ESTABLISHED l=1).mark_down
2024-04-17T06:26:46.217 INFO:teuthology.orchestra.run.smithi110.stdout:/usr/bin/ceph: stderr
2024-04-17T06:26:45.587+0000 7f615fe00700 1 --2- 172.21.15.110:0/3202447119 >> [v2:172.21.15.110:6800/2801396398,v1:172.21.15.110:6801/2801396398] conn(0x7f61440395b0 0x7f614403ba70 secure :-1 s=READY pgs=10 cs=0 l=1 rev1=1 crypto rx=0x7f614c006fd0 tx=0x7f614c006e40 comp rx=0 tx=0).stop
2024-04-17T06:26:46.217 INFO:teuthology.orchestra.run.smithi110.stdout:/usr/bin/ceph: stderr
2024-04-17T06:26:45.587+0000 7f615fe00700 1 -- 172.21.15.110:0/3202447119 >> [v2:172.21.15.110:3300/0,v1:172.21.15.110:6789/0] conn(0x7f6160107730 msgr2=0x7f616019d8e0 secure :-1 s=STATE_CONNECTION_ESTABLISHED l=1).mark_down
2024-04-17T06:26:46.217 INFO:teuthology.orchestra.run.smithi110.stdout:/usr/bin/ceph: stderr
2024-04-17T06:26:45.587+0000 7f615fe00700 1 --2- 172.21.15.110:0/3202447119 >> [v2:172.21.15.110:3300/0,v1:172.21.15.110:6789/0] conn(0x7f6160107730 0x7f616019d8e0 secure :-1 s=READY pgs=44 cs=0 l=1 rev1=1 crypto rx=0x7f6150000c00 tx=0x7f6150011b00 comp rx=0 tx=0).stop
2024-04-17T06:26:46.217 INFO:teuthology.orchestra.run.smithi110.stdout:/usr/bin/ceph: stderr
2024-04-17T06:26:45.587+0000 7f615fe00700 1 -- 172.21.15.110:0/3202447119 shutdown_connections
2024-04-17T06:26:46.217 INFO:teuthology.orchestra.run.smithi110.stdout:/usr/bin/ceph: stderr
2024-04-17T06:26:45.587+0000 7f615fe00700 1 --2- 172.21.15.110:0/3202447119 >> [v2:172.21.15.110:6800/2801396398,v1:172.21.15.110:6801/2801396398] conn(0x7f61440395b0 0x7f614403ba70 unknown :-1 s=CLOSED pgs=10 cs=0 l=1 rev1=1 crypto rx=0 tx=0 comp rx=0 tx=0).stop
2024-04-17T06:26:46.217 INFO:teuthology.orchestra.run.smithi110.stdout:/usr/bin/ceph: stderr
2024-04-17T06:26:45.587+0000 7f615fe00700 1 --2- 172.21.15.110:0/3202447119 >> [v2:172.21.15.110:3300/0,v1:172.21.15.110:6789/0] conn(0x7f6160107730 0x7f616019d8e0 unknown :-1 s=CLOSED pgs=44 cs=0 l=1 rev1=1 crypto rx=0 tx=0 comp rx=0 tx=0).stop
2024-04-17T06:26:46.217 INFO:teuthology.orchestra.run.smithi110.stdout:/usr/bin/ceph: stderr
2024-04-17T06:26:45.587+0000 7f615fe00700 1 -- 172.21.15.110:0/3202447119 >> 172.21.15.110:0/3202447119 conn(0x7f6160102cd0 msgr2=0x7f6160103760 unknown :-1 s=STATE_NONE l=0).mark_down
2024-04-17T06:26:46.217 INFO:teuthology.orchestra.run.smithi110.stdout:/usr/bin/ceph: stderr
2024-04-17T06:26:45.587+0000 7f615fe00700 1 -- 172.21.15.110:0/3202447119 shutdown_connections
2024-04-17T06:26:46.217 INFO:teuthology.orchestra.run.smithi110.stdout:/usr/bin/ceph: stderr
2024-04-17T06:26:45.587+0000 7f615fe00700 1 -- 172.21.15.110:0/3202447119 wait complete.
2024-04-17T06:26:46.217 INFO:teuthology.orchestra.run.smithi110.stdout:Wrote public SSH key to /home/ubuntu/cephtest/ceph.pub
2024-04-17T06:26:46.217 INFO:teuthology.orchestra.run.smithi110.stdout:Adding key to root@localhost authorized_keys...
2024-04-17T06:26:46.217 INFO:teuthology.orchestra.run.smithi110.stdout:Adding host smithi110...
2024-04-17T06:26:47.845 INFO:journalctl@ceph.mon.a.smithi110.stdout:Apr 17 06:26:47 smithi110 bash[21553]: audit
2024-04-17T06:26:47.465413+0000 mgr.x (mgr.14120) 13 : audit [DBG] from='client.14140 -' entity='client.admin' cmd=[{"prefix": "orch host add", "hostname": "smithi110", "addr": "172.21.15.110", "target": ["mon-mgr", ""]}]: dispatch
2024-04-17T06:26:49.109 INFO:journalctl@ceph.mon.a.smithi110.stdout:Apr 17 06:26:48 smithi110 bash[21553]: cephadm
2024-04-17T06:26:48.213883+0000 mgr.x (mgr.14120) 14 : cephadm [INF] Deploying cephadm binary to smithi110
2024-04-17T06:26:52.962 INFO:teuthology.orchestra.run.smithi110.stdout:/usr/bin/ceph: stdout Added host 'smithi110' with addr '172.21.15.110'
2024-04-17T06:26:52.962 INFO:teuthology.orchestra.run.smithi110.stdout:/usr/bin/ceph: stderr
2024-04-17T06:26:47.235+0000 7f1117e00700 1 Processor -- start
2024-04-17T06:26:52.963 INFO:teuthology.orchestra.run.smithi110.stdout:/usr/bin/ceph: stderr
2024-04-17T06:26:47.235+0000 7f1117e00700 1 -- start start
2024-04-17T06:26:52.963 INFO:teuthology.orchestra.run.smithi110.stdout:/usr/bin/ceph: stderr
2024-04-17T06:26:47.235+0000 7f1117e00700 1 --2- >> [v2:172.21.15.110:3300/0,v1:172.21.15.110:6789/0] conn(0x7f1118109980 0x7f1118109da0 unknown :-1 s=NONE pgs=0 cs=0 l=0 rev1=0 crypto rx=0 tx=0 comp rx=0 tx=0).connect
2024-04-17T06:26:52.963 INFO:teuthology.orchestra.run.smithi110.stdout:/usr/bin/ceph: stderr
2024-04-17T06:26:47.235+0000 7f1117e00700 1 -- --> [v2:172.21.15.110:3300/0,v1:172.21.15.110:6789/0] -- mon_getmap magic: 0 -- 0x7f111810a370 con 0x7f1118109980
2024-04-17T06:26:52.963 INFO:teuthology.orchestra.run.smithi110.stdout:/usr/bin/ceph: stderr
2024-04-17T06:26:47.235+0000 7f1116a00700 1 --2- >> [v2:172.21.15.110:3300/0,v1:172.21.15.110:6789/0] conn(0x7f1118109980 0x7f1118109da0 unknown :-1 s=BANNER_CONNECTING pgs=0 cs=0 l=0 rev1=0 crypto rx=0 tx=0 comp rx=0 tx=0)._handle_peer_banner_payload supported=3 required=0
2024-04-17T06:26:52.963 INFO:teuthology.orchestra.run.smithi110.stdout:/usr/bin/ceph: stderr
2024-04-17T06:26:47.235+0000 7f1116a00700 1 --2- >> [v2:172.21.15.110:3300/0,v1:172.21.15.110:6789/0] conn(0x7f1118109980 0x7f1118109da0 unknown :-1 s=HELLO_CONNECTING pgs=0 cs=0 l=0 rev1=1 crypto rx=0 tx=0 comp rx=0 tx=0).handle_hello peer v2:172.21.15.110:3300/0 says I am v2:172.21.15.110:49908/0 (socket says 172.21.15.110:49908)
2024-04-17T06:26:52.963 INFO:teuthology.orchestra.run.smithi110.stdout:/usr/bin/ceph: stderr
2024-04-17T06:26:47.235+0000 7f1116a00700 1 -- 172.21.15.110:0/2614854295 learned_addr learned my addr 172.21.15.110:0/2614854295 (peer_addr_for_me v2:172.21.15.110:0/0)
2024-04-17T06:26:52.963 INFO:teuthology.orchestra.run.smithi110.stdout:/usr/bin/ceph: stderr
2024-04-17T06:26:47.239+0000 7f1116a00700 1 -- 172.21.15.110:0/2614854295 --> [v2:172.21.15.110:3300/0,v1:172.21.15.110:6789/0] -- mon_subscribe({config=0+,monmap=0+}) -- 0x7f111810ab80 con 0x7f1118109980
2024-04-17T06:26:52.963 INFO:teuthology.orchestra.run.smithi110.stdout:/usr/bin/ceph: stderr
2024-04-17T06:26:47.239+0000 7f1116a00700 1 --2- 172.21.15.110:0/2614854295 >> [v2:172.21.15.110:3300/0,v1:172.21.15.110:6789/0] conn(0x7f1118109980 0x7f1118109da0 secure :-1 s=READY pgs=45 cs=0 l=1 rev1=1 crypto rx=0x7f11080098a0 tx=0x7f1108009bb0 comp rx=0 tx=0).ready entity=mon.0 client_cookie=ac3d16050befaa4f server_cookie=0 in_seq=0 out_seq=0
2024-04-17T06:26:52.963 INFO:teuthology.orchestra.run.smithi110.stdout:/usr/bin/ceph: stderr
2024-04-17T06:26:47.239+0000 7f1115600700 1 -- 172.21.15.110:0/2614854295 <== mon.0 v2:172.21.15.110:3300/0 1 ==== mon_map magic: 0 ==== 205+0+0 (secure 0 0 0) 0x7f1108004160 con 0x7f1118109980
2024-04-17T06:26:52.963 INFO:teuthology.orchestra.run.smithi110.stdout:/usr/bin/ceph: stderr
2024-04-17T06:26:47.239+0000 7f1115600700 1 -- 172.21.15.110:0/2614854295 <== mon.0 v2:172.21.15.110:3300/0 2 ==== config(26 keys) ==== 1071+0+0 (secure 0 0 0) 0x7f1108004300 con 0x7f1118109980
2024-04-17T06:26:52.963 INFO:teuthology.orchestra.run.smithi110.stdout:/usr/bin/ceph: stderr
2024-04-17T06:26:47.239+0000 7f1115600700 1 -- 172.21.15.110:0/2614854295 <== mon.0 v2:172.21.15.110:3300/0 3 ==== mon_map magic: 0 ==== 205+0+0 (secure 0 0 0) 0x7f1108011a80 con 0x7f1118109980
2024-04-17T06:26:52.963 INFO:teuthology.orchestra.run.smithi110.stdout:/usr/bin/ceph: stderr
2024-04-17T06:26:47.239+0000 7f1117e00700 1 -- 172.21.15.110:0/2614854295 >> [v2:172.21.15.110:3300/0,v1:172.21.15.110:6789/0] conn(0x7f1118109980 msgr2=0x7f1118109da0 secure :-1 s=STATE_CONNECTION_ESTABLISHED l=1).mark_down
2024-04-17T06:26:52.963 INFO:teuthology.orchestra.run.smithi110.stdout:/usr/bin/ceph: stderr
2024-04-17T06:26:47.239+0000 7f1117e00700 1 --2- 172.21.15.110:0/2614854295 >> [v2:172.21.15.110:3300/0,v1:172.21.15.110:6789/0] conn(0x7f1118109980 0x7f1118109da0 secure :-1 s=READY pgs=45 cs=0 l=1 rev1=1 crypto rx=0x7f11080098a0 tx=0x7f1108009bb0 comp rx=0 tx=0).stop
2024-04-17T06:26:52.964 INFO:teuthology.orchestra.run.smithi110.stdout:/usr/bin/ceph: stderr
2024-04-17T06:26:47.239+0000 7f1117e00700 1 -- 172.21.15.110:0/2614854295 shutdown_connections
2024-04-17T06:26:52.964 INFO:teuthology.orchestra.run.smithi110.stdout:/usr/bin/ceph: stderr
2024-04-17T06:26:47.239+0000 7f1117e00700 1 --2- 172.21.15.110:0/2614854295 >> [v2:172.21.15.110:3300/0,v1:172.21.15.110:6789/0] conn(0x7f1118109980 0x7f1118109da0 unknown :-1 s=CLOSED pgs=45 cs=0 l=1 rev1=1 crypto rx=0 tx=0 comp rx=0 tx=0).stop
2024-04-17T06:26:52.964 INFO:teuthology.orchestra.run.smithi110.stdout:/usr/bin/ceph: stderr
2024-04-17T06:26:47.239+0000 7f1117e00700 1 -- 172.21.15.110:0/2614854295 >> 172.21.15.110:0/2614854295 conn(0x7f111807ced0 msgr2=0x7f111807d2e0 unknown :-1 s=STATE_NONE l=0).mark_down
2024-04-17T06:26:52.964 INFO:teuthology.orchestra.run.smithi110.stdout:/usr/bin/ceph: stderr
2024-04-17T06:26:47.239+0000 7f1117e00700 1 -- 172.21.15.110:0/2614854295 shutdown_connections
2024-04-17T06:26:52.964 INFO:teuthology.orchestra.run.smithi110.stdout:/usr/bin/ceph: stderr
2024-04-17T06:26:47.239+0000 7f1117e00700 1 -- 172.21.15.110:0/2614854295 wait complete.
2024-04-17T06:26:52.964 INFO:teuthology.orchestra.run.smithi110.stdout:/usr/bin/ceph: stderr
2024-04-17T06:26:47.239+0000 7f1117e00700 1 Processor -- start
2024-04-17T06:26:52.964 INFO:teuthology.orchestra.run.smithi110.stdout:/usr/bin/ceph: stderr
2024-04-17T06:26:47.239+0000 7f1117e00700 1 -- start start
2024-04-17T06:26:52.964 INFO:teuthology.orchestra.run.smithi110.stdout:/usr/bin/ceph: stderr
2024-04-17T06:26:47.239+0000 7f1117e00700 1 --2- >> [v2:172.21.15.110:3300/0,v1:172.21.15.110:6789/0] conn(0x7f1118109980 0x7f111819d8d0 unknown :-1 s=NONE pgs=0 cs=0 l=1 rev1=0 crypto rx=0 tx=0 comp rx=0 tx=0).connect
2024-04-17T06:26:52.964 INFO:teuthology.orchestra.run.smithi110.stdout:/usr/bin/ceph: stderr
2024-04-17T06:26:47.239+0000 7f1117e00700 1 -- --> [v2:172.21.15.110:3300/0,v1:172.21.15.110:6789/0] -- mon_getmap magic: 0 -- 0x7f111810df30 con 0x7f1118109980
2024-04-17T06:26:52.964 INFO:teuthology.orchestra.run.smithi110.stdout:/usr/bin/ceph: stderr
2024-04-17T06:26:47.239+0000 7f1116a00700 1 --2- >> [v2:172.21.15.110:3300/0,v1:172.21.15.110:6789/0] conn(0x7f1118109980 0x7f111819d8d0 unknown :-1 s=BANNER_CONNECTING pgs=0 cs=0 l=1 rev1=0 crypto rx=0 tx=0 comp rx=0 tx=0)._handle_peer_banner_payload supported=3 required=0
2024-04-17T06:26:52.964 INFO:teuthology.orchestra.run.smithi110.stdout:/usr/bin/ceph: stderr
2024-04-17T06:26:47.239+0000 7f1116a00700 1 --2- >> [v2:172.21.15.110:3300/0,v1:172.21.15.110:6789/0] conn(0x7f1118109980 0x7f111819d8d0 unknown :-1 s=HELLO_CONNECTING pgs=0 cs=0 l=1 rev1=1 crypto rx=0 tx=0 comp rx=0 tx=0).handle_hello peer v2:172.21.15.110:3300/0 says I am v2:172.21.15.110:49912/0 (socket says 172.21.15.110:49912)
2024-04-17T06:26:52.964 INFO:teuthology.orchestra.run.smithi110.stdout:/usr/bin/ceph: stderr
2024-04-17T06:26:47.239+0000 7f1116a00700 1 -- 172.21.15.110:0/3768582372 learned_addr learned my addr 172.21.15.110:0/3768582372 (peer_addr_for_me v2:172.21.15.110:0/0)
2024-04-17T06:26:52.964 INFO:teuthology.orchestra.run.smithi110.stdout:/usr/bin/ceph: stderr
2024-04-17T06:26:47.239+0000 7f1116a00700 1 -- 172.21.15.110:0/3768582372 --> [v2:172.21.15.110:3300/0,v1:172.21.15.110:6789/0] -- mon_subscribe({config=0+,monmap=0+}) -- 0x7f111819de10 con 0x7f1118109980
2024-04-17T06:26:52.964 INFO:teuthology.orchestra.run.smithi110.stdout:/usr/bin/ceph: stderr
2024-04-17T06:26:47.239+0000 7f1116a00700 1 --2- 172.21.15.110:0/3768582372 >> [v2:172.21.15.110:3300/0,v1:172.21.15.110:6789/0] conn(0x7f1118109980 0x7f111819d8d0 secure :-1 s=READY pgs=46 cs=0 l=1 rev1=1 crypto rx=0x7f1108000c00 tx=0x7f1108011b00 comp rx=0 tx=0).ready entity=mon.0 client_cookie=0 server_cookie=0 in_seq=0 out_seq=0
2024-04-17T06:26:52.964 INFO:teuthology.orchestra.run.smithi110.stdout:/usr/bin/ceph: stderr
2024-04-17T06:26:47.243+0000 7f110f400700 1 -- 172.21.15.110:0/3768582372 <== mon.0 v2:172.21.15.110:3300/0 1 ==== mon_map magic: 0 ==== 205+0+0 (secure 0 0 0) 0x7f11080039f0 con 0x7f1118109980
2024-04-17T06:26:52.965 INFO:teuthology.orchestra.run.smithi110.stdout:/usr/bin/ceph: stderr
2024-04-17T06:26:47.243+0000 7f110f400700 1 -- 172.21.15.110:0/3768582372 <== mon.0 v2:172.21.15.110:3300/0 2 ==== config(26 keys) ==== 1071+0+0 (secure 0 0 0) 0x7f1108003b90 con 0x7f1118109980
2024-04-17T06:26:52.965 INFO:teuthology.orchestra.run.smithi110.stdout:/usr/bin/ceph: stderr
2024-04-17T06:26:47.243+0000 7f110f400700 1 -- 172.21.15.110:0/3768582372 <== mon.0 v2:172.21.15.110:3300/0 3 ==== mon_map magic: 0 ==== 205+0+0 (secure 0 0 0) 0x7f110801a740 con 0x7f1118109980
2024-04-17T06:26:52.965 INFO:teuthology.orchestra.run.smithi110.stdout:/usr/bin/ceph: stderr
2024-04-17T06:26:47.243+0000 7f1117e00700 1 -- 172.21.15.110:0/3768582372 --> [v2:172.21.15.110:3300/0,v1:172.21.15.110:6789/0] -- mon_subscribe({mgrmap=0+}) -- 0x7f111819e0a0 con 0x7f1118109980
2024-04-17T06:26:52.965 INFO:teuthology.orchestra.run.smithi110.stdout:/usr/bin/ceph: stderr
2024-04-17T06:26:47.243+0000 7f1117e00700 1 -- 172.21.15.110:0/3768582372 --> [v2:172.21.15.110:3300/0,v1:172.21.15.110:6789/0] -- mon_subscribe({osdmap=0}) -- 0x7f11181a0d90 con 0x7f1118109980
2024-04-17T06:26:52.965 INFO:teuthology.orchestra.run.smithi110.stdout:/usr/bin/ceph: stderr
2024-04-17T06:26:47.243+0000 7f110f400700 1 -- 172.21.15.110:0/3768582372 <== mon.0 v2:172.21.15.110:3300/0 4 ==== mgrmap(e 8) ==== 46558+0+0 (secure 0 0 0) 0x7f1108024af0 con 0x7f1118109980
2024-04-17T06:26:52.965 INFO:teuthology.orchestra.run.smithi110.stdout:/usr/bin/ceph: stderr
2024-04-17T06:26:47.243+0000 7f1117e00700 1 -- 172.21.15.110:0/3768582372 --> [v2:172.21.15.110:3300/0,v1:172.21.15.110:6789/0] -- mon_command({"prefix": "get_command_descriptions"} v 0) -- 0x7f11180640b0 con 0x7f1118109980
2024-04-17T06:26:52.965 INFO:teuthology.orchestra.run.smithi110.stdout:/usr/bin/ceph: stderr
2024-04-17T06:26:47.243+0000 7f110f400700 1 --2- 172.21.15.110:0/3768582372 >> [v2:172.21.15.110:6800/2801396398,v1:172.21.15.110:6801/2801396398] conn(0x7f10fc039600 0x7f10fc03bac0 unknown :-1 s=NONE pgs=0 cs=0 l=1 rev1=0 crypto rx=0 tx=0 comp rx=0 tx=0).connect
2024-04-17T06:26:52.965 INFO:teuthology.orchestra.run.smithi110.stdout:/usr/bin/ceph: stderr
2024-04-17T06:26:47.243+0000 7f110f400700 1 -- 172.21.15.110:0/3768582372 <== mon.0 v2:172.21.15.110:3300/0 5 ==== osd_map(2..2 src has 1..2) ==== 940+0+0 (secure 0 0 0) 0x7f110804d9f0 con 0x7f1118109980
2024-04-17T06:26:52.965 INFO:teuthology.orchestra.run.smithi110.stdout:/usr/bin/ceph: stderr
2024-04-17T06:26:47.243+0000 7f1116000700 1 --2- 172.21.15.110:0/3768582372 >> [v2:172.21.15.110:6800/2801396398,v1:172.21.15.110:6801/2801396398] conn(0x7f10fc039600 0x7f10fc03bac0 unknown :-1 s=BANNER_CONNECTING pgs=0 cs=0 l=1 rev1=0 crypto rx=0 tx=0 comp rx=0 tx=0)._handle_peer_banner_payload supported=3 required=0
2024-04-17T06:26:52.965 INFO:teuthology.orchestra.run.smithi110.stdout:/usr/bin/ceph: stderr
2024-04-17T06:26:47.243+0000 7f1116000700 1 --2- 172.21.15.110:0/3768582372 >> [v2:172.21.15.110:6800/2801396398,v1:172.21.15.110:6801/2801396398] conn(0x7f10fc039600 0x7f10fc03bac0 secure :-1 s=READY pgs=11 cs=0 l=1 rev1=1 crypto rx=0x7f1104006fd0 tx=0x7f1104006e40 comp rx=0 tx=0).ready entity=mgr.14120 client_cookie=0 server_cookie=0 in_seq=0 out_seq=0
2024-04-17T06:26:52.965 INFO:teuthology.orchestra.run.smithi110.stdout:/usr/bin/ceph: stderr
2024-04-17T06:26:47.247+0000 7f110f400700 1 -- 172.21.15.110:0/3768582372 <== mon.0 v2:172.21.15.110:3300/0 6 ==== mon_command_ack([{"prefix": "get_command_descriptions"}]=0 v0) ==== 72+0+188381 (secure 0 0 0) 0x7f1108020db0 con 0x7f1118109980
2024-04-17T06:26:52.965 INFO:teuthology.orchestra.run.smithi110.stdout:/usr/bin/ceph: stderr
2024-04-17T06:26:47.459+0000 7f1117e00700 1 -- 172.21.15.110:0/3768582372 --> [v2:172.21.15.110:6800/2801396398,v1:172.21.15.110:6801/2801396398] -- mgr_command(tid 0: {"prefix": "orch host add", "hostname": "smithi110", "addr": "172.21.15.110", "target": ["mon-mgr", ""]}) -- 0x7f1118107480 con 0x7f10fc039600
2024-04-17T06:26:52.965 INFO:teuthology.orchestra.run.smithi110.stdout:/usr/bin/ceph: stderr
2024-04-17T06:26:52.119+0000 7f110f400700 1 -- 172.21.15.110:0/3768582372 <== mgr.14120 v2:172.21.15.110:6800/2801396398 1 ==== mgr_command_reply(tid 0: 0 ) ==== 8+0+49 (secure 0 0 0) 0x7f1118107480 con 0x7f10fc039600
2024-04-17T06:26:52.966 INFO:teuthology.orchestra.run.smithi110.stdout:/usr/bin/ceph: stderr
2024-04-17T06:26:52.119+0000 7f1117e00700 1 -- 172.21.15.110:0/3768582372 >> [v2:172.21.15.110:6800/2801396398,v1:172.21.15.110:6801/2801396398] conn(0x7f10fc039600 msgr2=0x7f10fc03bac0 secure :-1 s=STATE_CONNECTION_ESTABLISHED l=1).mark_down
2024-04-17T06:26:52.966 INFO:teuthology.orchestra.run.smithi110.stdout:/usr/bin/ceph: stderr
2024-04-17T06:26:52.119+0000 7f1117e00700 1 --2- 172.21.15.110:0/3768582372 >> [v2:172.21.15.110:6800/2801396398,v1:172.21.15.110:6801/2801396398] conn(0x7f10fc039600 0x7f10fc03bac0 secure :-1 s=READY pgs=11 cs=0 l=1 rev1=1 crypto rx=0x7f1104006fd0 tx=0x7f1104006e40 comp rx=0 tx=0).stop
2024-04-17T06:26:52.966 INFO:teuthology.orchestra.run.smithi110.stdout:/usr/bin/ceph: stderr
2024-04-17T06:26:52.119+0000 7f1117e00700 1 -- 172.21.15.110:0/3768582372 >> [v2:172.21.15.110:3300/0,v1:172.21.15.110:6789/0] conn(0x7f1118109980 msgr2=0x7f111819d8d0 secure :-1 s=STATE_CONNECTION_ESTABLISHED l=1).mark_down
2024-04-17T06:26:52.966 INFO:teuthology.orchestra.run.smithi110.stdout:/usr/bin/ceph: stderr
2024-04-17T06:26:52.119+0000 7f1117e00700 1 --2- 172.21.15.110:0/3768582372 >> [v2:172.21.15.110:3300/0,v1:172.21.15.110:6789/0] conn(0x7f1118109980 0x7f111819d8d0 secure :-1 s=READY pgs=46 cs=0 l=1 rev1=1 crypto rx=0x7f1108000c00 tx=0x7f1108011b00 comp rx=0 tx=0).stop
2024-04-17T06:26:52.966 INFO:teuthology.orchestra.run.smithi110.stdout:/usr/bin/ceph: stderr
2024-04-17T06:26:52.119+0000 7f1117e00700 1 -- 172.21.15.110:0/3768582372 shutdown_connections
2024-04-17T06:26:52.966 INFO:teuthology.orchestra.run.smithi110.stdout:/usr/bin/ceph: stderr
2024-04-17T06:26:52.119+0000 7f1117e00700 1 --2- 172.21.15.110:0/3768582372 >> [v2:172.21.15.110:6800/2801396398,v1:172.21.15.110:6801/2801396398] conn(0x7f10fc039600 0x7f10fc03bac0 unknown :-1 s=CLOSED pgs=11 cs=0 l=1 rev1=1 crypto rx=0 tx=0 comp rx=0 tx=0).stop
2024-04-17T06:26:52.966 INFO:teuthology.orchestra.run.smithi110.stdout:/usr/bin/ceph: stderr
2024-04-17T06:26:52.119+0000 7f1117e00700 1 --2- 172.21.15.110:0/3768582372 >> [v2:172.21.15.110:3300/0,v1:172.21.15.110:6789/0] conn(0x7f1118109980 0x7f111819d8d0 unknown :-1 s=CLOSED pgs=46 cs=0 l=1 rev1=1 crypto rx=0 tx=0 comp rx=0 tx=0).stop
2024-04-17T06:26:52.966 INFO:teuthology.orchestra.run.smithi110.stdout:/usr/bin/ceph: stderr
2024-04-17T06:26:52.119+0000 7f1117e00700 1 -- 172.21.15.110:0/3768582372 >> 172.21.15.110:0/3768582372 conn(0x7f111807ced0 msgr2=0x7f1118106d70 unknown :-1 s=STATE_NONE l=0).mark_down
2024-04-17T06:26:52.966 INFO:teuthology.orchestra.run.smithi110.stdout:/usr/bin/ceph: stderr
2024-04-17T06:26:52.119+0000 7f1117e00700 1 -- 172.21.15.110:0/3768582372 shutdown_connections
2024-04-17T06:26:52.966 INFO:teuthology.orchestra.run.smithi110.stdout:/usr/bin/ceph: stderr
2024-04-17T06:26:52.119+0000 7f1117e00700 1 -- 172.21.15.110:0/3768582372 wait complete.
2024-04-17T06:26:52.966 INFO:teuthology.orchestra.run.smithi110.stdout:Deploying unmanaged mon service...
2024-04-17T06:26:53.278 INFO:journalctl@ceph.mon.a.smithi110.stdout:Apr 17 06:26:53 smithi110 bash[21553]: audit
2024-04-17T06:26:52.123310+0000 mon.a (mon.0) 62 : audit [INF] from='mgr.14120 172.21.15.110:0/1009080332' entity='mgr.x'
2024-04-17T06:26:53.278 INFO:journalctl@ceph.mon.a.smithi110.stdout:Apr 17 06:26:53 smithi110 bash[21553]: cephadm
2024-04-17T06:26:52.123768+0000 mgr.x (mgr.14120) 15 : cephadm [INF] Added host smithi110
2024-04-17T06:26:53.278 INFO:journalctl@ceph.mon.a.smithi110.stdout:Apr 17 06:26:53 smithi110 bash[21553]: audit
2024-04-17T06:26:52.155737+0000 mon.a (mon.0) 63 : audit [DBG] from='mgr.14120 172.21.15.110:0/1009080332' entity='mgr.x' cmd=[{"prefix": "config dump", "format": "json"}]: dispatch
2024-04-17T06:26:55.625 INFO:teuthology.orchestra.run.smithi110.stdout:/usr/bin/ceph: stdout Scheduled mon update...
2024-04-17T06:26:55.626 INFO:teuthology.orchestra.run.smithi110.stdout:/usr/bin/ceph: stderr
2024-04-17T06:26:54.395+0000 7f8808200700 1 Processor -- start
2024-04-17T06:26:55.626 INFO:teuthology.orchestra.run.smithi110.stdout:/usr/bin/ceph: stderr
2024-04-17T06:26:54.395+0000 7f8808200700 1 -- start start
2024-04-17T06:26:55.626 INFO:teuthology.orchestra.run.smithi110.stdout:/usr/bin/ceph: stderr
2024-04-17T06:26:54.395+0000 7f8808200700 1 --2- >> [v2:172.21.15.110:3300/0,v1:172.21.15.110:6789/0] conn(0x7f8800107930 0x7f8800107d50 unknown :-1 s=NONE pgs=0 cs=0 l=0 rev1=0 crypto rx=0 tx=0 comp rx=0 tx=0).connect
2024-04-17T06:26:55.626 INFO:teuthology.orchestra.run.smithi110.stdout:/usr/bin/ceph: stderr
2024-04-17T06:26:54.395+0000 7f8808200700 1 -- --> [v2:172.21.15.110:3300/0,v1:172.21.15.110:6789/0] -- mon_getmap magic: 0 -- 0x7f8800108320 con 0x7f8800107930
2024-04-17T06:26:55.626 INFO:teuthology.orchestra.run.smithi110.stdout:/usr/bin/ceph: stderr
2024-04-17T06:26:54.395+0000 7f8805800700 1 --2- >> [v2:172.21.15.110:3300/0,v1:172.21.15.110:6789/0] conn(0x7f8800107930 0x7f8800107d50 unknown :-1 s=BANNER_CONNECTING pgs=0 cs=0 l=0 rev1=0 crypto rx=0 tx=0 comp rx=0 tx=0)._handle_peer_banner_payload supported=3 required=0
2024-04-17T06:26:55.626 INFO:teuthology.orchestra.run.smithi110.stdout:/usr/bin/ceph: stderr
2024-04-17T06:26:54.395+0000 7f8805800700 1 --2- >> [v2:172.21.15.110:3300/0,v1:172.21.15.110:6789/0] conn(0x7f8800107930 0x7f8800107d50 unknown :-1 s=HELLO_CONNECTING pgs=0 cs=0 l=0 rev1=1 crypto rx=0 tx=0 comp rx=0 tx=0).handle_hello peer v2:172.21.15.110:3300/0 says I am v2:172.21.15.110:38450/0 (socket says 172.21.15.110:38450)
2024-04-17T06:26:55.626 INFO:teuthology.orchestra.run.smithi110.stdout:/usr/bin/ceph: stderr
2024-04-17T06:26:54.395+0000 7f8805800700 1 -- 172.21.15.110:0/1394467381 learned_addr learned my addr 172.21.15.110:0/1394467381 (peer_addr_for_me v2:172.21.15.110:0/0)
2024-04-17T06:26:55.626 INFO:teuthology.orchestra.run.smithi110.stdout:/usr/bin/ceph: stderr
2024-04-17T06:26:54.395+0000 7f8805800700 1 -- 172.21.15.110:0/1394467381 --> [v2:172.21.15.110:3300/0,v1:172.21.15.110:6789/0] -- mon_subscribe({config=0+,monmap=0+}) -- 0x7f8800108b30 con 0x7f8800107930
2024-04-17T06:26:55.626 INFO:teuthology.orchestra.run.smithi110.stdout:/usr/bin/ceph: stderr
2024-04-17T06:26:54.395+0000 7f8805800700 1 --2- 172.21.15.110:0/1394467381 >> [v2:172.21.15.110:3300/0,v1:172.21.15.110:6789/0] conn(0x7f8800107930 0x7f8800107d50 secure :-1 s=READY pgs=47 cs=0 l=1 rev1=1 crypto rx=0x7f87f40098a0 tx=0x7f87f4009bb0 comp rx=0 tx=0).ready entity=mon.0 client_cookie=b49349451114435c server_cookie=0 in_seq=0 out_seq=0
2024-04-17T06:26:55.627 INFO:teuthology.orchestra.run.smithi110.stdout:/usr/bin/ceph: stderr
2024-04-17T06:26:54.399+0000 7f87ffe00700 1 -- 172.21.15.110:0/1394467381 <== mon.0 v2:172.21.15.110:3300/0 1 ==== mon_map magic: 0 ==== 205+0+0 (secure 0 0 0) 0x7f87f4004160 con 0x7f8800107930
2024-04-17T06:26:55.627 INFO:teuthology.orchestra.run.smithi110.stdout:/usr/bin/ceph: stderr
