2024-04-17T05:45:47.430+0000 7f892b7fe700 1 -- 172.21.15.52:0/2032179120 <== mon.0 v2:172.21.15.52:3300/0 2 ==== config(27 keys) ==== 1109+0+0 (secure 0 0 0) 0x7f891c004300 con 0x7f892c108b00
2024-04-17T05:45:48.132 INFO:teuthology.orchestra.run.smithi052.stdout:/usr/bin/ceph: stderr
2024-04-17T05:45:47.430+0000 7f892b7fe700 1 -- 172.21.15.52:0/2032179120 <== mon.0 v2:172.21.15.52:3300/0 3 ==== mon_map magic: 0 ==== 205+0+0 (secure 0 0 0) 0x7f891c011b50 con 0x7f892c108b00
2024-04-17T05:45:48.132 INFO:teuthology.orchestra.run.smithi052.stdout:/usr/bin/ceph: stderr
2024-04-17T05:45:47.430+0000 7f8932267700 1 -- 172.21.15.52:0/2032179120 >> [v2:172.21.15.52:3300/0,v1:172.21.15.52:6789/0] conn(0x7f892c108b00 msgr2=0x7f892c108f20 secure :-1 s=STATE_CONNECTION_ESTABLISHED l=1).mark_down
2024-04-17T05:45:48.132 INFO:teuthology.orchestra.run.smithi052.stdout:/usr/bin/ceph: stderr
2024-04-17T05:45:47.430+0000 7f8932267700 1 --2- 172.21.15.52:0/2032179120 >> [v2:172.21.15.52:3300/0,v1:172.21.15.52:6789/0] conn(0x7f892c108b00 0x7f892c108f20 secure :-1 s=READY pgs=20 cs=0 l=1 rev1=1 crypto rx=0x7f891c0098a0 tx=0x7f891c009bb0 comp rx=0 tx=0).stop
2024-04-17T05:45:48.132 INFO:teuthology.orchestra.run.smithi052.stdout:/usr/bin/ceph: stderr
2024-04-17T05:45:47.430+0000 7f8932267700 1 -- 172.21.15.52:0/2032179120 shutdown_connections
2024-04-17T05:45:48.132 INFO:teuthology.orchestra.run.smithi052.stdout:/usr/bin/ceph: stderr
2024-04-17T05:45:47.430+0000 7f8932267700 1 --2- 172.21.15.52:0/2032179120 >> [v2:172.21.15.52:3300/0,v1:172.21.15.52:6789/0] conn(0x7f892c108b00 0x7f892c108f20 unknown :-1 s=CLOSED pgs=20 cs=0 l=1 rev1=1 crypto rx=0 tx=0 comp rx=0 tx=0).stop
2024-04-17T05:45:48.132 INFO:teuthology.orchestra.run.smithi052.stdout:/usr/bin/ceph: stderr
2024-04-17T05:45:47.430+0000 7f8932267700 1 -- 172.21.15.52:0/2032179120 >> 172.21.15.52:0/2032179120 conn(0x7f892c102240 msgr2=0x7f892c104680 unknown :-1 s=STATE_NONE l=0).mark_down
2024-04-17T05:45:48.132 INFO:teuthology.orchestra.run.smithi052.stdout:/usr/bin/ceph: stderr
2024-04-17T05:45:47.430+0000 7f8932267700 1 -- 172.21.15.52:0/2032179120 shutdown_connections
2024-04-17T05:45:48.132 INFO:teuthology.orchestra.run.smithi052.stdout:/usr/bin/ceph: stderr
2024-04-17T05:45:47.430+0000 7f8932267700 1 -- 172.21.15.52:0/2032179120 wait complete.
2024-04-17T05:45:48.132 INFO:teuthology.orchestra.run.smithi052.stdout:/usr/bin/ceph: stderr
2024-04-17T05:45:47.431+0000 7f8932267700 1 Processor -- start
2024-04-17T05:45:48.132 INFO:teuthology.orchestra.run.smithi052.stdout:/usr/bin/ceph: stderr
2024-04-17T05:45:47.431+0000 7f8932267700 1 -- start start
2024-04-17T05:45:48.132 INFO:teuthology.orchestra.run.smithi052.stdout:/usr/bin/ceph: stderr
2024-04-17T05:45:47.431+0000 7f8932267700 1 --2- >> [v2:172.21.15.52:3300/0,v1:172.21.15.52:6789/0] conn(0x7f892c108b00 0x7f892c1926d0 unknown :-1 s=NONE pgs=0 cs=0 l=1 rev1=0 crypto rx=0 tx=0 comp rx=0 tx=0).connect
2024-04-17T05:45:48.132 INFO:teuthology.orchestra.run.smithi052.stdout:/usr/bin/ceph: stderr
2024-04-17T05:45:47.431+0000 7f8932267700 1 -- --> [v2:172.21.15.52:3300/0,v1:172.21.15.52:6789/0] -- mon_getmap magic: 0 -- 0x7f892c10bad0 con 0x7f892c108b00
2024-04-17T05:45:48.132 INFO:teuthology.orchestra.run.smithi052.stdout:/usr/bin/ceph: stderr
2024-04-17T05:45:47.431+0000 7f892bfff700 1 --2- >> [v2:172.21.15.52:3300/0,v1:172.21.15.52:6789/0] conn(0x7f892c108b00 0x7f892c1926d0 unknown :-1 s=BANNER_CONNECTING pgs=0 cs=0 l=1 rev1=0 crypto rx=0 tx=0 comp rx=0 tx=0)._handle_peer_banner_payload supported=3 required=0
2024-04-17T05:45:48.132 INFO:teuthology.orchestra.run.smithi052.stdout:/usr/bin/ceph: stderr
2024-04-17T05:45:47.431+0000 7f892bfff700 1 --2- >> [v2:172.21.15.52:3300/0,v1:172.21.15.52:6789/0] conn(0x7f892c108b00 0x7f892c1926d0 unknown :-1 s=HELLO_CONNECTING pgs=0 cs=0 l=1 rev1=1 crypto rx=0 tx=0 comp rx=0 tx=0).handle_hello peer v2:172.21.15.52:3300/0 says I am v2:172.21.15.52:51980/0 (socket says 172.21.15.52:51980)
2024-04-17T05:45:48.133 INFO:teuthology.orchestra.run.smithi052.stdout:/usr/bin/ceph: stderr
2024-04-17T05:45:47.431+0000 7f892bfff700 1 -- 172.21.15.52:0/985272219 learned_addr learned my addr 172.21.15.52:0/985272219 (peer_addr_for_me v2:172.21.15.52:0/0)
2024-04-17T05:45:48.133 INFO:teuthology.orchestra.run.smithi052.stdout:/usr/bin/ceph: stderr
2024-04-17T05:45:47.432+0000 7f892bfff700 1 -- 172.21.15.52:0/985272219 --> [v2:172.21.15.52:3300/0,v1:172.21.15.52:6789/0] -- mon_subscribe({config=0+,monmap=0+}) -- 0x7f892c192c10 con 0x7f892c108b00
2024-04-17T05:45:48.133 INFO:teuthology.orchestra.run.smithi052.stdout:/usr/bin/ceph: stderr
2024-04-17T05:45:47.432+0000 7f892bfff700 1 --2- 172.21.15.52:0/985272219 >> [v2:172.21.15.52:3300/0,v1:172.21.15.52:6789/0] conn(0x7f892c108b00 0x7f892c1926d0 secure :-1 s=READY pgs=21 cs=0 l=1 rev1=1 crypto rx=0x7f891c009fb0 tx=0x7f891c011bf0 comp rx=0 tx=0).ready entity=mon.0 client_cookie=0 server_cookie=0 in_seq=0 out_seq=0
2024-04-17T05:45:48.133 INFO:teuthology.orchestra.run.smithi052.stdout:/usr/bin/ceph: stderr
2024-04-17T05:45:47.432+0000 7f8929ffb700 1 -- 172.21.15.52:0/985272219 <== mon.0 v2:172.21.15.52:3300/0 1 ==== mon_map magic: 0 ==== 205+0+0 (secure 0 0 0) 0x7f891c0038b0 con 0x7f892c108b00
2024-04-17T05:45:48.133 INFO:teuthology.orchestra.run.smithi052.stdout:/usr/bin/ceph: stderr
2024-04-17T05:45:47.432+0000 7f8929ffb700 1 -- 172.21.15.52:0/985272219 <== mon.0 v2:172.21.15.52:3300/0 2 ==== config(27 keys) ==== 1109+0+0 (secure 0 0 0) 0x7f891c011e50 con 0x7f892c108b00
2024-04-17T05:45:48.133 INFO:teuthology.orchestra.run.smithi052.stdout:/usr/bin/ceph: stderr
2024-04-17T05:45:47.432+0000 7f8932267700 1 -- 172.21.15.52:0/985272219 --> [v2:172.21.15.52:3300/0,v1:172.21.15.52:6789/0] -- mon_subscribe({mgrmap=0+}) -- 0x7f892c190e00 con 0x7f892c108b00
2024-04-17T05:45:48.133 INFO:teuthology.orchestra.run.smithi052.stdout:/usr/bin/ceph: stderr
2024-04-17T05:45:47.432+0000 7f8929ffb700 1 -- 172.21.15.52:0/985272219 <== mon.0 v2:172.21.15.52:3300/0 3 ==== mon_map magic: 0 ==== 205+0+0 (secure 0 0 0) 0x7f891c019550 con 0x7f892c108b00
2024-04-17T05:45:48.133 INFO:teuthology.orchestra.run.smithi052.stdout:/usr/bin/ceph: stderr
2024-04-17T05:45:47.432+0000 7f8932267700 1 -- 172.21.15.52:0/985272219 --> [v2:172.21.15.52:3300/0,v1:172.21.15.52:6789/0] -- mon_subscribe({osdmap=0}) -- 0x7f892c191340 con 0x7f892c108b00
2024-04-17T05:45:48.133 INFO:teuthology.orchestra.run.smithi052.stdout:/usr/bin/ceph: stderr
2024-04-17T05:45:47.433+0000 7f8929ffb700 1 -- 172.21.15.52:0/985272219 <== mon.0 v2:172.21.15.52:3300/0 4 ==== mgrmap(e 4) ==== 46547+0+0 (secure 0 0 0) 0x7f891c019850 con 0x7f892c108b00
2024-04-17T05:45:48.133 INFO:teuthology.orchestra.run.smithi052.stdout:/usr/bin/ceph: stderr
2024-04-17T05:45:47.433+0000 7f8932267700 1 -- 172.21.15.52:0/985272219 --> [v2:172.21.15.52:3300/0,v1:172.21.15.52:6789/0] -- mon_command({"prefix": "get_command_descriptions"} v 0) -- 0x7f892c0640b0 con 0x7f892c108b00
2024-04-17T05:45:48.133 INFO:teuthology.orchestra.run.smithi052.stdout:/usr/bin/ceph: stderr
2024-04-17T05:45:47.433+0000 7f8929ffb700 1 --2- 172.21.15.52:0/985272219 >> [v2:172.21.15.52:6800/3332470507,v1:172.21.15.52:6801/3332470507] conn(0x7f89180395d0 0x7f891803ba90 unknown :-1 s=NONE pgs=0 cs=0 l=1 rev1=0 crypto rx=0 tx=0 comp rx=0 tx=0).connect
2024-04-17T05:45:48.133 INFO:teuthology.orchestra.run.smithi052.stdout:/usr/bin/ceph: stderr
2024-04-17T05:45:47.433+0000 7f8929ffb700 1 -- 172.21.15.52:0/985272219 <== mon.0 v2:172.21.15.52:3300/0 5 ==== osd_map(1..1 src has 1..1) ==== 725+0+0 (secure 0 0 0) 0x7f891c04da80 con 0x7f892c108b00
2024-04-17T05:45:48.133 INFO:teuthology.orchestra.run.smithi052.stdout:/usr/bin/ceph: stderr
2024-04-17T05:45:47.433+0000 7f8923fff700 1 --2- 172.21.15.52:0/985272219 >> [v2:172.21.15.52:6800/3332470507,v1:172.21.15.52:6801/3332470507] conn(0x7f89180395d0 0x7f891803ba90 unknown :-1 s=BANNER_CONNECTING pgs=0 cs=0 l=1 rev1=0 crypto rx=0 tx=0 comp rx=0 tx=0)._handle_peer_banner_payload supported=3 required=0
2024-04-17T05:45:48.134 INFO:teuthology.orchestra.run.smithi052.stdout:/usr/bin/ceph: stderr
2024-04-17T05:45:47.434+0000 7f8923fff700 1 --2- 172.21.15.52:0/985272219 >> [v2:172.21.15.52:6800/3332470507,v1:172.21.15.52:6801/3332470507] conn(0x7f89180395d0 0x7f891803ba90 secure :-1 s=READY pgs=7 cs=0 l=1 rev1=1 crypto rx=0x7f8914006fd0 tx=0x7f8914006e40 comp rx=0 tx=0).ready entity=mgr.14100 client_cookie=0 server_cookie=0 in_seq=0 out_seq=0
2024-04-17T05:45:48.134 INFO:teuthology.orchestra.run.smithi052.stdout:/usr/bin/ceph: stderr
2024-04-17T05:45:47.438+0000 7f8929ffb700 1 -- 172.21.15.52:0/985272219 <== mon.0 v2:172.21.15.52:3300/0 6 ==== mon_command_ack([{"prefix": "get_command_descriptions"}]=0 v0) ==== 72+0+188381 (secure 0 0 0) 0x7f891c04fe20 con 0x7f892c108b00
2024-04-17T05:45:48.134 INFO:teuthology.orchestra.run.smithi052.stdout:/usr/bin/ceph: stderr
2024-04-17T05:45:47.645+0000 7f8932267700 1 -- 172.21.15.52:0/985272219 --> [v2:172.21.15.52:3300/0,v1:172.21.15.52:6789/0] -- mon_command({"prefix": "config assimilate-conf"} v 0) -- 0x7f892c196450 con 0x7f892c108b00
2024-04-17T05:45:48.134 INFO:teuthology.orchestra.run.smithi052.stdout:/usr/bin/ceph: stderr
2024-04-17T05:45:47.646+0000 7f8929ffb700 1 -- 172.21.15.52:0/985272219 <== mon.0 v2:172.21.15.52:3300/0 7 ==== mon_command_ack([{"prefix": "config assimilate-conf"}]=0 v3) ==== 70+0+400 (secure 0 0 0) 0x7f891c04d4a0 con 0x7f892c108b00
2024-04-17T05:45:48.134 INFO:teuthology.orchestra.run.smithi052.stdout:/usr/bin/ceph: stderr
2024-04-17T05:45:47.648+0000 7f8932267700 1 -- 172.21.15.52:0/985272219 >> [v2:172.21.15.52:6800/3332470507,v1:172.21.15.52:6801/3332470507] conn(0x7f89180395d0 msgr2=0x7f891803ba90 secure :-1 s=STATE_CONNECTION_ESTABLISHED l=1).mark_down
2024-04-17T05:45:48.134 INFO:teuthology.orchestra.run.smithi052.stdout:/usr/bin/ceph: stderr
2024-04-17T05:45:47.648+0000 7f8932267700 1 --2- 172.21.15.52:0/985272219 >> [v2:172.21.15.52:6800/3332470507,v1:172.21.15.52:6801/3332470507] conn(0x7f89180395d0 0x7f891803ba90 secure :-1 s=READY pgs=7 cs=0 l=1 rev1=1 crypto rx=0x7f8914006fd0 tx=0x7f8914006e40 comp rx=0 tx=0).stop
2024-04-17T05:45:48.134 INFO:teuthology.orchestra.run.smithi052.stdout:/usr/bin/ceph: stderr
2024-04-17T05:45:47.648+0000 7f8932267700 1 -- 172.21.15.52:0/985272219 >> [v2:172.21.15.52:3300/0,v1:172.21.15.52:6789/0] conn(0x7f892c108b00 msgr2=0x7f892c1926d0 secure :-1 s=STATE_CONNECTION_ESTABLISHED l=1).mark_down
2024-04-17T05:45:48.134 INFO:teuthology.orchestra.run.smithi052.stdout:/usr/bin/ceph: stderr
2024-04-17T05:45:47.648+0000 7f8932267700 1 --2- 172.21.15.52:0/985272219 >> [v2:172.21.15.52:3300/0,v1:172.21.15.52:6789/0] conn(0x7f892c108b00 0x7f892c1926d0 secure :-1 s=READY pgs=21 cs=0 l=1 rev1=1 crypto rx=0x7f891c009fb0 tx=0x7f891c011bf0 comp rx=0 tx=0).stop
2024-04-17T05:45:48.134 INFO:teuthology.orchestra.run.smithi052.stdout:/usr/bin/ceph: stderr
2024-04-17T05:45:47.648+0000 7f8932267700 1 -- 172.21.15.52:0/985272219 shutdown_connections
2024-04-17T05:45:48.134 INFO:teuthology.orchestra.run.smithi052.stdout:/usr/bin/ceph: stderr
2024-04-17T05:45:47.648+0000 7f8932267700 1 --2- 172.21.15.52:0/985272219 >> [v2:172.21.15.52:6800/3332470507,v1:172.21.15.52:6801/3332470507] conn(0x7f89180395d0 0x7f891803ba90 unknown :-1 s=CLOSED pgs=7 cs=0 l=1 rev1=1 crypto rx=0 tx=0 comp rx=0 tx=0).stop
2024-04-17T05:45:48.134 INFO:teuthology.orchestra.run.smithi052.stdout:/usr/bin/ceph: stderr
2024-04-17T05:45:47.648+0000 7f8932267700 1 --2- 172.21.15.52:0/985272219 >> [v2:172.21.15.52:3300/0,v1:172.21.15.52:6789/0] conn(0x7f892c108b00 0x7f892c1926d0 unknown :-1 s=CLOSED pgs=21 cs=0 l=1 rev1=1 crypto rx=0 tx=0 comp rx=0 tx=0).stop
2024-04-17T05:45:48.134 INFO:teuthology.orchestra.run.smithi052.stdout:/usr/bin/ceph: stderr
2024-04-17T05:45:47.648+0000 7f8932267700 1 -- 172.21.15.52:0/985272219 >> 172.21.15.52:0/985272219 conn(0x7f892c102240 msgr2=0x7f892c1030d0 unknown :-1 s=STATE_NONE l=0).mark_down
2024-04-17T05:45:48.135 INFO:teuthology.orchestra.run.smithi052.stdout:/usr/bin/ceph: stderr
2024-04-17T05:45:47.648+0000 7f8932267700 1 -- 172.21.15.52:0/985272219 shutdown_connections
2024-04-17T05:45:48.135 INFO:teuthology.orchestra.run.smithi052.stdout:/usr/bin/ceph: stderr
2024-04-17T05:45:47.648+0000 7f8932267700 1 -- 172.21.15.52:0/985272219 wait complete.
2024-04-17T05:45:48.135 INFO:teuthology.orchestra.run.smithi052.stdout:Enabling cephadm module...
2024-04-17T05:45:49.119 INFO:journalctl@ceph.mon.a.smithi052.stdout:Apr 17 05:45:48 smithi052 ceph-mon[31989]: from='client.? 172.21.15.52:0/1295828526' entity='client.admin' cmd=[{"prefix": "mgr module enable", "module": "cephadm"}]: dispatch
2024-04-17T05:45:49.119 INFO:journalctl@ceph.mgr.x.smithi052.stdout:Apr 17 05:45:48 smithi052 ceph-8cd43734-fc7d-11ee-bc91-c7b262605968-mgr-x[32220]: ignoring --setuser ceph since I am not root
2024-04-17T05:45:49.120 INFO:journalctl@ceph.mgr.x.smithi052.stdout:Apr 17 05:45:48 smithi052 ceph-8cd43734-fc7d-11ee-bc91-c7b262605968-mgr-x[32220]: ignoring --setgroup ceph since I am not root
2024-04-17T05:45:49.460 INFO:journalctl@ceph.mgr.x.smithi052.stdout:Apr 17 05:45:49 smithi052 ceph-8cd43734-fc7d-11ee-bc91-c7b262605968-mgr-x[32220]:
2024-04-17T05:45:49.458+0000 7fad11701200 -1 mgr[py] Module osd_perf_query has missing NOTIFY_TYPES member
2024-04-17T05:45:49.467 INFO:teuthology.orchestra.run.smithi052.stdout:/usr/bin/ceph: stderr
2024-04-17T05:45:48.556+0000 7f033318f700 1 Processor -- start
2024-04-17T05:45:49.467 INFO:teuthology.orchestra.run.smithi052.stdout:/usr/bin/ceph: stderr
2024-04-17T05:45:48.556+0000 7f033318f700 1 -- start start
2024-04-17T05:45:49.467 INFO:teuthology.orchestra.run.smithi052.stdout:/usr/bin/ceph: stderr
2024-04-17T05:45:48.556+0000 7f033318f700 1 --2- >> [v2:172.21.15.52:3300/0,v1:172.21.15.52:6789/0] conn(0x7f032c109090 0x7f032c10b480 unknown :-1 s=NONE pgs=0 cs=0 l=0 rev1=0 crypto rx=0 tx=0 comp rx=0 tx=0).connect
2024-04-17T05:45:49.467 INFO:teuthology.orchestra.run.smithi052.stdout:/usr/bin/ceph: stderr
2024-04-17T05:45:48.556+0000 7f033318f700 1 -- --> [v2:172.21.15.52:3300/0,v1:172.21.15.52:6789/0] -- mon_getmap magic: 0 -- 0x7f032c07bed0 con 0x7f032c109090
2024-04-17T05:45:49.467 INFO:teuthology.orchestra.run.smithi052.stdout:/usr/bin/ceph: stderr
2024-04-17T05:45:48.556+0000 7f0330f2b700 1 --2- >> [v2:172.21.15.52:3300/0,v1:172.21.15.52:6789/0] conn(0x7f032c109090 0x7f032c10b480 unknown :-1 s=BANNER_CONNECTING pgs=0 cs=0 l=0 rev1=0 crypto rx=0 tx=0 comp rx=0 tx=0)._handle_peer_banner_payload supported=3 required=0
2024-04-17T05:45:49.467 INFO:teuthology.orchestra.run.smithi052.stdout:/usr/bin/ceph: stderr
2024-04-17T05:45:48.556+0000 7f0330f2b700 1 --2- >> [v2:172.21.15.52:3300/0,v1:172.21.15.52:6789/0] conn(0x7f032c109090 0x7f032c10b480 unknown :-1 s=HELLO_CONNECTING pgs=0 cs=0 l=0 rev1=1 crypto rx=0 tx=0 comp rx=0 tx=0).handle_hello peer v2:172.21.15.52:3300/0 says I am v2:172.21.15.52:51992/0 (socket says 172.21.15.52:51992)
2024-04-17T05:45:49.468 INFO:teuthology.orchestra.run.smithi052.stdout:/usr/bin/ceph: stderr
2024-04-17T05:45:48.556+0000 7f0330f2b700 1 -- 172.21.15.52:0/1903572005 learned_addr learned my addr 172.21.15.52:0/1903572005 (peer_addr_for_me v2:172.21.15.52:0/0)
2024-04-17T05:45:49.468 INFO:teuthology.orchestra.run.smithi052.stdout:/usr/bin/ceph: stderr
2024-04-17T05:45:48.557+0000 7f0330f2b700 1 -- 172.21.15.52:0/1903572005 --> [v2:172.21.15.52:3300/0,v1:172.21.15.52:6789/0] -- mon_subscribe({config=0+,monmap=0+}) -- 0x7f032c10b9c0 con 0x7f032c109090
2024-04-17T05:45:49.468 INFO:teuthology.orchestra.run.smithi052.stdout:/usr/bin/ceph: stderr
2024-04-17T05:45:48.557+0000 7f0330f2b700 1 --2- 172.21.15.52:0/1903572005 >> [v2:172.21.15.52:3300/0,v1:172.21.15.52:6789/0] conn(0x7f032c109090 0x7f032c10b480 secure :-1 s=READY pgs=22 cs=0 l=1 rev1=1 crypto rx=0x7f03200098a0 tx=0x7f0320009bb0 comp rx=0 tx=0).ready entity=mon.0 client_cookie=5d0ed4e8fd3e2c67 server_cookie=0 in_seq=0 out_seq=0
2024-04-17T05:45:49.468 INFO:teuthology.orchestra.run.smithi052.stdout:/usr/bin/ceph: stderr
2024-04-17T05:45:48.557+0000 7f032b7fe700 1 -- 172.21.15.52:0/1903572005 <== mon.0 v2:172.21.15.52:3300/0 1 ==== mon_map magic: 0 ==== 205+0+0 (secure 0 0 0) 0x7f0320004160 con 0x7f032c109090
2024-04-17T05:45:49.468 INFO:teuthology.orchestra.run.smithi052.stdout:/usr/bin/ceph: stderr
2024-04-17T05:45:48.557+0000 7f032b7fe700 1 -- 172.21.15.52:0/1903572005 <== mon.0 v2:172.21.15.52:3300/0 2 ==== config(27 keys) ==== 1109+0+0 (secure 0 0 0) 0x7f0320004300 con 0x7f032c109090
2024-04-17T05:45:49.468 INFO:teuthology.orchestra.run.smithi052.stdout:/usr/bin/ceph: stderr
2024-04-17T05:45:48.557+0000 7f032b7fe700 1 -- 172.21.15.52:0/1903572005 <== mon.0 v2:172.21.15.52:3300/0 3 ==== mon_map magic: 0 ==== 205+0+0 (secure 0 0 0) 0x7f0320011b50 con 0x7f032c109090
2024-04-17T05:45:49.468 INFO:teuthology.orchestra.run.smithi052.stdout:/usr/bin/ceph: stderr
2024-04-17T05:45:48.557+0000 7f033318f700 1 -- 172.21.15.52:0/1903572005 >> [v2:172.21.15.52:3300/0,v1:172.21.15.52:6789/0] conn(0x7f032c109090 msgr2=0x7f032c10b480 secure :-1 s=STATE_CONNECTION_ESTABLISHED l=1).mark_down
2024-04-17T05:45:49.468 INFO:teuthology.orchestra.run.smithi052.stdout:/usr/bin/ceph: stderr
2024-04-17T05:45:48.557+0000 7f033318f700 1 --2- 172.21.15.52:0/1903572005 >> [v2:172.21.15.52:3300/0,v1:172.21.15.52:6789/0] conn(0x7f032c109090 0x7f032c10b480 secure :-1 s=READY pgs=22 cs=0 l=1 rev1=1 crypto rx=0x7f03200098a0 tx=0x7f0320009bb0 comp rx=0 tx=0).stop
2024-04-17T05:45:49.468 INFO:teuthology.orchestra.run.smithi052.stdout:/usr/bin/ceph: stderr
2024-04-17T05:45:48.557+0000 7f033318f700 1 -- 172.21.15.52:0/1903572005 shutdown_connections
2024-04-17T05:45:49.468 INFO:teuthology.orchestra.run.smithi052.stdout:/usr/bin/ceph: stderr
2024-04-17T05:45:48.558+0000 7f033318f700 1 --2- 172.21.15.52:0/1903572005 >> [v2:172.21.15.52:3300/0,v1:172.21.15.52:6789/0] conn(0x7f032c109090 0x7f032c10b480 unknown :-1 s=CLOSED pgs=22 cs=0 l=1 rev1=1 crypto rx=0 tx=0 comp rx=0 tx=0).stop
2024-04-17T05:45:49.468 INFO:teuthology.orchestra.run.smithi052.stdout:/usr/bin/ceph: stderr
2024-04-17T05:45:48.558+0000 7f033318f700 1 -- 172.21.15.52:0/1903572005 >> 172.21.15.52:0/1903572005 conn(0x7f032c102ae0 msgr2=0x7f032c104f00 unknown :-1 s=STATE_NONE l=0).mark_down
2024-04-17T05:45:49.468 INFO:teuthology.orchestra.run.smithi052.stdout:/usr/bin/ceph: stderr
2024-04-17T05:45:48.558+0000 7f033318f700 1 -- 172.21.15.52:0/1903572005 shutdown_connections
2024-04-17T05:45:49.468 INFO:teuthology.orchestra.run.smithi052.stdout:/usr/bin/ceph: stderr
2024-04-17T05:45:48.558+0000 7f033318f700 1 -- 172.21.15.52:0/1903572005 wait complete.
2024-04-17T05:45:49.469 INFO:teuthology.orchestra.run.smithi052.stdout:/usr/bin/ceph: stderr
2024-04-17T05:45:48.558+0000 7f033318f700 1 Processor -- start
2024-04-17T05:45:49.469 INFO:teuthology.orchestra.run.smithi052.stdout:/usr/bin/ceph: stderr
2024-04-17T05:45:48.558+0000 7f033318f700 1 -- start start
2024-04-17T05:45:49.469 INFO:teuthology.orchestra.run.smithi052.stdout:/usr/bin/ceph: stderr
2024-04-17T05:45:48.558+0000 7f033318f700 1 --2- >> [v2:172.21.15.52:3300/0,v1:172.21.15.52:6789/0] conn(0x7f032c109090 0x7f032c19c530 unknown :-1 s=NONE pgs=0 cs=0 l=1 rev1=0 crypto rx=0 tx=0 comp rx=0 tx=0).connect
2024-04-17T05:45:49.469 INFO:teuthology.orchestra.run.smithi052.stdout:/usr/bin/ceph: stderr
2024-04-17T05:45:48.558+0000 7f033318f700 1 -- --> [v2:172.21.15.52:3300/0,v1:172.21.15.52:6789/0] -- mon_getmap magic: 0 -- 0x7f032c10c9f0 con 0x7f032c109090
2024-04-17T05:45:49.469 INFO:teuthology.orchestra.run.smithi052.stdout:/usr/bin/ceph: stderr
2024-04-17T05:45:48.559+0000 7f0330f2b700 1 --2- >> [v2:172.21.15.52:3300/0,v1:172.21.15.52:6789/0] conn(0x7f032c109090 0x7f032c19c530 unknown :-1 s=BANNER_CONNECTING pgs=0 cs=0 l=1 rev1=0 crypto rx=0 tx=0 comp rx=0 tx=0)._handle_peer_banner_payload supported=3 required=0
2024-04-17T05:45:49.469 INFO:teuthology.orchestra.run.smithi052.stdout:/usr/bin/ceph: stderr
2024-04-17T05:45:48.559+0000 7f0330f2b700 1 --2- >> [v2:172.21.15.52:3300/0,v1:172.21.15.52:6789/0] conn(0x7f032c109090 0x7f032c19c530 unknown :-1 s=HELLO_CONNECTING pgs=0 cs=0 l=1 rev1=1 crypto rx=0 tx=0 comp rx=0 tx=0).handle_hello peer v2:172.21.15.52:3300/0 says I am v2:172.21.15.52:51994/0 (socket says 172.21.15.52:51994)
2024-04-17T05:45:49.469 INFO:teuthology.orchestra.run.smithi052.stdout:/usr/bin/ceph: stderr
2024-04-17T05:45:48.559+0000 7f0330f2b700 1 -- 172.21.15.52:0/1295828526 learned_addr learned my addr 172.21.15.52:0/1295828526 (peer_addr_for_me v2:172.21.15.52:0/0)
2024-04-17T05:45:49.469 INFO:teuthology.orchestra.run.smithi052.stdout:/usr/bin/ceph: stderr
2024-04-17T05:45:48.559+0000 7f0330f2b700 1 -- 172.21.15.52:0/1295828526 --> [v2:172.21.15.52:3300/0,v1:172.21.15.52:6789/0] -- mon_subscribe({config=0+,monmap=0+}) -- 0x7f032c19ca70 con 0x7f032c109090
2024-04-17T05:45:49.469 INFO:teuthology.orchestra.run.smithi052.stdout:/usr/bin/ceph: stderr
2024-04-17T05:45:48.559+0000 7f0330f2b700 1 --2- 172.21.15.52:0/1295828526 >> [v2:172.21.15.52:3300/0,v1:172.21.15.52:6789/0] conn(0x7f032c109090 0x7f032c19c530 secure :-1 s=READY pgs=23 cs=0 l=1 rev1=1 crypto rx=0x7f0320009fb0 tx=0x7f0320011bf0 comp rx=0 tx=0).ready entity=mon.0 client_cookie=0 server_cookie=0 in_seq=0 out_seq=0
2024-04-17T05:45:49.469 INFO:teuthology.orchestra.run.smithi052.stdout:/usr/bin/ceph: stderr
2024-04-17T05:45:48.559+0000 7f0329ffb700 1 -- 172.21.15.52:0/1295828526 <== mon.0 v2:172.21.15.52:3300/0 1 ==== mon_map magic: 0 ==== 205+0+0 (secure 0 0 0) 0x7f03200038b0 con 0x7f032c109090
2024-04-17T05:45:49.469 INFO:teuthology.orchestra.run.smithi052.stdout:/usr/bin/ceph: stderr
2024-04-17T05:45:48.559+0000 7f0329ffb700 1 -- 172.21.15.52:0/1295828526 <== mon.0 v2:172.21.15.52:3300/0 2 ==== config(27 keys) ==== 1109+0+0 (secure 0 0 0) 0x7f0320011e50 con 0x7f032c109090
2024-04-17T05:45:49.469 INFO:teuthology.orchestra.run.smithi052.stdout:/usr/bin/ceph: stderr
2024-04-17T05:45:48.559+0000 7f033318f700 1 -- 172.21.15.52:0/1295828526 --> [v2:172.21.15.52:3300/0,v1:172.21.15.52:6789/0] -- mon_subscribe({mgrmap=0+}) -- 0x7f032c19cd00 con 0x7f032c109090
2024-04-17T05:45:49.469 INFO:teuthology.orchestra.run.smithi052.stdout:/usr/bin/ceph: stderr
2024-04-17T05:45:48.559+0000 7f0329ffb700 1 -- 172.21.15.52:0/1295828526 <== mon.0 v2:172.21.15.52:3300/0 3 ==== mon_map magic: 0 ==== 205+0+0 (secure 0 0 0) 0x7f0320019420 con 0x7f032c109090
2024-04-17T05:45:49.469 INFO:teuthology.orchestra.run.smithi052.stdout:/usr/bin/ceph: stderr
2024-04-17T05:45:48.559+0000 7f033318f700 1 -- 172.21.15.52:0/1295828526 --> [v2:172.21.15.52:3300/0,v1:172.21.15.52:6789/0] -- mon_subscribe({osdmap=0}) -- 0x7f032c19f9f0 con 0x7f032c109090
2024-04-17T05:45:49.470 INFO:teuthology.orchestra.run.smithi052.stdout:/usr/bin/ceph: stderr
2024-04-17T05:45:48.560+0000 7f0329ffb700 1 -- 172.21.15.52:0/1295828526 <== mon.0 v2:172.21.15.52:3300/0 4 ==== mgrmap(e 4) ==== 46547+0+0 (secure 0 0 0) 0x7f03200196f0 con 0x7f032c109090
2024-04-17T05:45:49.470 INFO:teuthology.orchestra.run.smithi052.stdout:/usr/bin/ceph: stderr
2024-04-17T05:45:48.560+0000 7f033318f700 1 -- 172.21.15.52:0/1295828526 --> [v2:172.21.15.52:3300/0,v1:172.21.15.52:6789/0] -- mon_command({"prefix": "get_command_descriptions"} v 0) -- 0x7f032c0640b0 con 0x7f032c109090
2024-04-17T05:45:49.470 INFO:teuthology.orchestra.run.smithi052.stdout:/usr/bin/ceph: stderr
2024-04-17T05:45:48.560+0000 7f0329ffb700 1 --2- 172.21.15.52:0/1295828526 >> [v2:172.21.15.52:6800/3332470507,v1:172.21.15.52:6801/3332470507] conn(0x7f031c039620 0x7f031c03bae0 unknown :-1 s=NONE pgs=0 cs=0 l=1 rev1=0 crypto rx=0 tx=0 comp rx=0 tx=0).connect
2024-04-17T05:45:49.470 INFO:teuthology.orchestra.run.smithi052.stdout:/usr/bin/ceph: stderr
2024-04-17T05:45:48.560+0000 7f0329ffb700 1 -- 172.21.15.52:0/1295828526 <== mon.0 v2:172.21.15.52:3300/0 5 ==== osd_map(1..1 src has 1..1) ==== 725+0+0 (secure 0 0 0) 0x7f032004d920 con 0x7f032c109090
2024-04-17T05:45:49.470 INFO:teuthology.orchestra.run.smithi052.stdout:/usr/bin/ceph: stderr
2024-04-17T05:45:48.561+0000 7f032bfff700 1 --2- 172.21.15.52:0/1295828526 >> [v2:172.21.15.52:6800/3332470507,v1:172.21.15.52:6801/3332470507] conn(0x7f031c039620 0x7f031c03bae0 unknown :-1 s=BANNER_CONNECTING pgs=0 cs=0 l=1 rev1=0 crypto rx=0 tx=0 comp rx=0 tx=0)._handle_peer_banner_payload supported=3 required=0
2024-04-17T05:45:49.470 INFO:teuthology.orchestra.run.smithi052.stdout:/usr/bin/ceph: stderr
2024-04-17T05:45:48.561+0000 7f032bfff700 1 --2- 172.21.15.52:0/1295828526 >> [v2:172.21.15.52:6800/3332470507,v1:172.21.15.52:6801/3332470507] conn(0x7f031c039620 0x7f031c03bae0 secure :-1 s=READY pgs=8 cs=0 l=1 rev1=1 crypto rx=0x7f0318006fd0 tx=0x7f0318006e40 comp rx=0 tx=0).ready entity=mgr.14100 client_cookie=0 server_cookie=0 in_seq=0 out_seq=0
2024-04-17T05:45:49.470 INFO:teuthology.orchestra.run.smithi052.stdout:/usr/bin/ceph: stderr
2024-04-17T05:45:48.565+0000 7f0329ffb700 1 -- 172.21.15.52:0/1295828526 <== mon.0 v2:172.21.15.52:3300/0 6 ==== mon_command_ack([{"prefix": "get_command_descriptions"}]=0 v0) ==== 72+0+188381 (secure 0 0 0) 0x7f032000ba30 con 0x7f032c109090
2024-04-17T05:45:49.470 INFO:teuthology.orchestra.run.smithi052.stdout:/usr/bin/ceph: stderr
2024-04-17T05:45:48.832+0000 7f033318f700 1 -- 172.21.15.52:0/1295828526 --> [v2:172.21.15.52:3300/0,v1:172.21.15.52:6789/0] -- mon_command({"prefix": "mgr module enable", "module": "cephadm"} v 0) -- 0x7f032c19fbc0 con 0x7f032c109090
2024-04-17T05:45:49.470 INFO:teuthology.orchestra.run.smithi052.stdout:/usr/bin/ceph: stderr
2024-04-17T05:45:48.883+0000 7f0329ffb700 1 -- 172.21.15.52:0/1295828526 <== mon.0 v2:172.21.15.52:3300/0 7 ==== mon_command_ack([{"prefix": "mgr module enable", "module": "cephadm"}]=0 v5) ==== 86+0+0 (secure 0 0 0) 0x7f032c19fbc0 con 0x7f032c109090
2024-04-17T05:45:49.470 INFO:teuthology.orchestra.run.smithi052.stdout:/usr/bin/ceph: stderr
2024-04-17T05:45:48.885+0000 7f0329ffb700 1 -- 172.21.15.52:0/1295828526 <== mon.0 v2:172.21.15.52:3300/0 8 ==== mgrmap(e 5) ==== 46558+0+0 (secure 0 0 0) 0x7f0320003a50 con 0x7f032c109090
2024-04-17T05:45:49.470 INFO:teuthology.orchestra.run.smithi052.stdout:/usr/bin/ceph: stderr
2024-04-17T05:45:48.886+0000 7f033318f700 1 -- 172.21.15.52:0/1295828526 >> [v2:172.21.15.52:6800/3332470507,v1:172.21.15.52:6801/3332470507] conn(0x7f031c039620 msgr2=0x7f031c03bae0 secure :-1 s=STATE_CONNECTION_ESTABLISHED l=1).mark_down
2024-04-17T05:45:49.470 INFO:teuthology.orchestra.run.smithi052.stdout:/usr/bin/ceph: stderr
2024-04-17T05:45:48.886+0000 7f033318f700 1 --2- 172.21.15.52:0/1295828526 >> [v2:172.21.15.52:6800/3332470507,v1:172.21.15.52:6801/3332470507] conn(0x7f031c039620 0x7f031c03bae0 secure :-1 s=READY pgs=8 cs=0 l=1 rev1=1 crypto rx=0x7f0318006fd0 tx=0x7f0318006e40 comp rx=0 tx=0).stop
2024-04-17T05:45:49.471 INFO:teuthology.orchestra.run.smithi052.stdout:/usr/bin/ceph: stderr
2024-04-17T05:45:48.886+0000 7f033318f700 1 -- 172.21.15.52:0/1295828526 >> [v2:172.21.15.52:3300/0,v1:172.21.15.52:6789/0] conn(0x7f032c109090 msgr2=0x7f032c19c530 secure :-1 s=STATE_CONNECTION_ESTABLISHED l=1).mark_down
2024-04-17T05:45:49.471 INFO:teuthology.orchestra.run.smithi052.stdout:/usr/bin/ceph: stderr
2024-04-17T05:45:48.886+0000 7f033318f700 1 --2- 172.21.15.52:0/1295828526 >> [v2:172.21.15.52:3300/0,v1:172.21.15.52:6789/0] conn(0x7f032c109090 0x7f032c19c530 secure :-1 s=READY pgs=23 cs=0 l=1 rev1=1 crypto rx=0x7f0320009fb0 tx=0x7f0320011bf0 comp rx=0 tx=0).stop
2024-04-17T05:45:49.471 INFO:teuthology.orchestra.run.smithi052.stdout:/usr/bin/ceph: stderr
2024-04-17T05:45:48.886+0000 7f033318f700 1 -- 172.21.15.52:0/1295828526 shutdown_connections
2024-04-17T05:45:49.471 INFO:teuthology.orchestra.run.smithi052.stdout:/usr/bin/ceph: stderr
2024-04-17T05:45:48.886+0000 7f033318f700 1 --2- 172.21.15.52:0/1295828526 >> [v2:172.21.15.52:6800/3332470507,v1:172.21.15.52:6801/3332470507] conn(0x7f031c039620 0x7f031c03bae0 unknown :-1 s=CLOSED pgs=8 cs=0 l=1 rev1=1 crypto rx=0 tx=0 comp rx=0 tx=0).stop
2024-04-17T05:45:49.471 INFO:teuthology.orchestra.run.smithi052.stdout:/usr/bin/ceph: stderr
2024-04-17T05:45:48.886+0000 7f033318f700 1 --2- 172.21.15.52:0/1295828526 >> [v2:172.21.15.52:3300/0,v1:172.21.15.52:6789/0] conn(0x7f032c109090 0x7f032c19c530 unknown :-1 s=CLOSED pgs=23 cs=0 l=1 rev1=1 crypto rx=0 tx=0 comp rx=0 tx=0).stop
2024-04-17T05:45:49.471 INFO:teuthology.orchestra.run.smithi052.stdout:/usr/bin/ceph: stderr
2024-04-17T05:45:48.886+0000 7f033318f700 1 -- 172.21.15.52:0/1295828526 >> 172.21.15.52:0/1295828526 conn(0x7f032c102ae0 msgr2=0x7f032c1035d0 unknown :-1 s=STATE_NONE l=0).mark_down
2024-04-17T05:45:49.471 INFO:teuthology.orchestra.run.smithi052.stdout:/usr/bin/ceph: stderr
2024-04-17T05:45:48.886+0000 7f033318f700 1 -- 172.21.15.52:0/1295828526 shutdown_connections
2024-04-17T05:45:49.471 INFO:teuthology.orchestra.run.smithi052.stdout:/usr/bin/ceph: stderr
2024-04-17T05:45:48.886+0000 7f033318f700 1 -- 172.21.15.52:0/1295828526 wait complete.
2024-04-17T05:45:49.759 INFO:journalctl@ceph.mgr.x.smithi052.stdout:Apr 17 05:45:49 smithi052 ceph-8cd43734-fc7d-11ee-bc91-c7b262605968-mgr-x[32220]:
2024-04-17T05:45:49.558+0000 7fad11701200 -1 mgr[py] Module snap_schedule has missing NOTIFY_TYPES member
2024-04-17T05:45:50.078 INFO:journalctl@ceph.mon.a.smithi052.stdout:Apr 17 05:45:49 smithi052 ceph-mon[31989]: from='client.? 172.21.15.52:0/1295828526' entity='client.admin' cmd='[{"prefix": "mgr module enable", "module": "cephadm"}]': finished
2024-04-17T05:45:50.078 INFO:journalctl@ceph.mon.a.smithi052.stdout:Apr 17 05:45:49 smithi052 ceph-mon[31989]: mgrmap e5: x(active, since 5s)
2024-04-17T05:45:50.335 INFO:journalctl@ceph.mgr.x.smithi052.stdout:Apr 17 05:45:50 smithi052 ceph-8cd43734-fc7d-11ee-bc91-c7b262605968-mgr-x[32220]:
2024-04-17T05:45:50.240+0000 7fad11701200 -1 mgr[py] Module zabbix has missing NOTIFY_TYPES member
2024-04-17T05:45:50.335 INFO:journalctl@ceph.mgr.x.smithi052.stdout:Apr 17 05:45:50 smithi052 ceph-8cd43734-fc7d-11ee-bc91-c7b262605968-mgr-x[32220]:
2024-04-17T05:45:50.337+0000 7fad11701200 -1 mgr[py] Module balancer has missing NOTIFY_TYPES member
2024-04-17T05:45:50.619 INFO:journalctl@ceph.mgr.x.smithi052.stdout:Apr 17 05:45:50 smithi052 ceph-8cd43734-fc7d-11ee-bc91-c7b262605968-mgr-x[32220]:
2024-04-17T05:45:50.485+0000 7fad11701200 -1 mgr[py] Module influx has missing NOTIFY_TYPES member
2024-04-17T05:45:50.619 INFO:journalctl@ceph.mgr.x.smithi052.stdout:Apr 17 05:45:50 smithi052 ceph-8cd43734-fc7d-11ee-bc91-c7b262605968-mgr-x[32220]:
2024-04-17T05:45:50.585+0000 7fad11701200 -1 mgr[py] Module alerts has missing NOTIFY_TYPES member
2024-04-17T05:45:50.776 INFO:teuthology.orchestra.run.smithi052.stdout:/usr/bin/ceph: stdout {
2024-04-17T05:45:50.776 INFO:teuthology.orchestra.run.smithi052.stdout:/usr/bin/ceph: stdout "epoch": 5,
2024-04-17T05:45:50.776 INFO:teuthology.orchestra.run.smithi052.stdout:/usr/bin/ceph: stdout "available": true,
2024-04-17T05:45:50.777 INFO:teuthology.orchestra.run.smithi052.stdout:/usr/bin/ceph: stdout "active_name": "x",
2024-04-17T05:45:50.777 INFO:teuthology.orchestra.run.smithi052.stdout:/usr/bin/ceph: stdout "num_standby": 0
2024-04-17T05:45:50.777 INFO:teuthology.orchestra.run.smithi052.stdout:/usr/bin/ceph: stdout }
2024-04-17T05:45:50.777 INFO:teuthology.orchestra.run.smithi052.stdout:/usr/bin/ceph: stderr
2024-04-17T05:45:49.874+0000 7f5004ee3700 1 Processor -- start
2024-04-17T05:45:50.777 INFO:teuthology.orchestra.run.smithi052.stdout:/usr/bin/ceph: stderr
2024-04-17T05:45:49.874+0000 7f5004ee3700 1 -- start start
2024-04-17T05:45:50.777 INFO:teuthology.orchestra.run.smithi052.stdout:/usr/bin/ceph: stderr
2024-04-17T05:45:49.874+0000 7f5004ee3700 1 --2- >> [v2:172.21.15.52:3300/0,v1:172.21.15.52:6789/0] conn(0x7f50001086b0 0x7f5000108ad0 unknown :-1 s=NONE pgs=0 cs=0 l=0 rev1=0 crypto rx=0 tx=0 comp rx=0 tx=0).connect
2024-04-17T05:45:50.777 INFO:teuthology.orchestra.run.smithi052.stdout:/usr/bin/ceph: stderr
2024-04-17T05:45:49.874+0000 7f5004ee3700 1 -- --> [v2:172.21.15.52:3300/0,v1:172.21.15.52:6789/0] -- mon_getmap magic: 0 -- 0x7f50001090a0 con 0x7f50001086b0
2024-04-17T05:45:50.777 INFO:teuthology.orchestra.run.smithi052.stdout:/usr/bin/ceph: stderr
2024-04-17T05:45:49.875+0000 7f4ffe59c700 1 --2- >> [v2:172.21.15.52:3300/0,v1:172.21.15.52:6789/0] conn(0x7f50001086b0 0x7f5000108ad0 unknown :-1 s=BANNER_CONNECTING pgs=0 cs=0 l=0 rev1=0 crypto rx=0 tx=0 comp rx=0 tx=0)._handle_peer_banner_payload supported=3 required=0
2024-04-17T05:45:50.777 INFO:teuthology.orchestra.run.smithi052.stdout:/usr/bin/ceph: stderr
2024-04-17T05:45:49.875+0000 7f4ffe59c700 1 --2- >> [v2:172.21.15.52:3300/0,v1:172.21.15.52:6789/0] conn(0x7f50001086b0 0x7f5000108ad0 unknown :-1 s=HELLO_CONNECTING pgs=0 cs=0 l=0 rev1=1 crypto rx=0 tx=0 comp rx=0 tx=0).handle_hello peer v2:172.21.15.52:3300/0 says I am v2:172.21.15.52:52014/0 (socket says 172.21.15.52:52014)
2024-04-17T05:45:50.777 INFO:teuthology.orchestra.run.smithi052.stdout:/usr/bin/ceph: stderr
2024-04-17T05:45:49.875+0000 7f4ffe59c700 1 -- 172.21.15.52:0/4112222239 learned_addr learned my addr 172.21.15.52:0/4112222239 (peer_addr_for_me v2:172.21.15.52:0/0)
2024-04-17T05:45:50.777 INFO:teuthology.orchestra.run.smithi052.stdout:/usr/bin/ceph: stderr
2024-04-17T05:45:49.875+0000 7f4ffe59c700 1 -- 172.21.15.52:0/4112222239 --> [v2:172.21.15.52:3300/0,v1:172.21.15.52:6789/0] -- mon_subscribe({config=0+,monmap=0+}) -- 0x7f5000109860 con 0x7f50001086b0
2024-04-17T05:45:50.777 INFO:teuthology.orchestra.run.smithi052.stdout:/usr/bin/ceph: stderr
2024-04-17T05:45:49.875+0000 7f4ffe59c700 1 --2- 172.21.15.52:0/4112222239 >> [v2:172.21.15.52:3300/0,v1:172.21.15.52:6789/0] conn(0x7f50001086b0 0x7f5000108ad0 secure :-1 s=READY pgs=26 cs=0 l=1 rev1=1 crypto rx=0x7f4fe80098a0 tx=0x7f4fe8009bb0 comp rx=0 tx=0).ready entity=mon.0 client_cookie=3a6c6ccbdf049632 server_cookie=0 in_seq=0 out_seq=0
2024-04-17T05:45:50.777 INFO:teuthology.orchestra.run.smithi052.stdout:/usr/bin/ceph: stderr
2024-04-17T05:45:49.875+0000 7f4ffd59a700 1 -- 172.21.15.52:0/4112222239 <== mon.0 v2:172.21.15.52:3300/0 1 ==== mon_map magic: 0 ==== 205+0+0 (secure 0 0 0) 0x7f4fe8004160 con 0x7f50001086b0
2024-04-17T05:45:50.778 INFO:teuthology.orchestra.run.smithi052.stdout:/usr/bin/ceph: stderr
2024-04-17T05:45:49.875+0000 7f4ffd59a700 1 -- 172.21.15.52:0/4112222239 <== mon.0 v2:172.21.15.52:3300/0 2 ==== config(27 keys) ==== 1109+0+0 (secure 0 0 0) 0x7f4fe8004300 con 0x7f50001086b0
2024-04-17T05:45:50.778 INFO:teuthology.orchestra.run.smithi052.stdout:/usr/bin/ceph: stderr
2024-04-17T05:45:49.875+0000 7f4ffd59a700 1 -- 172.21.15.52:0/4112222239 <== mon.0 v2:172.21.15.52:3300/0 3 ==== mon_map magic: 0 ==== 205+0+0 (secure 0 0 0) 0x7f4fe8011b50 con 0x7f50001086b0
2024-04-17T05:45:50.778 INFO:teuthology.orchestra.run.smithi052.stdout:/usr/bin/ceph: stderr
2024-04-17T05:45:49.876+0000 7f5004ee3700 1 -- 172.21.15.52:0/4112222239 >> [v2:172.21.15.52:3300/0,v1:172.21.15.52:6789/0] conn(0x7f50001086b0 msgr2=0x7f5000108ad0 secure :-1 s=STATE_CONNECTION_ESTABLISHED l=1).mark_down
2024-04-17T05:45:50.778 INFO:teuthology.orchestra.run.smithi052.stdout:/usr/bin/ceph: stderr
2024-04-17T05:45:49.876+0000 7f5004ee3700 1 --2- 172.21.15.52:0/4112222239 >> [v2:172.21.15.52:3300/0,v1:172.21.15.52:6789/0] conn(0x7f50001086b0 0x7f5000108ad0 secure :-1 s=READY pgs=26 cs=0 l=1 rev1=1 crypto rx=0x7f4fe80098a0 tx=0x7f4fe8009bb0 comp rx=0 tx=0).stop
2024-04-17T05:45:50.778 INFO:teuthology.orchestra.run.smithi052.stdout:/usr/bin/ceph: stderr
2024-04-17T05:45:49.876+0000 7f5004ee3700 1 -- 172.21.15.52:0/4112222239 shutdown_connections
2024-04-17T05:45:50.778 INFO:teuthology.orchestra.run.smithi052.stdout:/usr/bin/ceph: stderr
2024-04-17T05:45:49.876+0000 7f5004ee3700 1 --2- 172.21.15.52:0/4112222239 >> [v2:172.21.15.52:3300/0,v1:172.21.15.52:6789/0] conn(0x7f50001086b0 0x7f5000108ad0 unknown :-1 s=CLOSED pgs=26 cs=0 l=1 rev1=1 crypto rx=0 tx=0 comp rx=0 tx=0).stop
2024-04-17T05:45:50.778 INFO:teuthology.orchestra.run.smithi052.stdout:/usr/bin/ceph: stderr
2024-04-17T05:45:49.876+0000 7f5004ee3700 1 -- 172.21.15.52:0/4112222239 >> 172.21.15.52:0/4112222239 conn(0x7f5000103c70 msgr2=0x7f5000106090 unknown :-1 s=STATE_NONE l=0).mark_down
2024-04-17T05:45:50.778 INFO:teuthology.orchestra.run.smithi052.stdout:/usr/bin/ceph: stderr
2024-04-17T05:45:49.876+0000 7f5004ee3700 1 -- 172.21.15.52:0/4112222239 shutdown_connections
2024-04-17T05:45:50.778 INFO:teuthology.orchestra.run.smithi052.stdout:/usr/bin/ceph: stderr
2024-04-17T05:45:49.876+0000 7f5004ee3700 1 -- 172.21.15.52:0/4112222239 wait complete.
2024-04-17T05:45:50.778 INFO:teuthology.orchestra.run.smithi052.stdout:/usr/bin/ceph: stderr
2024-04-17T05:45:49.877+0000 7f5004ee3700 1 Processor -- start
2024-04-17T05:45:50.778 INFO:teuthology.orchestra.run.smithi052.stdout:/usr/bin/ceph: stderr
2024-04-17T05:45:49.877+0000 7f5004ee3700 1 -- start start
2024-04-17T05:45:50.778 INFO:teuthology.orchestra.run.smithi052.stdout:/usr/bin/ceph: stderr
2024-04-17T05:45:49.877+0000 7f5004ee3700 1 --2- >> [v2:172.21.15.52:3300/0,v1:172.21.15.52:6789/0] conn(0x7f50001086b0 0x7f500019c570 unknown :-1 s=NONE pgs=0 cs=0 l=1 rev1=0 crypto rx=0 tx=0 comp rx=0 tx=0).connect
2024-04-17T05:45:50.779 INFO:teuthology.orchestra.run.smithi052.stdout:/usr/bin/ceph: stderr
2024-04-17T05:45:49.877+0000 7f5004ee3700 1 -- --> [v2:172.21.15.52:3300/0,v1:172.21.15.52:6789/0] -- mon_getmap magic: 0 -- 0x7f500010cc10 con 0x7f50001086b0
2024-04-17T05:45:50.779 INFO:teuthology.orchestra.run.smithi052.stdout:/usr/bin/ceph: stderr
2024-04-17T05:45:49.877+0000 7f4ffe59c700 1 --2- >> [v2:172.21.15.52:3300/0,v1:172.21.15.52:6789/0] conn(0x7f50001086b0 0x7f500019c570 unknown :-1 s=BANNER_CONNECTING pgs=0 cs=0 l=1 rev1=0 crypto rx=0 tx=0 comp rx=0 tx=0)._handle_peer_banner_payload supported=3 required=0
2024-04-17T05:45:50.779 INFO:teuthology.orchestra.run.smithi052.stdout:/usr/bin/ceph: stderr
2024-04-17T05:45:49.877+0000 7f4ffe59c700 1 --2- >> [v2:172.21.15.52:3300/0,v1:172.21.15.52:6789/0] conn(0x7f50001086b0 0x7f500019c570 unknown :-1 s=HELLO_CONNECTING pgs=0 cs=0 l=1 rev1=1 crypto rx=0 tx=0 comp rx=0 tx=0).handle_hello peer v2:172.21.15.52:3300/0 says I am v2:172.21.15.52:52020/0 (socket says 172.21.15.52:52020)
2024-04-17T05:45:50.779 INFO:teuthology.orchestra.run.smithi052.stdout:/usr/bin/ceph: stderr
2024-04-17T05:45:49.877+0000 7f4ffe59c700 1 -- 172.21.15.52:0/3324173009 learned_addr learned my addr 172.21.15.52:0/3324173009 (peer_addr_for_me v2:172.21.15.52:0/0)
2024-04-17T05:45:50.779 INFO:teuthology.orchestra.run.smithi052.stdout:/usr/bin/ceph: stderr
2024-04-17T05:45:49.877+0000 7f4ffe59c700 1 -- 172.21.15.52:0/3324173009 --> [v2:172.21.15.52:3300/0,v1:172.21.15.52:6789/0] -- mon_subscribe({config=0+,monmap=0+}) -- 0x7f500019cab0 con 0x7f50001086b0
2024-04-17T05:45:50.779 INFO:teuthology.orchestra.run.smithi052.stdout:/usr/bin/ceph: stderr
2024-04-17T05:45:49.878+0000 7f4ffe59c700 1 --2- 172.21.15.52:0/3324173009 >> [v2:172.21.15.52:3300/0,v1:172.21.15.52:6789/0] conn(0x7f50001086b0 0x7f500019c570 secure :-1 s=READY pgs=27 cs=0 l=1 rev1=1 crypto rx=0x7f4fe8011850 tx=0x7f4fe8011c10 comp rx=0 tx=0).ready entity=mon.0 client_cookie=0 server_cookie=0 in_seq=0 out_seq=0
2024-04-17T05:45:50.779 INFO:teuthology.orchestra.run.smithi052.stdout:/usr/bin/ceph: stderr
2024-04-17T05:45:49.878+0000 7f4ff77fe700 1 -- 172.21.15.52:0/3324173009 <== mon.0 v2:172.21.15.52:3300/0 1 ==== mon_map magic: 0 ==== 205+0+0 (secure 0 0 0) 0x7f4fe8003af0 con 0x7f50001086b0
2024-04-17T05:45:50.779 INFO:teuthology.orchestra.run.smithi052.stdout:/usr/bin/ceph: stderr
2024-04-17T05:45:49.878+0000 7f4ff77fe700 1 -- 172.21.15.52:0/3324173009 <== mon.0 v2:172.21.15.52:3300/0 2 ==== config(27 keys) ==== 1109+0+0 (secure 0 0 0) 0x7f4fe8020070 con 0x7f50001086b0
2024-04-17T05:45:50.779 INFO:teuthology.orchestra.run.smithi052.stdout:/usr/bin/ceph: stderr
2024-04-17T05:45:49.878+0000 7f5004ee3700 1 -- 172.21.15.52:0/3324173009 --> [v2:172.21.15.52:3300/0,v1:172.21.15.52:6789/0] -- mon_subscribe({mgrmap=0+}) -- 0x7f500019cd40 con 0x7f50001086b0
2024-04-17T05:45:50.779 INFO:teuthology.orchestra.run.smithi052.stdout:/usr/bin/ceph: stderr
2024-04-17T05:45:49.878+0000 7f4ff77fe700 1 -- 172.21.15.52:0/3324173009 <== mon.0 v2:172.21.15.52:3300/0 3 ==== mon_map magic: 0 ==== 205+0+0 (secure 0 0 0) 0x7f4fe80195a0 con 0x7f50001086b0
2024-04-17T05:45:50.779 INFO:teuthology.orchestra.run.smithi052.stdout:/usr/bin/ceph: stderr
2024-04-17T05:45:49.878+0000 7f5004ee3700 1 -- 172.21.15.52:0/3324173009 --> [v2:172.21.15.52:3300/0,v1:172.21.15.52:6789/0] -- mon_subscribe({osdmap=0}) -- 0x7f500019fa30 con 0x7f50001086b0
2024-04-17T05:45:50.780 INFO:teuthology.orchestra.run.smithi052.stdout:/usr/bin/ceph: stderr
2024-04-17T05:45:49.879+0000 7f5004ee3700 1 -- 172.21.15.52:0/3324173009 --> [v2:172.21.15.52:3300/0,v1:172.21.15.52:6789/0] -- mon_command({"prefix": "get_command_descriptions"} v 0) -- 0x7f50000640b0 con 0x7f50001086b0
2024-04-17T05:45:50.780 INFO:teuthology.orchestra.run.smithi052.stdout:/usr/bin/ceph: stderr
2024-04-17T05:45:49.879+0000 7f4ff77fe700 1 -- 172.21.15.52:0/3324173009 <== mon.0 v2:172.21.15.52:3300/0 4 ==== mgrmap(e 5) ==== 46558+0+0 (secure 0 0 0) 0x7f4fe80198e0 con 0x7f50001086b0
2024-04-17T05:45:50.780 INFO:teuthology.orchestra.run.smithi052.stdout:/usr/bin/ceph: stderr
2024-04-17T05:45:49.879+0000 7f4ff77fe700 1 --2- 172.21.15.52:0/3324173009 >> [v2:172.21.15.52:6800/3332470507,v1:172.21.15.52:6801/3332470507] conn(0x7f4fec039670 0x7f4fec03bb30 unknown :-1 s=NONE pgs=0 cs=0 l=1 rev1=0 crypto rx=0 tx=0 comp rx=0 tx=0).connect
2024-04-17T05:45:50.780 INFO:teuthology.orchestra.run.smithi052.stdout:/usr/bin/ceph: stderr
2024-04-17T05:45:49.879+0000 7f4ff77fe700 1 -- 172.21.15.52:0/3324173009 <== mon.0 v2:172.21.15.52:3300/0 5 ==== osd_map(1..1 src has 1..1) ==== 725+0+0 (secure 0 0 0) 0x7f4fe8011e00 con 0x7f50001086b0
2024-04-17T05:45:50.780 INFO:teuthology.orchestra.run.smithi052.stdout:/usr/bin/ceph: stderr
2024-04-17T05:45:49.879+0000 7f4ffdd9b700 1 -- 172.21.15.52:0/3324173009 >> [v2:172.21.15.52:6800/3332470507,v1:172.21.15.52:6801/3332470507] conn(0x7f4fec039670 msgr2=0x7f4fec03bb30 unknown :-1 s=STATE_CONNECTING_RE l=1).process reconnect failed to v2:172.21.15.52:6800/3332470507
2024-04-17T05:45:50.780 INFO:teuthology.orchestra.run.smithi052.stdout:/usr/bin/ceph: stderr
2024-04-17T05:45:49.879+0000 7f4ffdd9b700 1 --2- 172.21.15.52:0/3324173009 >> [v2:172.21.15.52:6800/3332470507,v1:172.21.15.52:6801/3332470507] conn(0x7f4fec039670 0x7f4fec03bb30 unknown :-1 s=START_CONNECT pgs=0 cs=0 l=1 rev1=0 crypto rx=0 tx=0 comp rx=0 tx=0)._fault waiting 0.200000
2024-04-17T05:45:50.780 INFO:teuthology.orchestra.run.smithi052.stdout:/usr/bin/ceph: stderr
2024-04-17T05:45:49.884+0000 7f4ff77fe700 1 -- 172.21.15.52:0/3324173009 <== mon.0 v2:172.21.15.52:3300/0 6 ==== mon_command_ack([{"prefix": "get_command_descriptions"}]=0 v0) ==== 72+0+188381 (secure 0 0 0) 0x7f4fe8003c90 con 0x7f50001086b0
2024-04-17T05:45:50.780 INFO:teuthology.orchestra.run.smithi052.stdout:/usr/bin/ceph: stderr
2024-04-17T05:45:50.080+0000 7f4ffdd9b700 1 -- 172.21.15.52:0/3324173009 >> [v2:172.21.15.52:6800/3332470507,v1:172.21.15.52:6801/3332470507] conn(0x7f4fec039670 msgr2=0x7f4fec03bb30 unknown :-1 s=STATE_CONNECTING_RE l=1).process reconnect failed to v2:172.21.15.52:6800/3332470507
2024-04-17T05:45:50.780 INFO:teuthology.orchestra.run.smithi052.stdout:/usr/bin/ceph: stderr
2024-04-17T05:45:50.080+0000 7f4ffdd9b700 1 --2- 172.21.15.52:0/3324173009 >> [v2:172.21.15.52:6800/3332470507,v1:172.21.15.52:6801/3332470507] conn(0x7f4fec039670 0x7f4fec03bb30 unknown :-1 s=START_CONNECT pgs=0 cs=0 l=1 rev1=0 crypto rx=0 tx=0 comp rx=0 tx=0)._fault waiting 0.400000
2024-04-17T05:45:50.780 INFO:teuthology.orchestra.run.smithi052.stdout:/usr/bin/ceph: stderr
2024-04-17T05:45:50.151+0000 7f5004ee3700 1 -- 172.21.15.52:0/3324173009 --> [v2:172.21.15.52:3300/0,v1:172.21.15.52:6789/0] -- mon_command({"prefix": "mgr stat"} v 0) -- 0x7f500019fc00 con 0x7f50001086b0
2024-04-17T05:45:50.780 INFO:teuthology.orchestra.run.smithi052.stdout:/usr/bin/ceph: stderr
2024-04-17T05:45:50.151+0000 7f4ff77fe700 1 -- 172.21.15.52:0/3324173009 <== mon.0 v2:172.21.15.52:3300/0 7 ==== mon_command_ack([{"prefix": "mgr stat"}]=0 v5) ==== 56+0+88 (secure 0 0 0) 0x7f500019fc00 con 0x7f50001086b0
2024-04-17T05:45:50.780 INFO:teuthology.orchestra.run.smithi052.stdout:/usr/bin/ceph: stderr
2024-04-17T05:45:50.155+0000 7f5004ee3700 1 -- 172.21.15.52:0/3324173009 >> [v2:172.21.15.52:6800/3332470507,v1:172.21.15.52:6801/3332470507] conn(0x7f4fec039670 msgr2=0x7f4fec03bb30 unknown :-1 s=STATE_CONNECTING l=1).mark_down
2024-04-17T05:45:50.780 INFO:teuthology.orchestra.run.smithi052.stdout:/usr/bin/ceph: stderr
2024-04-17T05:45:50.155+0000 7f5004ee3700 1 --2- 172.21.15.52:0/3324173009 >> [v2:172.21.15.52:6800/3332470507,v1:172.21.15.52:6801/3332470507] conn(0x7f4fec039670 0x7f4fec03bb30 unknown :-1 s=START_CONNECT pgs=0 cs=0 l=1 rev1=0 crypto rx=0 tx=0 comp rx=0 tx=0).stop
2024-04-17T05:45:50.781 INFO:teuthology.orchestra.run.smithi052.stdout:/usr/bin/ceph: stderr
2024-04-17T05:45:50.155+0000 7f5004ee3700 1 -- 172.21.15.52:0/3324173009 >> [v2:172.21.15.52:3300/0,v1:172.21.15.52:6789/0] conn(0x7f50001086b0 msgr2=0x7f500019c570 secure :-1 s=STATE_CONNECTION_ESTABLISHED l=1).mark_down
2024-04-17T05:45:50.781 INFO:teuthology.orchestra.run.smithi052.stdout:/usr/bin/ceph: stderr
2024-04-17T05:45:50.155+0000 7f5004ee3700 1 --2- 172.21.15.52:0/3324173009 >> [v2:172.21.15.52:3300/0,v1:172.21.15.52:6789/0] conn(0x7f50001086b0 0x7f500019c570 secure :-1 s=READY pgs=27 cs=0 l=1 rev1=1 crypto rx=0x7f4fe8011850 tx=0x7f4fe8011c10 comp rx=0 tx=0).stop
2024-04-17T05:45:50.781 INFO:teuthology.orchestra.run.smithi052.stdout:/usr/bin/ceph: stderr
2024-04-17T05:45:50.155+0000 7f5004ee3700 1 -- 172.21.15.52:0/3324173009 shutdown_connections
2024-04-17T05:45:50.781 INFO:teuthology.orchestra.run.smithi052.stdout:/usr/bin/ceph: stderr
2024-04-17T05:45:50.155+0000 7f5004ee3700 1 --2- 172.21.15.52:0/3324173009 >> [v2:172.21.15.52:6800/3332470507,v1:172.21.15.52:6801/3332470507] conn(0x7f4fec039670 0x7f4fec03bb30 unknown :-1 s=CLOSED pgs=0 cs=0 l=1 rev1=0 crypto rx=0 tx=0 comp rx=0 tx=0).stop
2024-04-17T05:45:50.781 INFO:teuthology.orchestra.run.smithi052.stdout:/usr/bin/ceph: stderr
2024-04-17T05:45:50.155+0000 7f5004ee3700 1 --2- 172.21.15.52:0/3324173009 >> [v2:172.21.15.52:3300/0,v1:172.21.15.52:6789/0] conn(0x7f50001086b0 0x7f500019c570 unknown :-1 s=CLOSED pgs=27 cs=0 l=1 rev1=1 crypto rx=0 tx=0 comp rx=0 tx=0).stop
2024-04-17T05:45:50.781 INFO:teuthology.orchestra.run.smithi052.stdout:/usr/bin/ceph: stderr
2024-04-17T05:45:50.155+0000 7f5004ee3700 1 -- 172.21.15.52:0/3324173009 >> 172.21.15.52:0/3324173009 conn(0x7f5000103c70 msgr2=0x7f50001047d0 unknown :-1 s=STATE_NONE l=0).mark_down
2024-04-17T05:45:50.781 INFO:teuthology.orchestra.run.smithi052.stdout:/usr/bin/ceph: stderr
2024-04-17T05:45:50.155+0000 7f5004ee3700 1 -- 172.21.15.52:0/3324173009 shutdown_connections
2024-04-17T05:45:50.781 INFO:teuthology.orchestra.run.smithi052.stdout:/usr/bin/ceph: stderr
2024-04-17T05:45:50.155+0000 7f5004ee3700 1 -- 172.21.15.52:0/3324173009 wait complete.
2024-04-17T05:45:50.781 INFO:teuthology.orchestra.run.smithi052.stdout:Waiting for the mgr to restart...
2024-04-17T05:45:50.781 INFO:teuthology.orchestra.run.smithi052.stdout:Waiting for mgr epoch 5...
2024-04-17T05:45:50.947 INFO:journalctl@ceph.mon.a.smithi052.stdout:Apr 17 05:45:50 smithi052 ceph-mon[31989]: from='client.? 172.21.15.52:0/3324173009' entity='client.admin' cmd=[{"prefix": "mgr stat"}]: dispatch
2024-04-17T05:45:50.947 INFO:journalctl@ceph.mgr.x.smithi052.stdout:Apr 17 05:45:50 smithi052 ceph-8cd43734-fc7d-11ee-bc91-c7b262605968-mgr-x[32220]:
2024-04-17T05:45:50.672+0000 7fad11701200 -1 mgr[py] Module iostat has missing NOTIFY_TYPES member
2024-04-17T05:45:51.198 INFO:journalctl@ceph.mgr.x.smithi052.stdout:Apr 17 05:45:50 smithi052 ceph-8cd43734-fc7d-11ee-bc91-c7b262605968-mgr-x[32220]:
2024-04-17T05:45:50.949+0000 7fad11701200 -1 mgr[py] Module rgw has missing NOTIFY_TYPES member
2024-04-17T05:45:51.198 INFO:journalctl@ceph.mgr.x.smithi052.stdout:Apr 17 05:45:51 smithi052 ceph-8cd43734-fc7d-11ee-bc91-c7b262605968-mgr-x[32220]:
2024-04-17T05:45:51.064+0000 7fad11701200 -1 mgr[py] Module rbd_support has missing NOTIFY_TYPES member
2024-04-17T05:45:51.198 INFO:journalctl@ceph.mgr.x.smithi052.stdout:Apr 17 05:45:51 smithi052 ceph-8cd43734-fc7d-11ee-bc91-c7b262605968-mgr-x[32220]:
2024-04-17T05:45:51.154+0000 7fad11701200 -1 mgr[py] Module progress has missing NOTIFY_TYPES member
2024-04-17T05:45:51.619 INFO:journalctl@ceph.mgr.x.smithi052.stdout:Apr 17 05:45:51 smithi052 ceph-8cd43734-fc7d-11ee-bc91-c7b262605968-mgr-x[32220]:
2024-04-17T05:45:51.255+0000 7fad11701200 -1 mgr[py] Module pg_autoscaler has missing NOTIFY_TYPES member
2024-04-17T05:45:51.620 INFO:journalctl@ceph.mgr.x.smithi052.stdout:Apr 17 05:45:51 smithi052 ceph-8cd43734-fc7d-11ee-bc91-c7b262605968-mgr-x[32220]:
2024-04-17T05:45:51.434+0000 7fad11701200 -1 mgr[py] Module devicehealth has missing NOTIFY_TYPES member
2024-04-17T05:45:52.869 INFO:journalctl@ceph.mgr.x.smithi052.stdout:Apr 17 05:45:52 smithi052 ceph-8cd43734-fc7d-11ee-bc91-c7b262605968-mgr-x[32220]:
2024-04-17T05:45:52.430+0000 7fad11701200 -1 mgr[py] Module rook has missing NOTIFY_TYPES member
2024-04-17T05:45:52.869 INFO:journalctl@ceph.mgr.x.smithi052.stdout:Apr 17 05:45:52 smithi052 ceph-8cd43734-fc7d-11ee-bc91-c7b262605968-mgr-x[32220]:
2024-04-17T05:45:52.564+0000 7fad11701200 -1 mgr[py] Module diskprediction_local has missing NOTIFY_TYPES member
2024-04-17T05:45:53.198 INFO:journalctl@ceph.mgr.x.smithi052.stdout:Apr 17 05:45:52 smithi052 ceph-8cd43734-fc7d-11ee-bc91-c7b262605968-mgr-x[32220]:
2024-04-17T05:45:52.905+0000 7fad11701200 -1 mgr[py] Module selftest has missing NOTIFY_TYPES member
