2024-04-17T05:46:26.405 INFO:teuthology.orchestra.run.smithi052.stdout:/usr/bin/ceph: stderr
2024-04-17T05:46:25.447+0000 7f551f806700 1 -- 172.21.15.52:0/3588157047 shutdown_connections
2024-04-17T05:46:26.405 INFO:teuthology.orchestra.run.smithi052.stdout:/usr/bin/ceph: stderr
2024-04-17T05:46:25.447+0000 7f551f806700 1 --2- 172.21.15.52:0/3588157047 >> [v2:172.21.15.52:3300/0,v1:172.21.15.52:6789/0] conn(0x7f5518107520 0x7f5518107940 unknown :-1 s=CLOSED pgs=70 cs=0 l=1 rev1=1 crypto rx=0 tx=0 comp rx=0 tx=0).stop
2024-04-17T05:46:26.405 INFO:teuthology.orchestra.run.smithi052.stdout:/usr/bin/ceph: stderr
2024-04-17T05:46:25.447+0000 7f551f806700 1 -- 172.21.15.52:0/3588157047 >> 172.21.15.52:0/3588157047 conn(0x7f5518102ae0 msgr2=0x7f5518104f00 unknown :-1 s=STATE_NONE l=0).mark_down
2024-04-17T05:46:26.405 INFO:teuthology.orchestra.run.smithi052.stdout:/usr/bin/ceph: stderr
2024-04-17T05:46:25.448+0000 7f551f806700 1 -- 172.21.15.52:0/3588157047 shutdown_connections
2024-04-17T05:46:26.405 INFO:teuthology.orchestra.run.smithi052.stdout:/usr/bin/ceph: stderr
2024-04-17T05:46:25.448+0000 7f551f806700 1 -- 172.21.15.52:0/3588157047 wait complete.
2024-04-17T05:46:26.405 INFO:teuthology.orchestra.run.smithi052.stdout:/usr/bin/ceph: stderr
2024-04-17T05:46:25.448+0000 7f551f806700 1 Processor -- start
2024-04-17T05:46:26.406 INFO:teuthology.orchestra.run.smithi052.stdout:/usr/bin/ceph: stderr
2024-04-17T05:46:25.448+0000 7f551f806700 1 -- start start
2024-04-17T05:46:26.406 INFO:teuthology.orchestra.run.smithi052.stdout:/usr/bin/ceph: stderr
2024-04-17T05:46:25.448+0000 7f551f806700 1 --2- >> [v2:172.21.15.52:3300/0,v1:172.21.15.52:6789/0] conn(0x7f5518107520 0x7f551807bad0 unknown :-1 s=NONE pgs=0 cs=0 l=1 rev1=0 crypto rx=0 tx=0 comp rx=0 tx=0).connect
2024-04-17T05:46:26.406 INFO:teuthology.orchestra.run.smithi052.stdout:/usr/bin/ceph: stderr
2024-04-17T05:46:25.448+0000 7f551f806700 1 -- --> [v2:172.21.15.52:3300/0,v1:172.21.15.52:6789/0] -- mon_getmap magic: 0 -- 0x7f551810bad0 con 0x7f5518107520
2024-04-17T05:46:26.406 INFO:teuthology.orchestra.run.smithi052.stdout:/usr/bin/ceph: stderr
2024-04-17T05:46:25.448+0000 7f551d5a2700 1 --2- >> [v2:172.21.15.52:3300/0,v1:172.21.15.52:6789/0] conn(0x7f5518107520 0x7f551807bad0 unknown :-1 s=BANNER_CONNECTING pgs=0 cs=0 l=1 rev1=0 crypto rx=0 tx=0 comp rx=0 tx=0)._handle_peer_banner_payload supported=3 required=0
2024-04-17T05:46:26.406 INFO:teuthology.orchestra.run.smithi052.stdout:/usr/bin/ceph: stderr
2024-04-17T05:46:25.448+0000 7f551d5a2700 1 --2- >> [v2:172.21.15.52:3300/0,v1:172.21.15.52:6789/0] conn(0x7f5518107520 0x7f551807bad0 unknown :-1 s=HELLO_CONNECTING pgs=0 cs=0 l=1 rev1=1 crypto rx=0 tx=0 comp rx=0 tx=0).handle_hello peer v2:172.21.15.52:3300/0 says I am v2:172.21.15.52:58862/0 (socket says 172.21.15.52:58862)
2024-04-17T05:46:26.406 INFO:teuthology.orchestra.run.smithi052.stdout:/usr/bin/ceph: stderr
2024-04-17T05:46:25.448+0000 7f551d5a2700 1 -- 172.21.15.52:0/1111430422 learned_addr learned my addr 172.21.15.52:0/1111430422 (peer_addr_for_me v2:172.21.15.52:0/0)
2024-04-17T05:46:26.406 INFO:teuthology.orchestra.run.smithi052.stdout:/usr/bin/ceph: stderr
2024-04-17T05:46:25.449+0000 7f551d5a2700 1 -- 172.21.15.52:0/1111430422 --> [v2:172.21.15.52:3300/0,v1:172.21.15.52:6789/0] -- mon_subscribe({config=0+,monmap=0+}) -- 0x7f551819f1e0 con 0x7f5518107520
2024-04-17T05:46:26.406 INFO:teuthology.orchestra.run.smithi052.stdout:/usr/bin/ceph: stderr
2024-04-17T05:46:25.449+0000 7f551d5a2700 1 --2- 172.21.15.52:0/1111430422 >> [v2:172.21.15.52:3300/0,v1:172.21.15.52:6789/0] conn(0x7f5518107520 0x7f551807bad0 secure :-1 s=READY pgs=71 cs=0 l=1 rev1=1 crypto rx=0x7f5514000c00 tx=0x7f5514011c10 comp rx=0 tx=0).ready entity=mon.0 client_cookie=0 server_cookie=0 in_seq=0 out_seq=0
2024-04-17T05:46:26.406 INFO:teuthology.orchestra.run.smithi052.stdout:/usr/bin/ceph: stderr
2024-04-17T05:46:25.449+0000 7f550a7fc700 1 -- 172.21.15.52:0/1111430422 <== mon.0 v2:172.21.15.52:3300/0 1 ==== mon_map magic: 0 ==== 205+0+0 (secure 0 0 0) 0x7f5514003b60 con 0x7f5518107520
2024-04-17T05:46:26.406 INFO:teuthology.orchestra.run.smithi052.stdout:/usr/bin/ceph: stderr
2024-04-17T05:46:25.449+0000 7f550a7fc700 1 -- 172.21.15.52:0/1111430422 <== mon.0 v2:172.21.15.52:3300/0 2 ==== config(27 keys) ==== 1140+0+0 (secure 0 0 0) 0x7f551401a910 con 0x7f5518107520
2024-04-17T05:46:26.406 INFO:teuthology.orchestra.run.smithi052.stdout:/usr/bin/ceph: stderr
2024-04-17T05:46:25.449+0000 7f551f806700 1 -- 172.21.15.52:0/1111430422 --> [v2:172.21.15.52:3300/0,v1:172.21.15.52:6789/0] -- mon_subscribe({mgrmap=0+}) -- 0x7f551819f3b0 con 0x7f5518107520
2024-04-17T05:46:26.406 INFO:teuthology.orchestra.run.smithi052.stdout:/usr/bin/ceph: stderr
2024-04-17T05:46:25.449+0000 7f550a7fc700 1 -- 172.21.15.52:0/1111430422 <== mon.0 v2:172.21.15.52:3300/0 3 ==== mon_map magic: 0 ==== 205+0+0 (secure 0 0 0) 0x7f5514024930 con 0x7f5518107520
2024-04-17T05:46:26.406 INFO:teuthology.orchestra.run.smithi052.stdout:/usr/bin/ceph: stderr
2024-04-17T05:46:25.449+0000 7f551f806700 1 -- 172.21.15.52:0/1111430422 --> [v2:172.21.15.52:3300/0,v1:172.21.15.52:6789/0] -- mon_subscribe({osdmap=0}) -- 0x7f551819f750 con 0x7f5518107520
2024-04-17T05:46:26.407 INFO:teuthology.orchestra.run.smithi052.stdout:/usr/bin/ceph: stderr
2024-04-17T05:46:25.450+0000 7f550a7fc700 1 -- 172.21.15.52:0/1111430422 <== mon.0 v2:172.21.15.52:3300/0 4 ==== mgrmap(e 12) ==== 46571+0+0 (secure 0 0 0) 0x7f5514022020 con 0x7f5518107520
2024-04-17T05:46:26.407 INFO:teuthology.orchestra.run.smithi052.stdout:/usr/bin/ceph: stderr
2024-04-17T05:46:25.450+0000 7f550a7fc700 1 --2- 172.21.15.52:0/1111430422 >> [v2:172.21.15.52:6800/3238639972,v1:172.21.15.52:6801/3238639972] conn(0x7f55040396c0 0x7f550403bb80 unknown :-1 s=NONE pgs=0 cs=0 l=1 rev1=0 crypto rx=0 tx=0 comp rx=0 tx=0).connect
2024-04-17T05:46:26.407 INFO:teuthology.orchestra.run.smithi052.stdout:/usr/bin/ceph: stderr
2024-04-17T05:46:25.450+0000 7f550a7fc700 1 -- 172.21.15.52:0/1111430422 <== mon.0 v2:172.21.15.52:3300/0 5 ==== osd_map(3..3 src has 1..3) ==== 1155+0+0 (secure 0 0 0) 0x7f551404da50 con 0x7f5518107520
2024-04-17T05:46:26.407 INFO:teuthology.orchestra.run.smithi052.stdout:/usr/bin/ceph: stderr
2024-04-17T05:46:25.450+0000 7f551f806700 1 -- 172.21.15.52:0/1111430422 --> [v2:172.21.15.52:3300/0,v1:172.21.15.52:6789/0] -- mon_command({"prefix": "get_command_descriptions"} v 0) -- 0x7f55180640b0 con 0x7f5518107520
2024-04-17T05:46:26.407 INFO:teuthology.orchestra.run.smithi052.stdout:/usr/bin/ceph: stderr
2024-04-17T05:46:25.450+0000 7f551cda1700 1 --2- 172.21.15.52:0/1111430422 >> [v2:172.21.15.52:6800/3238639972,v1:172.21.15.52:6801/3238639972] conn(0x7f55040396c0 0x7f550403bb80 unknown :-1 s=BANNER_CONNECTING pgs=0 cs=0 l=1 rev1=0 crypto rx=0 tx=0 comp rx=0 tx=0)._handle_peer_banner_payload supported=3 required=0
2024-04-17T05:46:26.407 INFO:teuthology.orchestra.run.smithi052.stdout:/usr/bin/ceph: stderr
2024-04-17T05:46:25.451+0000 7f551cda1700 1 --2- 172.21.15.52:0/1111430422 >> [v2:172.21.15.52:6800/3238639972,v1:172.21.15.52:6801/3238639972] conn(0x7f55040396c0 0x7f550403bb80 secure :-1 s=READY pgs=7 cs=0 l=1 rev1=1 crypto rx=0x7f550c006fd0 tx=0x7f550c006e40 comp rx=0 tx=0).ready entity=mgr.14152 client_cookie=0 server_cookie=0 in_seq=0 out_seq=0
2024-04-17T05:46:26.407 INFO:teuthology.orchestra.run.smithi052.stdout:/usr/bin/ceph: stderr
2024-04-17T05:46:25.456+0000 7f550a7fc700 1 -- 172.21.15.52:0/1111430422 <== mon.0 v2:172.21.15.52:3300/0 6 ==== mon_command_ack([{"prefix": "get_command_descriptions"}]=0 v0) ==== 72+0+188381 (secure 0 0 0) 0x7f551400b5a0 con 0x7f5518107520
2024-04-17T05:46:26.407 INFO:teuthology.orchestra.run.smithi052.stdout:/usr/bin/ceph: stderr
2024-04-17T05:46:25.688+0000 7f551f806700 1 -- 172.21.15.52:0/1111430422 --> [v2:172.21.15.52:6800/3238639972,v1:172.21.15.52:6801/3238639972] -- mgr_command(tid 0: {"prefix": "dashboard create-self-signed-cert", "target": ["mon-mgr", ""]}) -- 0x7f5518103c90 con 0x7f55040396c0
2024-04-17T05:46:26.407 INFO:teuthology.orchestra.run.smithi052.stdout:/usr/bin/ceph: stderr
2024-04-17T05:46:25.799+0000 7f550a7fc700 1 -- 172.21.15.52:0/1111430422 <== mgr.14152 v2:172.21.15.52:6800/3238639972 1 ==== mgr_command_reply(tid 0: 0 ) ==== 8+0+32 (secure 0 0 0) 0x7f5518103c90 con 0x7f55040396c0
2024-04-17T05:46:26.407 INFO:teuthology.orchestra.run.smithi052.stdout:/usr/bin/ceph: stderr
2024-04-17T05:46:25.801+0000 7f551f806700 1 -- 172.21.15.52:0/1111430422 >> [v2:172.21.15.52:6800/3238639972,v1:172.21.15.52:6801/3238639972] conn(0x7f55040396c0 msgr2=0x7f550403bb80 secure :-1 s=STATE_CONNECTION_ESTABLISHED l=1).mark_down
2024-04-17T05:46:26.407 INFO:teuthology.orchestra.run.smithi052.stdout:/usr/bin/ceph: stderr
2024-04-17T05:46:25.801+0000 7f551f806700 1 --2- 172.21.15.52:0/1111430422 >> [v2:172.21.15.52:6800/3238639972,v1:172.21.15.52:6801/3238639972] conn(0x7f55040396c0 0x7f550403bb80 secure :-1 s=READY pgs=7 cs=0 l=1 rev1=1 crypto rx=0x7f550c006fd0 tx=0x7f550c006e40 comp rx=0 tx=0).stop
2024-04-17T05:46:26.407 INFO:teuthology.orchestra.run.smithi052.stdout:/usr/bin/ceph: stderr
2024-04-17T05:46:25.801+0000 7f551f806700 1 -- 172.21.15.52:0/1111430422 >> [v2:172.21.15.52:3300/0,v1:172.21.15.52:6789/0] conn(0x7f5518107520 msgr2=0x7f551807bad0 secure :-1 s=STATE_CONNECTION_ESTABLISHED l=1).mark_down
2024-04-17T05:46:26.408 INFO:teuthology.orchestra.run.smithi052.stdout:/usr/bin/ceph: stderr
2024-04-17T05:46:25.801+0000 7f551f806700 1 --2- 172.21.15.52:0/1111430422 >> [v2:172.21.15.52:3300/0,v1:172.21.15.52:6789/0] conn(0x7f5518107520 0x7f551807bad0 secure :-1 s=READY pgs=71 cs=0 l=1 rev1=1 crypto rx=0x7f5514000c00 tx=0x7f5514011c10 comp rx=0 tx=0).stop
2024-04-17T05:46:26.408 INFO:teuthology.orchestra.run.smithi052.stdout:/usr/bin/ceph: stderr
2024-04-17T05:46:25.802+0000 7f551f806700 1 -- 172.21.15.52:0/1111430422 shutdown_connections
2024-04-17T05:46:26.408 INFO:teuthology.orchestra.run.smithi052.stdout:/usr/bin/ceph: stderr
2024-04-17T05:46:25.802+0000 7f551f806700 1 --2- 172.21.15.52:0/1111430422 >> [v2:172.21.15.52:6800/3238639972,v1:172.21.15.52:6801/3238639972] conn(0x7f55040396c0 0x7f550403bb80 unknown :-1 s=CLOSED pgs=7 cs=0 l=1 rev1=1 crypto rx=0 tx=0 comp rx=0 tx=0).stop
2024-04-17T05:46:26.408 INFO:teuthology.orchestra.run.smithi052.stdout:/usr/bin/ceph: stderr
2024-04-17T05:46:25.802+0000 7f551f806700 1 --2- 172.21.15.52:0/1111430422 >> [v2:172.21.15.52:3300/0,v1:172.21.15.52:6789/0] conn(0x7f5518107520 0x7f551807bad0 unknown :-1 s=CLOSED pgs=71 cs=0 l=1 rev1=1 crypto rx=0 tx=0 comp rx=0 tx=0).stop
2024-04-17T05:46:26.408 INFO:teuthology.orchestra.run.smithi052.stdout:/usr/bin/ceph: stderr
2024-04-17T05:46:25.802+0000 7f551f806700 1 -- 172.21.15.52:0/1111430422 >> 172.21.15.52:0/1111430422 conn(0x7f5518102ae0 msgr2=0x7f5518103580 unknown :-1 s=STATE_NONE l=0).mark_down
2024-04-17T05:46:26.408 INFO:teuthology.orchestra.run.smithi052.stdout:/usr/bin/ceph: stderr
2024-04-17T05:46:25.802+0000 7f551f806700 1 -- 172.21.15.52:0/1111430422 shutdown_connections
2024-04-17T05:46:26.408 INFO:teuthology.orchestra.run.smithi052.stdout:/usr/bin/ceph: stderr
2024-04-17T05:46:25.802+0000 7f551f806700 1 -- 172.21.15.52:0/1111430422 wait complete.
2024-04-17T05:46:26.408 INFO:teuthology.orchestra.run.smithi052.stdout:Creating initial admin user...
2024-04-17T05:46:27.888 INFO:teuthology.orchestra.run.smithi052.stdout:/usr/bin/ceph: stdout {"username": "admin", "password": "$2b$12$BS2ElWv21hyrZs/s5Szjju/GM1QAL4nuwjtADseOE2L4yn3MXZci2", "roles": ["administrator"], "name": null, "email": null, "lastUpdate": 1713332787, "enabled": true, "pwdExpirationDate": null, "pwdUpdateRequired": true}
2024-04-17T05:46:27.888 INFO:teuthology.orchestra.run.smithi052.stdout:/usr/bin/ceph: stderr
2024-04-17T05:46:26.876+0000 7fcb5f2a6700 1 Processor -- start
2024-04-17T05:46:27.888 INFO:teuthology.orchestra.run.smithi052.stdout:/usr/bin/ceph: stderr
2024-04-17T05:46:26.876+0000 7fcb5f2a6700 1 -- start start
2024-04-17T05:46:27.888 INFO:teuthology.orchestra.run.smithi052.stdout:/usr/bin/ceph: stderr
2024-04-17T05:46:26.877+0000 7fcb5f2a6700 1 --2- >> [v2:172.21.15.52:3300/0,v1:172.21.15.52:6789/0] conn(0x7fcb58108660 0x7fcb58108a80 unknown :-1 s=NONE pgs=0 cs=0 l=0 rev1=0 crypto rx=0 tx=0 comp rx=0 tx=0).connect
2024-04-17T05:46:27.888 INFO:teuthology.orchestra.run.smithi052.stdout:/usr/bin/ceph: stderr
2024-04-17T05:46:26.877+0000 7fcb5f2a6700 1 -- --> [v2:172.21.15.52:3300/0,v1:172.21.15.52:6789/0] -- mon_getmap magic: 0 -- 0x7fcb58109050 con 0x7fcb58108660
2024-04-17T05:46:27.889 INFO:teuthology.orchestra.run.smithi052.stdout:/usr/bin/ceph: stderr
2024-04-17T05:46:26.877+0000 7fcb5d042700 1 --2- >> [v2:172.21.15.52:3300/0,v1:172.21.15.52:6789/0] conn(0x7fcb58108660 0x7fcb58108a80 unknown :-1 s=BANNER_CONNECTING pgs=0 cs=0 l=0 rev1=0 crypto rx=0 tx=0 comp rx=0 tx=0)._handle_peer_banner_payload supported=3 required=0
2024-04-17T05:46:27.889 INFO:teuthology.orchestra.run.smithi052.stdout:/usr/bin/ceph: stderr
2024-04-17T05:46:26.877+0000 7fcb5d042700 1 --2- >> [v2:172.21.15.52:3300/0,v1:172.21.15.52:6789/0] conn(0x7fcb58108660 0x7fcb58108a80 unknown :-1 s=HELLO_CONNECTING pgs=0 cs=0 l=0 rev1=1 crypto rx=0 tx=0 comp rx=0 tx=0).handle_hello peer v2:172.21.15.52:3300/0 says I am v2:172.21.15.52:58878/0 (socket says 172.21.15.52:58878)
2024-04-17T05:46:27.889 INFO:teuthology.orchestra.run.smithi052.stdout:/usr/bin/ceph: stderr
2024-04-17T05:46:26.877+0000 7fcb5d042700 1 -- 172.21.15.52:0/1079624056 learned_addr learned my addr 172.21.15.52:0/1079624056 (peer_addr_for_me v2:172.21.15.52:0/0)
2024-04-17T05:46:27.889 INFO:teuthology.orchestra.run.smithi052.stdout:/usr/bin/ceph: stderr
2024-04-17T05:46:26.877+0000 7fcb5d042700 1 -- 172.21.15.52:0/1079624056 --> [v2:172.21.15.52:3300/0,v1:172.21.15.52:6789/0] -- mon_subscribe({config=0+,monmap=0+}) -- 0x7fcb58109810 con 0x7fcb58108660
2024-04-17T05:46:27.889 INFO:teuthology.orchestra.run.smithi052.stdout:/usr/bin/ceph: stderr
2024-04-17T05:46:26.877+0000 7fcb5d042700 1 --2- 172.21.15.52:0/1079624056 >> [v2:172.21.15.52:3300/0,v1:172.21.15.52:6789/0] conn(0x7fcb58108660 0x7fcb58108a80 secure :-1 s=READY pgs=72 cs=0 l=1 rev1=1 crypto rx=0x7fcb4c0098a0 tx=0x7fcb4c009bb0 comp rx=0 tx=0).ready entity=mon.0 client_cookie=6da059b33e423f6f server_cookie=0 in_seq=0 out_seq=0
2024-04-17T05:46:27.889 INFO:teuthology.orchestra.run.smithi052.stdout:/usr/bin/ceph: stderr
2024-04-17T05:46:26.877+0000 7fcb4bfff700 1 -- 172.21.15.52:0/1079624056 <== mon.0 v2:172.21.15.52:3300/0 1 ==== mon_map magic: 0 ==== 205+0+0 (secure 0 0 0) 0x7fcb4c004160 con 0x7fcb58108660
2024-04-17T05:46:27.889 INFO:teuthology.orchestra.run.smithi052.stdout:/usr/bin/ceph: stderr
2024-04-17T05:46:26.877+0000 7fcb4bfff700 1 -- 172.21.15.52:0/1079624056 <== mon.0 v2:172.21.15.52:3300/0 2 ==== config(27 keys) ==== 1140+0+0 (secure 0 0 0) 0x7fcb4c004300 con 0x7fcb58108660
2024-04-17T05:46:27.889 INFO:teuthology.orchestra.run.smithi052.stdout:/usr/bin/ceph: stderr
2024-04-17T05:46:26.877+0000 7fcb4bfff700 1 -- 172.21.15.52:0/1079624056 <== mon.0 v2:172.21.15.52:3300/0 3 ==== mon_map magic: 0 ==== 205+0+0 (secure 0 0 0) 0x7fcb4c011b20 con 0x7fcb58108660
2024-04-17T05:46:27.889 INFO:teuthology.orchestra.run.smithi052.stdout:/usr/bin/ceph: stderr
2024-04-17T05:46:26.878+0000 7fcb5f2a6700 1 -- 172.21.15.52:0/1079624056 >> [v2:172.21.15.52:3300/0,v1:172.21.15.52:6789/0] conn(0x7fcb58108660 msgr2=0x7fcb58108a80 secure :-1 s=STATE_CONNECTION_ESTABLISHED l=1).mark_down
2024-04-17T05:46:27.889 INFO:teuthology.orchestra.run.smithi052.stdout:/usr/bin/ceph: stderr
2024-04-17T05:46:26.878+0000 7fcb5f2a6700 1 --2- 172.21.15.52:0/1079624056 >> [v2:172.21.15.52:3300/0,v1:172.21.15.52:6789/0] conn(0x7fcb58108660 0x7fcb58108a80 secure :-1 s=READY pgs=72 cs=0 l=1 rev1=1 crypto rx=0x7fcb4c0098a0 tx=0x7fcb4c009bb0 comp rx=0 tx=0).stop
2024-04-17T05:46:27.889 INFO:teuthology.orchestra.run.smithi052.stdout:/usr/bin/ceph: stderr
2024-04-17T05:46:26.878+0000 7fcb5f2a6700 1 -- 172.21.15.52:0/1079624056 shutdown_connections
2024-04-17T05:46:27.889 INFO:teuthology.orchestra.run.smithi052.stdout:/usr/bin/ceph: stderr
2024-04-17T05:46:26.878+0000 7fcb5f2a6700 1 --2- 172.21.15.52:0/1079624056 >> [v2:172.21.15.52:3300/0,v1:172.21.15.52:6789/0] conn(0x7fcb58108660 0x7fcb58108a80 unknown :-1 s=CLOSED pgs=72 cs=0 l=1 rev1=1 crypto rx=0 tx=0 comp rx=0 tx=0).stop
2024-04-17T05:46:27.890 INFO:teuthology.orchestra.run.smithi052.stdout:/usr/bin/ceph: stderr
2024-04-17T05:46:26.878+0000 7fcb5f2a6700 1 -- 172.21.15.52:0/1079624056 >> 172.21.15.52:0/1079624056 conn(0x7fcb58103ca0 msgr2=0x7fcb581060c0 unknown :-1 s=STATE_NONE l=0).mark_down
2024-04-17T05:46:27.890 INFO:teuthology.orchestra.run.smithi052.stdout:/usr/bin/ceph: stderr
2024-04-17T05:46:26.879+0000 7fcb5f2a6700 1 -- 172.21.15.52:0/1079624056 shutdown_connections
2024-04-17T05:46:27.890 INFO:teuthology.orchestra.run.smithi052.stdout:/usr/bin/ceph: stderr
2024-04-17T05:46:26.879+0000 7fcb5f2a6700 1 -- 172.21.15.52:0/1079624056 wait complete.
2024-04-17T05:46:27.890 INFO:teuthology.orchestra.run.smithi052.stdout:/usr/bin/ceph: stderr
2024-04-17T05:46:26.879+0000 7fcb5f2a6700 1 Processor -- start
2024-04-17T05:46:27.890 INFO:teuthology.orchestra.run.smithi052.stdout:/usr/bin/ceph: stderr
2024-04-17T05:46:26.879+0000 7fcb5f2a6700 1 -- start start
2024-04-17T05:46:27.890 INFO:teuthology.orchestra.run.smithi052.stdout:/usr/bin/ceph: stderr
2024-04-17T05:46:26.879+0000 7fcb5f2a6700 1 --2- >> [v2:172.21.15.52:3300/0,v1:172.21.15.52:6789/0] conn(0x7fcb58108660 0x7fcb5819c4f0 unknown :-1 s=NONE pgs=0 cs=0 l=1 rev1=0 crypto rx=0 tx=0 comp rx=0 tx=0).connect
2024-04-17T05:46:27.890 INFO:teuthology.orchestra.run.smithi052.stdout:/usr/bin/ceph: stderr
2024-04-17T05:46:26.879+0000 7fcb5f2a6700 1 -- --> [v2:172.21.15.52:3300/0,v1:172.21.15.52:6789/0] -- mon_getmap magic: 0 -- 0x7fcb5810cbc0 con 0x7fcb58108660
2024-04-17T05:46:27.890 INFO:teuthology.orchestra.run.smithi052.stdout:/usr/bin/ceph: stderr
2024-04-17T05:46:26.879+0000 7fcb5d042700 1 --2- >> [v2:172.21.15.52:3300/0,v1:172.21.15.52:6789/0] conn(0x7fcb58108660 0x7fcb5819c4f0 unknown :-1 s=BANNER_CONNECTING pgs=0 cs=0 l=1 rev1=0 crypto rx=0 tx=0 comp rx=0 tx=0)._handle_peer_banner_payload supported=3 required=0
2024-04-17T05:46:27.890 INFO:teuthology.orchestra.run.smithi052.stdout:/usr/bin/ceph: stderr
2024-04-17T05:46:26.879+0000 7fcb5d042700 1 --2- >> [v2:172.21.15.52:3300/0,v1:172.21.15.52:6789/0] conn(0x7fcb58108660 0x7fcb5819c4f0 unknown :-1 s=HELLO_CONNECTING pgs=0 cs=0 l=1 rev1=1 crypto rx=0 tx=0 comp rx=0 tx=0).handle_hello peer v2:172.21.15.52:3300/0 says I am v2:172.21.15.52:58894/0 (socket says 172.21.15.52:58894)
2024-04-17T05:46:27.890 INFO:teuthology.orchestra.run.smithi052.stdout:/usr/bin/ceph: stderr
2024-04-17T05:46:26.879+0000 7fcb5d042700 1 -- 172.21.15.52:0/2632973529 learned_addr learned my addr 172.21.15.52:0/2632973529 (peer_addr_for_me v2:172.21.15.52:0/0)
2024-04-17T05:46:27.890 INFO:teuthology.orchestra.run.smithi052.stdout:/usr/bin/ceph: stderr
2024-04-17T05:46:26.880+0000 7fcb5d042700 1 -- 172.21.15.52:0/2632973529 --> [v2:172.21.15.52:3300/0,v1:172.21.15.52:6789/0] -- mon_subscribe({config=0+,monmap=0+}) -- 0x7fcb5819ca30 con 0x7fcb58108660
2024-04-17T05:46:27.890 INFO:teuthology.orchestra.run.smithi052.stdout:/usr/bin/ceph: stderr
2024-04-17T05:46:26.880+0000 7fcb5d042700 1 --2- 172.21.15.52:0/2632973529 >> [v2:172.21.15.52:3300/0,v1:172.21.15.52:6789/0] conn(0x7fcb58108660 0x7fcb5819c4f0 secure :-1 s=READY pgs=73 cs=0 l=1 rev1=1 crypto rx=0x7fcb4c0116a0 tx=0x7fcb4c011ba0 comp rx=0 tx=0).ready entity=mon.0 client_cookie=0 server_cookie=0 in_seq=0 out_seq=0
2024-04-17T05:46:27.890 INFO:teuthology.orchestra.run.smithi052.stdout:/usr/bin/ceph: stderr
2024-04-17T05:46:26.880+0000 7fcb4a7fc700 1 -- 172.21.15.52:0/2632973529 <== mon.0 v2:172.21.15.52:3300/0 1 ==== mon_map magic: 0 ==== 205+0+0 (secure 0 0 0) 0x7fcb4c003a40 con 0x7fcb58108660
2024-04-17T05:46:27.891 INFO:teuthology.orchestra.run.smithi052.stdout:/usr/bin/ceph: stderr
2024-04-17T05:46:26.880+0000 7fcb4a7fc700 1 -- 172.21.15.52:0/2632973529 <== mon.0 v2:172.21.15.52:3300/0 2 ==== config(27 keys) ==== 1140+0+0 (secure 0 0 0) 0x7fcb4c003be0 con 0x7fcb58108660
2024-04-17T05:46:27.891 INFO:teuthology.orchestra.run.smithi052.stdout:/usr/bin/ceph: stderr
2024-04-17T05:46:26.880+0000 7fcb5f2a6700 1 -- 172.21.15.52:0/2632973529 --> [v2:172.21.15.52:3300/0,v1:172.21.15.52:6789/0] -- mon_subscribe({mgrmap=0+}) -- 0x7fcb5819ccc0 con 0x7fcb58108660
2024-04-17T05:46:27.891 INFO:teuthology.orchestra.run.smithi052.stdout:/usr/bin/ceph: stderr
2024-04-17T05:46:26.880+0000 7fcb4a7fc700 1 -- 172.21.15.52:0/2632973529 <== mon.0 v2:172.21.15.52:3300/0 3 ==== mon_map magic: 0 ==== 205+0+0 (secure 0 0 0) 0x7fcb4c01a720 con 0x7fcb58108660
2024-04-17T05:46:27.891 INFO:teuthology.orchestra.run.smithi052.stdout:/usr/bin/ceph: stderr
2024-04-17T05:46:26.880+0000 7fcb5f2a6700 1 -- 172.21.15.52:0/2632973529 --> [v2:172.21.15.52:3300/0,v1:172.21.15.52:6789/0] -- mon_subscribe({osdmap=0}) -- 0x7fcb5819d120 con 0x7fcb58108660
2024-04-17T05:46:27.891 INFO:teuthology.orchestra.run.smithi052.stdout:/usr/bin/ceph: stderr
2024-04-17T05:46:26.881+0000 7fcb4a7fc700 1 -- 172.21.15.52:0/2632973529 <== mon.0 v2:172.21.15.52:3300/0 4 ==== mgrmap(e 12) ==== 46571+0+0 (secure 0 0 0) 0x7fcb4c01aa20 con 0x7fcb58108660
2024-04-17T05:46:27.891 INFO:teuthology.orchestra.run.smithi052.stdout:/usr/bin/ceph: stderr
2024-04-17T05:46:26.881+0000 7fcb5f2a6700 1 -- 172.21.15.52:0/2632973529 --> [v2:172.21.15.52:3300/0,v1:172.21.15.52:6789/0] -- mon_command({"prefix": "get_command_descriptions"} v 0) -- 0x7fcb580640b0 con 0x7fcb58108660
2024-04-17T05:46:27.891 INFO:teuthology.orchestra.run.smithi052.stdout:/usr/bin/ceph: stderr
2024-04-17T05:46:26.881+0000 7fcb4a7fc700 1 --2- 172.21.15.52:0/2632973529 >> [v2:172.21.15.52:6800/3238639972,v1:172.21.15.52:6801/3238639972] conn(0x7fcb44039670 0x7fcb4403bb30 unknown :-1 s=NONE pgs=0 cs=0 l=1 rev1=0 crypto rx=0 tx=0 comp rx=0 tx=0).connect
2024-04-17T05:46:27.891 INFO:teuthology.orchestra.run.smithi052.stdout:/usr/bin/ceph: stderr
2024-04-17T05:46:26.881+0000 7fcb4a7fc700 1 -- 172.21.15.52:0/2632973529 <== mon.0 v2:172.21.15.52:3300/0 5 ==== osd_map(3..3 src has 1..3) ==== 1155+0+0 (secure 0 0 0) 0x7fcb4c024aa0 con 0x7fcb58108660
2024-04-17T05:46:27.891 INFO:teuthology.orchestra.run.smithi052.stdout:/usr/bin/ceph: stderr
2024-04-17T05:46:26.881+0000 7fcb5c841700 1 --2- 172.21.15.52:0/2632973529 >> [v2:172.21.15.52:6800/3238639972,v1:172.21.15.52:6801/3238639972] conn(0x7fcb44039670 0x7fcb4403bb30 unknown :-1 s=BANNER_CONNECTING pgs=0 cs=0 l=1 rev1=0 crypto rx=0 tx=0 comp rx=0 tx=0)._handle_peer_banner_payload supported=3 required=0
2024-04-17T05:46:27.891 INFO:teuthology.orchestra.run.smithi052.stdout:/usr/bin/ceph: stderr
2024-04-17T05:46:26.882+0000 7fcb5c841700 1 --2- 172.21.15.52:0/2632973529 >> [v2:172.21.15.52:6800/3238639972,v1:172.21.15.52:6801/3238639972] conn(0x7fcb44039670 0x7fcb4403bb30 secure :-1 s=READY pgs=8 cs=0 l=1 rev1=1 crypto rx=0x7fcb54006fd0 tx=0x7fcb54006e40 comp rx=0 tx=0).ready entity=mgr.14152 client_cookie=0 server_cookie=0 in_seq=0 out_seq=0
2024-04-17T05:46:27.891 INFO:teuthology.orchestra.run.smithi052.stdout:/usr/bin/ceph: stderr
2024-04-17T05:46:26.886+0000 7fcb4a7fc700 1 -- 172.21.15.52:0/2632973529 <== mon.0 v2:172.21.15.52:3300/0 6 ==== mon_command_ack([{"prefix": "get_command_descriptions"}]=0 v0) ==== 72+0+188381 (secure 0 0 0) 0x7fcb4c011e20 con 0x7fcb58108660
2024-04-17T05:46:27.891 INFO:teuthology.orchestra.run.smithi052.stdout:/usr/bin/ceph: stderr
2024-04-17T05:46:27.110+0000 7fcb5f2a6700 1 -- 172.21.15.52:0/2632973529 --> [v2:172.21.15.52:6800/3238639972,v1:172.21.15.52:6801/3238639972] -- mgr_command(tid 0: {"prefix": "dashboard ac-user-create", "username": "admin", "rolename": "administrator", "force_password": true, "pwd_update_required": true, "target": ["mon-mgr", ""]}) -- 0x7fcb5819fb50 con 0x7fcb44039670
2024-04-17T05:46:27.892 INFO:teuthology.orchestra.run.smithi052.stdout:/usr/bin/ceph: stderr
2024-04-17T05:46:27.357+0000 7fcb4a7fc700 1 -- 172.21.15.52:0/2632973529 <== mgr.14152 v2:172.21.15.52:6800/3238639972 1 ==== mgr_command_reply(tid 0: 0 ) ==== 8+0+252 (secure 0 0 0) 0x7fcb5819fb50 con 0x7fcb44039670
2024-04-17T05:46:27.892 INFO:teuthology.orchestra.run.smithi052.stdout:/usr/bin/ceph: stderr
2024-04-17T05:46:27.360+0000 7fcb5f2a6700 1 -- 172.21.15.52:0/2632973529 >> [v2:172.21.15.52:6800/3238639972,v1:172.21.15.52:6801/3238639972] conn(0x7fcb44039670 msgr2=0x7fcb4403bb30 secure :-1 s=STATE_CONNECTION_ESTABLISHED l=1).mark_down
2024-04-17T05:46:27.892 INFO:teuthology.orchestra.run.smithi052.stdout:/usr/bin/ceph: stderr
2024-04-17T05:46:27.360+0000 7fcb5f2a6700 1 --2- 172.21.15.52:0/2632973529 >> [v2:172.21.15.52:6800/3238639972,v1:172.21.15.52:6801/3238639972] conn(0x7fcb44039670 0x7fcb4403bb30 secure :-1 s=READY pgs=8 cs=0 l=1 rev1=1 crypto rx=0x7fcb54006fd0 tx=0x7fcb54006e40 comp rx=0 tx=0).stop
2024-04-17T05:46:27.892 INFO:teuthology.orchestra.run.smithi052.stdout:/usr/bin/ceph: stderr
2024-04-17T05:46:27.360+0000 7fcb5f2a6700 1 -- 172.21.15.52:0/2632973529 >> [v2:172.21.15.52:3300/0,v1:172.21.15.52:6789/0] conn(0x7fcb58108660 msgr2=0x7fcb5819c4f0 secure :-1 s=STATE_CONNECTION_ESTABLISHED l=1).mark_down
2024-04-17T05:46:27.892 INFO:teuthology.orchestra.run.smithi052.stdout:/usr/bin/ceph: stderr
2024-04-17T05:46:27.360+0000 7fcb5f2a6700 1 --2- 172.21.15.52:0/2632973529 >> [v2:172.21.15.52:3300/0,v1:172.21.15.52:6789/0] conn(0x7fcb58108660 0x7fcb5819c4f0 secure :-1 s=READY pgs=73 cs=0 l=1 rev1=1 crypto rx=0x7fcb4c0116a0 tx=0x7fcb4c011ba0 comp rx=0 tx=0).stop
2024-04-17T05:46:27.892 INFO:teuthology.orchestra.run.smithi052.stdout:/usr/bin/ceph: stderr
2024-04-17T05:46:27.360+0000 7fcb5f2a6700 1 -- 172.21.15.52:0/2632973529 shutdown_connections
2024-04-17T05:46:27.892 INFO:teuthology.orchestra.run.smithi052.stdout:/usr/bin/ceph: stderr
2024-04-17T05:46:27.360+0000 7fcb5f2a6700 1 --2- 172.21.15.52:0/2632973529 >> [v2:172.21.15.52:6800/3238639972,v1:172.21.15.52:6801/3238639972] conn(0x7fcb44039670 0x7fcb4403bb30 unknown :-1 s=CLOSED pgs=8 cs=0 l=1 rev1=1 crypto rx=0 tx=0 comp rx=0 tx=0).stop
2024-04-17T05:46:27.892 INFO:teuthology.orchestra.run.smithi052.stdout:/usr/bin/ceph: stderr
2024-04-17T05:46:27.360+0000 7fcb5f2a6700 1 --2- 172.21.15.52:0/2632973529 >> [v2:172.21.15.52:3300/0,v1:172.21.15.52:6789/0] conn(0x7fcb58108660 0x7fcb5819c4f0 unknown :-1 s=CLOSED pgs=73 cs=0 l=1 rev1=1 crypto rx=0 tx=0 comp rx=0 tx=0).stop
2024-04-17T05:46:27.892 INFO:teuthology.orchestra.run.smithi052.stdout:/usr/bin/ceph: stderr
2024-04-17T05:46:27.360+0000 7fcb5f2a6700 1 -- 172.21.15.52:0/2632973529 >> 172.21.15.52:0/2632973529 conn(0x7fcb58103ca0 msgr2=0x7fcb58104680 unknown :-1 s=STATE_NONE l=0).mark_down
2024-04-17T05:46:27.892 INFO:teuthology.orchestra.run.smithi052.stdout:/usr/bin/ceph: stderr
2024-04-17T05:46:27.360+0000 7fcb5f2a6700 1 -- 172.21.15.52:0/2632973529 shutdown_connections
2024-04-17T05:46:27.892 INFO:teuthology.orchestra.run.smithi052.stdout:/usr/bin/ceph: stderr
2024-04-17T05:46:27.360+0000 7fcb5f2a6700 1 -- 172.21.15.52:0/2632973529 wait complete.
2024-04-17T05:46:27.892 INFO:teuthology.orchestra.run.smithi052.stdout:Fetching dashboard port number...
2024-04-17T05:46:27.997 INFO:journalctl@ceph.mon.a.smithi052.stdout:Apr 17 05:46:27 smithi052 ceph-mon[31989]: from='mgr.14152 172.21.15.52:0/2909894659' entity='mgr.x'
2024-04-17T05:46:27.997 INFO:journalctl@ceph.mon.a.smithi052.stdout:Apr 17 05:46:27 smithi052 ceph-mon[31989]: from='mgr.14152 172.21.15.52:0/2909894659' entity='mgr.x'
2024-04-17T05:46:28.869 INFO:journalctl@ceph.mon.a.smithi052.stdout:Apr 17 05:46:28 smithi052 ceph-mon[31989]: from='client.14166 -' entity='client.admin' cmd=[{"prefix": "dashboard ac-user-create", "username": "admin", "rolename": "administrator", "force_password": true, "pwd_update_required": true, "target": ["mon-mgr", ""]}]: dispatch
2024-04-17T05:46:29.685 INFO:teuthology.orchestra.run.smithi052.stdout:/usr/bin/ceph: stdout 8443
2024-04-17T05:46:29.685 INFO:teuthology.orchestra.run.smithi052.stdout:/usr/bin/ceph: stderr
2024-04-17T05:46:28.710+0000 7fed6135b700 1 Processor -- start
2024-04-17T05:46:29.685 INFO:teuthology.orchestra.run.smithi052.stdout:/usr/bin/ceph: stderr
2024-04-17T05:46:28.710+0000 7fed6135b700 1 -- start start
2024-04-17T05:46:29.685 INFO:teuthology.orchestra.run.smithi052.stdout:/usr/bin/ceph: stderr
2024-04-17T05:46:28.711+0000 7fed6135b700 1 --2- >> [v2:172.21.15.52:3300/0,v1:172.21.15.52:6789/0] conn(0x7fed5c1074f0 0x7fed5c107910 unknown :-1 s=NONE pgs=0 cs=0 l=0 rev1=0 crypto rx=0 tx=0 comp rx=0 tx=0).connect
2024-04-17T05:46:29.685 INFO:teuthology.orchestra.run.smithi052.stdout:/usr/bin/ceph: stderr
2024-04-17T05:46:28.711+0000 7fed6135b700 1 -- --> [v2:172.21.15.52:3300/0,v1:172.21.15.52:6789/0] -- mon_getmap magic: 0 -- 0x7fed5c107ee0 con 0x7fed5c1074f0
2024-04-17T05:46:29.685 INFO:teuthology.orchestra.run.smithi052.stdout:/usr/bin/ceph: stderr
2024-04-17T05:46:28.711+0000 7fed5affd700 1 --2- >> [v2:172.21.15.52:3300/0,v1:172.21.15.52:6789/0] conn(0x7fed5c1074f0 0x7fed5c107910 unknown :-1 s=BANNER_CONNECTING pgs=0 cs=0 l=0 rev1=0 crypto rx=0 tx=0 comp rx=0 tx=0)._handle_peer_banner_payload supported=3 required=0
2024-04-17T05:46:29.686 INFO:teuthology.orchestra.run.smithi052.stdout:/usr/bin/ceph: stderr
2024-04-17T05:46:28.711+0000 7fed5affd700 1 --2- >> [v2:172.21.15.52:3300/0,v1:172.21.15.52:6789/0] conn(0x7fed5c1074f0 0x7fed5c107910 unknown :-1 s=HELLO_CONNECTING pgs=0 cs=0 l=0 rev1=1 crypto rx=0 tx=0 comp rx=0 tx=0).handle_hello peer v2:172.21.15.52:3300/0 says I am v2:172.21.15.52:58908/0 (socket says 172.21.15.52:58908)
2024-04-17T05:46:29.686 INFO:teuthology.orchestra.run.smithi052.stdout:/usr/bin/ceph: stderr
2024-04-17T05:46:28.711+0000 7fed5affd700 1 -- 172.21.15.52:0/3359936397 learned_addr learned my addr 172.21.15.52:0/3359936397 (peer_addr_for_me v2:172.21.15.52:0/0)
2024-04-17T05:46:29.686 INFO:teuthology.orchestra.run.smithi052.stdout:/usr/bin/ceph: stderr
2024-04-17T05:46:28.711+0000 7fed5affd700 1 -- 172.21.15.52:0/3359936397 --> [v2:172.21.15.52:3300/0,v1:172.21.15.52:6789/0] -- mon_subscribe({config=0+,monmap=0+}) -- 0x7fed5c1086f0 con 0x7fed5c1074f0
2024-04-17T05:46:29.686 INFO:teuthology.orchestra.run.smithi052.stdout:/usr/bin/ceph: stderr
2024-04-17T05:46:28.711+0000 7fed5affd700 1 --2- 172.21.15.52:0/3359936397 >> [v2:172.21.15.52:3300/0,v1:172.21.15.52:6789/0] conn(0x7fed5c1074f0 0x7fed5c107910 secure :-1 s=READY pgs=74 cs=0 l=1 rev1=1 crypto rx=0x7fed4c009e80 tx=0x7fed4c00b330 comp rx=0 tx=0).ready entity=mon.0 client_cookie=ab3230d6ab829e4c server_cookie=0 in_seq=0 out_seq=0
2024-04-17T05:46:29.686 INFO:teuthology.orchestra.run.smithi052.stdout:/usr/bin/ceph: stderr
2024-04-17T05:46:28.711+0000 7fed59ffb700 1 -- 172.21.15.52:0/3359936397 <== mon.0 v2:172.21.15.52:3300/0 1 ==== mon_map magic: 0 ==== 205+0+0 (secure 0 0 0) 0x7fed4c017070 con 0x7fed5c1074f0
2024-04-17T05:46:29.686 INFO:teuthology.orchestra.run.smithi052.stdout:/usr/bin/ceph: stderr
2024-04-17T05:46:28.711+0000 7fed59ffb700 1 -- 172.21.15.52:0/3359936397 <== mon.0 v2:172.21.15.52:3300/0 2 ==== config(27 keys) ==== 1140+0+0 (secure 0 0 0) 0x7fed4c00b8c0 con 0x7fed5c1074f0
2024-04-17T05:46:29.686 INFO:teuthology.orchestra.run.smithi052.stdout:/usr/bin/ceph: stderr
2024-04-17T05:46:28.711+0000 7fed59ffb700 1 -- 172.21.15.52:0/3359936397 <== mon.0 v2:172.21.15.52:3300/0 3 ==== mon_map magic: 0 ==== 205+0+0 (secure 0 0 0) 0x7fed4c0045c0 con 0x7fed5c1074f0
2024-04-17T05:46:29.686 INFO:teuthology.orchestra.run.smithi052.stdout:/usr/bin/ceph: stderr
2024-04-17T05:46:28.712+0000 7fed6135b700 1 -- 172.21.15.52:0/3359936397 >> [v2:172.21.15.52:3300/0,v1:172.21.15.52:6789/0] conn(0x7fed5c1074f0 msgr2=0x7fed5c107910 secure :-1 s=STATE_CONNECTION_ESTABLISHED l=1).mark_down
2024-04-17T05:46:29.686 INFO:teuthology.orchestra.run.smithi052.stdout:/usr/bin/ceph: stderr
2024-04-17T05:46:28.712+0000 7fed6135b700 1 --2- 172.21.15.52:0/3359936397 >> [v2:172.21.15.52:3300/0,v1:172.21.15.52:6789/0] conn(0x7fed5c1074f0 0x7fed5c107910 secure :-1 s=READY pgs=74 cs=0 l=1 rev1=1 crypto rx=0x7fed4c009e80 tx=0x7fed4c00b330 comp rx=0 tx=0).stop
2024-04-17T05:46:29.686 INFO:teuthology.orchestra.run.smithi052.stdout:/usr/bin/ceph: stderr
2024-04-17T05:46:28.712+0000 7fed6135b700 1 -- 172.21.15.52:0/3359936397 shutdown_connections
2024-04-17T05:46:29.686 INFO:teuthology.orchestra.run.smithi052.stdout:/usr/bin/ceph: stderr
2024-04-17T05:46:28.712+0000 7fed6135b700 1 --2- 172.21.15.52:0/3359936397 >> [v2:172.21.15.52:3300/0,v1:172.21.15.52:6789/0] conn(0x7fed5c1074f0 0x7fed5c107910 unknown :-1 s=CLOSED pgs=74 cs=0 l=1 rev1=1 crypto rx=0 tx=0 comp rx=0 tx=0).stop
2024-04-17T05:46:29.687 INFO:teuthology.orchestra.run.smithi052.stdout:/usr/bin/ceph: stderr
2024-04-17T05:46:28.712+0000 7fed6135b700 1 -- 172.21.15.52:0/3359936397 >> 172.21.15.52:0/3359936397 conn(0x7fed5c102ab0 msgr2=0x7fed5c104ed0 unknown :-1 s=STATE_NONE l=0).mark_down
2024-04-17T05:46:29.687 INFO:teuthology.orchestra.run.smithi052.stdout:/usr/bin/ceph: stderr
2024-04-17T05:46:28.712+0000 7fed6135b700 1 -- 172.21.15.52:0/3359936397 shutdown_connections
2024-04-17T05:46:29.687 INFO:teuthology.orchestra.run.smithi052.stdout:/usr/bin/ceph: stderr
2024-04-17T05:46:28.712+0000 7fed6135b700 1 -- 172.21.15.52:0/3359936397 wait complete.
2024-04-17T05:46:29.687 INFO:teuthology.orchestra.run.smithi052.stdout:/usr/bin/ceph: stderr
2024-04-17T05:46:28.713+0000 7fed6135b700 1 Processor -- start
2024-04-17T05:46:29.687 INFO:teuthology.orchestra.run.smithi052.stdout:/usr/bin/ceph: stderr
2024-04-17T05:46:28.713+0000 7fed6135b700 1 -- start start
2024-04-17T05:46:29.687 INFO:teuthology.orchestra.run.smithi052.stdout:/usr/bin/ceph: stderr
2024-04-17T05:46:28.713+0000 7fed6135b700 1 --2- >> [v2:172.21.15.52:3300/0,v1:172.21.15.52:6789/0] conn(0x7fed5c1074f0 0x7fed5c19c530 unknown :-1 s=NONE pgs=0 cs=0 l=1 rev1=0 crypto rx=0 tx=0 comp rx=0 tx=0).connect
2024-04-17T05:46:29.687 INFO:teuthology.orchestra.run.smithi052.stdout:/usr/bin/ceph: stderr
2024-04-17T05:46:28.713+0000 7fed6135b700 1 -- --> [v2:172.21.15.52:3300/0,v1:172.21.15.52:6789/0] -- mon_getmap magic: 0 -- 0x7fed5c10baa0 con 0x7fed5c1074f0
2024-04-17T05:46:29.687 INFO:teuthology.orchestra.run.smithi052.stdout:/usr/bin/ceph: stderr
2024-04-17T05:46:28.713+0000 7fed5affd700 1 --2- >> [v2:172.21.15.52:3300/0,v1:172.21.15.52:6789/0] conn(0x7fed5c1074f0 0x7fed5c19c530 unknown :-1 s=BANNER_CONNECTING pgs=0 cs=0 l=1 rev1=0 crypto rx=0 tx=0 comp rx=0 tx=0)._handle_peer_banner_payload supported=3 required=0
2024-04-17T05:46:29.687 INFO:teuthology.orchestra.run.smithi052.stdout:/usr/bin/ceph: stderr
2024-04-17T05:46:28.713+0000 7fed5affd700 1 --2- >> [v2:172.21.15.52:3300/0,v1:172.21.15.52:6789/0] conn(0x7fed5c1074f0 0x7fed5c19c530 unknown :-1 s=HELLO_CONNECTING pgs=0 cs=0 l=1 rev1=1 crypto rx=0 tx=0 comp rx=0 tx=0).handle_hello peer v2:172.21.15.52:3300/0 says I am v2:172.21.15.52:58918/0 (socket says 172.21.15.52:58918)
2024-04-17T05:46:29.687 INFO:teuthology.orchestra.run.smithi052.stdout:/usr/bin/ceph: stderr
2024-04-17T05:46:28.713+0000 7fed5affd700 1 -- 172.21.15.52:0/1166487585 learned_addr learned my addr 172.21.15.52:0/1166487585 (peer_addr_for_me v2:172.21.15.52:0/0)
2024-04-17T05:46:29.687 INFO:teuthology.orchestra.run.smithi052.stdout:/usr/bin/ceph: stderr
2024-04-17T05:46:28.713+0000 7fed5affd700 1 -- 172.21.15.52:0/1166487585 --> [v2:172.21.15.52:3300/0,v1:172.21.15.52:6789/0] -- mon_subscribe({config=0+,monmap=0+}) -- 0x7fed5c19ca70 con 0x7fed5c1074f0
2024-04-17T05:46:29.688 INFO:teuthology.orchestra.run.smithi052.stdout:/usr/bin/ceph: stderr
2024-04-17T05:46:28.713+0000 7fed5affd700 1 --2- 172.21.15.52:0/1166487585 >> [v2:172.21.15.52:3300/0,v1:172.21.15.52:6789/0] conn(0x7fed5c1074f0 0x7fed5c19c530 secure :-1 s=READY pgs=75 cs=0 l=1 rev1=1 crypto rx=0x7fed4c00bca0 tx=0x7fed4c00bd80 comp rx=0 tx=0).ready entity=mon.0 client_cookie=0 server_cookie=0 in_seq=0 out_seq=0
2024-04-17T05:46:29.688 INFO:teuthology.orchestra.run.smithi052.stdout:/usr/bin/ceph: stderr
2024-04-17T05:46:28.714+0000 7fed53fff700 1 -- 172.21.15.52:0/1166487585 <== mon.0 v2:172.21.15.52:3300/0 1 ==== mon_map magic: 0 ==== 205+0+0 (secure 0 0 0) 0x7fed4c020020 con 0x7fed5c1074f0
2024-04-17T05:46:29.688 INFO:teuthology.orchestra.run.smithi052.stdout:/usr/bin/ceph: stderr
2024-04-17T05:46:28.714+0000 7fed53fff700 1 -- 172.21.15.52:0/1166487585 <== mon.0 v2:172.21.15.52:3300/0 2 ==== config(27 keys) ==== 1140+0+0 (secure 0 0 0) 0x7fed4c003d90 con 0x7fed5c1074f0
2024-04-17T05:46:29.688 INFO:teuthology.orchestra.run.smithi052.stdout:/usr/bin/ceph: stderr
2024-04-17T05:46:28.714+0000 7fed6135b700 1 -- 172.21.15.52:0/1166487585 --> [v2:172.21.15.52:3300/0,v1:172.21.15.52:6789/0] -- mon_subscribe({mgrmap=0+}) -- 0x7fed5c19cd00 con 0x7fed5c1074f0
2024-04-17T05:46:29.688 INFO:teuthology.orchestra.run.smithi052.stdout:/usr/bin/ceph: stderr
2024-04-17T05:46:28.714+0000 7fed53fff700 1 -- 172.21.15.52:0/1166487585 <== mon.0 v2:172.21.15.52:3300/0 3 ==== mon_map magic: 0 ==== 205+0+0 (secure 0 0 0) 0x7fed4c017040 con 0x7fed5c1074f0
2024-04-17T05:46:29.688 INFO:teuthology.orchestra.run.smithi052.stdout:/usr/bin/ceph: stderr
2024-04-17T05:46:28.714+0000 7fed6135b700 1 -- 172.21.15.52:0/1166487585 --> [v2:172.21.15.52:3300/0,v1:172.21.15.52:6789/0] -- mon_subscribe({osdmap=0}) -- 0x7fed5c19f9f0 con 0x7fed5c1074f0
2024-04-17T05:46:29.688 INFO:teuthology.orchestra.run.smithi052.stdout:/usr/bin/ceph: stderr
2024-04-17T05:46:28.715+0000 7fed53fff700 1 -- 172.21.15.52:0/1166487585 <== mon.0 v2:172.21.15.52:3300/0 4 ==== mgrmap(e 12) ==== 46571+0+0 (secure 0 0 0) 0x7fed4c023020 con 0x7fed5c1074f0
2024-04-17T05:46:29.688 INFO:teuthology.orchestra.run.smithi052.stdout:/usr/bin/ceph: stderr
2024-04-17T05:46:28.715+0000 7fed6135b700 1 -- 172.21.15.52:0/1166487585 --> [v2:172.21.15.52:3300/0,v1:172.21.15.52:6789/0] -- mon_command({"prefix": "get_command_descriptions"} v 0) -- 0x7fed5c0640b0 con 0x7fed5c1074f0
2024-04-17T05:46:29.688 INFO:teuthology.orchestra.run.smithi052.stdout:/usr/bin/ceph: stderr
2024-04-17T05:46:28.715+0000 7fed53fff700 1 --2- 172.21.15.52:0/1166487585 >> [v2:172.21.15.52:6800/3238639972,v1:172.21.15.52:6801/3238639972] conn(0x7fed48039670 0x7fed4803bb30 unknown :-1 s=NONE pgs=0 cs=0 l=1 rev1=0 crypto rx=0 tx=0 comp rx=0 tx=0).connect
2024-04-17T05:46:29.688 INFO:teuthology.orchestra.run.smithi052.stdout:/usr/bin/ceph: stderr
2024-04-17T05:46:28.715+0000 7fed53fff700 1 -- 172.21.15.52:0/1166487585 <== mon.0 v2:172.21.15.52:3300/0 5 ==== osd_map(3..3 src has 1..3) ==== 1155+0+0 (secure 0 0 0) 0x7fed4c00f050 con 0x7fed5c1074f0
2024-04-17T05:46:29.688 INFO:teuthology.orchestra.run.smithi052.stdout:/usr/bin/ceph: stderr
2024-04-17T05:46:28.715+0000 7fed5a7fc700 1 --2- 172.21.15.52:0/1166487585 >> [v2:172.21.15.52:6800/3238639972,v1:172.21.15.52:6801/3238639972] conn(0x7fed48039670 0x7fed4803bb30 unknown :-1 s=BANNER_CONNECTING pgs=0 cs=0 l=1 rev1=0 crypto rx=0 tx=0 comp rx=0 tx=0)._handle_peer_banner_payload supported=3 required=0
2024-04-17T05:46:29.689 INFO:teuthology.orchestra.run.smithi052.stdout:/usr/bin/ceph: stderr
2024-04-17T05:46:28.715+0000 7fed5a7fc700 1 --2- 172.21.15.52:0/1166487585 >> [v2:172.21.15.52:6800/3238639972,v1:172.21.15.52:6801/3238639972] conn(0x7fed48039670 0x7fed4803bb30 secure :-1 s=READY pgs=9 cs=0 l=1 rev1=1 crypto rx=0x7fed44006fd0 tx=0x7fed44006e40 comp rx=0 tx=0).ready entity=mgr.14152 client_cookie=0 server_cookie=0 in_seq=0 out_seq=0
2024-04-17T05:46:29.689 INFO:teuthology.orchestra.run.smithi052.stdout:/usr/bin/ceph: stderr
2024-04-17T05:46:28.720+0000 7fed53fff700 1 -- 172.21.15.52:0/1166487585 <== mon.0 v2:172.21.15.52:3300/0 6 ==== mon_command_ack([{"prefix": "get_command_descriptions"}]=0 v0) ==== 72+0+188381 (secure 0 0 0) 0x7fed4c02a020 con 0x7fed5c1074f0
2024-04-17T05:46:29.689 INFO:teuthology.orchestra.run.smithi052.stdout:/usr/bin/ceph: stderr
2024-04-17T05:46:28.928+0000 7fed6135b700 1 -- 172.21.15.52:0/1166487585 --> [v2:172.21.15.52:3300/0,v1:172.21.15.52:6789/0] -- mon_command({"prefix": "config get", "who": "mgr", "key": "mgr/dashboard/ssl_server_port"} v 0) -- 0x7fed5c02e1e0 con 0x7fed5c1074f0
2024-04-17T05:46:29.689 INFO:teuthology.orchestra.run.smithi052.stdout:/usr/bin/ceph: stderr
2024-04-17T05:46:28.929+0000 7fed53fff700 1 -- 172.21.15.52:0/1166487585 <== mon.0 v2:172.21.15.52:3300/0 7 ==== mon_command_ack([{"prefix": "config get", "who": "mgr", "key": "mgr/dashboard/ssl_server_port"}]=0 v8) ==== 112+0+5 (secure 0 0 0) 0x7fed4c01b770 con 0x7fed5c1074f0
2024-04-17T05:46:29.689 INFO:teuthology.orchestra.run.smithi052.stdout:/usr/bin/ceph: stderr
2024-04-17T05:46:28.931+0000 7fed6135b700 1 -- 172.21.15.52:0/1166487585 >> [v2:172.21.15.52:6800/3238639972,v1:172.21.15.52:6801/3238639972] conn(0x7fed48039670 msgr2=0x7fed4803bb30 secure :-1 s=STATE_CONNECTION_ESTABLISHED l=1).mark_down
2024-04-17T05:46:29.689 INFO:teuthology.orchestra.run.smithi052.stdout:/usr/bin/ceph: stderr
2024-04-17T05:46:28.931+0000 7fed6135b700 1 --2- 172.21.15.52:0/1166487585 >> [v2:172.21.15.52:6800/3238639972,v1:172.21.15.52:6801/3238639972] conn(0x7fed48039670 0x7fed4803bb30 secure :-1 s=READY pgs=9 cs=0 l=1 rev1=1 crypto rx=0x7fed44006fd0 tx=0x7fed44006e40 comp rx=0 tx=0).stop
2024-04-17T05:46:29.689 INFO:teuthology.orchestra.run.smithi052.stdout:/usr/bin/ceph: stderr
2024-04-17T05:46:28.931+0000 7fed6135b700 1 -- 172.21.15.52:0/1166487585 >> [v2:172.21.15.52:3300/0,v1:172.21.15.52:6789/0] conn(0x7fed5c1074f0 msgr2=0x7fed5c19c530 secure :-1 s=STATE_CONNECTION_ESTABLISHED l=1).mark_down
2024-04-17T05:46:29.689 INFO:teuthology.orchestra.run.smithi052.stdout:/usr/bin/ceph: stderr
2024-04-17T05:46:28.931+0000 7fed6135b700 1 --2- 172.21.15.52:0/1166487585 >> [v2:172.21.15.52:3300/0,v1:172.21.15.52:6789/0] conn(0x7fed5c1074f0 0x7fed5c19c530 secure :-1 s=READY pgs=75 cs=0 l=1 rev1=1 crypto rx=0x7fed4c00bca0 tx=0x7fed4c00bd80 comp rx=0 tx=0).stop
2024-04-17T05:46:29.689 INFO:teuthology.orchestra.run.smithi052.stdout:/usr/bin/ceph: stderr
2024-04-17T05:46:28.931+0000 7fed6135b700 1 -- 172.21.15.52:0/1166487585 shutdown_connections
2024-04-17T05:46:29.689 INFO:teuthology.orchestra.run.smithi052.stdout:/usr/bin/ceph: stderr
2024-04-17T05:46:28.931+0000 7fed6135b700 1 --2- 172.21.15.52:0/1166487585 >> [v2:172.21.15.52:6800/3238639972,v1:172.21.15.52:6801/3238639972] conn(0x7fed48039670 0x7fed4803bb30 unknown :-1 s=CLOSED pgs=9 cs=0 l=1 rev1=1 crypto rx=0 tx=0 comp rx=0 tx=0).stop
2024-04-17T05:46:29.689 INFO:teuthology.orchestra.run.smithi052.stdout:/usr/bin/ceph: stderr
2024-04-17T05:46:28.931+0000 7fed6135b700 1 --2- 172.21.15.52:0/1166487585 >> [v2:172.21.15.52:3300/0,v1:172.21.15.52:6789/0] conn(0x7fed5c1074f0 0x7fed5c19c530 unknown :-1 s=CLOSED pgs=75 cs=0 l=1 rev1=1 crypto rx=0 tx=0 comp rx=0 tx=0).stop
2024-04-17T05:46:29.689 INFO:teuthology.orchestra.run.smithi052.stdout:/usr/bin/ceph: stderr
2024-04-17T05:46:28.931+0000 7fed6135b700 1 -- 172.21.15.52:0/1166487585 >> 172.21.15.52:0/1166487585 conn(0x7fed5c102ab0 msgr2=0x7fed5c1038a0 unknown :-1 s=STATE_NONE l=0).mark_down
2024-04-17T05:46:29.690 INFO:teuthology.orchestra.run.smithi052.stdout:/usr/bin/ceph: stderr
2024-04-17T05:46:28.931+0000 7fed6135b700 1 -- 172.21.15.52:0/1166487585 shutdown_connections
2024-04-17T05:46:29.690 INFO:teuthology.orchestra.run.smithi052.stdout:/usr/bin/ceph: stderr
2024-04-17T05:46:28.931+0000 7fed6135b700 1 -- 172.21.15.52:0/1166487585 wait complete.
2024-04-17T05:46:29.691 INFO:teuthology.orchestra.run.smithi052.stdout:Non-zero exit code 1 from systemctl is-enabled firewalld.service
2024-04-17T05:46:29.691 INFO:teuthology.orchestra.run.smithi052.stdout:systemctl: stdout disabled
2024-04-17T05:46:29.699 INFO:teuthology.orchestra.run.smithi052.stdout:Non-zero exit code 3 from systemctl is-active firewalld.service
2024-04-17T05:46:29.699 INFO:teuthology.orchestra.run.smithi052.stdout:systemctl: stdout inactive
2024-04-17T05:46:29.699 INFO:teuthology.orchestra.run.smithi052.stdout:firewalld.service is not enabled
2024-04-17T05:46:29.699 INFO:teuthology.orchestra.run.smithi052.stdout:Not possible to open ports <[8443]>. firewalld.service is not available
2024-04-17T05:46:29.701 INFO:teuthology.orchestra.run.smithi052.stdout:Ceph Dashboard is now available at:
2024-04-17T05:46:29.701 INFO:teuthology.orchestra.run.smithi052.stdout:
2024-04-17T05:46:29.701 INFO:teuthology.orchestra.run.smithi052.stdout: URL: https://smithi052.front.sepia.ceph.com:8443/
2024-04-17T05:46:29.701 INFO:teuthology.orchestra.run.smithi052.stdout: User: admin
2024-04-17T05:46:29.701 INFO:teuthology.orchestra.run.smithi052.stdout: Password: f498widxjk
2024-04-17T05:46:29.701 INFO:teuthology.orchestra.run.smithi052.stdout:
2024-04-17T05:46:29.702 INFO:teuthology.orchestra.run.smithi052.stdout:Saving cluster configuration to /var/lib/ceph/8cd43734-fc7d-11ee-bc91-c7b262605968/config directory
2024-04-17T05:46:29.702 INFO:teuthology.orchestra.run.smithi052.stdout:Enabling autotune for osd_memory_target
2024-04-17T05:46:30.004 INFO:journalctl@ceph.mon.a.smithi052.stdout:Apr 17 05:46:29 smithi052 ceph-mon[31989]: from='client.? 172.21.15.52:0/1166487585' entity='client.admin' cmd=[{"prefix": "config get", "who": "mgr", "key": "mgr/dashboard/ssl_server_port"}]: dispatch
2024-04-17T05:46:30.899 INFO:journalctl@ceph.mon.a.smithi052.stdout:Apr 17 05:46:30 smithi052 ceph-mon[31989]: mgrmap e13: x(active, since 6s)
2024-04-17T05:46:30.907 INFO:teuthology.orchestra.run.smithi052.stdout:/usr/bin/ceph: stderr
2024-04-17T05:46:30.113+0000 7fa171695700 1 Processor -- start
2024-04-17T05:46:30.907 INFO:teuthology.orchestra.run.smithi052.stdout:/usr/bin/ceph: stderr
2024-04-17T05:46:30.113+0000 7fa171695700 1 -- start start
2024-04-17T05:46:30.907 INFO:teuthology.orchestra.run.smithi052.stdout:/usr/bin/ceph: stderr
2024-04-17T05:46:30.113+0000 7fa171695700 1 --2- >> [v2:172.21.15.52:3300/0,v1:172.21.15.52:6789/0] conn(0x7fa16c07de30 0x7fa16c07c2e0 unknown :-1 s=NONE pgs=0 cs=0 l=0 rev1=0 crypto rx=0 tx=0 comp rx=0 tx=0).connect
2024-04-17T05:46:30.907 INFO:teuthology.orchestra.run.smithi052.stdout:/usr/bin/ceph: stderr
2024-04-17T05:46:30.113+0000 7fa171695700 1 -- --> [v2:172.21.15.52:3300/0,v1:172.21.15.52:6789/0] -- mon_getmap magic: 0 -- 0x7fa16c07c820 con 0x7fa16c07de30
2024-04-17T05:46:30.907 INFO:teuthology.orchestra.run.smithi052.stdout:/usr/bin/ceph: stderr
2024-04-17T05:46:30.114+0000 7fa16affd700 1 --2- >> [v2:172.21.15.52:3300/0,v1:172.21.15.52:6789/0] conn(0x7fa16c07de30 0x7fa16c07c2e0 unknown :-1 s=BANNER_CONNECTING pgs=0 cs=0 l=0 rev1=0 crypto rx=0 tx=0 comp rx=0 tx=0)._handle_peer_banner_payload supported=3 required=0
2024-04-17T05:46:30.907 INFO:teuthology.orchestra.run.smithi052.stdout:/usr/bin/ceph: stderr
2024-04-17T05:46:30.114+0000 7fa16affd700 1 --2- >> [v2:172.21.15.52:3300/0,v1:172.21.15.52:6789/0] conn(0x7fa16c07de30 0x7fa16c07c2e0 unknown :-1 s=HELLO_CONNECTING pgs=0 cs=0 l=0 rev1=1 crypto rx=0 tx=0 comp rx=0 tx=0).handle_hello peer v2:172.21.15.52:3300/0 says I am v2:172.21.15.52:58928/0 (socket says 172.21.15.52:58928)
2024-04-17T05:46:30.907 INFO:teuthology.orchestra.run.smithi052.stdout:/usr/bin/ceph: stderr
2024-04-17T05:46:30.114+0000 7fa16affd700 1 -- 172.21.15.52:0/2711660037 learned_addr learned my addr 172.21.15.52:0/2711660037 (peer_addr_for_me v2:172.21.15.52:0/0)
2024-04-17T05:46:30.907 INFO:teuthology.orchestra.run.smithi052.stdout:/usr/bin/ceph: stderr
2024-04-17T05:46:30.114+0000 7fa16affd700 1 -- 172.21.15.52:0/2711660037 --> [v2:172.21.15.52:3300/0,v1:172.21.15.52:6789/0] -- mon_subscribe({config=0+,monmap=0+}) -- 0x7fa16c07c9a0 con 0x7fa16c07de30
2024-04-17T05:46:30.907 INFO:teuthology.orchestra.run.smithi052.stdout:/usr/bin/ceph: stderr
2024-04-17T05:46:30.114+0000 7fa16affd700 1 --2- 172.21.15.52:0/2711660037 >> [v2:172.21.15.52:3300/0,v1:172.21.15.52:6789/0] conn(0x7fa16c07de30 0x7fa16c07c2e0 secure :-1 s=READY pgs=76 cs=0 l=1 rev1=1 crypto rx=0x7fa15c009e80 tx=0x7fa15c00b330 comp rx=0 tx=0).ready entity=mon.0 client_cookie=b15112133db1f736 server_cookie=0 in_seq=0 out_seq=0
2024-04-17T05:46:30.908 INFO:teuthology.orchestra.run.smithi052.stdout:/usr/bin/ceph: stderr
2024-04-17T05:46:30.114+0000 7fa169ffb700 1 -- 172.21.15.52:0/2711660037 <== mon.0 v2:172.21.15.52:3300/0 1 ==== mon_map magic: 0 ==== 205+0+0 (secure 0 0 0) 0x7fa15c017070 con 0x7fa16c07de30
2024-04-17T05:46:30.908 INFO:teuthology.orchestra.run.smithi052.stdout:/usr/bin/ceph: stderr
2024-04-17T05:46:30.114+0000 7fa169ffb700 1 -- 172.21.15.52:0/2711660037 <== mon.0 v2:172.21.15.52:3300/0 2 ==== config(27 keys) ==== 1140+0+0 (secure 0 0 0) 0x7fa15c00b8c0 con 0x7fa16c07de30
2024-04-17T05:46:30.908 INFO:teuthology.orchestra.run.smithi052.stdout:/usr/bin/ceph: stderr
2024-04-17T05:46:30.114+0000 7fa169ffb700 1 -- 172.21.15.52:0/2711660037 <== mon.0 v2:172.21.15.52:3300/0 3 ==== mon_map magic: 0 ==== 205+0+0 (secure 0 0 0) 0x7fa15c0045c0 con 0x7fa16c07de30
2024-04-17T05:46:30.908 INFO:teuthology.orchestra.run.smithi052.stdout:/usr/bin/ceph: stderr
2024-04-17T05:46:30.115+0000 7fa171695700 1 -- 172.21.15.52:0/2711660037 >> [v2:172.21.15.52:3300/0,v1:172.21.15.52:6789/0] conn(0x7fa16c07de30 msgr2=0x7fa16c07c2e0 secure :-1 s=STATE_CONNECTION_ESTABLISHED l=1).mark_down
2024-04-17T05:46:30.908 INFO:teuthology.orchestra.run.smithi052.stdout:/usr/bin/ceph: stderr
2024-04-17T05:46:30.115+0000 7fa171695700 1 --2- 172.21.15.52:0/2711660037 >> [v2:172.21.15.52:3300/0,v1:172.21.15.52:6789/0] conn(0x7fa16c07de30 0x7fa16c07c2e0 secure :-1 s=READY pgs=76 cs=0 l=1 rev1=1 crypto rx=0x7fa15c009e80 tx=0x7fa15c00b330 comp rx=0 tx=0).stop
2024-04-17T05:46:30.908 INFO:teuthology.orchestra.run.smithi052.stdout:/usr/bin/ceph: stderr
2024-04-17T05:46:30.115+0000 7fa171695700 1 -- 172.21.15.52:0/2711660037 shutdown_connections
