2024-04-17T05:46:30.908 INFO:teuthology.orchestra.run.smithi052.stdout:/usr/bin/ceph: stderr
2024-04-17T05:46:30.115+0000 7fa171695700 1 --2- 172.21.15.52:0/2711660037 >> [v2:172.21.15.52:3300/0,v1:172.21.15.52:6789/0] conn(0x7fa16c07de30 0x7fa16c07c2e0 unknown :-1 s=CLOSED pgs=76 cs=0 l=1 rev1=1 crypto rx=0 tx=0 comp rx=0 tx=0).stop
2024-04-17T05:46:30.908 INFO:teuthology.orchestra.run.smithi052.stdout:/usr/bin/ceph: stderr
2024-04-17T05:46:30.115+0000 7fa171695700 1 -- 172.21.15.52:0/2711660037 >> 172.21.15.52:0/2711660037 conn(0x7fa16c103c10 msgr2=0x7fa16c106030 unknown :-1 s=STATE_NONE l=0).mark_down
2024-04-17T05:46:30.908 INFO:teuthology.orchestra.run.smithi052.stdout:/usr/bin/ceph: stderr
2024-04-17T05:46:30.115+0000 7fa171695700 1 -- 172.21.15.52:0/2711660037 shutdown_connections
2024-04-17T05:46:30.908 INFO:teuthology.orchestra.run.smithi052.stdout:/usr/bin/ceph: stderr
2024-04-17T05:46:30.115+0000 7fa171695700 1 -- 172.21.15.52:0/2711660037 wait complete.
2024-04-17T05:46:30.908 INFO:teuthology.orchestra.run.smithi052.stdout:/usr/bin/ceph: stderr
2024-04-17T05:46:30.115+0000 7fa171695700 1 Processor -- start
2024-04-17T05:46:30.908 INFO:teuthology.orchestra.run.smithi052.stdout:/usr/bin/ceph: stderr
2024-04-17T05:46:30.116+0000 7fa171695700 1 -- start start
2024-04-17T05:46:30.908 INFO:teuthology.orchestra.run.smithi052.stdout:/usr/bin/ceph: stderr
2024-04-17T05:46:30.116+0000 7fa171695700 1 --2- >> [v2:172.21.15.52:3300/0,v1:172.21.15.52:6789/0] conn(0x7fa16c07de30 0x7fa16c19e6e0 unknown :-1 s=NONE pgs=0 cs=0 l=1 rev1=0 crypto rx=0 tx=0 comp rx=0 tx=0).connect
2024-04-17T05:46:30.909 INFO:teuthology.orchestra.run.smithi052.stdout:/usr/bin/ceph: stderr
2024-04-17T05:46:30.116+0000 7fa171695700 1 -- --> [v2:172.21.15.52:3300/0,v1:172.21.15.52:6789/0] -- mon_getmap magic: 0 -- 0x7fa16c10ec10 con 0x7fa16c07de30
2024-04-17T05:46:30.909 INFO:teuthology.orchestra.run.smithi052.stdout:/usr/bin/ceph: stderr
2024-04-17T05:46:30.116+0000 7fa16affd700 1 --2- >> [v2:172.21.15.52:3300/0,v1:172.21.15.52:6789/0] conn(0x7fa16c07de30 0x7fa16c19e6e0 unknown :-1 s=BANNER_CONNECTING pgs=0 cs=0 l=1 rev1=0 crypto rx=0 tx=0 comp rx=0 tx=0)._handle_peer_banner_payload supported=3 required=0
2024-04-17T05:46:30.909 INFO:teuthology.orchestra.run.smithi052.stdout:/usr/bin/ceph: stderr
2024-04-17T05:46:30.116+0000 7fa16affd700 1 --2- >> [v2:172.21.15.52:3300/0,v1:172.21.15.52:6789/0] conn(0x7fa16c07de30 0x7fa16c19e6e0 unknown :-1 s=HELLO_CONNECTING pgs=0 cs=0 l=1 rev1=1 crypto rx=0 tx=0 comp rx=0 tx=0).handle_hello peer v2:172.21.15.52:3300/0 says I am v2:172.21.15.52:58936/0 (socket says 172.21.15.52:58936)
2024-04-17T05:46:30.909 INFO:teuthology.orchestra.run.smithi052.stdout:/usr/bin/ceph: stderr
2024-04-17T05:46:30.116+0000 7fa16affd700 1 -- 172.21.15.52:0/3498513244 learned_addr learned my addr 172.21.15.52:0/3498513244 (peer_addr_for_me v2:172.21.15.52:0/0)
2024-04-17T05:46:30.909 INFO:teuthology.orchestra.run.smithi052.stdout:/usr/bin/ceph: stderr
2024-04-17T05:46:30.116+0000 7fa16affd700 1 -- 172.21.15.52:0/3498513244 --> [v2:172.21.15.52:3300/0,v1:172.21.15.52:6789/0] -- mon_subscribe({config=0+,monmap=0+}) -- 0x7fa16c19ec20 con 0x7fa16c07de30
2024-04-17T05:46:30.909 INFO:teuthology.orchestra.run.smithi052.stdout:/usr/bin/ceph: stderr
2024-04-17T05:46:30.116+0000 7fa16affd700 1 --2- 172.21.15.52:0/3498513244 >> [v2:172.21.15.52:3300/0,v1:172.21.15.52:6789/0] conn(0x7fa16c07de30 0x7fa16c19e6e0 secure :-1 s=READY pgs=77 cs=0 l=1 rev1=1 crypto rx=0x7fa15c004350 tx=0x7fa15c00bd50 comp rx=0 tx=0).ready entity=mon.0 client_cookie=0 server_cookie=0 in_seq=0 out_seq=0
2024-04-17T05:46:30.909 INFO:teuthology.orchestra.run.smithi052.stdout:/usr/bin/ceph: stderr
2024-04-17T05:46:30.116+0000 7fa163fff700 1 -- 172.21.15.52:0/3498513244 <== mon.0 v2:172.21.15.52:3300/0 1 ==== mon_map magic: 0 ==== 205+0+0 (secure 0 0 0) 0x7fa15c020020 con 0x7fa16c07de30
2024-04-17T05:46:30.909 INFO:teuthology.orchestra.run.smithi052.stdout:/usr/bin/ceph: stderr
2024-04-17T05:46:30.116+0000 7fa163fff700 1 -- 172.21.15.52:0/3498513244 <== mon.0 v2:172.21.15.52:3300/0 2 ==== config(27 keys) ==== 1140+0+0 (secure 0 0 0) 0x7fa15c003d90 con 0x7fa16c07de30
2024-04-17T05:46:30.909 INFO:teuthology.orchestra.run.smithi052.stdout:/usr/bin/ceph: stderr
2024-04-17T05:46:30.117+0000 7fa171695700 1 -- 172.21.15.52:0/3498513244 --> [v2:172.21.15.52:3300/0,v1:172.21.15.52:6789/0] -- mon_subscribe({mgrmap=0+}) -- 0x7fa16c19eeb0 con 0x7fa16c07de30
2024-04-17T05:46:30.909 INFO:teuthology.orchestra.run.smithi052.stdout:/usr/bin/ceph: stderr
2024-04-17T05:46:30.117+0000 7fa163fff700 1 -- 172.21.15.52:0/3498513244 <== mon.0 v2:172.21.15.52:3300/0 3 ==== mon_map magic: 0 ==== 205+0+0 (secure 0 0 0) 0x7fa15c017040 con 0x7fa16c07de30
2024-04-17T05:46:30.909 INFO:teuthology.orchestra.run.smithi052.stdout:/usr/bin/ceph: stderr
2024-04-17T05:46:30.117+0000 7fa171695700 1 -- 172.21.15.52:0/3498513244 --> [v2:172.21.15.52:3300/0,v1:172.21.15.52:6789/0] -- mon_subscribe({osdmap=0}) -- 0x7fa16c1a1ba0 con 0x7fa16c07de30
2024-04-17T05:46:30.909 INFO:teuthology.orchestra.run.smithi052.stdout:/usr/bin/ceph: stderr
2024-04-17T05:46:30.118+0000 7fa163fff700 1 -- 172.21.15.52:0/3498513244 <== mon.0 v2:172.21.15.52:3300/0 4 ==== mgrmap(e 13) ==== 46614+0+0 (secure 0 0 0) 0x7fa15c023020 con 0x7fa16c07de30
2024-04-17T05:46:30.909 INFO:teuthology.orchestra.run.smithi052.stdout:/usr/bin/ceph: stderr
2024-04-17T05:46:30.118+0000 7fa171695700 1 -- 172.21.15.52:0/3498513244 --> [v2:172.21.15.52:3300/0,v1:172.21.15.52:6789/0] -- mon_command({"prefix": "get_command_descriptions"} v 0) -- 0x7fa16c0640b0 con 0x7fa16c07de30
2024-04-17T05:46:30.910 INFO:teuthology.orchestra.run.smithi052.stdout:/usr/bin/ceph: stderr
2024-04-17T05:46:30.118+0000 7fa163fff700 1 --2- 172.21.15.52:0/3498513244 >> [v2:172.21.15.52:6800/3238639972,v1:172.21.15.52:6801/3238639972] conn(0x7fa158039710 0x7fa15803bbd0 unknown :-1 s=NONE pgs=0 cs=0 l=1 rev1=0 crypto rx=0 tx=0 comp rx=0 tx=0).connect
2024-04-17T05:46:30.910 INFO:teuthology.orchestra.run.smithi052.stdout:/usr/bin/ceph: stderr
2024-04-17T05:46:30.118+0000 7fa163fff700 1 -- 172.21.15.52:0/3498513244 <== mon.0 v2:172.21.15.52:3300/0 5 ==== osd_map(3..3 src has 1..3) ==== 1155+0+0 (secure 0 0 0) 0x7fa15c00f050 con 0x7fa16c07de30
2024-04-17T05:46:30.910 INFO:teuthology.orchestra.run.smithi052.stdout:/usr/bin/ceph: stderr
2024-04-17T05:46:30.118+0000 7fa16a7fc700 1 --2- 172.21.15.52:0/3498513244 >> [v2:172.21.15.52:6800/3238639972,v1:172.21.15.52:6801/3238639972] conn(0x7fa158039710 0x7fa15803bbd0 unknown :-1 s=BANNER_CONNECTING pgs=0 cs=0 l=1 rev1=0 crypto rx=0 tx=0 comp rx=0 tx=0)._handle_peer_banner_payload supported=3 required=0
2024-04-17T05:46:30.910 INFO:teuthology.orchestra.run.smithi052.stdout:/usr/bin/ceph: stderr
2024-04-17T05:46:30.118+0000 7fa16a7fc700 1 --2- 172.21.15.52:0/3498513244 >> [v2:172.21.15.52:6800/3238639972,v1:172.21.15.52:6801/3238639972] conn(0x7fa158039710 0x7fa15803bbd0 secure :-1 s=READY pgs=10 cs=0 l=1 rev1=1 crypto rx=0x7fa154006fd0 tx=0x7fa154006e40 comp rx=0 tx=0).ready entity=mgr.14152 client_cookie=0 server_cookie=0 in_seq=0 out_seq=0
2024-04-17T05:46:30.910 INFO:teuthology.orchestra.run.smithi052.stdout:/usr/bin/ceph: stderr
2024-04-17T05:46:30.123+0000 7fa163fff700 1 -- 172.21.15.52:0/3498513244 <== mon.0 v2:172.21.15.52:3300/0 6 ==== mon_command_ack([{"prefix": "get_command_descriptions"}]=0 v0) ==== 72+0+188381 (secure 0 0 0) 0x7fa15c02a020 con 0x7fa16c07de30
2024-04-17T05:46:30.910 INFO:teuthology.orchestra.run.smithi052.stdout:/usr/bin/ceph: stderr
2024-04-17T05:46:30.330+0000 7fa171695700 1 -- 172.21.15.52:0/3498513244 --> [v2:172.21.15.52:3300/0,v1:172.21.15.52:6789/0] -- mon_command([{prefix=config set, name=osd_memory_target_autotune}] v 0) -- 0x7fa16c1a1d70 con 0x7fa16c07de30
2024-04-17T05:46:30.910 INFO:teuthology.orchestra.run.smithi052.stdout:/usr/bin/ceph: stderr
2024-04-17T05:46:30.331+0000 7fa163fff700 1 -- 172.21.15.52:0/3498513244 <== mon.0 v2:172.21.15.52:3300/0 7 ==== mon_command_ack([{prefix=config set, name=osd_memory_target_autotune}]=0 v8)=0 v8) ==== 127+0+0 (secure 0 0 0) 0x7fa16c1a1d70 con 0x7fa16c07de30
2024-04-17T05:46:30.910 INFO:teuthology.orchestra.run.smithi052.stdout:/usr/bin/ceph: stderr
2024-04-17T05:46:30.333+0000 7fa171695700 1 -- 172.21.15.52:0/3498513244 >> [v2:172.21.15.52:6800/3238639972,v1:172.21.15.52:6801/3238639972] conn(0x7fa158039710 msgr2=0x7fa15803bbd0 secure :-1 s=STATE_CONNECTION_ESTABLISHED l=1).mark_down
2024-04-17T05:46:30.910 INFO:teuthology.orchestra.run.smithi052.stdout:/usr/bin/ceph: stderr
2024-04-17T05:46:30.333+0000 7fa171695700 1 --2- 172.21.15.52:0/3498513244 >> [v2:172.21.15.52:6800/3238639972,v1:172.21.15.52:6801/3238639972] conn(0x7fa158039710 0x7fa15803bbd0 secure :-1 s=READY pgs=10 cs=0 l=1 rev1=1 crypto rx=0x7fa154006fd0 tx=0x7fa154006e40 comp rx=0 tx=0).stop
2024-04-17T05:46:30.910 INFO:teuthology.orchestra.run.smithi052.stdout:/usr/bin/ceph: stderr
2024-04-17T05:46:30.333+0000 7fa171695700 1 -- 172.21.15.52:0/3498513244 >> [v2:172.21.15.52:3300/0,v1:172.21.15.52:6789/0] conn(0x7fa16c07de30 msgr2=0x7fa16c19e6e0 secure :-1 s=STATE_CONNECTION_ESTABLISHED l=1).mark_down
2024-04-17T05:46:30.910 INFO:teuthology.orchestra.run.smithi052.stdout:/usr/bin/ceph: stderr
2024-04-17T05:46:30.333+0000 7fa171695700 1 --2- 172.21.15.52:0/3498513244 >> [v2:172.21.15.52:3300/0,v1:172.21.15.52:6789/0] conn(0x7fa16c07de30 0x7fa16c19e6e0 secure :-1 s=READY pgs=77 cs=0 l=1 rev1=1 crypto rx=0x7fa15c004350 tx=0x7fa15c00bd50 comp rx=0 tx=0).stop
2024-04-17T05:46:30.910 INFO:teuthology.orchestra.run.smithi052.stdout:/usr/bin/ceph: stderr
2024-04-17T05:46:30.333+0000 7fa171695700 1 -- 172.21.15.52:0/3498513244 shutdown_connections
2024-04-17T05:46:30.910 INFO:teuthology.orchestra.run.smithi052.stdout:/usr/bin/ceph: stderr
2024-04-17T05:46:30.333+0000 7fa171695700 1 --2- 172.21.15.52:0/3498513244 >> [v2:172.21.15.52:6800/3238639972,v1:172.21.15.52:6801/3238639972] conn(0x7fa158039710 0x7fa15803bbd0 unknown :-1 s=CLOSED pgs=10 cs=0 l=1 rev1=1 crypto rx=0 tx=0 comp rx=0 tx=0).stop
2024-04-17T05:46:30.911 INFO:teuthology.orchestra.run.smithi052.stdout:/usr/bin/ceph: stderr
2024-04-17T05:46:30.333+0000 7fa171695700 1 --2- 172.21.15.52:0/3498513244 >> [v2:172.21.15.52:3300/0,v1:172.21.15.52:6789/0] conn(0x7fa16c07de30 0x7fa16c19e6e0 unknown :-1 s=CLOSED pgs=77 cs=0 l=1 rev1=1 crypto rx=0 tx=0 comp rx=0 tx=0).stop
2024-04-17T05:46:30.911 INFO:teuthology.orchestra.run.smithi052.stdout:/usr/bin/ceph: stderr
2024-04-17T05:46:30.333+0000 7fa171695700 1 -- 172.21.15.52:0/3498513244 >> 172.21.15.52:0/3498513244 conn(0x7fa16c103c10 msgr2=0x7fa16c104670 unknown :-1 s=STATE_NONE l=0).mark_down
2024-04-17T05:46:30.911 INFO:teuthology.orchestra.run.smithi052.stdout:/usr/bin/ceph: stderr
2024-04-17T05:46:30.333+0000 7fa171695700 1 -- 172.21.15.52:0/3498513244 shutdown_connections
2024-04-17T05:46:30.911 INFO:teuthology.orchestra.run.smithi052.stdout:/usr/bin/ceph: stderr
2024-04-17T05:46:30.333+0000 7fa171695700 1 -- 172.21.15.52:0/3498513244 wait complete.
2024-04-17T05:46:32.164 INFO:teuthology.orchestra.run.smithi052.stdout:/usr/bin/ceph: stderr
2024-04-17T05:46:31.328+0000 7f6512d8b700 1 Processor -- start
2024-04-17T05:46:32.164 INFO:teuthology.orchestra.run.smithi052.stdout:/usr/bin/ceph: stderr
2024-04-17T05:46:31.328+0000 7f6512d8b700 1 -- start start
2024-04-17T05:46:32.164 INFO:teuthology.orchestra.run.smithi052.stdout:/usr/bin/ceph: stderr
2024-04-17T05:46:31.328+0000 7f6512d8b700 1 --2- >> [v2:172.21.15.52:3300/0,v1:172.21.15.52:6789/0] conn(0x7f650c1074e0 0x7f650c107900 unknown :-1 s=NONE pgs=0 cs=0 l=0 rev1=0 crypto rx=0 tx=0 comp rx=0 tx=0).connect
2024-04-17T05:46:32.164 INFO:teuthology.orchestra.run.smithi052.stdout:/usr/bin/ceph: stderr
2024-04-17T05:46:31.328+0000 7f6512d8b700 1 -- --> [v2:172.21.15.52:3300/0,v1:172.21.15.52:6789/0] -- mon_getmap magic: 0 -- 0x7f650c107ed0 con 0x7f650c1074e0
2024-04-17T05:46:32.164 INFO:teuthology.orchestra.run.smithi052.stdout:/usr/bin/ceph: stderr
2024-04-17T05:46:31.329+0000 7f6510b27700 1 --2- >> [v2:172.21.15.52:3300/0,v1:172.21.15.52:6789/0] conn(0x7f650c1074e0 0x7f650c107900 unknown :-1 s=BANNER_CONNECTING pgs=0 cs=0 l=0 rev1=0 crypto rx=0 tx=0 comp rx=0 tx=0)._handle_peer_banner_payload supported=3 required=0
2024-04-17T05:46:32.165 INFO:teuthology.orchestra.run.smithi052.stdout:/usr/bin/ceph: stderr
2024-04-17T05:46:31.329+0000 7f6510b27700 1 --2- >> [v2:172.21.15.52:3300/0,v1:172.21.15.52:6789/0] conn(0x7f650c1074e0 0x7f650c107900 unknown :-1 s=HELLO_CONNECTING pgs=0 cs=0 l=0 rev1=1 crypto rx=0 tx=0 comp rx=0 tx=0).handle_hello peer v2:172.21.15.52:3300/0 says I am v2:172.21.15.52:34972/0 (socket says 172.21.15.52:34972)
2024-04-17T05:46:32.165 INFO:teuthology.orchestra.run.smithi052.stdout:/usr/bin/ceph: stderr
2024-04-17T05:46:31.329+0000 7f6510b27700 1 -- 172.21.15.52:0/1843405459 learned_addr learned my addr 172.21.15.52:0/1843405459 (peer_addr_for_me v2:172.21.15.52:0/0)
2024-04-17T05:46:32.165 INFO:teuthology.orchestra.run.smithi052.stdout:/usr/bin/ceph: stderr
2024-04-17T05:46:31.329+0000 7f6510b27700 1 -- 172.21.15.52:0/1843405459 --> [v2:172.21.15.52:3300/0,v1:172.21.15.52:6789/0] -- mon_subscribe({config=0+,monmap=0+}) -- 0x7f650c1086e0 con 0x7f650c1074e0
2024-04-17T05:46:32.165 INFO:teuthology.orchestra.run.smithi052.stdout:/usr/bin/ceph: stderr
2024-04-17T05:46:31.329+0000 7f6510b27700 1 --2- 172.21.15.52:0/1843405459 >> [v2:172.21.15.52:3300/0,v1:172.21.15.52:6789/0] conn(0x7f650c1074e0 0x7f650c107900 secure :-1 s=READY pgs=78 cs=0 l=1 rev1=1 crypto rx=0x7f64fc0098a0 tx=0x7f64fc009bb0 comp rx=0 tx=0).ready entity=mon.0 client_cookie=2dd76c5afcb895a0 server_cookie=0 in_seq=0 out_seq=0
2024-04-17T05:46:32.165 INFO:teuthology.orchestra.run.smithi052.stdout:/usr/bin/ceph: stderr
2024-04-17T05:46:31.329+0000 7f650b7fe700 1 -- 172.21.15.52:0/1843405459 <== mon.0 v2:172.21.15.52:3300/0 1 ==== mon_map magic: 0 ==== 205+0+0 (secure 0 0 0) 0x7f64fc004160 con 0x7f650c1074e0
2024-04-17T05:46:32.165 INFO:teuthology.orchestra.run.smithi052.stdout:/usr/bin/ceph: stderr
2024-04-17T05:46:31.329+0000 7f650b7fe700 1 -- 172.21.15.52:0/1843405459 <== mon.0 v2:172.21.15.52:3300/0 2 ==== config(27 keys) ==== 1140+0+0 (secure 0 0 0) 0x7f64fc004300 con 0x7f650c1074e0
2024-04-17T05:46:32.165 INFO:teuthology.orchestra.run.smithi052.stdout:/usr/bin/ceph: stderr
2024-04-17T05:46:31.329+0000 7f650b7fe700 1 -- 172.21.15.52:0/1843405459 <== mon.0 v2:172.21.15.52:3300/0 3 ==== mon_map magic: 0 ==== 205+0+0 (secure 0 0 0) 0x7f64fc011b20 con 0x7f650c1074e0
2024-04-17T05:46:32.165 INFO:teuthology.orchestra.run.smithi052.stdout:/usr/bin/ceph: stderr
2024-04-17T05:46:31.330+0000 7f6512d8b700 1 -- 172.21.15.52:0/1843405459 >> [v2:172.21.15.52:3300/0,v1:172.21.15.52:6789/0] conn(0x7f650c1074e0 msgr2=0x7f650c107900 secure :-1 s=STATE_CONNECTION_ESTABLISHED l=1).mark_down
2024-04-17T05:46:32.165 INFO:teuthology.orchestra.run.smithi052.stdout:/usr/bin/ceph: stderr
2024-04-17T05:46:31.330+0000 7f6512d8b700 1 --2- 172.21.15.52:0/1843405459 >> [v2:172.21.15.52:3300/0,v1:172.21.15.52:6789/0] conn(0x7f650c1074e0 0x7f650c107900 secure :-1 s=READY pgs=78 cs=0 l=1 rev1=1 crypto rx=0x7f64fc0098a0 tx=0x7f64fc009bb0 comp rx=0 tx=0).stop
2024-04-17T05:46:32.165 INFO:teuthology.orchestra.run.smithi052.stdout:/usr/bin/ceph: stderr
2024-04-17T05:46:31.330+0000 7f6512d8b700 1 -- 172.21.15.52:0/1843405459 shutdown_connections
2024-04-17T05:46:32.165 INFO:teuthology.orchestra.run.smithi052.stdout:/usr/bin/ceph: stderr
2024-04-17T05:46:31.330+0000 7f6512d8b700 1 --2- 172.21.15.52:0/1843405459 >> [v2:172.21.15.52:3300/0,v1:172.21.15.52:6789/0] conn(0x7f650c1074e0 0x7f650c107900 unknown :-1 s=CLOSED pgs=78 cs=0 l=1 rev1=1 crypto rx=0 tx=0 comp rx=0 tx=0).stop
2024-04-17T05:46:32.165 INFO:teuthology.orchestra.run.smithi052.stdout:/usr/bin/ceph: stderr
2024-04-17T05:46:31.330+0000 7f6512d8b700 1 -- 172.21.15.52:0/1843405459 >> 172.21.15.52:0/1843405459 conn(0x7f650c102b00 msgr2=0x7f650c104f20 unknown :-1 s=STATE_NONE l=0).mark_down
2024-04-17T05:46:32.166 INFO:teuthology.orchestra.run.smithi052.stdout:/usr/bin/ceph: stderr
2024-04-17T05:46:31.330+0000 7f6512d8b700 1 -- 172.21.15.52:0/1843405459 shutdown_connections
2024-04-17T05:46:32.166 INFO:teuthology.orchestra.run.smithi052.stdout:/usr/bin/ceph: stderr
2024-04-17T05:46:31.330+0000 7f6512d8b700 1 -- 172.21.15.52:0/1843405459 wait complete.
2024-04-17T05:46:32.166 INFO:teuthology.orchestra.run.smithi052.stdout:/usr/bin/ceph: stderr
2024-04-17T05:46:31.331+0000 7f6512d8b700 1 Processor -- start
2024-04-17T05:46:32.166 INFO:teuthology.orchestra.run.smithi052.stdout:/usr/bin/ceph: stderr
2024-04-17T05:46:31.331+0000 7f6512d8b700 1 -- start start
2024-04-17T05:46:32.166 INFO:teuthology.orchestra.run.smithi052.stdout:/usr/bin/ceph: stderr
2024-04-17T05:46:31.331+0000 7f6512d8b700 1 --2- >> [v2:172.21.15.52:3300/0,v1:172.21.15.52:6789/0] conn(0x7f650c1074e0 0x7f650c192640 unknown :-1 s=NONE pgs=0 cs=0 l=1 rev1=0 crypto rx=0 tx=0 comp rx=0 tx=0).connect
2024-04-17T05:46:32.166 INFO:teuthology.orchestra.run.smithi052.stdout:/usr/bin/ceph: stderr
2024-04-17T05:46:31.331+0000 7f6512d8b700 1 -- --> [v2:172.21.15.52:3300/0,v1:172.21.15.52:6789/0] -- mon_getmap magic: 0 -- 0x7f650c10ba90 con 0x7f650c1074e0
2024-04-17T05:46:32.166 INFO:teuthology.orchestra.run.smithi052.stdout:/usr/bin/ceph: stderr
2024-04-17T05:46:31.331+0000 7f6510b27700 1 --2- >> [v2:172.21.15.52:3300/0,v1:172.21.15.52:6789/0] conn(0x7f650c1074e0 0x7f650c192640 unknown :-1 s=BANNER_CONNECTING pgs=0 cs=0 l=1 rev1=0 crypto rx=0 tx=0 comp rx=0 tx=0)._handle_peer_banner_payload supported=3 required=0
2024-04-17T05:46:32.166 INFO:teuthology.orchestra.run.smithi052.stdout:/usr/bin/ceph: stderr
2024-04-17T05:46:31.331+0000 7f6510b27700 1 --2- >> [v2:172.21.15.52:3300/0,v1:172.21.15.52:6789/0] conn(0x7f650c1074e0 0x7f650c192640 unknown :-1 s=HELLO_CONNECTING pgs=0 cs=0 l=1 rev1=1 crypto rx=0 tx=0 comp rx=0 tx=0).handle_hello peer v2:172.21.15.52:3300/0 says I am v2:172.21.15.52:34974/0 (socket says 172.21.15.52:34974)
2024-04-17T05:46:32.166 INFO:teuthology.orchestra.run.smithi052.stdout:/usr/bin/ceph: stderr
2024-04-17T05:46:31.331+0000 7f6510b27700 1 -- 172.21.15.52:0/1062018409 learned_addr learned my addr 172.21.15.52:0/1062018409 (peer_addr_for_me v2:172.21.15.52:0/0)
2024-04-17T05:46:32.166 INFO:teuthology.orchestra.run.smithi052.stdout:/usr/bin/ceph: stderr
2024-04-17T05:46:31.331+0000 7f6510b27700 1 -- 172.21.15.52:0/1062018409 --> [v2:172.21.15.52:3300/0,v1:172.21.15.52:6789/0] -- mon_subscribe({config=0+,monmap=0+}) -- 0x7f650c192b80 con 0x7f650c1074e0
2024-04-17T05:46:32.166 INFO:teuthology.orchestra.run.smithi052.stdout:/usr/bin/ceph: stderr
2024-04-17T05:46:31.331+0000 7f6510b27700 1 --2- 172.21.15.52:0/1062018409 >> [v2:172.21.15.52:3300/0,v1:172.21.15.52:6789/0] conn(0x7f650c1074e0 0x7f650c192640 secure :-1 s=READY pgs=79 cs=0 l=1 rev1=1 crypto rx=0x7f64fc0116a0 tx=0x7f64fc011ba0 comp rx=0 tx=0).ready entity=mon.0 client_cookie=0 server_cookie=0 in_seq=0 out_seq=0
2024-04-17T05:46:32.166 INFO:teuthology.orchestra.run.smithi052.stdout:/usr/bin/ceph: stderr
2024-04-17T05:46:31.331+0000 7f6509ffb700 1 -- 172.21.15.52:0/1062018409 <== mon.0 v2:172.21.15.52:3300/0 1 ==== mon_map magic: 0 ==== 205+0+0 (secure 0 0 0) 0x7f64fc003a40 con 0x7f650c1074e0
2024-04-17T05:46:32.167 INFO:teuthology.orchestra.run.smithi052.stdout:/usr/bin/ceph: stderr
2024-04-17T05:46:31.332+0000 7f6509ffb700 1 -- 172.21.15.52:0/1062018409 <== mon.0 v2:172.21.15.52:3300/0 2 ==== config(27 keys) ==== 1140+0+0 (secure 0 0 0) 0x7f64fc003be0 con 0x7f650c1074e0
2024-04-17T05:46:32.167 INFO:teuthology.orchestra.run.smithi052.stdout:/usr/bin/ceph: stderr
2024-04-17T05:46:31.332+0000 7f6512d8b700 1 -- 172.21.15.52:0/1062018409 --> [v2:172.21.15.52:3300/0,v1:172.21.15.52:6789/0] -- mon_subscribe({mgrmap=0+}) -- 0x7f650c190dc0 con 0x7f650c1074e0
2024-04-17T05:46:32.167 INFO:teuthology.orchestra.run.smithi052.stdout:/usr/bin/ceph: stderr
2024-04-17T05:46:31.332+0000 7f6509ffb700 1 -- 172.21.15.52:0/1062018409 <== mon.0 v2:172.21.15.52:3300/0 3 ==== mon_map magic: 0 ==== 205+0+0 (secure 0 0 0) 0x7f64fc01a720 con 0x7f650c1074e0
2024-04-17T05:46:32.167 INFO:teuthology.orchestra.run.smithi052.stdout:/usr/bin/ceph: stderr
2024-04-17T05:46:31.332+0000 7f6512d8b700 1 -- 172.21.15.52:0/1062018409 --> [v2:172.21.15.52:3300/0,v1:172.21.15.52:6789/0] -- mon_subscribe({osdmap=0}) -- 0x7f650c191220 con 0x7f650c1074e0
2024-04-17T05:46:32.167 INFO:teuthology.orchestra.run.smithi052.stdout:/usr/bin/ceph: stderr
2024-04-17T05:46:31.333+0000 7f6509ffb700 1 -- 172.21.15.52:0/1062018409 <== mon.0 v2:172.21.15.52:3300/0 4 ==== mgrmap(e 13) ==== 46614+0+0 (secure 0 0 0) 0x7f64fc01a9f0 con 0x7f650c1074e0
2024-04-17T05:46:32.167 INFO:teuthology.orchestra.run.smithi052.stdout:/usr/bin/ceph: stderr
2024-04-17T05:46:31.333+0000 7f6512d8b700 1 -- 172.21.15.52:0/1062018409 --> [v2:172.21.15.52:3300/0,v1:172.21.15.52:6789/0] -- mon_command({"prefix": "get_command_descriptions"} v 0) -- 0x7f650c0640b0 con 0x7f650c1074e0
2024-04-17T05:46:32.167 INFO:teuthology.orchestra.run.smithi052.stdout:/usr/bin/ceph: stderr
2024-04-17T05:46:31.333+0000 7f6509ffb700 1 --2- 172.21.15.52:0/1062018409 >> [v2:172.21.15.52:6800/3238639972,v1:172.21.15.52:6801/3238639972] conn(0x7f64f80396b0 0x7f64f803bb70 unknown :-1 s=NONE pgs=0 cs=0 l=1 rev1=0 crypto rx=0 tx=0 comp rx=0 tx=0).connect
2024-04-17T05:46:32.167 INFO:teuthology.orchestra.run.smithi052.stdout:/usr/bin/ceph: stderr
2024-04-17T05:46:31.333+0000 7f6509ffb700 1 -- 172.21.15.52:0/1062018409 <== mon.0 v2:172.21.15.52:3300/0 5 ==== osd_map(3..3 src has 1..3) ==== 1155+0+0 (secure 0 0 0) 0x7f64fc04de40 con 0x7f650c1074e0
2024-04-17T05:46:32.167 INFO:teuthology.orchestra.run.smithi052.stdout:/usr/bin/ceph: stderr
2024-04-17T05:46:31.333+0000 7f650bfff700 1 --2- 172.21.15.52:0/1062018409 >> [v2:172.21.15.52:6800/3238639972,v1:172.21.15.52:6801/3238639972] conn(0x7f64f80396b0 0x7f64f803bb70 unknown :-1 s=BANNER_CONNECTING pgs=0 cs=0 l=1 rev1=0 crypto rx=0 tx=0 comp rx=0 tx=0)._handle_peer_banner_payload supported=3 required=0
2024-04-17T05:46:32.167 INFO:teuthology.orchestra.run.smithi052.stdout:/usr/bin/ceph: stderr
2024-04-17T05:46:31.333+0000 7f650bfff700 1 --2- 172.21.15.52:0/1062018409 >> [v2:172.21.15.52:6800/3238639972,v1:172.21.15.52:6801/3238639972] conn(0x7f64f80396b0 0x7f64f803bb70 secure :-1 s=READY pgs=11 cs=0 l=1 rev1=1 crypto rx=0x7f64f400ad30 tx=0x7f64f40093f0 comp rx=0 tx=0).ready entity=mgr.14152 client_cookie=0 server_cookie=0 in_seq=0 out_seq=0
2024-04-17T05:46:32.167 INFO:teuthology.orchestra.run.smithi052.stdout:/usr/bin/ceph: stderr
2024-04-17T05:46:31.338+0000 7f6509ffb700 1 -- 172.21.15.52:0/1062018409 <== mon.0 v2:172.21.15.52:3300/0 6 ==== mon_command_ack([{"prefix": "get_command_descriptions"}]=0 v0) ==== 72+0+188381 (secure 0 0 0) 0x7f64fc011e20 con 0x7f650c1074e0
2024-04-17T05:46:32.167 INFO:teuthology.orchestra.run.smithi052.stdout:/usr/bin/ceph: stderr
2024-04-17T05:46:31.658+0000 7f6512d8b700 1 -- 172.21.15.52:0/1062018409 --> [v2:172.21.15.52:3300/0,v1:172.21.15.52:6789/0] -- mon_command([{prefix=config-key set, key=mgr/dashboard/cluster/status}] v 0) -- 0x7f650c1962d0 con 0x7f650c1074e0
2024-04-17T05:46:32.167 INFO:teuthology.orchestra.run.smithi052.stdout:/usr/bin/ceph: stderr
2024-04-17T05:46:31.660+0000 7f6509ffb700 1 -- 172.21.15.52:0/1062018409 <== mon.0 v2:172.21.15.52:3300/0 7 ==== mon_command_ack([{prefix=config-key set, key=mgr/dashboard/cluster/status}]=0 set mgr/dashboard/cluster/status v27)=0 set mgr/dashboard/cluster/status v27) ==== 153+0+0 (secure 0 0 0) 0x7f64fc00fdd0 con 0x7f650c1074e0
2024-04-17T05:46:32.168 INFO:teuthology.orchestra.run.smithi052.stdout:/usr/bin/ceph: stderr
2024-04-17T05:46:31.662+0000 7f6512d8b700 1 -- 172.21.15.52:0/1062018409 >> [v2:172.21.15.52:6800/3238639972,v1:172.21.15.52:6801/3238639972] conn(0x7f64f80396b0 msgr2=0x7f64f803bb70 secure :-1 s=STATE_CONNECTION_ESTABLISHED l=1).mark_down
2024-04-17T05:46:32.168 INFO:teuthology.orchestra.run.smithi052.stdout:/usr/bin/ceph: stderr
2024-04-17T05:46:31.662+0000 7f6512d8b700 1 --2- 172.21.15.52:0/1062018409 >> [v2:172.21.15.52:6800/3238639972,v1:172.21.15.52:6801/3238639972] conn(0x7f64f80396b0 0x7f64f803bb70 secure :-1 s=READY pgs=11 cs=0 l=1 rev1=1 crypto rx=0x7f64f400ad30 tx=0x7f64f40093f0 comp rx=0 tx=0).stop
2024-04-17T05:46:32.168 INFO:teuthology.orchestra.run.smithi052.stdout:/usr/bin/ceph: stderr
2024-04-17T05:46:31.662+0000 7f6512d8b700 1 -- 172.21.15.52:0/1062018409 >> [v2:172.21.15.52:3300/0,v1:172.21.15.52:6789/0] conn(0x7f650c1074e0 msgr2=0x7f650c192640 secure :-1 s=STATE_CONNECTION_ESTABLISHED l=1).mark_down
2024-04-17T05:46:32.168 INFO:teuthology.orchestra.run.smithi052.stdout:/usr/bin/ceph: stderr
2024-04-17T05:46:31.662+0000 7f6512d8b700 1 --2- 172.21.15.52:0/1062018409 >> [v2:172.21.15.52:3300/0,v1:172.21.15.52:6789/0] conn(0x7f650c1074e0 0x7f650c192640 secure :-1 s=READY pgs=79 cs=0 l=1 rev1=1 crypto rx=0x7f64fc0116a0 tx=0x7f64fc011ba0 comp rx=0 tx=0).stop
2024-04-17T05:46:32.168 INFO:teuthology.orchestra.run.smithi052.stdout:/usr/bin/ceph: stderr
2024-04-17T05:46:31.662+0000 7f6512d8b700 1 -- 172.21.15.52:0/1062018409 shutdown_connections
2024-04-17T05:46:32.168 INFO:teuthology.orchestra.run.smithi052.stdout:/usr/bin/ceph: stderr
2024-04-17T05:46:31.662+0000 7f6512d8b700 1 --2- 172.21.15.52:0/1062018409 >> [v2:172.21.15.52:6800/3238639972,v1:172.21.15.52:6801/3238639972] conn(0x7f64f80396b0 0x7f64f803bb70 unknown :-1 s=CLOSED pgs=11 cs=0 l=1 rev1=1 crypto rx=0 tx=0 comp rx=0 tx=0).stop
2024-04-17T05:46:32.168 INFO:teuthology.orchestra.run.smithi052.stdout:/usr/bin/ceph: stderr
2024-04-17T05:46:31.662+0000 7f6512d8b700 1 --2- 172.21.15.52:0/1062018409 >> [v2:172.21.15.52:3300/0,v1:172.21.15.52:6789/0] conn(0x7f650c1074e0 0x7f650c192640 unknown :-1 s=CLOSED pgs=79 cs=0 l=1 rev1=1 crypto rx=0 tx=0 comp rx=0 tx=0).stop
2024-04-17T05:46:32.168 INFO:teuthology.orchestra.run.smithi052.stdout:/usr/bin/ceph: stderr
2024-04-17T05:46:31.662+0000 7f6512d8b700 1 -- 172.21.15.52:0/1062018409 >> 172.21.15.52:0/1062018409 conn(0x7f650c102b00 msgr2=0x7f650c1039c0 unknown :-1 s=STATE_NONE l=0).mark_down
2024-04-17T05:46:32.168 INFO:teuthology.orchestra.run.smithi052.stdout:/usr/bin/ceph: stderr
2024-04-17T05:46:31.663+0000 7f6512d8b700 1 -- 172.21.15.52:0/1062018409 shutdown_connections
2024-04-17T05:46:32.168 INFO:teuthology.orchestra.run.smithi052.stdout:/usr/bin/ceph: stderr
2024-04-17T05:46:31.663+0000 7f6512d8b700 1 -- 172.21.15.52:0/1062018409 wait complete.
2024-04-17T05:46:32.168 INFO:teuthology.orchestra.run.smithi052.stdout:/usr/bin/ceph: stderr set mgr/dashboard/cluster/status
2024-04-17T05:46:32.168 INFO:teuthology.orchestra.run.smithi052.stdout:You can access the Ceph CLI as following in case of multi-cluster or non-default config:
2024-04-17T05:46:32.169 INFO:teuthology.orchestra.run.smithi052.stdout:
2024-04-17T05:46:32.169 INFO:teuthology.orchestra.run.smithi052.stdout: sudo /home/ubuntu/cephtest/cephadm shell --fsid 8cd43734-fc7d-11ee-bc91-c7b262605968 -c /etc/ceph/ceph.conf -k /etc/ceph/ceph.client.admin.keyring
2024-04-17T05:46:32.169 INFO:teuthology.orchestra.run.smithi052.stdout:
2024-04-17T05:46:32.169 INFO:teuthology.orchestra.run.smithi052.stdout:Or, if you are only running a single cluster on this host:
2024-04-17T05:46:32.169 INFO:teuthology.orchestra.run.smithi052.stdout:
2024-04-17T05:46:32.169 INFO:teuthology.orchestra.run.smithi052.stdout: sudo /home/ubuntu/cephtest/cephadm shell
2024-04-17T05:46:32.169 INFO:teuthology.orchestra.run.smithi052.stdout:
2024-04-17T05:46:32.169 INFO:teuthology.orchestra.run.smithi052.stdout:Please consider enabling telemetry to help improve Ceph:
2024-04-17T05:46:32.169 INFO:teuthology.orchestra.run.smithi052.stdout:
2024-04-17T05:46:32.169 INFO:teuthology.orchestra.run.smithi052.stdout: ceph telemetry on
2024-04-17T05:46:32.169 INFO:teuthology.orchestra.run.smithi052.stdout:
2024-04-17T05:46:32.169 INFO:teuthology.orchestra.run.smithi052.stdout:For more information see:
2024-04-17T05:46:32.169 INFO:teuthology.orchestra.run.smithi052.stdout:
2024-04-17T05:46:32.170 INFO:teuthology.orchestra.run.smithi052.stdout: https://docs.ceph.com/en/latest/mgr/telemetry/
2024-04-17T05:46:32.170 INFO:teuthology.orchestra.run.smithi052.stdout:
2024-04-17T05:46:32.170 INFO:teuthology.orchestra.run.smithi052.stdout:Bootstrap complete.
2024-04-17T05:46:32.205 INFO:tasks.cephadm:Fetching config...
2024-04-17T05:46:32.206 DEBUG:teuthology.orchestra.run.smithi052:> set -ex
2024-04-17T05:46:32.206 DEBUG:teuthology.orchestra.run.smithi052:> dd if=/etc/ceph/ceph.conf of=/dev/stdout
2024-04-17T05:46:32.222 INFO:tasks.cephadm:Fetching client.admin keyring...
2024-04-17T05:46:32.222 DEBUG:teuthology.orchestra.run.smithi052:> set -ex
2024-04-17T05:46:32.222 DEBUG:teuthology.orchestra.run.smithi052:> dd if=/etc/ceph/ceph.client.admin.keyring of=/dev/stdout
2024-04-17T05:46:32.278 INFO:tasks.cephadm:Fetching mon keyring...
2024-04-17T05:46:32.278 DEBUG:teuthology.orchestra.run.smithi052:> set -ex
2024-04-17T05:46:32.278 DEBUG:teuthology.orchestra.run.smithi052:> sudo dd if=/var/lib/ceph/8cd43734-fc7d-11ee-bc91-c7b262605968/mon.a/keyring of=/dev/stdout
2024-04-17T05:46:32.347 INFO:tasks.cephadm:Fetching pub ssh key...
2024-04-17T05:46:32.347 DEBUG:teuthology.orchestra.run.smithi052:> set -ex
2024-04-17T05:46:32.347 DEBUG:teuthology.orchestra.run.smithi052:> dd if=/home/ubuntu/cephtest/ceph.pub of=/dev/stdout
2024-04-17T05:46:32.403 INFO:tasks.cephadm:Installing pub ssh key for root users...
2024-04-17T05:46:32.403 DEBUG:teuthology.orchestra.run.smithi052:> sudo install -d -m 0700 /root/.ssh && echo 'ssh-rsa AAAAB3NzaC1yc2EAAAADAQABAAABgQD1j+X1UQuRlTJfghYyk0mJfJjWEt63PZQ/Y5u4nSCfKrJ43EfkJivZFh91okMQfzaXSTLBTWMOA6jmerpkyGNDnyRJAdoW/eM1ses8DGgflzUaevYaNpJczlLwy44F97G/xAKFpzoVqOi7eZP+S8HhuB08Q93FW5AjCFFTQ5bHu0nzYJHN+yxaqg0AuR7MssmS8tZq2PTPxLMahnmUUS5Iq8o9Ysmv3975qWyVZ9xfZDaGkAs8E1OnPhtXa1Ip2Aaw/loFvXeE3oq7QTy3Sftw0gcFPgIWY9JkAUNWk+METO5XOUBTilyZB2gQk2RTf2qqNcg+zMpLq6JS2aQMjRoH78hITslFZmlskWZsWnqzBYK25HWmLvPu6m2ZsreB8p+jlRKsfIjDMbzYOgikxpAsLB2LBr7f9p8VNuBcW8No48hfyL3Ho4i44HceDjyLQVHbXgklRiRAEfHlkAZpbAJznTrMorX/Tx6Vyzoh2ufpBvIcTGvr16GB1eTmhlXswAk= ceph-8cd43734-fc7d-11ee-bc91-c7b262605968' | sudo tee -a /root/.ssh/authorized_keys && sudo chmod 0600 /root/.ssh/authorized_keys
2024-04-17T05:46:32.486 INFO:teuthology.orchestra.run.smithi052.stdout:ssh-rsa AAAAB3NzaC1yc2EAAAADAQABAAABgQD1j+X1UQuRlTJfghYyk0mJfJjWEt63PZQ/Y5u4nSCfKrJ43EfkJivZFh91okMQfzaXSTLBTWMOA6jmerpkyGNDnyRJAdoW/eM1ses8DGgflzUaevYaNpJczlLwy44F97G/xAKFpzoVqOi7eZP+S8HhuB08Q93FW5AjCFFTQ5bHu0nzYJHN+yxaqg0AuR7MssmS8tZq2PTPxLMahnmUUS5Iq8o9Ysmv3975qWyVZ9xfZDaGkAs8E1OnPhtXa1Ip2Aaw/loFvXeE3oq7QTy3Sftw0gcFPgIWY9JkAUNWk+METO5XOUBTilyZB2gQk2RTf2qqNcg+zMpLq6JS2aQMjRoH78hITslFZmlskWZsWnqzBYK25HWmLvPu6m2ZsreB8p+jlRKsfIjDMbzYOgikxpAsLB2LBr7f9p8VNuBcW8No48hfyL3Ho4i44HceDjyLQVHbXgklRiRAEfHlkAZpbAJznTrMorX/Tx6Vyzoh2ufpBvIcTGvr16GB1eTmhlXswAk= ceph-8cd43734-fc7d-11ee-bc91-c7b262605968
2024-04-17T05:46:32.501 DEBUG:teuthology.orchestra.run.smithi133:> sudo install -d -m 0700 /root/.ssh && echo 'ssh-rsa AAAAB3NzaC1yc2EAAAADAQABAAABgQD1j+X1UQuRlTJfghYyk0mJfJjWEt63PZQ/Y5u4nSCfKrJ43EfkJivZFh91okMQfzaXSTLBTWMOA6jmerpkyGNDnyRJAdoW/eM1ses8DGgflzUaevYaNpJczlLwy44F97G/xAKFpzoVqOi7eZP+S8HhuB08Q93FW5AjCFFTQ5bHu0nzYJHN+yxaqg0AuR7MssmS8tZq2PTPxLMahnmUUS5Iq8o9Ysmv3975qWyVZ9xfZDaGkAs8E1OnPhtXa1Ip2Aaw/loFvXeE3oq7QTy3Sftw0gcFPgIWY9JkAUNWk+METO5XOUBTilyZB2gQk2RTf2qqNcg+zMpLq6JS2aQMjRoH78hITslFZmlskWZsWnqzBYK25HWmLvPu6m2ZsreB8p+jlRKsfIjDMbzYOgikxpAsLB2LBr7f9p8VNuBcW8No48hfyL3Ho4i44HceDjyLQVHbXgklRiRAEfHlkAZpbAJznTrMorX/Tx6Vyzoh2ufpBvIcTGvr16GB1eTmhlXswAk= ceph-8cd43734-fc7d-11ee-bc91-c7b262605968' | sudo tee -a /root/.ssh/authorized_keys && sudo chmod 0600 /root/.ssh/authorized_keys
2024-04-17T05:46:32.547 INFO:teuthology.orchestra.run.smithi133.stdout:ssh-rsa AAAAB3NzaC1yc2EAAAADAQABAAABgQD1j+X1UQuRlTJfghYyk0mJfJjWEt63PZQ/Y5u4nSCfKrJ43EfkJivZFh91okMQfzaXSTLBTWMOA6jmerpkyGNDnyRJAdoW/eM1ses8DGgflzUaevYaNpJczlLwy44F97G/xAKFpzoVqOi7eZP+S8HhuB08Q93FW5AjCFFTQ5bHu0nzYJHN+yxaqg0AuR7MssmS8tZq2PTPxLMahnmUUS5Iq8o9Ysmv3975qWyVZ9xfZDaGkAs8E1OnPhtXa1Ip2Aaw/loFvXeE3oq7QTy3Sftw0gcFPgIWY9JkAUNWk+METO5XOUBTilyZB2gQk2RTf2qqNcg+zMpLq6JS2aQMjRoH78hITslFZmlskWZsWnqzBYK25HWmLvPu6m2ZsreB8p+jlRKsfIjDMbzYOgikxpAsLB2LBr7f9p8VNuBcW8No48hfyL3Ho4i44HceDjyLQVHbXgklRiRAEfHlkAZpbAJznTrMorX/Tx6Vyzoh2ufpBvIcTGvr16GB1eTmhlXswAk= ceph-8cd43734-fc7d-11ee-bc91-c7b262605968
2024-04-17T05:46:32.562 DEBUG:teuthology.orchestra.run.smithi175:> sudo install -d -m 0700 /root/.ssh && echo 'ssh-rsa AAAAB3NzaC1yc2EAAAADAQABAAABgQD1j+X1UQuRlTJfghYyk0mJfJjWEt63PZQ/Y5u4nSCfKrJ43EfkJivZFh91okMQfzaXSTLBTWMOA6jmerpkyGNDnyRJAdoW/eM1ses8DGgflzUaevYaNpJczlLwy44F97G/xAKFpzoVqOi7eZP+S8HhuB08Q93FW5AjCFFTQ5bHu0nzYJHN+yxaqg0AuR7MssmS8tZq2PTPxLMahnmUUS5Iq8o9Ysmv3975qWyVZ9xfZDaGkAs8E1OnPhtXa1Ip2Aaw/loFvXeE3oq7QTy3Sftw0gcFPgIWY9JkAUNWk+METO5XOUBTilyZB2gQk2RTf2qqNcg+zMpLq6JS2aQMjRoH78hITslFZmlskWZsWnqzBYK25HWmLvPu6m2ZsreB8p+jlRKsfIjDMbzYOgikxpAsLB2LBr7f9p8VNuBcW8No48hfyL3Ho4i44HceDjyLQVHbXgklRiRAEfHlkAZpbAJznTrMorX/Tx6Vyzoh2ufpBvIcTGvr16GB1eTmhlXswAk= ceph-8cd43734-fc7d-11ee-bc91-c7b262605968' | sudo tee -a /root/.ssh/authorized_keys && sudo chmod 0600 /root/.ssh/authorized_keys
2024-04-17T05:46:32.608 INFO:teuthology.orchestra.run.smithi175.stdout:ssh-rsa AAAAB3NzaC1yc2EAAAADAQABAAABgQD1j+X1UQuRlTJfghYyk0mJfJjWEt63PZQ/Y5u4nSCfKrJ43EfkJivZFh91okMQfzaXSTLBTWMOA6jmerpkyGNDnyRJAdoW/eM1ses8DGgflzUaevYaNpJczlLwy44F97G/xAKFpzoVqOi7eZP+S8HhuB08Q93FW5AjCFFTQ5bHu0nzYJHN+yxaqg0AuR7MssmS8tZq2PTPxLMahnmUUS5Iq8o9Ysmv3975qWyVZ9xfZDaGkAs8E1OnPhtXa1Ip2Aaw/loFvXeE3oq7QTy3Sftw0gcFPgIWY9JkAUNWk+METO5XOUBTilyZB2gQk2RTf2qqNcg+zMpLq6JS2aQMjRoH78hITslFZmlskWZsWnqzBYK25HWmLvPu6m2ZsreB8p+jlRKsfIjDMbzYOgikxpAsLB2LBr7f9p8VNuBcW8No48hfyL3Ho4i44HceDjyLQVHbXgklRiRAEfHlkAZpbAJznTrMorX/Tx6Vyzoh2ufpBvIcTGvr16GB1eTmhlXswAk= ceph-8cd43734-fc7d-11ee-bc91-c7b262605968
2024-04-17T05:46:32.623 DEBUG:teuthology.orchestra.run.smithi052:> sudo /home/ubuntu/cephtest/cephadm --image quay-quay-quay.apps.os.sepia.ceph.com/ceph-ci/ceph:a8c84f5997950fd7d008204839253291d52e6eda shell -c /etc/ceph/ceph.conf -k /etc/ceph/ceph.client.admin.keyring --fsid 8cd43734-fc7d-11ee-bc91-c7b262605968 -- ceph config set mgr mgr/cephadm/allow_ptrace true
2024-04-17T05:46:32.869 INFO:journalctl@ceph.mon.a.smithi052.stdout:Apr 17 05:46:32 smithi052 ceph-mon[31989]: from='client.? 172.21.15.52:0/1062018409' entity='client.admin'
2024-04-17T05:46:32.870 INFO:teuthology.orchestra.run.smithi052.stderr:Inferring config /var/lib/ceph/8cd43734-fc7d-11ee-bc91-c7b262605968/mon.a/config
2024-04-17T05:46:35.024 INFO:teuthology.orchestra.run.smithi052.stderr:2024-04-17T05:46:35.026+0000 7f81c229b700 1 -- 172.21.15.52:0/1478811124 >> [v2:172.21.15.52:3300/0,v1:172.21.15.52:6789/0] conn(0x7f81bc102f40 msgr2=0x7f81bc105330 secure :-1 s=STATE_CONNECTION_ESTABLISHED l=1).mark_down
2024-04-17T05:46:35.024 INFO:teuthology.orchestra.run.smithi052.stderr:2024-04-17T05:46:35.026+0000 7f81c229b700 1 --2- 172.21.15.52:0/1478811124 >> [v2:172.21.15.52:3300/0,v1:172.21.15.52:6789/0] conn(0x7f81bc102f40 0x7f81bc105330 secure :-1 s=READY pgs=80 cs=0 l=1 rev1=1 crypto rx=0x7f81ac009910 tx=0x7f81ac009c20 comp rx=0 tx=0).stop
2024-04-17T05:46:35.025 INFO:teuthology.orchestra.run.smithi052.stderr:2024-04-17T05:46:35.026+0000 7f81c229b700 1 -- 172.21.15.52:0/1478811124 shutdown_connections
2024-04-17T05:46:35.025 INFO:teuthology.orchestra.run.smithi052.stderr:2024-04-17T05:46:35.026+0000 7f81c229b700 1 --2- 172.21.15.52:0/1478811124 >> [v2:172.21.15.52:3300/0,v1:172.21.15.52:6789/0] conn(0x7f81bc102f40 0x7f81bc105330 unknown :-1 s=CLOSED pgs=80 cs=0 l=1 rev1=1 crypto rx=0 tx=0 comp rx=0 tx=0).stop
2024-04-17T05:46:35.025 INFO:teuthology.orchestra.run.smithi052.stderr:2024-04-17T05:46:35.026+0000 7f81c229b700 1 -- 172.21.15.52:0/1478811124 >> 172.21.15.52:0/1478811124 conn(0x7f81bc0fc950 msgr2=0x7f81bc0fed90 unknown :-1 s=STATE_NONE l=0).mark_down
2024-04-17T05:46:35.025 INFO:teuthology.orchestra.run.smithi052.stderr:2024-04-17T05:46:35.026+0000 7f81c229b700 1 -- 172.21.15.52:0/1478811124 shutdown_connections
2024-04-17T05:46:35.025 INFO:teuthology.orchestra.run.smithi052.stderr:2024-04-17T05:46:35.026+0000 7f81c229b700 1 -- 172.21.15.52:0/1478811124 wait complete.
2024-04-17T05:46:35.025 INFO:teuthology.orchestra.run.smithi052.stderr:2024-04-17T05:46:35.026+0000 7f81c229b700 1 Processor -- start
2024-04-17T05:46:35.025 INFO:teuthology.orchestra.run.smithi052.stderr:2024-04-17T05:46:35.026+0000 7f81c229b700 1 -- start start
2024-04-17T05:46:35.027 INFO:teuthology.orchestra.run.smithi052.stderr:2024-04-17T05:46:35.027+0000 7f81c229b700 1 --2- >> [v2:172.21.15.52:3300/0,v1:172.21.15.52:6789/0] conn(0x7f81bc102f40 0x7f81bc1027c0 unknown :-1 s=NONE pgs=0 cs=0 l=1 rev1=0 crypto rx=0 tx=0 comp rx=0 tx=0).connect
2024-04-17T05:46:35.027 INFO:teuthology.orchestra.run.smithi052.stderr:2024-04-17T05:46:35.027+0000 7f81c229b700 1 -- --> [v2:172.21.15.52:3300/0,v1:172.21.15.52:6789/0] -- mon_getmap magic: 0 -- 0x7f81bc1084e0 con 0x7f81bc102f40
2024-04-17T05:46:35.027 INFO:teuthology.orchestra.run.smithi052.stderr:2024-04-17T05:46:35.027+0000 7f81bbfff700 1 --2- >> [v2:172.21.15.52:3300/0,v1:172.21.15.52:6789/0] conn(0x7f81bc102f40 0x7f81bc1027c0 unknown :-1 s=BANNER_CONNECTING pgs=0 cs=0 l=1 rev1=0 crypto rx=0 tx=0 comp rx=0 tx=0)._handle_peer_banner_payload supported=3 required=0
2024-04-17T05:46:35.027 INFO:teuthology.orchestra.run.smithi052.stderr:2024-04-17T05:46:35.027+0000 7f81bbfff700 1 --2- >> [v2:172.21.15.52:3300/0,v1:172.21.15.52:6789/0] conn(0x7f81bc102f40 0x7f81bc1027c0 unknown :-1 s=HELLO_CONNECTING pgs=0 cs=0 l=1 rev1=1 crypto rx=0 tx=0 comp rx=0 tx=0).handle_hello peer v2:172.21.15.52:3300/0 says I am v2:172.21.15.52:34998/0 (socket says 172.21.15.52:34998)
2024-04-17T05:46:35.028 INFO:teuthology.orchestra.run.smithi052.stderr:2024-04-17T05:46:35.027+0000 7f81bbfff700 1 -- 172.21.15.52:0/1178546056 learned_addr learned my addr 172.21.15.52:0/1178546056 (peer_addr_for_me v2:172.21.15.52:0/0)
2024-04-17T05:46:35.028 INFO:teuthology.orchestra.run.smithi052.stderr:2024-04-17T05:46:35.027+0000 7f81bbfff700 1 -- 172.21.15.52:0/1178546056 --> [v2:172.21.15.52:3300/0,v1:172.21.15.52:6789/0] -- mon_subscribe({config=0+,monmap=0+}) -- 0x7f81bc102d00 con 0x7f81bc102f40
2024-04-17T05:46:35.028 INFO:teuthology.orchestra.run.smithi052.stderr:2024-04-17T05:46:35.027+0000 7f81bbfff700 1 --2- 172.21.15.52:0/1178546056 >> [v2:172.21.15.52:3300/0,v1:172.21.15.52:6789/0] conn(0x7f81bc102f40 0x7f81bc1027c0 secure :-1 s=READY pgs=81 cs=0 l=1 rev1=1 crypto rx=0x7f81ac004fa0 tx=0x7f81ac005080 comp rx=0 tx=0).ready entity=mon.0 client_cookie=0 server_cookie=0 in_seq=0 out_seq=0
2024-04-17T05:46:35.028 INFO:teuthology.orchestra.run.smithi052.stderr:2024-04-17T05:46:35.027+0000 7f81b97fa700 1 -- 172.21.15.52:0/1178546056 <== mon.0 v2:172.21.15.52:3300/0 1 ==== mon_map magic: 0 ==== 205+0+0 (secure 0 0 0) 0x7f81ac027070 con 0x7f81bc102f40
2024-04-17T05:46:35.028 INFO:teuthology.orchestra.run.smithi052.stderr:2024-04-17T05:46:35.027+0000 7f81b97fa700 1 -- 172.21.15.52:0/1178546056 <== mon.0 v2:172.21.15.52:3300/0 2 ==== config(27 keys) ==== 1140+0+0 (secure 0 0 0) 0x7f81ac00be40 con 0x7f81bc102f40
2024-04-17T05:46:35.028 INFO:teuthology.orchestra.run.smithi052.stderr:2024-04-17T05:46:35.027+0000 7f81c229b700 1 -- 172.21.15.52:0/1178546056 --> [v2:172.21.15.52:3300/0,v1:172.21.15.52:6789/0] -- mon_subscribe({mgrmap=0+}) -- 0x7f81bc100ef0 con 0x7f81bc102f40
2024-04-17T05:46:35.028 INFO:teuthology.orchestra.run.smithi052.stderr:2024-04-17T05:46:35.028+0000 7f81b97fa700 1 -- 172.21.15.52:0/1178546056 <== mon.0 v2:172.21.15.52:3300/0 3 ==== mon_map magic: 0 ==== 205+0+0 (secure 0 0 0) 0x7f81ac00f460 con 0x7f81bc102f40
2024-04-17T05:46:35.028 INFO:teuthology.orchestra.run.smithi052.stderr:2024-04-17T05:46:35.028+0000 7f81c229b700 1 -- 172.21.15.52:0/1178546056 --> [v2:172.21.15.52:3300/0,v1:172.21.15.52:6789/0] -- mon_subscribe({osdmap=0}) -- 0x7f81bc101430 con 0x7f81bc102f40
2024-04-17T05:46:35.028 INFO:teuthology.orchestra.run.smithi052.stderr:2024-04-17T05:46:35.028+0000 7f81b97fa700 1 -- 172.21.15.52:0/1178546056 <== mon.0 v2:172.21.15.52:3300/0 4 ==== mgrmap(e 13) ==== 46614+0+0 (secure 0 0 0) 0x7f81ac02a070 con 0x7f81bc102f40
2024-04-17T05:46:35.028 INFO:teuthology.orchestra.run.smithi052.stderr:2024-04-17T05:46:35.029+0000 7f81c229b700 1 -- 172.21.15.52:0/1178546056 --> [v2:172.21.15.52:3300/0,v1:172.21.15.52:6789/0] -- mon_command({"prefix": "get_command_descriptions"} v 0) -- 0x7f81bc108c60 con 0x7f81bc102f40
2024-04-17T05:46:35.028 INFO:teuthology.orchestra.run.smithi052.stderr:2024-04-17T05:46:35.029+0000 7f81b97fa700 1 --2- 172.21.15.52:0/1178546056 >> [v2:172.21.15.52:6800/3238639972,v1:172.21.15.52:6801/3238639972] conn(0x7f81a40396b0 0x7f81a403bb70 unknown :-1 s=NONE pgs=0 cs=0 l=1 rev1=0 crypto rx=0 tx=0 comp rx=0 tx=0).connect
2024-04-17T05:46:35.028 INFO:teuthology.orchestra.run.smithi052.stderr:2024-04-17T05:46:35.029+0000 7f81b97fa700 1 -- 172.21.15.52:0/1178546056 <== mon.0 v2:172.21.15.52:3300/0 5 ==== osd_map(3..3 src has 1..3) ==== 1155+0+0 (secure 0 0 0) 0x7f81ac01e030 con 0x7f81bc102f40
2024-04-17T05:46:35.028 INFO:teuthology.orchestra.run.smithi052.stderr:2024-04-17T05:46:35.029+0000 7f81bb7fe700 1 --2- 172.21.15.52:0/1178546056 >> [v2:172.21.15.52:6800/3238639972,v1:172.21.15.52:6801/3238639972] conn(0x7f81a40396b0 0x7f81a403bb70 unknown :-1 s=BANNER_CONNECTING pgs=0 cs=0 l=1 rev1=0 crypto rx=0 tx=0 comp rx=0 tx=0)._handle_peer_banner_payload supported=3 required=0
2024-04-17T05:46:35.029 INFO:teuthology.orchestra.run.smithi052.stderr:2024-04-17T05:46:35.029+0000 7f81bb7fe700 1 --2- 172.21.15.52:0/1178546056 >> [v2:172.21.15.52:6800/3238639972,v1:172.21.15.52:6801/3238639972] conn(0x7f81a40396b0 0x7f81a403bb70 secure :-1 s=READY pgs=12 cs=0 l=1 rev1=1 crypto rx=0x7f81b0006fd0 tx=0x7f81b0006e40 comp rx=0 tx=0).ready entity=mgr.14152 client_cookie=0 server_cookie=0 in_seq=0 out_seq=0
2024-04-17T05:46:35.032 INFO:teuthology.orchestra.run.smithi052.stderr:2024-04-17T05:46:35.034+0000 7f81b97fa700 1 -- 172.21.15.52:0/1178546056 <== mon.0 v2:172.21.15.52:3300/0 6 ==== mon_command_ack([{"prefix": "get_command_descriptions"}]=0 v0) ==== 72+0+188381 (secure 0 0 0) 0x7f81ac013070 con 0x7f81bc102f40
2024-04-17T05:46:35.239 INFO:teuthology.orchestra.run.smithi052.stderr:2024-04-17T05:46:35.241+0000 7f81c229b700 1 -- 172.21.15.52:0/1178546056 --> [v2:172.21.15.52:3300/0,v1:172.21.15.52:6789/0] -- mon_command([{prefix=config set, name=mgr/cephadm/allow_ptrace}] v 0) -- 0x7f81bc191020 con 0x7f81bc102f40
2024-04-17T05:46:35.241 INFO:teuthology.orchestra.run.smithi052.stderr:2024-04-17T05:46:35.243+0000 7f81b97fa700 1 -- 172.21.15.52:0/1178546056 <== mon.0 v2:172.21.15.52:3300/0 7 ==== mon_command_ack([{prefix=config set, name=mgr/cephadm/allow_ptrace}]=0 v9)=0 v9) ==== 125+0+0 (secure 0 0 0) 0x7f81ac0292c0 con 0x7f81bc102f40
2024-04-17T05:46:35.243 INFO:teuthology.orchestra.run.smithi052.stderr:2024-04-17T05:46:35.245+0000 7f81c229b700 1 -- 172.21.15.52:0/1178546056 >> [v2:172.21.15.52:6800/3238639972,v1:172.21.15.52:6801/3238639972] conn(0x7f81a40396b0 msgr2=0x7f81a403bb70 secure :-1 s=STATE_CONNECTION_ESTABLISHED l=1).mark_down
2024-04-17T05:46:35.243 INFO:teuthology.orchestra.run.smithi052.stderr:2024-04-17T05:46:35.245+0000 7f81c229b700 1 --2- 172.21.15.52:0/1178546056 >> [v2:172.21.15.52:6800/3238639972,v1:172.21.15.52:6801/3238639972] conn(0x7f81a40396b0 0x7f81a403bb70 secure :-1 s=READY pgs=12 cs=0 l=1 rev1=1 crypto rx=0x7f81b0006fd0 tx=0x7f81b0006e40 comp rx=0 tx=0).stop
2024-04-17T05:46:35.244 INFO:teuthology.orchestra.run.smithi052.stderr:2024-04-17T05:46:35.245+0000 7f81c229b700 1 -- 172.21.15.52:0/1178546056 >> [v2:172.21.15.52:3300/0,v1:172.21.15.52:6789/0] conn(0x7f81bc102f40 msgr2=0x7f81bc1027c0 secure :-1 s=STATE_CONNECTION_ESTABLISHED l=1).mark_down
2024-04-17T05:46:35.244 INFO:teuthology.orchestra.run.smithi052.stderr:2024-04-17T05:46:35.245+0000 7f81c229b700 1 --2- 172.21.15.52:0/1178546056 >> [v2:172.21.15.52:3300/0,v1:172.21.15.52:6789/0] conn(0x7f81bc102f40 0x7f81bc1027c0 secure :-1 s=READY pgs=81 cs=0 l=1 rev1=1 crypto rx=0x7f81ac004fa0 tx=0x7f81ac005080 comp rx=0 tx=0).stop
2024-04-17T05:46:35.244 INFO:teuthology.orchestra.run.smithi052.stderr:2024-04-17T05:46:35.245+0000 7f81c229b700 1 -- 172.21.15.52:0/1178546056 shutdown_connections
2024-04-17T05:46:35.244 INFO:teuthology.orchestra.run.smithi052.stderr:2024-04-17T05:46:35.245+0000 7f81c229b700 1 --2- 172.21.15.52:0/1178546056 >> [v2:172.21.15.52:6800/3238639972,v1:172.21.15.52:6801/3238639972] conn(0x7f81a40396b0 0x7f81a403bb70 unknown :-1 s=CLOSED pgs=12 cs=0 l=1 rev1=1 crypto rx=0 tx=0 comp rx=0 tx=0).stop
2024-04-17T05:46:35.244 INFO:teuthology.orchestra.run.smithi052.stderr:2024-04-17T05:46:35.245+0000 7f81c229b700 1 --2- 172.21.15.52:0/1178546056 >> [v2:172.21.15.52:3300/0,v1:172.21.15.52:6789/0] conn(0x7f81bc102f40 0x7f81bc1027c0 unknown :-1 s=CLOSED pgs=81 cs=0 l=1 rev1=1 crypto rx=0 tx=0 comp rx=0 tx=0).stop
2024-04-17T05:46:35.244 INFO:teuthology.orchestra.run.smithi052.stderr:2024-04-17T05:46:35.245+0000 7f81c229b700 1 -- 172.21.15.52:0/1178546056 >> 172.21.15.52:0/1178546056 conn(0x7f81bc0fc950 msgr2=0x7f81bc0fd3a0 unknown :-1 s=STATE_NONE l=0).mark_down
2024-04-17T05:46:35.244 INFO:teuthology.orchestra.run.smithi052.stderr:2024-04-17T05:46:35.245+0000 7f81c229b700 1 -- 172.21.15.52:0/1178546056 shutdown_connections
2024-04-17T05:46:35.244 INFO:teuthology.orchestra.run.smithi052.stderr:2024-04-17T05:46:35.245+0000 7f81c229b700 1 -- 172.21.15.52:0/1178546056 wait complete.
2024-04-17T05:46:35.619 INFO:journalctl@ceph.mon.a.smithi052.stdout:Apr 17 05:46:35 smithi052 ceph-mon[31989]: from='mgr.14152 172.21.15.52:0/2909894659' entity='mgr.x'
2024-04-17T05:46:35.619 INFO:journalctl@ceph.mon.a.smithi052.stdout:Apr 17 05:46:35 smithi052 ceph-mon[31989]: from='mgr.14152 172.21.15.52:0/2909894659' entity='mgr.x'
2024-04-17T05:46:35.619 INFO:journalctl@ceph.mon.a.smithi052.stdout:Apr 17 05:46:35 smithi052 ceph-mon[31989]: from='mgr.14152 172.21.15.52:0/2909894659' entity='mgr.x' cmd=[{"prefix": "config rm", "who": "osd/host:smithi052", "name": "osd_memory_target"}]: dispatch
2024-04-17T05:46:35.619 INFO:journalctl@ceph.mon.a.smithi052.stdout:Apr 17 05:46:35 smithi052 ceph-mon[31989]: from='mgr.14152 172.21.15.52:0/2909894659' entity='mgr.x'
2024-04-17T05:46:35.619 INFO:journalctl@ceph.mon.a.smithi052.stdout:Apr 17 05:46:35 smithi052 ceph-mon[31989]: from='mgr.14152 172.21.15.52:0/2909894659' entity='mgr.x' cmd=[{"prefix": "config dump", "format": "json"}]: dispatch
2024-04-17T05:46:35.620 INFO:journalctl@ceph.mon.a.smithi052.stdout:Apr 17 05:46:35 smithi052 ceph-mon[31989]: from='mgr.14152 172.21.15.52:0/2909894659' entity='mgr.x'
2024-04-17T05:46:35.821 INFO:tasks.cephadm:Distributing conf and client.admin keyring to all hosts + 0755
2024-04-17T05:46:35.821 DEBUG:teuthology.orchestra.run.smithi052:> sudo /home/ubuntu/cephtest/cephadm --image quay-quay-quay.apps.os.sepia.ceph.com/ceph-ci/ceph:a8c84f5997950fd7d008204839253291d52e6eda shell -c /etc/ceph/ceph.conf -k /etc/ceph/ceph.client.admin.keyring --fsid 8cd43734-fc7d-11ee-bc91-c7b262605968 -- ceph orch client-keyring set client.admin '*' --mode 0755
2024-04-17T05:46:36.064 INFO:teuthology.orchestra.run.smithi052.stderr:Inferring config /var/lib/ceph/8cd43734-fc7d-11ee-bc91-c7b262605968/mon.a/config
2024-04-17T05:46:36.497 INFO:journalctl@ceph.mon.a.smithi052.stdout:Apr 17 05:46:36 smithi052 ceph-mon[31989]: from='client.? 172.21.15.52:0/1178546056' entity='client.admin'
2024-04-17T05:46:36.497 INFO:journalctl@ceph.mon.a.smithi052.stdout:Apr 17 05:46:36 smithi052 ceph-mon[31989]: from='mgr.14152 172.21.15.52:0/2909894659' entity='mgr.x' cmd=[{"prefix": "config dump", "format": "json"}]: dispatch
2024-04-17T05:46:36.497 INFO:journalctl@ceph.mon.a.smithi052.stdout:Apr 17 05:46:36 smithi052 ceph-mon[31989]: from='mgr.14152 172.21.15.52:0/2909894659' entity='mgr.x'
2024-04-17T05:46:37.482 INFO:teuthology.orchestra.run.smithi052.stderr:2024-04-17T05:46:37.482+0000 7f0adbb8c700 1 -- 172.21.15.52:0/3635172550 >> [v2:172.21.15.52:3300/0,v1:172.21.15.52:6789/0] conn(0x7f0ad4103af0 msgr2=0x7f0ad4103f10 secure :-1 s=STATE_CONNECTION_ESTABLISHED l=1).mark_down
2024-04-17T05:46:37.482 INFO:teuthology.orchestra.run.smithi052.stderr:2024-04-17T05:46:37.482+0000 7f0adbb8c700 1 --2- 172.21.15.52:0/3635172550 >> [v2:172.21.15.52:3300/0,v1:172.21.15.52:6789/0] conn(0x7f0ad4103af0 0x7f0ad4103f10 secure :-1 s=READY pgs=82 cs=0 l=1 rev1=1 crypto rx=0x7f0ad0009910 tx=0x7f0ad0009c20 comp rx=0 tx=0).stop
2024-04-17T05:46:37.482 INFO:teuthology.orchestra.run.smithi052.stderr:2024-04-17T05:46:37.482+0000 7f0adbb8c700 1 -- 172.21.15.52:0/3635172550 shutdown_connections
2024-04-17T05:46:37.482 INFO:teuthology.orchestra.run.smithi052.stderr:2024-04-17T05:46:37.482+0000 7f0adbb8c700 1 --2- 172.21.15.52:0/3635172550 >> [v2:172.21.15.52:3300/0,v1:172.21.15.52:6789/0] conn(0x7f0ad4103af0 0x7f0ad4103f10 unknown :-1 s=CLOSED pgs=82 cs=0 l=1 rev1=1 crypto rx=0 tx=0 comp rx=0 tx=0).stop
2024-04-17T05:46:37.482 INFO:teuthology.orchestra.run.smithi052.stderr:2024-04-17T05:46:37.482+0000 7f0adbb8c700 1 -- 172.21.15.52:0/3635172550 >> 172.21.15.52:0/3635172550 conn(0x7f0ad40fc110 msgr2=0x7f0ad40fe530 unknown :-1 s=STATE_NONE l=0).mark_down
2024-04-17T05:46:37.483 INFO:teuthology.orchestra.run.smithi052.stderr:2024-04-17T05:46:37.483+0000 7f0adbb8c700 1 -- 172.21.15.52:0/3635172550 shutdown_connections
2024-04-17T05:46:37.483 INFO:teuthology.orchestra.run.smithi052.stderr:2024-04-17T05:46:37.483+0000 7f0adbb8c700 1 -- 172.21.15.52:0/3635172550 wait complete.
2024-04-17T05:46:37.483 INFO:teuthology.orchestra.run.smithi052.stderr:2024-04-17T05:46:37.483+0000 7f0adbb8c700 1 Processor -- start
