2024-04-17T05:46:12.468+0000 7fe9d77fe700 1 --2- 172.21.15.52:0/4275492147 >> [v2:172.21.15.52:3300/0,v1:172.21.15.52:6789/0] conn(0x7fe9d8108630 0x7fe9d8108a50 secure :-1 s=READY pgs=51 cs=0 l=1 rev1=1 crypto rx=0x7fe9c8009e80 tx=0x7fe9c800b330 comp rx=0 tx=0).ready entity=mon.0 client_cookie=a99afffb57ceae1 server_cookie=0 in_seq=0 out_seq=0
2024-04-17T05:46:13.264 INFO:teuthology.orchestra.run.smithi052.stdout:/usr/bin/ceph: stderr
2024-04-17T05:46:12.468+0000 7fe9d67fc700 1 -- 172.21.15.52:0/4275492147 <== mon.0 v2:172.21.15.52:3300/0 1 ==== mon_map magic: 0 ==== 205+0+0 (secure 0 0 0) 0x7fe9c8017070 con 0x7fe9d8108630
2024-04-17T05:46:13.264 INFO:teuthology.orchestra.run.smithi052.stdout:/usr/bin/ceph: stderr
2024-04-17T05:46:12.468+0000 7fe9d67fc700 1 -- 172.21.15.52:0/4275492147 <== mon.0 v2:172.21.15.52:3300/0 2 ==== config(27 keys) ==== 1140+0+0 (secure 0 0 0) 0x7fe9c800b8c0 con 0x7fe9d8108630
2024-04-17T05:46:13.264 INFO:teuthology.orchestra.run.smithi052.stdout:/usr/bin/ceph: stderr
2024-04-17T05:46:12.468+0000 7fe9d67fc700 1 -- 172.21.15.52:0/4275492147 <== mon.0 v2:172.21.15.52:3300/0 3 ==== mon_map magic: 0 ==== 205+0+0 (secure 0 0 0) 0x7fe9c80045c0 con 0x7fe9d8108630
2024-04-17T05:46:13.264 INFO:teuthology.orchestra.run.smithi052.stdout:/usr/bin/ceph: stderr
2024-04-17T05:46:12.469+0000 7fe9de078700 1 -- 172.21.15.52:0/4275492147 >> [v2:172.21.15.52:3300/0,v1:172.21.15.52:6789/0] conn(0x7fe9d8108630 msgr2=0x7fe9d8108a50 secure :-1 s=STATE_CONNECTION_ESTABLISHED l=1).mark_down
2024-04-17T05:46:13.264 INFO:teuthology.orchestra.run.smithi052.stdout:/usr/bin/ceph: stderr
2024-04-17T05:46:12.469+0000 7fe9de078700 1 --2- 172.21.15.52:0/4275492147 >> [v2:172.21.15.52:3300/0,v1:172.21.15.52:6789/0] conn(0x7fe9d8108630 0x7fe9d8108a50 secure :-1 s=READY pgs=51 cs=0 l=1 rev1=1 crypto rx=0x7fe9c8009e80 tx=0x7fe9c800b330 comp rx=0 tx=0).stop
2024-04-17T05:46:13.264 INFO:teuthology.orchestra.run.smithi052.stdout:/usr/bin/ceph: stderr
2024-04-17T05:46:12.469+0000 7fe9de078700 1 -- 172.21.15.52:0/4275492147 shutdown_connections
2024-04-17T05:46:13.264 INFO:teuthology.orchestra.run.smithi052.stdout:/usr/bin/ceph: stderr
2024-04-17T05:46:12.469+0000 7fe9de078700 1 --2- 172.21.15.52:0/4275492147 >> [v2:172.21.15.52:3300/0,v1:172.21.15.52:6789/0] conn(0x7fe9d8108630 0x7fe9d8108a50 unknown :-1 s=CLOSED pgs=51 cs=0 l=1 rev1=1 crypto rx=0 tx=0 comp rx=0 tx=0).stop
2024-04-17T05:46:13.264 INFO:teuthology.orchestra.run.smithi052.stdout:/usr/bin/ceph: stderr
2024-04-17T05:46:12.469+0000 7fe9de078700 1 -- 172.21.15.52:0/4275492147 >> 172.21.15.52:0/4275492147 conn(0x7fe9d8103c10 msgr2=0x7fe9d8106030 unknown :-1 s=STATE_NONE l=0).mark_down
2024-04-17T05:46:13.264 INFO:teuthology.orchestra.run.smithi052.stdout:/usr/bin/ceph: stderr
2024-04-17T05:46:12.469+0000 7fe9de078700 1 -- 172.21.15.52:0/4275492147 shutdown_connections
2024-04-17T05:46:13.264 INFO:teuthology.orchestra.run.smithi052.stdout:/usr/bin/ceph: stderr
2024-04-17T05:46:12.469+0000 7fe9de078700 1 -- 172.21.15.52:0/4275492147 wait complete.
2024-04-17T05:46:13.265 INFO:teuthology.orchestra.run.smithi052.stdout:/usr/bin/ceph: stderr
2024-04-17T05:46:12.470+0000 7fe9de078700 1 Processor -- start
2024-04-17T05:46:13.265 INFO:teuthology.orchestra.run.smithi052.stdout:/usr/bin/ceph: stderr
2024-04-17T05:46:12.470+0000 7fe9de078700 1 -- start start
2024-04-17T05:46:13.265 INFO:teuthology.orchestra.run.smithi052.stdout:/usr/bin/ceph: stderr
2024-04-17T05:46:12.470+0000 7fe9de078700 1 --2- >> [v2:172.21.15.52:3300/0,v1:172.21.15.52:6789/0] conn(0x7fe9d8108630 0x7fe9d807db90 unknown :-1 s=NONE pgs=0 cs=0 l=1 rev1=0 crypto rx=0 tx=0 comp rx=0 tx=0).connect
2024-04-17T05:46:13.265 INFO:teuthology.orchestra.run.smithi052.stdout:/usr/bin/ceph: stderr
2024-04-17T05:46:12.470+0000 7fe9de078700 1 -- --> [v2:172.21.15.52:3300/0,v1:172.21.15.52:6789/0] -- mon_getmap magic: 0 -- 0x7fe9d810cb90 con 0x7fe9d8108630
2024-04-17T05:46:13.265 INFO:teuthology.orchestra.run.smithi052.stdout:/usr/bin/ceph: stderr
2024-04-17T05:46:12.470+0000 7fe9d77fe700 1 --2- >> [v2:172.21.15.52:3300/0,v1:172.21.15.52:6789/0] conn(0x7fe9d8108630 0x7fe9d807db90 unknown :-1 s=BANNER_CONNECTING pgs=0 cs=0 l=1 rev1=0 crypto rx=0 tx=0 comp rx=0 tx=0)._handle_peer_banner_payload supported=3 required=0
2024-04-17T05:46:13.265 INFO:teuthology.orchestra.run.smithi052.stdout:/usr/bin/ceph: stderr
2024-04-17T05:46:12.470+0000 7fe9d77fe700 1 --2- >> [v2:172.21.15.52:3300/0,v1:172.21.15.52:6789/0] conn(0x7fe9d8108630 0x7fe9d807db90 unknown :-1 s=HELLO_CONNECTING pgs=0 cs=0 l=1 rev1=1 crypto rx=0 tx=0 comp rx=0 tx=0).handle_hello peer v2:172.21.15.52:3300/0 says I am v2:172.21.15.52:43362/0 (socket says 172.21.15.52:43362)
2024-04-17T05:46:13.265 INFO:teuthology.orchestra.run.smithi052.stdout:/usr/bin/ceph: stderr
2024-04-17T05:46:12.470+0000 7fe9d77fe700 1 -- 172.21.15.52:0/4170820271 learned_addr learned my addr 172.21.15.52:0/4170820271 (peer_addr_for_me v2:172.21.15.52:0/0)
2024-04-17T05:46:13.265 INFO:teuthology.orchestra.run.smithi052.stdout:/usr/bin/ceph: stderr
2024-04-17T05:46:12.470+0000 7fe9d77fe700 1 -- 172.21.15.52:0/4170820271 --> [v2:172.21.15.52:3300/0,v1:172.21.15.52:6789/0] -- mon_subscribe({config=0+,monmap=0+}) -- 0x7fe9d807e0d0 con 0x7fe9d8108630
2024-04-17T05:46:13.265 INFO:teuthology.orchestra.run.smithi052.stdout:/usr/bin/ceph: stderr
2024-04-17T05:46:12.470+0000 7fe9d77fe700 1 --2- 172.21.15.52:0/4170820271 >> [v2:172.21.15.52:3300/0,v1:172.21.15.52:6789/0] conn(0x7fe9d8108630 0x7fe9d807db90 secure :-1 s=READY pgs=52 cs=0 l=1 rev1=1 crypto rx=0x7fe9c8009530 tx=0x7fe9c8003d00 comp rx=0 tx=0).ready entity=mon.0 client_cookie=0 server_cookie=0 in_seq=0 out_seq=0
2024-04-17T05:46:13.265 INFO:teuthology.orchestra.run.smithi052.stdout:/usr/bin/ceph: stderr
2024-04-17T05:46:12.471+0000 7fe9d4ff9700 1 -- 172.21.15.52:0/4170820271 <== mon.0 v2:172.21.15.52:3300/0 1 ==== mon_map magic: 0 ==== 205+0+0 (secure 0 0 0) 0x7fe9c8020020 con 0x7fe9d8108630
2024-04-17T05:46:13.265 INFO:teuthology.orchestra.run.smithi052.stdout:/usr/bin/ceph: stderr
2024-04-17T05:46:12.471+0000 7fe9d4ff9700 1 -- 172.21.15.52:0/4170820271 <== mon.0 v2:172.21.15.52:3300/0 2 ==== config(27 keys) ==== 1140+0+0 (secure 0 0 0) 0x7fe9c800bba0 con 0x7fe9d8108630
2024-04-17T05:46:13.265 INFO:teuthology.orchestra.run.smithi052.stdout:/usr/bin/ceph: stderr
2024-04-17T05:46:12.471+0000 7fe9de078700 1 -- 172.21.15.52:0/4170820271 --> [v2:172.21.15.52:3300/0,v1:172.21.15.52:6789/0] -- mon_subscribe({mgrmap=0+}) -- 0x7fe9d807c2c0 con 0x7fe9d8108630
2024-04-17T05:46:13.265 INFO:teuthology.orchestra.run.smithi052.stdout:/usr/bin/ceph: stderr
2024-04-17T05:46:12.471+0000 7fe9d4ff9700 1 -- 172.21.15.52:0/4170820271 <== mon.0 v2:172.21.15.52:3300/0 3 ==== mon_map magic: 0 ==== 205+0+0 (secure 0 0 0) 0x7fe9c8017040 con 0x7fe9d8108630
2024-04-17T05:46:13.266 INFO:teuthology.orchestra.run.smithi052.stdout:/usr/bin/ceph: stderr
2024-04-17T05:46:12.471+0000 7fe9de078700 1 -- 172.21.15.52:0/4170820271 --> [v2:172.21.15.52:3300/0,v1:172.21.15.52:6789/0] -- mon_subscribe({osdmap=0}) -- 0x7fe9d807c800 con 0x7fe9d8108630
2024-04-17T05:46:13.266 INFO:teuthology.orchestra.run.smithi052.stdout:/usr/bin/ceph: stderr
2024-04-17T05:46:12.472+0000 7fe9d4ff9700 1 -- 172.21.15.52:0/4170820271 <== mon.0 v2:172.21.15.52:3300/0 4 ==== mgrmap(e 8) ==== 46558+0+0 (secure 0 0 0) 0x7fe9c8023020 con 0x7fe9d8108630
2024-04-17T05:46:13.266 INFO:teuthology.orchestra.run.smithi052.stdout:/usr/bin/ceph: stderr
2024-04-17T05:46:12.472+0000 7fe9de078700 1 -- 172.21.15.52:0/4170820271 --> [v2:172.21.15.52:3300/0,v1:172.21.15.52:6789/0] -- mon_command({"prefix": "get_command_descriptions"} v 0) -- 0x7fe9d80640b0 con 0x7fe9d8108630
2024-04-17T05:46:13.266 INFO:teuthology.orchestra.run.smithi052.stdout:/usr/bin/ceph: stderr
2024-04-17T05:46:12.472+0000 7fe9d4ff9700 1 --2- 172.21.15.52:0/4170820271 >> [v2:172.21.15.52:6800/3299331607,v1:172.21.15.52:6801/3299331607] conn(0x7fe9c4039670 0x7fe9c403bb30 unknown :-1 s=NONE pgs=0 cs=0 l=1 rev1=0 crypto rx=0 tx=0 comp rx=0 tx=0).connect
2024-04-17T05:46:13.266 INFO:teuthology.orchestra.run.smithi052.stdout:/usr/bin/ceph: stderr
2024-04-17T05:46:12.472+0000 7fe9d4ff9700 1 -- 172.21.15.52:0/4170820271 <== mon.0 v2:172.21.15.52:3300/0 5 ==== osd_map(2..2 src has 1..2) ==== 940+0+0 (secure 0 0 0) 0x7fe9c800f050 con 0x7fe9d8108630
2024-04-17T05:46:13.266 INFO:teuthology.orchestra.run.smithi052.stdout:/usr/bin/ceph: stderr
2024-04-17T05:46:12.472+0000 7fe9d6ffd700 1 --2- 172.21.15.52:0/4170820271 >> [v2:172.21.15.52:6800/3299331607,v1:172.21.15.52:6801/3299331607] conn(0x7fe9c4039670 0x7fe9c403bb30 unknown :-1 s=BANNER_CONNECTING pgs=0 cs=0 l=1 rev1=0 crypto rx=0 tx=0 comp rx=0 tx=0)._handle_peer_banner_payload supported=3 required=0
2024-04-17T05:46:13.266 INFO:teuthology.orchestra.run.smithi052.stdout:/usr/bin/ceph: stderr
2024-04-17T05:46:12.472+0000 7fe9d6ffd700 1 --2- 172.21.15.52:0/4170820271 >> [v2:172.21.15.52:6800/3299331607,v1:172.21.15.52:6801/3299331607] conn(0x7fe9c4039670 0x7fe9c403bb30 secure :-1 s=READY pgs=14 cs=0 l=1 rev1=1 crypto rx=0x7fe9c0006fd0 tx=0x7fe9c0006e40 comp rx=0 tx=0).ready entity=mgr.14120 client_cookie=0 server_cookie=0 in_seq=0 out_seq=0
2024-04-17T05:46:13.266 INFO:teuthology.orchestra.run.smithi052.stdout:/usr/bin/ceph: stderr
2024-04-17T05:46:12.477+0000 7fe9d4ff9700 1 -- 172.21.15.52:0/4170820271 <== mon.0 v2:172.21.15.52:3300/0 6 ==== mon_command_ack([{"prefix": "get_command_descriptions"}]=0 v0) ==== 72+0+188381 (secure 0 0 0) 0x7fe9c802a020 con 0x7fe9d8108630
2024-04-17T05:46:13.266 INFO:teuthology.orchestra.run.smithi052.stdout:/usr/bin/ceph: stderr
2024-04-17T05:46:12.708+0000 7fe9de078700 1 -- 172.21.15.52:0/4170820271 --> [v2:172.21.15.52:3300/0,v1:172.21.15.52:6789/0] -- mon_command([{prefix=config set, name=mgr/cephadm/container_init}] v 0) -- 0x7fe9d807c9d0 con 0x7fe9d8108630
2024-04-17T05:46:13.266 INFO:teuthology.orchestra.run.smithi052.stdout:/usr/bin/ceph: stderr
2024-04-17T05:46:12.712+0000 7fe9d4ff9700 1 -- 172.21.15.52:0/4170820271 <== mon.0 v2:172.21.15.52:3300/0 7 ==== mon_command_ack([{prefix=config set, name=mgr/cephadm/container_init}]=0 v7)=0 v7) ==== 142+0+0 (secure 0 0 0) 0x7fe9c8012430 con 0x7fe9d8108630
2024-04-17T05:46:13.266 INFO:teuthology.orchestra.run.smithi052.stdout:/usr/bin/ceph: stderr
2024-04-17T05:46:12.714+0000 7fe9de078700 1 -- 172.21.15.52:0/4170820271 >> [v2:172.21.15.52:6800/3299331607,v1:172.21.15.52:6801/3299331607] conn(0x7fe9c4039670 msgr2=0x7fe9c403bb30 secure :-1 s=STATE_CONNECTION_ESTABLISHED l=1).mark_down
2024-04-17T05:46:13.266 INFO:teuthology.orchestra.run.smithi052.stdout:/usr/bin/ceph: stderr
2024-04-17T05:46:12.714+0000 7fe9de078700 1 --2- 172.21.15.52:0/4170820271 >> [v2:172.21.15.52:6800/3299331607,v1:172.21.15.52:6801/3299331607] conn(0x7fe9c4039670 0x7fe9c403bb30 secure :-1 s=READY pgs=14 cs=0 l=1 rev1=1 crypto rx=0x7fe9c0006fd0 tx=0x7fe9c0006e40 comp rx=0 tx=0).stop
2024-04-17T05:46:13.267 INFO:teuthology.orchestra.run.smithi052.stdout:/usr/bin/ceph: stderr
2024-04-17T05:46:12.714+0000 7fe9de078700 1 -- 172.21.15.52:0/4170820271 >> [v2:172.21.15.52:3300/0,v1:172.21.15.52:6789/0] conn(0x7fe9d8108630 msgr2=0x7fe9d807db90 secure :-1 s=STATE_CONNECTION_ESTABLISHED l=1).mark_down
2024-04-17T05:46:13.267 INFO:teuthology.orchestra.run.smithi052.stdout:/usr/bin/ceph: stderr
2024-04-17T05:46:12.714+0000 7fe9de078700 1 --2- 172.21.15.52:0/4170820271 >> [v2:172.21.15.52:3300/0,v1:172.21.15.52:6789/0] conn(0x7fe9d8108630 0x7fe9d807db90 secure :-1 s=READY pgs=52 cs=0 l=1 rev1=1 crypto rx=0x7fe9c8009530 tx=0x7fe9c8003d00 comp rx=0 tx=0).stop
2024-04-17T05:46:13.267 INFO:teuthology.orchestra.run.smithi052.stdout:/usr/bin/ceph: stderr
2024-04-17T05:46:12.714+0000 7fe9de078700 1 -- 172.21.15.52:0/4170820271 shutdown_connections
2024-04-17T05:46:13.267 INFO:teuthology.orchestra.run.smithi052.stdout:/usr/bin/ceph: stderr
2024-04-17T05:46:12.714+0000 7fe9de078700 1 --2- 172.21.15.52:0/4170820271 >> [v2:172.21.15.52:6800/3299331607,v1:172.21.15.52:6801/3299331607] conn(0x7fe9c4039670 0x7fe9c403bb30 unknown :-1 s=CLOSED pgs=14 cs=0 l=1 rev1=1 crypto rx=0 tx=0 comp rx=0 tx=0).stop
2024-04-17T05:46:13.267 INFO:teuthology.orchestra.run.smithi052.stdout:/usr/bin/ceph: stderr
2024-04-17T05:46:12.714+0000 7fe9de078700 1 --2- 172.21.15.52:0/4170820271 >> [v2:172.21.15.52:3300/0,v1:172.21.15.52:6789/0] conn(0x7fe9d8108630 0x7fe9d807db90 unknown :-1 s=CLOSED pgs=52 cs=0 l=1 rev1=1 crypto rx=0 tx=0 comp rx=0 tx=0).stop
2024-04-17T05:46:13.267 INFO:teuthology.orchestra.run.smithi052.stdout:/usr/bin/ceph: stderr
2024-04-17T05:46:12.714+0000 7fe9de078700 1 -- 172.21.15.52:0/4170820271 >> 172.21.15.52:0/4170820271 conn(0x7fe9d8103c10 msgr2=0x7fe9d81046b0 unknown :-1 s=STATE_NONE l=0).mark_down
2024-04-17T05:46:13.267 INFO:teuthology.orchestra.run.smithi052.stdout:/usr/bin/ceph: stderr
2024-04-17T05:46:12.714+0000 7fe9de078700 1 -- 172.21.15.52:0/4170820271 shutdown_connections
2024-04-17T05:46:13.267 INFO:teuthology.orchestra.run.smithi052.stdout:/usr/bin/ceph: stderr
2024-04-17T05:46:12.715+0000 7fe9de078700 1 -- 172.21.15.52:0/4170820271 wait complete.
2024-04-17T05:46:14.037 INFO:journalctl@ceph.mon.a.smithi052.stdout:Apr 17 05:46:13 smithi052 ceph-mon[31989]: from='client.? 172.21.15.52:0/4170820271' entity='client.admin'
2024-04-17T05:46:14.598 INFO:teuthology.orchestra.run.smithi052.stdout:/usr/bin/ceph: stderr
2024-04-17T05:46:13.665+0000 7f79b4271700 1 Processor -- start
2024-04-17T05:46:14.598 INFO:teuthology.orchestra.run.smithi052.stdout:/usr/bin/ceph: stderr
2024-04-17T05:46:13.665+0000 7f79b4271700 1 -- start start
2024-04-17T05:46:14.598 INFO:teuthology.orchestra.run.smithi052.stdout:/usr/bin/ceph: stderr
2024-04-17T05:46:13.665+0000 7f79b4271700 1 --2- >> [v2:172.21.15.52:3300/0,v1:172.21.15.52:6789/0] conn(0x7f79ac107520 0x7f79ac107940 unknown :-1 s=NONE pgs=0 cs=0 l=0 rev1=0 crypto rx=0 tx=0 comp rx=0 tx=0).connect
2024-04-17T05:46:14.598 INFO:teuthology.orchestra.run.smithi052.stdout:/usr/bin/ceph: stderr
2024-04-17T05:46:13.665+0000 7f79b4271700 1 -- --> [v2:172.21.15.52:3300/0,v1:172.21.15.52:6789/0] -- mon_getmap magic: 0 -- 0x7f79ac107f10 con 0x7f79ac107520
2024-04-17T05:46:14.598 INFO:teuthology.orchestra.run.smithi052.stdout:/usr/bin/ceph: stderr
2024-04-17T05:46:13.665+0000 7f79b200d700 1 --2- >> [v2:172.21.15.52:3300/0,v1:172.21.15.52:6789/0] conn(0x7f79ac107520 0x7f79ac107940 unknown :-1 s=BANNER_CONNECTING pgs=0 cs=0 l=0 rev1=0 crypto rx=0 tx=0 comp rx=0 tx=0)._handle_peer_banner_payload supported=3 required=0
2024-04-17T05:46:14.598 INFO:teuthology.orchestra.run.smithi052.stdout:/usr/bin/ceph: stderr
2024-04-17T05:46:13.665+0000 7f79b200d700 1 --2- >> [v2:172.21.15.52:3300/0,v1:172.21.15.52:6789/0] conn(0x7f79ac107520 0x7f79ac107940 unknown :-1 s=HELLO_CONNECTING pgs=0 cs=0 l=0 rev1=1 crypto rx=0 tx=0 comp rx=0 tx=0).handle_hello peer v2:172.21.15.52:3300/0 says I am v2:172.21.15.52:43370/0 (socket says 172.21.15.52:43370)
2024-04-17T05:46:14.598 INFO:teuthology.orchestra.run.smithi052.stdout:/usr/bin/ceph: stderr
2024-04-17T05:46:13.665+0000 7f79b200d700 1 -- 172.21.15.52:0/3321909401 learned_addr learned my addr 172.21.15.52:0/3321909401 (peer_addr_for_me v2:172.21.15.52:0/0)
2024-04-17T05:46:14.599 INFO:teuthology.orchestra.run.smithi052.stdout:/usr/bin/ceph: stderr
2024-04-17T05:46:13.666+0000 7f79b200d700 1 -- 172.21.15.52:0/3321909401 --> [v2:172.21.15.52:3300/0,v1:172.21.15.52:6789/0] -- mon_subscribe({config=0+,monmap=0+}) -- 0x7f79ac108720 con 0x7f79ac107520
2024-04-17T05:46:14.599 INFO:teuthology.orchestra.run.smithi052.stdout:/usr/bin/ceph: stderr
2024-04-17T05:46:13.666+0000 7f79b200d700 1 --2- 172.21.15.52:0/3321909401 >> [v2:172.21.15.52:3300/0,v1:172.21.15.52:6789/0] conn(0x7f79ac107520 0x7f79ac107940 secure :-1 s=READY pgs=53 cs=0 l=1 rev1=1 crypto rx=0x7f79a80098a0 tx=0x7f79a8009bb0 comp rx=0 tx=0).ready entity=mon.0 client_cookie=e16ffc70f8904365 server_cookie=0 in_seq=0 out_seq=0
2024-04-17T05:46:14.599 INFO:teuthology.orchestra.run.smithi052.stdout:/usr/bin/ceph: stderr
2024-04-17T05:46:13.666+0000 7f79b100b700 1 -- 172.21.15.52:0/3321909401 <== mon.0 v2:172.21.15.52:3300/0 1 ==== mon_map magic: 0 ==== 205+0+0 (secure 0 0 0) 0x7f79a8004160 con 0x7f79ac107520
2024-04-17T05:46:14.599 INFO:teuthology.orchestra.run.smithi052.stdout:/usr/bin/ceph: stderr
2024-04-17T05:46:13.666+0000 7f79b100b700 1 -- 172.21.15.52:0/3321909401 <== mon.0 v2:172.21.15.52:3300/0 2 ==== config(27 keys) ==== 1140+0+0 (secure 0 0 0) 0x7f79a8004300 con 0x7f79ac107520
2024-04-17T05:46:14.599 INFO:teuthology.orchestra.run.smithi052.stdout:/usr/bin/ceph: stderr
2024-04-17T05:46:13.666+0000 7f79b100b700 1 -- 172.21.15.52:0/3321909401 <== mon.0 v2:172.21.15.52:3300/0 3 ==== mon_map magic: 0 ==== 205+0+0 (secure 0 0 0) 0x7f79a8011b20 con 0x7f79ac107520
2024-04-17T05:46:14.599 INFO:teuthology.orchestra.run.smithi052.stdout:/usr/bin/ceph: stderr
2024-04-17T05:46:13.667+0000 7f79b4271700 1 -- 172.21.15.52:0/3321909401 >> [v2:172.21.15.52:3300/0,v1:172.21.15.52:6789/0] conn(0x7f79ac107520 msgr2=0x7f79ac107940 secure :-1 s=STATE_CONNECTION_ESTABLISHED l=1).mark_down
2024-04-17T05:46:14.599 INFO:teuthology.orchestra.run.smithi052.stdout:/usr/bin/ceph: stderr
2024-04-17T05:46:13.667+0000 7f79b4271700 1 --2- 172.21.15.52:0/3321909401 >> [v2:172.21.15.52:3300/0,v1:172.21.15.52:6789/0] conn(0x7f79ac107520 0x7f79ac107940 secure :-1 s=READY pgs=53 cs=0 l=1 rev1=1 crypto rx=0x7f79a80098a0 tx=0x7f79a8009bb0 comp rx=0 tx=0).stop
2024-04-17T05:46:14.599 INFO:teuthology.orchestra.run.smithi052.stdout:/usr/bin/ceph: stderr
2024-04-17T05:46:13.667+0000 7f79b4271700 1 -- 172.21.15.52:0/3321909401 shutdown_connections
2024-04-17T05:46:14.599 INFO:teuthology.orchestra.run.smithi052.stdout:/usr/bin/ceph: stderr
2024-04-17T05:46:13.667+0000 7f79b4271700 1 --2- 172.21.15.52:0/3321909401 >> [v2:172.21.15.52:3300/0,v1:172.21.15.52:6789/0] conn(0x7f79ac107520 0x7f79ac107940 unknown :-1 s=CLOSED pgs=53 cs=0 l=1 rev1=1 crypto rx=0 tx=0 comp rx=0 tx=0).stop
2024-04-17T05:46:14.599 INFO:teuthology.orchestra.run.smithi052.stdout:/usr/bin/ceph: stderr
2024-04-17T05:46:13.667+0000 7f79b4271700 1 -- 172.21.15.52:0/3321909401 >> 172.21.15.52:0/3321909401 conn(0x7f79ac102ae0 msgr2=0x7f79ac104f00 unknown :-1 s=STATE_NONE l=0).mark_down
2024-04-17T05:46:14.599 INFO:teuthology.orchestra.run.smithi052.stdout:/usr/bin/ceph: stderr
2024-04-17T05:46:13.667+0000 7f79b4271700 1 -- 172.21.15.52:0/3321909401 shutdown_connections
2024-04-17T05:46:14.599 INFO:teuthology.orchestra.run.smithi052.stdout:/usr/bin/ceph: stderr
2024-04-17T05:46:13.667+0000 7f79b4271700 1 -- 172.21.15.52:0/3321909401 wait complete.
2024-04-17T05:46:14.600 INFO:teuthology.orchestra.run.smithi052.stdout:/usr/bin/ceph: stderr
2024-04-17T05:46:13.667+0000 7f79b4271700 1 Processor -- start
2024-04-17T05:46:14.600 INFO:teuthology.orchestra.run.smithi052.stdout:/usr/bin/ceph: stderr
2024-04-17T05:46:13.667+0000 7f79b4271700 1 -- start start
2024-04-17T05:46:14.600 INFO:teuthology.orchestra.run.smithi052.stdout:/usr/bin/ceph: stderr
2024-04-17T05:46:13.668+0000 7f79b4271700 1 --2- >> [v2:172.21.15.52:3300/0,v1:172.21.15.52:6789/0] conn(0x7f79ac107520 0x7f79ac19c520 unknown :-1 s=NONE pgs=0 cs=0 l=1 rev1=0 crypto rx=0 tx=0 comp rx=0 tx=0).connect
2024-04-17T05:46:14.600 INFO:teuthology.orchestra.run.smithi052.stdout:/usr/bin/ceph: stderr
2024-04-17T05:46:13.668+0000 7f79b4271700 1 -- --> [v2:172.21.15.52:3300/0,v1:172.21.15.52:6789/0] -- mon_getmap magic: 0 -- 0x7f79ac10bad0 con 0x7f79ac107520
2024-04-17T05:46:14.600 INFO:teuthology.orchestra.run.smithi052.stdout:/usr/bin/ceph: stderr
2024-04-17T05:46:13.668+0000 7f79b200d700 1 --2- >> [v2:172.21.15.52:3300/0,v1:172.21.15.52:6789/0] conn(0x7f79ac107520 0x7f79ac19c520 unknown :-1 s=BANNER_CONNECTING pgs=0 cs=0 l=1 rev1=0 crypto rx=0 tx=0 comp rx=0 tx=0)._handle_peer_banner_payload supported=3 required=0
2024-04-17T05:46:14.600 INFO:teuthology.orchestra.run.smithi052.stdout:/usr/bin/ceph: stderr
2024-04-17T05:46:13.668+0000 7f79b200d700 1 --2- >> [v2:172.21.15.52:3300/0,v1:172.21.15.52:6789/0] conn(0x7f79ac107520 0x7f79ac19c520 unknown :-1 s=HELLO_CONNECTING pgs=0 cs=0 l=1 rev1=1 crypto rx=0 tx=0 comp rx=0 tx=0).handle_hello peer v2:172.21.15.52:3300/0 says I am v2:172.21.15.52:43372/0 (socket says 172.21.15.52:43372)
2024-04-17T05:46:14.600 INFO:teuthology.orchestra.run.smithi052.stdout:/usr/bin/ceph: stderr
2024-04-17T05:46:13.668+0000 7f79b200d700 1 -- 172.21.15.52:0/3723960389 learned_addr learned my addr 172.21.15.52:0/3723960389 (peer_addr_for_me v2:172.21.15.52:0/0)
2024-04-17T05:46:14.600 INFO:teuthology.orchestra.run.smithi052.stdout:/usr/bin/ceph: stderr
2024-04-17T05:46:13.668+0000 7f79b200d700 1 -- 172.21.15.52:0/3723960389 --> [v2:172.21.15.52:3300/0,v1:172.21.15.52:6789/0] -- mon_subscribe({config=0+,monmap=0+}) -- 0x7f79ac19ca60 con 0x7f79ac107520
2024-04-17T05:46:14.600 INFO:teuthology.orchestra.run.smithi052.stdout:/usr/bin/ceph: stderr
2024-04-17T05:46:13.668+0000 7f79b200d700 1 --2- 172.21.15.52:0/3723960389 >> [v2:172.21.15.52:3300/0,v1:172.21.15.52:6789/0] conn(0x7f79ac107520 0x7f79ac19c520 secure :-1 s=READY pgs=54 cs=0 l=1 rev1=1 crypto rx=0x7f79a80116a0 tx=0x7f79a8011ba0 comp rx=0 tx=0).ready entity=mon.0 client_cookie=0 server_cookie=0 in_seq=0 out_seq=0
2024-04-17T05:46:14.600 INFO:teuthology.orchestra.run.smithi052.stdout:/usr/bin/ceph: stderr
2024-04-17T05:46:13.668+0000 7f79a37fe700 1 -- 172.21.15.52:0/3723960389 <== mon.0 v2:172.21.15.52:3300/0 1 ==== mon_map magic: 0 ==== 205+0+0 (secure 0 0 0) 0x7f79a8003a40 con 0x7f79ac107520
2024-04-17T05:46:14.600 INFO:teuthology.orchestra.run.smithi052.stdout:/usr/bin/ceph: stderr
2024-04-17T05:46:13.668+0000 7f79b4271700 1 -- 172.21.15.52:0/3723960389 --> [v2:172.21.15.52:3300/0,v1:172.21.15.52:6789/0] -- mon_subscribe({mgrmap=0+}) -- 0x7f79ac19ccf0 con 0x7f79ac107520
2024-04-17T05:46:14.601 INFO:teuthology.orchestra.run.smithi052.stdout:/usr/bin/ceph: stderr
2024-04-17T05:46:13.668+0000 7f79a37fe700 1 -- 172.21.15.52:0/3723960389 <== mon.0 v2:172.21.15.52:3300/0 2 ==== config(27 keys) ==== 1140+0+0 (secure 0 0 0) 0x7f79a8003be0 con 0x7f79ac107520
2024-04-17T05:46:14.601 INFO:teuthology.orchestra.run.smithi052.stdout:/usr/bin/ceph: stderr
2024-04-17T05:46:13.668+0000 7f79a37fe700 1 -- 172.21.15.52:0/3723960389 <== mon.0 v2:172.21.15.52:3300/0 3 ==== mon_map magic: 0 ==== 205+0+0 (secure 0 0 0) 0x7f79a801a720 con 0x7f79ac107520
2024-04-17T05:46:14.601 INFO:teuthology.orchestra.run.smithi052.stdout:/usr/bin/ceph: stderr
2024-04-17T05:46:13.668+0000 7f79b4271700 1 -- 172.21.15.52:0/3723960389 --> [v2:172.21.15.52:3300/0,v1:172.21.15.52:6789/0] -- mon_subscribe({osdmap=0}) -- 0x7f79ac19d150 con 0x7f79ac107520
2024-04-17T05:46:14.601 INFO:teuthology.orchestra.run.smithi052.stdout:/usr/bin/ceph: stderr
2024-04-17T05:46:13.669+0000 7f79a37fe700 1 -- 172.21.15.52:0/3723960389 <== mon.0 v2:172.21.15.52:3300/0 4 ==== mgrmap(e 8) ==== 46558+0+0 (secure 0 0 0) 0x7f79a801aa40 con 0x7f79ac107520
2024-04-17T05:46:14.601 INFO:teuthology.orchestra.run.smithi052.stdout:/usr/bin/ceph: stderr
2024-04-17T05:46:13.669+0000 7f79a37fe700 1 --2- 172.21.15.52:0/3723960389 >> [v2:172.21.15.52:6800/3299331607,v1:172.21.15.52:6801/3299331607] conn(0x7f7998039620 0x7f799803bae0 unknown :-1 s=NONE pgs=0 cs=0 l=1 rev1=0 crypto rx=0 tx=0 comp rx=0 tx=0).connect
2024-04-17T05:46:14.601 INFO:teuthology.orchestra.run.smithi052.stdout:/usr/bin/ceph: stderr
2024-04-17T05:46:13.669+0000 7f79a37fe700 1 -- 172.21.15.52:0/3723960389 <== mon.0 v2:172.21.15.52:3300/0 5 ==== osd_map(2..2 src has 1..2) ==== 940+0+0 (secure 0 0 0) 0x7f79a804dd40 con 0x7f79ac107520
2024-04-17T05:46:14.601 INFO:teuthology.orchestra.run.smithi052.stdout:/usr/bin/ceph: stderr
2024-04-17T05:46:13.669+0000 7f79b4271700 1 -- 172.21.15.52:0/3723960389 --> [v2:172.21.15.52:3300/0,v1:172.21.15.52:6789/0] -- mon_command({"prefix": "get_command_descriptions"} v 0) -- 0x7f79ac0640b0 con 0x7f79ac107520
2024-04-17T05:46:14.601 INFO:teuthology.orchestra.run.smithi052.stdout:/usr/bin/ceph: stderr
2024-04-17T05:46:13.670+0000 7f79b180c700 1 --2- 172.21.15.52:0/3723960389 >> [v2:172.21.15.52:6800/3299331607,v1:172.21.15.52:6801/3299331607] conn(0x7f7998039620 0x7f799803bae0 unknown :-1 s=BANNER_CONNECTING pgs=0 cs=0 l=1 rev1=0 crypto rx=0 tx=0 comp rx=0 tx=0)._handle_peer_banner_payload supported=3 required=0
2024-04-17T05:46:14.601 INFO:teuthology.orchestra.run.smithi052.stdout:/usr/bin/ceph: stderr
2024-04-17T05:46:13.670+0000 7f79b180c700 1 --2- 172.21.15.52:0/3723960389 >> [v2:172.21.15.52:6800/3299331607,v1:172.21.15.52:6801/3299331607] conn(0x7f7998039620 0x7f799803bae0 secure :-1 s=READY pgs=15 cs=0 l=1 rev1=1 crypto rx=0x7f799c006fd0 tx=0x7f799c006e40 comp rx=0 tx=0).ready entity=mgr.14120 client_cookie=0 server_cookie=0 in_seq=0 out_seq=0
2024-04-17T05:46:14.601 INFO:teuthology.orchestra.run.smithi052.stdout:/usr/bin/ceph: stderr
2024-04-17T05:46:13.675+0000 7f79a37fe700 1 -- 172.21.15.52:0/3723960389 <== mon.0 v2:172.21.15.52:3300/0 6 ==== mon_command_ack([{"prefix": "get_command_descriptions"}]=0 v0) ==== 72+0+188381 (secure 0 0 0) 0x7f79a8011e20 con 0x7f79ac107520
2024-04-17T05:46:14.601 INFO:teuthology.orchestra.run.smithi052.stdout:/usr/bin/ceph: stderr
2024-04-17T05:46:13.895+0000 7f79b4271700 1 -- 172.21.15.52:0/3723960389 --> [v2:172.21.15.52:3300/0,v1:172.21.15.52:6789/0] -- mon_command([{prefix=config set, name=mgr/dashboard/ssl_server_port}] v 0) -- 0x7f79ac063660 con 0x7f79ac107520
2024-04-17T05:46:14.602 INFO:teuthology.orchestra.run.smithi052.stdout:/usr/bin/ceph: stderr
2024-04-17T05:46:13.898+0000 7f79a37fe700 1 -- 172.21.15.52:0/3723960389 <== mon.0 v2:172.21.15.52:3300/0 7 ==== mon_command_ack([{prefix=config set, name=mgr/dashboard/ssl_server_port}]=0 v8)=0 v8) ==== 130+0+0 (secure 0 0 0) 0x7f79a800fdd0 con 0x7f79ac107520
2024-04-17T05:46:14.602 INFO:teuthology.orchestra.run.smithi052.stdout:/usr/bin/ceph: stderr
2024-04-17T05:46:13.900+0000 7f79b4271700 1 -- 172.21.15.52:0/3723960389 >> [v2:172.21.15.52:6800/3299331607,v1:172.21.15.52:6801/3299331607] conn(0x7f7998039620 msgr2=0x7f799803bae0 secure :-1 s=STATE_CONNECTION_ESTABLISHED l=1).mark_down
2024-04-17T05:46:14.602 INFO:teuthology.orchestra.run.smithi052.stdout:/usr/bin/ceph: stderr
2024-04-17T05:46:13.900+0000 7f79b4271700 1 --2- 172.21.15.52:0/3723960389 >> [v2:172.21.15.52:6800/3299331607,v1:172.21.15.52:6801/3299331607] conn(0x7f7998039620 0x7f799803bae0 secure :-1 s=READY pgs=15 cs=0 l=1 rev1=1 crypto rx=0x7f799c006fd0 tx=0x7f799c006e40 comp rx=0 tx=0).stop
2024-04-17T05:46:14.602 INFO:teuthology.orchestra.run.smithi052.stdout:/usr/bin/ceph: stderr
2024-04-17T05:46:13.900+0000 7f79b4271700 1 -- 172.21.15.52:0/3723960389 >> [v2:172.21.15.52:3300/0,v1:172.21.15.52:6789/0] conn(0x7f79ac107520 msgr2=0x7f79ac19c520 secure :-1 s=STATE_CONNECTION_ESTABLISHED l=1).mark_down
2024-04-17T05:46:14.602 INFO:teuthology.orchestra.run.smithi052.stdout:/usr/bin/ceph: stderr
2024-04-17T05:46:13.900+0000 7f79b4271700 1 --2- 172.21.15.52:0/3723960389 >> [v2:172.21.15.52:3300/0,v1:172.21.15.52:6789/0] conn(0x7f79ac107520 0x7f79ac19c520 secure :-1 s=READY pgs=54 cs=0 l=1 rev1=1 crypto rx=0x7f79a80116a0 tx=0x7f79a8011ba0 comp rx=0 tx=0).stop
2024-04-17T05:46:14.603 INFO:teuthology.orchestra.run.smithi052.stdout:/usr/bin/ceph: stderr
2024-04-17T05:46:13.900+0000 7f79b4271700 1 -- 172.21.15.52:0/3723960389 shutdown_connections
2024-04-17T05:46:14.603 INFO:teuthology.orchestra.run.smithi052.stdout:/usr/bin/ceph: stderr
2024-04-17T05:46:13.900+0000 7f79b4271700 1 --2- 172.21.15.52:0/3723960389 >> [v2:172.21.15.52:6800/3299331607,v1:172.21.15.52:6801/3299331607] conn(0x7f7998039620 0x7f799803bae0 unknown :-1 s=CLOSED pgs=15 cs=0 l=1 rev1=1 crypto rx=0 tx=0 comp rx=0 tx=0).stop
2024-04-17T05:46:14.603 INFO:teuthology.orchestra.run.smithi052.stdout:/usr/bin/ceph: stderr
2024-04-17T05:46:13.900+0000 7f79b4271700 1 --2- 172.21.15.52:0/3723960389 >> [v2:172.21.15.52:3300/0,v1:172.21.15.52:6789/0] conn(0x7f79ac107520 0x7f79ac19c520 unknown :-1 s=CLOSED pgs=54 cs=0 l=1 rev1=1 crypto rx=0 tx=0 comp rx=0 tx=0).stop
2024-04-17T05:46:14.603 INFO:teuthology.orchestra.run.smithi052.stdout:/usr/bin/ceph: stderr
2024-04-17T05:46:13.900+0000 7f79b4271700 1 -- 172.21.15.52:0/3723960389 >> 172.21.15.52:0/3723960389 conn(0x7f79ac102ae0 msgr2=0x7f79ac1038b0 unknown :-1 s=STATE_NONE l=0).mark_down
2024-04-17T05:46:14.603 INFO:teuthology.orchestra.run.smithi052.stdout:/usr/bin/ceph: stderr
2024-04-17T05:46:13.900+0000 7f79b4271700 1 -- 172.21.15.52:0/3723960389 shutdown_connections
2024-04-17T05:46:14.603 INFO:teuthology.orchestra.run.smithi052.stdout:/usr/bin/ceph: stderr
2024-04-17T05:46:13.900+0000 7f79b4271700 1 -- 172.21.15.52:0/3723960389 wait complete.
2024-04-17T05:46:14.603 INFO:teuthology.orchestra.run.smithi052.stdout:Enabling the dashboard module...
2024-04-17T05:46:14.983 INFO:journalctl@ceph.mon.a.smithi052.stdout:Apr 17 05:46:14 smithi052 ceph-mon[31989]: from='client.? 172.21.15.52:0/3723960389' entity='client.admin'
2024-04-17T05:46:16.206 INFO:journalctl@ceph.mon.a.smithi052.stdout:Apr 17 05:46:15 smithi052 ceph-mon[31989]: from='client.? 172.21.15.52:0/2518993880' entity='client.admin' cmd=[{"prefix": "mgr module enable", "module": "dashboard"}]: dispatch
2024-04-17T05:46:16.206 INFO:journalctl@ceph.mon.a.smithi052.stdout:Apr 17 05:46:15 smithi052 ceph-mon[31989]: from='mgr.14120 172.21.15.52:0/858273353' entity='mgr.x'
2024-04-17T05:46:16.206 INFO:journalctl@ceph.mgr.x.smithi052.stdout:Apr 17 05:46:15 smithi052 ceph-8cd43734-fc7d-11ee-bc91-c7b262605968-mgr-x[32220]: ignoring --setuser ceph since I am not root
2024-04-17T05:46:16.207 INFO:journalctl@ceph.mgr.x.smithi052.stdout:Apr 17 05:46:15 smithi052 ceph-8cd43734-fc7d-11ee-bc91-c7b262605968-mgr-x[32220]: ignoring --setgroup ceph since I am not root
2024-04-17T05:46:16.505 INFO:teuthology.orchestra.run.smithi052.stdout:/usr/bin/ceph: stderr
2024-04-17T05:46:14.996+0000 7f7d150a6700 1 Processor -- start
2024-04-17T05:46:16.505 INFO:teuthology.orchestra.run.smithi052.stdout:/usr/bin/ceph: stderr
2024-04-17T05:46:14.996+0000 7f7d150a6700 1 -- start start
2024-04-17T05:46:16.505 INFO:teuthology.orchestra.run.smithi052.stdout:/usr/bin/ceph: stderr
2024-04-17T05:46:14.996+0000 7f7d150a6700 1 --2- >> [v2:172.21.15.52:3300/0,v1:172.21.15.52:6789/0] conn(0x7f7d10107580 0x7f7d101079a0 unknown :-1 s=NONE pgs=0 cs=0 l=0 rev1=0 crypto rx=0 tx=0 comp rx=0 tx=0).connect
2024-04-17T05:46:16.505 INFO:teuthology.orchestra.run.smithi052.stdout:/usr/bin/ceph: stderr
2024-04-17T05:46:14.996+0000 7f7d150a6700 1 -- --> [v2:172.21.15.52:3300/0,v1:172.21.15.52:6789/0] -- mon_getmap magic: 0 -- 0x7f7d10107f70 con 0x7f7d10107580
2024-04-17T05:46:16.506 INFO:teuthology.orchestra.run.smithi052.stdout:/usr/bin/ceph: stderr
2024-04-17T05:46:14.996+0000 7f7d0ed9d700 1 --2- >> [v2:172.21.15.52:3300/0,v1:172.21.15.52:6789/0] conn(0x7f7d10107580 0x7f7d101079a0 unknown :-1 s=BANNER_CONNECTING pgs=0 cs=0 l=0 rev1=0 crypto rx=0 tx=0 comp rx=0 tx=0)._handle_peer_banner_payload supported=3 required=0
2024-04-17T05:46:16.506 INFO:teuthology.orchestra.run.smithi052.stdout:/usr/bin/ceph: stderr
2024-04-17T05:46:14.996+0000 7f7d0ed9d700 1 --2- >> [v2:172.21.15.52:3300/0,v1:172.21.15.52:6789/0] conn(0x7f7d10107580 0x7f7d101079a0 unknown :-1 s=HELLO_CONNECTING pgs=0 cs=0 l=0 rev1=1 crypto rx=0 tx=0 comp rx=0 tx=0).handle_hello peer v2:172.21.15.52:3300/0 says I am v2:172.21.15.52:43382/0 (socket says 172.21.15.52:43382)
2024-04-17T05:46:16.506 INFO:teuthology.orchestra.run.smithi052.stdout:/usr/bin/ceph: stderr
2024-04-17T05:46:14.996+0000 7f7d0ed9d700 1 -- 172.21.15.52:0/492560572 learned_addr learned my addr 172.21.15.52:0/492560572 (peer_addr_for_me v2:172.21.15.52:0/0)
2024-04-17T05:46:16.506 INFO:teuthology.orchestra.run.smithi052.stdout:/usr/bin/ceph: stderr
2024-04-17T05:46:14.997+0000 7f7d0ed9d700 1 -- 172.21.15.52:0/492560572 --> [v2:172.21.15.52:3300/0,v1:172.21.15.52:6789/0] -- mon_subscribe({config=0+,monmap=0+}) -- 0x7f7d10108780 con 0x7f7d10107580
2024-04-17T05:46:16.506 INFO:teuthology.orchestra.run.smithi052.stdout:/usr/bin/ceph: stderr
2024-04-17T05:46:14.997+0000 7f7d0ed9d700 1 --2- 172.21.15.52:0/492560572 >> [v2:172.21.15.52:3300/0,v1:172.21.15.52:6789/0] conn(0x7f7d10107580 0x7f7d101079a0 secure :-1 s=READY pgs=55 cs=0 l=1 rev1=1 crypto rx=0x7f7d000098a0 tx=0x7f7d00009bb0 comp rx=0 tx=0).ready entity=mon.0 client_cookie=3c4ca16424bdd5b4 server_cookie=0 in_seq=0 out_seq=0
2024-04-17T05:46:16.506 INFO:teuthology.orchestra.run.smithi052.stdout:/usr/bin/ceph: stderr
2024-04-17T05:46:14.997+0000 7f7d0dd9b700 1 -- 172.21.15.52:0/492560572 <== mon.0 v2:172.21.15.52:3300/0 1 ==== mon_map magic: 0 ==== 205+0+0 (secure 0 0 0) 0x7f7d00004160 con 0x7f7d10107580
2024-04-17T05:46:16.506 INFO:teuthology.orchestra.run.smithi052.stdout:/usr/bin/ceph: stderr
2024-04-17T05:46:14.997+0000 7f7d0dd9b700 1 -- 172.21.15.52:0/492560572 <== mon.0 v2:172.21.15.52:3300/0 2 ==== config(27 keys) ==== 1140+0+0 (secure 0 0 0) 0x7f7d00004300 con 0x7f7d10107580
2024-04-17T05:46:16.506 INFO:teuthology.orchestra.run.smithi052.stdout:/usr/bin/ceph: stderr
2024-04-17T05:46:14.997+0000 7f7d0dd9b700 1 -- 172.21.15.52:0/492560572 <== mon.0 v2:172.21.15.52:3300/0 3 ==== mon_map magic: 0 ==== 205+0+0 (secure 0 0 0) 0x7f7d00011b20 con 0x7f7d10107580
2024-04-17T05:46:16.506 INFO:teuthology.orchestra.run.smithi052.stdout:/usr/bin/ceph: stderr
2024-04-17T05:46:14.998+0000 7f7d150a6700 1 -- 172.21.15.52:0/492560572 >> [v2:172.21.15.52:3300/0,v1:172.21.15.52:6789/0] conn(0x7f7d10107580 msgr2=0x7f7d101079a0 secure :-1 s=STATE_CONNECTION_ESTABLISHED l=1).mark_down
2024-04-17T05:46:16.506 INFO:teuthology.orchestra.run.smithi052.stdout:/usr/bin/ceph: stderr
2024-04-17T05:46:14.998+0000 7f7d150a6700 1 --2- 172.21.15.52:0/492560572 >> [v2:172.21.15.52:3300/0,v1:172.21.15.52:6789/0] conn(0x7f7d10107580 0x7f7d101079a0 secure :-1 s=READY pgs=55 cs=0 l=1 rev1=1 crypto rx=0x7f7d000098a0 tx=0x7f7d00009bb0 comp rx=0 tx=0).stop
2024-04-17T05:46:16.506 INFO:teuthology.orchestra.run.smithi052.stdout:/usr/bin/ceph: stderr
2024-04-17T05:46:14.998+0000 7f7d150a6700 1 -- 172.21.15.52:0/492560572 shutdown_connections
2024-04-17T05:46:16.507 INFO:teuthology.orchestra.run.smithi052.stdout:/usr/bin/ceph: stderr
2024-04-17T05:46:14.998+0000 7f7d150a6700 1 --2- 172.21.15.52:0/492560572 >> [v2:172.21.15.52:3300/0,v1:172.21.15.52:6789/0] conn(0x7f7d10107580 0x7f7d101079a0 unknown :-1 s=CLOSED pgs=55 cs=0 l=1 rev1=1 crypto rx=0 tx=0 comp rx=0 tx=0).stop
2024-04-17T05:46:16.507 INFO:teuthology.orchestra.run.smithi052.stdout:/usr/bin/ceph: stderr
2024-04-17T05:46:14.998+0000 7f7d150a6700 1 -- 172.21.15.52:0/492560572 >> 172.21.15.52:0/492560572 conn(0x7f7d10102b60 msgr2=0x7f7d10104f80 unknown :-1 s=STATE_NONE l=0).mark_down
2024-04-17T05:46:16.507 INFO:teuthology.orchestra.run.smithi052.stdout:/usr/bin/ceph: stderr
2024-04-17T05:46:14.998+0000 7f7d150a6700 1 -- 172.21.15.52:0/492560572 shutdown_connections
2024-04-17T05:46:16.507 INFO:teuthology.orchestra.run.smithi052.stdout:/usr/bin/ceph: stderr
2024-04-17T05:46:14.998+0000 7f7d150a6700 1 -- 172.21.15.52:0/492560572 wait complete.
2024-04-17T05:46:16.507 INFO:teuthology.orchestra.run.smithi052.stdout:/usr/bin/ceph: stderr
2024-04-17T05:46:14.999+0000 7f7d150a6700 1 Processor -- start
2024-04-17T05:46:16.507 INFO:teuthology.orchestra.run.smithi052.stdout:/usr/bin/ceph: stderr
2024-04-17T05:46:14.999+0000 7f7d150a6700 1 -- start start
2024-04-17T05:46:16.507 INFO:teuthology.orchestra.run.smithi052.stdout:/usr/bin/ceph: stderr
2024-04-17T05:46:14.999+0000 7f7d150a6700 1 --2- >> [v2:172.21.15.52:3300/0,v1:172.21.15.52:6789/0] conn(0x7f7d10107580 0x7f7d101926f0 unknown :-1 s=NONE pgs=0 cs=0 l=1 rev1=0 crypto rx=0 tx=0 comp rx=0 tx=0).connect
2024-04-17T05:46:16.507 INFO:teuthology.orchestra.run.smithi052.stdout:/usr/bin/ceph: stderr
2024-04-17T05:46:14.999+0000 7f7d150a6700 1 -- --> [v2:172.21.15.52:3300/0,v1:172.21.15.52:6789/0] -- mon_getmap magic: 0 -- 0x7f7d1010bb30 con 0x7f7d10107580
2024-04-17T05:46:16.507 INFO:teuthology.orchestra.run.smithi052.stdout:/usr/bin/ceph: stderr
2024-04-17T05:46:14.999+0000 7f7d0ed9d700 1 --2- >> [v2:172.21.15.52:3300/0,v1:172.21.15.52:6789/0] conn(0x7f7d10107580 0x7f7d101926f0 unknown :-1 s=BANNER_CONNECTING pgs=0 cs=0 l=1 rev1=0 crypto rx=0 tx=0 comp rx=0 tx=0)._handle_peer_banner_payload supported=3 required=0
2024-04-17T05:46:16.507 INFO:teuthology.orchestra.run.smithi052.stdout:/usr/bin/ceph: stderr
2024-04-17T05:46:14.999+0000 7f7d0ed9d700 1 --2- >> [v2:172.21.15.52:3300/0,v1:172.21.15.52:6789/0] conn(0x7f7d10107580 0x7f7d101926f0 unknown :-1 s=HELLO_CONNECTING pgs=0 cs=0 l=1 rev1=1 crypto rx=0 tx=0 comp rx=0 tx=0).handle_hello peer v2:172.21.15.52:3300/0 says I am v2:172.21.15.52:43398/0 (socket says 172.21.15.52:43398)
2024-04-17T05:46:16.507 INFO:teuthology.orchestra.run.smithi052.stdout:/usr/bin/ceph: stderr
2024-04-17T05:46:14.999+0000 7f7d0ed9d700 1 -- 172.21.15.52:0/2518993880 learned_addr learned my addr 172.21.15.52:0/2518993880 (peer_addr_for_me v2:172.21.15.52:0/0)
2024-04-17T05:46:16.507 INFO:teuthology.orchestra.run.smithi052.stdout:/usr/bin/ceph: stderr
2024-04-17T05:46:14.999+0000 7f7d0ed9d700 1 -- 172.21.15.52:0/2518993880 --> [v2:172.21.15.52:3300/0,v1:172.21.15.52:6789/0] -- mon_subscribe({config=0+,monmap=0+}) -- 0x7f7d10192c30 con 0x7f7d10107580
2024-04-17T05:46:16.508 INFO:teuthology.orchestra.run.smithi052.stdout:/usr/bin/ceph: stderr
2024-04-17T05:46:14.999+0000 7f7d0ed9d700 1 --2- 172.21.15.52:0/2518993880 >> [v2:172.21.15.52:3300/0,v1:172.21.15.52:6789/0] conn(0x7f7d10107580 0x7f7d101926f0 secure :-1 s=READY pgs=56 cs=0 l=1 rev1=1 crypto rx=0x7f7d000116a0 tx=0x7f7d00011ba0 comp rx=0 tx=0).ready entity=mon.0 client_cookie=0 server_cookie=0 in_seq=0 out_seq=0
2024-04-17T05:46:16.508 INFO:teuthology.orchestra.run.smithi052.stdout:/usr/bin/ceph: stderr
2024-04-17T05:46:15.000+0000 7f7cf7fff700 1 -- 172.21.15.52:0/2518993880 <== mon.0 v2:172.21.15.52:3300/0 1 ==== mon_map magic: 0 ==== 205+0+0 (secure 0 0 0) 0x7f7d00003a40 con 0x7f7d10107580
2024-04-17T05:46:16.508 INFO:teuthology.orchestra.run.smithi052.stdout:/usr/bin/ceph: stderr
2024-04-17T05:46:15.000+0000 7f7cf7fff700 1 -- 172.21.15.52:0/2518993880 <== mon.0 v2:172.21.15.52:3300/0 2 ==== config(27 keys) ==== 1140+0+0 (secure 0 0 0) 0x7f7d00003be0 con 0x7f7d10107580
2024-04-17T05:46:16.508 INFO:teuthology.orchestra.run.smithi052.stdout:/usr/bin/ceph: stderr
2024-04-17T05:46:15.000+0000 7f7d150a6700 1 -- 172.21.15.52:0/2518993880 --> [v2:172.21.15.52:3300/0,v1:172.21.15.52:6789/0] -- mon_subscribe({mgrmap=0+}) -- 0x7f7d10190e20 con 0x7f7d10107580
2024-04-17T05:46:16.508 INFO:teuthology.orchestra.run.smithi052.stdout:/usr/bin/ceph: stderr
2024-04-17T05:46:15.000+0000 7f7cf7fff700 1 -- 172.21.15.52:0/2518993880 <== mon.0 v2:172.21.15.52:3300/0 3 ==== mon_map magic: 0 ==== 205+0+0 (secure 0 0 0) 0x7f7d0001a720 con 0x7f7d10107580
2024-04-17T05:46:16.508 INFO:teuthology.orchestra.run.smithi052.stdout:/usr/bin/ceph: stderr
2024-04-17T05:46:15.000+0000 7f7d150a6700 1 -- 172.21.15.52:0/2518993880 --> [v2:172.21.15.52:3300/0,v1:172.21.15.52:6789/0] -- mon_subscribe({osdmap=0}) -- 0x7f7d101912e0 con 0x7f7d10107580
2024-04-17T05:46:16.508 INFO:teuthology.orchestra.run.smithi052.stdout:/usr/bin/ceph: stderr
2024-04-17T05:46:15.001+0000 7f7cf7fff700 1 -- 172.21.15.52:0/2518993880 <== mon.0 v2:172.21.15.52:3300/0 4 ==== mgrmap(e 8) ==== 46558+0+0 (secure 0 0 0) 0x7f7d0001aa40 con 0x7f7d10107580
2024-04-17T05:46:16.508 INFO:teuthology.orchestra.run.smithi052.stdout:/usr/bin/ceph: stderr
2024-04-17T05:46:15.001+0000 7f7d150a6700 1 -- 172.21.15.52:0/2518993880 --> [v2:172.21.15.52:3300/0,v1:172.21.15.52:6789/0] -- mon_command({"prefix": "get_command_descriptions"} v 0) -- 0x7f7d100640b0 con 0x7f7d10107580
2024-04-17T05:46:16.508 INFO:teuthology.orchestra.run.smithi052.stdout:/usr/bin/ceph: stderr
2024-04-17T05:46:15.001+0000 7f7cf7fff700 1 --2- 172.21.15.52:0/2518993880 >> [v2:172.21.15.52:6800/3299331607,v1:172.21.15.52:6801/3299331607] conn(0x7f7cf8039620 0x7f7cf803bae0 unknown :-1 s=NONE pgs=0 cs=0 l=1 rev1=0 crypto rx=0 tx=0 comp rx=0 tx=0).connect
2024-04-17T05:46:16.508 INFO:teuthology.orchestra.run.smithi052.stdout:/usr/bin/ceph: stderr
2024-04-17T05:46:15.001+0000 7f7cf7fff700 1 -- 172.21.15.52:0/2518993880 <== mon.0 v2:172.21.15.52:3300/0 5 ==== osd_map(2..2 src has 1..2) ==== 940+0+0 (secure 0 0 0) 0x7f7d0004dcd0 con 0x7f7d10107580
2024-04-17T05:46:16.508 INFO:teuthology.orchestra.run.smithi052.stdout:/usr/bin/ceph: stderr
2024-04-17T05:46:15.001+0000 7f7d0e59c700 1 --2- 172.21.15.52:0/2518993880 >> [v2:172.21.15.52:6800/3299331607,v1:172.21.15.52:6801/3299331607] conn(0x7f7cf8039620 0x7f7cf803bae0 unknown :-1 s=BANNER_CONNECTING pgs=0 cs=0 l=1 rev1=0 crypto rx=0 tx=0 comp rx=0 tx=0)._handle_peer_banner_payload supported=3 required=0
2024-04-17T05:46:16.508 INFO:teuthology.orchestra.run.smithi052.stdout:/usr/bin/ceph: stderr
2024-04-17T05:46:15.001+0000 7f7d0e59c700 1 --2- 172.21.15.52:0/2518993880 >> [v2:172.21.15.52:6800/3299331607,v1:172.21.15.52:6801/3299331607] conn(0x7f7cf8039620 0x7f7cf803bae0 secure :-1 s=READY pgs=16 cs=0 l=1 rev1=1 crypto rx=0x7f7d04006fd0 tx=0x7f7d04006e40 comp rx=0 tx=0).ready entity=mgr.14120 client_cookie=0 server_cookie=0 in_seq=0 out_seq=0
2024-04-17T05:46:16.509 INFO:teuthology.orchestra.run.smithi052.stdout:/usr/bin/ceph: stderr
2024-04-17T05:46:15.006+0000 7f7cf7fff700 1 -- 172.21.15.52:0/2518993880 <== mon.0 v2:172.21.15.52:3300/0 6 ==== mon_command_ack([{"prefix": "get_command_descriptions"}]=0 v0) ==== 72+0+188381 (secure 0 0 0) 0x7f7d00011e20 con 0x7f7d10107580
2024-04-17T05:46:16.509 INFO:teuthology.orchestra.run.smithi052.stdout:/usr/bin/ceph: stderr
2024-04-17T05:46:15.277+0000 7f7d150a6700 1 -- 172.21.15.52:0/2518993880 --> [v2:172.21.15.52:3300/0,v1:172.21.15.52:6789/0] -- mon_command({"prefix": "mgr module enable", "module": "dashboard"} v 0) -- 0x7f7d10196000 con 0x7f7d10107580
2024-04-17T05:46:16.509 INFO:teuthology.orchestra.run.smithi052.stdout:/usr/bin/ceph: stderr
2024-04-17T05:46:15.900+0000 7f7cf7fff700 1 -- 172.21.15.52:0/2518993880 <== mon.0 v2:172.21.15.52:3300/0 7 ==== mon_command_ack([{"prefix": "mgr module enable", "module": "dashboard"}]=0 v9) ==== 88+0+0 (secure 0 0 0) 0x7f7d10196000 con 0x7f7d10107580
2024-04-17T05:46:16.509 INFO:teuthology.orchestra.run.smithi052.stdout:/usr/bin/ceph: stderr
2024-04-17T05:46:15.901+0000 7f7cf7fff700 1 -- 172.21.15.52:0/2518993880 <== mon.0 v2:172.21.15.52:3300/0 8 ==== mgrmap(e 9) ==== 46571+0+0 (secure 0 0 0) 0x7f7d0002d910 con 0x7f7d10107580
2024-04-17T05:46:16.509 INFO:teuthology.orchestra.run.smithi052.stdout:/usr/bin/ceph: stderr
2024-04-17T05:46:15.903+0000 7f7d150a6700 1 -- 172.21.15.52:0/2518993880 >> [v2:172.21.15.52:6800/3299331607,v1:172.21.15.52:6801/3299331607] conn(0x7f7cf8039620 msgr2=0x7f7cf803bae0 secure :-1 s=STATE_CONNECTION_ESTABLISHED l=1).mark_down
2024-04-17T05:46:16.509 INFO:teuthology.orchestra.run.smithi052.stdout:/usr/bin/ceph: stderr
2024-04-17T05:46:15.903+0000 7f7d150a6700 1 --2- 172.21.15.52:0/2518993880 >> [v2:172.21.15.52:6800/3299331607,v1:172.21.15.52:6801/3299331607] conn(0x7f7cf8039620 0x7f7cf803bae0 secure :-1 s=READY pgs=16 cs=0 l=1 rev1=1 crypto rx=0x7f7d04006fd0 tx=0x7f7d04006e40 comp rx=0 tx=0).stop
2024-04-17T05:46:16.509 INFO:teuthology.orchestra.run.smithi052.stdout:/usr/bin/ceph: stderr
2024-04-17T05:46:15.903+0000 7f7d150a6700 1 -- 172.21.15.52:0/2518993880 >> [v2:172.21.15.52:3300/0,v1:172.21.15.52:6789/0] conn(0x7f7d10107580 msgr2=0x7f7d101926f0 secure :-1 s=STATE_CONNECTION_ESTABLISHED l=1).mark_down
2024-04-17T05:46:16.509 INFO:teuthology.orchestra.run.smithi052.stdout:/usr/bin/ceph: stderr
2024-04-17T05:46:15.903+0000 7f7d150a6700 1 --2- 172.21.15.52:0/2518993880 >> [v2:172.21.15.52:3300/0,v1:172.21.15.52:6789/0] conn(0x7f7d10107580 0x7f7d101926f0 secure :-1 s=READY pgs=56 cs=0 l=1 rev1=1 crypto rx=0x7f7d000116a0 tx=0x7f7d00011ba0 comp rx=0 tx=0).stop
2024-04-17T05:46:16.509 INFO:teuthology.orchestra.run.smithi052.stdout:/usr/bin/ceph: stderr
2024-04-17T05:46:15.903+0000 7f7d150a6700 1 -- 172.21.15.52:0/2518993880 shutdown_connections
2024-04-17T05:46:16.509 INFO:teuthology.orchestra.run.smithi052.stdout:/usr/bin/ceph: stderr
2024-04-17T05:46:15.903+0000 7f7d150a6700 1 --2- 172.21.15.52:0/2518993880 >> [v2:172.21.15.52:6800/3299331607,v1:172.21.15.52:6801/3299331607] conn(0x7f7cf8039620 0x7f7cf803bae0 unknown :-1 s=CLOSED pgs=16 cs=0 l=1 rev1=1 crypto rx=0 tx=0 comp rx=0 tx=0).stop
2024-04-17T05:46:16.509 INFO:teuthology.orchestra.run.smithi052.stdout:/usr/bin/ceph: stderr
2024-04-17T05:46:15.903+0000 7f7d150a6700 1 --2- 172.21.15.52:0/2518993880 >> [v2:172.21.15.52:3300/0,v1:172.21.15.52:6789/0] conn(0x7f7d10107580 0x7f7d101926f0 unknown :-1 s=CLOSED pgs=56 cs=0 l=1 rev1=1 crypto rx=0 tx=0 comp rx=0 tx=0).stop
2024-04-17T05:46:16.509 INFO:teuthology.orchestra.run.smithi052.stdout:/usr/bin/ceph: stderr
2024-04-17T05:46:15.903+0000 7f7d150a6700 1 -- 172.21.15.52:0/2518993880 >> 172.21.15.52:0/2518993880 conn(0x7f7d10102b60 msgr2=0x7f7d10103950 unknown :-1 s=STATE_NONE l=0).mark_down
2024-04-17T05:46:16.509 INFO:teuthology.orchestra.run.smithi052.stdout:/usr/bin/ceph: stderr
2024-04-17T05:46:15.903+0000 7f7d150a6700 1 -- 172.21.15.52:0/2518993880 shutdown_connections
2024-04-17T05:46:16.510 INFO:teuthology.orchestra.run.smithi052.stdout:/usr/bin/ceph: stderr
2024-04-17T05:46:15.903+0000 7f7d150a6700 1 -- 172.21.15.52:0/2518993880 wait complete.
2024-04-17T05:46:16.801 INFO:journalctl@ceph.mgr.x.smithi052.stdout:Apr 17 05:46:16 smithi052 ceph-8cd43734-fc7d-11ee-bc91-c7b262605968-mgr-x[32220]:
2024-04-17T05:46:16.491+0000 7ff2b125d200 -1 mgr[py] Module osd_perf_query has missing NOTIFY_TYPES member
2024-04-17T05:46:16.801 INFO:journalctl@ceph.mgr.x.smithi052.stdout:Apr 17 05:46:16 smithi052 ceph-8cd43734-fc7d-11ee-bc91-c7b262605968-mgr-x[32220]:
2024-04-17T05:46:16.592+0000 7ff2b125d200 -1 mgr[py] Module snap_schedule has missing NOTIFY_TYPES member
2024-04-17T05:46:17.109 INFO:journalctl@ceph.mon.a.smithi052.stdout:Apr 17 05:46:16 smithi052 ceph-mon[31989]: from='client.? 172.21.15.52:0/2518993880' entity='client.admin' cmd='[{"prefix": "mgr module enable", "module": "dashboard"}]': finished
2024-04-17T05:46:17.109 INFO:journalctl@ceph.mon.a.smithi052.stdout:Apr 17 05:46:16 smithi052 ceph-mon[31989]: mgrmap e9: x(active, since 19s)
2024-04-17T05:46:17.369 INFO:journalctl@ceph.mgr.x.smithi052.stdout:Apr 17 05:46:17 smithi052 ceph-8cd43734-fc7d-11ee-bc91-c7b262605968-mgr-x[32220]:
2024-04-17T05:46:17.276+0000 7ff2b125d200 -1 mgr[py] Module zabbix has missing NOTIFY_TYPES member
2024-04-17T05:46:17.701 INFO:journalctl@ceph.mgr.x.smithi052.stdout:Apr 17 05:46:17 smithi052 ceph-8cd43734-fc7d-11ee-bc91-c7b262605968-mgr-x[32220]:
2024-04-17T05:46:17.372+0000 7ff2b125d200 -1 mgr[py] Module balancer has missing NOTIFY_TYPES member
2024-04-17T05:46:17.702 INFO:journalctl@ceph.mgr.x.smithi052.stdout:Apr 17 05:46:17 smithi052 ceph-8cd43734-fc7d-11ee-bc91-c7b262605968-mgr-x[32220]:
2024-04-17T05:46:17.519+0000 7ff2b125d200 -1 mgr[py] Module influx has missing NOTIFY_TYPES member
2024-04-17T05:46:17.702 INFO:journalctl@ceph.mgr.x.smithi052.stdout:Apr 17 05:46:17 smithi052 ceph-8cd43734-fc7d-11ee-bc91-c7b262605968-mgr-x[32220]:
2024-04-17T05:46:17.617+0000 7ff2b125d200 -1 mgr[py] Module alerts has missing NOTIFY_TYPES member
2024-04-17T05:46:17.702 INFO:journalctl@ceph.mgr.x.smithi052.stdout:Apr 17 05:46:17 smithi052 ceph-8cd43734-fc7d-11ee-bc91-c7b262605968-mgr-x[32220]:
2024-04-17T05:46:17.703+0000 7ff2b125d200 -1 mgr[py] Module iostat has missing NOTIFY_TYPES member
2024-04-17T05:46:17.729 INFO:teuthology.orchestra.run.smithi052.stdout:/usr/bin/ceph: stdout {
2024-04-17T05:46:17.729 INFO:teuthology.orchestra.run.smithi052.stdout:/usr/bin/ceph: stdout "epoch": 9,
2024-04-17T05:46:17.729 INFO:teuthology.orchestra.run.smithi052.stdout:/usr/bin/ceph: stdout "available": true,
2024-04-17T05:46:17.729 INFO:teuthology.orchestra.run.smithi052.stdout:/usr/bin/ceph: stdout "active_name": "x",
2024-04-17T05:46:17.729 INFO:teuthology.orchestra.run.smithi052.stdout:/usr/bin/ceph: stdout "num_standby": 0
2024-04-17T05:46:17.729 INFO:teuthology.orchestra.run.smithi052.stdout:/usr/bin/ceph: stdout }
2024-04-17T05:46:17.729 INFO:teuthology.orchestra.run.smithi052.stdout:/usr/bin/ceph: stderr
2024-04-17T05:46:16.905+0000 7f074c6f8700 1 Processor -- start
2024-04-17T05:46:17.729 INFO:teuthology.orchestra.run.smithi052.stdout:/usr/bin/ceph: stderr
2024-04-17T05:46:16.905+0000 7f074c6f8700 1 -- start start
2024-04-17T05:46:17.729 INFO:teuthology.orchestra.run.smithi052.stdout:/usr/bin/ceph: stderr
2024-04-17T05:46:16.905+0000 7f074c6f8700 1 --2- >> [v2:172.21.15.52:3300/0,v1:172.21.15.52:6789/0] conn(0x7f0744106f30 0x7f0744107350 unknown :-1 s=NONE pgs=0 cs=0 l=0 rev1=0 crypto rx=0 tx=0 comp rx=0 tx=0).connect
2024-04-17T05:46:17.729 INFO:teuthology.orchestra.run.smithi052.stdout:/usr/bin/ceph: stderr
2024-04-17T05:46:16.905+0000 7f074c6f8700 1 -- --> [v2:172.21.15.52:3300/0,v1:172.21.15.52:6789/0] -- mon_getmap magic: 0 -- 0x7f074407be30 con 0x7f0744106f30
2024-04-17T05:46:17.730 INFO:teuthology.orchestra.run.smithi052.stdout:/usr/bin/ceph: stderr
2024-04-17T05:46:16.906+0000 7f074a494700 1 --2- >> [v2:172.21.15.52:3300/0,v1:172.21.15.52:6789/0] conn(0x7f0744106f30 0x7f0744107350 unknown :-1 s=BANNER_CONNECTING pgs=0 cs=0 l=0 rev1=0 crypto rx=0 tx=0 comp rx=0 tx=0)._handle_peer_banner_payload supported=3 required=0
2024-04-17T05:46:17.730 INFO:teuthology.orchestra.run.smithi052.stdout:/usr/bin/ceph: stderr
2024-04-17T05:46:16.906+0000 7f074a494700 1 --2- >> [v2:172.21.15.52:3300/0,v1:172.21.15.52:6789/0] conn(0x7f0744106f30 0x7f0744107350 unknown :-1 s=HELLO_CONNECTING pgs=0 cs=0 l=0 rev1=1 crypto rx=0 tx=0 comp rx=0 tx=0).handle_hello peer v2:172.21.15.52:3300/0 says I am v2:172.21.15.52:43434/0 (socket says 172.21.15.52:43434)
