2024-04-17T05:45:59.168+0000 7fbb93f80700 1 -- 172.21.15.52:0/3481518274 >> [v2:172.21.15.52:3300/0,v1:172.21.15.52:6789/0] conn(0x7fbb8c106f00 msgr2=0x7fbb8c107320 secure :-1 s=STATE_CONNECTION_ESTABLISHED l=1).mark_down
2024-04-17T05:45:59.943 INFO:teuthology.orchestra.run.smithi052.stdout:/usr/bin/ceph: stderr
2024-04-17T05:45:59.168+0000 7fbb93f80700 1 --2- 172.21.15.52:0/3481518274 >> [v2:172.21.15.52:3300/0,v1:172.21.15.52:6789/0] conn(0x7fbb8c106f00 0x7fbb8c107320 secure :-1 s=READY pgs=39 cs=0 l=1 rev1=1 crypto rx=0x7fbb800098a0 tx=0x7fbb80009bb0 comp rx=0 tx=0).stop
2024-04-17T05:45:59.943 INFO:teuthology.orchestra.run.smithi052.stdout:/usr/bin/ceph: stderr
2024-04-17T05:45:59.168+0000 7fbb93f80700 1 -- 172.21.15.52:0/3481518274 shutdown_connections
2024-04-17T05:45:59.944 INFO:teuthology.orchestra.run.smithi052.stdout:/usr/bin/ceph: stderr
2024-04-17T05:45:59.168+0000 7fbb93f80700 1 --2- 172.21.15.52:0/3481518274 >> [v2:172.21.15.52:3300/0,v1:172.21.15.52:6789/0] conn(0x7fbb8c106f00 0x7fbb8c107320 unknown :-1 s=CLOSED pgs=39 cs=0 l=1 rev1=1 crypto rx=0 tx=0 comp rx=0 tx=0).stop
2024-04-17T05:45:59.944 INFO:teuthology.orchestra.run.smithi052.stdout:/usr/bin/ceph: stderr
2024-04-17T05:45:59.168+0000 7fbb93f80700 1 -- 172.21.15.52:0/3481518274 >> 172.21.15.52:0/3481518274 conn(0x7fbb8c102ae0 msgr2=0x7fbb8c104f00 unknown :-1 s=STATE_NONE l=0).mark_down
2024-04-17T05:45:59.944 INFO:teuthology.orchestra.run.smithi052.stdout:/usr/bin/ceph: stderr
2024-04-17T05:45:59.168+0000 7fbb93f80700 1 -- 172.21.15.52:0/3481518274 shutdown_connections
2024-04-17T05:45:59.944 INFO:teuthology.orchestra.run.smithi052.stdout:/usr/bin/ceph: stderr
2024-04-17T05:45:59.168+0000 7fbb93f80700 1 -- 172.21.15.52:0/3481518274 wait complete.
2024-04-17T05:45:59.944 INFO:teuthology.orchestra.run.smithi052.stdout:/usr/bin/ceph: stderr
2024-04-17T05:45:59.168+0000 7fbb93f80700 1 Processor -- start
2024-04-17T05:45:59.944 INFO:teuthology.orchestra.run.smithi052.stdout:/usr/bin/ceph: stderr
2024-04-17T05:45:59.168+0000 7fbb93f80700 1 -- start start
2024-04-17T05:45:59.944 INFO:teuthology.orchestra.run.smithi052.stdout:/usr/bin/ceph: stderr
2024-04-17T05:45:59.169+0000 7fbb93f80700 1 --2- >> [v2:172.21.15.52:3300/0,v1:172.21.15.52:6789/0] conn(0x7fbb8c106f00 0x7fbb8c19e770 unknown :-1 s=NONE pgs=0 cs=0 l=1 rev1=0 crypto rx=0 tx=0 comp rx=0 tx=0).connect
2024-04-17T05:45:59.944 INFO:teuthology.orchestra.run.smithi052.stdout:/usr/bin/ceph: stderr
2024-04-17T05:45:59.169+0000 7fbb93f80700 1 -- --> [v2:172.21.15.52:3300/0,v1:172.21.15.52:6789/0] -- mon_getmap magic: 0 -- 0x7fbb8c1088f0 con 0x7fbb8c106f00
2024-04-17T05:45:59.944 INFO:teuthology.orchestra.run.smithi052.stdout:/usr/bin/ceph: stderr
2024-04-17T05:45:59.169+0000 7fbb91d1c700 1 --2- >> [v2:172.21.15.52:3300/0,v1:172.21.15.52:6789/0] conn(0x7fbb8c106f00 0x7fbb8c19e770 unknown :-1 s=BANNER_CONNECTING pgs=0 cs=0 l=1 rev1=0 crypto rx=0 tx=0 comp rx=0 tx=0)._handle_peer_banner_payload supported=3 required=0
2024-04-17T05:45:59.944 INFO:teuthology.orchestra.run.smithi052.stdout:/usr/bin/ceph: stderr
2024-04-17T05:45:59.169+0000 7fbb91d1c700 1 --2- >> [v2:172.21.15.52:3300/0,v1:172.21.15.52:6789/0] conn(0x7fbb8c106f00 0x7fbb8c19e770 unknown :-1 s=HELLO_CONNECTING pgs=0 cs=0 l=1 rev1=1 crypto rx=0 tx=0 comp rx=0 tx=0).handle_hello peer v2:172.21.15.52:3300/0 says I am v2:172.21.15.52:44838/0 (socket says 172.21.15.52:44838)
2024-04-17T05:45:59.944 INFO:teuthology.orchestra.run.smithi052.stdout:/usr/bin/ceph: stderr
2024-04-17T05:45:59.169+0000 7fbb91d1c700 1 -- 172.21.15.52:0/2664301155 learned_addr learned my addr 172.21.15.52:0/2664301155 (peer_addr_for_me v2:172.21.15.52:0/0)
2024-04-17T05:45:59.944 INFO:teuthology.orchestra.run.smithi052.stdout:/usr/bin/ceph: stderr
2024-04-17T05:45:59.169+0000 7fbb91d1c700 1 -- 172.21.15.52:0/2664301155 --> [v2:172.21.15.52:3300/0,v1:172.21.15.52:6789/0] -- mon_subscribe({config=0+,monmap=0+}) -- 0x7fbb8c19ecb0 con 0x7fbb8c106f00
2024-04-17T05:45:59.945 INFO:teuthology.orchestra.run.smithi052.stdout:/usr/bin/ceph: stderr
2024-04-17T05:45:59.169+0000 7fbb91d1c700 1 --2- 172.21.15.52:0/2664301155 >> [v2:172.21.15.52:3300/0,v1:172.21.15.52:6789/0] conn(0x7fbb8c106f00 0x7fbb8c19e770 secure :-1 s=READY pgs=40 cs=0 l=1 rev1=1 crypto rx=0x7fbb80011b60 tx=0x7fbb80011c40 comp rx=0 tx=0).ready entity=mon.0 client_cookie=0 server_cookie=0 in_seq=0 out_seq=0
2024-04-17T05:45:59.945 INFO:teuthology.orchestra.run.smithi052.stdout:/usr/bin/ceph: stderr
2024-04-17T05:45:59.169+0000 7fbb7effd700 1 -- 172.21.15.52:0/2664301155 <== mon.0 v2:172.21.15.52:3300/0 1 ==== mon_map magic: 0 ==== 205+0+0 (secure 0 0 0) 0x7fbb80003970 con 0x7fbb8c106f00
2024-04-17T05:45:59.945 INFO:teuthology.orchestra.run.smithi052.stdout:/usr/bin/ceph: stderr
2024-04-17T05:45:59.169+0000 7fbb7effd700 1 -- 172.21.15.52:0/2664301155 <== mon.0 v2:172.21.15.52:3300/0 2 ==== config(27 keys) ==== 1109+0+0 (secure 0 0 0) 0x7fbb80003b10 con 0x7fbb8c106f00
2024-04-17T05:45:59.945 INFO:teuthology.orchestra.run.smithi052.stdout:/usr/bin/ceph: stderr
2024-04-17T05:45:59.169+0000 7fbb93f80700 1 -- 172.21.15.52:0/2664301155 --> [v2:172.21.15.52:3300/0,v1:172.21.15.52:6789/0] -- mon_subscribe({mgrmap=0+}) -- 0x7fbb8c19ef40 con 0x7fbb8c106f00
2024-04-17T05:45:59.945 INFO:teuthology.orchestra.run.smithi052.stdout:/usr/bin/ceph: stderr
2024-04-17T05:45:59.169+0000 7fbb7effd700 1 -- 172.21.15.52:0/2664301155 <== mon.0 v2:172.21.15.52:3300/0 3 ==== mon_map magic: 0 ==== 205+0+0 (secure 0 0 0) 0x7fbb80024610 con 0x7fbb8c106f00
2024-04-17T05:45:59.945 INFO:teuthology.orchestra.run.smithi052.stdout:/usr/bin/ceph: stderr
2024-04-17T05:45:59.169+0000 7fbb93f80700 1 -- 172.21.15.52:0/2664301155 --> [v2:172.21.15.52:3300/0,v1:172.21.15.52:6789/0] -- mon_subscribe({osdmap=0}) -- 0x7fbb8c1a1c30 con 0x7fbb8c106f00
2024-04-17T05:45:59.945 INFO:teuthology.orchestra.run.smithi052.stdout:/usr/bin/ceph: stderr
2024-04-17T05:45:59.170+0000 7fbb7effd700 1 -- 172.21.15.52:0/2664301155 <== mon.0 v2:172.21.15.52:3300/0 4 ==== mgrmap(e 8) ==== 46558+0+0 (secure 0 0 0) 0x7fbb8001a9f0 con 0x7fbb8c106f00
2024-04-17T05:45:59.945 INFO:teuthology.orchestra.run.smithi052.stdout:/usr/bin/ceph: stderr
2024-04-17T05:45:59.170+0000 7fbb93f80700 1 -- 172.21.15.52:0/2664301155 --> [v2:172.21.15.52:3300/0,v1:172.21.15.52:6789/0] -- mon_command({"prefix": "get_command_descriptions"} v 0) -- 0x7fbb8c0640b0 con 0x7fbb8c106f00
2024-04-17T05:45:59.945 INFO:teuthology.orchestra.run.smithi052.stdout:/usr/bin/ceph: stderr
2024-04-17T05:45:59.171+0000 7fbb7effd700 1 --2- 172.21.15.52:0/2664301155 >> [v2:172.21.15.52:6800/3299331607,v1:172.21.15.52:6801/3299331607] conn(0x7fbb780396c0 0x7fbb7803bb80 unknown :-1 s=NONE pgs=0 cs=0 l=1 rev1=0 crypto rx=0 tx=0 comp rx=0 tx=0).connect
2024-04-17T05:45:59.945 INFO:teuthology.orchestra.run.smithi052.stdout:/usr/bin/ceph: stderr
2024-04-17T05:45:59.171+0000 7fbb7effd700 1 -- 172.21.15.52:0/2664301155 <== mon.0 v2:172.21.15.52:3300/0 5 ==== osd_map(2..2 src has 1..2) ==== 940+0+0 (secure 0 0 0) 0x7fbb80011e00 con 0x7fbb8c106f00
2024-04-17T05:45:59.946 INFO:teuthology.orchestra.run.smithi052.stdout:/usr/bin/ceph: stderr
2024-04-17T05:45:59.171+0000 7fbb9151b700 1 --2- 172.21.15.52:0/2664301155 >> [v2:172.21.15.52:6800/3299331607,v1:172.21.15.52:6801/3299331607] conn(0x7fbb780396c0 0x7fbb7803bb80 unknown :-1 s=BANNER_CONNECTING pgs=0 cs=0 l=1 rev1=0 crypto rx=0 tx=0 comp rx=0 tx=0)._handle_peer_banner_payload supported=3 required=0
2024-04-17T05:45:59.946 INFO:teuthology.orchestra.run.smithi052.stdout:/usr/bin/ceph: stderr
2024-04-17T05:45:59.171+0000 7fbb9151b700 1 --2- 172.21.15.52:0/2664301155 >> [v2:172.21.15.52:6800/3299331607,v1:172.21.15.52:6801/3299331607] conn(0x7fbb780396c0 0x7fbb7803bb80 secure :-1 s=READY pgs=8 cs=0 l=1 rev1=1 crypto rx=0x7fbb88006fd0 tx=0x7fbb88006e40 comp rx=0 tx=0).ready entity=mgr.14120 client_cookie=0 server_cookie=0 in_seq=0 out_seq=0
2024-04-17T05:45:59.946 INFO:teuthology.orchestra.run.smithi052.stdout:/usr/bin/ceph: stderr
2024-04-17T05:45:59.176+0000 7fbb7effd700 1 -- 172.21.15.52:0/2664301155 <== mon.0 v2:172.21.15.52:3300/0 6 ==== mon_command_ack([{"prefix": "get_command_descriptions"}]=0 v0) ==== 72+0+188381 (secure 0 0 0) 0x7fbb8000b5a0 con 0x7fbb8c106f00
2024-04-17T05:45:59.946 INFO:teuthology.orchestra.run.smithi052.stdout:/usr/bin/ceph: stderr
2024-04-17T05:45:59.385+0000 7fbb93f80700 1 -- 172.21.15.52:0/2664301155 --> [v2:172.21.15.52:6800/3299331607,v1:172.21.15.52:6801/3299331607] -- mgr_command(tid 0: {"prefix": "cephadm set-user", "user": "root", "target": ["mon-mgr", ""]}) -- 0x7fbb8c0008d0 con 0x7fbb780396c0
2024-04-17T05:45:59.946 INFO:teuthology.orchestra.run.smithi052.stdout:/usr/bin/ceph: stderr
2024-04-17T05:45:59.386+0000 7fbb7effd700 1 -- 172.21.15.52:0/2664301155 <== mgr.14120 v2:172.21.15.52:6800/3299331607 1 ==== mgr_command_reply(tid 0: 0 ) ==== 8+0+16 (secure 0 0 0) 0x7fbb8c0008d0 con 0x7fbb780396c0
2024-04-17T05:45:59.946 INFO:teuthology.orchestra.run.smithi052.stdout:/usr/bin/ceph: stderr
2024-04-17T05:45:59.388+0000 7fbb93f80700 1 -- 172.21.15.52:0/2664301155 >> [v2:172.21.15.52:6800/3299331607,v1:172.21.15.52:6801/3299331607] conn(0x7fbb780396c0 msgr2=0x7fbb7803bb80 secure :-1 s=STATE_CONNECTION_ESTABLISHED l=1).mark_down
2024-04-17T05:45:59.946 INFO:teuthology.orchestra.run.smithi052.stdout:/usr/bin/ceph: stderr
2024-04-17T05:45:59.388+0000 7fbb93f80700 1 --2- 172.21.15.52:0/2664301155 >> [v2:172.21.15.52:6800/3299331607,v1:172.21.15.52:6801/3299331607] conn(0x7fbb780396c0 0x7fbb7803bb80 secure :-1 s=READY pgs=8 cs=0 l=1 rev1=1 crypto rx=0x7fbb88006fd0 tx=0x7fbb88006e40 comp rx=0 tx=0).stop
2024-04-17T05:45:59.946 INFO:teuthology.orchestra.run.smithi052.stdout:/usr/bin/ceph: stderr
2024-04-17T05:45:59.388+0000 7fbb93f80700 1 -- 172.21.15.52:0/2664301155 >> [v2:172.21.15.52:3300/0,v1:172.21.15.52:6789/0] conn(0x7fbb8c106f00 msgr2=0x7fbb8c19e770 secure :-1 s=STATE_CONNECTION_ESTABLISHED l=1).mark_down
2024-04-17T05:45:59.946 INFO:teuthology.orchestra.run.smithi052.stdout:/usr/bin/ceph: stderr
2024-04-17T05:45:59.388+0000 7fbb93f80700 1 --2- 172.21.15.52:0/2664301155 >> [v2:172.21.15.52:3300/0,v1:172.21.15.52:6789/0] conn(0x7fbb8c106f00 0x7fbb8c19e770 secure :-1 s=READY pgs=40 cs=0 l=1 rev1=1 crypto rx=0x7fbb80011b60 tx=0x7fbb80011c40 comp rx=0 tx=0).stop
2024-04-17T05:45:59.946 INFO:teuthology.orchestra.run.smithi052.stdout:/usr/bin/ceph: stderr
2024-04-17T05:45:59.388+0000 7fbb93f80700 1 -- 172.21.15.52:0/2664301155 shutdown_connections
2024-04-17T05:45:59.946 INFO:teuthology.orchestra.run.smithi052.stdout:/usr/bin/ceph: stderr
2024-04-17T05:45:59.388+0000 7fbb93f80700 1 --2- 172.21.15.52:0/2664301155 >> [v2:172.21.15.52:6800/3299331607,v1:172.21.15.52:6801/3299331607] conn(0x7fbb780396c0 0x7fbb7803bb80 unknown :-1 s=CLOSED pgs=8 cs=0 l=1 rev1=1 crypto rx=0 tx=0 comp rx=0 tx=0).stop
2024-04-17T05:45:59.947 INFO:teuthology.orchestra.run.smithi052.stdout:/usr/bin/ceph: stderr
2024-04-17T05:45:59.388+0000 7fbb93f80700 1 --2- 172.21.15.52:0/2664301155 >> [v2:172.21.15.52:3300/0,v1:172.21.15.52:6789/0] conn(0x7fbb8c106f00 0x7fbb8c19e770 unknown :-1 s=CLOSED pgs=40 cs=0 l=1 rev1=1 crypto rx=0 tx=0 comp rx=0 tx=0).stop
2024-04-17T05:45:59.947 INFO:teuthology.orchestra.run.smithi052.stdout:/usr/bin/ceph: stderr
2024-04-17T05:45:59.388+0000 7fbb93f80700 1 -- 172.21.15.52:0/2664301155 >> 172.21.15.52:0/2664301155 conn(0x7fbb8c102ae0 msgr2=0x7fbb8c195410 unknown :-1 s=STATE_NONE l=0).mark_down
2024-04-17T05:45:59.947 INFO:teuthology.orchestra.run.smithi052.stdout:/usr/bin/ceph: stderr
2024-04-17T05:45:59.388+0000 7fbb93f80700 1 -- 172.21.15.52:0/2664301155 shutdown_connections
2024-04-17T05:45:59.947 INFO:teuthology.orchestra.run.smithi052.stdout:/usr/bin/ceph: stderr
2024-04-17T05:45:59.388+0000 7fbb93f80700 1 -- 172.21.15.52:0/2664301155 wait complete.
2024-04-17T05:45:59.947 INFO:teuthology.orchestra.run.smithi052.stdout:Generating ssh key...
2024-04-17T05:46:00.184 INFO:journalctl@ceph.mon.a.smithi052.stdout:Apr 17 05:45:59 smithi052 ceph-mon[31989]: from='client.14134 -' entity='client.admin' cmd=[{"prefix": "cephadm set-user", "user": "root", "target": ["mon-mgr", ""]}]: dispatch
2024-04-17T05:46:01.261 INFO:journalctl@ceph.mgr.x.smithi052.stdout:Apr 17 05:46:00 smithi052 ceph-8cd43734-fc7d-11ee-bc91-c7b262605968-mgr-x[32220]: Generating public/private rsa key pair.
2024-04-17T05:46:01.261 INFO:journalctl@ceph.mgr.x.smithi052.stdout:Apr 17 05:46:00 smithi052 ceph-8cd43734-fc7d-11ee-bc91-c7b262605968-mgr-x[32220]: Your identification has been saved in /tmp/tmpanplnla2/key.
2024-04-17T05:46:01.261 INFO:journalctl@ceph.mgr.x.smithi052.stdout:Apr 17 05:46:00 smithi052 ceph-8cd43734-fc7d-11ee-bc91-c7b262605968-mgr-x[32220]: Your public key has been saved in /tmp/tmpanplnla2/key.pub.
2024-04-17T05:46:01.261 INFO:journalctl@ceph.mgr.x.smithi052.stdout:Apr 17 05:46:00 smithi052 ceph-8cd43734-fc7d-11ee-bc91-c7b262605968-mgr-x[32220]: The key fingerprint is:
2024-04-17T05:46:01.261 INFO:journalctl@ceph.mgr.x.smithi052.stdout:Apr 17 05:46:00 smithi052 ceph-8cd43734-fc7d-11ee-bc91-c7b262605968-mgr-x[32220]: SHA256:DQFCzRxtDaoOdaQdiIbXAeKyQszktnZozjbMiip2+80 ceph-8cd43734-fc7d-11ee-bc91-c7b262605968
2024-04-17T05:46:01.261 INFO:journalctl@ceph.mgr.x.smithi052.stdout:Apr 17 05:46:00 smithi052 ceph-8cd43734-fc7d-11ee-bc91-c7b262605968-mgr-x[32220]: The key's randomart image is:
2024-04-17T05:46:01.261 INFO:journalctl@ceph.mgr.x.smithi052.stdout:Apr 17 05:46:00 smithi052 ceph-8cd43734-fc7d-11ee-bc91-c7b262605968-mgr-x[32220]: +---[RSA 3072]----+
2024-04-17T05:46:01.261 INFO:journalctl@ceph.mgr.x.smithi052.stdout:Apr 17 05:46:00 smithi052 ceph-8cd43734-fc7d-11ee-bc91-c7b262605968-mgr-x[32220]: |.o.=+*=+oo |
2024-04-17T05:46:01.261 INFO:journalctl@ceph.mgr.x.smithi052.stdout:Apr 17 05:46:00 smithi052 ceph-8cd43734-fc7d-11ee-bc91-c7b262605968-mgr-x[32220]: |B.+ o=+oo.. |
2024-04-17T05:46:01.261 INFO:journalctl@ceph.mgr.x.smithi052.stdout:Apr 17 05:46:00 smithi052 ceph-8cd43734-fc7d-11ee-bc91-c7b262605968-mgr-x[32220]: |.X o +.. |
2024-04-17T05:46:01.261 INFO:journalctl@ceph.mgr.x.smithi052.stdout:Apr 17 05:46:00 smithi052 ceph-8cd43734-fc7d-11ee-bc91-c7b262605968-mgr-x[32220]: |+.o. o o |
2024-04-17T05:46:01.262 INFO:journalctl@ceph.mgr.x.smithi052.stdout:Apr 17 05:46:00 smithi052 ceph-8cd43734-fc7d-11ee-bc91-c7b262605968-mgr-x[32220]: |o=... S . |
2024-04-17T05:46:01.262 INFO:journalctl@ceph.mgr.x.smithi052.stdout:Apr 17 05:46:00 smithi052 ceph-8cd43734-fc7d-11ee-bc91-c7b262605968-mgr-x[32220]: |O .o |
2024-04-17T05:46:01.262 INFO:journalctl@ceph.mgr.x.smithi052.stdout:Apr 17 05:46:00 smithi052 ceph-8cd43734-fc7d-11ee-bc91-c7b262605968-mgr-x[32220]: | B . |
2024-04-17T05:46:01.262 INFO:journalctl@ceph.mgr.x.smithi052.stdout:Apr 17 05:46:00 smithi052 ceph-8cd43734-fc7d-11ee-bc91-c7b262605968-mgr-x[32220]: |=... o |
2024-04-17T05:46:01.262 INFO:journalctl@ceph.mgr.x.smithi052.stdout:Apr 17 05:46:00 smithi052 ceph-8cd43734-fc7d-11ee-bc91-c7b262605968-mgr-x[32220]: |B ..o. E |
2024-04-17T05:46:01.262 INFO:journalctl@ceph.mgr.x.smithi052.stdout:Apr 17 05:46:00 smithi052 ceph-8cd43734-fc7d-11ee-bc91-c7b262605968-mgr-x[32220]: +----[SHA256]-----+
2024-04-17T05:46:01.533 INFO:teuthology.orchestra.run.smithi052.stdout:/usr/bin/ceph: stderr
2024-04-17T05:46:00.383+0000 7f734b5a9700 1 Processor -- start
2024-04-17T05:46:01.534 INFO:teuthology.orchestra.run.smithi052.stdout:/usr/bin/ceph: stderr
2024-04-17T05:46:00.384+0000 7f734b5a9700 1 -- start start
2024-04-17T05:46:01.534 INFO:teuthology.orchestra.run.smithi052.stdout:/usr/bin/ceph: stderr
2024-04-17T05:46:00.384+0000 7f734b5a9700 1 --2- >> [v2:172.21.15.52:3300/0,v1:172.21.15.52:6789/0] conn(0x7f7344108630 0x7f7344108a50 unknown :-1 s=NONE pgs=0 cs=0 l=0 rev1=0 crypto rx=0 tx=0 comp rx=0 tx=0).connect
2024-04-17T05:46:01.534 INFO:teuthology.orchestra.run.smithi052.stdout:/usr/bin/ceph: stderr
2024-04-17T05:46:00.384+0000 7f734b5a9700 1 -- --> [v2:172.21.15.52:3300/0,v1:172.21.15.52:6789/0] -- mon_getmap magic: 0 -- 0x7f7344109020 con 0x7f7344108630
2024-04-17T05:46:01.534 INFO:teuthology.orchestra.run.smithi052.stdout:/usr/bin/ceph: stderr
2024-04-17T05:46:00.384+0000 7f7349345700 1 --2- >> [v2:172.21.15.52:3300/0,v1:172.21.15.52:6789/0] conn(0x7f7344108630 0x7f7344108a50 unknown :-1 s=BANNER_CONNECTING pgs=0 cs=0 l=0 rev1=0 crypto rx=0 tx=0 comp rx=0 tx=0)._handle_peer_banner_payload supported=3 required=0
2024-04-17T05:46:01.534 INFO:teuthology.orchestra.run.smithi052.stdout:/usr/bin/ceph: stderr
2024-04-17T05:46:00.384+0000 7f7349345700 1 --2- >> [v2:172.21.15.52:3300/0,v1:172.21.15.52:6789/0] conn(0x7f7344108630 0x7f7344108a50 unknown :-1 s=HELLO_CONNECTING pgs=0 cs=0 l=0 rev1=1 crypto rx=0 tx=0 comp rx=0 tx=0).handle_hello peer v2:172.21.15.52:3300/0 says I am v2:172.21.15.52:44852/0 (socket says 172.21.15.52:44852)
2024-04-17T05:46:01.534 INFO:teuthology.orchestra.run.smithi052.stdout:/usr/bin/ceph: stderr
2024-04-17T05:46:00.384+0000 7f7349345700 1 -- 172.21.15.52:0/3348922300 learned_addr learned my addr 172.21.15.52:0/3348922300 (peer_addr_for_me v2:172.21.15.52:0/0)
2024-04-17T05:46:01.534 INFO:teuthology.orchestra.run.smithi052.stdout:/usr/bin/ceph: stderr
2024-04-17T05:46:00.384+0000 7f7349345700 1 -- 172.21.15.52:0/3348922300 --> [v2:172.21.15.52:3300/0,v1:172.21.15.52:6789/0] -- mon_subscribe({config=0+,monmap=0+}) -- 0x7f73441097e0 con 0x7f7344108630
2024-04-17T05:46:01.534 INFO:teuthology.orchestra.run.smithi052.stdout:/usr/bin/ceph: stderr
2024-04-17T05:46:00.384+0000 7f7349345700 1 --2- 172.21.15.52:0/3348922300 >> [v2:172.21.15.52:3300/0,v1:172.21.15.52:6789/0] conn(0x7f7344108630 0x7f7344108a50 secure :-1 s=READY pgs=41 cs=0 l=1 rev1=1 crypto rx=0x7f73380098a0 tx=0x7f7338009bb0 comp rx=0 tx=0).ready entity=mon.0 client_cookie=ab785d15286f6425 server_cookie=0 in_seq=0 out_seq=0
2024-04-17T05:46:01.534 INFO:teuthology.orchestra.run.smithi052.stdout:/usr/bin/ceph: stderr
2024-04-17T05:46:00.385+0000 7f7337fff700 1 -- 172.21.15.52:0/3348922300 <== mon.0 v2:172.21.15.52:3300/0 1 ==== mon_map magic: 0 ==== 205+0+0 (secure 0 0 0) 0x7f7338004160 con 0x7f7344108630
2024-04-17T05:46:01.534 INFO:teuthology.orchestra.run.smithi052.stdout:/usr/bin/ceph: stderr
2024-04-17T05:46:00.385+0000 7f7337fff700 1 -- 172.21.15.52:0/3348922300 <== mon.0 v2:172.21.15.52:3300/0 2 ==== config(27 keys) ==== 1109+0+0 (secure 0 0 0) 0x7f7338004300 con 0x7f7344108630
2024-04-17T05:46:01.535 INFO:teuthology.orchestra.run.smithi052.stdout:/usr/bin/ceph: stderr
2024-04-17T05:46:00.385+0000 7f7337fff700 1 -- 172.21.15.52:0/3348922300 <== mon.0 v2:172.21.15.52:3300/0 3 ==== mon_map magic: 0 ==== 205+0+0 (secure 0 0 0) 0x7f7338011b50 con 0x7f7344108630
2024-04-17T05:46:01.535 INFO:teuthology.orchestra.run.smithi052.stdout:/usr/bin/ceph: stderr
2024-04-17T05:46:00.385+0000 7f734b5a9700 1 -- 172.21.15.52:0/3348922300 >> [v2:172.21.15.52:3300/0,v1:172.21.15.52:6789/0] conn(0x7f7344108630 msgr2=0x7f7344108a50 secure :-1 s=STATE_CONNECTION_ESTABLISHED l=1).mark_down
2024-04-17T05:46:01.535 INFO:teuthology.orchestra.run.smithi052.stdout:/usr/bin/ceph: stderr
2024-04-17T05:46:00.385+0000 7f734b5a9700 1 --2- 172.21.15.52:0/3348922300 >> [v2:172.21.15.52:3300/0,v1:172.21.15.52:6789/0] conn(0x7f7344108630 0x7f7344108a50 secure :-1 s=READY pgs=41 cs=0 l=1 rev1=1 crypto rx=0x7f73380098a0 tx=0x7f7338009bb0 comp rx=0 tx=0).stop
2024-04-17T05:46:01.535 INFO:teuthology.orchestra.run.smithi052.stdout:/usr/bin/ceph: stderr
2024-04-17T05:46:00.385+0000 7f734b5a9700 1 -- 172.21.15.52:0/3348922300 shutdown_connections
2024-04-17T05:46:01.535 INFO:teuthology.orchestra.run.smithi052.stdout:/usr/bin/ceph: stderr
2024-04-17T05:46:00.385+0000 7f734b5a9700 1 --2- 172.21.15.52:0/3348922300 >> [v2:172.21.15.52:3300/0,v1:172.21.15.52:6789/0] conn(0x7f7344108630 0x7f7344108a50 unknown :-1 s=CLOSED pgs=41 cs=0 l=1 rev1=1 crypto rx=0 tx=0 comp rx=0 tx=0).stop
2024-04-17T05:46:01.535 INFO:teuthology.orchestra.run.smithi052.stdout:/usr/bin/ceph: stderr
2024-04-17T05:46:00.385+0000 7f734b5a9700 1 -- 172.21.15.52:0/3348922300 >> 172.21.15.52:0/3348922300 conn(0x7f7344103c10 msgr2=0x7f7344106030 unknown :-1 s=STATE_NONE l=0).mark_down
2024-04-17T05:46:01.535 INFO:teuthology.orchestra.run.smithi052.stdout:/usr/bin/ceph: stderr
2024-04-17T05:46:00.385+0000 7f734b5a9700 1 -- 172.21.15.52:0/3348922300 shutdown_connections
2024-04-17T05:46:01.535 INFO:teuthology.orchestra.run.smithi052.stdout:/usr/bin/ceph: stderr
2024-04-17T05:46:00.385+0000 7f734b5a9700 1 -- 172.21.15.52:0/3348922300 wait complete.
2024-04-17T05:46:01.535 INFO:teuthology.orchestra.run.smithi052.stdout:/usr/bin/ceph: stderr
2024-04-17T05:46:00.386+0000 7f734b5a9700 1 Processor -- start
2024-04-17T05:46:01.535 INFO:teuthology.orchestra.run.smithi052.stdout:/usr/bin/ceph: stderr
2024-04-17T05:46:00.386+0000 7f734b5a9700 1 -- start start
2024-04-17T05:46:01.535 INFO:teuthology.orchestra.run.smithi052.stdout:/usr/bin/ceph: stderr
2024-04-17T05:46:00.386+0000 7f734b5a9700 1 --2- >> [v2:172.21.15.52:3300/0,v1:172.21.15.52:6789/0] conn(0x7f7344108630 0x7f734419c520 unknown :-1 s=NONE pgs=0 cs=0 l=1 rev1=0 crypto rx=0 tx=0 comp rx=0 tx=0).connect
2024-04-17T05:46:01.535 INFO:teuthology.orchestra.run.smithi052.stdout:/usr/bin/ceph: stderr
2024-04-17T05:46:00.386+0000 7f734b5a9700 1 -- --> [v2:172.21.15.52:3300/0,v1:172.21.15.52:6789/0] -- mon_getmap magic: 0 -- 0x7f734410cb90 con 0x7f7344108630
2024-04-17T05:46:01.536 INFO:teuthology.orchestra.run.smithi052.stdout:/usr/bin/ceph: stderr
2024-04-17T05:46:00.386+0000 7f7349345700 1 --2- >> [v2:172.21.15.52:3300/0,v1:172.21.15.52:6789/0] conn(0x7f7344108630 0x7f734419c520 unknown :-1 s=BANNER_CONNECTING pgs=0 cs=0 l=1 rev1=0 crypto rx=0 tx=0 comp rx=0 tx=0)._handle_peer_banner_payload supported=3 required=0
2024-04-17T05:46:01.536 INFO:teuthology.orchestra.run.smithi052.stdout:/usr/bin/ceph: stderr
2024-04-17T05:46:00.386+0000 7f7349345700 1 --2- >> [v2:172.21.15.52:3300/0,v1:172.21.15.52:6789/0] conn(0x7f7344108630 0x7f734419c520 unknown :-1 s=HELLO_CONNECTING pgs=0 cs=0 l=1 rev1=1 crypto rx=0 tx=0 comp rx=0 tx=0).handle_hello peer v2:172.21.15.52:3300/0 says I am v2:172.21.15.52:44856/0 (socket says 172.21.15.52:44856)
2024-04-17T05:46:01.536 INFO:teuthology.orchestra.run.smithi052.stdout:/usr/bin/ceph: stderr
2024-04-17T05:46:00.386+0000 7f7349345700 1 -- 172.21.15.52:0/2643156725 learned_addr learned my addr 172.21.15.52:0/2643156725 (peer_addr_for_me v2:172.21.15.52:0/0)
2024-04-17T05:46:01.536 INFO:teuthology.orchestra.run.smithi052.stdout:/usr/bin/ceph: stderr
2024-04-17T05:46:00.386+0000 7f7349345700 1 -- 172.21.15.52:0/2643156725 --> [v2:172.21.15.52:3300/0,v1:172.21.15.52:6789/0] -- mon_subscribe({config=0+,monmap=0+}) -- 0x7f734419ca60 con 0x7f7344108630
2024-04-17T05:46:01.536 INFO:teuthology.orchestra.run.smithi052.stdout:/usr/bin/ceph: stderr
2024-04-17T05:46:00.387+0000 7f7349345700 1 --2- 172.21.15.52:0/2643156725 >> [v2:172.21.15.52:3300/0,v1:172.21.15.52:6789/0] conn(0x7f7344108630 0x7f734419c520 secure :-1 s=READY pgs=42 cs=0 l=1 rev1=1 crypto rx=0x7f7338011850 tx=0x7f7338011c10 comp rx=0 tx=0).ready entity=mon.0 client_cookie=0 server_cookie=0 in_seq=0 out_seq=0
2024-04-17T05:46:01.536 INFO:teuthology.orchestra.run.smithi052.stdout:/usr/bin/ceph: stderr
2024-04-17T05:46:00.387+0000 7f73367fc700 1 -- 172.21.15.52:0/2643156725 <== mon.0 v2:172.21.15.52:3300/0 1 ==== mon_map magic: 0 ==== 205+0+0 (secure 0 0 0) 0x7f7338003af0 con 0x7f7344108630
2024-04-17T05:46:01.536 INFO:teuthology.orchestra.run.smithi052.stdout:/usr/bin/ceph: stderr
2024-04-17T05:46:00.387+0000 7f73367fc700 1 -- 172.21.15.52:0/2643156725 <== mon.0 v2:172.21.15.52:3300/0 2 ==== config(27 keys) ==== 1109+0+0 (secure 0 0 0) 0x7f7338020070 con 0x7f7344108630
2024-04-17T05:46:01.536 INFO:teuthology.orchestra.run.smithi052.stdout:/usr/bin/ceph: stderr
2024-04-17T05:46:00.387+0000 7f734b5a9700 1 -- 172.21.15.52:0/2643156725 --> [v2:172.21.15.52:3300/0,v1:172.21.15.52:6789/0] -- mon_subscribe({mgrmap=0+}) -- 0x7f734419ccf0 con 0x7f7344108630
2024-04-17T05:46:01.536 INFO:teuthology.orchestra.run.smithi052.stdout:/usr/bin/ceph: stderr
2024-04-17T05:46:00.387+0000 7f73367fc700 1 -- 172.21.15.52:0/2643156725 <== mon.0 v2:172.21.15.52:3300/0 3 ==== mon_map magic: 0 ==== 205+0+0 (secure 0 0 0) 0x7f73380195a0 con 0x7f7344108630
2024-04-17T05:46:01.537 INFO:teuthology.orchestra.run.smithi052.stdout:/usr/bin/ceph: stderr
2024-04-17T05:46:00.387+0000 7f734b5a9700 1 -- 172.21.15.52:0/2643156725 --> [v2:172.21.15.52:3300/0,v1:172.21.15.52:6789/0] -- mon_subscribe({osdmap=0}) -- 0x7f734419f9e0 con 0x7f7344108630
2024-04-17T05:46:01.537 INFO:teuthology.orchestra.run.smithi052.stdout:/usr/bin/ceph: stderr
2024-04-17T05:46:00.388+0000 7f73367fc700 1 -- 172.21.15.52:0/2643156725 <== mon.0 v2:172.21.15.52:3300/0 4 ==== mgrmap(e 8) ==== 46558+0+0 (secure 0 0 0) 0x7f7338019850 con 0x7f7344108630
2024-04-17T05:46:01.537 INFO:teuthology.orchestra.run.smithi052.stdout:/usr/bin/ceph: stderr
2024-04-17T05:46:00.388+0000 7f734b5a9700 1 -- 172.21.15.52:0/2643156725 --> [v2:172.21.15.52:3300/0,v1:172.21.15.52:6789/0] -- mon_command({"prefix": "get_command_descriptions"} v 0) -- 0x7f73440640b0 con 0x7f7344108630
2024-04-17T05:46:01.537 INFO:teuthology.orchestra.run.smithi052.stdout:/usr/bin/ceph: stderr
2024-04-17T05:46:00.388+0000 7f73367fc700 1 --2- 172.21.15.52:0/2643156725 >> [v2:172.21.15.52:6800/3299331607,v1:172.21.15.52:6801/3299331607] conn(0x7f73300396c0 0x7f733003bb80 unknown :-1 s=NONE pgs=0 cs=0 l=1 rev1=0 crypto rx=0 tx=0 comp rx=0 tx=0).connect
2024-04-17T05:46:01.537 INFO:teuthology.orchestra.run.smithi052.stdout:/usr/bin/ceph: stderr
2024-04-17T05:46:00.388+0000 7f73367fc700 1 -- 172.21.15.52:0/2643156725 <== mon.0 v2:172.21.15.52:3300/0 5 ==== osd_map(2..2 src has 1..2) ==== 940+0+0 (secure 0 0 0) 0x7f7338011e00 con 0x7f7344108630
2024-04-17T05:46:01.537 INFO:teuthology.orchestra.run.smithi052.stdout:/usr/bin/ceph: stderr
2024-04-17T05:46:00.388+0000 7f7348b44700 1 --2- 172.21.15.52:0/2643156725 >> [v2:172.21.15.52:6800/3299331607,v1:172.21.15.52:6801/3299331607] conn(0x7f73300396c0 0x7f733003bb80 unknown :-1 s=BANNER_CONNECTING pgs=0 cs=0 l=1 rev1=0 crypto rx=0 tx=0 comp rx=0 tx=0)._handle_peer_banner_payload supported=3 required=0
2024-04-17T05:46:01.537 INFO:teuthology.orchestra.run.smithi052.stdout:/usr/bin/ceph: stderr
2024-04-17T05:46:00.389+0000 7f7348b44700 1 --2- 172.21.15.52:0/2643156725 >> [v2:172.21.15.52:6800/3299331607,v1:172.21.15.52:6801/3299331607] conn(0x7f73300396c0 0x7f733003bb80 secure :-1 s=READY pgs=9 cs=0 l=1 rev1=1 crypto rx=0x7f7340006fd0 tx=0x7f7340006e40 comp rx=0 tx=0).ready entity=mgr.14120 client_cookie=0 server_cookie=0 in_seq=0 out_seq=0
2024-04-17T05:46:01.537 INFO:teuthology.orchestra.run.smithi052.stdout:/usr/bin/ceph: stderr
2024-04-17T05:46:00.393+0000 7f73367fc700 1 -- 172.21.15.52:0/2643156725 <== mon.0 v2:172.21.15.52:3300/0 6 ==== mon_command_ack([{"prefix": "get_command_descriptions"}]=0 v0) ==== 72+0+188381 (secure 0 0 0) 0x7f733800e260 con 0x7f7344108630
2024-04-17T05:46:01.537 INFO:teuthology.orchestra.run.smithi052.stdout:/usr/bin/ceph: stderr
2024-04-17T05:46:00.604+0000 7f734b5a9700 1 -- 172.21.15.52:0/2643156725 --> [v2:172.21.15.52:6800/3299331607,v1:172.21.15.52:6801/3299331607] -- mgr_command(tid 0: {"prefix": "cephadm generate-key", "target": ["mon-mgr", ""]}) -- 0x7f7344104e70 con 0x7f73300396c0
2024-04-17T05:46:01.537 INFO:teuthology.orchestra.run.smithi052.stdout:/usr/bin/ceph: stderr
2024-04-17T05:46:00.914+0000 7f73367fc700 1 -- 172.21.15.52:0/2643156725 <== mgr.14120 v2:172.21.15.52:6800/3299331607 1 ==== mgr_command_reply(tid 0: 0 ) ==== 8+0+0 (secure 0 0 0) 0x7f7344104e70 con 0x7f73300396c0
2024-04-17T05:46:01.538 INFO:teuthology.orchestra.run.smithi052.stdout:/usr/bin/ceph: stderr
2024-04-17T05:46:00.916+0000 7f734b5a9700 1 -- 172.21.15.52:0/2643156725 >> [v2:172.21.15.52:6800/3299331607,v1:172.21.15.52:6801/3299331607] conn(0x7f73300396c0 msgr2=0x7f733003bb80 secure :-1 s=STATE_CONNECTION_ESTABLISHED l=1).mark_down
2024-04-17T05:46:01.538 INFO:teuthology.orchestra.run.smithi052.stdout:/usr/bin/ceph: stderr
2024-04-17T05:46:00.916+0000 7f734b5a9700 1 --2- 172.21.15.52:0/2643156725 >> [v2:172.21.15.52:6800/3299331607,v1:172.21.15.52:6801/3299331607] conn(0x7f73300396c0 0x7f733003bb80 secure :-1 s=READY pgs=9 cs=0 l=1 rev1=1 crypto rx=0x7f7340006fd0 tx=0x7f7340006e40 comp rx=0 tx=0).stop
2024-04-17T05:46:01.538 INFO:teuthology.orchestra.run.smithi052.stdout:/usr/bin/ceph: stderr
2024-04-17T05:46:00.916+0000 7f734b5a9700 1 -- 172.21.15.52:0/2643156725 >> [v2:172.21.15.52:3300/0,v1:172.21.15.52:6789/0] conn(0x7f7344108630 msgr2=0x7f734419c520 secure :-1 s=STATE_CONNECTION_ESTABLISHED l=1).mark_down
2024-04-17T05:46:01.538 INFO:teuthology.orchestra.run.smithi052.stdout:/usr/bin/ceph: stderr
2024-04-17T05:46:00.916+0000 7f734b5a9700 1 --2- 172.21.15.52:0/2643156725 >> [v2:172.21.15.52:3300/0,v1:172.21.15.52:6789/0] conn(0x7f7344108630 0x7f734419c520 secure :-1 s=READY pgs=42 cs=0 l=1 rev1=1 crypto rx=0x7f7338011850 tx=0x7f7338011c10 comp rx=0 tx=0).stop
2024-04-17T05:46:01.538 INFO:teuthology.orchestra.run.smithi052.stdout:/usr/bin/ceph: stderr
2024-04-17T05:46:00.916+0000 7f734b5a9700 1 -- 172.21.15.52:0/2643156725 shutdown_connections
2024-04-17T05:46:01.538 INFO:teuthology.orchestra.run.smithi052.stdout:/usr/bin/ceph: stderr
2024-04-17T05:46:00.916+0000 7f734b5a9700 1 --2- 172.21.15.52:0/2643156725 >> [v2:172.21.15.52:6800/3299331607,v1:172.21.15.52:6801/3299331607] conn(0x7f73300396c0 0x7f733003bb80 unknown :-1 s=CLOSED pgs=9 cs=0 l=1 rev1=1 crypto rx=0 tx=0 comp rx=0 tx=0).stop
2024-04-17T05:46:01.538 INFO:teuthology.orchestra.run.smithi052.stdout:/usr/bin/ceph: stderr
2024-04-17T05:46:00.916+0000 7f734b5a9700 1 --2- 172.21.15.52:0/2643156725 >> [v2:172.21.15.52:3300/0,v1:172.21.15.52:6789/0] conn(0x7f7344108630 0x7f734419c520 unknown :-1 s=CLOSED pgs=42 cs=0 l=1 rev1=1 crypto rx=0 tx=0 comp rx=0 tx=0).stop
2024-04-17T05:46:01.538 INFO:teuthology.orchestra.run.smithi052.stdout:/usr/bin/ceph: stderr
2024-04-17T05:46:00.916+0000 7f734b5a9700 1 -- 172.21.15.52:0/2643156725 >> 172.21.15.52:0/2643156725 conn(0x7f7344103c10 msgr2=0x7f7344104760 unknown :-1 s=STATE_NONE l=0).mark_down
2024-04-17T05:46:01.538 INFO:teuthology.orchestra.run.smithi052.stdout:/usr/bin/ceph: stderr
2024-04-17T05:46:00.916+0000 7f734b5a9700 1 -- 172.21.15.52:0/2643156725 shutdown_connections
2024-04-17T05:46:01.538 INFO:teuthology.orchestra.run.smithi052.stdout:/usr/bin/ceph: stderr
2024-04-17T05:46:00.916+0000 7f734b5a9700 1 -- 172.21.15.52:0/2643156725 wait complete.
2024-04-17T05:46:02.119 INFO:journalctl@ceph.mon.a.smithi052.stdout:Apr 17 05:46:01 smithi052 ceph-mon[31989]: from='client.14136 -' entity='client.admin' cmd=[{"prefix": "cephadm generate-key", "target": ["mon-mgr", ""]}]: dispatch
2024-04-17T05:46:02.119 INFO:journalctl@ceph.mon.a.smithi052.stdout:Apr 17 05:46:01 smithi052 ceph-mon[31989]: Generating ssh key...
2024-04-17T05:46:02.119 INFO:journalctl@ceph.mon.a.smithi052.stdout:Apr 17 05:46:01 smithi052 ceph-mon[31989]: from='mgr.14120 172.21.15.52:0/858273353' entity='mgr.x'
2024-04-17T05:46:02.119 INFO:journalctl@ceph.mon.a.smithi052.stdout:Apr 17 05:46:01 smithi052 ceph-mon[31989]: from='mgr.14120 172.21.15.52:0/858273353' entity='mgr.x'
2024-04-17T05:46:02.693 INFO:teuthology.orchestra.run.smithi052.stdout:/usr/bin/ceph: stdout ssh-rsa AAAAB3NzaC1yc2EAAAADAQABAAABgQD1j+X1UQuRlTJfghYyk0mJfJjWEt63PZQ/Y5u4nSCfKrJ43EfkJivZFh91okMQfzaXSTLBTWMOA6jmerpkyGNDnyRJAdoW/eM1ses8DGgflzUaevYaNpJczlLwy44F97G/xAKFpzoVqOi7eZP+S8HhuB08Q93FW5AjCFFTQ5bHu0nzYJHN+yxaqg0AuR7MssmS8tZq2PTPxLMahnmUUS5Iq8o9Ysmv3975qWyVZ9xfZDaGkAs8E1OnPhtXa1Ip2Aaw/loFvXeE3oq7QTy3Sftw0gcFPgIWY9JkAUNWk+METO5XOUBTilyZB2gQk2RTf2qqNcg+zMpLq6JS2aQMjRoH78hITslFZmlskWZsWnqzBYK25HWmLvPu6m2ZsreB8p+jlRKsfIjDMbzYOgikxpAsLB2LBr7f9p8VNuBcW8No48hfyL3Ho4i44HceDjyLQVHbXgklRiRAEfHlkAZpbAJznTrMorX/Tx6Vyzoh2ufpBvIcTGvr16GB1eTmhlXswAk= ceph-8cd43734-fc7d-11ee-bc91-c7b262605968
2024-04-17T05:46:02.694 INFO:teuthology.orchestra.run.smithi052.stdout:/usr/bin/ceph: stderr
2024-04-17T05:46:01.906+0000 7fd271215700 1 Processor -- start
2024-04-17T05:46:02.694 INFO:teuthology.orchestra.run.smithi052.stdout:/usr/bin/ceph: stderr
2024-04-17T05:46:01.906+0000 7fd271215700 1 -- start start
2024-04-17T05:46:02.694 INFO:teuthology.orchestra.run.smithi052.stdout:/usr/bin/ceph: stderr
2024-04-17T05:46:01.907+0000 7fd271215700 1 --2- >> [v2:172.21.15.52:3300/0,v1:172.21.15.52:6789/0] conn(0x7fd26c109130 0x7fd26c10b520 unknown :-1 s=NONE pgs=0 cs=0 l=0 rev1=0 crypto rx=0 tx=0 comp rx=0 tx=0).connect
2024-04-17T05:46:02.695 INFO:teuthology.orchestra.run.smithi052.stdout:/usr/bin/ceph: stderr
2024-04-17T05:46:01.907+0000 7fd271215700 1 -- --> [v2:172.21.15.52:3300/0,v1:172.21.15.52:6789/0] -- mon_getmap magic: 0 -- 0x7fd26c07be30 con 0x7fd26c109130
2024-04-17T05:46:02.695 INFO:teuthology.orchestra.run.smithi052.stdout:/usr/bin/ceph: stderr
2024-04-17T05:46:01.907+0000 7fd26ad9d700 1 --2- >> [v2:172.21.15.52:3300/0,v1:172.21.15.52:6789/0] conn(0x7fd26c109130 0x7fd26c10b520 unknown :-1 s=BANNER_CONNECTING pgs=0 cs=0 l=0 rev1=0 crypto rx=0 tx=0 comp rx=0 tx=0)._handle_peer_banner_payload supported=3 required=0
2024-04-17T05:46:02.695 INFO:teuthology.orchestra.run.smithi052.stdout:/usr/bin/ceph: stderr
2024-04-17T05:46:01.907+0000 7fd26ad9d700 1 --2- >> [v2:172.21.15.52:3300/0,v1:172.21.15.52:6789/0] conn(0x7fd26c109130 0x7fd26c10b520 unknown :-1 s=HELLO_CONNECTING pgs=0 cs=0 l=0 rev1=1 crypto rx=0 tx=0 comp rx=0 tx=0).handle_hello peer v2:172.21.15.52:3300/0 says I am v2:172.21.15.52:45854/0 (socket says 172.21.15.52:45854)
2024-04-17T05:46:02.695 INFO:teuthology.orchestra.run.smithi052.stdout:/usr/bin/ceph: stderr
2024-04-17T05:46:01.907+0000 7fd26ad9d700 1 -- 172.21.15.52:0/1620420954 learned_addr learned my addr 172.21.15.52:0/1620420954 (peer_addr_for_me v2:172.21.15.52:0/0)
2024-04-17T05:46:02.695 INFO:teuthology.orchestra.run.smithi052.stdout:/usr/bin/ceph: stderr
2024-04-17T05:46:01.907+0000 7fd26ad9d700 1 -- 172.21.15.52:0/1620420954 --> [v2:172.21.15.52:3300/0,v1:172.21.15.52:6789/0] -- mon_subscribe({config=0+,monmap=0+}) -- 0x7fd26c10ba60 con 0x7fd26c109130
2024-04-17T05:46:02.695 INFO:teuthology.orchestra.run.smithi052.stdout:/usr/bin/ceph: stderr
2024-04-17T05:46:01.907+0000 7fd26ad9d700 1 --2- 172.21.15.52:0/1620420954 >> [v2:172.21.15.52:3300/0,v1:172.21.15.52:6789/0] conn(0x7fd26c109130 0x7fd26c10b520 secure :-1 s=READY pgs=43 cs=0 l=1 rev1=1 crypto rx=0x7fd25c0098a0 tx=0x7fd25c009bb0 comp rx=0 tx=0).ready entity=mon.0 client_cookie=1e0d4c617df16d0 server_cookie=0 in_seq=0 out_seq=0
2024-04-17T05:46:02.695 INFO:teuthology.orchestra.run.smithi052.stdout:/usr/bin/ceph: stderr
2024-04-17T05:46:01.907+0000 7fd269d9b700 1 -- 172.21.15.52:0/1620420954 <== mon.0 v2:172.21.15.52:3300/0 1 ==== mon_map magic: 0 ==== 205+0+0 (secure 0 0 0) 0x7fd25c004160 con 0x7fd26c109130
2024-04-17T05:46:02.695 INFO:teuthology.orchestra.run.smithi052.stdout:/usr/bin/ceph: stderr
2024-04-17T05:46:01.907+0000 7fd269d9b700 1 -- 172.21.15.52:0/1620420954 <== mon.0 v2:172.21.15.52:3300/0 2 ==== config(27 keys) ==== 1109+0+0 (secure 0 0 0) 0x7fd25c004300 con 0x7fd26c109130
2024-04-17T05:46:02.695 INFO:teuthology.orchestra.run.smithi052.stdout:/usr/bin/ceph: stderr
2024-04-17T05:46:01.907+0000 7fd269d9b700 1 -- 172.21.15.52:0/1620420954 <== mon.0 v2:172.21.15.52:3300/0 3 ==== mon_map magic: 0 ==== 205+0+0 (secure 0 0 0) 0x7fd25c011b50 con 0x7fd26c109130
2024-04-17T05:46:02.695 INFO:teuthology.orchestra.run.smithi052.stdout:/usr/bin/ceph: stderr
2024-04-17T05:46:01.908+0000 7fd271215700 1 -- 172.21.15.52:0/1620420954 >> [v2:172.21.15.52:3300/0,v1:172.21.15.52:6789/0] conn(0x7fd26c109130 msgr2=0x7fd26c10b520 secure :-1 s=STATE_CONNECTION_ESTABLISHED l=1).mark_down
2024-04-17T05:46:02.695 INFO:teuthology.orchestra.run.smithi052.stdout:/usr/bin/ceph: stderr
2024-04-17T05:46:01.908+0000 7fd271215700 1 --2- 172.21.15.52:0/1620420954 >> [v2:172.21.15.52:3300/0,v1:172.21.15.52:6789/0] conn(0x7fd26c109130 0x7fd26c10b520 secure :-1 s=READY pgs=43 cs=0 l=1 rev1=1 crypto rx=0x7fd25c0098a0 tx=0x7fd25c009bb0 comp rx=0 tx=0).stop
2024-04-17T05:46:02.695 INFO:teuthology.orchestra.run.smithi052.stdout:/usr/bin/ceph: stderr
2024-04-17T05:46:01.908+0000 7fd271215700 1 -- 172.21.15.52:0/1620420954 shutdown_connections
2024-04-17T05:46:02.696 INFO:teuthology.orchestra.run.smithi052.stdout:/usr/bin/ceph: stderr
2024-04-17T05:46:01.908+0000 7fd271215700 1 --2- 172.21.15.52:0/1620420954 >> [v2:172.21.15.52:3300/0,v1:172.21.15.52:6789/0] conn(0x7fd26c109130 0x7fd26c10b520 unknown :-1 s=CLOSED pgs=43 cs=0 l=1 rev1=1 crypto rx=0 tx=0 comp rx=0 tx=0).stop
2024-04-17T05:46:02.696 INFO:teuthology.orchestra.run.smithi052.stdout:/usr/bin/ceph: stderr
2024-04-17T05:46:01.908+0000 7fd271215700 1 -- 172.21.15.52:0/1620420954 >> 172.21.15.52:0/1620420954 conn(0x7fd26c102ae0 msgr2=0x7fd26c104f00 unknown :-1 s=STATE_NONE l=0).mark_down
2024-04-17T05:46:02.696 INFO:teuthology.orchestra.run.smithi052.stdout:/usr/bin/ceph: stderr
2024-04-17T05:46:01.908+0000 7fd271215700 1 -- 172.21.15.52:0/1620420954 shutdown_connections
2024-04-17T05:46:02.696 INFO:teuthology.orchestra.run.smithi052.stdout:/usr/bin/ceph: stderr
2024-04-17T05:46:01.908+0000 7fd271215700 1 -- 172.21.15.52:0/1620420954 wait complete.
2024-04-17T05:46:02.696 INFO:teuthology.orchestra.run.smithi052.stdout:/usr/bin/ceph: stderr
2024-04-17T05:46:01.909+0000 7fd271215700 1 Processor -- start
2024-04-17T05:46:02.696 INFO:teuthology.orchestra.run.smithi052.stdout:/usr/bin/ceph: stderr
2024-04-17T05:46:01.909+0000 7fd271215700 1 -- start start
2024-04-17T05:46:02.696 INFO:teuthology.orchestra.run.smithi052.stdout:/usr/bin/ceph: stderr
2024-04-17T05:46:01.909+0000 7fd271215700 1 --2- >> [v2:172.21.15.52:3300/0,v1:172.21.15.52:6789/0] conn(0x7fd26c109130 0x7fd26c19c510 unknown :-1 s=NONE pgs=0 cs=0 l=1 rev1=0 crypto rx=0 tx=0 comp rx=0 tx=0).connect
2024-04-17T05:46:02.696 INFO:teuthology.orchestra.run.smithi052.stdout:/usr/bin/ceph: stderr
2024-04-17T05:46:01.909+0000 7fd271215700 1 -- --> [v2:172.21.15.52:3300/0,v1:172.21.15.52:6789/0] -- mon_getmap magic: 0 -- 0x7fd26c10ca20 con 0x7fd26c109130
2024-04-17T05:46:02.696 INFO:teuthology.orchestra.run.smithi052.stdout:/usr/bin/ceph: stderr
2024-04-17T05:46:01.909+0000 7fd26ad9d700 1 --2- >> [v2:172.21.15.52:3300/0,v1:172.21.15.52:6789/0] conn(0x7fd26c109130 0x7fd26c19c510 unknown :-1 s=BANNER_CONNECTING pgs=0 cs=0 l=1 rev1=0 crypto rx=0 tx=0 comp rx=0 tx=0)._handle_peer_banner_payload supported=3 required=0
2024-04-17T05:46:02.696 INFO:teuthology.orchestra.run.smithi052.stdout:/usr/bin/ceph: stderr
2024-04-17T05:46:01.909+0000 7fd26ad9d700 1 --2- >> [v2:172.21.15.52:3300/0,v1:172.21.15.52:6789/0] conn(0x7fd26c109130 0x7fd26c19c510 unknown :-1 s=HELLO_CONNECTING pgs=0 cs=0 l=1 rev1=1 crypto rx=0 tx=0 comp rx=0 tx=0).handle_hello peer v2:172.21.15.52:3300/0 says I am v2:172.21.15.52:45858/0 (socket says 172.21.15.52:45858)
2024-04-17T05:46:02.696 INFO:teuthology.orchestra.run.smithi052.stdout:/usr/bin/ceph: stderr
2024-04-17T05:46:01.909+0000 7fd26ad9d700 1 -- 172.21.15.52:0/1513274359 learned_addr learned my addr 172.21.15.52:0/1513274359 (peer_addr_for_me v2:172.21.15.52:0/0)
2024-04-17T05:46:02.696 INFO:teuthology.orchestra.run.smithi052.stdout:/usr/bin/ceph: stderr
2024-04-17T05:46:01.910+0000 7fd26ad9d700 1 -- 172.21.15.52:0/1513274359 --> [v2:172.21.15.52:3300/0,v1:172.21.15.52:6789/0] -- mon_subscribe({config=0+,monmap=0+}) -- 0x7fd26c19ca50 con 0x7fd26c109130
2024-04-17T05:46:02.696 INFO:teuthology.orchestra.run.smithi052.stdout:/usr/bin/ceph: stderr
2024-04-17T05:46:01.910+0000 7fd26ad9d700 1 --2- 172.21.15.52:0/1513274359 >> [v2:172.21.15.52:3300/0,v1:172.21.15.52:6789/0] conn(0x7fd26c109130 0x7fd26c19c510 secure :-1 s=READY pgs=44 cs=0 l=1 rev1=1 crypto rx=0x7fd25c011b60 tx=0x7fd25c011c40 comp rx=0 tx=0).ready entity=mon.0 client_cookie=0 server_cookie=0 in_seq=0 out_seq=0
2024-04-17T05:46:02.697 INFO:teuthology.orchestra.run.smithi052.stdout:/usr/bin/ceph: stderr
2024-04-17T05:46:01.912+0000 7fd263fff700 1 -- 172.21.15.52:0/1513274359 <== mon.0 v2:172.21.15.52:3300/0 1 ==== mon_map magic: 0 ==== 205+0+0 (secure 0 0 0) 0x7fd25c003970 con 0x7fd26c109130
2024-04-17T05:46:02.697 INFO:teuthology.orchestra.run.smithi052.stdout:/usr/bin/ceph: stderr
2024-04-17T05:46:01.912+0000 7fd263fff700 1 -- 172.21.15.52:0/1513274359 <== mon.0 v2:172.21.15.52:3300/0 2 ==== config(27 keys) ==== 1109+0+0 (secure 0 0 0) 0x7fd25c003b10 con 0x7fd26c109130
2024-04-17T05:46:02.697 INFO:teuthology.orchestra.run.smithi052.stdout:/usr/bin/ceph: stderr
2024-04-17T05:46:01.912+0000 7fd271215700 1 -- 172.21.15.52:0/1513274359 --> [v2:172.21.15.52:3300/0,v1:172.21.15.52:6789/0] -- mon_subscribe({mgrmap=0+}) -- 0x7fd26c19cce0 con 0x7fd26c109130
2024-04-17T05:46:02.697 INFO:teuthology.orchestra.run.smithi052.stdout:/usr/bin/ceph: stderr
2024-04-17T05:46:01.912+0000 7fd263fff700 1 -- 172.21.15.52:0/1513274359 <== mon.0 v2:172.21.15.52:3300/0 3 ==== mon_map magic: 0 ==== 205+0+0 (secure 0 0 0) 0x7fd25c024610 con 0x7fd26c109130
2024-04-17T05:46:02.697 INFO:teuthology.orchestra.run.smithi052.stdout:/usr/bin/ceph: stderr
2024-04-17T05:46:01.912+0000 7fd271215700 1 -- 172.21.15.52:0/1513274359 --> [v2:172.21.15.52:3300/0,v1:172.21.15.52:6789/0] -- mon_subscribe({osdmap=0}) -- 0x7fd26c19f9d0 con 0x7fd26c109130
2024-04-17T05:46:02.697 INFO:teuthology.orchestra.run.smithi052.stdout:/usr/bin/ceph: stderr
2024-04-17T05:46:01.913+0000 7fd263fff700 1 -- 172.21.15.52:0/1513274359 <== mon.0 v2:172.21.15.52:3300/0 4 ==== mgrmap(e 8) ==== 46558+0+0 (secure 0 0 0) 0x7fd25c0248c0 con 0x7fd26c109130
2024-04-17T05:46:02.697 INFO:teuthology.orchestra.run.smithi052.stdout:/usr/bin/ceph: stderr
2024-04-17T05:46:01.913+0000 7fd271215700 1 -- 172.21.15.52:0/1513274359 --> [v2:172.21.15.52:3300/0,v1:172.21.15.52:6789/0] -- mon_command({"prefix": "get_command_descriptions"} v 0) -- 0x7fd26c0640b0 con 0x7fd26c109130
2024-04-17T05:46:02.697 INFO:teuthology.orchestra.run.smithi052.stdout:/usr/bin/ceph: stderr
2024-04-17T05:46:01.914+0000 7fd263fff700 1 --2- 172.21.15.52:0/1513274359 >> [v2:172.21.15.52:6800/3299331607,v1:172.21.15.52:6801/3299331607] conn(0x7fd2580396c0 0x7fd25803bb80 unknown :-1 s=NONE pgs=0 cs=0 l=1 rev1=0 crypto rx=0 tx=0 comp rx=0 tx=0).connect
2024-04-17T05:46:02.697 INFO:teuthology.orchestra.run.smithi052.stdout:/usr/bin/ceph: stderr
2024-04-17T05:46:01.914+0000 7fd263fff700 1 -- 172.21.15.52:0/1513274359 <== mon.0 v2:172.21.15.52:3300/0 5 ==== osd_map(2..2 src has 1..2) ==== 940+0+0 (secure 0 0 0) 0x7fd25c011e00 con 0x7fd26c109130
2024-04-17T05:46:02.697 INFO:teuthology.orchestra.run.smithi052.stdout:/usr/bin/ceph: stderr
2024-04-17T05:46:01.914+0000 7fd26a59c700 1 --2- 172.21.15.52:0/1513274359 >> [v2:172.21.15.52:6800/3299331607,v1:172.21.15.52:6801/3299331607] conn(0x7fd2580396c0 0x7fd25803bb80 unknown :-1 s=BANNER_CONNECTING pgs=0 cs=0 l=1 rev1=0 crypto rx=0 tx=0 comp rx=0 tx=0)._handle_peer_banner_payload supported=3 required=0
2024-04-17T05:46:02.697 INFO:teuthology.orchestra.run.smithi052.stdout:/usr/bin/ceph: stderr
2024-04-17T05:46:01.914+0000 7fd26a59c700 1 --2- 172.21.15.52:0/1513274359 >> [v2:172.21.15.52:6800/3299331607,v1:172.21.15.52:6801/3299331607] conn(0x7fd2580396c0 0x7fd25803bb80 secure :-1 s=READY pgs=10 cs=0 l=1 rev1=1 crypto rx=0x7fd254006fd0 tx=0x7fd254006e40 comp rx=0 tx=0).ready entity=mgr.14120 client_cookie=0 server_cookie=0 in_seq=0 out_seq=0
2024-04-17T05:46:02.697 INFO:teuthology.orchestra.run.smithi052.stdout:/usr/bin/ceph: stderr
2024-04-17T05:46:01.919+0000 7fd263fff700 1 -- 172.21.15.52:0/1513274359 <== mon.0 v2:172.21.15.52:3300/0 6 ==== mon_command_ack([{"prefix": "get_command_descriptions"}]=0 v0) ==== 72+0+188381 (secure 0 0 0) 0x7fd25c0172b0 con 0x7fd26c109130
2024-04-17T05:46:02.697 INFO:teuthology.orchestra.run.smithi052.stdout:/usr/bin/ceph: stderr
2024-04-17T05:46:02.129+0000 7fd271215700 1 -- 172.21.15.52:0/1513274359 --> [v2:172.21.15.52:6800/3299331607,v1:172.21.15.52:6801/3299331607] -- mgr_command(tid 0: {"prefix": "cephadm get-pub-key", "target": ["mon-mgr", ""]}) -- 0x7fd26c103ce0 con 0x7fd2580396c0
2024-04-17T05:46:02.698 INFO:teuthology.orchestra.run.smithi052.stdout:/usr/bin/ceph: stderr
2024-04-17T05:46:02.130+0000 7fd263fff700 1 -- 172.21.15.52:0/1513274359 <== mgr.14120 v2:172.21.15.52:6800/3299331607 1 ==== mgr_command_reply(tid 0: 0 ) ==== 8+0+595 (secure 0 0 0) 0x7fd26c103ce0 con 0x7fd2580396c0
2024-04-17T05:46:02.698 INFO:teuthology.orchestra.run.smithi052.stdout:/usr/bin/ceph: stderr
2024-04-17T05:46:02.132+0000 7fd271215700 1 -- 172.21.15.52:0/1513274359 >> [v2:172.21.15.52:6800/3299331607,v1:172.21.15.52:6801/3299331607] conn(0x7fd2580396c0 msgr2=0x7fd25803bb80 secure :-1 s=STATE_CONNECTION_ESTABLISHED l=1).mark_down
2024-04-17T05:46:02.698 INFO:teuthology.orchestra.run.smithi052.stdout:/usr/bin/ceph: stderr
2024-04-17T05:46:02.132+0000 7fd271215700 1 --2- 172.21.15.52:0/1513274359 >> [v2:172.21.15.52:6800/3299331607,v1:172.21.15.52:6801/3299331607] conn(0x7fd2580396c0 0x7fd25803bb80 secure :-1 s=READY pgs=10 cs=0 l=1 rev1=1 crypto rx=0x7fd254006fd0 tx=0x7fd254006e40 comp rx=0 tx=0).stop
2024-04-17T05:46:02.698 INFO:teuthology.orchestra.run.smithi052.stdout:/usr/bin/ceph: stderr
2024-04-17T05:46:02.132+0000 7fd271215700 1 -- 172.21.15.52:0/1513274359 >> [v2:172.21.15.52:3300/0,v1:172.21.15.52:6789/0] conn(0x7fd26c109130 msgr2=0x7fd26c19c510 secure :-1 s=STATE_CONNECTION_ESTABLISHED l=1).mark_down
2024-04-17T05:46:02.698 INFO:teuthology.orchestra.run.smithi052.stdout:/usr/bin/ceph: stderr
2024-04-17T05:46:02.132+0000 7fd271215700 1 --2- 172.21.15.52:0/1513274359 >> [v2:172.21.15.52:3300/0,v1:172.21.15.52:6789/0] conn(0x7fd26c109130 0x7fd26c19c510 secure :-1 s=READY pgs=44 cs=0 l=1 rev1=1 crypto rx=0x7fd25c011b60 tx=0x7fd25c011c40 comp rx=0 tx=0).stop
2024-04-17T05:46:02.698 INFO:teuthology.orchestra.run.smithi052.stdout:/usr/bin/ceph: stderr
2024-04-17T05:46:02.132+0000 7fd271215700 1 -- 172.21.15.52:0/1513274359 shutdown_connections
2024-04-17T05:46:02.698 INFO:teuthology.orchestra.run.smithi052.stdout:/usr/bin/ceph: stderr
2024-04-17T05:46:02.132+0000 7fd271215700 1 --2- 172.21.15.52:0/1513274359 >> [v2:172.21.15.52:6800/3299331607,v1:172.21.15.52:6801/3299331607] conn(0x7fd2580396c0 0x7fd25803bb80 unknown :-1 s=CLOSED pgs=10 cs=0 l=1 rev1=1 crypto rx=0 tx=0 comp rx=0 tx=0).stop
2024-04-17T05:46:02.698 INFO:teuthology.orchestra.run.smithi052.stdout:/usr/bin/ceph: stderr
2024-04-17T05:46:02.132+0000 7fd271215700 1 --2- 172.21.15.52:0/1513274359 >> [v2:172.21.15.52:3300/0,v1:172.21.15.52:6789/0] conn(0x7fd26c109130 0x7fd26c19c510 unknown :-1 s=CLOSED pgs=44 cs=0 l=1 rev1=1 crypto rx=0 tx=0 comp rx=0 tx=0).stop
2024-04-17T05:46:02.698 INFO:teuthology.orchestra.run.smithi052.stdout:/usr/bin/ceph: stderr
2024-04-17T05:46:02.132+0000 7fd271215700 1 -- 172.21.15.52:0/1513274359 >> 172.21.15.52:0/1513274359 conn(0x7fd26c102ae0 msgr2=0x7fd26c1035d0 unknown :-1 s=STATE_NONE l=0).mark_down
2024-04-17T05:46:02.698 INFO:teuthology.orchestra.run.smithi052.stdout:/usr/bin/ceph: stderr
2024-04-17T05:46:02.132+0000 7fd271215700 1 -- 172.21.15.52:0/1513274359 shutdown_connections
2024-04-17T05:46:02.698 INFO:teuthology.orchestra.run.smithi052.stdout:/usr/bin/ceph: stderr
2024-04-17T05:46:02.132+0000 7fd271215700 1 -- 172.21.15.52:0/1513274359 wait complete.
2024-04-17T05:46:02.698 INFO:teuthology.orchestra.run.smithi052.stdout:Wrote public SSH key to /home/ubuntu/cephtest/ceph.pub
2024-04-17T05:46:02.698 INFO:teuthology.orchestra.run.smithi052.stdout:Adding key to root@localhost authorized_keys...
2024-04-17T05:46:02.699 INFO:teuthology.orchestra.run.smithi052.stdout:Adding host smithi052...
2024-04-17T05:46:03.343 INFO:journalctl@ceph.mon.a.smithi052.stdout:Apr 17 05:46:02 smithi052 ceph-mon[31989]: from='client.14138 -' entity='client.admin' cmd=[{"prefix": "cephadm get-pub-key", "target": ["mon-mgr", ""]}]: dispatch
2024-04-17T05:46:04.215 INFO:journalctl@ceph.mon.a.smithi052.stdout:Apr 17 05:46:03 smithi052 ceph-mon[31989]: from='client.14140 -' entity='client.admin' cmd=[{"prefix": "orch host add", "hostname": "smithi052", "addr": "172.21.15.52", "target": ["mon-mgr", ""]}]: dispatch
2024-04-17T05:46:05.369 INFO:journalctl@ceph.mon.a.smithi052.stdout:Apr 17 05:46:04 smithi052 ceph-mon[31989]: Deploying cephadm binary to smithi052
2024-04-17T05:46:08.410 INFO:teuthology.orchestra.run.smithi052.stdout:/usr/bin/ceph: stdout Added host 'smithi052' with addr '172.21.15.52'
2024-04-17T05:46:08.410 INFO:teuthology.orchestra.run.smithi052.stdout:/usr/bin/ceph: stderr
2024-04-17T05:46:03.124+0000 7fc316f91700 1 Processor -- start
2024-04-17T05:46:08.410 INFO:teuthology.orchestra.run.smithi052.stdout:/usr/bin/ceph: stderr
2024-04-17T05:46:03.124+0000 7fc316f91700 1 -- start start
2024-04-17T05:46:08.410 INFO:teuthology.orchestra.run.smithi052.stdout:/usr/bin/ceph: stderr
2024-04-17T05:46:03.124+0000 7fc316f91700 1 --2- >> [v2:172.21.15.52:3300/0,v1:172.21.15.52:6789/0] conn(0x7fc310109090 0x7fc31010b480 unknown :-1 s=NONE pgs=0 cs=0 l=0 rev1=0 crypto rx=0 tx=0 comp rx=0 tx=0).connect
2024-04-17T05:46:08.410 INFO:teuthology.orchestra.run.smithi052.stdout:/usr/bin/ceph: stderr
2024-04-17T05:46:03.124+0000 7fc316f91700 1 -- --> [v2:172.21.15.52:3300/0,v1:172.21.15.52:6789/0] -- mon_getmap magic: 0 -- 0x7fc31007bed0 con 0x7fc310109090
2024-04-17T05:46:08.410 INFO:teuthology.orchestra.run.smithi052.stdout:/usr/bin/ceph: stderr
2024-04-17T05:46:03.124+0000 7fc314d2d700 1 --2- >> [v2:172.21.15.52:3300/0,v1:172.21.15.52:6789/0] conn(0x7fc310109090 0x7fc31010b480 unknown :-1 s=BANNER_CONNECTING pgs=0 cs=0 l=0 rev1=0 crypto rx=0 tx=0 comp rx=0 tx=0)._handle_peer_banner_payload supported=3 required=0
2024-04-17T05:46:08.411 INFO:teuthology.orchestra.run.smithi052.stdout:/usr/bin/ceph: stderr
