2024-04-17T07:01:41.486 INFO:teuthology.orchestra.run.smithi086.stdout:/usr/bin/ceph: stdout "num_objects": 0,
2024-04-17T07:01:41.486 INFO:teuthology.orchestra.run.smithi086.stdout:/usr/bin/ceph: stdout "data_bytes": 0,
2024-04-17T07:01:41.486 INFO:teuthology.orchestra.run.smithi086.stdout:/usr/bin/ceph: stdout "bytes_used": 0,
2024-04-17T07:01:41.486 INFO:teuthology.orchestra.run.smithi086.stdout:/usr/bin/ceph: stdout "bytes_avail": 0,
2024-04-17T07:01:41.486 INFO:teuthology.orchestra.run.smithi086.stdout:/usr/bin/ceph: stdout "bytes_total": 0
2024-04-17T07:01:41.487 INFO:teuthology.orchestra.run.smithi086.stdout:/usr/bin/ceph: stdout },
2024-04-17T07:01:41.487 INFO:teuthology.orchestra.run.smithi086.stdout:/usr/bin/ceph: stdout "fsmap": {
2024-04-17T07:01:41.487 INFO:teuthology.orchestra.run.smithi086.stdout:/usr/bin/ceph: stdout "epoch": 1,
2024-04-17T07:01:41.487 INFO:teuthology.orchestra.run.smithi086.stdout:/usr/bin/ceph: stdout "by_rank": [],
2024-04-17T07:01:41.487 INFO:teuthology.orchestra.run.smithi086.stdout:/usr/bin/ceph: stdout "up:standby": 0
2024-04-17T07:01:41.487 INFO:teuthology.orchestra.run.smithi086.stdout:/usr/bin/ceph: stdout },
2024-04-17T07:01:41.487 INFO:teuthology.orchestra.run.smithi086.stdout:/usr/bin/ceph: stdout "mgrmap": {
2024-04-17T07:01:41.487 INFO:teuthology.orchestra.run.smithi086.stdout:/usr/bin/ceph: stdout "available": true,
2024-04-17T07:01:41.487 INFO:teuthology.orchestra.run.smithi086.stdout:/usr/bin/ceph: stdout "num_standbys": 0,
2024-04-17T07:01:41.487 INFO:teuthology.orchestra.run.smithi086.stdout:/usr/bin/ceph: stdout "modules": [
2024-04-17T07:01:41.487 INFO:teuthology.orchestra.run.smithi086.stdout:/usr/bin/ceph: stdout "iostat",
2024-04-17T07:01:41.487 INFO:teuthology.orchestra.run.smithi086.stdout:/usr/bin/ceph: stdout "nfs",
2024-04-17T07:01:41.487 INFO:teuthology.orchestra.run.smithi086.stdout:/usr/bin/ceph: stdout "restful"
2024-04-17T07:01:41.488 INFO:teuthology.orchestra.run.smithi086.stdout:/usr/bin/ceph: stdout ],
2024-04-17T07:01:41.488 INFO:teuthology.orchestra.run.smithi086.stdout:/usr/bin/ceph: stdout "services": {}
2024-04-17T07:01:41.488 INFO:teuthology.orchestra.run.smithi086.stdout:/usr/bin/ceph: stdout },
2024-04-17T07:01:41.488 INFO:teuthology.orchestra.run.smithi086.stdout:/usr/bin/ceph: stdout "servicemap": {
2024-04-17T07:01:41.488 INFO:teuthology.orchestra.run.smithi086.stdout:/usr/bin/ceph: stdout "epoch": 1,
2024-04-17T07:01:41.488 INFO:teuthology.orchestra.run.smithi086.stdout:/usr/bin/ceph: stdout "modified": "2024-04-17T07:01:19.941840+0000",
2024-04-17T07:01:41.488 INFO:teuthology.orchestra.run.smithi086.stdout:/usr/bin/ceph: stdout "services": {}
2024-04-17T07:01:41.488 INFO:teuthology.orchestra.run.smithi086.stdout:/usr/bin/ceph: stdout },
2024-04-17T07:01:41.488 INFO:teuthology.orchestra.run.smithi086.stdout:/usr/bin/ceph: stdout "progress_events": {}
2024-04-17T07:01:41.488 INFO:teuthology.orchestra.run.smithi086.stdout:/usr/bin/ceph: stdout }
2024-04-17T07:01:41.488 INFO:teuthology.orchestra.run.smithi086.stdout:/usr/bin/ceph: stderr
2024-04-17T07:01:40.481+0000 7f9b21200700 1 Processor -- start
2024-04-17T07:01:41.488 INFO:teuthology.orchestra.run.smithi086.stdout:/usr/bin/ceph: stderr
2024-04-17T07:01:40.481+0000 7f9b21200700 1 -- start start
2024-04-17T07:01:41.488 INFO:teuthology.orchestra.run.smithi086.stdout:/usr/bin/ceph: stderr
2024-04-17T07:01:40.482+0000 7f9b21200700 1 --2- >> [v2:172.21.15.86:3300/0,v1:172.21.15.86:6789/0] conn(0x7f9b1c108e00 0x7f9b1c10b1f0 unknown :-1 s=NONE pgs=0 cs=0 l=0 rev1=0 crypto rx=0 tx=0 comp rx=0 tx=0).connect
2024-04-17T07:01:41.488 INFO:teuthology.orchestra.run.smithi086.stdout:/usr/bin/ceph: stderr
2024-04-17T07:01:40.482+0000 7f9b21200700 1 -- --> [v2:172.21.15.86:3300/0,v1:172.21.15.86:6789/0] -- mon_getmap magic: 0 -- 0x7f9b1c07be30 con 0x7f9b1c108e00
2024-04-17T07:01:41.488 INFO:teuthology.orchestra.run.smithi086.stdout:/usr/bin/ceph: stderr
2024-04-17T07:01:40.482+0000 7f9b19e00700 1 --2- >> [v2:172.21.15.86:3300/0,v1:172.21.15.86:6789/0] conn(0x7f9b1c108e00 0x7f9b1c10b1f0 unknown :-1 s=BANNER_CONNECTING pgs=0 cs=0 l=0 rev1=0 crypto rx=0 tx=0 comp rx=0 tx=0)._handle_peer_banner_payload supported=3 required=0
2024-04-17T07:01:41.489 INFO:teuthology.orchestra.run.smithi086.stdout:/usr/bin/ceph: stderr
2024-04-17T07:01:40.482+0000 7f9b19e00700 1 --2- >> [v2:172.21.15.86:3300/0,v1:172.21.15.86:6789/0] conn(0x7f9b1c108e00 0x7f9b1c10b1f0 unknown :-1 s=HELLO_CONNECTING pgs=0 cs=0 l=0 rev1=1 crypto rx=0 tx=0 comp rx=0 tx=0).handle_hello peer v2:172.21.15.86:3300/0 says I am v2:172.21.15.86:55244/0 (socket says 172.21.15.86:55244)
2024-04-17T07:01:41.489 INFO:teuthology.orchestra.run.smithi086.stdout:/usr/bin/ceph: stderr
2024-04-17T07:01:40.482+0000 7f9b19e00700 1 -- 172.21.15.86:0/63459278 learned_addr learned my addr 172.21.15.86:0/63459278 (peer_addr_for_me v2:172.21.15.86:0/0)
2024-04-17T07:01:41.489 INFO:teuthology.orchestra.run.smithi086.stdout:/usr/bin/ceph: stderr
2024-04-17T07:01:40.482+0000 7f9b19e00700 1 -- 172.21.15.86:0/63459278 --> [v2:172.21.15.86:3300/0,v1:172.21.15.86:6789/0] -- mon_subscribe({config=0+,monmap=0+}) -- 0x7f9b1c10b730 con 0x7f9b1c108e00
2024-04-17T07:01:41.489 INFO:teuthology.orchestra.run.smithi086.stdout:/usr/bin/ceph: stderr
2024-04-17T07:01:40.483+0000 7f9b19e00700 1 --2- 172.21.15.86:0/63459278 >> [v2:172.21.15.86:3300/0,v1:172.21.15.86:6789/0] conn(0x7f9b1c108e00 0x7f9b1c10b1f0 secure :-1 s=READY pgs=18 cs=0 l=1 rev1=1 crypto rx=0x7f9b0c0098a0 tx=0x7f9b0c009bb0 comp rx=0 tx=0).ready entity=mon.0 client_cookie=98be52020afd22cc server_cookie=0 in_seq=0 out_seq=0
2024-04-17T07:01:41.489 INFO:teuthology.orchestra.run.smithi086.stdout:/usr/bin/ceph: stderr
2024-04-17T07:01:40.483+0000 7f9b18a00700 1 -- 172.21.15.86:0/63459278 <== mon.0 v2:172.21.15.86:3300/0 1 ==== mon_map magic: 0 ==== 205+0+0 (secure 0 0 0) 0x7f9b0c004160 con 0x7f9b1c108e00
2024-04-17T07:01:41.489 INFO:teuthology.orchestra.run.smithi086.stdout:/usr/bin/ceph: stderr
2024-04-17T07:01:40.483+0000 7f9b18a00700 1 -- 172.21.15.86:0/63459278 <== mon.0 v2:172.21.15.86:3300/0 2 ==== config(26 keys) ==== 1071+0+0 (secure 0 0 0) 0x7f9b0c004300 con 0x7f9b1c108e00
2024-04-17T07:01:41.489 INFO:teuthology.orchestra.run.smithi086.stdout:/usr/bin/ceph: stderr
2024-04-17T07:01:40.483+0000 7f9b18a00700 1 -- 172.21.15.86:0/63459278 <== mon.0 v2:172.21.15.86:3300/0 3 ==== mon_map magic: 0 ==== 205+0+0 (secure 0 0 0) 0x7f9b0c011a80 con 0x7f9b1c108e00
2024-04-17T07:01:41.489 INFO:teuthology.orchestra.run.smithi086.stdout:/usr/bin/ceph: stderr
2024-04-17T07:01:40.484+0000 7f9b21200700 1 -- 172.21.15.86:0/63459278 >> [v2:172.21.15.86:3300/0,v1:172.21.15.86:6789/0] conn(0x7f9b1c108e00 msgr2=0x7f9b1c10b1f0 secure :-1 s=STATE_CONNECTION_ESTABLISHED l=1).mark_down
2024-04-17T07:01:41.489 INFO:teuthology.orchestra.run.smithi086.stdout:/usr/bin/ceph: stderr
2024-04-17T07:01:40.484+0000 7f9b21200700 1 --2- 172.21.15.86:0/63459278 >> [v2:172.21.15.86:3300/0,v1:172.21.15.86:6789/0] conn(0x7f9b1c108e00 0x7f9b1c10b1f0 secure :-1 s=READY pgs=18 cs=0 l=1 rev1=1 crypto rx=0x7f9b0c0098a0 tx=0x7f9b0c009bb0 comp rx=0 tx=0).stop
2024-04-17T07:01:41.489 INFO:teuthology.orchestra.run.smithi086.stdout:/usr/bin/ceph: stderr
2024-04-17T07:01:40.484+0000 7f9b21200700 1 -- 172.21.15.86:0/63459278 shutdown_connections
2024-04-17T07:01:41.489 INFO:teuthology.orchestra.run.smithi086.stdout:/usr/bin/ceph: stderr
2024-04-17T07:01:40.484+0000 7f9b21200700 1 --2- 172.21.15.86:0/63459278 >> [v2:172.21.15.86:3300/0,v1:172.21.15.86:6789/0] conn(0x7f9b1c108e00 0x7f9b1c10b1f0 unknown :-1 s=CLOSED pgs=18 cs=0 l=1 rev1=1 crypto rx=0 tx=0 comp rx=0 tx=0).stop
2024-04-17T07:01:41.489 INFO:teuthology.orchestra.run.smithi086.stdout:/usr/bin/ceph: stderr
2024-04-17T07:01:40.484+0000 7f9b21200700 1 -- 172.21.15.86:0/63459278 >> 172.21.15.86:0/63459278 conn(0x7f9b1c102830 msgr2=0x7f9b1c104c50 unknown :-1 s=STATE_NONE l=0).mark_down
2024-04-17T07:01:41.489 INFO:teuthology.orchestra.run.smithi086.stdout:/usr/bin/ceph: stderr
2024-04-17T07:01:40.484+0000 7f9b21200700 1 -- 172.21.15.86:0/63459278 shutdown_connections
2024-04-17T07:01:41.489 INFO:teuthology.orchestra.run.smithi086.stdout:/usr/bin/ceph: stderr
2024-04-17T07:01:40.484+0000 7f9b21200700 1 -- 172.21.15.86:0/63459278 wait complete.
2024-04-17T07:01:41.490 INFO:teuthology.orchestra.run.smithi086.stdout:/usr/bin/ceph: stderr
2024-04-17T07:01:40.485+0000 7f9b21200700 1 Processor -- start
2024-04-17T07:01:41.493 INFO:teuthology.orchestra.run.smithi086.stdout:/usr/bin/ceph: stderr
2024-04-17T07:01:40.485+0000 7f9b21200700 1 -- start start
2024-04-17T07:01:41.493 INFO:teuthology.orchestra.run.smithi086.stdout:/usr/bin/ceph: stderr
2024-04-17T07:01:40.486+0000 7f9b21200700 1 --2- >> [v2:172.21.15.86:3300/0,v1:172.21.15.86:6789/0] conn(0x7f9b1c108e00 0x7f9b1c19c1a0 unknown :-1 s=NONE pgs=0 cs=0 l=1 rev1=0 crypto rx=0 tx=0 comp rx=0 tx=0).connect
2024-04-17T07:01:41.493 INFO:teuthology.orchestra.run.smithi086.stdout:/usr/bin/ceph: stderr
2024-04-17T07:01:40.486+0000 7f9b21200700 1 -- --> [v2:172.21.15.86:3300/0,v1:172.21.15.86:6789/0] -- mon_getmap magic: 0 -- 0x7f9b1c10c690 con 0x7f9b1c108e00
2024-04-17T07:01:41.493 INFO:teuthology.orchestra.run.smithi086.stdout:/usr/bin/ceph: stderr
2024-04-17T07:01:40.486+0000 7f9b19e00700 1 --2- >> [v2:172.21.15.86:3300/0,v1:172.21.15.86:6789/0] conn(0x7f9b1c108e00 0x7f9b1c19c1a0 unknown :-1 s=BANNER_CONNECTING pgs=0 cs=0 l=1 rev1=0 crypto rx=0 tx=0 comp rx=0 tx=0)._handle_peer_banner_payload supported=3 required=0
2024-04-17T07:01:41.493 INFO:teuthology.orchestra.run.smithi086.stdout:/usr/bin/ceph: stderr
2024-04-17T07:01:40.486+0000 7f9b19e00700 1 --2- >> [v2:172.21.15.86:3300/0,v1:172.21.15.86:6789/0] conn(0x7f9b1c108e00 0x7f9b1c19c1a0 unknown :-1 s=HELLO_CONNECTING pgs=0 cs=0 l=1 rev1=1 crypto rx=0 tx=0 comp rx=0 tx=0).handle_hello peer v2:172.21.15.86:3300/0 says I am v2:172.21.15.86:55256/0 (socket says 172.21.15.86:55256)
2024-04-17T07:01:41.493 INFO:teuthology.orchestra.run.smithi086.stdout:/usr/bin/ceph: stderr
2024-04-17T07:01:40.486+0000 7f9b19e00700 1 -- 172.21.15.86:0/2896351450 learned_addr learned my addr 172.21.15.86:0/2896351450 (peer_addr_for_me v2:172.21.15.86:0/0)
2024-04-17T07:01:41.493 INFO:teuthology.orchestra.run.smithi086.stdout:/usr/bin/ceph: stderr
2024-04-17T07:01:40.486+0000 7f9b19e00700 1 -- 172.21.15.86:0/2896351450 --> [v2:172.21.15.86:3300/0,v1:172.21.15.86:6789/0] -- mon_subscribe({config=0+,monmap=0+}) -- 0x7f9b1c19c6e0 con 0x7f9b1c108e00
2024-04-17T07:01:41.493 INFO:teuthology.orchestra.run.smithi086.stdout:/usr/bin/ceph: stderr
2024-04-17T07:01:40.486+0000 7f9b19e00700 1 --2- 172.21.15.86:0/2896351450 >> [v2:172.21.15.86:3300/0,v1:172.21.15.86:6789/0] conn(0x7f9b1c108e00 0x7f9b1c19c1a0 secure :-1 s=READY pgs=19 cs=0 l=1 rev1=1 crypto rx=0x7f9b0c011a50 tx=0x7f9b0c004290 comp rx=0 tx=0).ready entity=mon.0 client_cookie=0 server_cookie=0 in_seq=0 out_seq=0
2024-04-17T07:01:41.494 INFO:teuthology.orchestra.run.smithi086.stdout:/usr/bin/ceph: stderr
2024-04-17T07:01:40.487+0000 7f9b12a00700 1 -- 172.21.15.86:0/2896351450 <== mon.0 v2:172.21.15.86:3300/0 1 ==== mon_map magic: 0 ==== 205+0+0 (secure 0 0 0) 0x7f9b0c0039f0 con 0x7f9b1c108e00
2024-04-17T07:01:41.494 INFO:teuthology.orchestra.run.smithi086.stdout:/usr/bin/ceph: stderr
2024-04-17T07:01:40.487+0000 7f9b12a00700 1 -- 172.21.15.86:0/2896351450 <== mon.0 v2:172.21.15.86:3300/0 2 ==== config(26 keys) ==== 1071+0+0 (secure 0 0 0) 0x7f9b0c003b90 con 0x7f9b1c108e00
2024-04-17T07:01:41.494 INFO:teuthology.orchestra.run.smithi086.stdout:/usr/bin/ceph: stderr
2024-04-17T07:01:40.487+0000 7f9b21200700 1 -- 172.21.15.86:0/2896351450 --> [v2:172.21.15.86:3300/0,v1:172.21.15.86:6789/0] -- mon_subscribe({mgrmap=0+}) -- 0x7f9b1c19c970 con 0x7f9b1c108e00
2024-04-17T07:01:41.494 INFO:teuthology.orchestra.run.smithi086.stdout:/usr/bin/ceph: stderr
2024-04-17T07:01:40.487+0000 7f9b12a00700 1 -- 172.21.15.86:0/2896351450 <== mon.0 v2:172.21.15.86:3300/0 3 ==== mon_map magic: 0 ==== 205+0+0 (secure 0 0 0) 0x7f9b0c01a600 con 0x7f9b1c108e00
2024-04-17T07:01:41.494 INFO:teuthology.orchestra.run.smithi086.stdout:/usr/bin/ceph: stderr
2024-04-17T07:01:40.487+0000 7f9b21200700 1 -- 172.21.15.86:0/2896351450 --> [v2:172.21.15.86:3300/0,v1:172.21.15.86:6789/0] -- mon_subscribe({osdmap=0}) -- 0x7f9b1c19f660 con 0x7f9b1c108e00
2024-04-17T07:01:41.494 INFO:teuthology.orchestra.run.smithi086.stdout:/usr/bin/ceph: stderr
2024-04-17T07:01:40.488+0000 7f9b12a00700 1 -- 172.21.15.86:0/2896351450 <== mon.0 v2:172.21.15.86:3300/0 4 ==== mgrmap(e 3) ==== 46441+0+0 (secure 0 0 0) 0x7f9b0c024a40 con 0x7f9b1c108e00
2024-04-17T07:01:41.494 INFO:teuthology.orchestra.run.smithi086.stdout:/usr/bin/ceph: stderr
2024-04-17T07:01:40.488+0000 7f9b21200700 1 -- 172.21.15.86:0/2896351450 --> [v2:172.21.15.86:3300/0,v1:172.21.15.86:6789/0] -- mon_command({"prefix": "get_command_descriptions"} v 0) -- 0x7f9b1c0640b0 con 0x7f9b1c108e00
2024-04-17T07:01:41.494 INFO:teuthology.orchestra.run.smithi086.stdout:/usr/bin/ceph: stderr
2024-04-17T07:01:40.488+0000 7f9b12a00700 1 --2- 172.21.15.86:0/2896351450 >> [v2:172.21.15.86:6800/4176177513,v1:172.21.15.86:6801/4176177513] conn(0x7f9b00039550 0x7f9b0003ba10 unknown :-1 s=NONE pgs=0 cs=0 l=1 rev1=0 crypto rx=0 tx=0 comp rx=0 tx=0).connect
2024-04-17T07:01:41.494 INFO:teuthology.orchestra.run.smithi086.stdout:/usr/bin/ceph: stderr
2024-04-17T07:01:40.489+0000 7f9b12a00700 1 -- 172.21.15.86:0/2896351450 <== mon.0 v2:172.21.15.86:3300/0 5 ==== osd_map(1..1 src has 1..1) ==== 725+0+0 (secure 0 0 0) 0x7f9b0c04d880 con 0x7f9b1c108e00
2024-04-17T07:01:41.494 INFO:teuthology.orchestra.run.smithi086.stdout:/usr/bin/ceph: stderr
2024-04-17T07:01:40.489+0000 7f9b19400700 1 --2- 172.21.15.86:0/2896351450 >> [v2:172.21.15.86:6800/4176177513,v1:172.21.15.86:6801/4176177513] conn(0x7f9b00039550 0x7f9b0003ba10 unknown :-1 s=BANNER_CONNECTING pgs=0 cs=0 l=1 rev1=0 crypto rx=0 tx=0 comp rx=0 tx=0)._handle_peer_banner_payload supported=3 required=0
2024-04-17T07:01:41.494 INFO:teuthology.orchestra.run.smithi086.stdout:/usr/bin/ceph: stderr
2024-04-17T07:01:40.489+0000 7f9b19400700 1 --2- 172.21.15.86:0/2896351450 >> [v2:172.21.15.86:6800/4176177513,v1:172.21.15.86:6801/4176177513] conn(0x7f9b00039550 0x7f9b0003ba10 secure :-1 s=READY pgs=6 cs=0 l=1 rev1=1 crypto rx=0x7f9b08006fd0 tx=0x7f9b08006e40 comp rx=0 tx=0).ready entity=mgr.14100 client_cookie=0 server_cookie=0 in_seq=0 out_seq=0
2024-04-17T07:01:41.494 INFO:teuthology.orchestra.run.smithi086.stdout:/usr/bin/ceph: stderr
2024-04-17T07:01:40.495+0000 7f9b12a00700 1 -- 172.21.15.86:0/2896351450 <== mon.0 v2:172.21.15.86:3300/0 6 ==== mon_command_ack([{"prefix": "get_command_descriptions"}]=0 v0) ==== 72+0+188381 (secure 0 0 0) 0x7f9b0c02d770 con 0x7f9b1c108e00
2024-04-17T07:01:41.494 INFO:teuthology.orchestra.run.smithi086.stdout:/usr/bin/ceph: stderr
2024-04-17T07:01:40.510+0000 7f9b12a00700 1 -- 172.21.15.86:0/2896351450 <== mon.0 v2:172.21.15.86:3300/0 7 ==== mgrmap(e 4) ==== 46547+0+0 (secure 0 0 0) 0x7f9b0c02cc20 con 0x7f9b1c108e00
2024-04-17T07:01:41.494 INFO:teuthology.orchestra.run.smithi086.stdout:/usr/bin/ceph: stderr
2024-04-17T07:01:40.802+0000 7f9b21200700 1 -- 172.21.15.86:0/2896351450 --> [v2:172.21.15.86:3300/0,v1:172.21.15.86:6789/0] -- mon_command({"prefix": "status", "format": "json-pretty"} v 0) -- 0x7f9b1c19f830 con 0x7f9b1c108e00
2024-04-17T07:01:41.495 INFO:teuthology.orchestra.run.smithi086.stdout:/usr/bin/ceph: stderr
2024-04-17T07:01:40.803+0000 7f9b12a00700 1 -- 172.21.15.86:0/2896351450 <== mon.0 v2:172.21.15.86:3300/0 8 ==== mon_command_ack([{"prefix": "status", "format": "json-pretty"}]=0 v0) ==== 79+0+1239 (secure 0 0 0) 0x7f9b1c19f830 con 0x7f9b1c108e00
2024-04-17T07:01:41.495 INFO:teuthology.orchestra.run.smithi086.stdout:/usr/bin/ceph: stderr
2024-04-17T07:01:40.806+0000 7f9b21200700 1 -- 172.21.15.86:0/2896351450 >> [v2:172.21.15.86:6800/4176177513,v1:172.21.15.86:6801/4176177513] conn(0x7f9b00039550 msgr2=0x7f9b0003ba10 secure :-1 s=STATE_CONNECTION_ESTABLISHED l=1).mark_down
2024-04-17T07:01:41.495 INFO:teuthology.orchestra.run.smithi086.stdout:/usr/bin/ceph: stderr
2024-04-17T07:01:40.806+0000 7f9b21200700 1 --2- 172.21.15.86:0/2896351450 >> [v2:172.21.15.86:6800/4176177513,v1:172.21.15.86:6801/4176177513] conn(0x7f9b00039550 0x7f9b0003ba10 secure :-1 s=READY pgs=6 cs=0 l=1 rev1=1 crypto rx=0x7f9b08006fd0 tx=0x7f9b08006e40 comp rx=0 tx=0).stop
2024-04-17T07:01:41.495 INFO:teuthology.orchestra.run.smithi086.stdout:/usr/bin/ceph: stderr
2024-04-17T07:01:40.806+0000 7f9b21200700 1 -- 172.21.15.86:0/2896351450 >> [v2:172.21.15.86:3300/0,v1:172.21.15.86:6789/0] conn(0x7f9b1c108e00 msgr2=0x7f9b1c19c1a0 secure :-1 s=STATE_CONNECTION_ESTABLISHED l=1).mark_down
2024-04-17T07:01:41.495 INFO:teuthology.orchestra.run.smithi086.stdout:/usr/bin/ceph: stderr
2024-04-17T07:01:40.806+0000 7f9b21200700 1 --2- 172.21.15.86:0/2896351450 >> [v2:172.21.15.86:3300/0,v1:172.21.15.86:6789/0] conn(0x7f9b1c108e00 0x7f9b1c19c1a0 secure :-1 s=READY pgs=19 cs=0 l=1 rev1=1 crypto rx=0x7f9b0c011a50 tx=0x7f9b0c004290 comp rx=0 tx=0).stop
2024-04-17T07:01:41.495 INFO:teuthology.orchestra.run.smithi086.stdout:/usr/bin/ceph: stderr
2024-04-17T07:01:40.806+0000 7f9b21200700 1 -- 172.21.15.86:0/2896351450 shutdown_connections
2024-04-17T07:01:41.495 INFO:teuthology.orchestra.run.smithi086.stdout:/usr/bin/ceph: stderr
2024-04-17T07:01:40.806+0000 7f9b21200700 1 --2- 172.21.15.86:0/2896351450 >> [v2:172.21.15.86:6800/4176177513,v1:172.21.15.86:6801/4176177513] conn(0x7f9b00039550 0x7f9b0003ba10 unknown :-1 s=CLOSED pgs=6 cs=0 l=1 rev1=1 crypto rx=0 tx=0 comp rx=0 tx=0).stop
2024-04-17T07:01:41.495 INFO:teuthology.orchestra.run.smithi086.stdout:/usr/bin/ceph: stderr
2024-04-17T07:01:40.806+0000 7f9b21200700 1 --2- 172.21.15.86:0/2896351450 >> [v2:172.21.15.86:3300/0,v1:172.21.15.86:6789/0] conn(0x7f9b1c108e00 0x7f9b1c19c1a0 unknown :-1 s=CLOSED pgs=19 cs=0 l=1 rev1=1 crypto rx=0 tx=0 comp rx=0 tx=0).stop
2024-04-17T07:01:41.495 INFO:teuthology.orchestra.run.smithi086.stdout:/usr/bin/ceph: stderr
2024-04-17T07:01:40.806+0000 7f9b21200700 1 -- 172.21.15.86:0/2896351450 >> 172.21.15.86:0/2896351450 conn(0x7f9b1c102830 msgr2=0x7f9b1c1032f0 unknown :-1 s=STATE_NONE l=0).mark_down
2024-04-17T07:01:41.495 INFO:teuthology.orchestra.run.smithi086.stdout:/usr/bin/ceph: stderr
2024-04-17T07:01:40.807+0000 7f9b21200700 1 -- 172.21.15.86:0/2896351450 shutdown_connections
2024-04-17T07:01:41.495 INFO:teuthology.orchestra.run.smithi086.stdout:/usr/bin/ceph: stderr
2024-04-17T07:01:40.807+0000 7f9b21200700 1 -- 172.21.15.86:0/2896351450 wait complete.
2024-04-17T07:01:41.495 INFO:teuthology.orchestra.run.smithi086.stdout:mgr is available
2024-04-17T07:01:41.794 INFO:journalctl@ceph.mon.a.smithi086.stdout:Apr 17 07:01:41 smithi086 ceph-mon[31733]: mgrmap e4: x(active, since 2s)
2024-04-17T07:01:41.794 INFO:journalctl@ceph.mon.a.smithi086.stdout:Apr 17 07:01:41 smithi086 ceph-mon[31733]: from='client.? 172.21.15.86:0/2896351450' entity='client.admin' cmd=[{"prefix": "status", "format": "json-pretty"}]: dispatch
2024-04-17T07:01:42.830 INFO:journalctl@ceph.mon.a.smithi086.stdout:Apr 17 07:01:42 smithi086 ceph-mon[31733]: from='client.? 172.21.15.86:0/2986887585' entity='client.admin' cmd=[{"prefix": "config assimilate-conf"}]: dispatch
2024-04-17T07:01:42.977 INFO:teuthology.orchestra.run.smithi086.stdout:/usr/bin/ceph: stdout
2024-04-17T07:01:42.978 INFO:teuthology.orchestra.run.smithi086.stdout:/usr/bin/ceph: stdout [global]
2024-04-17T07:01:42.978 INFO:teuthology.orchestra.run.smithi086.stdout:/usr/bin/ceph: stdout fsid = 1f7ed99a-fc88-11ee-bc91-c7b262605968
2024-04-17T07:01:42.978 INFO:teuthology.orchestra.run.smithi086.stdout:/usr/bin/ceph: stdout mon_osd_allow_pg_remap = true
2024-04-17T07:01:42.979 INFO:teuthology.orchestra.run.smithi086.stdout:/usr/bin/ceph: stdout mon_osd_allow_primary_affinity = true
2024-04-17T07:01:42.979 INFO:teuthology.orchestra.run.smithi086.stdout:/usr/bin/ceph: stdout mon_warn_on_no_sortbitwise = false
2024-04-17T07:01:42.979 INFO:teuthology.orchestra.run.smithi086.stdout:/usr/bin/ceph: stdout osd_crush_chooseleaf_type = 0
2024-04-17T07:01:42.979 INFO:teuthology.orchestra.run.smithi086.stdout:/usr/bin/ceph: stdout
2024-04-17T07:01:42.979 INFO:teuthology.orchestra.run.smithi086.stdout:/usr/bin/ceph: stdout [mgr]
2024-04-17T07:01:42.979 INFO:teuthology.orchestra.run.smithi086.stdout:/usr/bin/ceph: stdout mgr/telemetry/nag = false
2024-04-17T07:01:42.986 INFO:teuthology.orchestra.run.smithi086.stdout:/usr/bin/ceph: stdout
2024-04-17T07:01:42.986 INFO:teuthology.orchestra.run.smithi086.stdout:/usr/bin/ceph: stdout [osd]
2024-04-17T07:01:42.986 INFO:teuthology.orchestra.run.smithi086.stdout:/usr/bin/ceph: stdout mon_osd_backfillfull_ratio = 0.85
2024-04-17T07:01:42.986 INFO:teuthology.orchestra.run.smithi086.stdout:/usr/bin/ceph: stdout mon_osd_full_ratio = 0.9
2024-04-17T07:01:42.986 INFO:teuthology.orchestra.run.smithi086.stdout:/usr/bin/ceph: stdout mon_osd_nearfull_ratio = 0.8
2024-04-17T07:01:42.986 INFO:teuthology.orchestra.run.smithi086.stdout:/usr/bin/ceph: stdout osd_map_max_advance = 10
2024-04-17T07:01:42.986 INFO:teuthology.orchestra.run.smithi086.stdout:/usr/bin/ceph: stdout osd_sloppy_crc = true
2024-04-17T07:01:42.986 INFO:teuthology.orchestra.run.smithi086.stdout:/usr/bin/ceph: stderr
2024-04-17T07:01:42.085+0000 7f0c61800700 1 Processor -- start
2024-04-17T07:01:42.987 INFO:teuthology.orchestra.run.smithi086.stdout:/usr/bin/ceph: stderr
2024-04-17T07:01:42.085+0000 7f0c61800700 1 -- start start
2024-04-17T07:01:42.987 INFO:teuthology.orchestra.run.smithi086.stdout:/usr/bin/ceph: stderr
2024-04-17T07:01:42.086+0000 7f0c61800700 1 --2- >> [v2:172.21.15.86:3300/0,v1:172.21.15.86:6789/0] conn(0x7f0c5c1083d0 0x7f0c5c1087f0 unknown :-1 s=NONE pgs=0 cs=0 l=0 rev1=0 crypto rx=0 tx=0 comp rx=0 tx=0).connect
2024-04-17T07:01:42.987 INFO:teuthology.orchestra.run.smithi086.stdout:/usr/bin/ceph: stderr
2024-04-17T07:01:42.086+0000 7f0c61800700 1 -- --> [v2:172.21.15.86:3300/0,v1:172.21.15.86:6789/0] -- mon_getmap magic: 0 -- 0x7f0c5c108dc0 con 0x7f0c5c1083d0
2024-04-17T07:01:42.987 INFO:teuthology.orchestra.run.smithi086.stdout:/usr/bin/ceph: stderr
2024-04-17T07:01:42.086+0000 7f0c5aa00700 1 --2- >> [v2:172.21.15.86:3300/0,v1:172.21.15.86:6789/0] conn(0x7f0c5c1083d0 0x7f0c5c1087f0 unknown :-1 s=BANNER_CONNECTING pgs=0 cs=0 l=0 rev1=0 crypto rx=0 tx=0 comp rx=0 tx=0)._handle_peer_banner_payload supported=3 required=0
2024-04-17T07:01:42.987 INFO:teuthology.orchestra.run.smithi086.stdout:/usr/bin/ceph: stderr
2024-04-17T07:01:42.086+0000 7f0c5aa00700 1 --2- >> [v2:172.21.15.86:3300/0,v1:172.21.15.86:6789/0] conn(0x7f0c5c1083d0 0x7f0c5c1087f0 unknown :-1 s=HELLO_CONNECTING pgs=0 cs=0 l=0 rev1=1 crypto rx=0 tx=0 comp rx=0 tx=0).handle_hello peer v2:172.21.15.86:3300/0 says I am v2:172.21.15.86:55258/0 (socket says 172.21.15.86:55258)
2024-04-17T07:01:42.987 INFO:teuthology.orchestra.run.smithi086.stdout:/usr/bin/ceph: stderr
2024-04-17T07:01:42.086+0000 7f0c5aa00700 1 -- 172.21.15.86:0/633042821 learned_addr learned my addr 172.21.15.86:0/633042821 (peer_addr_for_me v2:172.21.15.86:0/0)
2024-04-17T07:01:42.987 INFO:teuthology.orchestra.run.smithi086.stdout:/usr/bin/ceph: stderr
2024-04-17T07:01:42.086+0000 7f0c5aa00700 1 -- 172.21.15.86:0/633042821 --> [v2:172.21.15.86:3300/0,v1:172.21.15.86:6789/0] -- mon_subscribe({config=0+,monmap=0+}) -- 0x7f0c5c109530 con 0x7f0c5c1083d0
2024-04-17T07:01:42.987 INFO:teuthology.orchestra.run.smithi086.stdout:/usr/bin/ceph: stderr
2024-04-17T07:01:42.087+0000 7f0c5aa00700 1 --2- 172.21.15.86:0/633042821 >> [v2:172.21.15.86:3300/0,v1:172.21.15.86:6789/0] conn(0x7f0c5c1083d0 0x7f0c5c1087f0 secure :-1 s=READY pgs=20 cs=0 l=1 rev1=1 crypto rx=0x7f0c4c0098a0 tx=0x7f0c4c009bb0 comp rx=0 tx=0).ready entity=mon.0 client_cookie=2d71969c42e80f01 server_cookie=0 in_seq=0 out_seq=0
2024-04-17T07:01:42.987 INFO:teuthology.orchestra.run.smithi086.stdout:/usr/bin/ceph: stderr
2024-04-17T07:01:42.087+0000 7f0c59600700 1 -- 172.21.15.86:0/633042821 <== mon.0 v2:172.21.15.86:3300/0 1 ==== mon_map magic: 0 ==== 205+0+0 (secure 0 0 0) 0x7f0c4c004160 con 0x7f0c5c1083d0
2024-04-17T07:01:42.987 INFO:teuthology.orchestra.run.smithi086.stdout:/usr/bin/ceph: stderr
2024-04-17T07:01:42.087+0000 7f0c59600700 1 -- 172.21.15.86:0/633042821 <== mon.0 v2:172.21.15.86:3300/0 2 ==== config(26 keys) ==== 1071+0+0 (secure 0 0 0) 0x7f0c4c004300 con 0x7f0c5c1083d0
2024-04-17T07:01:42.987 INFO:teuthology.orchestra.run.smithi086.stdout:/usr/bin/ceph: stderr
2024-04-17T07:01:42.087+0000 7f0c59600700 1 -- 172.21.15.86:0/633042821 <== mon.0 v2:172.21.15.86:3300/0 3 ==== mon_map magic: 0 ==== 205+0+0 (secure 0 0 0) 0x7f0c4c011a80 con 0x7f0c5c1083d0
2024-04-17T07:01:42.987 INFO:teuthology.orchestra.run.smithi086.stdout:/usr/bin/ceph: stderr
2024-04-17T07:01:42.088+0000 7f0c61800700 1 -- 172.21.15.86:0/633042821 >> [v2:172.21.15.86:3300/0,v1:172.21.15.86:6789/0] conn(0x7f0c5c1083d0 msgr2=0x7f0c5c1087f0 secure :-1 s=STATE_CONNECTION_ESTABLISHED l=1).mark_down
2024-04-17T07:01:42.987 INFO:teuthology.orchestra.run.smithi086.stdout:/usr/bin/ceph: stderr
2024-04-17T07:01:42.088+0000 7f0c61800700 1 --2- 172.21.15.86:0/633042821 >> [v2:172.21.15.86:3300/0,v1:172.21.15.86:6789/0] conn(0x7f0c5c1083d0 0x7f0c5c1087f0 secure :-1 s=READY pgs=20 cs=0 l=1 rev1=1 crypto rx=0x7f0c4c0098a0 tx=0x7f0c4c009bb0 comp rx=0 tx=0).stop
2024-04-17T07:01:42.987 INFO:teuthology.orchestra.run.smithi086.stdout:/usr/bin/ceph: stderr
2024-04-17T07:01:42.088+0000 7f0c61800700 1 -- 172.21.15.86:0/633042821 shutdown_connections
2024-04-17T07:01:42.988 INFO:teuthology.orchestra.run.smithi086.stdout:/usr/bin/ceph: stderr
2024-04-17T07:01:42.088+0000 7f0c61800700 1 --2- 172.21.15.86:0/633042821 >> [v2:172.21.15.86:3300/0,v1:172.21.15.86:6789/0] conn(0x7f0c5c1083d0 0x7f0c5c1087f0 unknown :-1 s=CLOSED pgs=20 cs=0 l=1 rev1=1 crypto rx=0 tx=0 comp rx=0 tx=0).stop
2024-04-17T07:01:42.988 INFO:teuthology.orchestra.run.smithi086.stdout:/usr/bin/ceph: stderr
2024-04-17T07:01:42.088+0000 7f0c61800700 1 -- 172.21.15.86:0/633042821 >> 172.21.15.86:0/633042821 conn(0x7f0c5c1039f0 msgr2=0x7f0c5c105e10 unknown :-1 s=STATE_NONE l=0).mark_down
2024-04-17T07:01:42.988 INFO:teuthology.orchestra.run.smithi086.stdout:/usr/bin/ceph: stderr
2024-04-17T07:01:42.088+0000 7f0c61800700 1 -- 172.21.15.86:0/633042821 shutdown_connections
2024-04-17T07:01:42.988 INFO:teuthology.orchestra.run.smithi086.stdout:/usr/bin/ceph: stderr
2024-04-17T07:01:42.088+0000 7f0c61800700 1 -- 172.21.15.86:0/633042821 wait complete.
2024-04-17T07:01:42.988 INFO:teuthology.orchestra.run.smithi086.stdout:/usr/bin/ceph: stderr
2024-04-17T07:01:42.089+0000 7f0c61800700 1 Processor -- start
2024-04-17T07:01:42.988 INFO:teuthology.orchestra.run.smithi086.stdout:/usr/bin/ceph: stderr
2024-04-17T07:01:42.089+0000 7f0c61800700 1 -- start start
2024-04-17T07:01:42.988 INFO:teuthology.orchestra.run.smithi086.stdout:/usr/bin/ceph: stderr
2024-04-17T07:01:42.089+0000 7f0c61800700 1 --2- >> [v2:172.21.15.86:3300/0,v1:172.21.15.86:6789/0] conn(0x7f0c5c1083d0 0x7f0c5c07db90 unknown :-1 s=NONE pgs=0 cs=0 l=1 rev1=0 crypto rx=0 tx=0 comp rx=0 tx=0).connect
2024-04-17T07:01:42.988 INFO:teuthology.orchestra.run.smithi086.stdout:/usr/bin/ceph: stderr
2024-04-17T07:01:42.089+0000 7f0c61800700 1 -- --> [v2:172.21.15.86:3300/0,v1:172.21.15.86:6789/0] -- mon_getmap magic: 0 -- 0x7f0c5c10c8e0 con 0x7f0c5c1083d0
2024-04-17T07:01:42.988 INFO:teuthology.orchestra.run.smithi086.stdout:/usr/bin/ceph: stderr
2024-04-17T07:01:42.089+0000 7f0c5aa00700 1 --2- >> [v2:172.21.15.86:3300/0,v1:172.21.15.86:6789/0] conn(0x7f0c5c1083d0 0x7f0c5c07db90 unknown :-1 s=BANNER_CONNECTING pgs=0 cs=0 l=1 rev1=0 crypto rx=0 tx=0 comp rx=0 tx=0)._handle_peer_banner_payload supported=3 required=0
2024-04-17T07:01:42.988 INFO:teuthology.orchestra.run.smithi086.stdout:/usr/bin/ceph: stderr
2024-04-17T07:01:42.089+0000 7f0c5aa00700 1 --2- >> [v2:172.21.15.86:3300/0,v1:172.21.15.86:6789/0] conn(0x7f0c5c1083d0 0x7f0c5c07db90 unknown :-1 s=HELLO_CONNECTING pgs=0 cs=0 l=1 rev1=1 crypto rx=0 tx=0 comp rx=0 tx=0).handle_hello peer v2:172.21.15.86:3300/0 says I am v2:172.21.15.86:55268/0 (socket says 172.21.15.86:55268)
2024-04-17T07:01:42.988 INFO:teuthology.orchestra.run.smithi086.stdout:/usr/bin/ceph: stderr
2024-04-17T07:01:42.089+0000 7f0c5aa00700 1 -- 172.21.15.86:0/2986887585 learned_addr learned my addr 172.21.15.86:0/2986887585 (peer_addr_for_me v2:172.21.15.86:0/0)
2024-04-17T07:01:42.988 INFO:teuthology.orchestra.run.smithi086.stdout:/usr/bin/ceph: stderr
2024-04-17T07:01:42.090+0000 7f0c5aa00700 1 -- 172.21.15.86:0/2986887585 --> [v2:172.21.15.86:3300/0,v1:172.21.15.86:6789/0] -- mon_subscribe({config=0+,monmap=0+}) -- 0x7f0c5c07e0d0 con 0x7f0c5c1083d0
2024-04-17T07:01:42.988 INFO:teuthology.orchestra.run.smithi086.stdout:/usr/bin/ceph: stderr
2024-04-17T07:01:42.090+0000 7f0c5aa00700 1 --2- 172.21.15.86:0/2986887585 >> [v2:172.21.15.86:3300/0,v1:172.21.15.86:6789/0] conn(0x7f0c5c1083d0 0x7f0c5c07db90 secure :-1 s=READY pgs=21 cs=0 l=1 rev1=1 crypto rx=0x7f0c4c006af0 tx=0x7f0c4c011b70 comp rx=0 tx=0).ready entity=mon.0 client_cookie=0 server_cookie=0 in_seq=0 out_seq=0
2024-04-17T07:01:42.988 INFO:teuthology.orchestra.run.smithi086.stdout:/usr/bin/ceph: stderr
2024-04-17T07:01:42.090+0000 7f0c53400700 1 -- 172.21.15.86:0/2986887585 <== mon.0 v2:172.21.15.86:3300/0 1 ==== mon_map magic: 0 ==== 205+0+0 (secure 0 0 0) 0x7f0c4c003930 con 0x7f0c5c1083d0
2024-04-17T07:01:42.989 INFO:teuthology.orchestra.run.smithi086.stdout:/usr/bin/ceph: stderr
2024-04-17T07:01:42.090+0000 7f0c53400700 1 -- 172.21.15.86:0/2986887585 <== mon.0 v2:172.21.15.86:3300/0 2 ==== config(26 keys) ==== 1071+0+0 (secure 0 0 0) 0x7f0c4c003ad0 con 0x7f0c5c1083d0
2024-04-17T07:01:42.989 INFO:teuthology.orchestra.run.smithi086.stdout:/usr/bin/ceph: stderr
2024-04-17T07:01:42.090+0000 7f0c61800700 1 -- 172.21.15.86:0/2986887585 --> [v2:172.21.15.86:3300/0,v1:172.21.15.86:6789/0] -- mon_subscribe({mgrmap=0+}) -- 0x7f0c5c07c2c0 con 0x7f0c5c1083d0
2024-04-17T07:01:42.989 INFO:teuthology.orchestra.run.smithi086.stdout:/usr/bin/ceph: stderr
2024-04-17T07:01:42.090+0000 7f0c53400700 1 -- 172.21.15.86:0/2986887585 <== mon.0 v2:172.21.15.86:3300/0 3 ==== mon_map magic: 0 ==== 205+0+0 (secure 0 0 0) 0x7f0c4c0195e0 con 0x7f0c5c1083d0
2024-04-17T07:01:42.989 INFO:teuthology.orchestra.run.smithi086.stdout:/usr/bin/ceph: stderr
2024-04-17T07:01:42.090+0000 7f0c61800700 1 -- 172.21.15.86:0/2986887585 --> [v2:172.21.15.86:3300/0,v1:172.21.15.86:6789/0] -- mon_subscribe({osdmap=0}) -- 0x7f0c5c07c800 con 0x7f0c5c1083d0
2024-04-17T07:01:42.989 INFO:teuthology.orchestra.run.smithi086.stdout:/usr/bin/ceph: stderr
2024-04-17T07:01:42.091+0000 7f0c53400700 1 -- 172.21.15.86:0/2986887585 <== mon.0 v2:172.21.15.86:3300/0 4 ==== mgrmap(e 4) ==== 46547+0+0 (secure 0 0 0) 0x7f0c4c019890 con 0x7f0c5c1083d0
2024-04-17T07:01:42.989 INFO:teuthology.orchestra.run.smithi086.stdout:/usr/bin/ceph: stderr
2024-04-17T07:01:42.091+0000 7f0c61800700 1 -- 172.21.15.86:0/2986887585 --> [v2:172.21.15.86:3300/0,v1:172.21.15.86:6789/0] -- mon_command({"prefix": "get_command_descriptions"} v 0) -- 0x7f0c5c0640b0 con 0x7f0c5c1083d0
2024-04-17T07:01:42.989 INFO:teuthology.orchestra.run.smithi086.stdout:/usr/bin/ceph: stderr
2024-04-17T07:01:42.092+0000 7f0c53400700 1 --2- 172.21.15.86:0/2986887585 >> [v2:172.21.15.86:6800/4176177513,v1:172.21.15.86:6801/4176177513] conn(0x7f0c40039620 0x7f0c4003bae0 unknown :-1 s=NONE pgs=0 cs=0 l=1 rev1=0 crypto rx=0 tx=0 comp rx=0 tx=0).connect
2024-04-17T07:01:42.989 INFO:teuthology.orchestra.run.smithi086.stdout:/usr/bin/ceph: stderr
2024-04-17T07:01:42.092+0000 7f0c53400700 1 -- 172.21.15.86:0/2986887585 <== mon.0 v2:172.21.15.86:3300/0 5 ==== osd_map(1..1 src has 1..1) ==== 725+0+0 (secure 0 0 0) 0x7f0c4c04db40 con 0x7f0c5c1083d0
2024-04-17T07:01:42.989 INFO:teuthology.orchestra.run.smithi086.stdout:/usr/bin/ceph: stderr
2024-04-17T07:01:42.092+0000 7f0c5a000700 1 --2- 172.21.15.86:0/2986887585 >> [v2:172.21.15.86:6800/4176177513,v1:172.21.15.86:6801/4176177513] conn(0x7f0c40039620 0x7f0c4003bae0 unknown :-1 s=BANNER_CONNECTING pgs=0 cs=0 l=1 rev1=0 crypto rx=0 tx=0 comp rx=0 tx=0)._handle_peer_banner_payload supported=3 required=0
2024-04-17T07:01:42.989 INFO:teuthology.orchestra.run.smithi086.stdout:/usr/bin/ceph: stderr
2024-04-17T07:01:42.093+0000 7f0c5a000700 1 --2- 172.21.15.86:0/2986887585 >> [v2:172.21.15.86:6800/4176177513,v1:172.21.15.86:6801/4176177513] conn(0x7f0c40039620 0x7f0c4003bae0 secure :-1 s=READY pgs=7 cs=0 l=1 rev1=1 crypto rx=0x7f0c48006fd0 tx=0x7f0c48006e40 comp rx=0 tx=0).ready entity=mgr.14100 client_cookie=0 server_cookie=0 in_seq=0 out_seq=0
2024-04-17T07:01:42.989 INFO:teuthology.orchestra.run.smithi086.stdout:/usr/bin/ceph: stderr
2024-04-17T07:01:42.097+0000 7f0c53400700 1 -- 172.21.15.86:0/2986887585 <== mon.0 v2:172.21.15.86:3300/0 6 ==== mon_command_ack([{"prefix": "get_command_descriptions"}]=0 v0) ==== 72+0+188381 (secure 0 0 0) 0x7f0c4c04d560 con 0x7f0c5c1083d0
2024-04-17T07:01:42.989 INFO:teuthology.orchestra.run.smithi086.stdout:/usr/bin/ceph: stderr
2024-04-17T07:01:42.302+0000 7f0c61800700 1 -- 172.21.15.86:0/2986887585 --> [v2:172.21.15.86:3300/0,v1:172.21.15.86:6789/0] -- mon_command({"prefix": "config assimilate-conf"} v 0) -- 0x7f0c5c07cff0 con 0x7f0c5c1083d0
2024-04-17T07:01:42.989 INFO:teuthology.orchestra.run.smithi086.stdout:/usr/bin/ceph: stderr
2024-04-17T07:01:42.304+0000 7f0c53400700 1 -- 172.21.15.86:0/2986887585 <== mon.0 v2:172.21.15.86:3300/0 7 ==== mon_command_ack([{"prefix": "config assimilate-conf"}]=0 v3) ==== 70+0+373 (secure 0 0 0) 0x7f0c4c00fda0 con 0x7f0c5c1083d0
2024-04-17T07:01:42.990 INFO:teuthology.orchestra.run.smithi086.stdout:/usr/bin/ceph: stderr
2024-04-17T07:01:42.306+0000 7f0c61800700 1 -- 172.21.15.86:0/2986887585 >> [v2:172.21.15.86:6800/4176177513,v1:172.21.15.86:6801/4176177513] conn(0x7f0c40039620 msgr2=0x7f0c4003bae0 secure :-1 s=STATE_CONNECTION_ESTABLISHED l=1).mark_down
2024-04-17T07:01:42.990 INFO:teuthology.orchestra.run.smithi086.stdout:/usr/bin/ceph: stderr
2024-04-17T07:01:42.306+0000 7f0c61800700 1 --2- 172.21.15.86:0/2986887585 >> [v2:172.21.15.86:6800/4176177513,v1:172.21.15.86:6801/4176177513] conn(0x7f0c40039620 0x7f0c4003bae0 secure :-1 s=READY pgs=7 cs=0 l=1 rev1=1 crypto rx=0x7f0c48006fd0 tx=0x7f0c48006e40 comp rx=0 tx=0).stop
2024-04-17T07:01:42.990 INFO:teuthology.orchestra.run.smithi086.stdout:/usr/bin/ceph: stderr
2024-04-17T07:01:42.306+0000 7f0c61800700 1 -- 172.21.15.86:0/2986887585 >> [v2:172.21.15.86:3300/0,v1:172.21.15.86:6789/0] conn(0x7f0c5c1083d0 msgr2=0x7f0c5c07db90 secure :-1 s=STATE_CONNECTION_ESTABLISHED l=1).mark_down
2024-04-17T07:01:42.990 INFO:teuthology.orchestra.run.smithi086.stdout:/usr/bin/ceph: stderr
2024-04-17T07:01:42.306+0000 7f0c61800700 1 --2- 172.21.15.86:0/2986887585 >> [v2:172.21.15.86:3300/0,v1:172.21.15.86:6789/0] conn(0x7f0c5c1083d0 0x7f0c5c07db90 secure :-1 s=READY pgs=21 cs=0 l=1 rev1=1 crypto rx=0x7f0c4c006af0 tx=0x7f0c4c011b70 comp rx=0 tx=0).stop
2024-04-17T07:01:42.990 INFO:teuthology.orchestra.run.smithi086.stdout:/usr/bin/ceph: stderr
2024-04-17T07:01:42.307+0000 7f0c61800700 1 -- 172.21.15.86:0/2986887585 shutdown_connections
2024-04-17T07:01:42.990 INFO:teuthology.orchestra.run.smithi086.stdout:/usr/bin/ceph: stderr
2024-04-17T07:01:42.307+0000 7f0c61800700 1 --2- 172.21.15.86:0/2986887585 >> [v2:172.21.15.86:6800/4176177513,v1:172.21.15.86:6801/4176177513] conn(0x7f0c40039620 0x7f0c4003bae0 unknown :-1 s=CLOSED pgs=7 cs=0 l=1 rev1=1 crypto rx=0 tx=0 comp rx=0 tx=0).stop
2024-04-17T07:01:42.990 INFO:teuthology.orchestra.run.smithi086.stdout:/usr/bin/ceph: stderr
2024-04-17T07:01:42.307+0000 7f0c61800700 1 --2- 172.21.15.86:0/2986887585 >> [v2:172.21.15.86:3300/0,v1:172.21.15.86:6789/0] conn(0x7f0c5c1083d0 0x7f0c5c07db90 unknown :-1 s=CLOSED pgs=21 cs=0 l=1 rev1=1 crypto rx=0 tx=0 comp rx=0 tx=0).stop
2024-04-17T07:01:42.990 INFO:teuthology.orchestra.run.smithi086.stdout:/usr/bin/ceph: stderr
2024-04-17T07:01:42.307+0000 7f0c61800700 1 -- 172.21.15.86:0/2986887585 >> 172.21.15.86:0/2986887585 conn(0x7f0c5c1039f0 msgr2=0x7f0c5c104540 unknown :-1 s=STATE_NONE l=0).mark_down
2024-04-17T07:01:42.990 INFO:teuthology.orchestra.run.smithi086.stdout:/usr/bin/ceph: stderr
2024-04-17T07:01:42.307+0000 7f0c61800700 1 -- 172.21.15.86:0/2986887585 shutdown_connections
2024-04-17T07:01:42.990 INFO:teuthology.orchestra.run.smithi086.stdout:/usr/bin/ceph: stderr
2024-04-17T07:01:42.307+0000 7f0c61800700 1 -- 172.21.15.86:0/2986887585 wait complete.
2024-04-17T07:01:42.991 INFO:teuthology.orchestra.run.smithi086.stdout:Enabling cephadm module...
2024-04-17T07:01:44.300 INFO:journalctl@ceph.mon.a.smithi086.stdout:Apr 17 07:01:43 smithi086 ceph-mon[31733]: from='client.? 172.21.15.86:0/2002944161' entity='client.admin' cmd=[{"prefix": "mgr module enable", "module": "cephadm"}]: dispatch
2024-04-17T07:01:44.300 INFO:journalctl@ceph.mgr.x.smithi086.stdout:Apr 17 07:01:44 smithi086 ceph-1f7ed99a-fc88-11ee-bc91-c7b262605968-mgr-x[31970]: ignoring --setuser ceph since I am not root
2024-04-17T07:01:44.300 INFO:journalctl@ceph.mgr.x.smithi086.stdout:Apr 17 07:01:44 smithi086 ceph-1f7ed99a-fc88-11ee-bc91-c7b262605968-mgr-x[31970]: ignoring --setgroup ceph since I am not root
2024-04-17T07:01:44.576 INFO:teuthology.orchestra.run.smithi086.stdout:/usr/bin/ceph: stderr
2024-04-17T07:01:43.573+0000 7fe060600700 1 Processor -- start
2024-04-17T07:01:44.576 INFO:teuthology.orchestra.run.smithi086.stdout:/usr/bin/ceph: stderr
2024-04-17T07:01:43.573+0000 7fe060600700 1 -- start start
2024-04-17T07:01:44.576 INFO:teuthology.orchestra.run.smithi086.stdout:/usr/bin/ceph: stderr
2024-04-17T07:01:43.573+0000 7fe060600700 1 --2- >> [v2:172.21.15.86:3300/0,v1:172.21.15.86:6789/0] conn(0x7fe05810ef50 0x7fe05810f350 unknown :-1 s=NONE pgs=0 cs=0 l=0 rev1=0 crypto rx=0 tx=0 comp rx=0 tx=0).connect
2024-04-17T07:01:44.576 INFO:teuthology.orchestra.run.smithi086.stdout:/usr/bin/ceph: stderr
2024-04-17T07:01:43.573+0000 7fe060600700 1 -- --> [v2:172.21.15.86:3300/0,v1:172.21.15.86:6789/0] -- mon_getmap magic: 0 -- 0x7fe05810f920 con 0x7fe05810ef50
2024-04-17T07:01:44.576 INFO:teuthology.orchestra.run.smithi086.stdout:/usr/bin/ceph: stderr
2024-04-17T07:01:43.574+0000 7fe05dc00700 1 --2- >> [v2:172.21.15.86:3300/0,v1:172.21.15.86:6789/0] conn(0x7fe05810ef50 0x7fe05810f350 unknown :-1 s=BANNER_CONNECTING pgs=0 cs=0 l=0 rev1=0 crypto rx=0 tx=0 comp rx=0 tx=0)._handle_peer_banner_payload supported=3 required=0
2024-04-17T07:01:44.576 INFO:teuthology.orchestra.run.smithi086.stdout:/usr/bin/ceph: stderr
2024-04-17T07:01:43.574+0000 7fe05dc00700 1 --2- >> [v2:172.21.15.86:3300/0,v1:172.21.15.86:6789/0] conn(0x7fe05810ef50 0x7fe05810f350 unknown :-1 s=HELLO_CONNECTING pgs=0 cs=0 l=0 rev1=1 crypto rx=0 tx=0 comp rx=0 tx=0).handle_hello peer v2:172.21.15.86:3300/0 says I am v2:172.21.15.86:55270/0 (socket says 172.21.15.86:55270)
2024-04-17T07:01:44.576 INFO:teuthology.orchestra.run.smithi086.stdout:/usr/bin/ceph: stderr
2024-04-17T07:01:43.574+0000 7fe05dc00700 1 -- 172.21.15.86:0/1194479324 learned_addr learned my addr 172.21.15.86:0/1194479324 (peer_addr_for_me v2:172.21.15.86:0/0)
2024-04-17T07:01:44.577 INFO:teuthology.orchestra.run.smithi086.stdout:/usr/bin/ceph: stderr
2024-04-17T07:01:43.574+0000 7fe05dc00700 1 -- 172.21.15.86:0/1194479324 --> [v2:172.21.15.86:3300/0,v1:172.21.15.86:6789/0] -- mon_subscribe({config=0+,monmap=0+}) -- 0x7fe05810faa0 con 0x7fe05810ef50
2024-04-17T07:01:44.577 INFO:teuthology.orchestra.run.smithi086.stdout:/usr/bin/ceph: stderr
2024-04-17T07:01:43.574+0000 7fe05dc00700 1 --2- 172.21.15.86:0/1194479324 >> [v2:172.21.15.86:3300/0,v1:172.21.15.86:6789/0] conn(0x7fe05810ef50 0x7fe05810f350 secure :-1 s=READY pgs=22 cs=0 l=1 rev1=1 crypto rx=0x7fe04c0098a0 tx=0x7fe04c009bb0 comp rx=0 tx=0).ready entity=mon.0 client_cookie=c549d7ded0d29cac server_cookie=0 in_seq=0 out_seq=0
2024-04-17T07:01:44.577 INFO:teuthology.orchestra.run.smithi086.stdout:/usr/bin/ceph: stderr
2024-04-17T07:01:43.575+0000 7fe057e00700 1 -- 172.21.15.86:0/1194479324 <== mon.0 v2:172.21.15.86:3300/0 1 ==== mon_map magic: 0 ==== 205+0+0 (secure 0 0 0) 0x7fe04c004160 con 0x7fe05810ef50
2024-04-17T07:01:44.577 INFO:teuthology.orchestra.run.smithi086.stdout:/usr/bin/ceph: stderr
2024-04-17T07:01:43.575+0000 7fe057e00700 1 -- 172.21.15.86:0/1194479324 <== mon.0 v2:172.21.15.86:3300/0 2 ==== config(26 keys) ==== 1071+0+0 (secure 0 0 0) 0x7fe04c004300 con 0x7fe05810ef50
2024-04-17T07:01:44.577 INFO:teuthology.orchestra.run.smithi086.stdout:/usr/bin/ceph: stderr
2024-04-17T07:01:43.575+0000 7fe057e00700 1 -- 172.21.15.86:0/1194479324 <== mon.0 v2:172.21.15.86:3300/0 3 ==== mon_map magic: 0 ==== 205+0+0 (secure 0 0 0) 0x7fe04c011a80 con 0x7fe05810ef50
2024-04-17T07:01:44.577 INFO:teuthology.orchestra.run.smithi086.stdout:/usr/bin/ceph: stderr
2024-04-17T07:01:43.575+0000 7fe060600700 1 -- 172.21.15.86:0/1194479324 >> [v2:172.21.15.86:3300/0,v1:172.21.15.86:6789/0] conn(0x7fe05810ef50 msgr2=0x7fe05810f350 secure :-1 s=STATE_CONNECTION_ESTABLISHED l=1).mark_down
2024-04-17T07:01:44.577 INFO:teuthology.orchestra.run.smithi086.stdout:/usr/bin/ceph: stderr
2024-04-17T07:01:43.575+0000 7fe060600700 1 --2- 172.21.15.86:0/1194479324 >> [v2:172.21.15.86:3300/0,v1:172.21.15.86:6789/0] conn(0x7fe05810ef50 0x7fe05810f350 secure :-1 s=READY pgs=22 cs=0 l=1 rev1=1 crypto rx=0x7fe04c0098a0 tx=0x7fe04c009bb0 comp rx=0 tx=0).stop
2024-04-17T07:01:44.577 INFO:teuthology.orchestra.run.smithi086.stdout:/usr/bin/ceph: stderr
2024-04-17T07:01:43.575+0000 7fe060600700 1 -- 172.21.15.86:0/1194479324 shutdown_connections
2024-04-17T07:01:44.577 INFO:teuthology.orchestra.run.smithi086.stdout:/usr/bin/ceph: stderr
2024-04-17T07:01:43.575+0000 7fe060600700 1 --2- 172.21.15.86:0/1194479324 >> [v2:172.21.15.86:3300/0,v1:172.21.15.86:6789/0] conn(0x7fe05810ef50 0x7fe05810f350 unknown :-1 s=CLOSED pgs=22 cs=0 l=1 rev1=1 crypto rx=0 tx=0 comp rx=0 tx=0).stop
2024-04-17T07:01:44.577 INFO:teuthology.orchestra.run.smithi086.stdout:/usr/bin/ceph: stderr
2024-04-17T07:01:43.575+0000 7fe060600700 1 -- 172.21.15.86:0/1194479324 >> 172.21.15.86:0/1194479324 conn(0x7fe05807de30 msgr2=0x7fe058080250 unknown :-1 s=STATE_NONE l=0).mark_down
2024-04-17T07:01:44.577 INFO:teuthology.orchestra.run.smithi086.stdout:/usr/bin/ceph: stderr
2024-04-17T07:01:43.575+0000 7fe060600700 1 -- 172.21.15.86:0/1194479324 shutdown_connections
2024-04-17T07:01:44.577 INFO:teuthology.orchestra.run.smithi086.stdout:/usr/bin/ceph: stderr
2024-04-17T07:01:43.576+0000 7fe060600700 1 -- 172.21.15.86:0/1194479324 wait complete.
2024-04-17T07:01:44.577 INFO:teuthology.orchestra.run.smithi086.stdout:/usr/bin/ceph: stderr
2024-04-17T07:01:43.576+0000 7fe060600700 1 Processor -- start
2024-04-17T07:01:44.577 INFO:teuthology.orchestra.run.smithi086.stdout:/usr/bin/ceph: stderr
2024-04-17T07:01:43.577+0000 7fe060600700 1 -- start start
2024-04-17T07:01:44.577 INFO:teuthology.orchestra.run.smithi086.stdout:/usr/bin/ceph: stderr
2024-04-17T07:01:43.577+0000 7fe060600700 1 --2- >> [v2:172.21.15.86:3300/0,v1:172.21.15.86:6789/0] conn(0x7fe05810ef50 0x7fe0581a27c0 unknown :-1 s=NONE pgs=0 cs=0 l=1 rev1=0 crypto rx=0 tx=0 comp rx=0 tx=0).connect
2024-04-17T07:01:44.578 INFO:teuthology.orchestra.run.smithi086.stdout:/usr/bin/ceph: stderr
2024-04-17T07:01:43.577+0000 7fe060600700 1 -- --> [v2:172.21.15.86:3300/0,v1:172.21.15.86:6789/0] -- mon_getmap magic: 0 -- 0x7fe058110a60 con 0x7fe05810ef50
2024-04-17T07:01:44.578 INFO:teuthology.orchestra.run.smithi086.stdout:/usr/bin/ceph: stderr
2024-04-17T07:01:43.577+0000 7fe05dc00700 1 --2- >> [v2:172.21.15.86:3300/0,v1:172.21.15.86:6789/0] conn(0x7fe05810ef50 0x7fe0581a27c0 unknown :-1 s=BANNER_CONNECTING pgs=0 cs=0 l=1 rev1=0 crypto rx=0 tx=0 comp rx=0 tx=0)._handle_peer_banner_payload supported=3 required=0
2024-04-17T07:01:44.578 INFO:teuthology.orchestra.run.smithi086.stdout:/usr/bin/ceph: stderr
2024-04-17T07:01:43.577+0000 7fe05dc00700 1 --2- >> [v2:172.21.15.86:3300/0,v1:172.21.15.86:6789/0] conn(0x7fe05810ef50 0x7fe0581a27c0 unknown :-1 s=HELLO_CONNECTING pgs=0 cs=0 l=1 rev1=1 crypto rx=0 tx=0 comp rx=0 tx=0).handle_hello peer v2:172.21.15.86:3300/0 says I am v2:172.21.15.86:55282/0 (socket says 172.21.15.86:55282)
2024-04-17T07:01:44.578 INFO:teuthology.orchestra.run.smithi086.stdout:/usr/bin/ceph: stderr
2024-04-17T07:01:43.577+0000 7fe05dc00700 1 -- 172.21.15.86:0/2002944161 learned_addr learned my addr 172.21.15.86:0/2002944161 (peer_addr_for_me v2:172.21.15.86:0/0)
2024-04-17T07:01:44.578 INFO:teuthology.orchestra.run.smithi086.stdout:/usr/bin/ceph: stderr
2024-04-17T07:01:43.578+0000 7fe05dc00700 1 -- 172.21.15.86:0/2002944161 --> [v2:172.21.15.86:3300/0,v1:172.21.15.86:6789/0] -- mon_subscribe({config=0+,monmap=0+}) -- 0x7fe0581a2d00 con 0x7fe05810ef50
2024-04-17T07:01:44.578 INFO:teuthology.orchestra.run.smithi086.stdout:/usr/bin/ceph: stderr
2024-04-17T07:01:43.578+0000 7fe05dc00700 1 --2- 172.21.15.86:0/2002944161 >> [v2:172.21.15.86:3300/0,v1:172.21.15.86:6789/0] conn(0x7fe05810ef50 0x7fe0581a27c0 secure :-1 s=READY pgs=23 cs=0 l=1 rev1=1 crypto rx=0x7fe04c000c00 tx=0x7fe04c004290 comp rx=0 tx=0).ready entity=mon.0 client_cookie=0 server_cookie=0 in_seq=0 out_seq=0
2024-04-17T07:01:44.578 INFO:teuthology.orchestra.run.smithi086.stdout:/usr/bin/ceph: stderr
2024-04-17T07:01:43.578+0000 7fe056000700 1 -- 172.21.15.86:0/2002944161 <== mon.0 v2:172.21.15.86:3300/0 1 ==== mon_map magic: 0 ==== 205+0+0 (secure 0 0 0) 0x7fe04c0039c0 con 0x7fe05810ef50
2024-04-17T07:01:44.578 INFO:teuthology.orchestra.run.smithi086.stdout:/usr/bin/ceph: stderr
2024-04-17T07:01:43.578+0000 7fe056000700 1 -- 172.21.15.86:0/2002944161 <== mon.0 v2:172.21.15.86:3300/0 2 ==== config(26 keys) ==== 1071+0+0 (secure 0 0 0) 0x7fe04c003b60 con 0x7fe05810ef50
2024-04-17T07:01:44.578 INFO:teuthology.orchestra.run.smithi086.stdout:/usr/bin/ceph: stderr
2024-04-17T07:01:43.578+0000 7fe060600700 1 -- 172.21.15.86:0/2002944161 --> [v2:172.21.15.86:3300/0,v1:172.21.15.86:6789/0] -- mon_subscribe({mgrmap=0+}) -- 0x7fe0581a2f90 con 0x7fe05810ef50
2024-04-17T07:01:44.578 INFO:teuthology.orchestra.run.smithi086.stdout:/usr/bin/ceph: stderr
2024-04-17T07:01:43.578+0000 7fe056000700 1 -- 172.21.15.86:0/2002944161 <== mon.0 v2:172.21.15.86:3300/0 3 ==== mon_map magic: 0 ==== 205+0+0 (secure 0 0 0) 0x7fe04c01a6f0 con 0x7fe05810ef50
2024-04-17T07:01:44.579 INFO:teuthology.orchestra.run.smithi086.stdout:/usr/bin/ceph: stderr
2024-04-17T07:01:43.578+0000 7fe060600700 1 -- 172.21.15.86:0/2002944161 --> [v2:172.21.15.86:3300/0,v1:172.21.15.86:6789/0] -- mon_subscribe({osdmap=0}) -- 0x7fe0581a5c80 con 0x7fe05810ef50
2024-04-17T07:01:44.579 INFO:teuthology.orchestra.run.smithi086.stdout:/usr/bin/ceph: stderr
2024-04-17T07:01:43.579+0000 7fe056000700 1 -- 172.21.15.86:0/2002944161 <== mon.0 v2:172.21.15.86:3300/0 4 ==== mgrmap(e 4) ==== 46547+0+0 (secure 0 0 0) 0x7fe04c01a890 con 0x7fe05810ef50
2024-04-17T07:01:44.579 INFO:teuthology.orchestra.run.smithi086.stdout:/usr/bin/ceph: stderr
2024-04-17T07:01:43.579+0000 7fe060600700 1 -- 172.21.15.86:0/2002944161 --> [v2:172.21.15.86:3300/0,v1:172.21.15.86:6789/0] -- mon_command({"prefix": "get_command_descriptions"} v 0) -- 0x7fe058112f30 con 0x7fe05810ef50
2024-04-17T07:01:44.579 INFO:teuthology.orchestra.run.smithi086.stdout:/usr/bin/ceph: stderr
2024-04-17T07:01:43.580+0000 7fe056000700 1 --2- 172.21.15.86:0/2002944161 >> [v2:172.21.15.86:6800/4176177513,v1:172.21.15.86:6801/4176177513] conn(0x7fe040039670 0x7fe04003bb30 unknown :-1 s=NONE pgs=0 cs=0 l=1 rev1=0 crypto rx=0 tx=0 comp rx=0 tx=0).connect
2024-04-17T07:01:44.579 INFO:teuthology.orchestra.run.smithi086.stdout:/usr/bin/ceph: stderr
2024-04-17T07:01:43.580+0000 7fe056000700 1 -- 172.21.15.86:0/2002944161 <== mon.0 v2:172.21.15.86:3300/0 5 ==== osd_map(1..1 src has 1..1) ==== 725+0+0 (secure 0 0 0) 0x7fe04c04dab0 con 0x7fe05810ef50
2024-04-17T07:01:44.579 INFO:teuthology.orchestra.run.smithi086.stdout:/usr/bin/ceph: stderr
2024-04-17T07:01:43.580+0000 7fe05d200700 1 --2- 172.21.15.86:0/2002944161 >> [v2:172.21.15.86:6800/4176177513,v1:172.21.15.86:6801/4176177513] conn(0x7fe040039670 0x7fe04003bb30 unknown :-1 s=BANNER_CONNECTING pgs=0 cs=0 l=1 rev1=0 crypto rx=0 tx=0 comp rx=0 tx=0)._handle_peer_banner_payload supported=3 required=0
2024-04-17T07:01:44.579 INFO:teuthology.orchestra.run.smithi086.stdout:/usr/bin/ceph: stderr
2024-04-17T07:01:43.581+0000 7fe05d200700 1 --2- 172.21.15.86:0/2002944161 >> [v2:172.21.15.86:6800/4176177513,v1:172.21.15.86:6801/4176177513] conn(0x7fe040039670 0x7fe04003bb30 secure :-1 s=READY pgs=8 cs=0 l=1 rev1=1 crypto rx=0x7fe044006fd0 tx=0x7fe044006e40 comp rx=0 tx=0).ready entity=mgr.14100 client_cookie=0 server_cookie=0 in_seq=0 out_seq=0
2024-04-17T07:01:44.579 INFO:teuthology.orchestra.run.smithi086.stdout:/usr/bin/ceph: stderr
2024-04-17T07:01:43.585+0000 7fe056000700 1 -- 172.21.15.86:0/2002944161 <== mon.0 v2:172.21.15.86:3300/0 6 ==== mon_command_ack([{"prefix": "get_command_descriptions"}]=0 v0) ==== 72+0+188381 (secure 0 0 0) 0x7fe04c04d4d0 con 0x7fe05810ef50
2024-04-17T07:01:44.579 INFO:teuthology.orchestra.run.smithi086.stdout:/usr/bin/ceph: stderr
2024-04-17T07:01:43.872+0000 7fe060600700 1 -- 172.21.15.86:0/2002944161 --> [v2:172.21.15.86:3300/0,v1:172.21.15.86:6789/0] -- mon_command({"prefix": "mgr module enable", "module": "cephadm"} v 0) -- 0x7fe0581a62d0 con 0x7fe05810ef50
2024-04-17T07:01:44.579 INFO:teuthology.orchestra.run.smithi086.stdout:/usr/bin/ceph: stderr
2024-04-17T07:01:43.926+0000 7fe056000700 1 -- 172.21.15.86:0/2002944161 <== mon.0 v2:172.21.15.86:3300/0 7 ==== mon_command_ack([{"prefix": "mgr module enable", "module": "cephadm"}]=0 v5) ==== 86+0+0 (secure 0 0 0) 0x7fe04c024780 con 0x7fe05810ef50
