2024-04-17T07:02:15.352+0000 7f751ea00700 1 -- 172.21.15.86:0/3490095600 <== mon.0 v2:172.21.15.86:3300/0 6 ==== mon_command_ack([{"prefix": "get_command_descriptions"}]=0 v0) ==== 72+0+188381 (secure 0 0 0) 0x7f7518017ca0 con 0x7f7528108d60
2024-04-17T07:02:16.328 INFO:teuthology.orchestra.run.smithi086.stdout:/usr/bin/ceph: stderr
2024-04-17T07:02:15.576+0000 7f752cc00700 1 -- 172.21.15.86:0/3490095600 --> [v2:172.21.15.86:3300/0,v1:172.21.15.86:6789/0] -- mon_command([{prefix=config set, name=mgr/dashboard/ssl_server_port}] v 0) -- 0x7f75281a1e50 con 0x7f7528108d60
2024-04-17T07:02:16.328 INFO:teuthology.orchestra.run.smithi086.stdout:/usr/bin/ceph: stderr
2024-04-17T07:02:15.580+0000 7f751ea00700 1 -- 172.21.15.86:0/3490095600 <== mon.0 v2:172.21.15.86:3300/0 7 ==== mon_command_ack([{prefix=config set, name=mgr/dashboard/ssl_server_port}]=0 v8)=0 v8) ==== 130+0+0 (secure 0 0 0) 0x7f7518024a70 con 0x7f7528108d60
2024-04-17T07:02:16.328 INFO:teuthology.orchestra.run.smithi086.stdout:/usr/bin/ceph: stderr
2024-04-17T07:02:15.583+0000 7f752cc00700 1 -- 172.21.15.86:0/3490095600 >> [v2:172.21.15.86:6800/2497304884,v1:172.21.15.86:6801/2497304884] conn(0x7f750c039670 msgr2=0x7f750c03bb30 secure :-1 s=STATE_CONNECTION_ESTABLISHED l=1).mark_down
2024-04-17T07:02:16.328 INFO:teuthology.orchestra.run.smithi086.stdout:/usr/bin/ceph: stderr
2024-04-17T07:02:15.583+0000 7f752cc00700 1 --2- 172.21.15.86:0/3490095600 >> [v2:172.21.15.86:6800/2497304884,v1:172.21.15.86:6801/2497304884] conn(0x7f750c039670 0x7f750c03bb30 secure :-1 s=READY pgs=15 cs=0 l=1 rev1=1 crypto rx=0x7f7514006fd0 tx=0x7f7514006e40 comp rx=0 tx=0).stop
2024-04-17T07:02:16.328 INFO:teuthology.orchestra.run.smithi086.stdout:/usr/bin/ceph: stderr
2024-04-17T07:02:15.583+0000 7f752cc00700 1 -- 172.21.15.86:0/3490095600 >> [v2:172.21.15.86:3300/0,v1:172.21.15.86:6789/0] conn(0x7f7528108d60 msgr2=0x7f752819e370 secure :-1 s=STATE_CONNECTION_ESTABLISHED l=1).mark_down
2024-04-17T07:02:16.328 INFO:teuthology.orchestra.run.smithi086.stdout:/usr/bin/ceph: stderr
2024-04-17T07:02:15.583+0000 7f752cc00700 1 --2- 172.21.15.86:0/3490095600 >> [v2:172.21.15.86:3300/0,v1:172.21.15.86:6789/0] conn(0x7f7528108d60 0x7f752819e370 secure :-1 s=READY pgs=54 cs=0 l=1 rev1=1 crypto rx=0x7f7518011a20 tx=0x7f7518011b00 comp rx=0 tx=0).stop
2024-04-17T07:02:16.328 INFO:teuthology.orchestra.run.smithi086.stdout:/usr/bin/ceph: stderr
2024-04-17T07:02:15.584+0000 7f752cc00700 1 -- 172.21.15.86:0/3490095600 shutdown_connections
2024-04-17T07:02:16.328 INFO:teuthology.orchestra.run.smithi086.stdout:/usr/bin/ceph: stderr
2024-04-17T07:02:15.584+0000 7f752cc00700 1 --2- 172.21.15.86:0/3490095600 >> [v2:172.21.15.86:6800/2497304884,v1:172.21.15.86:6801/2497304884] conn(0x7f750c039670 0x7f750c03bb30 unknown :-1 s=CLOSED pgs=15 cs=0 l=1 rev1=1 crypto rx=0 tx=0 comp rx=0 tx=0).stop
2024-04-17T07:02:16.329 INFO:teuthology.orchestra.run.smithi086.stdout:/usr/bin/ceph: stderr
2024-04-17T07:02:15.584+0000 7f752cc00700 1 --2- 172.21.15.86:0/3490095600 >> [v2:172.21.15.86:3300/0,v1:172.21.15.86:6789/0] conn(0x7f7528108d60 0x7f752819e370 unknown :-1 s=CLOSED pgs=54 cs=0 l=1 rev1=1 crypto rx=0 tx=0 comp rx=0 tx=0).stop
2024-04-17T07:02:16.329 INFO:teuthology.orchestra.run.smithi086.stdout:/usr/bin/ceph: stderr
2024-04-17T07:02:15.584+0000 7f752cc00700 1 -- 172.21.15.86:0/3490095600 >> 172.21.15.86:0/3490095600 conn(0x7f7528102830 msgr2=0x7f7528103200 unknown :-1 s=STATE_NONE l=0).mark_down
2024-04-17T07:02:16.329 INFO:teuthology.orchestra.run.smithi086.stdout:/usr/bin/ceph: stderr
2024-04-17T07:02:15.584+0000 7f752cc00700 1 -- 172.21.15.86:0/3490095600 shutdown_connections
2024-04-17T07:02:16.329 INFO:teuthology.orchestra.run.smithi086.stdout:/usr/bin/ceph: stderr
2024-04-17T07:02:15.584+0000 7f752cc00700 1 -- 172.21.15.86:0/3490095600 wait complete.
2024-04-17T07:02:16.329 INFO:teuthology.orchestra.run.smithi086.stdout:Enabling the dashboard module...
2024-04-17T07:02:17.175 INFO:journalctl@ceph.mon.a.smithi086.stdout:Apr 17 07:02:16 smithi086 ceph-mon[31733]: from='mgr.14120 172.21.15.86:0/4208603152' entity='mgr.x'
2024-04-17T07:02:18.286 INFO:journalctl@ceph.mon.a.smithi086.stdout:Apr 17 07:02:17 smithi086 ceph-mon[31733]: pgmap v5: 0 pgs: ; 0 B data, 0 B used, 0 B / 0 B avail
2024-04-17T07:02:18.286 INFO:journalctl@ceph.mon.a.smithi086.stdout:Apr 17 07:02:17 smithi086 ceph-mon[31733]: from='client.? 172.21.15.86:0/561941831' entity='client.admin' cmd=[{"prefix": "mgr module enable", "module": "dashboard"}]: dispatch
2024-04-17T07:02:18.286 INFO:journalctl@ceph.mon.a.smithi086.stdout:Apr 17 07:02:17 smithi086 ceph-mon[31733]: from='mgr.14120 172.21.15.86:0/4208603152' entity='mgr.x'
2024-04-17T07:02:18.286 INFO:journalctl@ceph.mgr.x.smithi086.stdout:Apr 17 07:02:18 smithi086 ceph-1f7ed99a-fc88-11ee-bc91-c7b262605968-mgr-x[31970]: ignoring --setuser ceph since I am not root
2024-04-17T07:02:18.287 INFO:journalctl@ceph.mgr.x.smithi086.stdout:Apr 17 07:02:18 smithi086 ceph-1f7ed99a-fc88-11ee-bc91-c7b262605968-mgr-x[31970]: ignoring --setgroup ceph since I am not root
2024-04-17T07:02:18.612 INFO:teuthology.orchestra.run.smithi086.stdout:/usr/bin/ceph: stderr
2024-04-17T07:02:16.867+0000 7fa582c00700 1 Processor -- start
2024-04-17T07:02:18.614 INFO:teuthology.orchestra.run.smithi086.stdout:/usr/bin/ceph: stderr
2024-04-17T07:02:16.867+0000 7fa582c00700 1 -- start start
2024-04-17T07:02:18.614 INFO:teuthology.orchestra.run.smithi086.stdout:/usr/bin/ceph: stderr
2024-04-17T07:02:16.868+0000 7fa582c00700 1 --2- >> [v2:172.21.15.86:3300/0,v1:172.21.15.86:6789/0] conn(0x7fa57c106bd0 0x7fa57c106ff0 unknown :-1 s=NONE pgs=0 cs=0 l=0 rev1=0 crypto rx=0 tx=0 comp rx=0 tx=0).connect
2024-04-17T07:02:18.614 INFO:teuthology.orchestra.run.smithi086.stdout:/usr/bin/ceph: stderr
2024-04-17T07:02:16.868+0000 7fa582c00700 1 -- --> [v2:172.21.15.86:3300/0,v1:172.21.15.86:6789/0] -- mon_getmap magic: 0 -- 0x7fa57c07be90 con 0x7fa57c106bd0
2024-04-17T07:02:18.614 INFO:teuthology.orchestra.run.smithi086.stdout:/usr/bin/ceph: stderr
2024-04-17T07:02:16.868+0000 7fa57be00700 1 --2- >> [v2:172.21.15.86:3300/0,v1:172.21.15.86:6789/0] conn(0x7fa57c106bd0 0x7fa57c106ff0 unknown :-1 s=BANNER_CONNECTING pgs=0 cs=0 l=0 rev1=0 crypto rx=0 tx=0 comp rx=0 tx=0)._handle_peer_banner_payload supported=3 required=0
2024-04-17T07:02:18.614 INFO:teuthology.orchestra.run.smithi086.stdout:/usr/bin/ceph: stderr
2024-04-17T07:02:16.868+0000 7fa57be00700 1 --2- >> [v2:172.21.15.86:3300/0,v1:172.21.15.86:6789/0] conn(0x7fa57c106bd0 0x7fa57c106ff0 unknown :-1 s=HELLO_CONNECTING pgs=0 cs=0 l=0 rev1=1 crypto rx=0 tx=0 comp rx=0 tx=0).handle_hello peer v2:172.21.15.86:3300/0 says I am v2:172.21.15.86:49278/0 (socket says 172.21.15.86:49278)
2024-04-17T07:02:18.615 INFO:teuthology.orchestra.run.smithi086.stdout:/usr/bin/ceph: stderr
2024-04-17T07:02:16.868+0000 7fa57be00700 1 -- 172.21.15.86:0/2350642855 learned_addr learned my addr 172.21.15.86:0/2350642855 (peer_addr_for_me v2:172.21.15.86:0/0)
2024-04-17T07:02:18.615 INFO:teuthology.orchestra.run.smithi086.stdout:/usr/bin/ceph: stderr
2024-04-17T07:02:16.869+0000 7fa57be00700 1 -- 172.21.15.86:0/2350642855 --> [v2:172.21.15.86:3300/0,v1:172.21.15.86:6789/0] -- mon_subscribe({config=0+,monmap=0+}) -- 0x7fa57c107530 con 0x7fa57c106bd0
2024-04-17T07:02:18.615 INFO:teuthology.orchestra.run.smithi086.stdout:/usr/bin/ceph: stderr
2024-04-17T07:02:16.869+0000 7fa57be00700 1 --2- 172.21.15.86:0/2350642855 >> [v2:172.21.15.86:3300/0,v1:172.21.15.86:6789/0] conn(0x7fa57c106bd0 0x7fa57c106ff0 secure :-1 s=READY pgs=55 cs=0 l=1 rev1=1 crypto rx=0x7fa56c0098a0 tx=0x7fa56c009bb0 comp rx=0 tx=0).ready entity=mon.0 client_cookie=553ba741a9d63b75 server_cookie=0 in_seq=0 out_seq=0
2024-04-17T07:02:18.615 INFO:teuthology.orchestra.run.smithi086.stdout:/usr/bin/ceph: stderr
2024-04-17T07:02:16.869+0000 7fa57aa00700 1 -- 172.21.15.86:0/2350642855 <== mon.0 v2:172.21.15.86:3300/0 1 ==== mon_map magic: 0 ==== 205+0+0 (secure 0 0 0) 0x7fa56c004160 con 0x7fa57c106bd0
2024-04-17T07:02:18.616 INFO:teuthology.orchestra.run.smithi086.stdout:/usr/bin/ceph: stderr
2024-04-17T07:02:16.869+0000 7fa57aa00700 1 -- 172.21.15.86:0/2350642855 <== mon.0 v2:172.21.15.86:3300/0 2 ==== config(26 keys) ==== 1102+0+0 (secure 0 0 0) 0x7fa56c004300 con 0x7fa57c106bd0
2024-04-17T07:02:18.616 INFO:teuthology.orchestra.run.smithi086.stdout:/usr/bin/ceph: stderr
2024-04-17T07:02:16.869+0000 7fa57aa00700 1 -- 172.21.15.86:0/2350642855 <== mon.0 v2:172.21.15.86:3300/0 3 ==== mon_map magic: 0 ==== 205+0+0 (secure 0 0 0) 0x7fa56c011a50 con 0x7fa57c106bd0
2024-04-17T07:02:18.616 INFO:teuthology.orchestra.run.smithi086.stdout:/usr/bin/ceph: stderr
2024-04-17T07:02:16.870+0000 7fa582c00700 1 -- 172.21.15.86:0/2350642855 >> [v2:172.21.15.86:3300/0,v1:172.21.15.86:6789/0] conn(0x7fa57c106bd0 msgr2=0x7fa57c106ff0 secure :-1 s=STATE_CONNECTION_ESTABLISHED l=1).mark_down
2024-04-17T07:02:18.616 INFO:teuthology.orchestra.run.smithi086.stdout:/usr/bin/ceph: stderr
2024-04-17T07:02:16.870+0000 7fa582c00700 1 --2- 172.21.15.86:0/2350642855 >> [v2:172.21.15.86:3300/0,v1:172.21.15.86:6789/0] conn(0x7fa57c106bd0 0x7fa57c106ff0 secure :-1 s=READY pgs=55 cs=0 l=1 rev1=1 crypto rx=0x7fa56c0098a0 tx=0x7fa56c009bb0 comp rx=0 tx=0).stop
2024-04-17T07:02:18.616 INFO:teuthology.orchestra.run.smithi086.stdout:/usr/bin/ceph: stderr
2024-04-17T07:02:16.870+0000 7fa582c00700 1 -- 172.21.15.86:0/2350642855 shutdown_connections
2024-04-17T07:02:18.617 INFO:teuthology.orchestra.run.smithi086.stdout:/usr/bin/ceph: stderr
2024-04-17T07:02:16.870+0000 7fa582c00700 1 --2- 172.21.15.86:0/2350642855 >> [v2:172.21.15.86:3300/0,v1:172.21.15.86:6789/0] conn(0x7fa57c106bd0 0x7fa57c106ff0 unknown :-1 s=CLOSED pgs=55 cs=0 l=1 rev1=1 crypto rx=0 tx=0 comp rx=0 tx=0).stop
2024-04-17T07:02:18.617 INFO:teuthology.orchestra.run.smithi086.stdout:/usr/bin/ceph: stderr
2024-04-17T07:02:16.870+0000 7fa582c00700 1 -- 172.21.15.86:0/2350642855 >> 172.21.15.86:0/2350642855 conn(0x7fa57c102890 msgr2=0x7fa57c104cb0 unknown :-1 s=STATE_NONE l=0).mark_down
2024-04-17T07:02:18.617 INFO:teuthology.orchestra.run.smithi086.stdout:/usr/bin/ceph: stderr
2024-04-17T07:02:16.870+0000 7fa582c00700 1 -- 172.21.15.86:0/2350642855 shutdown_connections
2024-04-17T07:02:18.617 INFO:teuthology.orchestra.run.smithi086.stdout:/usr/bin/ceph: stderr
2024-04-17T07:02:16.870+0000 7fa582c00700 1 -- 172.21.15.86:0/2350642855 wait complete.
2024-04-17T07:02:18.617 INFO:teuthology.orchestra.run.smithi086.stdout:/usr/bin/ceph: stderr
2024-04-17T07:02:16.871+0000 7fa582c00700 1 Processor -- start
2024-04-17T07:02:18.618 INFO:teuthology.orchestra.run.smithi086.stdout:/usr/bin/ceph: stderr
2024-04-17T07:02:16.871+0000 7fa582c00700 1 -- start start
2024-04-17T07:02:18.618 INFO:teuthology.orchestra.run.smithi086.stdout:/usr/bin/ceph: stderr
2024-04-17T07:02:16.872+0000 7fa582c00700 1 --2- >> [v2:172.21.15.86:3300/0,v1:172.21.15.86:6789/0] conn(0x7fa57c106bd0 0x7fa57c19e380 unknown :-1 s=NONE pgs=0 cs=0 l=1 rev1=0 crypto rx=0 tx=0 comp rx=0 tx=0).connect
2024-04-17T07:02:18.618 INFO:teuthology.orchestra.run.smithi086.stdout:/usr/bin/ceph: stderr
2024-04-17T07:02:16.872+0000 7fa582c00700 1 -- --> [v2:172.21.15.86:3300/0,v1:172.21.15.86:6789/0] -- mon_getmap magic: 0 -- 0x7fa57c1085a0 con 0x7fa57c106bd0
2024-04-17T07:02:18.618 INFO:teuthology.orchestra.run.smithi086.stdout:/usr/bin/ceph: stderr
2024-04-17T07:02:16.872+0000 7fa57be00700 1 --2- >> [v2:172.21.15.86:3300/0,v1:172.21.15.86:6789/0] conn(0x7fa57c106bd0 0x7fa57c19e380 unknown :-1 s=BANNER_CONNECTING pgs=0 cs=0 l=1 rev1=0 crypto rx=0 tx=0 comp rx=0 tx=0)._handle_peer_banner_payload supported=3 required=0
2024-04-17T07:02:18.618 INFO:teuthology.orchestra.run.smithi086.stdout:/usr/bin/ceph: stderr
2024-04-17T07:02:16.872+0000 7fa57be00700 1 --2- >> [v2:172.21.15.86:3300/0,v1:172.21.15.86:6789/0] conn(0x7fa57c106bd0 0x7fa57c19e380 unknown :-1 s=HELLO_CONNECTING pgs=0 cs=0 l=1 rev1=1 crypto rx=0 tx=0 comp rx=0 tx=0).handle_hello peer v2:172.21.15.86:3300/0 says I am v2:172.21.15.86:49288/0 (socket says 172.21.15.86:49288)
2024-04-17T07:02:18.618 INFO:teuthology.orchestra.run.smithi086.stdout:/usr/bin/ceph: stderr
2024-04-17T07:02:16.872+0000 7fa57be00700 1 -- 172.21.15.86:0/561941831 learned_addr learned my addr 172.21.15.86:0/561941831 (peer_addr_for_me v2:172.21.15.86:0/0)
2024-04-17T07:02:18.618 INFO:teuthology.orchestra.run.smithi086.stdout:/usr/bin/ceph: stderr
2024-04-17T07:02:16.872+0000 7fa57be00700 1 -- 172.21.15.86:0/561941831 --> [v2:172.21.15.86:3300/0,v1:172.21.15.86:6789/0] -- mon_subscribe({config=0+,monmap=0+}) -- 0x7fa57c19e8c0 con 0x7fa57c106bd0
2024-04-17T07:02:18.619 INFO:teuthology.orchestra.run.smithi086.stdout:/usr/bin/ceph: stderr
2024-04-17T07:02:16.873+0000 7fa57be00700 1 --2- 172.21.15.86:0/561941831 >> [v2:172.21.15.86:3300/0,v1:172.21.15.86:6789/0] conn(0x7fa57c106bd0 0x7fa57c19e380 secure :-1 s=READY pgs=56 cs=0 l=1 rev1=1 crypto rx=0x7fa56c011a20 tx=0x7fa56c011b00 comp rx=0 tx=0).ready entity=mon.0 client_cookie=0 server_cookie=0 in_seq=0 out_seq=0
2024-04-17T07:02:18.619 INFO:teuthology.orchestra.run.smithi086.stdout:/usr/bin/ceph: stderr
2024-04-17T07:02:16.873+0000 7fa578c00700 1 -- 172.21.15.86:0/561941831 <== mon.0 v2:172.21.15.86:3300/0 1 ==== mon_map magic: 0 ==== 205+0+0 (secure 0 0 0) 0x7fa56c0039c0 con 0x7fa57c106bd0
2024-04-17T07:02:18.620 INFO:teuthology.orchestra.run.smithi086.stdout:/usr/bin/ceph: stderr
2024-04-17T07:02:16.873+0000 7fa578c00700 1 -- 172.21.15.86:0/561941831 <== mon.0 v2:172.21.15.86:3300/0 2 ==== config(26 keys) ==== 1102+0+0 (secure 0 0 0) 0x7fa56c003b60 con 0x7fa57c106bd0
2024-04-17T07:02:18.620 INFO:teuthology.orchestra.run.smithi086.stdout:/usr/bin/ceph: stderr
2024-04-17T07:02:16.873+0000 7fa582c00700 1 -- 172.21.15.86:0/561941831 --> [v2:172.21.15.86:3300/0,v1:172.21.15.86:6789/0] -- mon_subscribe({mgrmap=0+}) -- 0x7fa57c19eb50 con 0x7fa57c106bd0
2024-04-17T07:02:18.620 INFO:teuthology.orchestra.run.smithi086.stdout:/usr/bin/ceph: stderr
2024-04-17T07:02:16.873+0000 7fa578c00700 1 -- 172.21.15.86:0/561941831 <== mon.0 v2:172.21.15.86:3300/0 3 ==== mon_map magic: 0 ==== 205+0+0 (secure 0 0 0) 0x7fa56c01a6b0 con 0x7fa57c106bd0
2024-04-17T07:02:18.620 INFO:teuthology.orchestra.run.smithi086.stdout:/usr/bin/ceph: stderr
2024-04-17T07:02:16.873+0000 7fa582c00700 1 -- 172.21.15.86:0/561941831 --> [v2:172.21.15.86:3300/0,v1:172.21.15.86:6789/0] -- mon_subscribe({osdmap=0}) -- 0x7fa57c1a1840 con 0x7fa57c106bd0
2024-04-17T07:02:18.620 INFO:teuthology.orchestra.run.smithi086.stdout:/usr/bin/ceph: stderr
2024-04-17T07:02:16.874+0000 7fa578c00700 1 -- 172.21.15.86:0/561941831 <== mon.0 v2:172.21.15.86:3300/0 4 ==== mgrmap(e 8) ==== 46558+0+0 (secure 0 0 0) 0x7fa56c01a960 con 0x7fa57c106bd0
2024-04-17T07:02:18.620 INFO:teuthology.orchestra.run.smithi086.stdout:/usr/bin/ceph: stderr
2024-04-17T07:02:16.874+0000 7fa582c00700 1 -- 172.21.15.86:0/561941831 --> [v2:172.21.15.86:3300/0,v1:172.21.15.86:6789/0] -- mon_command({"prefix": "get_command_descriptions"} v 0) -- 0x7fa57c0640b0 con 0x7fa57c106bd0
2024-04-17T07:02:18.620 INFO:teuthology.orchestra.run.smithi086.stdout:/usr/bin/ceph: stderr
2024-04-17T07:02:16.875+0000 7fa578c00700 1 --2- 172.21.15.86:0/561941831 >> [v2:172.21.15.86:6800/2497304884,v1:172.21.15.86:6801/2497304884] conn(0x7fa560039670 0x7fa56003bb30 unknown :-1 s=NONE pgs=0 cs=0 l=1 rev1=0 crypto rx=0 tx=0 comp rx=0 tx=0).connect
2024-04-17T07:02:18.620 INFO:teuthology.orchestra.run.smithi086.stdout:/usr/bin/ceph: stderr
2024-04-17T07:02:16.875+0000 7fa578c00700 1 -- 172.21.15.86:0/561941831 <== mon.0 v2:172.21.15.86:3300/0 5 ==== osd_map(2..2 src has 1..2) ==== 940+0+0 (secure 0 0 0) 0x7fa56c04ded0 con 0x7fa57c106bd0
2024-04-17T07:02:18.621 INFO:teuthology.orchestra.run.smithi086.stdout:/usr/bin/ceph: stderr
2024-04-17T07:02:16.875+0000 7fa57b400700 1 --2- 172.21.15.86:0/561941831 >> [v2:172.21.15.86:6800/2497304884,v1:172.21.15.86:6801/2497304884] conn(0x7fa560039670 0x7fa56003bb30 unknown :-1 s=BANNER_CONNECTING pgs=0 cs=0 l=1 rev1=0 crypto rx=0 tx=0 comp rx=0 tx=0)._handle_peer_banner_payload supported=3 required=0
2024-04-17T07:02:18.621 INFO:teuthology.orchestra.run.smithi086.stdout:/usr/bin/ceph: stderr
2024-04-17T07:02:16.876+0000 7fa57b400700 1 --2- 172.21.15.86:0/561941831 >> [v2:172.21.15.86:6800/2497304884,v1:172.21.15.86:6801/2497304884] conn(0x7fa560039670 0x7fa56003bb30 secure :-1 s=READY pgs=16 cs=0 l=1 rev1=1 crypto rx=0x7fa568006fd0 tx=0x7fa568006e40 comp rx=0 tx=0).ready entity=mgr.14120 client_cookie=0 server_cookie=0 in_seq=0 out_seq=0
2024-04-17T07:02:18.622 INFO:teuthology.orchestra.run.smithi086.stdout:/usr/bin/ceph: stderr
2024-04-17T07:02:16.881+0000 7fa578c00700 1 -- 172.21.15.86:0/561941831 <== mon.0 v2:172.21.15.86:3300/0 6 ==== mon_command_ack([{"prefix": "get_command_descriptions"}]=0 v0) ==== 72+0+188381 (secure 0 0 0) 0x7fa56c00ba30 con 0x7fa57c106bd0
2024-04-17T07:02:18.623 INFO:teuthology.orchestra.run.smithi086.stdout:/usr/bin/ceph: stderr
2024-04-17T07:02:17.175+0000 7fa582c00700 1 -- 172.21.15.86:0/561941831 --> [v2:172.21.15.86:3300/0,v1:172.21.15.86:6789/0] -- mon_command({"prefix": "mgr module enable", "module": "dashboard"} v 0) -- 0x7fa57c02e1e0 con 0x7fa57c106bd0
2024-04-17T07:02:18.623 INFO:teuthology.orchestra.run.smithi086.stdout:/usr/bin/ceph: stderr
2024-04-17T07:02:17.915+0000 7fa578c00700 1 -- 172.21.15.86:0/561941831 <== mon.0 v2:172.21.15.86:3300/0 7 ==== mon_command_ack([{"prefix": "mgr module enable", "module": "dashboard"}]=0 v9) ==== 88+0+0 (secure 0 0 0) 0x7fa56c04d820 con 0x7fa57c106bd0
2024-04-17T07:02:18.623 INFO:teuthology.orchestra.run.smithi086.stdout:/usr/bin/ceph: stderr
2024-04-17T07:02:17.919+0000 7fa578c00700 1 -- 172.21.15.86:0/561941831 <== mon.0 v2:172.21.15.86:3300/0 8 ==== mgrmap(e 9) ==== 46571+0+0 (secure 0 0 0) 0x7fa56c02d910 con 0x7fa57c106bd0
2024-04-17T07:02:18.623 INFO:teuthology.orchestra.run.smithi086.stdout:/usr/bin/ceph: stderr
2024-04-17T07:02:17.920+0000 7fa582c00700 1 -- 172.21.15.86:0/561941831 >> [v2:172.21.15.86:6800/2497304884,v1:172.21.15.86:6801/2497304884] conn(0x7fa560039670 msgr2=0x7fa56003bb30 secure :-1 s=STATE_CONNECTION_ESTABLISHED l=1).mark_down
2024-04-17T07:02:18.623 INFO:teuthology.orchestra.run.smithi086.stdout:/usr/bin/ceph: stderr
2024-04-17T07:02:17.920+0000 7fa582c00700 1 --2- 172.21.15.86:0/561941831 >> [v2:172.21.15.86:6800/2497304884,v1:172.21.15.86:6801/2497304884] conn(0x7fa560039670 0x7fa56003bb30 secure :-1 s=READY pgs=16 cs=0 l=1 rev1=1 crypto rx=0x7fa568006fd0 tx=0x7fa568006e40 comp rx=0 tx=0).stop
2024-04-17T07:02:18.623 INFO:teuthology.orchestra.run.smithi086.stdout:/usr/bin/ceph: stderr
2024-04-17T07:02:17.920+0000 7fa582c00700 1 -- 172.21.15.86:0/561941831 >> [v2:172.21.15.86:3300/0,v1:172.21.15.86:6789/0] conn(0x7fa57c106bd0 msgr2=0x7fa57c19e380 secure :-1 s=STATE_CONNECTION_ESTABLISHED l=1).mark_down
2024-04-17T07:02:18.623 INFO:teuthology.orchestra.run.smithi086.stdout:/usr/bin/ceph: stderr
2024-04-17T07:02:17.920+0000 7fa582c00700 1 --2- 172.21.15.86:0/561941831 >> [v2:172.21.15.86:3300/0,v1:172.21.15.86:6789/0] conn(0x7fa57c106bd0 0x7fa57c19e380 secure :-1 s=READY pgs=56 cs=0 l=1 rev1=1 crypto rx=0x7fa56c011a20 tx=0x7fa56c011b00 comp rx=0 tx=0).stop
2024-04-17T07:02:18.623 INFO:teuthology.orchestra.run.smithi086.stdout:/usr/bin/ceph: stderr
2024-04-17T07:02:17.921+0000 7fa582c00700 1 -- 172.21.15.86:0/561941831 shutdown_connections
2024-04-17T07:02:18.623 INFO:teuthology.orchestra.run.smithi086.stdout:/usr/bin/ceph: stderr
2024-04-17T07:02:17.921+0000 7fa582c00700 1 --2- 172.21.15.86:0/561941831 >> [v2:172.21.15.86:6800/2497304884,v1:172.21.15.86:6801/2497304884] conn(0x7fa560039670 0x7fa56003bb30 unknown :-1 s=CLOSED pgs=16 cs=0 l=1 rev1=1 crypto rx=0 tx=0 comp rx=0 tx=0).stop
2024-04-17T07:02:18.623 INFO:teuthology.orchestra.run.smithi086.stdout:/usr/bin/ceph: stderr
2024-04-17T07:02:17.921+0000 7fa582c00700 1 --2- 172.21.15.86:0/561941831 >> [v2:172.21.15.86:3300/0,v1:172.21.15.86:6789/0] conn(0x7fa57c106bd0 0x7fa57c19e380 unknown :-1 s=CLOSED pgs=56 cs=0 l=1 rev1=1 crypto rx=0 tx=0 comp rx=0 tx=0).stop
2024-04-17T07:02:18.623 INFO:teuthology.orchestra.run.smithi086.stdout:/usr/bin/ceph: stderr
2024-04-17T07:02:17.921+0000 7fa582c00700 1 -- 172.21.15.86:0/561941831 >> 172.21.15.86:0/561941831 conn(0x7fa57c102890 msgr2=0x7fa57c194ff0 unknown :-1 s=STATE_NONE l=0).mark_down
2024-04-17T07:02:18.623 INFO:teuthology.orchestra.run.smithi086.stdout:/usr/bin/ceph: stderr
2024-04-17T07:02:17.921+0000 7fa582c00700 1 -- 172.21.15.86:0/561941831 shutdown_connections
2024-04-17T07:02:18.623 INFO:teuthology.orchestra.run.smithi086.stdout:/usr/bin/ceph: stderr
2024-04-17T07:02:17.922+0000 7fa582c00700 1 -- 172.21.15.86:0/561941831 wait complete.
2024-04-17T07:02:18.866 INFO:journalctl@ceph.mgr.x.smithi086.stdout:Apr 17 07:02:18 smithi086 ceph-1f7ed99a-fc88-11ee-bc91-c7b262605968-mgr-x[31970]:
2024-04-17T07:02:18.740+0000 7ffaf9396200 -1 mgr[py] Module osd_perf_query has missing NOTIFY_TYPES member
2024-04-17T07:02:19.135 INFO:journalctl@ceph.mon.a.smithi086.stdout:Apr 17 07:02:18 smithi086 ceph-mon[31733]: from='client.? 172.21.15.86:0/561941831' entity='client.admin' cmd='[{"prefix": "mgr module enable", "module": "dashboard"}]': finished
2024-04-17T07:02:19.136 INFO:journalctl@ceph.mon.a.smithi086.stdout:Apr 17 07:02:18 smithi086 ceph-mon[31733]: mgrmap e9: x(active, since 25s)
2024-04-17T07:02:19.136 INFO:journalctl@ceph.mgr.x.smithi086.stdout:Apr 17 07:02:18 smithi086 ceph-1f7ed99a-fc88-11ee-bc91-c7b262605968-mgr-x[31970]:
2024-04-17T07:02:18.865+0000 7ffaf9396200 -1 mgr[py] Module snap_schedule has missing NOTIFY_TYPES member
2024-04-17T07:02:20.001 INFO:journalctl@ceph.mon.a.smithi086.stdout:Apr 17 07:02:19 smithi086 ceph-mon[31733]: from='client.? 172.21.15.86:0/193895606' entity='client.admin' cmd=[{"prefix": "mgr stat"}]: dispatch
2024-04-17T07:02:20.002 INFO:journalctl@ceph.mgr.x.smithi086.stdout:Apr 17 07:02:19 smithi086 ceph-1f7ed99a-fc88-11ee-bc91-c7b262605968-mgr-x[31970]:
2024-04-17T07:02:19.695+0000 7ffaf9396200 -1 mgr[py] Module zabbix has missing NOTIFY_TYPES member
2024-04-17T07:02:20.002 INFO:journalctl@ceph.mgr.x.smithi086.stdout:Apr 17 07:02:19 smithi086 ceph-1f7ed99a-fc88-11ee-bc91-c7b262605968-mgr-x[31970]:
2024-04-17T07:02:19.820+0000 7ffaf9396200 -1 mgr[py] Module balancer has missing NOTIFY_TYPES member
2024-04-17T07:02:20.002 INFO:journalctl@ceph.mgr.x.smithi086.stdout:Apr 17 07:02:20 smithi086 ceph-1f7ed99a-fc88-11ee-bc91-c7b262605968-mgr-x[31970]:
2024-04-17T07:02:20.001+0000 7ffaf9396200 -1 mgr[py] Module influx has missing NOTIFY_TYPES member
2024-04-17T07:02:20.177 INFO:teuthology.orchestra.run.smithi086.stdout:/usr/bin/ceph: stdout {
2024-04-17T07:02:20.178 INFO:teuthology.orchestra.run.smithi086.stdout:/usr/bin/ceph: stdout "epoch": 9,
2024-04-17T07:02:20.178 INFO:teuthology.orchestra.run.smithi086.stdout:/usr/bin/ceph: stdout "available": true,
2024-04-17T07:02:20.178 INFO:teuthology.orchestra.run.smithi086.stdout:/usr/bin/ceph: stdout "active_name": "x",
2024-04-17T07:02:20.178 INFO:teuthology.orchestra.run.smithi086.stdout:/usr/bin/ceph: stdout "num_standby": 0
2024-04-17T07:02:20.178 INFO:teuthology.orchestra.run.smithi086.stdout:/usr/bin/ceph: stdout }
2024-04-17T07:02:20.184 INFO:teuthology.orchestra.run.smithi086.stdout:/usr/bin/ceph: stderr
2024-04-17T07:02:19.208+0000 7f107fa00700 1 Processor -- start
2024-04-17T07:02:20.184 INFO:teuthology.orchestra.run.smithi086.stdout:/usr/bin/ceph: stderr
2024-04-17T07:02:19.208+0000 7f107fa00700 1 -- start start
2024-04-17T07:02:20.184 INFO:teuthology.orchestra.run.smithi086.stdout:/usr/bin/ceph: stderr
2024-04-17T07:02:19.208+0000 7f107fa00700 1 --2- >> [v2:172.21.15.86:3300/0,v1:172.21.15.86:6789/0] conn(0x7f107807de00 0x7f107807c300 unknown :-1 s=NONE pgs=0 cs=0 l=0 rev1=0 crypto rx=0 tx=0 comp rx=0 tx=0).connect
2024-04-17T07:02:20.184 INFO:teuthology.orchestra.run.smithi086.stdout:/usr/bin/ceph: stderr
2024-04-17T07:02:19.208+0000 7f107fa00700 1 -- --> [v2:172.21.15.86:3300/0,v1:172.21.15.86:6789/0] -- mon_getmap magic: 0 -- 0x7f107807c840 con 0x7f107807de00
2024-04-17T07:02:20.184 INFO:teuthology.orchestra.run.smithi086.stdout:/usr/bin/ceph: stderr
2024-04-17T07:02:19.209+0000 7f107d000700 1 --2- >> [v2:172.21.15.86:3300/0,v1:172.21.15.86:6789/0] conn(0x7f107807de00 0x7f107807c300 unknown :-1 s=BANNER_CONNECTING pgs=0 cs=0 l=0 rev1=0 crypto rx=0 tx=0 comp rx=0 tx=0)._handle_peer_banner_payload supported=3 required=0
2024-04-17T07:02:20.184 INFO:teuthology.orchestra.run.smithi086.stdout:/usr/bin/ceph: stderr
2024-04-17T07:02:19.209+0000 7f107d000700 1 --2- >> [v2:172.21.15.86:3300/0,v1:172.21.15.86:6789/0] conn(0x7f107807de00 0x7f107807c300 unknown :-1 s=HELLO_CONNECTING pgs=0 cs=0 l=0 rev1=1 crypto rx=0 tx=0 comp rx=0 tx=0).handle_hello peer v2:172.21.15.86:3300/0 says I am v2:172.21.15.86:49316/0 (socket says 172.21.15.86:49316)
2024-04-17T07:02:20.184 INFO:teuthology.orchestra.run.smithi086.stdout:/usr/bin/ceph: stderr
2024-04-17T07:02:19.209+0000 7f107d000700 1 -- 172.21.15.86:0/384651733 learned_addr learned my addr 172.21.15.86:0/384651733 (peer_addr_for_me v2:172.21.15.86:0/0)
2024-04-17T07:02:20.184 INFO:teuthology.orchestra.run.smithi086.stdout:/usr/bin/ceph: stderr
2024-04-17T07:02:19.209+0000 7f107d000700 1 -- 172.21.15.86:0/384651733 --> [v2:172.21.15.86:3300/0,v1:172.21.15.86:6789/0] -- mon_subscribe({config=0+,monmap=0+}) -- 0x7f107807c9c0 con 0x7f107807de00
2024-04-17T07:02:20.184 INFO:teuthology.orchestra.run.smithi086.stdout:/usr/bin/ceph: stderr
2024-04-17T07:02:19.210+0000 7f107d000700 1 --2- 172.21.15.86:0/384651733 >> [v2:172.21.15.86:3300/0,v1:172.21.15.86:6789/0] conn(0x7f107807de00 0x7f107807c300 secure :-1 s=READY pgs=59 cs=0 l=1 rev1=1 crypto rx=0x7f106c0098a0 tx=0x7f106c009bb0 comp rx=0 tx=0).ready entity=mon.0 client_cookie=ed6502714f768ef4 server_cookie=0 in_seq=0 out_seq=0
2024-04-17T07:02:20.184 INFO:teuthology.orchestra.run.smithi086.stdout:/usr/bin/ceph: stderr
2024-04-17T07:02:19.210+0000 7f1077400700 1 -- 172.21.15.86:0/384651733 <== mon.0 v2:172.21.15.86:3300/0 1 ==== mon_map magic: 0 ==== 205+0+0 (secure 0 0 0) 0x7f106c004160 con 0x7f107807de00
2024-04-17T07:02:20.184 INFO:teuthology.orchestra.run.smithi086.stdout:/usr/bin/ceph: stderr
2024-04-17T07:02:19.210+0000 7f1077400700 1 -- 172.21.15.86:0/384651733 <== mon.0 v2:172.21.15.86:3300/0 2 ==== config(26 keys) ==== 1102+0+0 (secure 0 0 0) 0x7f106c004300 con 0x7f107807de00
2024-04-17T07:02:20.185 INFO:teuthology.orchestra.run.smithi086.stdout:/usr/bin/ceph: stderr
2024-04-17T07:02:19.210+0000 7f1077400700 1 -- 172.21.15.86:0/384651733 <== mon.0 v2:172.21.15.86:3300/0 3 ==== mon_map magic: 0 ==== 205+0+0 (secure 0 0 0) 0x7f106c011a50 con 0x7f107807de00
2024-04-17T07:02:20.185 INFO:teuthology.orchestra.run.smithi086.stdout:/usr/bin/ceph: stderr
2024-04-17T07:02:19.211+0000 7f107fa00700 1 -- 172.21.15.86:0/384651733 >> [v2:172.21.15.86:3300/0,v1:172.21.15.86:6789/0] conn(0x7f107807de00 msgr2=0x7f107807c300 secure :-1 s=STATE_CONNECTION_ESTABLISHED l=1).mark_down
2024-04-17T07:02:20.185 INFO:teuthology.orchestra.run.smithi086.stdout:/usr/bin/ceph: stderr
2024-04-17T07:02:19.211+0000 7f107fa00700 1 --2- 172.21.15.86:0/384651733 >> [v2:172.21.15.86:3300/0,v1:172.21.15.86:6789/0] conn(0x7f107807de00 0x7f107807c300 secure :-1 s=READY pgs=59 cs=0 l=1 rev1=1 crypto rx=0x7f106c0098a0 tx=0x7f106c009bb0 comp rx=0 tx=0).stop
2024-04-17T07:02:20.185 INFO:teuthology.orchestra.run.smithi086.stdout:/usr/bin/ceph: stderr
2024-04-17T07:02:19.211+0000 7f107fa00700 1 -- 172.21.15.86:0/384651733 shutdown_connections
2024-04-17T07:02:20.185 INFO:teuthology.orchestra.run.smithi086.stdout:/usr/bin/ceph: stderr
2024-04-17T07:02:19.211+0000 7f107fa00700 1 --2- 172.21.15.86:0/384651733 >> [v2:172.21.15.86:3300/0,v1:172.21.15.86:6789/0] conn(0x7f107807de00 0x7f107807c300 unknown :-1 s=CLOSED pgs=59 cs=0 l=1 rev1=1 crypto rx=0 tx=0 comp rx=0 tx=0).stop
2024-04-17T07:02:20.185 INFO:teuthology.orchestra.run.smithi086.stdout:/usr/bin/ceph: stderr
2024-04-17T07:02:19.211+0000 7f107fa00700 1 -- 172.21.15.86:0/384651733 >> 172.21.15.86:0/384651733 conn(0x7f10781039f0 msgr2=0x7f1078105e10 unknown :-1 s=STATE_NONE l=0).mark_down
2024-04-17T07:02:20.185 INFO:teuthology.orchestra.run.smithi086.stdout:/usr/bin/ceph: stderr
2024-04-17T07:02:19.211+0000 7f107fa00700 1 -- 172.21.15.86:0/384651733 shutdown_connections
2024-04-17T07:02:20.185 INFO:teuthology.orchestra.run.smithi086.stdout:/usr/bin/ceph: stderr
2024-04-17T07:02:19.211+0000 7f107fa00700 1 -- 172.21.15.86:0/384651733 wait complete.
2024-04-17T07:02:20.185 INFO:teuthology.orchestra.run.smithi086.stdout:/usr/bin/ceph: stderr
2024-04-17T07:02:19.212+0000 7f107fa00700 1 Processor -- start
2024-04-17T07:02:20.185 INFO:teuthology.orchestra.run.smithi086.stdout:/usr/bin/ceph: stderr
2024-04-17T07:02:19.212+0000 7f107fa00700 1 -- start start
2024-04-17T07:02:20.185 INFO:teuthology.orchestra.run.smithi086.stdout:/usr/bin/ceph: stderr
2024-04-17T07:02:19.212+0000 7f107fa00700 1 --2- >> [v2:172.21.15.86:3300/0,v1:172.21.15.86:6789/0] conn(0x7f107807de00 0x7f107819e2e0 unknown :-1 s=NONE pgs=0 cs=0 l=1 rev1=0 crypto rx=0 tx=0 comp rx=0 tx=0).connect
2024-04-17T07:02:20.185 INFO:teuthology.orchestra.run.smithi086.stdout:/usr/bin/ceph: stderr
2024-04-17T07:02:19.212+0000 7f107fa00700 1 -- --> [v2:172.21.15.86:3300/0,v1:172.21.15.86:6789/0] -- mon_getmap magic: 0 -- 0x7f107810e8d0 con 0x7f107807de00
2024-04-17T07:02:20.185 INFO:teuthology.orchestra.run.smithi086.stdout:/usr/bin/ceph: stderr
2024-04-17T07:02:19.213+0000 7f107d000700 1 --2- >> [v2:172.21.15.86:3300/0,v1:172.21.15.86:6789/0] conn(0x7f107807de00 0x7f107819e2e0 unknown :-1 s=BANNER_CONNECTING pgs=0 cs=0 l=1 rev1=0 crypto rx=0 tx=0 comp rx=0 tx=0)._handle_peer_banner_payload supported=3 required=0
2024-04-17T07:02:20.185 INFO:teuthology.orchestra.run.smithi086.stdout:/usr/bin/ceph: stderr
2024-04-17T07:02:19.213+0000 7f107d000700 1 --2- >> [v2:172.21.15.86:3300/0,v1:172.21.15.86:6789/0] conn(0x7f107807de00 0x7f107819e2e0 unknown :-1 s=HELLO_CONNECTING pgs=0 cs=0 l=1 rev1=1 crypto rx=0 tx=0 comp rx=0 tx=0).handle_hello peer v2:172.21.15.86:3300/0 says I am v2:172.21.15.86:49322/0 (socket says 172.21.15.86:49322)
2024-04-17T07:02:20.186 INFO:teuthology.orchestra.run.smithi086.stdout:/usr/bin/ceph: stderr
2024-04-17T07:02:19.213+0000 7f107d000700 1 -- 172.21.15.86:0/193895606 learned_addr learned my addr 172.21.15.86:0/193895606 (peer_addr_for_me v2:172.21.15.86:0/0)
2024-04-17T07:02:20.186 INFO:teuthology.orchestra.run.smithi086.stdout:/usr/bin/ceph: stderr
2024-04-17T07:02:19.213+0000 7f107d000700 1 -- 172.21.15.86:0/193895606 --> [v2:172.21.15.86:3300/0,v1:172.21.15.86:6789/0] -- mon_subscribe({config=0+,monmap=0+}) -- 0x7f107819e820 con 0x7f107807de00
2024-04-17T07:02:20.186 INFO:teuthology.orchestra.run.smithi086.stdout:/usr/bin/ceph: stderr
2024-04-17T07:02:19.213+0000 7f107d000700 1 --2- 172.21.15.86:0/193895606 >> [v2:172.21.15.86:3300/0,v1:172.21.15.86:6789/0] conn(0x7f107807de00 0x7f107819e2e0 secure :-1 s=READY pgs=60 cs=0 l=1 rev1=1 crypto rx=0x7f106c011a00 tx=0x7f106c011ae0 comp rx=0 tx=0).ready entity=mon.0 client_cookie=0 server_cookie=0 in_seq=0 out_seq=0
2024-04-17T07:02:20.186 INFO:teuthology.orchestra.run.smithi086.stdout:/usr/bin/ceph: stderr
2024-04-17T07:02:19.214+0000 7f1075600700 1 -- 172.21.15.86:0/193895606 <== mon.0 v2:172.21.15.86:3300/0 1 ==== mon_map magic: 0 ==== 205+0+0 (secure 0 0 0) 0x7f106c003af0 con 0x7f107807de00
2024-04-17T07:02:20.186 INFO:teuthology.orchestra.run.smithi086.stdout:/usr/bin/ceph: stderr
2024-04-17T07:02:19.214+0000 7f1075600700 1 -- 172.21.15.86:0/193895606 <== mon.0 v2:172.21.15.86:3300/0 2 ==== config(26 keys) ==== 1102+0+0 (secure 0 0 0) 0x7f106c01a8e0 con 0x7f107807de00
2024-04-17T07:02:20.186 INFO:teuthology.orchestra.run.smithi086.stdout:/usr/bin/ceph: stderr
2024-04-17T07:02:19.214+0000 7f1075600700 1 -- 172.21.15.86:0/193895606 <== mon.0 v2:172.21.15.86:3300/0 3 ==== mon_map magic: 0 ==== 205+0+0 (secure 0 0 0) 0x7f106c024840 con 0x7f107807de00
2024-04-17T07:02:20.186 INFO:teuthology.orchestra.run.smithi086.stdout:/usr/bin/ceph: stderr
2024-04-17T07:02:19.214+0000 7f107fa00700 1 -- 172.21.15.86:0/193895606 --> [v2:172.21.15.86:3300/0,v1:172.21.15.86:6789/0] -- mon_subscribe({mgrmap=0+}) -- 0x7f107819eab0 con 0x7f107807de00
2024-04-17T07:02:20.186 INFO:teuthology.orchestra.run.smithi086.stdout:/usr/bin/ceph: stderr
2024-04-17T07:02:19.214+0000 7f107fa00700 1 -- 172.21.15.86:0/193895606 --> [v2:172.21.15.86:3300/0,v1:172.21.15.86:6789/0] -- mon_subscribe({osdmap=0}) -- 0x7f10781a17a0 con 0x7f107807de00
2024-04-17T07:02:20.186 INFO:teuthology.orchestra.run.smithi086.stdout:/usr/bin/ceph: stderr
2024-04-17T07:02:19.215+0000 7f107fa00700 1 -- 172.21.15.86:0/193895606 --> [v2:172.21.15.86:3300/0,v1:172.21.15.86:6789/0] -- mon_command({"prefix": "get_command_descriptions"} v 0) -- 0x7f10780640b0 con 0x7f107807de00
2024-04-17T07:02:20.186 INFO:teuthology.orchestra.run.smithi086.stdout:/usr/bin/ceph: stderr
2024-04-17T07:02:19.215+0000 7f1075600700 1 -- 172.21.15.86:0/193895606 <== mon.0 v2:172.21.15.86:3300/0 4 ==== mgrmap(e 9) ==== 46571+0+0 (secure 0 0 0) 0x7f106c022020 con 0x7f107807de00
2024-04-17T07:02:20.186 INFO:teuthology.orchestra.run.smithi086.stdout:/usr/bin/ceph: stderr
2024-04-17T07:02:19.216+0000 7f1075600700 1 --2- 172.21.15.86:0/193895606 >> [v2:172.21.15.86:6800/2497304884,v1:172.21.15.86:6801/2497304884] conn(0x7f1060039720 0x7f106003bbe0 unknown :-1 s=NONE pgs=0 cs=0 l=1 rev1=0 crypto rx=0 tx=0 comp rx=0 tx=0).connect
2024-04-17T07:02:20.186 INFO:teuthology.orchestra.run.smithi086.stdout:/usr/bin/ceph: stderr
2024-04-17T07:02:19.216+0000 7f1075600700 1 -- 172.21.15.86:0/193895606 <== mon.0 v2:172.21.15.86:3300/0 5 ==== osd_map(2..2 src has 1..2) ==== 940+0+0 (secure 0 0 0) 0x7f106c04db50 con 0x7f107807de00
2024-04-17T07:02:20.186 INFO:teuthology.orchestra.run.smithi086.stdout:/usr/bin/ceph: stderr
2024-04-17T07:02:19.216+0000 7f1077e00700 1 -- 172.21.15.86:0/193895606 >> [v2:172.21.15.86:6800/2497304884,v1:172.21.15.86:6801/2497304884] conn(0x7f1060039720 msgr2=0x7f106003bbe0 unknown :-1 s=STATE_CONNECTING_RE l=1).process reconnect failed to v2:172.21.15.86:6800/2497304884
2024-04-17T07:02:20.187 INFO:teuthology.orchestra.run.smithi086.stdout:/usr/bin/ceph: stderr
2024-04-17T07:02:19.216+0000 7f1077e00700 1 --2- 172.21.15.86:0/193895606 >> [v2:172.21.15.86:6800/2497304884,v1:172.21.15.86:6801/2497304884] conn(0x7f1060039720 0x7f106003bbe0 unknown :-1 s=START_CONNECT pgs=0 cs=0 l=1 rev1=0 crypto rx=0 tx=0 comp rx=0 tx=0)._fault waiting 0.200000
2024-04-17T07:02:20.187 INFO:teuthology.orchestra.run.smithi086.stdout:/usr/bin/ceph: stderr
2024-04-17T07:02:19.221+0000 7f1075600700 1 -- 172.21.15.86:0/193895606 <== mon.0 v2:172.21.15.86:3300/0 6 ==== mon_command_ack([{"prefix": "get_command_descriptions"}]=0 v0) ==== 72+0+188381 (secure 0 0 0) 0x7f106c00b3e0 con 0x7f107807de00
2024-04-17T07:02:20.187 INFO:teuthology.orchestra.run.smithi086.stdout:/usr/bin/ceph: stderr
2024-04-17T07:02:19.417+0000 7f1077e00700 1 -- 172.21.15.86:0/193895606 >> [v2:172.21.15.86:6800/2497304884,v1:172.21.15.86:6801/2497304884] conn(0x7f1060039720 msgr2=0x7f106003bbe0 unknown :-1 s=STATE_CONNECTING_RE l=1).process reconnect failed to v2:172.21.15.86:6800/2497304884
2024-04-17T07:02:20.187 INFO:teuthology.orchestra.run.smithi086.stdout:/usr/bin/ceph: stderr
2024-04-17T07:02:19.417+0000 7f1077e00700 1 --2- 172.21.15.86:0/193895606 >> [v2:172.21.15.86:6800/2497304884,v1:172.21.15.86:6801/2497304884] conn(0x7f1060039720 0x7f106003bbe0 unknown :-1 s=START_CONNECT pgs=0 cs=0 l=1 rev1=0 crypto rx=0 tx=0 comp rx=0 tx=0)._fault waiting 0.400000
2024-04-17T07:02:20.187 INFO:teuthology.orchestra.run.smithi086.stdout:/usr/bin/ceph: stderr
2024-04-17T07:02:19.504+0000 7f107fa00700 1 -- 172.21.15.86:0/193895606 --> [v2:172.21.15.86:3300/0,v1:172.21.15.86:6789/0] -- mon_command({"prefix": "mgr stat"} v 0) -- 0x7f10781a1a10 con 0x7f107807de00
2024-04-17T07:02:20.187 INFO:teuthology.orchestra.run.smithi086.stdout:/usr/bin/ceph: stderr
2024-04-17T07:02:19.504+0000 7f1075600700 1 -- 172.21.15.86:0/193895606 <== mon.0 v2:172.21.15.86:3300/0 7 ==== mon_command_ack([{"prefix": "mgr stat"}]=0 v9) ==== 56+0+88 (secure 0 0 0) 0x7f106c02ddb0 con 0x7f107807de00
2024-04-17T07:02:20.187 INFO:teuthology.orchestra.run.smithi086.stdout:/usr/bin/ceph: stderr
2024-04-17T07:02:19.507+0000 7f107fa00700 1 -- 172.21.15.86:0/193895606 >> [v2:172.21.15.86:6800/2497304884,v1:172.21.15.86:6801/2497304884] conn(0x7f1060039720 msgr2=0x7f106003bbe0 unknown :-1 s=STATE_CONNECTING l=1).mark_down
2024-04-17T07:02:20.187 INFO:teuthology.orchestra.run.smithi086.stdout:/usr/bin/ceph: stderr
2024-04-17T07:02:19.507+0000 7f107fa00700 1 --2- 172.21.15.86:0/193895606 >> [v2:172.21.15.86:6800/2497304884,v1:172.21.15.86:6801/2497304884] conn(0x7f1060039720 0x7f106003bbe0 unknown :-1 s=START_CONNECT pgs=0 cs=0 l=1 rev1=0 crypto rx=0 tx=0 comp rx=0 tx=0).stop
2024-04-17T07:02:20.187 INFO:teuthology.orchestra.run.smithi086.stdout:/usr/bin/ceph: stderr
2024-04-17T07:02:19.507+0000 7f107fa00700 1 -- 172.21.15.86:0/193895606 >> [v2:172.21.15.86:3300/0,v1:172.21.15.86:6789/0] conn(0x7f107807de00 msgr2=0x7f107819e2e0 secure :-1 s=STATE_CONNECTION_ESTABLISHED l=1).mark_down
2024-04-17T07:02:20.187 INFO:teuthology.orchestra.run.smithi086.stdout:/usr/bin/ceph: stderr
2024-04-17T07:02:19.507+0000 7f107fa00700 1 --2- 172.21.15.86:0/193895606 >> [v2:172.21.15.86:3300/0,v1:172.21.15.86:6789/0] conn(0x7f107807de00 0x7f107819e2e0 secure :-1 s=READY pgs=60 cs=0 l=1 rev1=1 crypto rx=0x7f106c011a00 tx=0x7f106c011ae0 comp rx=0 tx=0).stop
2024-04-17T07:02:20.187 INFO:teuthology.orchestra.run.smithi086.stdout:/usr/bin/ceph: stderr
2024-04-17T07:02:19.507+0000 7f107fa00700 1 -- 172.21.15.86:0/193895606 shutdown_connections
2024-04-17T07:02:20.187 INFO:teuthology.orchestra.run.smithi086.stdout:/usr/bin/ceph: stderr
2024-04-17T07:02:19.507+0000 7f107fa00700 1 --2- 172.21.15.86:0/193895606 >> [v2:172.21.15.86:6800/2497304884,v1:172.21.15.86:6801/2497304884] conn(0x7f1060039720 0x7f106003bbe0 unknown :-1 s=CLOSED pgs=0 cs=0 l=1 rev1=0 crypto rx=0 tx=0 comp rx=0 tx=0).stop
2024-04-17T07:02:20.187 INFO:teuthology.orchestra.run.smithi086.stdout:/usr/bin/ceph: stderr
2024-04-17T07:02:19.507+0000 7f107fa00700 1 --2- 172.21.15.86:0/193895606 >> [v2:172.21.15.86:3300/0,v1:172.21.15.86:6789/0] conn(0x7f107807de00 0x7f107819e2e0 unknown :-1 s=CLOSED pgs=60 cs=0 l=1 rev1=1 crypto rx=0 tx=0 comp rx=0 tx=0).stop
2024-04-17T07:02:20.187 INFO:teuthology.orchestra.run.smithi086.stdout:/usr/bin/ceph: stderr
2024-04-17T07:02:19.507+0000 7f107fa00700 1 -- 172.21.15.86:0/193895606 >> 172.21.15.86:0/193895606 conn(0x7f10781039f0 msgr2=0x7f10781043c0 unknown :-1 s=STATE_NONE l=0).mark_down
2024-04-17T07:02:20.188 INFO:teuthology.orchestra.run.smithi086.stdout:/usr/bin/ceph: stderr
2024-04-17T07:02:19.508+0000 7f107fa00700 1 -- 172.21.15.86:0/193895606 shutdown_connections
2024-04-17T07:02:20.188 INFO:teuthology.orchestra.run.smithi086.stdout:/usr/bin/ceph: stderr
2024-04-17T07:02:19.508+0000 7f107fa00700 1 -- 172.21.15.86:0/193895606 wait complete.
2024-04-17T07:02:20.188 INFO:teuthology.orchestra.run.smithi086.stdout:Waiting for the mgr to restart...
2024-04-17T07:02:20.188 INFO:teuthology.orchestra.run.smithi086.stdout:Waiting for mgr epoch 9...
2024-04-17T07:02:20.329 INFO:journalctl@ceph.mgr.x.smithi086.stdout:Apr 17 07:02:20 smithi086 ceph-1f7ed99a-fc88-11ee-bc91-c7b262605968-mgr-x[31970]:
2024-04-17T07:02:20.127+0000 7ffaf9396200 -1 mgr[py] Module alerts has missing NOTIFY_TYPES member
2024-04-17T07:02:20.330 INFO:journalctl@ceph.mgr.x.smithi086.stdout:Apr 17 07:02:20 smithi086 ceph-1f7ed99a-fc88-11ee-bc91-c7b262605968-mgr-x[31970]:
2024-04-17T07:02:20.240+0000 7ffaf9396200 -1 mgr[py] Module iostat has missing NOTIFY_TYPES member
2024-04-17T07:02:20.846 INFO:journalctl@ceph.mgr.x.smithi086.stdout:Apr 17 07:02:20 smithi086 ceph-1f7ed99a-fc88-11ee-bc91-c7b262605968-mgr-x[31970]:
2024-04-17T07:02:20.584+0000 7ffaf9396200 -1 mgr[py] Module rgw has missing NOTIFY_TYPES member
2024-04-17T07:02:20.846 INFO:journalctl@ceph.mgr.x.smithi086.stdout:Apr 17 07:02:20 smithi086 ceph-1f7ed99a-fc88-11ee-bc91-c7b262605968-mgr-x[31970]:
2024-04-17T07:02:20.731+0000 7ffaf9396200 -1 mgr[py] Module rbd_support has missing NOTIFY_TYPES member
2024-04-17T07:02:20.847 INFO:journalctl@ceph.mgr.x.smithi086.stdout:Apr 17 07:02:20 smithi086 ceph-1f7ed99a-fc88-11ee-bc91-c7b262605968-mgr-x[31970]:
2024-04-17T07:02:20.846+0000 7ffaf9396200 -1 mgr[py] Module progress has missing NOTIFY_TYPES member
2024-04-17T07:02:21.189 INFO:journalctl@ceph.mgr.x.smithi086.stdout:Apr 17 07:02:20 smithi086 ceph-1f7ed99a-fc88-11ee-bc91-c7b262605968-mgr-x[31970]:
2024-04-17T07:02:20.970+0000 7ffaf9396200 -1 mgr[py] Module pg_autoscaler has missing NOTIFY_TYPES member
2024-04-17T07:02:21.579 INFO:journalctl@ceph.mgr.x.smithi086.stdout:Apr 17 07:02:21 smithi086 ceph-1f7ed99a-fc88-11ee-bc91-c7b262605968-mgr-x[31970]:
2024-04-17T07:02:21.188+0000 7ffaf9396200 -1 mgr[py] Module devicehealth has missing NOTIFY_TYPES member
2024-04-17T07:02:22.830 INFO:journalctl@ceph.mgr.x.smithi086.stdout:Apr 17 07:02:22 smithi086 ceph-1f7ed99a-fc88-11ee-bc91-c7b262605968-mgr-x[31970]:
2024-04-17T07:02:22.469+0000 7ffaf9396200 -1 mgr[py] Module rook has missing NOTIFY_TYPES member
2024-04-17T07:02:22.830 INFO:journalctl@ceph.mgr.x.smithi086.stdout:Apr 17 07:02:22 smithi086 ceph-1f7ed99a-fc88-11ee-bc91-c7b262605968-mgr-x[31970]:
2024-04-17T07:02:22.646+0000 7ffaf9396200 -1 mgr[py] Module diskprediction_local has missing NOTIFY_TYPES member
2024-04-17T07:02:23.330 INFO:journalctl@ceph.mgr.x.smithi086.stdout:Apr 17 07:02:23 smithi086 ceph-1f7ed99a-fc88-11ee-bc91-c7b262605968-mgr-x[31970]:
2024-04-17T07:02:23.068+0000 7ffaf9396200 -1 mgr[py] Module selftest has missing NOTIFY_TYPES member
2024-04-17T07:02:23.330 INFO:journalctl@ceph.mgr.x.smithi086.stdout:Apr 17 07:02:23 smithi086 ceph-1f7ed99a-fc88-11ee-bc91-c7b262605968-mgr-x[31970]:
2024-04-17T07:02:23.190+0000 7ffaf9396200 -1 mgr[py] Module telegraf has missing NOTIFY_TYPES member
2024-04-17T07:02:23.778 INFO:journalctl@ceph.mgr.x.smithi086.stdout:Apr 17 07:02:23 smithi086 ceph-1f7ed99a-fc88-11ee-bc91-c7b262605968-mgr-x[31970]:
2024-04-17T07:02:23.452+0000 7ffaf9396200 -1 mgr[py] Module test_orchestrator has missing NOTIFY_TYPES member
2024-04-17T07:02:23.779 INFO:journalctl@ceph.mgr.x.smithi086.stdout:Apr 17 07:02:23 smithi086 ceph-1f7ed99a-fc88-11ee-bc91-c7b262605968-mgr-x[31970]:
2024-04-17T07:02:23.702+0000 7ffaf9396200 -1 mgr[py] Module crash has missing NOTIFY_TYPES member
2024-04-17T07:02:24.405 INFO:journalctl@ceph.mgr.x.smithi086.stdout:Apr 17 07:02:24 smithi086 ceph-1f7ed99a-fc88-11ee-bc91-c7b262605968-mgr-x[31970]:
2024-04-17T07:02:24.088+0000 7ffaf9396200 -1 mgr[py] Module orchestrator has missing NOTIFY_TYPES member
2024-04-17T07:02:24.405 INFO:journalctl@ceph.mgr.x.smithi086.stdout:Apr 17 07:02:24 smithi086 ceph-1f7ed99a-fc88-11ee-bc91-c7b262605968-mgr-x[31970]:
2024-04-17T07:02:24.404+0000 7ffaf9396200 -1 mgr[py] Module osd_support has missing NOTIFY_TYPES member
2024-04-17T07:02:25.080 INFO:journalctl@ceph.mgr.x.smithi086.stdout:Apr 17 07:02:24 smithi086 ceph-1f7ed99a-fc88-11ee-bc91-c7b262605968-mgr-x[31970]:
2024-04-17T07:02:24.716+0000 7ffaf9396200 -1 mgr[py] Module volumes has missing NOTIFY_TYPES member
2024-04-17T07:02:26.080 INFO:journalctl@ceph.mgr.x.smithi086.stdout:Apr 17 07:02:25 smithi086 ceph-1f7ed99a-fc88-11ee-bc91-c7b262605968-mgr-x[31970]:
2024-04-17T07:02:25.751+0000 7ffaf9396200 -1 mgr[py] Module telemetry has missing NOTIFY_TYPES member
2024-04-17T07:02:26.829 INFO:journalctl@ceph.mgr.x.smithi086.stdout:Apr 17 07:02:26 smithi086 ceph-1f7ed99a-fc88-11ee-bc91-c7b262605968-mgr-x[31970]:
2024-04-17T07:02:26.458+0000 7ffaf9396200 -1 mgr[py] Module prometheus has missing NOTIFY_TYPES member
2024-04-17T07:02:26.830 INFO:journalctl@ceph.mgr.x.smithi086.stdout:Apr 17 07:02:26 smithi086 ceph-1f7ed99a-fc88-11ee-bc91-c7b262605968-mgr-x[31970]:
2024-04-17T07:02:26.588+0000 7ffaf9396200 -1 mgr[py] Module status has missing NOTIFY_TYPES member
2024-04-17T07:02:27.091 INFO:journalctl@ceph.mgr.x.smithi086.stdout:Apr 17 07:02:26 smithi086 ceph-1f7ed99a-fc88-11ee-bc91-c7b262605968-mgr-x[31970]:
2024-04-17T07:02:26.877+0000 7ffaf9396200 -1 mgr[py] Module nfs has missing NOTIFY_TYPES member
2024-04-17T07:02:27.092 INFO:journalctl@ceph.mon.a.smithi086.stdout:Apr 17 07:02:26 smithi086 ceph-mon[31733]: Active manager daemon x restarted
2024-04-17T07:02:27.092 INFO:journalctl@ceph.mon.a.smithi086.stdout:Apr 17 07:02:26 smithi086 ceph-mon[31733]: Activating manager daemon x
2024-04-17T07:02:27.092 INFO:journalctl@ceph.mon.a.smithi086.stdout:Apr 17 07:02:26 smithi086 ceph-mon[31733]: osdmap e3: 0 total, 0 up, 0 in
2024-04-17T07:02:27.092 INFO:journalctl@ceph.mon.a.smithi086.stdout:Apr 17 07:02:26 smithi086 ceph-mon[31733]: mgrmap e10: x(active, starting, since 0.00915553s)
2024-04-17T07:02:27.092 INFO:journalctl@ceph.mon.a.smithi086.stdout:Apr 17 07:02:26 smithi086 ceph-mon[31733]: from='mgr.14152 172.21.15.86:0/524712874' entity='mgr.x' cmd=[{"prefix": "mon metadata", "id": "a"}]: dispatch
2024-04-17T07:02:27.092 INFO:journalctl@ceph.mon.a.smithi086.stdout:Apr 17 07:02:26 smithi086 ceph-mon[31733]: from='mgr.14152 172.21.15.86:0/524712874' entity='mgr.x' cmd=[{"prefix": "mgr metadata", "who": "x", "id": "x"}]: dispatch
2024-04-17T07:02:27.092 INFO:journalctl@ceph.mon.a.smithi086.stdout:Apr 17 07:02:26 smithi086 ceph-mon[31733]: from='mgr.14152 172.21.15.86:0/524712874' entity='mgr.x' cmd=[{"prefix": "mds metadata"}]: dispatch
2024-04-17T07:02:27.092 INFO:journalctl@ceph.mon.a.smithi086.stdout:Apr 17 07:02:26 smithi086 ceph-mon[31733]: from='mgr.14152 172.21.15.86:0/524712874' entity='mgr.x' cmd=[{"prefix": "osd metadata"}]: dispatch
2024-04-17T07:02:27.092 INFO:journalctl@ceph.mon.a.smithi086.stdout:Apr 17 07:02:26 smithi086 ceph-mon[31733]: from='mgr.14152 172.21.15.86:0/524712874' entity='mgr.x' cmd=[{"prefix": "mon metadata"}]: dispatch
2024-04-17T07:02:27.092 INFO:journalctl@ceph.mon.a.smithi086.stdout:Apr 17 07:02:26 smithi086 ceph-mon[31733]: Manager daemon x is now available
2024-04-17T07:02:28.237 INFO:journalctl@ceph.mon.a.smithi086.stdout:Apr 17 07:02:27 smithi086 ceph-mon[31733]: from='mgr.14152 172.21.15.86:0/524712874' entity='mgr.x' cmd=[{"prefix": "config dump", "format": "json"}]: dispatch
2024-04-17T07:02:28.237 INFO:journalctl@ceph.mon.a.smithi086.stdout:Apr 17 07:02:27 smithi086 ceph-mon[31733]: from='mgr.14152 172.21.15.86:0/524712874' entity='mgr.x' cmd=[{"prefix":"config rm","who":"mgr","name":"mgr/rbd_support/x/mirror_snapshot_schedule"}]: dispatch
2024-04-17T07:02:28.237 INFO:journalctl@ceph.mon.a.smithi086.stdout:Apr 17 07:02:27 smithi086 ceph-mon[31733]: from='mgr.14152 172.21.15.86:0/524712874' entity='mgr.x' cmd=[{"prefix":"config rm","who":"mgr","name":"mgr/rbd_support/x/trash_purge_schedule"}]: dispatch
2024-04-17T07:02:28.237 INFO:journalctl@ceph.mon.a.smithi086.stdout:Apr 17 07:02:27 smithi086 ceph-mon[31733]: mgrmap e11: x(active, since 1.01227s)
2024-04-17T07:02:28.764 INFO:teuthology.orchestra.run.smithi086.stdout:/usr/bin/ceph: stdout {
2024-04-17T07:02:28.772 INFO:teuthology.orchestra.run.smithi086.stdout:/usr/bin/ceph: stdout "mgrmap_epoch": 11,
2024-04-17T07:02:28.772 INFO:teuthology.orchestra.run.smithi086.stdout:/usr/bin/ceph: stdout "initialized": true
2024-04-17T07:02:28.772 INFO:teuthology.orchestra.run.smithi086.stdout:/usr/bin/ceph: stdout }
2024-04-17T07:02:28.773 INFO:teuthology.orchestra.run.smithi086.stdout:/usr/bin/ceph: stderr
2024-04-17T07:02:20.765+0000 7f25be400700 1 Processor -- start
2024-04-17T07:02:28.773 INFO:teuthology.orchestra.run.smithi086.stdout:/usr/bin/ceph: stderr
2024-04-17T07:02:20.765+0000 7f25be400700 1 -- start start
2024-04-17T07:02:28.773 INFO:teuthology.orchestra.run.smithi086.stdout:/usr/bin/ceph: stderr
2024-04-17T07:02:20.766+0000 7f25be400700 1 --2- >> [v2:172.21.15.86:3300/0,v1:172.21.15.86:6789/0] conn(0x7f25b807de40 0x7f25b807c340 unknown :-1 s=NONE pgs=0 cs=0 l=0 rev1=0 crypto rx=0 tx=0 comp rx=0 tx=0).connect
2024-04-17T07:02:28.773 INFO:teuthology.orchestra.run.smithi086.stdout:/usr/bin/ceph: stderr
2024-04-17T07:02:20.766+0000 7f25be400700 1 -- --> [v2:172.21.15.86:3300/0,v1:172.21.15.86:6789/0] -- mon_getmap magic: 0 -- 0x7f25b807c880 con 0x7f25b807de40
2024-04-17T07:02:28.773 INFO:teuthology.orchestra.run.smithi086.stdout:/usr/bin/ceph: stderr
2024-04-17T07:02:20.766+0000 7f25b7400700 1 --2- >> [v2:172.21.15.86:3300/0,v1:172.21.15.86:6789/0] conn(0x7f25b807de40 0x7f25b807c340 unknown :-1 s=BANNER_CONNECTING pgs=0 cs=0 l=0 rev1=0 crypto rx=0 tx=0 comp rx=0 tx=0)._handle_peer_banner_payload supported=3 required=0
2024-04-17T07:02:28.773 INFO:teuthology.orchestra.run.smithi086.stdout:/usr/bin/ceph: stderr
2024-04-17T07:02:20.766+0000 7f25b7400700 1 --2- >> [v2:172.21.15.86:3300/0,v1:172.21.15.86:6789/0] conn(0x7f25b807de40 0x7f25b807c340 unknown :-1 s=HELLO_CONNECTING pgs=0 cs=0 l=0 rev1=1 crypto rx=0 tx=0 comp rx=0 tx=0).handle_hello peer v2:172.21.15.86:3300/0 says I am v2:172.21.15.86:49332/0 (socket says 172.21.15.86:49332)
2024-04-17T07:02:28.773 INFO:teuthology.orchestra.run.smithi086.stdout:/usr/bin/ceph: stderr
2024-04-17T07:02:20.766+0000 7f25b7400700 1 -- 172.21.15.86:0/390795421 learned_addr learned my addr 172.21.15.86:0/390795421 (peer_addr_for_me v2:172.21.15.86:0/0)
2024-04-17T07:02:28.773 INFO:teuthology.orchestra.run.smithi086.stdout:/usr/bin/ceph: stderr
2024-04-17T07:02:20.767+0000 7f25b7400700 1 -- 172.21.15.86:0/390795421 --> [v2:172.21.15.86:3300/0,v1:172.21.15.86:6789/0] -- mon_subscribe({config=0+,monmap=0+}) -- 0x7f25b807ca00 con 0x7f25b807de40
2024-04-17T07:02:28.773 INFO:teuthology.orchestra.run.smithi086.stdout:/usr/bin/ceph: stderr
