2024-04-17T07:47:25.549+0000 7f6833e00700 1 -- 172.21.15.46:0/908406652 <== mon.0 v2:172.21.15.46:3300/0 3 ==== mon_map magic: 0 ==== 205+0+0 (secure 0 0 0) 0x7f6828011b20 con 0x7f6834108da0
2024-04-17T07:47:26.802 INFO:teuthology.orchestra.run.smithi046.stdout:/usr/bin/ceph: stderr
2024-04-17T07:47:25.550+0000 7f683c600700 1 -- 172.21.15.46:0/908406652 >> [v2:172.21.15.46:3300/0,v1:172.21.15.46:6789/0] conn(0x7f6834108da0 msgr2=0x7f683410b190 secure :-1 s=STATE_CONNECTION_ESTABLISHED l=1).mark_down
2024-04-17T07:47:26.802 INFO:teuthology.orchestra.run.smithi046.stdout:/usr/bin/ceph: stderr
2024-04-17T07:47:25.550+0000 7f683c600700 1 --2- 172.21.15.46:0/908406652 >> [v2:172.21.15.46:3300/0,v1:172.21.15.46:6789/0] conn(0x7f6834108da0 0x7f683410b190 secure :-1 s=READY pgs=72 cs=0 l=1 rev1=1 crypto rx=0x7f68280098a0 tx=0x7f6828009bb0 comp rx=0 tx=0).stop
2024-04-17T07:47:26.802 INFO:teuthology.orchestra.run.smithi046.stdout:/usr/bin/ceph: stderr
2024-04-17T07:47:25.550+0000 7f683c600700 1 -- 172.21.15.46:0/908406652 shutdown_connections
2024-04-17T07:47:26.802 INFO:teuthology.orchestra.run.smithi046.stdout:/usr/bin/ceph: stderr
2024-04-17T07:47:25.550+0000 7f683c600700 1 --2- 172.21.15.46:0/908406652 >> [v2:172.21.15.46:3300/0,v1:172.21.15.46:6789/0] conn(0x7f6834108da0 0x7f683410b190 unknown :-1 s=CLOSED pgs=72 cs=0 l=1 rev1=1 crypto rx=0 tx=0 comp rx=0 tx=0).stop
2024-04-17T07:47:26.803 INFO:teuthology.orchestra.run.smithi046.stdout:/usr/bin/ceph: stderr
2024-04-17T07:47:25.550+0000 7f683c600700 1 -- 172.21.15.46:0/908406652 >> 172.21.15.46:0/908406652 conn(0x7f68341027f0 msgr2=0x7f6834104c10 unknown :-1 s=STATE_NONE l=0).mark_down
2024-04-17T07:47:26.803 INFO:teuthology.orchestra.run.smithi046.stdout:/usr/bin/ceph: stderr
2024-04-17T07:47:25.550+0000 7f683c600700 1 -- 172.21.15.46:0/908406652 shutdown_connections
2024-04-17T07:47:26.803 INFO:teuthology.orchestra.run.smithi046.stdout:/usr/bin/ceph: stderr
2024-04-17T07:47:25.550+0000 7f683c600700 1 -- 172.21.15.46:0/908406652 wait complete.
2024-04-17T07:47:26.803 INFO:teuthology.orchestra.run.smithi046.stdout:/usr/bin/ceph: stderr
2024-04-17T07:47:25.551+0000 7f683c600700 1 Processor -- start
2024-04-17T07:47:26.803 INFO:teuthology.orchestra.run.smithi046.stdout:/usr/bin/ceph: stderr
2024-04-17T07:47:25.552+0000 7f683c600700 1 -- start start
2024-04-17T07:47:26.803 INFO:teuthology.orchestra.run.smithi046.stdout:/usr/bin/ceph: stderr
2024-04-17T07:47:25.552+0000 7f683c600700 1 --2- >> [v2:172.21.15.46:3300/0,v1:172.21.15.46:6789/0] conn(0x7f6834108da0 0x7f683419e4c0 unknown :-1 s=NONE pgs=0 cs=0 l=1 rev1=0 crypto rx=0 tx=0 comp rx=0 tx=0).connect
2024-04-17T07:47:26.803 INFO:teuthology.orchestra.run.smithi046.stdout:/usr/bin/ceph: stderr
2024-04-17T07:47:25.552+0000 7f683c600700 1 -- --> [v2:172.21.15.46:3300/0,v1:172.21.15.46:6789/0] -- mon_getmap magic: 0 -- 0x7f683410c740 con 0x7f6834108da0
2024-04-17T07:47:26.803 INFO:teuthology.orchestra.run.smithi046.stdout:/usr/bin/ceph: stderr
2024-04-17T07:47:25.552+0000 7f6839c00700 1 --2- >> [v2:172.21.15.46:3300/0,v1:172.21.15.46:6789/0] conn(0x7f6834108da0 0x7f683419e4c0 unknown :-1 s=BANNER_CONNECTING pgs=0 cs=0 l=1 rev1=0 crypto rx=0 tx=0 comp rx=0 tx=0)._handle_peer_banner_payload supported=3 required=0
2024-04-17T07:47:26.803 INFO:teuthology.orchestra.run.smithi046.stdout:/usr/bin/ceph: stderr
2024-04-17T07:47:25.552+0000 7f6839c00700 1 --2- >> [v2:172.21.15.46:3300/0,v1:172.21.15.46:6789/0] conn(0x7f6834108da0 0x7f683419e4c0 unknown :-1 s=HELLO_CONNECTING pgs=0 cs=0 l=1 rev1=1 crypto rx=0 tx=0 comp rx=0 tx=0).handle_hello peer v2:172.21.15.46:3300/0 says I am v2:172.21.15.46:43156/0 (socket says 172.21.15.46:43156)
2024-04-17T07:47:26.803 INFO:teuthology.orchestra.run.smithi046.stdout:/usr/bin/ceph: stderr
2024-04-17T07:47:25.552+0000 7f6839c00700 1 -- 172.21.15.46:0/1701956984 learned_addr learned my addr 172.21.15.46:0/1701956984 (peer_addr_for_me v2:172.21.15.46:0/0)
2024-04-17T07:47:26.803 INFO:teuthology.orchestra.run.smithi046.stdout:/usr/bin/ceph: stderr
2024-04-17T07:47:25.553+0000 7f6839c00700 1 -- 172.21.15.46:0/1701956984 --> [v2:172.21.15.46:3300/0,v1:172.21.15.46:6789/0] -- mon_subscribe({config=0+,monmap=0+}) -- 0x7f683419ea00 con 0x7f6834108da0
2024-04-17T07:47:26.803 INFO:teuthology.orchestra.run.smithi046.stdout:/usr/bin/ceph: stderr
2024-04-17T07:47:25.553+0000 7f6839c00700 1 --2- 172.21.15.46:0/1701956984 >> [v2:172.21.15.46:3300/0,v1:172.21.15.46:6789/0] conn(0x7f6834108da0 0x7f683419e4c0 secure :-1 s=READY pgs=73 cs=0 l=1 rev1=1 crypto rx=0x7f6828011b60 tx=0x7f6828011c40 comp rx=0 tx=0).ready entity=mon.0 client_cookie=0 server_cookie=0 in_seq=0 out_seq=0
2024-04-17T07:47:26.803 INFO:teuthology.orchestra.run.smithi046.stdout:/usr/bin/ceph: stderr
2024-04-17T07:47:25.553+0000 7f6832000700 1 -- 172.21.15.46:0/1701956984 <== mon.0 v2:172.21.15.46:3300/0 1 ==== mon_map magic: 0 ==== 205+0+0 (secure 0 0 0) 0x7f6828003b60 con 0x7f6834108da0
2024-04-17T07:47:26.803 INFO:teuthology.orchestra.run.smithi046.stdout:/usr/bin/ceph: stderr
2024-04-17T07:47:25.553+0000 7f6832000700 1 -- 172.21.15.46:0/1701956984 <== mon.0 v2:172.21.15.46:3300/0 2 ==== config(27 keys) ==== 1140+0+0 (secure 0 0 0) 0x7f682801a910 con 0x7f6834108da0
2024-04-17T07:47:26.804 INFO:teuthology.orchestra.run.smithi046.stdout:/usr/bin/ceph: stderr
2024-04-17T07:47:25.553+0000 7f683c600700 1 -- 172.21.15.46:0/1701956984 --> [v2:172.21.15.46:3300/0,v1:172.21.15.46:6789/0] -- mon_subscribe({mgrmap=0+}) -- 0x7f683419ec90 con 0x7f6834108da0
2024-04-17T07:47:26.804 INFO:teuthology.orchestra.run.smithi046.stdout:/usr/bin/ceph: stderr
2024-04-17T07:47:25.553+0000 7f6832000700 1 -- 172.21.15.46:0/1701956984 <== mon.0 v2:172.21.15.46:3300/0 3 ==== mon_map magic: 0 ==== 205+0+0 (secure 0 0 0) 0x7f6828024930 con 0x7f6834108da0
2024-04-17T07:47:26.804 INFO:teuthology.orchestra.run.smithi046.stdout:/usr/bin/ceph: stderr
2024-04-17T07:47:25.553+0000 7f683c600700 1 -- 172.21.15.46:0/1701956984 --> [v2:172.21.15.46:3300/0,v1:172.21.15.46:6789/0] -- mon_subscribe({osdmap=0}) -- 0x7f683419f0f0 con 0x7f6834108da0
2024-04-17T07:47:26.804 INFO:teuthology.orchestra.run.smithi046.stdout:/usr/bin/ceph: stderr
2024-04-17T07:47:25.555+0000 7f683c600700 1 -- 172.21.15.46:0/1701956984 --> [v2:172.21.15.46:3300/0,v1:172.21.15.46:6789/0] -- mon_command({"prefix": "get_command_descriptions"} v 0) -- 0x7f68340640b0 con 0x7f6834108da0
2024-04-17T07:47:26.804 INFO:teuthology.orchestra.run.smithi046.stdout:/usr/bin/ceph: stderr
2024-04-17T07:47:25.555+0000 7f6832000700 1 -- 172.21.15.46:0/1701956984 <== mon.0 v2:172.21.15.46:3300/0 4 ==== mgrmap(e 12) ==== 46571+0+0 (secure 0 0 0) 0x7f6828022020 con 0x7f6834108da0
2024-04-17T07:47:26.804 INFO:teuthology.orchestra.run.smithi046.stdout:/usr/bin/ceph: stderr
2024-04-17T07:47:25.555+0000 7f6832000700 1 --2- 172.21.15.46:0/1701956984 >> [v2:172.21.15.46:6800/4172081855,v1:172.21.15.46:6801/4172081855] conn(0x7f681c039660 0x7f681c03bb20 unknown :-1 s=NONE pgs=0 cs=0 l=1 rev1=0 crypto rx=0 tx=0 comp rx=0 tx=0).connect
2024-04-17T07:47:26.804 INFO:teuthology.orchestra.run.smithi046.stdout:/usr/bin/ceph: stderr
2024-04-17T07:47:25.555+0000 7f6832000700 1 -- 172.21.15.46:0/1701956984 <== mon.0 v2:172.21.15.46:3300/0 5 ==== osd_map(3..3 src has 1..3) ==== 1155+0+0 (secure 0 0 0) 0x7f682804da70 con 0x7f6834108da0
2024-04-17T07:47:26.804 INFO:teuthology.orchestra.run.smithi046.stdout:/usr/bin/ceph: stderr
2024-04-17T07:47:25.556+0000 7f6839200700 1 --2- 172.21.15.46:0/1701956984 >> [v2:172.21.15.46:6800/4172081855,v1:172.21.15.46:6801/4172081855] conn(0x7f681c039660 0x7f681c03bb20 unknown :-1 s=BANNER_CONNECTING pgs=0 cs=0 l=1 rev1=0 crypto rx=0 tx=0 comp rx=0 tx=0)._handle_peer_banner_payload supported=3 required=0
2024-04-17T07:47:26.804 INFO:teuthology.orchestra.run.smithi046.stdout:/usr/bin/ceph: stderr
2024-04-17T07:47:25.556+0000 7f6839200700 1 --2- 172.21.15.46:0/1701956984 >> [v2:172.21.15.46:6800/4172081855,v1:172.21.15.46:6801/4172081855] conn(0x7f681c039660 0x7f681c03bb20 secure :-1 s=READY pgs=8 cs=0 l=1 rev1=1 crypto rx=0x7f6820006fd0 tx=0x7f6820006e40 comp rx=0 tx=0).ready entity=mgr.14152 client_cookie=0 server_cookie=0 in_seq=0 out_seq=0
2024-04-17T07:47:26.804 INFO:teuthology.orchestra.run.smithi046.stdout:/usr/bin/ceph: stderr
2024-04-17T07:47:25.561+0000 7f6832000700 1 -- 172.21.15.46:0/1701956984 <== mon.0 v2:172.21.15.46:3300/0 6 ==== mon_command_ack([{"prefix": "get_command_descriptions"}]=0 v0) ==== 72+0+188381 (secure 0 0 0) 0x7f682800edf0 con 0x7f6834108da0
2024-04-17T07:47:26.804 INFO:teuthology.orchestra.run.smithi046.stdout:/usr/bin/ceph: stderr
2024-04-17T07:47:25.815+0000 7f683c600700 1 -- 172.21.15.46:0/1701956984 --> [v2:172.21.15.46:6800/4172081855,v1:172.21.15.46:6801/4172081855] -- mgr_command(tid 0: {"prefix": "dashboard ac-user-create", "username": "admin", "rolename": "administrator", "force_password": true, "pwd_update_required": true, "target": ["mon-mgr", ""]}) -- 0x7f68341a1b00 con 0x7f681c039660
2024-04-17T07:47:26.804 INFO:teuthology.orchestra.run.smithi046.stdout:/usr/bin/ceph: stderr
2024-04-17T07:47:26.070+0000 7f6832000700 1 -- 172.21.15.46:0/1701956984 <== mgr.14152 v2:172.21.15.46:6800/4172081855 1 ==== mgr_command_reply(tid 0: 0 ) ==== 8+0+252 (secure 0 0 0) 0x7f68341a1b00 con 0x7f681c039660
2024-04-17T07:47:26.804 INFO:teuthology.orchestra.run.smithi046.stdout:/usr/bin/ceph: stderr
2024-04-17T07:47:26.073+0000 7f683c600700 1 -- 172.21.15.46:0/1701956984 >> [v2:172.21.15.46:6800/4172081855,v1:172.21.15.46:6801/4172081855] conn(0x7f681c039660 msgr2=0x7f681c03bb20 secure :-1 s=STATE_CONNECTION_ESTABLISHED l=1).mark_down
2024-04-17T07:47:26.804 INFO:teuthology.orchestra.run.smithi046.stdout:/usr/bin/ceph: stderr
2024-04-17T07:47:26.073+0000 7f683c600700 1 --2- 172.21.15.46:0/1701956984 >> [v2:172.21.15.46:6800/4172081855,v1:172.21.15.46:6801/4172081855] conn(0x7f681c039660 0x7f681c03bb20 secure :-1 s=READY pgs=8 cs=0 l=1 rev1=1 crypto rx=0x7f6820006fd0 tx=0x7f6820006e40 comp rx=0 tx=0).stop
2024-04-17T07:47:26.805 INFO:teuthology.orchestra.run.smithi046.stdout:/usr/bin/ceph: stderr
2024-04-17T07:47:26.073+0000 7f683c600700 1 -- 172.21.15.46:0/1701956984 >> [v2:172.21.15.46:3300/0,v1:172.21.15.46:6789/0] conn(0x7f6834108da0 msgr2=0x7f683419e4c0 secure :-1 s=STATE_CONNECTION_ESTABLISHED l=1).mark_down
2024-04-17T07:47:26.805 INFO:teuthology.orchestra.run.smithi046.stdout:/usr/bin/ceph: stderr
2024-04-17T07:47:26.073+0000 7f683c600700 1 --2- 172.21.15.46:0/1701956984 >> [v2:172.21.15.46:3300/0,v1:172.21.15.46:6789/0] conn(0x7f6834108da0 0x7f683419e4c0 secure :-1 s=READY pgs=73 cs=0 l=1 rev1=1 crypto rx=0x7f6828011b60 tx=0x7f6828011c40 comp rx=0 tx=0).stop
2024-04-17T07:47:26.805 INFO:teuthology.orchestra.run.smithi046.stdout:/usr/bin/ceph: stderr
2024-04-17T07:47:26.073+0000 7f683c600700 1 -- 172.21.15.46:0/1701956984 shutdown_connections
2024-04-17T07:47:26.805 INFO:teuthology.orchestra.run.smithi046.stdout:/usr/bin/ceph: stderr
2024-04-17T07:47:26.073+0000 7f683c600700 1 --2- 172.21.15.46:0/1701956984 >> [v2:172.21.15.46:6800/4172081855,v1:172.21.15.46:6801/4172081855] conn(0x7f681c039660 0x7f681c03bb20 unknown :-1 s=CLOSED pgs=8 cs=0 l=1 rev1=1 crypto rx=0 tx=0 comp rx=0 tx=0).stop
2024-04-17T07:47:26.805 INFO:teuthology.orchestra.run.smithi046.stdout:/usr/bin/ceph: stderr
2024-04-17T07:47:26.073+0000 7f683c600700 1 --2- 172.21.15.46:0/1701956984 >> [v2:172.21.15.46:3300/0,v1:172.21.15.46:6789/0] conn(0x7f6834108da0 0x7f683419e4c0 unknown :-1 s=CLOSED pgs=73 cs=0 l=1 rev1=1 crypto rx=0 tx=0 comp rx=0 tx=0).stop
2024-04-17T07:47:26.805 INFO:teuthology.orchestra.run.smithi046.stdout:/usr/bin/ceph: stderr
2024-04-17T07:47:26.073+0000 7f683c600700 1 -- 172.21.15.46:0/1701956984 >> 172.21.15.46:0/1701956984 conn(0x7f68341027f0 msgr2=0x7f6834103210 unknown :-1 s=STATE_NONE l=0).mark_down
2024-04-17T07:47:26.805 INFO:teuthology.orchestra.run.smithi046.stdout:/usr/bin/ceph: stderr
2024-04-17T07:47:26.073+0000 7f683c600700 1 -- 172.21.15.46:0/1701956984 shutdown_connections
2024-04-17T07:47:26.805 INFO:teuthology.orchestra.run.smithi046.stdout:/usr/bin/ceph: stderr
2024-04-17T07:47:26.074+0000 7f683c600700 1 -- 172.21.15.46:0/1701956984 wait complete.
2024-04-17T07:47:26.805 INFO:teuthology.orchestra.run.smithi046.stdout:Fetching dashboard port number...
2024-04-17T07:47:27.349 INFO:journalctl@ceph.mon.a.smithi046.stdout:Apr 17 07:47:27 smithi046 ceph-mon[32038]: from='client.14166 -' entity='client.admin' cmd=[{"prefix": "dashboard ac-user-create", "username": "admin", "rolename": "administrator", "force_password": true, "pwd_update_required": true, "target": ["mon-mgr", ""]}]: dispatch
2024-04-17T07:47:27.349 INFO:journalctl@ceph.mon.a.smithi046.stdout:Apr 17 07:47:27 smithi046 ceph-mon[32038]: from='mgr.14152 172.21.15.46:0/836234120' entity='mgr.x'
2024-04-17T07:47:27.349 INFO:journalctl@ceph.mon.a.smithi046.stdout:Apr 17 07:47:27 smithi046 ceph-mon[32038]: from='mgr.14152 172.21.15.46:0/836234120' entity='mgr.x'
2024-04-17T07:47:28.325 INFO:journalctl@ceph.mon.a.smithi046.stdout:Apr 17 07:47:28 smithi046 ceph-mon[32038]: from='client.? 172.21.15.46:0/1453544148' entity='client.admin' cmd=[{"prefix": "config get", "who": "mgr", "key": "mgr/dashboard/ssl_server_port"}]: dispatch
2024-04-17T07:47:29.021 INFO:teuthology.orchestra.run.smithi046.stdout:/usr/bin/ceph: stdout 8443
2024-04-17T07:47:29.021 INFO:teuthology.orchestra.run.smithi046.stdout:/usr/bin/ceph: stderr
2024-04-17T07:47:27.446+0000 7f8e07200700 1 Processor -- start
2024-04-17T07:47:29.021 INFO:teuthology.orchestra.run.smithi046.stdout:/usr/bin/ceph: stderr
2024-04-17T07:47:27.446+0000 7f8e07200700 1 -- start start
2024-04-17T07:47:29.021 INFO:teuthology.orchestra.run.smithi046.stdout:/usr/bin/ceph: stderr
2024-04-17T07:47:27.446+0000 7f8e07200700 1 --2- >> [v2:172.21.15.46:3300/0,v1:172.21.15.46:6789/0] conn(0x7f8e081069b0 0x7f8e08106dd0 unknown :-1 s=NONE pgs=0 cs=0 l=0 rev1=0 crypto rx=0 tx=0 comp rx=0 tx=0).connect
2024-04-17T07:47:29.021 INFO:teuthology.orchestra.run.smithi046.stdout:/usr/bin/ceph: stderr
2024-04-17T07:47:27.446+0000 7f8e07200700 1 -- --> [v2:172.21.15.46:3300/0,v1:172.21.15.46:6789/0] -- mon_getmap magic: 0 -- 0x7f8e0807be20 con 0x7f8e081069b0
2024-04-17T07:47:29.021 INFO:teuthology.orchestra.run.smithi046.stdout:/usr/bin/ceph: stderr
2024-04-17T07:47:27.447+0000 7f8e05e00700 1 --2- >> [v2:172.21.15.46:3300/0,v1:172.21.15.46:6789/0] conn(0x7f8e081069b0 0x7f8e08106dd0 unknown :-1 s=BANNER_CONNECTING pgs=0 cs=0 l=0 rev1=0 crypto rx=0 tx=0 comp rx=0 tx=0)._handle_peer_banner_payload supported=3 required=0
2024-04-17T07:47:29.021 INFO:teuthology.orchestra.run.smithi046.stdout:/usr/bin/ceph: stderr
2024-04-17T07:47:27.447+0000 7f8e05e00700 1 --2- >> [v2:172.21.15.46:3300/0,v1:172.21.15.46:6789/0] conn(0x7f8e081069b0 0x7f8e08106dd0 unknown :-1 s=HELLO_CONNECTING pgs=0 cs=0 l=0 rev1=1 crypto rx=0 tx=0 comp rx=0 tx=0).handle_hello peer v2:172.21.15.46:3300/0 says I am v2:172.21.15.46:43158/0 (socket says 172.21.15.46:43158)
2024-04-17T07:47:29.021 INFO:teuthology.orchestra.run.smithi046.stdout:/usr/bin/ceph: stderr
2024-04-17T07:47:27.447+0000 7f8e05e00700 1 -- 172.21.15.46:0/389571306 learned_addr learned my addr 172.21.15.46:0/389571306 (peer_addr_for_me v2:172.21.15.46:0/0)
2024-04-17T07:47:29.021 INFO:teuthology.orchestra.run.smithi046.stdout:/usr/bin/ceph: stderr
2024-04-17T07:47:27.448+0000 7f8e05e00700 1 -- 172.21.15.46:0/389571306 --> [v2:172.21.15.46:3300/0,v1:172.21.15.46:6789/0] -- mon_subscribe({config=0+,monmap=0+}) -- 0x7f8e08107310 con 0x7f8e081069b0
2024-04-17T07:47:29.021 INFO:teuthology.orchestra.run.smithi046.stdout:/usr/bin/ceph: stderr
2024-04-17T07:47:27.448+0000 7f8e05e00700 1 --2- 172.21.15.46:0/389571306 >> [v2:172.21.15.46:3300/0,v1:172.21.15.46:6789/0] conn(0x7f8e081069b0 0x7f8e08106dd0 secure :-1 s=READY pgs=74 cs=0 l=1 rev1=1 crypto rx=0x7f8df80098a0 tx=0x7f8df8009bb0 comp rx=0 tx=0).ready entity=mon.0 client_cookie=4e6e478a1a7da2f0 server_cookie=0 in_seq=0 out_seq=0
2024-04-17T07:47:29.021 INFO:teuthology.orchestra.run.smithi046.stdout:/usr/bin/ceph: stderr
2024-04-17T07:47:27.448+0000 7f8e04a00700 1 -- 172.21.15.46:0/389571306 <== mon.0 v2:172.21.15.46:3300/0 1 ==== mon_map magic: 0 ==== 205+0+0 (secure 0 0 0) 0x7f8df8004160 con 0x7f8e081069b0
2024-04-17T07:47:29.022 INFO:teuthology.orchestra.run.smithi046.stdout:/usr/bin/ceph: stderr
2024-04-17T07:47:27.448+0000 7f8e04a00700 1 -- 172.21.15.46:0/389571306 <== mon.0 v2:172.21.15.46:3300/0 2 ==== config(27 keys) ==== 1140+0+0 (secure 0 0 0) 0x7f8df8004300 con 0x7f8e081069b0
2024-04-17T07:47:29.022 INFO:teuthology.orchestra.run.smithi046.stdout:/usr/bin/ceph: stderr
2024-04-17T07:47:27.448+0000 7f8e04a00700 1 -- 172.21.15.46:0/389571306 <== mon.0 v2:172.21.15.46:3300/0 3 ==== mon_map magic: 0 ==== 205+0+0 (secure 0 0 0) 0x7f8df8011b20 con 0x7f8e081069b0
2024-04-17T07:47:29.022 INFO:teuthology.orchestra.run.smithi046.stdout:/usr/bin/ceph: stderr
2024-04-17T07:47:27.449+0000 7f8e07200700 1 -- 172.21.15.46:0/389571306 >> [v2:172.21.15.46:3300/0,v1:172.21.15.46:6789/0] conn(0x7f8e081069b0 msgr2=0x7f8e08106dd0 secure :-1 s=STATE_CONNECTION_ESTABLISHED l=1).mark_down
2024-04-17T07:47:29.022 INFO:teuthology.orchestra.run.smithi046.stdout:/usr/bin/ceph: stderr
2024-04-17T07:47:27.449+0000 7f8e07200700 1 --2- 172.21.15.46:0/389571306 >> [v2:172.21.15.46:3300/0,v1:172.21.15.46:6789/0] conn(0x7f8e081069b0 0x7f8e08106dd0 secure :-1 s=READY pgs=74 cs=0 l=1 rev1=1 crypto rx=0x7f8df80098a0 tx=0x7f8df8009bb0 comp rx=0 tx=0).stop
2024-04-17T07:47:29.022 INFO:teuthology.orchestra.run.smithi046.stdout:/usr/bin/ceph: stderr
2024-04-17T07:47:27.449+0000 7f8e07200700 1 -- 172.21.15.46:0/389571306 shutdown_connections
2024-04-17T07:47:29.022 INFO:teuthology.orchestra.run.smithi046.stdout:/usr/bin/ceph: stderr
2024-04-17T07:47:27.449+0000 7f8e07200700 1 --2- 172.21.15.46:0/389571306 >> [v2:172.21.15.46:3300/0,v1:172.21.15.46:6789/0] conn(0x7f8e081069b0 0x7f8e08106dd0 unknown :-1 s=CLOSED pgs=74 cs=0 l=1 rev1=1 crypto rx=0 tx=0 comp rx=0 tx=0).stop
2024-04-17T07:47:29.022 INFO:teuthology.orchestra.run.smithi046.stdout:/usr/bin/ceph: stderr
2024-04-17T07:47:27.449+0000 7f8e07200700 1 -- 172.21.15.46:0/389571306 >> 172.21.15.46:0/389571306 conn(0x7f8e08102610 msgr2=0x7f8e08104a30 unknown :-1 s=STATE_NONE l=0).mark_down
2024-04-17T07:47:29.022 INFO:teuthology.orchestra.run.smithi046.stdout:/usr/bin/ceph: stderr
2024-04-17T07:47:27.449+0000 7f8e07200700 1 -- 172.21.15.46:0/389571306 shutdown_connections
2024-04-17T07:47:29.022 INFO:teuthology.orchestra.run.smithi046.stdout:/usr/bin/ceph: stderr
2024-04-17T07:47:27.449+0000 7f8e07200700 1 -- 172.21.15.46:0/389571306 wait complete.
2024-04-17T07:47:29.022 INFO:teuthology.orchestra.run.smithi046.stdout:/usr/bin/ceph: stderr
2024-04-17T07:47:27.450+0000 7f8e07200700 1 Processor -- start
2024-04-17T07:47:29.022 INFO:teuthology.orchestra.run.smithi046.stdout:/usr/bin/ceph: stderr
2024-04-17T07:47:27.451+0000 7f8e07200700 1 -- start start
2024-04-17T07:47:29.022 INFO:teuthology.orchestra.run.smithi046.stdout:/usr/bin/ceph: stderr
2024-04-17T07:47:27.451+0000 7f8e07200700 1 --2- >> [v2:172.21.15.46:3300/0,v1:172.21.15.46:6789/0] conn(0x7f8e081069b0 0x7f8e0819e250 unknown :-1 s=NONE pgs=0 cs=0 l=1 rev1=0 crypto rx=0 tx=0 comp rx=0 tx=0).connect
2024-04-17T07:47:29.023 INFO:teuthology.orchestra.run.smithi046.stdout:/usr/bin/ceph: stderr
2024-04-17T07:47:27.451+0000 7f8e07200700 1 -- --> [v2:172.21.15.46:3300/0,v1:172.21.15.46:6789/0] -- mon_getmap magic: 0 -- 0x7f8e081083e0 con 0x7f8e081069b0
2024-04-17T07:47:29.023 INFO:teuthology.orchestra.run.smithi046.stdout:/usr/bin/ceph: stderr
2024-04-17T07:47:27.451+0000 7f8e05e00700 1 --2- >> [v2:172.21.15.46:3300/0,v1:172.21.15.46:6789/0] conn(0x7f8e081069b0 0x7f8e0819e250 unknown :-1 s=BANNER_CONNECTING pgs=0 cs=0 l=1 rev1=0 crypto rx=0 tx=0 comp rx=0 tx=0)._handle_peer_banner_payload supported=3 required=0
2024-04-17T07:47:29.025 INFO:teuthology.orchestra.run.smithi046.stdout:/usr/bin/ceph: stderr
2024-04-17T07:47:27.451+0000 7f8e05e00700 1 --2- >> [v2:172.21.15.46:3300/0,v1:172.21.15.46:6789/0] conn(0x7f8e081069b0 0x7f8e0819e250 unknown :-1 s=HELLO_CONNECTING pgs=0 cs=0 l=1 rev1=1 crypto rx=0 tx=0 comp rx=0 tx=0).handle_hello peer v2:172.21.15.46:3300/0 says I am v2:172.21.15.46:43174/0 (socket says 172.21.15.46:43174)
2024-04-17T07:47:29.026 INFO:teuthology.orchestra.run.smithi046.stdout:/usr/bin/ceph: stderr
2024-04-17T07:47:27.451+0000 7f8e05e00700 1 -- 172.21.15.46:0/1453544148 learned_addr learned my addr 172.21.15.46:0/1453544148 (peer_addr_for_me v2:172.21.15.46:0/0)
2024-04-17T07:47:29.026 INFO:teuthology.orchestra.run.smithi046.stdout:/usr/bin/ceph: stderr
2024-04-17T07:47:27.452+0000 7f8e05e00700 1 -- 172.21.15.46:0/1453544148 --> [v2:172.21.15.46:3300/0,v1:172.21.15.46:6789/0] -- mon_subscribe({config=0+,monmap=0+}) -- 0x7f8e0819e790 con 0x7f8e081069b0
2024-04-17T07:47:29.026 INFO:teuthology.orchestra.run.smithi046.stdout:/usr/bin/ceph: stderr
2024-04-17T07:47:27.452+0000 7f8e05e00700 1 --2- 172.21.15.46:0/1453544148 >> [v2:172.21.15.46:3300/0,v1:172.21.15.46:6789/0] conn(0x7f8e081069b0 0x7f8e0819e250 secure :-1 s=READY pgs=75 cs=0 l=1 rev1=1 crypto rx=0x7f8df80117e0 tx=0x7f8df8011c10 comp rx=0 tx=0).ready entity=mon.0 client_cookie=0 server_cookie=0 in_seq=0 out_seq=0
2024-04-17T07:47:29.026 INFO:teuthology.orchestra.run.smithi046.stdout:/usr/bin/ceph: stderr
2024-04-17T07:47:27.452+0000 7f8dfea00700 1 -- 172.21.15.46:0/1453544148 <== mon.0 v2:172.21.15.46:3300/0 1 ==== mon_map magic: 0 ==== 205+0+0 (secure 0 0 0) 0x7f8df8003bf0 con 0x7f8e081069b0
2024-04-17T07:47:29.026 INFO:teuthology.orchestra.run.smithi046.stdout:/usr/bin/ceph: stderr
2024-04-17T07:47:27.452+0000 7f8dfea00700 1 -- 172.21.15.46:0/1453544148 <== mon.0 v2:172.21.15.46:3300/0 2 ==== config(27 keys) ==== 1140+0+0 (secure 0 0 0) 0x7f8df801a910 con 0x7f8e081069b0
2024-04-17T07:47:29.026 INFO:teuthology.orchestra.run.smithi046.stdout:/usr/bin/ceph: stderr
2024-04-17T07:47:27.453+0000 7f8e07200700 1 -- 172.21.15.46:0/1453544148 --> [v2:172.21.15.46:3300/0,v1:172.21.15.46:6789/0] -- mon_subscribe({mgrmap=0+}) -- 0x7f8e0819ea20 con 0x7f8e081069b0
2024-04-17T07:47:29.026 INFO:teuthology.orchestra.run.smithi046.stdout:/usr/bin/ceph: stderr
2024-04-17T07:47:27.453+0000 7f8dfea00700 1 -- 172.21.15.46:0/1453544148 <== mon.0 v2:172.21.15.46:3300/0 3 ==== mon_map magic: 0 ==== 205+0+0 (secure 0 0 0) 0x7f8df8024970 con 0x7f8e081069b0
2024-04-17T07:47:29.026 INFO:teuthology.orchestra.run.smithi046.stdout:/usr/bin/ceph: stderr
2024-04-17T07:47:27.453+0000 7f8e07200700 1 -- 172.21.15.46:0/1453544148 --> [v2:172.21.15.46:3300/0,v1:172.21.15.46:6789/0] -- mon_subscribe({osdmap=0}) -- 0x7f8e0819ee80 con 0x7f8e081069b0
2024-04-17T07:47:29.027 INFO:teuthology.orchestra.run.smithi046.stdout:/usr/bin/ceph: stderr
2024-04-17T07:47:27.454+0000 7f8dfea00700 1 -- 172.21.15.46:0/1453544148 <== mon.0 v2:172.21.15.46:3300/0 4 ==== mgrmap(e 12) ==== 46571+0+0 (secure 0 0 0) 0x7f8df8022020 con 0x7f8e081069b0
2024-04-17T07:47:29.027 INFO:teuthology.orchestra.run.smithi046.stdout:/usr/bin/ceph: stderr
2024-04-17T07:47:27.454+0000 7f8e07200700 1 -- 172.21.15.46:0/1453544148 --> [v2:172.21.15.46:3300/0,v1:172.21.15.46:6789/0] -- mon_command({"prefix": "get_command_descriptions"} v 0) -- 0x7f8e080640b0 con 0x7f8e081069b0
2024-04-17T07:47:29.027 INFO:teuthology.orchestra.run.smithi046.stdout:/usr/bin/ceph: stderr
2024-04-17T07:47:27.454+0000 7f8dfea00700 1 --2- 172.21.15.46:0/1453544148 >> [v2:172.21.15.46:6800/4172081855,v1:172.21.15.46:6801/4172081855] conn(0x7f8dec039610 0x7f8dec03bad0 unknown :-1 s=NONE pgs=0 cs=0 l=1 rev1=0 crypto rx=0 tx=0 comp rx=0 tx=0).connect
2024-04-17T07:47:29.027 INFO:teuthology.orchestra.run.smithi046.stdout:/usr/bin/ceph: stderr
2024-04-17T07:47:27.454+0000 7f8dfea00700 1 -- 172.21.15.46:0/1453544148 <== mon.0 v2:172.21.15.46:3300/0 5 ==== osd_map(3..3 src has 1..3) ==== 1155+0+0 (secure 0 0 0) 0x7f8df804dc60 con 0x7f8e081069b0
2024-04-17T07:47:29.027 INFO:teuthology.orchestra.run.smithi046.stdout:/usr/bin/ceph: stderr
2024-04-17T07:47:27.455+0000 7f8e05400700 1 --2- 172.21.15.46:0/1453544148 >> [v2:172.21.15.46:6800/4172081855,v1:172.21.15.46:6801/4172081855] conn(0x7f8dec039610 0x7f8dec03bad0 unknown :-1 s=BANNER_CONNECTING pgs=0 cs=0 l=1 rev1=0 crypto rx=0 tx=0 comp rx=0 tx=0)._handle_peer_banner_payload supported=3 required=0
2024-04-17T07:47:29.027 INFO:teuthology.orchestra.run.smithi046.stdout:/usr/bin/ceph: stderr
2024-04-17T07:47:27.455+0000 7f8e05400700 1 --2- 172.21.15.46:0/1453544148 >> [v2:172.21.15.46:6800/4172081855,v1:172.21.15.46:6801/4172081855] conn(0x7f8dec039610 0x7f8dec03bad0 secure :-1 s=READY pgs=9 cs=0 l=1 rev1=1 crypto rx=0x7f8df4006fd0 tx=0x7f8df4006e40 comp rx=0 tx=0).ready entity=mgr.14152 client_cookie=0 server_cookie=0 in_seq=0 out_seq=0
2024-04-17T07:47:29.027 INFO:teuthology.orchestra.run.smithi046.stdout:/usr/bin/ceph: stderr
2024-04-17T07:47:27.460+0000 7f8dfea00700 1 -- 172.21.15.46:0/1453544148 <== mon.0 v2:172.21.15.46:3300/0 6 ==== mon_command_ack([{"prefix": "get_command_descriptions"}]=0 v0) ==== 72+0+188381 (secure 0 0 0) 0x7f8df8011e20 con 0x7f8e081069b0
2024-04-17T07:47:29.027 INFO:teuthology.orchestra.run.smithi046.stdout:/usr/bin/ceph: stderr
2024-04-17T07:47:27.693+0000 7f8e07200700 1 -- 172.21.15.46:0/1453544148 --> [v2:172.21.15.46:3300/0,v1:172.21.15.46:6789/0] -- mon_command({"prefix": "config get", "who": "mgr", "key": "mgr/dashboard/ssl_server_port"} v 0) -- 0x7f8e08063660 con 0x7f8e081069b0
2024-04-17T07:47:29.027 INFO:teuthology.orchestra.run.smithi046.stdout:/usr/bin/ceph: stderr
2024-04-17T07:47:27.694+0000 7f8dfea00700 1 -- 172.21.15.46:0/1453544148 <== mon.0 v2:172.21.15.46:3300/0 7 ==== mon_command_ack([{"prefix": "config get", "who": "mgr", "key": "mgr/dashboard/ssl_server_port"}]=0 v8) ==== 112+0+5 (secure 0 0 0) 0x7f8df800ba30 con 0x7f8e081069b0
2024-04-17T07:47:29.027 INFO:teuthology.orchestra.run.smithi046.stdout:/usr/bin/ceph: stderr
2024-04-17T07:47:27.697+0000 7f8e07200700 1 -- 172.21.15.46:0/1453544148 >> [v2:172.21.15.46:6800/4172081855,v1:172.21.15.46:6801/4172081855] conn(0x7f8dec039610 msgr2=0x7f8dec03bad0 secure :-1 s=STATE_CONNECTION_ESTABLISHED l=1).mark_down
2024-04-17T07:47:29.027 INFO:teuthology.orchestra.run.smithi046.stdout:/usr/bin/ceph: stderr
2024-04-17T07:47:27.697+0000 7f8e07200700 1 --2- 172.21.15.46:0/1453544148 >> [v2:172.21.15.46:6800/4172081855,v1:172.21.15.46:6801/4172081855] conn(0x7f8dec039610 0x7f8dec03bad0 secure :-1 s=READY pgs=9 cs=0 l=1 rev1=1 crypto rx=0x7f8df4006fd0 tx=0x7f8df4006e40 comp rx=0 tx=0).stop
2024-04-17T07:47:29.028 INFO:teuthology.orchestra.run.smithi046.stdout:/usr/bin/ceph: stderr
2024-04-17T07:47:27.697+0000 7f8e07200700 1 -- 172.21.15.46:0/1453544148 >> [v2:172.21.15.46:3300/0,v1:172.21.15.46:6789/0] conn(0x7f8e081069b0 msgr2=0x7f8e0819e250 secure :-1 s=STATE_CONNECTION_ESTABLISHED l=1).mark_down
2024-04-17T07:47:29.028 INFO:teuthology.orchestra.run.smithi046.stdout:/usr/bin/ceph: stderr
2024-04-17T07:47:27.697+0000 7f8e07200700 1 --2- 172.21.15.46:0/1453544148 >> [v2:172.21.15.46:3300/0,v1:172.21.15.46:6789/0] conn(0x7f8e081069b0 0x7f8e0819e250 secure :-1 s=READY pgs=75 cs=0 l=1 rev1=1 crypto rx=0x7f8df80117e0 tx=0x7f8df8011c10 comp rx=0 tx=0).stop
2024-04-17T07:47:29.028 INFO:teuthology.orchestra.run.smithi046.stdout:/usr/bin/ceph: stderr
2024-04-17T07:47:27.697+0000 7f8e07200700 1 -- 172.21.15.46:0/1453544148 shutdown_connections
2024-04-17T07:47:29.028 INFO:teuthology.orchestra.run.smithi046.stdout:/usr/bin/ceph: stderr
2024-04-17T07:47:27.697+0000 7f8e07200700 1 --2- 172.21.15.46:0/1453544148 >> [v2:172.21.15.46:6800/4172081855,v1:172.21.15.46:6801/4172081855] conn(0x7f8dec039610 0x7f8dec03bad0 unknown :-1 s=CLOSED pgs=9 cs=0 l=1 rev1=1 crypto rx=0 tx=0 comp rx=0 tx=0).stop
2024-04-17T07:47:29.028 INFO:teuthology.orchestra.run.smithi046.stdout:/usr/bin/ceph: stderr
2024-04-17T07:47:27.697+0000 7f8e07200700 1 --2- 172.21.15.46:0/1453544148 >> [v2:172.21.15.46:3300/0,v1:172.21.15.46:6789/0] conn(0x7f8e081069b0 0x7f8e0819e250 unknown :-1 s=CLOSED pgs=75 cs=0 l=1 rev1=1 crypto rx=0 tx=0 comp rx=0 tx=0).stop
2024-04-17T07:47:29.028 INFO:teuthology.orchestra.run.smithi046.stdout:/usr/bin/ceph: stderr
2024-04-17T07:47:27.697+0000 7f8e07200700 1 -- 172.21.15.46:0/1453544148 >> 172.21.15.46:0/1453544148 conn(0x7f8e08102610 msgr2=0x7f8e08194f10 unknown :-1 s=STATE_NONE l=0).mark_down
2024-04-17T07:47:29.028 INFO:teuthology.orchestra.run.smithi046.stdout:/usr/bin/ceph: stderr
2024-04-17T07:47:27.697+0000 7f8e07200700 1 -- 172.21.15.46:0/1453544148 shutdown_connections
2024-04-17T07:47:29.028 INFO:teuthology.orchestra.run.smithi046.stdout:/usr/bin/ceph: stderr
2024-04-17T07:47:27.697+0000 7f8e07200700 1 -- 172.21.15.46:0/1453544148 wait complete.
2024-04-17T07:47:29.054 INFO:teuthology.orchestra.run.smithi046.stdout:Non-zero exit code 1 from systemctl is-enabled firewalld.service
2024-04-17T07:47:29.054 INFO:teuthology.orchestra.run.smithi046.stdout:systemctl: stdout disabled
2024-04-17T07:47:29.081 INFO:teuthology.orchestra.run.smithi046.stdout:Non-zero exit code 3 from systemctl is-active firewalld.service
2024-04-17T07:47:29.081 INFO:teuthology.orchestra.run.smithi046.stdout:systemctl: stdout inactive
2024-04-17T07:47:29.081 INFO:teuthology.orchestra.run.smithi046.stdout:firewalld.service is not enabled
2024-04-17T07:47:29.081 INFO:teuthology.orchestra.run.smithi046.stdout:Not possible to open ports <[8443]>. firewalld.service is not available
2024-04-17T07:47:29.089 INFO:teuthology.orchestra.run.smithi046.stdout:Ceph Dashboard is now available at:
2024-04-17T07:47:29.089 INFO:teuthology.orchestra.run.smithi046.stdout:
2024-04-17T07:47:29.089 INFO:teuthology.orchestra.run.smithi046.stdout: URL: https://smithi046.front.sepia.ceph.com:8443/
2024-04-17T07:47:29.089 INFO:teuthology.orchestra.run.smithi046.stdout: User: admin
2024-04-17T07:47:29.089 INFO:teuthology.orchestra.run.smithi046.stdout: Password: m1y00nxewa
2024-04-17T07:47:29.089 INFO:teuthology.orchestra.run.smithi046.stdout:
2024-04-17T07:47:29.091 INFO:teuthology.orchestra.run.smithi046.stdout:Saving cluster configuration to /var/lib/ceph/67cd6c06-fc8e-11ee-bc91-c7b262605968/config directory
2024-04-17T07:47:29.093 INFO:teuthology.orchestra.run.smithi046.stdout:Enabling autotune for osd_memory_target
2024-04-17T07:47:29.360 INFO:journalctl@ceph.mon.a.smithi046.stdout:Apr 17 07:47:29 smithi046 ceph-mon[32038]: mgrmap e13: x(active, since 6s)
2024-04-17T07:47:30.909 INFO:teuthology.orchestra.run.smithi046.stdout:/usr/bin/ceph: stderr
2024-04-17T07:47:30.029+0000 7fa6e1a00700 1 Processor -- start
2024-04-17T07:47:30.909 INFO:teuthology.orchestra.run.smithi046.stdout:/usr/bin/ceph: stderr
2024-04-17T07:47:30.029+0000 7fa6e1a00700 1 -- start start
2024-04-17T07:47:30.909 INFO:teuthology.orchestra.run.smithi046.stdout:/usr/bin/ceph: stderr
2024-04-17T07:47:30.029+0000 7fa6e1a00700 1 --2- >> [v2:172.21.15.46:3300/0,v1:172.21.15.46:6789/0] conn(0x7fa6dc07dde0 0x7fa6dc07c290 unknown :-1 s=NONE pgs=0 cs=0 l=0 rev1=0 crypto rx=0 tx=0 comp rx=0 tx=0).connect
2024-04-17T07:47:30.909 INFO:teuthology.orchestra.run.smithi046.stdout:/usr/bin/ceph: stderr
2024-04-17T07:47:30.030+0000 7fa6e1a00700 1 -- --> [v2:172.21.15.46:3300/0,v1:172.21.15.46:6789/0] -- mon_getmap magic: 0 -- 0x7fa6dc07c7d0 con 0x7fa6dc07dde0
2024-04-17T07:47:30.909 INFO:teuthology.orchestra.run.smithi046.stdout:/usr/bin/ceph: stderr
2024-04-17T07:47:30.030+0000 7fa6daa00700 1 --2- >> [v2:172.21.15.46:3300/0,v1:172.21.15.46:6789/0] conn(0x7fa6dc07dde0 0x7fa6dc07c290 unknown :-1 s=BANNER_CONNECTING pgs=0 cs=0 l=0 rev1=0 crypto rx=0 tx=0 comp rx=0 tx=0)._handle_peer_banner_payload supported=3 required=0
2024-04-17T07:47:30.909 INFO:teuthology.orchestra.run.smithi046.stdout:/usr/bin/ceph: stderr
2024-04-17T07:47:30.030+0000 7fa6daa00700 1 --2- >> [v2:172.21.15.46:3300/0,v1:172.21.15.46:6789/0] conn(0x7fa6dc07dde0 0x7fa6dc07c290 unknown :-1 s=HELLO_CONNECTING pgs=0 cs=0 l=0 rev1=1 crypto rx=0 tx=0 comp rx=0 tx=0).handle_hello peer v2:172.21.15.46:3300/0 says I am v2:172.21.15.46:48068/0 (socket says 172.21.15.46:48068)
2024-04-17T07:47:30.909 INFO:teuthology.orchestra.run.smithi046.stdout:/usr/bin/ceph: stderr
2024-04-17T07:47:30.030+0000 7fa6daa00700 1 -- 172.21.15.46:0/2775676288 learned_addr learned my addr 172.21.15.46:0/2775676288 (peer_addr_for_me v2:172.21.15.46:0/0)
2024-04-17T07:47:30.909 INFO:teuthology.orchestra.run.smithi046.stdout:/usr/bin/ceph: stderr
2024-04-17T07:47:30.031+0000 7fa6daa00700 1 -- 172.21.15.46:0/2775676288 --> [v2:172.21.15.46:3300/0,v1:172.21.15.46:6789/0] -- mon_subscribe({config=0+,monmap=0+}) -- 0x7fa6dc07c950 con 0x7fa6dc07dde0
2024-04-17T07:47:30.910 INFO:teuthology.orchestra.run.smithi046.stdout:/usr/bin/ceph: stderr
2024-04-17T07:47:30.031+0000 7fa6daa00700 1 --2- 172.21.15.46:0/2775676288 >> [v2:172.21.15.46:3300/0,v1:172.21.15.46:6789/0] conn(0x7fa6dc07dde0 0x7fa6dc07c290 secure :-1 s=READY pgs=76 cs=0 l=1 rev1=1 crypto rx=0x7fa6cc0098a0 tx=0x7fa6cc009bb0 comp rx=0 tx=0).ready entity=mon.0 client_cookie=2067bc6c73685fc1 server_cookie=0 in_seq=0 out_seq=0
2024-04-17T07:47:30.910 INFO:teuthology.orchestra.run.smithi046.stdout:/usr/bin/ceph: stderr
2024-04-17T07:47:30.031+0000 7fa6da000700 1 -- 172.21.15.46:0/2775676288 <== mon.0 v2:172.21.15.46:3300/0 1 ==== mon_map magic: 0 ==== 205+0+0 (secure 0 0 0) 0x7fa6cc004160 con 0x7fa6dc07dde0
2024-04-17T07:47:30.910 INFO:teuthology.orchestra.run.smithi046.stdout:/usr/bin/ceph: stderr
2024-04-17T07:47:30.031+0000 7fa6da000700 1 -- 172.21.15.46:0/2775676288 <== mon.0 v2:172.21.15.46:3300/0 2 ==== config(27 keys) ==== 1140+0+0 (secure 0 0 0) 0x7fa6cc004300 con 0x7fa6dc07dde0
2024-04-17T07:47:30.910 INFO:teuthology.orchestra.run.smithi046.stdout:/usr/bin/ceph: stderr
2024-04-17T07:47:30.031+0000 7fa6da000700 1 -- 172.21.15.46:0/2775676288 <== mon.0 v2:172.21.15.46:3300/0 3 ==== mon_map magic: 0 ==== 205+0+0 (secure 0 0 0) 0x7fa6cc011b20 con 0x7fa6dc07dde0
2024-04-17T07:47:30.910 INFO:teuthology.orchestra.run.smithi046.stdout:/usr/bin/ceph: stderr
2024-04-17T07:47:30.032+0000 7fa6e1a00700 1 -- 172.21.15.46:0/2775676288 >> [v2:172.21.15.46:3300/0,v1:172.21.15.46:6789/0] conn(0x7fa6dc07dde0 msgr2=0x7fa6dc07c290 secure :-1 s=STATE_CONNECTION_ESTABLISHED l=1).mark_down
2024-04-17T07:47:30.910 INFO:teuthology.orchestra.run.smithi046.stdout:/usr/bin/ceph: stderr
2024-04-17T07:47:30.032+0000 7fa6e1a00700 1 --2- 172.21.15.46:0/2775676288 >> [v2:172.21.15.46:3300/0,v1:172.21.15.46:6789/0] conn(0x7fa6dc07dde0 0x7fa6dc07c290 secure :-1 s=READY pgs=76 cs=0 l=1 rev1=1 crypto rx=0x7fa6cc0098a0 tx=0x7fa6cc009bb0 comp rx=0 tx=0).stop
2024-04-17T07:47:30.910 INFO:teuthology.orchestra.run.smithi046.stdout:/usr/bin/ceph: stderr
2024-04-17T07:47:30.032+0000 7fa6e1a00700 1 -- 172.21.15.46:0/2775676288 shutdown_connections
2024-04-17T07:47:30.910 INFO:teuthology.orchestra.run.smithi046.stdout:/usr/bin/ceph: stderr
2024-04-17T07:47:30.032+0000 7fa6e1a00700 1 --2- 172.21.15.46:0/2775676288 >> [v2:172.21.15.46:3300/0,v1:172.21.15.46:6789/0] conn(0x7fa6dc07dde0 0x7fa6dc07c290 unknown :-1 s=CLOSED pgs=76 cs=0 l=1 rev1=1 crypto rx=0 tx=0 comp rx=0 tx=0).stop
2024-04-17T07:47:30.910 INFO:teuthology.orchestra.run.smithi046.stdout:/usr/bin/ceph: stderr
2024-04-17T07:47:30.032+0000 7fa6e1a00700 1 -- 172.21.15.46:0/2775676288 >> 172.21.15.46:0/2775676288 conn(0x7fa6dc1039b0 msgr2=0x7fa6dc105dd0 unknown :-1 s=STATE_NONE l=0).mark_down
2024-04-17T07:47:30.910 INFO:teuthology.orchestra.run.smithi046.stdout:/usr/bin/ceph: stderr
2024-04-17T07:47:30.033+0000 7fa6e1a00700 1 -- 172.21.15.46:0/2775676288 shutdown_connections
2024-04-17T07:47:30.910 INFO:teuthology.orchestra.run.smithi046.stdout:/usr/bin/ceph: stderr
2024-04-17T07:47:30.033+0000 7fa6e1a00700 1 -- 172.21.15.46:0/2775676288 wait complete.
2024-04-17T07:47:30.910 INFO:teuthology.orchestra.run.smithi046.stdout:/usr/bin/ceph: stderr
2024-04-17T07:47:30.034+0000 7fa6e1a00700 1 Processor -- start
2024-04-17T07:47:30.910 INFO:teuthology.orchestra.run.smithi046.stdout:/usr/bin/ceph: stderr
2024-04-17T07:47:30.034+0000 7fa6e1a00700 1 -- start start
2024-04-17T07:47:30.911 INFO:teuthology.orchestra.run.smithi046.stdout:/usr/bin/ceph: stderr
2024-04-17T07:47:30.034+0000 7fa6e1a00700 1 --2- >> [v2:172.21.15.46:3300/0,v1:172.21.15.46:6789/0] conn(0x7fa6dc07dde0 0x7fa6dc19e470 unknown :-1 s=NONE pgs=0 cs=0 l=1 rev1=0 crypto rx=0 tx=0 comp rx=0 tx=0).connect
2024-04-17T07:47:30.911 INFO:teuthology.orchestra.run.smithi046.stdout:/usr/bin/ceph: stderr
2024-04-17T07:47:30.034+0000 7fa6e1a00700 1 -- --> [v2:172.21.15.46:3300/0,v1:172.21.15.46:6789/0] -- mon_getmap magic: 0 -- 0x7fa6dc10e950 con 0x7fa6dc07dde0
2024-04-17T07:47:30.911 INFO:teuthology.orchestra.run.smithi046.stdout:/usr/bin/ceph: stderr
2024-04-17T07:47:30.034+0000 7fa6daa00700 1 --2- >> [v2:172.21.15.46:3300/0,v1:172.21.15.46:6789/0] conn(0x7fa6dc07dde0 0x7fa6dc19e470 unknown :-1 s=BANNER_CONNECTING pgs=0 cs=0 l=1 rev1=0 crypto rx=0 tx=0 comp rx=0 tx=0)._handle_peer_banner_payload supported=3 required=0
2024-04-17T07:47:30.911 INFO:teuthology.orchestra.run.smithi046.stdout:/usr/bin/ceph: stderr
2024-04-17T07:47:30.035+0000 7fa6daa00700 1 --2- >> [v2:172.21.15.46:3300/0,v1:172.21.15.46:6789/0] conn(0x7fa6dc07dde0 0x7fa6dc19e470 unknown :-1 s=HELLO_CONNECTING pgs=0 cs=0 l=1 rev1=1 crypto rx=0 tx=0 comp rx=0 tx=0).handle_hello peer v2:172.21.15.46:3300/0 says I am v2:172.21.15.46:48078/0 (socket says 172.21.15.46:48078)
2024-04-17T07:47:30.911 INFO:teuthology.orchestra.run.smithi046.stdout:/usr/bin/ceph: stderr
2024-04-17T07:47:30.035+0000 7fa6daa00700 1 -- 172.21.15.46:0/745822404 learned_addr learned my addr 172.21.15.46:0/745822404 (peer_addr_for_me v2:172.21.15.46:0/0)
2024-04-17T07:47:30.911 INFO:teuthology.orchestra.run.smithi046.stdout:/usr/bin/ceph: stderr
2024-04-17T07:47:30.035+0000 7fa6daa00700 1 -- 172.21.15.46:0/745822404 --> [v2:172.21.15.46:3300/0,v1:172.21.15.46:6789/0] -- mon_subscribe({config=0+,monmap=0+}) -- 0x7fa6dc19e9b0 con 0x7fa6dc07dde0
2024-04-17T07:47:30.911 INFO:teuthology.orchestra.run.smithi046.stdout:/usr/bin/ceph: stderr
2024-04-17T07:47:30.035+0000 7fa6daa00700 1 --2- 172.21.15.46:0/745822404 >> [v2:172.21.15.46:3300/0,v1:172.21.15.46:6789/0] conn(0x7fa6dc07dde0 0x7fa6dc19e470 secure :-1 s=READY pgs=77 cs=0 l=1 rev1=1 crypto rx=0x7fa6cc0116a0 tx=0x7fa6cc011c10 comp rx=0 tx=0).ready entity=mon.0 client_cookie=0 server_cookie=0 in_seq=0 out_seq=0
2024-04-17T07:47:30.911 INFO:teuthology.orchestra.run.smithi046.stdout:/usr/bin/ceph: stderr
2024-04-17T07:47:30.035+0000 7fa6d3e00700 1 -- 172.21.15.46:0/745822404 <== mon.0 v2:172.21.15.46:3300/0 1 ==== mon_map magic: 0 ==== 205+0+0 (secure 0 0 0) 0x7fa6cc003ac0 con 0x7fa6dc07dde0
2024-04-17T07:47:30.911 INFO:teuthology.orchestra.run.smithi046.stdout:/usr/bin/ceph: stderr
2024-04-17T07:47:30.036+0000 7fa6d3e00700 1 -- 172.21.15.46:0/745822404 <== mon.0 v2:172.21.15.46:3300/0 2 ==== config(27 keys) ==== 1140+0+0 (secure 0 0 0) 0x7fa6cc003c60 con 0x7fa6dc07dde0
2024-04-17T07:47:30.911 INFO:teuthology.orchestra.run.smithi046.stdout:/usr/bin/ceph: stderr
2024-04-17T07:47:30.036+0000 7fa6d3e00700 1 -- 172.21.15.46:0/745822404 <== mon.0 v2:172.21.15.46:3300/0 3 ==== mon_map magic: 0 ==== 205+0+0 (secure 0 0 0) 0x7fa6cc01a7d0 con 0x7fa6dc07dde0
2024-04-17T07:47:30.911 INFO:teuthology.orchestra.run.smithi046.stdout:/usr/bin/ceph: stderr
2024-04-17T07:47:30.036+0000 7fa6e1a00700 1 -- 172.21.15.46:0/745822404 --> [v2:172.21.15.46:3300/0,v1:172.21.15.46:6789/0] -- mon_subscribe({mgrmap=0+}) -- 0x7fa6dc19ec40 con 0x7fa6dc07dde0
2024-04-17T07:47:30.911 INFO:teuthology.orchestra.run.smithi046.stdout:/usr/bin/ceph: stderr
2024-04-17T07:47:30.036+0000 7fa6e1a00700 1 -- 172.21.15.46:0/745822404 --> [v2:172.21.15.46:3300/0,v1:172.21.15.46:6789/0] -- mon_subscribe({osdmap=0}) -- 0x7fa6dc19f0a0 con 0x7fa6dc07dde0
2024-04-17T07:47:30.912 INFO:teuthology.orchestra.run.smithi046.stdout:/usr/bin/ceph: stderr
2024-04-17T07:47:30.037+0000 7fa6e1a00700 1 -- 172.21.15.46:0/745822404 --> [v2:172.21.15.46:3300/0,v1:172.21.15.46:6789/0] -- mon_command({"prefix": "get_command_descriptions"} v 0) -- 0x7fa6dc0640b0 con 0x7fa6dc07dde0
2024-04-17T07:47:30.912 INFO:teuthology.orchestra.run.smithi046.stdout:/usr/bin/ceph: stderr
2024-04-17T07:47:30.037+0000 7fa6d3e00700 1 -- 172.21.15.46:0/745822404 <== mon.0 v2:172.21.15.46:3300/0 4 ==== mgrmap(e 13) ==== 46614+0+0 (secure 0 0 0) 0x7fa6cc024b30 con 0x7fa6dc07dde0
2024-04-17T07:47:30.912 INFO:teuthology.orchestra.run.smithi046.stdout:/usr/bin/ceph: stderr
2024-04-17T07:47:30.037+0000 7fa6d3e00700 1 --2- 172.21.15.46:0/745822404 >> [v2:172.21.15.46:6800/4172081855,v1:172.21.15.46:6801/4172081855] conn(0x7fa6c00396b0 0x7fa6c003bb70 unknown :-1 s=NONE pgs=0 cs=0 l=1 rev1=0 crypto rx=0 tx=0 comp rx=0 tx=0).connect
2024-04-17T07:47:30.912 INFO:teuthology.orchestra.run.smithi046.stdout:/usr/bin/ceph: stderr
2024-04-17T07:47:30.037+0000 7fa6d3e00700 1 -- 172.21.15.46:0/745822404 <== mon.0 v2:172.21.15.46:3300/0 5 ==== osd_map(3..3 src has 1..3) ==== 1155+0+0 (secure 0 0 0) 0x7fa6cc04de50 con 0x7fa6dc07dde0
2024-04-17T07:47:30.912 INFO:teuthology.orchestra.run.smithi046.stdout:/usr/bin/ceph: stderr
2024-04-17T07:47:30.038+0000 7fa6d2000700 1 --2- 172.21.15.46:0/745822404 >> [v2:172.21.15.46:6800/4172081855,v1:172.21.15.46:6801/4172081855] conn(0x7fa6c00396b0 0x7fa6c003bb70 unknown :-1 s=BANNER_CONNECTING pgs=0 cs=0 l=1 rev1=0 crypto rx=0 tx=0 comp rx=0 tx=0)._handle_peer_banner_payload supported=3 required=0
2024-04-17T07:47:30.912 INFO:teuthology.orchestra.run.smithi046.stdout:/usr/bin/ceph: stderr
2024-04-17T07:47:30.038+0000 7fa6d2000700 1 --2- 172.21.15.46:0/745822404 >> [v2:172.21.15.46:6800/4172081855,v1:172.21.15.46:6801/4172081855] conn(0x7fa6c00396b0 0x7fa6c003bb70 secure :-1 s=READY pgs=10 cs=0 l=1 rev1=1 crypto rx=0x7fa6c4006fd0 tx=0x7fa6c4006e40 comp rx=0 tx=0).ready entity=mgr.14152 client_cookie=0 server_cookie=0 in_seq=0 out_seq=0
2024-04-17T07:47:30.912 INFO:teuthology.orchestra.run.smithi046.stdout:/usr/bin/ceph: stderr
2024-04-17T07:47:30.043+0000 7fa6d3e00700 1 -- 172.21.15.46:0/745822404 <== mon.0 v2:172.21.15.46:3300/0 6 ==== mon_command_ack([{"prefix": "get_command_descriptions"}]=0 v0) ==== 72+0+188381 (secure 0 0 0) 0x7fa6cc011e20 con 0x7fa6dc07dde0
2024-04-17T07:47:30.912 INFO:teuthology.orchestra.run.smithi046.stdout:/usr/bin/ceph: stderr
2024-04-17T07:47:30.271+0000 7fa6e1a00700 1 -- 172.21.15.46:0/745822404 --> [v2:172.21.15.46:3300/0,v1:172.21.15.46:6789/0] -- mon_command([{prefix=config set, name=osd_memory_target_autotune}] v 0) -- 0x7fa6dc1a1b30 con 0x7fa6dc07dde0
2024-04-17T07:47:30.912 INFO:teuthology.orchestra.run.smithi046.stdout:/usr/bin/ceph: stderr
2024-04-17T07:47:30.272+0000 7fa6d3e00700 1 -- 172.21.15.46:0/745822404 <== mon.0 v2:172.21.15.46:3300/0 7 ==== mon_command_ack([{prefix=config set, name=osd_memory_target_autotune}]=0 v8)=0 v8) ==== 127+0+0 (secure 0 0 0) 0x7fa6cc04f0c0 con 0x7fa6dc07dde0
2024-04-17T07:47:30.912 INFO:teuthology.orchestra.run.smithi046.stdout:/usr/bin/ceph: stderr
2024-04-17T07:47:30.275+0000 7fa6e1a00700 1 -- 172.21.15.46:0/745822404 >> [v2:172.21.15.46:6800/4172081855,v1:172.21.15.46:6801/4172081855] conn(0x7fa6c00396b0 msgr2=0x7fa6c003bb70 secure :-1 s=STATE_CONNECTION_ESTABLISHED l=1).mark_down
2024-04-17T07:47:30.912 INFO:teuthology.orchestra.run.smithi046.stdout:/usr/bin/ceph: stderr
2024-04-17T07:47:30.275+0000 7fa6e1a00700 1 --2- 172.21.15.46:0/745822404 >> [v2:172.21.15.46:6800/4172081855,v1:172.21.15.46:6801/4172081855] conn(0x7fa6c00396b0 0x7fa6c003bb70 secure :-1 s=READY pgs=10 cs=0 l=1 rev1=1 crypto rx=0x7fa6c4006fd0 tx=0x7fa6c4006e40 comp rx=0 tx=0).stop
2024-04-17T07:47:30.912 INFO:teuthology.orchestra.run.smithi046.stdout:/usr/bin/ceph: stderr
2024-04-17T07:47:30.275+0000 7fa6e1a00700 1 -- 172.21.15.46:0/745822404 >> [v2:172.21.15.46:3300/0,v1:172.21.15.46:6789/0] conn(0x7fa6dc07dde0 msgr2=0x7fa6dc19e470 secure :-1 s=STATE_CONNECTION_ESTABLISHED l=1).mark_down
2024-04-17T07:47:30.912 INFO:teuthology.orchestra.run.smithi046.stdout:/usr/bin/ceph: stderr
2024-04-17T07:47:30.275+0000 7fa6e1a00700 1 --2- 172.21.15.46:0/745822404 >> [v2:172.21.15.46:3300/0,v1:172.21.15.46:6789/0] conn(0x7fa6dc07dde0 0x7fa6dc19e470 secure :-1 s=READY pgs=77 cs=0 l=1 rev1=1 crypto rx=0x7fa6cc0116a0 tx=0x7fa6cc011c10 comp rx=0 tx=0).stop
2024-04-17T07:47:30.913 INFO:teuthology.orchestra.run.smithi046.stdout:/usr/bin/ceph: stderr
2024-04-17T07:47:30.275+0000 7fa6e1a00700 1 -- 172.21.15.46:0/745822404 shutdown_connections
2024-04-17T07:47:30.913 INFO:teuthology.orchestra.run.smithi046.stdout:/usr/bin/ceph: stderr
2024-04-17T07:47:30.275+0000 7fa6e1a00700 1 --2- 172.21.15.46:0/745822404 >> [v2:172.21.15.46:6800/4172081855,v1:172.21.15.46:6801/4172081855] conn(0x7fa6c00396b0 0x7fa6c003bb70 unknown :-1 s=CLOSED pgs=10 cs=0 l=1 rev1=1 crypto rx=0 tx=0 comp rx=0 tx=0).stop
2024-04-17T07:47:30.913 INFO:teuthology.orchestra.run.smithi046.stdout:/usr/bin/ceph: stderr
2024-04-17T07:47:30.275+0000 7fa6e1a00700 1 --2- 172.21.15.46:0/745822404 >> [v2:172.21.15.46:3300/0,v1:172.21.15.46:6789/0] conn(0x7fa6dc07dde0 0x7fa6dc19e470 unknown :-1 s=CLOSED pgs=77 cs=0 l=1 rev1=1 crypto rx=0 tx=0 comp rx=0 tx=0).stop
2024-04-17T07:47:30.913 INFO:teuthology.orchestra.run.smithi046.stdout:/usr/bin/ceph: stderr
2024-04-17T07:47:30.276+0000 7fa6e1a00700 1 -- 172.21.15.46:0/745822404 >> 172.21.15.46:0/745822404 conn(0x7fa6dc1039b0 msgr2=0x7fa6dc1043e0 unknown :-1 s=STATE_NONE l=0).mark_down
2024-04-17T07:47:30.913 INFO:teuthology.orchestra.run.smithi046.stdout:/usr/bin/ceph: stderr
2024-04-17T07:47:30.276+0000 7fa6e1a00700 1 -- 172.21.15.46:0/745822404 shutdown_connections
2024-04-17T07:47:30.913 INFO:teuthology.orchestra.run.smithi046.stdout:/usr/bin/ceph: stderr
2024-04-17T07:47:30.276+0000 7fa6e1a00700 1 -- 172.21.15.46:0/745822404 wait complete.
2024-04-17T07:47:32.546 INFO:teuthology.orchestra.run.smithi046.stdout:/usr/bin/ceph: stderr
2024-04-17T07:47:31.483+0000 7fa947e00700 1 Processor -- start
2024-04-17T07:47:32.546 INFO:teuthology.orchestra.run.smithi046.stdout:/usr/bin/ceph: stderr
2024-04-17T07:47:31.483+0000 7fa947e00700 1 -- start start
2024-04-17T07:47:32.546 INFO:teuthology.orchestra.run.smithi046.stdout:/usr/bin/ceph: stderr
2024-04-17T07:47:31.484+0000 7fa947e00700 1 --2- >> [v2:172.21.15.46:3300/0,v1:172.21.15.46:6789/0] conn(0x7fa94810a390 0x7fa94810a7b0 unknown :-1 s=NONE pgs=0 cs=0 l=0 rev1=0 crypto rx=0 tx=0 comp rx=0 tx=0).connect
2024-04-17T07:47:32.546 INFO:teuthology.orchestra.run.smithi046.stdout:/usr/bin/ceph: stderr
2024-04-17T07:47:31.484+0000 7fa947e00700 1 -- --> [v2:172.21.15.46:3300/0,v1:172.21.15.46:6789/0] -- mon_getmap magic: 0 -- 0x7fa94810ad80 con 0x7fa94810a390
2024-04-17T07:47:32.546 INFO:teuthology.orchestra.run.smithi046.stdout:/usr/bin/ceph: stderr
2024-04-17T07:47:31.484+0000 7fa946a00700 1 --2- >> [v2:172.21.15.46:3300/0,v1:172.21.15.46:6789/0] conn(0x7fa94810a390 0x7fa94810a7b0 unknown :-1 s=BANNER_CONNECTING pgs=0 cs=0 l=0 rev1=0 crypto rx=0 tx=0 comp rx=0 tx=0)._handle_peer_banner_payload supported=3 required=0
2024-04-17T07:47:32.547 INFO:teuthology.orchestra.run.smithi046.stdout:/usr/bin/ceph: stderr
2024-04-17T07:47:31.484+0000 7fa946a00700 1 --2- >> [v2:172.21.15.46:3300/0,v1:172.21.15.46:6789/0] conn(0x7fa94810a390 0x7fa94810a7b0 unknown :-1 s=HELLO_CONNECTING pgs=0 cs=0 l=0 rev1=1 crypto rx=0 tx=0 comp rx=0 tx=0).handle_hello peer v2:172.21.15.46:3300/0 says I am v2:172.21.15.46:48084/0 (socket says 172.21.15.46:48084)
2024-04-17T07:47:32.547 INFO:teuthology.orchestra.run.smithi046.stdout:/usr/bin/ceph: stderr
2024-04-17T07:47:31.484+0000 7fa946a00700 1 -- 172.21.15.46:0/2534159548 learned_addr learned my addr 172.21.15.46:0/2534159548 (peer_addr_for_me v2:172.21.15.46:0/0)
2024-04-17T07:47:32.547 INFO:teuthology.orchestra.run.smithi046.stdout:/usr/bin/ceph: stderr
2024-04-17T07:47:31.485+0000 7fa946a00700 1 -- 172.21.15.46:0/2534159548 --> [v2:172.21.15.46:3300/0,v1:172.21.15.46:6789/0] -- mon_subscribe({config=0+,monmap=0+}) -- 0x7fa94810b540 con 0x7fa94810a390
2024-04-17T07:47:32.547 INFO:teuthology.orchestra.run.smithi046.stdout:/usr/bin/ceph: stderr
2024-04-17T07:47:31.485+0000 7fa946a00700 1 --2- 172.21.15.46:0/2534159548 >> [v2:172.21.15.46:3300/0,v1:172.21.15.46:6789/0] conn(0x7fa94810a390 0x7fa94810a7b0 secure :-1 s=READY pgs=78 cs=0 l=1 rev1=1 crypto rx=0x7fa9380098a0 tx=0x7fa938009bb0 comp rx=0 tx=0).ready entity=mon.0 client_cookie=2d2136838a7fbe1a server_cookie=0 in_seq=0 out_seq=0
2024-04-17T07:47:32.547 INFO:teuthology.orchestra.run.smithi046.stdout:/usr/bin/ceph: stderr
2024-04-17T07:47:31.485+0000 7fa946000700 1 -- 172.21.15.46:0/2534159548 <== mon.0 v2:172.21.15.46:3300/0 1 ==== mon_map magic: 0 ==== 205+0+0 (secure 0 0 0) 0x7fa938004160 con 0x7fa94810a390
2024-04-17T07:47:32.547 INFO:teuthology.orchestra.run.smithi046.stdout:/usr/bin/ceph: stderr
2024-04-17T07:47:31.485+0000 7fa946000700 1 -- 172.21.15.46:0/2534159548 <== mon.0 v2:172.21.15.46:3300/0 2 ==== config(27 keys) ==== 1140+0+0 (secure 0 0 0) 0x7fa938004300 con 0x7fa94810a390
2024-04-17T07:47:32.547 INFO:teuthology.orchestra.run.smithi046.stdout:/usr/bin/ceph: stderr
2024-04-17T07:47:31.485+0000 7fa946000700 1 -- 172.21.15.46:0/2534159548 <== mon.0 v2:172.21.15.46:3300/0 3 ==== mon_map magic: 0 ==== 205+0+0 (secure 0 0 0) 0x7fa938011b20 con 0x7fa94810a390
2024-04-17T07:47:32.547 INFO:teuthology.orchestra.run.smithi046.stdout:/usr/bin/ceph: stderr
2024-04-17T07:47:31.486+0000 7fa947e00700 1 -- 172.21.15.46:0/2534159548 >> [v2:172.21.15.46:3300/0,v1:172.21.15.46:6789/0] conn(0x7fa94810a390 msgr2=0x7fa94810a7b0 secure :-1 s=STATE_CONNECTION_ESTABLISHED l=1).mark_down
2024-04-17T07:47:32.547 INFO:teuthology.orchestra.run.smithi046.stdout:/usr/bin/ceph: stderr
