2024-04-17T07:58:03.782 INFO:teuthology.orchestra.run.smithi047.stdout:/usr/bin/ceph: stderr
2024-04-17T07:58:02.654+0000 7f54888c3700 1 Processor -- start
2024-04-17T07:58:03.782 INFO:teuthology.orchestra.run.smithi047.stdout:/usr/bin/ceph: stderr
2024-04-17T07:58:02.654+0000 7f54888c3700 1 -- start start
2024-04-17T07:58:03.782 INFO:teuthology.orchestra.run.smithi047.stdout:/usr/bin/ceph: stderr
2024-04-17T07:58:02.654+0000 7f54888c3700 1 --2- >> [v2:172.21.15.47:3300/0,v1:172.21.15.47:6789/0] conn(0x7f5484108ae0 0x7f548419c5d0 unknown :-1 s=NONE pgs=0 cs=0 l=1 rev1=0 crypto rx=0 tx=0 comp rx=0 tx=0).connect
2024-04-17T07:58:03.782 INFO:teuthology.orchestra.run.smithi047.stdout:/usr/bin/ceph: stderr
2024-04-17T07:58:02.654+0000 7f54888c3700 1 -- --> [v2:172.21.15.47:3300/0,v1:172.21.15.47:6789/0] -- mon_getmap magic: 0 -- 0x7f548410ba00 con 0x7f5484108ae0
2024-04-17T07:58:03.782 INFO:teuthology.orchestra.run.smithi047.stdout:/usr/bin/ceph: stderr
2024-04-17T07:58:02.654+0000 7f548259c700 1 --2- >> [v2:172.21.15.47:3300/0,v1:172.21.15.47:6789/0] conn(0x7f5484108ae0 0x7f548419c5d0 unknown :-1 s=BANNER_CONNECTING pgs=0 cs=0 l=1 rev1=0 crypto rx=0 tx=0 comp rx=0 tx=0)._handle_peer_banner_payload supported=3 required=0
2024-04-17T07:58:03.782 INFO:teuthology.orchestra.run.smithi047.stdout:/usr/bin/ceph: stderr
2024-04-17T07:58:02.654+0000 7f548259c700 1 --2- >> [v2:172.21.15.47:3300/0,v1:172.21.15.47:6789/0] conn(0x7f5484108ae0 0x7f548419c5d0 unknown :-1 s=HELLO_CONNECTING pgs=0 cs=0 l=1 rev1=1 crypto rx=0 tx=0 comp rx=0 tx=0).handle_hello peer v2:172.21.15.47:3300/0 says I am v2:172.21.15.47:55090/0 (socket says 172.21.15.47:55090)
2024-04-17T07:58:03.782 INFO:teuthology.orchestra.run.smithi047.stdout:/usr/bin/ceph: stderr
2024-04-17T07:58:02.654+0000 7f548259c700 1 -- 172.21.15.47:0/1200301063 learned_addr learned my addr 172.21.15.47:0/1200301063 (peer_addr_for_me v2:172.21.15.47:0/0)
2024-04-17T07:58:03.782 INFO:teuthology.orchestra.run.smithi047.stdout:/usr/bin/ceph: stderr
2024-04-17T07:58:02.654+0000 7f548259c700 1 -- 172.21.15.47:0/1200301063 --> [v2:172.21.15.47:3300/0,v1:172.21.15.47:6789/0] -- mon_subscribe({config=0+,monmap=0+}) -- 0x7f548419cb10 con 0x7f5484108ae0
2024-04-17T07:58:03.782 INFO:teuthology.orchestra.run.smithi047.stdout:/usr/bin/ceph: stderr
2024-04-17T07:58:02.655+0000 7f548259c700 1 --2- 172.21.15.47:0/1200301063 >> [v2:172.21.15.47:3300/0,v1:172.21.15.47:6789/0] conn(0x7f5484108ae0 0x7f548419c5d0 secure :-1 s=READY pgs=60 cs=0 l=1 rev1=1 crypto rx=0x7f54740117e0 tx=0x7f5474011ba0 comp rx=0 tx=0).ready entity=mon.0 client_cookie=0 server_cookie=0 in_seq=0 out_seq=0
2024-04-17T07:58:03.782 INFO:teuthology.orchestra.run.smithi047.stdout:/usr/bin/ceph: stderr
2024-04-17T07:58:02.655+0000 7f547b7fe700 1 -- 172.21.15.47:0/1200301063 <== mon.0 v2:172.21.15.47:3300/0 1 ==== mon_map magic: 0 ==== 205+0+0 (secure 0 0 0) 0x7f5474003bf0 con 0x7f5484108ae0
2024-04-17T07:58:03.783 INFO:teuthology.orchestra.run.smithi047.stdout:/usr/bin/ceph: stderr
2024-04-17T07:58:02.655+0000 7f547b7fe700 1 -- 172.21.15.47:0/1200301063 <== mon.0 v2:172.21.15.47:3300/0 2 ==== config(27 keys) ==== 1140+0+0 (secure 0 0 0) 0x7f547401a910 con 0x7f5484108ae0
2024-04-17T07:58:03.783 INFO:teuthology.orchestra.run.smithi047.stdout:/usr/bin/ceph: stderr
2024-04-17T07:58:02.655+0000 7f547b7fe700 1 -- 172.21.15.47:0/1200301063 <== mon.0 v2:172.21.15.47:3300/0 3 ==== mon_map magic: 0 ==== 205+0+0 (secure 0 0 0) 0x7f5474024970 con 0x7f5484108ae0
2024-04-17T07:58:03.783 INFO:teuthology.orchestra.run.smithi047.stdout:/usr/bin/ceph: stderr
2024-04-17T07:58:02.655+0000 7f54888c3700 1 -- 172.21.15.47:0/1200301063 --> [v2:172.21.15.47:3300/0,v1:172.21.15.47:6789/0] -- mon_subscribe({mgrmap=0+}) -- 0x7f548419cda0 con 0x7f5484108ae0
2024-04-17T07:58:03.783 INFO:teuthology.orchestra.run.smithi047.stdout:/usr/bin/ceph: stderr
2024-04-17T07:58:02.655+0000 7f54888c3700 1 -- 172.21.15.47:0/1200301063 --> [v2:172.21.15.47:3300/0,v1:172.21.15.47:6789/0] -- mon_subscribe({osdmap=0}) -- 0x7f548419d140 con 0x7f5484108ae0
2024-04-17T07:58:03.783 INFO:teuthology.orchestra.run.smithi047.stdout:/usr/bin/ceph: stderr
2024-04-17T07:58:02.656+0000 7f547b7fe700 1 -- 172.21.15.47:0/1200301063 <== mon.0 v2:172.21.15.47:3300/0 4 ==== mgrmap(e 9) ==== 46571+0+0 (secure 0 0 0) 0x7f5474022020 con 0x7f5484108ae0
2024-04-17T07:58:03.783 INFO:teuthology.orchestra.run.smithi047.stdout:/usr/bin/ceph: stderr
2024-04-17T07:58:02.656+0000 7f54888c3700 1 -- 172.21.15.47:0/1200301063 --> [v2:172.21.15.47:3300/0,v1:172.21.15.47:6789/0] -- mon_command({"prefix": "get_command_descriptions"} v 0) -- 0x7f54840640b0 con 0x7f5484108ae0
2024-04-17T07:58:03.783 INFO:teuthology.orchestra.run.smithi047.stdout:/usr/bin/ceph: stderr
2024-04-17T07:58:02.656+0000 7f547b7fe700 1 --2- 172.21.15.47:0/1200301063 >> [v2:172.21.15.47:6800/364937715,v1:172.21.15.47:6801/364937715] conn(0x7f5470039660 0x7f547003bb20 unknown :-1 s=NONE pgs=0 cs=0 l=1 rev1=0 crypto rx=0 tx=0 comp rx=0 tx=0).connect
2024-04-17T07:58:03.783 INFO:teuthology.orchestra.run.smithi047.stdout:/usr/bin/ceph: stderr
2024-04-17T07:58:02.656+0000 7f547b7fe700 1 -- 172.21.15.47:0/1200301063 <== mon.0 v2:172.21.15.47:3300/0 5 ==== osd_map(2..2 src has 1..2) ==== 940+0+0 (secure 0 0 0) 0x7f547404dac0 con 0x7f5484108ae0
2024-04-17T07:58:03.783 INFO:teuthology.orchestra.run.smithi047.stdout:/usr/bin/ceph: stderr
2024-04-17T07:58:02.656+0000 7f5481d9b700 1 -- 172.21.15.47:0/1200301063 >> [v2:172.21.15.47:6800/364937715,v1:172.21.15.47:6801/364937715] conn(0x7f5470039660 msgr2=0x7f547003bb20 unknown :-1 s=STATE_CONNECTING_RE l=1).process reconnect failed to v2:172.21.15.47:6800/364937715
2024-04-17T07:58:03.783 INFO:teuthology.orchestra.run.smithi047.stdout:/usr/bin/ceph: stderr
2024-04-17T07:58:02.656+0000 7f5481d9b700 1 --2- 172.21.15.47:0/1200301063 >> [v2:172.21.15.47:6800/364937715,v1:172.21.15.47:6801/364937715] conn(0x7f5470039660 0x7f547003bb20 unknown :-1 s=START_CONNECT pgs=0 cs=0 l=1 rev1=0 crypto rx=0 tx=0 comp rx=0 tx=0)._fault waiting 0.200000
2024-04-17T07:58:03.783 INFO:teuthology.orchestra.run.smithi047.stdout:/usr/bin/ceph: stderr
2024-04-17T07:58:02.661+0000 7f547b7fe700 1 -- 172.21.15.47:0/1200301063 <== mon.0 v2:172.21.15.47:3300/0 6 ==== mon_command_ack([{"prefix": "get_command_descriptions"}]=0 v0) ==== 72+0+188381 (secure 0 0 0) 0x7f547402cdf0 con 0x7f5484108ae0
2024-04-17T07:58:03.783 INFO:teuthology.orchestra.run.smithi047.stdout:/usr/bin/ceph: stderr
2024-04-17T07:58:02.857+0000 7f5481d9b700 1 -- 172.21.15.47:0/1200301063 >> [v2:172.21.15.47:6800/364937715,v1:172.21.15.47:6801/364937715] conn(0x7f5470039660 msgr2=0x7f547003bb20 unknown :-1 s=STATE_CONNECTING_RE l=1).process reconnect failed to v2:172.21.15.47:6800/364937715
2024-04-17T07:58:03.783 INFO:teuthology.orchestra.run.smithi047.stdout:/usr/bin/ceph: stderr
2024-04-17T07:58:02.857+0000 7f5481d9b700 1 --2- 172.21.15.47:0/1200301063 >> [v2:172.21.15.47:6800/364937715,v1:172.21.15.47:6801/364937715] conn(0x7f5470039660 0x7f547003bb20 unknown :-1 s=START_CONNECT pgs=0 cs=0 l=1 rev1=0 crypto rx=0 tx=0 comp rx=0 tx=0)._fault waiting 0.400000
2024-04-17T07:58:03.783 INFO:teuthology.orchestra.run.smithi047.stdout:/usr/bin/ceph: stderr
2024-04-17T07:58:02.935+0000 7f54888c3700 1 -- 172.21.15.47:0/1200301063 --> [v2:172.21.15.47:3300/0,v1:172.21.15.47:6789/0] -- mon_command({"prefix": "mgr stat"} v 0) -- 0x7f548402e230 con 0x7f5484108ae0
2024-04-17T07:58:03.783 INFO:teuthology.orchestra.run.smithi047.stdout:/usr/bin/ceph: stderr
2024-04-17T07:58:02.936+0000 7f547b7fe700 1 -- 172.21.15.47:0/1200301063 <== mon.0 v2:172.21.15.47:3300/0 7 ==== mon_command_ack([{"prefix": "mgr stat"}]=0 v9) ==== 56+0+88 (secure 0 0 0) 0x7f547404de20 con 0x7f5484108ae0
2024-04-17T07:58:03.783 INFO:teuthology.orchestra.run.smithi047.stdout:/usr/bin/ceph: stderr
2024-04-17T07:58:02.938+0000 7f54888c3700 1 -- 172.21.15.47:0/1200301063 >> [v2:172.21.15.47:6800/364937715,v1:172.21.15.47:6801/364937715] conn(0x7f5470039660 msgr2=0x7f547003bb20 unknown :-1 s=STATE_CONNECTING l=1).mark_down
2024-04-17T07:58:03.784 INFO:teuthology.orchestra.run.smithi047.stdout:/usr/bin/ceph: stderr
2024-04-17T07:58:02.938+0000 7f54888c3700 1 --2- 172.21.15.47:0/1200301063 >> [v2:172.21.15.47:6800/364937715,v1:172.21.15.47:6801/364937715] conn(0x7f5470039660 0x7f547003bb20 unknown :-1 s=START_CONNECT pgs=0 cs=0 l=1 rev1=0 crypto rx=0 tx=0 comp rx=0 tx=0).stop
2024-04-17T07:58:03.784 INFO:teuthology.orchestra.run.smithi047.stdout:/usr/bin/ceph: stderr
2024-04-17T07:58:02.938+0000 7f54888c3700 1 -- 172.21.15.47:0/1200301063 >> [v2:172.21.15.47:3300/0,v1:172.21.15.47:6789/0] conn(0x7f5484108ae0 msgr2=0x7f548419c5d0 secure :-1 s=STATE_CONNECTION_ESTABLISHED l=1).mark_down
2024-04-17T07:58:03.784 INFO:teuthology.orchestra.run.smithi047.stdout:/usr/bin/ceph: stderr
2024-04-17T07:58:02.938+0000 7f54888c3700 1 --2- 172.21.15.47:0/1200301063 >> [v2:172.21.15.47:3300/0,v1:172.21.15.47:6789/0] conn(0x7f5484108ae0 0x7f548419c5d0 secure :-1 s=READY pgs=60 cs=0 l=1 rev1=1 crypto rx=0x7f54740117e0 tx=0x7f5474011ba0 comp rx=0 tx=0).stop
2024-04-17T07:58:03.784 INFO:teuthology.orchestra.run.smithi047.stdout:/usr/bin/ceph: stderr
2024-04-17T07:58:02.938+0000 7f54888c3700 1 -- 172.21.15.47:0/1200301063 shutdown_connections
2024-04-17T07:58:03.784 INFO:teuthology.orchestra.run.smithi047.stdout:/usr/bin/ceph: stderr
2024-04-17T07:58:02.938+0000 7f54888c3700 1 --2- 172.21.15.47:0/1200301063 >> [v2:172.21.15.47:6800/364937715,v1:172.21.15.47:6801/364937715] conn(0x7f5470039660 0x7f547003bb20 unknown :-1 s=CLOSED pgs=0 cs=0 l=1 rev1=0 crypto rx=0 tx=0 comp rx=0 tx=0).stop
2024-04-17T07:58:03.784 INFO:teuthology.orchestra.run.smithi047.stdout:/usr/bin/ceph: stderr
2024-04-17T07:58:02.938+0000 7f54888c3700 1 --2- 172.21.15.47:0/1200301063 >> [v2:172.21.15.47:3300/0,v1:172.21.15.47:6789/0] conn(0x7f5484108ae0 0x7f548419c5d0 unknown :-1 s=CLOSED pgs=60 cs=0 l=1 rev1=1 crypto rx=0 tx=0 comp rx=0 tx=0).stop
2024-04-17T07:58:03.784 INFO:teuthology.orchestra.run.smithi047.stdout:/usr/bin/ceph: stderr
2024-04-17T07:58:02.938+0000 7f54888c3700 1 -- 172.21.15.47:0/1200301063 >> 172.21.15.47:0/1200301063 conn(0x7f5484102190 msgr2=0x7f5484102f60 unknown :-1 s=STATE_NONE l=0).mark_down
2024-04-17T07:58:03.784 INFO:teuthology.orchestra.run.smithi047.stdout:/usr/bin/ceph: stderr
2024-04-17T07:58:02.938+0000 7f54888c3700 1 -- 172.21.15.47:0/1200301063 shutdown_connections
2024-04-17T07:58:03.784 INFO:teuthology.orchestra.run.smithi047.stdout:/usr/bin/ceph: stderr
2024-04-17T07:58:02.938+0000 7f54888c3700 1 -- 172.21.15.47:0/1200301063 wait complete.
2024-04-17T07:58:03.784 INFO:teuthology.orchestra.run.smithi047.stdout:Waiting for the mgr to restart...
2024-04-17T07:58:03.784 INFO:teuthology.orchestra.run.smithi047.stdout:Waiting for mgr epoch 9...
2024-04-17T07:58:04.057 INFO:journalctl@ceph.mgr.x.smithi047.stdout:Apr 17 07:58:03 smithi047 ceph-f610e6f4-fc8f-11ee-bc91-c7b262605968-mgr-x[32482]:
2024-04-17T07:58:03.836+0000 7f94e5c6a200 -1 mgr[py] Module progress has missing NOTIFY_TYPES member
2024-04-17T07:58:04.057 INFO:journalctl@ceph.mgr.x.smithi047.stdout:Apr 17 07:58:03 smithi047 ceph-f610e6f4-fc8f-11ee-bc91-c7b262605968-mgr-x[32482]:
2024-04-17T07:58:03.934+0000 7f94e5c6a200 -1 mgr[py] Module pg_autoscaler has missing NOTIFY_TYPES member
2024-04-17T07:58:04.360 INFO:journalctl@ceph.mgr.x.smithi047.stdout:Apr 17 07:58:04 smithi047 ceph-f610e6f4-fc8f-11ee-bc91-c7b262605968-mgr-x[32482]:
2024-04-17T07:58:04.117+0000 7f94e5c6a200 -1 mgr[py] Module devicehealth has missing NOTIFY_TYPES member
2024-04-17T07:58:05.570 INFO:journalctl@ceph.mgr.x.smithi047.stdout:Apr 17 07:58:05 smithi047 ceph-f610e6f4-fc8f-11ee-bc91-c7b262605968-mgr-x[32482]:
2024-04-17T07:58:05.117+0000 7f94e5c6a200 -1 mgr[py] Module rook has missing NOTIFY_TYPES member
2024-04-17T07:58:05.570 INFO:journalctl@ceph.mgr.x.smithi047.stdout:Apr 17 07:58:05 smithi047 ceph-f610e6f4-fc8f-11ee-bc91-c7b262605968-mgr-x[32482]:
2024-04-17T07:58:05.252+0000 7f94e5c6a200 -1 mgr[py] Module diskprediction_local has missing NOTIFY_TYPES member
2024-04-17T07:58:05.860 INFO:journalctl@ceph.mgr.x.smithi047.stdout:Apr 17 07:58:05 smithi047 ceph-f610e6f4-fc8f-11ee-bc91-c7b262605968-mgr-x[32482]:
2024-04-17T07:58:05.594+0000 7f94e5c6a200 -1 mgr[py] Module selftest has missing NOTIFY_TYPES member
2024-04-17T07:58:05.860 INFO:journalctl@ceph.mgr.x.smithi047.stdout:Apr 17 07:58:05 smithi047 ceph-f610e6f4-fc8f-11ee-bc91-c7b262605968-mgr-x[32482]:
2024-04-17T07:58:05.686+0000 7f94e5c6a200 -1 mgr[py] Module telegraf has missing NOTIFY_TYPES member
2024-04-17T07:58:06.360 INFO:journalctl@ceph.mgr.x.smithi047.stdout:Apr 17 07:58:05 smithi047 ceph-f610e6f4-fc8f-11ee-bc91-c7b262605968-mgr-x[32482]:
2024-04-17T07:58:05.891+0000 7f94e5c6a200 -1 mgr[py] Module test_orchestrator has missing NOTIFY_TYPES member
2024-04-17T07:58:06.360 INFO:journalctl@ceph.mgr.x.smithi047.stdout:Apr 17 07:58:06 smithi047 ceph-f610e6f4-fc8f-11ee-bc91-c7b262605968-mgr-x[32482]:
2024-04-17T07:58:06.083+0000 7f94e5c6a200 -1 mgr[py] Module crash has missing NOTIFY_TYPES member
2024-04-17T07:58:06.641 INFO:journalctl@ceph.mgr.x.smithi047.stdout:Apr 17 07:58:06 smithi047 ceph-f610e6f4-fc8f-11ee-bc91-c7b262605968-mgr-x[32482]:
2024-04-17T07:58:06.378+0000 7f94e5c6a200 -1 mgr[py] Module orchestrator has missing NOTIFY_TYPES member
2024-04-17T07:58:06.641 INFO:journalctl@ceph.mgr.x.smithi047.stdout:Apr 17 07:58:06 smithi047 ceph-f610e6f4-fc8f-11ee-bc91-c7b262605968-mgr-x[32482]:
2024-04-17T07:58:06.641+0000 7f94e5c6a200 -1 mgr[py] Module osd_support has missing NOTIFY_TYPES member
2024-04-17T07:58:07.110 INFO:journalctl@ceph.mgr.x.smithi047.stdout:Apr 17 07:58:06 smithi047 ceph-f610e6f4-fc8f-11ee-bc91-c7b262605968-mgr-x[32482]:
2024-04-17T07:58:06.887+0000 7f94e5c6a200 -1 mgr[py] Module volumes has missing NOTIFY_TYPES member
2024-04-17T07:58:08.110 INFO:journalctl@ceph.mgr.x.smithi047.stdout:Apr 17 07:58:07 smithi047 ceph-f610e6f4-fc8f-11ee-bc91-c7b262605968-mgr-x[32482]:
2024-04-17T07:58:07.719+0000 7f94e5c6a200 -1 mgr[py] Module telemetry has missing NOTIFY_TYPES member
2024-04-17T07:58:08.610 INFO:journalctl@ceph.mgr.x.smithi047.stdout:Apr 17 07:58:08 smithi047 ceph-f610e6f4-fc8f-11ee-bc91-c7b262605968-mgr-x[32482]:
2024-04-17T07:58:08.306+0000 7f94e5c6a200 -1 mgr[py] Module prometheus has missing NOTIFY_TYPES member
2024-04-17T07:58:08.610 INFO:journalctl@ceph.mgr.x.smithi047.stdout:Apr 17 07:58:08 smithi047 ceph-f610e6f4-fc8f-11ee-bc91-c7b262605968-mgr-x[32482]:
2024-04-17T07:58:08.407+0000 7f94e5c6a200 -1 mgr[py] Module status has missing NOTIFY_TYPES member
2024-04-17T07:58:09.110 INFO:journalctl@ceph.mgr.x.smithi047.stdout:Apr 17 07:58:08 smithi047 ceph-f610e6f4-fc8f-11ee-bc91-c7b262605968-mgr-x[32482]:
2024-04-17T07:58:08.632+0000 7f94e5c6a200 -1 mgr[py] Module nfs has missing NOTIFY_TYPES member
2024-04-17T07:58:09.110 INFO:journalctl@ceph.mon.a.smithi047.stdout:Apr 17 07:58:08 smithi047 ceph-mon[32249]: Active manager daemon x restarted
2024-04-17T07:58:09.111 INFO:journalctl@ceph.mon.a.smithi047.stdout:Apr 17 07:58:08 smithi047 ceph-mon[32249]: Activating manager daemon x
2024-04-17T07:58:09.111 INFO:journalctl@ceph.mon.a.smithi047.stdout:Apr 17 07:58:08 smithi047 ceph-mon[32249]: osdmap e3: 0 total, 0 up, 0 in
2024-04-17T07:58:09.111 INFO:journalctl@ceph.mon.a.smithi047.stdout:Apr 17 07:58:08 smithi047 ceph-mon[32249]: mgrmap e10: x(active, starting, since 0.0033611s)
2024-04-17T07:58:09.111 INFO:journalctl@ceph.mon.a.smithi047.stdout:Apr 17 07:58:08 smithi047 ceph-mon[32249]: from='mgr.14152 172.21.15.47:0/881089890' entity='mgr.x' cmd=[{"prefix": "mon metadata", "id": "a"}]: dispatch
2024-04-17T07:58:09.111 INFO:journalctl@ceph.mon.a.smithi047.stdout:Apr 17 07:58:08 smithi047 ceph-mon[32249]: from='mgr.14152 172.21.15.47:0/881089890' entity='mgr.x' cmd=[{"prefix": "mgr metadata", "who": "x", "id": "x"}]: dispatch
2024-04-17T07:58:09.111 INFO:journalctl@ceph.mon.a.smithi047.stdout:Apr 17 07:58:08 smithi047 ceph-mon[32249]: from='mgr.14152 172.21.15.47:0/881089890' entity='mgr.x' cmd=[{"prefix": "mds metadata"}]: dispatch
2024-04-17T07:58:09.111 INFO:journalctl@ceph.mon.a.smithi047.stdout:Apr 17 07:58:08 smithi047 ceph-mon[32249]: from='mgr.14152 172.21.15.47:0/881089890' entity='mgr.x' cmd=[{"prefix": "osd metadata"}]: dispatch
2024-04-17T07:58:09.111 INFO:journalctl@ceph.mon.a.smithi047.stdout:Apr 17 07:58:08 smithi047 ceph-mon[32249]: from='mgr.14152 172.21.15.47:0/881089890' entity='mgr.x' cmd=[{"prefix": "mon metadata"}]: dispatch
2024-04-17T07:58:09.111 INFO:journalctl@ceph.mon.a.smithi047.stdout:Apr 17 07:58:08 smithi047 ceph-mon[32249]: Manager daemon x is now available
2024-04-17T07:58:09.111 INFO:journalctl@ceph.mon.a.smithi047.stdout:Apr 17 07:58:08 smithi047 ceph-mon[32249]: from='mgr.14152 172.21.15.47:0/881089890' entity='mgr.x' cmd=[{"prefix": "config dump", "format": "json"}]: dispatch
2024-04-17T07:58:09.111 INFO:journalctl@ceph.mon.a.smithi047.stdout:Apr 17 07:58:08 smithi047 ceph-mon[32249]: from='mgr.14152 172.21.15.47:0/881089890' entity='mgr.x' cmd=[{"prefix":"config rm","who":"mgr","name":"mgr/rbd_support/x/mirror_snapshot_schedule"}]: dispatch
2024-04-17T07:58:09.860 INFO:journalctl@ceph.mon.a.smithi047.stdout:Apr 17 07:58:09 smithi047 ceph-mon[32249]: from='mgr.14152 172.21.15.47:0/881089890' entity='mgr.x' cmd=[{"prefix":"config rm","who":"mgr","name":"mgr/rbd_support/x/trash_purge_schedule"}]: dispatch
2024-04-17T07:58:09.860 INFO:journalctl@ceph.mon.a.smithi047.stdout:Apr 17 07:58:09 smithi047 ceph-mon[32249]: [17/Apr/2024:07:58:09] ENGINE Bus STARTING
2024-04-17T07:58:09.860 INFO:journalctl@ceph.mon.a.smithi047.stdout:Apr 17 07:58:09 smithi047 ceph-mon[32249]: [17/Apr/2024:07:58:09] ENGINE Serving on http://172.21.15.47:8765
2024-04-17T07:58:09.861 INFO:journalctl@ceph.mon.a.smithi047.stdout:Apr 17 07:58:09 smithi047 ceph-mon[32249]: mgrmap e11: x(active, since 1.00577s)
2024-04-17T07:58:10.465 INFO:teuthology.orchestra.run.smithi047.stdout:/usr/bin/ceph: stdout {
2024-04-17T07:58:10.465 INFO:teuthology.orchestra.run.smithi047.stdout:/usr/bin/ceph: stdout "mgrmap_epoch": 11,
2024-04-17T07:58:10.465 INFO:teuthology.orchestra.run.smithi047.stdout:/usr/bin/ceph: stdout "initialized": true
2024-04-17T07:58:10.466 INFO:teuthology.orchestra.run.smithi047.stdout:/usr/bin/ceph: stdout }
2024-04-17T07:58:10.466 INFO:teuthology.orchestra.run.smithi047.stdout:/usr/bin/ceph: stderr
2024-04-17T07:58:04.162+0000 7fc0d988d700 1 Processor -- start
2024-04-17T07:58:10.466 INFO:teuthology.orchestra.run.smithi047.stdout:/usr/bin/ceph: stderr
2024-04-17T07:58:04.162+0000 7fc0d988d700 1 -- start start
2024-04-17T07:58:10.466 INFO:teuthology.orchestra.run.smithi047.stdout:/usr/bin/ceph: stderr
2024-04-17T07:58:04.162+0000 7fc0d988d700 1 --2- >> [v2:172.21.15.47:3300/0,v1:172.21.15.47:6789/0] conn(0x7fc0d4108f70 0x7fc0d410b360 unknown :-1 s=NONE pgs=0 cs=0 l=0 rev1=0 crypto rx=0 tx=0 comp rx=0 tx=0).connect
2024-04-17T07:58:10.466 INFO:teuthology.orchestra.run.smithi047.stdout:/usr/bin/ceph: stderr
2024-04-17T07:58:04.162+0000 7fc0d988d700 1 -- --> [v2:172.21.15.47:3300/0,v1:172.21.15.47:6789/0] -- mon_getmap magic: 0 -- 0x7fc0d407beb0 con 0x7fc0d4108f70
2024-04-17T07:58:10.466 INFO:teuthology.orchestra.run.smithi047.stdout:/usr/bin/ceph: stderr
2024-04-17T07:58:04.163+0000 7fc0d2ffd700 1 --2- >> [v2:172.21.15.47:3300/0,v1:172.21.15.47:6789/0] conn(0x7fc0d4108f70 0x7fc0d410b360 unknown :-1 s=BANNER_CONNECTING pgs=0 cs=0 l=0 rev1=0 crypto rx=0 tx=0 comp rx=0 tx=0)._handle_peer_banner_payload supported=3 required=0
2024-04-17T07:58:10.466 INFO:teuthology.orchestra.run.smithi047.stdout:/usr/bin/ceph: stderr
2024-04-17T07:58:04.163+0000 7fc0d2ffd700 1 --2- >> [v2:172.21.15.47:3300/0,v1:172.21.15.47:6789/0] conn(0x7fc0d4108f70 0x7fc0d410b360 unknown :-1 s=HELLO_CONNECTING pgs=0 cs=0 l=0 rev1=1 crypto rx=0 tx=0 comp rx=0 tx=0).handle_hello peer v2:172.21.15.47:3300/0 says I am v2:172.21.15.47:55096/0 (socket says 172.21.15.47:55096)
2024-04-17T07:58:10.466 INFO:teuthology.orchestra.run.smithi047.stdout:/usr/bin/ceph: stderr
2024-04-17T07:58:04.163+0000 7fc0d2ffd700 1 -- 172.21.15.47:0/1890878798 learned_addr learned my addr 172.21.15.47:0/1890878798 (peer_addr_for_me v2:172.21.15.47:0/0)
2024-04-17T07:58:10.466 INFO:teuthology.orchestra.run.smithi047.stdout:/usr/bin/ceph: stderr
2024-04-17T07:58:04.163+0000 7fc0d2ffd700 1 -- 172.21.15.47:0/1890878798 --> [v2:172.21.15.47:3300/0,v1:172.21.15.47:6789/0] -- mon_subscribe({config=0+,monmap=0+}) -- 0x7fc0d410b8a0 con 0x7fc0d4108f70
2024-04-17T07:58:10.466 INFO:teuthology.orchestra.run.smithi047.stdout:/usr/bin/ceph: stderr
2024-04-17T07:58:04.163+0000 7fc0d2ffd700 1 --2- 172.21.15.47:0/1890878798 >> [v2:172.21.15.47:3300/0,v1:172.21.15.47:6789/0] conn(0x7fc0d4108f70 0x7fc0d410b360 secure :-1 s=READY pgs=61 cs=0 l=1 rev1=1 crypto rx=0x7fc0c40098a0 tx=0x7fc0c4009bb0 comp rx=0 tx=0).ready entity=mon.0 client_cookie=808f925ca167f3a7 server_cookie=0 in_seq=0 out_seq=0
2024-04-17T07:58:10.466 INFO:teuthology.orchestra.run.smithi047.stdout:/usr/bin/ceph: stderr
2024-04-17T07:58:04.163+0000 7fc0d1ffb700 1 -- 172.21.15.47:0/1890878798 <== mon.0 v2:172.21.15.47:3300/0 1 ==== mon_map magic: 0 ==== 205+0+0 (secure 0 0 0) 0x7fc0c4004160 con 0x7fc0d4108f70
2024-04-17T07:58:10.466 INFO:teuthology.orchestra.run.smithi047.stdout:/usr/bin/ceph: stderr
2024-04-17T07:58:04.163+0000 7fc0d1ffb700 1 -- 172.21.15.47:0/1890878798 <== mon.0 v2:172.21.15.47:3300/0 2 ==== config(27 keys) ==== 1140+0+0 (secure 0 0 0) 0x7fc0c4004300 con 0x7fc0d4108f70
2024-04-17T07:58:10.466 INFO:teuthology.orchestra.run.smithi047.stdout:/usr/bin/ceph: stderr
2024-04-17T07:58:04.163+0000 7fc0d1ffb700 1 -- 172.21.15.47:0/1890878798 <== mon.0 v2:172.21.15.47:3300/0 3 ==== mon_map magic: 0 ==== 205+0+0 (secure 0 0 0) 0x7fc0c4011b20 con 0x7fc0d4108f70
2024-04-17T07:58:10.466 INFO:teuthology.orchestra.run.smithi047.stdout:/usr/bin/ceph: stderr
2024-04-17T07:58:04.164+0000 7fc0d988d700 1 -- 172.21.15.47:0/1890878798 >> [v2:172.21.15.47:3300/0,v1:172.21.15.47:6789/0] conn(0x7fc0d4108f70 msgr2=0x7fc0d410b360 secure :-1 s=STATE_CONNECTION_ESTABLISHED l=1).mark_down
2024-04-17T07:58:10.467 INFO:teuthology.orchestra.run.smithi047.stdout:/usr/bin/ceph: stderr
2024-04-17T07:58:04.164+0000 7fc0d988d700 1 --2- 172.21.15.47:0/1890878798 >> [v2:172.21.15.47:3300/0,v1:172.21.15.47:6789/0] conn(0x7fc0d4108f70 0x7fc0d410b360 secure :-1 s=READY pgs=61 cs=0 l=1 rev1=1 crypto rx=0x7fc0c40098a0 tx=0x7fc0c4009bb0 comp rx=0 tx=0).stop
2024-04-17T07:58:10.467 INFO:teuthology.orchestra.run.smithi047.stdout:/usr/bin/ceph: stderr
2024-04-17T07:58:04.164+0000 7fc0d988d700 1 -- 172.21.15.47:0/1890878798 shutdown_connections
2024-04-17T07:58:10.467 INFO:teuthology.orchestra.run.smithi047.stdout:/usr/bin/ceph: stderr
2024-04-17T07:58:04.164+0000 7fc0d988d700 1 --2- 172.21.15.47:0/1890878798 >> [v2:172.21.15.47:3300/0,v1:172.21.15.47:6789/0] conn(0x7fc0d4108f70 0x7fc0d410b360 unknown :-1 s=CLOSED pgs=61 cs=0 l=1 rev1=1 crypto rx=0 tx=0 comp rx=0 tx=0).stop
2024-04-17T07:58:10.467 INFO:teuthology.orchestra.run.smithi047.stdout:/usr/bin/ceph: stderr
2024-04-17T07:58:04.164+0000 7fc0d988d700 1 -- 172.21.15.47:0/1890878798 >> 172.21.15.47:0/1890878798 conn(0x7fc0d4102940 msgr2=0x7fc0d4104dc0 unknown :-1 s=STATE_NONE l=0).mark_down
2024-04-17T07:58:10.467 INFO:teuthology.orchestra.run.smithi047.stdout:/usr/bin/ceph: stderr
2024-04-17T07:58:04.164+0000 7fc0d988d700 1 -- 172.21.15.47:0/1890878798 shutdown_connections
2024-04-17T07:58:10.467 INFO:teuthology.orchestra.run.smithi047.stdout:/usr/bin/ceph: stderr
2024-04-17T07:58:04.164+0000 7fc0d988d700 1 -- 172.21.15.47:0/1890878798 wait complete.
2024-04-17T07:58:10.467 INFO:teuthology.orchestra.run.smithi047.stdout:/usr/bin/ceph: stderr
2024-04-17T07:58:04.165+0000 7fc0d988d700 1 Processor -- start
2024-04-17T07:58:10.467 INFO:teuthology.orchestra.run.smithi047.stdout:/usr/bin/ceph: stderr
2024-04-17T07:58:04.165+0000 7fc0d988d700 1 -- start start
2024-04-17T07:58:10.467 INFO:teuthology.orchestra.run.smithi047.stdout:/usr/bin/ceph: stderr
2024-04-17T07:58:04.165+0000 7fc0d988d700 1 --2- >> [v2:172.21.15.47:3300/0,v1:172.21.15.47:6789/0] conn(0x7fc0d4108f70 0x7fc0d419c4a0 unknown :-1 s=NONE pgs=0 cs=0 l=1 rev1=0 crypto rx=0 tx=0 comp rx=0 tx=0).connect
2024-04-17T07:58:10.467 INFO:teuthology.orchestra.run.smithi047.stdout:/usr/bin/ceph: stderr
2024-04-17T07:58:04.165+0000 7fc0d988d700 1 -- --> [v2:172.21.15.47:3300/0,v1:172.21.15.47:6789/0] -- mon_getmap magic: 0 -- 0x7fc0d410c8a0 con 0x7fc0d4108f70
2024-04-17T07:58:10.467 INFO:teuthology.orchestra.run.smithi047.stdout:/usr/bin/ceph: stderr
2024-04-17T07:58:04.166+0000 7fc0d2ffd700 1 --2- >> [v2:172.21.15.47:3300/0,v1:172.21.15.47:6789/0] conn(0x7fc0d4108f70 0x7fc0d419c4a0 unknown :-1 s=BANNER_CONNECTING pgs=0 cs=0 l=1 rev1=0 crypto rx=0 tx=0 comp rx=0 tx=0)._handle_peer_banner_payload supported=3 required=0
2024-04-17T07:58:10.467 INFO:teuthology.orchestra.run.smithi047.stdout:/usr/bin/ceph: stderr
2024-04-17T07:58:04.166+0000 7fc0d2ffd700 1 --2- >> [v2:172.21.15.47:3300/0,v1:172.21.15.47:6789/0] conn(0x7fc0d4108f70 0x7fc0d419c4a0 unknown :-1 s=HELLO_CONNECTING pgs=0 cs=0 l=1 rev1=1 crypto rx=0 tx=0 comp rx=0 tx=0).handle_hello peer v2:172.21.15.47:3300/0 says I am v2:172.21.15.47:55102/0 (socket says 172.21.15.47:55102)
2024-04-17T07:58:10.467 INFO:teuthology.orchestra.run.smithi047.stdout:/usr/bin/ceph: stderr
2024-04-17T07:58:04.166+0000 7fc0d2ffd700 1 -- 172.21.15.47:0/1637096598 learned_addr learned my addr 172.21.15.47:0/1637096598 (peer_addr_for_me v2:172.21.15.47:0/0)
2024-04-17T07:58:10.467 INFO:teuthology.orchestra.run.smithi047.stdout:/usr/bin/ceph: stderr
2024-04-17T07:58:04.166+0000 7fc0d2ffd700 1 -- 172.21.15.47:0/1637096598 --> [v2:172.21.15.47:3300/0,v1:172.21.15.47:6789/0] -- mon_subscribe({config=0+,monmap=0+}) -- 0x7fc0d419c9e0 con 0x7fc0d4108f70
2024-04-17T07:58:10.467 INFO:teuthology.orchestra.run.smithi047.stdout:/usr/bin/ceph: stderr
2024-04-17T07:58:04.166+0000 7fc0d2ffd700 1 --2- 172.21.15.47:0/1637096598 >> [v2:172.21.15.47:3300/0,v1:172.21.15.47:6789/0] conn(0x7fc0d4108f70 0x7fc0d419c4a0 secure :-1 s=READY pgs=62 cs=0 l=1 rev1=1 crypto rx=0x7fc0c4011b60 tx=0x7fc0c4011c40 comp rx=0 tx=0).ready entity=mon.0 client_cookie=0 server_cookie=0 in_seq=0 out_seq=0
2024-04-17T07:58:10.468 INFO:teuthology.orchestra.run.smithi047.stdout:/usr/bin/ceph: stderr
2024-04-17T07:58:04.166+0000 7fc0d888b700 1 -- 172.21.15.47:0/1637096598 <== mon.0 v2:172.21.15.47:3300/0 1 ==== mon_map magic: 0 ==== 205+0+0 (secure 0 0 0) 0x7fc0c4003b60 con 0x7fc0d4108f70
2024-04-17T07:58:10.468 INFO:teuthology.orchestra.run.smithi047.stdout:/usr/bin/ceph: stderr
2024-04-17T07:58:04.166+0000 7fc0d888b700 1 -- 172.21.15.47:0/1637096598 <== mon.0 v2:172.21.15.47:3300/0 2 ==== config(27 keys) ==== 1140+0+0 (secure 0 0 0) 0x7fc0c401a910 con 0x7fc0d4108f70
2024-04-17T07:58:10.468 INFO:teuthology.orchestra.run.smithi047.stdout:/usr/bin/ceph: stderr
2024-04-17T07:58:04.166+0000 7fc0d988d700 1 -- 172.21.15.47:0/1637096598 --> [v2:172.21.15.47:3300/0,v1:172.21.15.47:6789/0] -- mon_subscribe({mgrmap=0+}) -- 0x7fc0d419ccd0 con 0x7fc0d4108f70
2024-04-17T07:58:10.468 INFO:teuthology.orchestra.run.smithi047.stdout:/usr/bin/ceph: stderr
2024-04-17T07:58:04.166+0000 7fc0d888b700 1 -- 172.21.15.47:0/1637096598 <== mon.0 v2:172.21.15.47:3300/0 3 ==== mon_map magic: 0 ==== 205+0+0 (secure 0 0 0) 0x7fc0c4024930 con 0x7fc0d4108f70
2024-04-17T07:58:10.468 INFO:teuthology.orchestra.run.smithi047.stdout:/usr/bin/ceph: stderr
2024-04-17T07:58:04.167+0000 7fc0d988d700 1 -- 172.21.15.47:0/1637096598 --> [v2:172.21.15.47:3300/0,v1:172.21.15.47:6789/0] -- mon_subscribe({osdmap=0}) -- 0x7fc0d419f960 con 0x7fc0d4108f70
2024-04-17T07:58:10.468 INFO:teuthology.orchestra.run.smithi047.stdout:/usr/bin/ceph: stderr
2024-04-17T07:58:04.168+0000 7fc0d888b700 1 -- 172.21.15.47:0/1637096598 <== mon.0 v2:172.21.15.47:3300/0 4 ==== mgrmap(e 9) ==== 46571+0+0 (secure 0 0 0) 0x7fc0c4022020 con 0x7fc0d4108f70
2024-04-17T07:58:10.468 INFO:teuthology.orchestra.run.smithi047.stdout:/usr/bin/ceph: stderr
2024-04-17T07:58:04.168+0000 7fc0d888b700 1 --2- 172.21.15.47:0/1637096598 >> [v2:172.21.15.47:6800/364937715,v1:172.21.15.47:6801/364937715] conn(0x7fc0bc039600 0x7fc0bc03bac0 unknown :-1 s=NONE pgs=0 cs=0 l=1 rev1=0 crypto rx=0 tx=0 comp rx=0 tx=0).connect
2024-04-17T07:58:10.468 INFO:teuthology.orchestra.run.smithi047.stdout:/usr/bin/ceph: stderr
2024-04-17T07:58:04.168+0000 7fc0d888b700 1 -- 172.21.15.47:0/1637096598 --> [v2:172.21.15.47:6800/364937715,v1:172.21.15.47:6801/364937715] -- command(tid 0: {"prefix": "get_command_descriptions"}) -- 0x7fc0bc03c1d0 con 0x7fc0bc039600
2024-04-17T07:58:10.468 INFO:teuthology.orchestra.run.smithi047.stdout:/usr/bin/ceph: stderr
2024-04-17T07:58:04.168+0000 7fc0d888b700 1 -- 172.21.15.47:0/1637096598 <== mon.0 v2:172.21.15.47:3300/0 5 ==== osd_map(2..2 src has 1..2) ==== 940+0+0 (secure 0 0 0) 0x7fc0c404d8c0 con 0x7fc0d4108f70
2024-04-17T07:58:10.468 INFO:teuthology.orchestra.run.smithi047.stdout:/usr/bin/ceph: stderr
2024-04-17T07:58:04.168+0000 7fc0d27fc700 1 -- 172.21.15.47:0/1637096598 >> [v2:172.21.15.47:6800/364937715,v1:172.21.15.47:6801/364937715] conn(0x7fc0bc039600 msgr2=0x7fc0bc03bac0 unknown :-1 s=STATE_CONNECTING_RE l=1).process reconnect failed to v2:172.21.15.47:6800/364937715
2024-04-17T07:58:10.468 INFO:teuthology.orchestra.run.smithi047.stdout:/usr/bin/ceph: stderr
2024-04-17T07:58:04.168+0000 7fc0d27fc700 1 --2- 172.21.15.47:0/1637096598 >> [v2:172.21.15.47:6800/364937715,v1:172.21.15.47:6801/364937715] conn(0x7fc0bc039600 0x7fc0bc03bac0 unknown :-1 s=START_CONNECT pgs=0 cs=0 l=1 rev1=0 crypto rx=0 tx=0 comp rx=0 tx=0)._fault waiting 0.200000
2024-04-17T07:58:10.468 INFO:teuthology.orchestra.run.smithi047.stdout:/usr/bin/ceph: stderr
2024-04-17T07:58:04.369+0000 7fc0d27fc700 1 -- 172.21.15.47:0/1637096598 >> [v2:172.21.15.47:6800/364937715,v1:172.21.15.47:6801/364937715] conn(0x7fc0bc039600 msgr2=0x7fc0bc03bac0 unknown :-1 s=STATE_CONNECTING_RE l=1).process reconnect failed to v2:172.21.15.47:6800/364937715
2024-04-17T07:58:10.468 INFO:teuthology.orchestra.run.smithi047.stdout:/usr/bin/ceph: stderr
2024-04-17T07:58:04.369+0000 7fc0d27fc700 1 --2- 172.21.15.47:0/1637096598 >> [v2:172.21.15.47:6800/364937715,v1:172.21.15.47:6801/364937715] conn(0x7fc0bc039600 0x7fc0bc03bac0 unknown :-1 s=START_CONNECT pgs=0 cs=0 l=1 rev1=0 crypto rx=0 tx=0 comp rx=0 tx=0)._fault waiting 0.400000
2024-04-17T07:58:10.468 INFO:teuthology.orchestra.run.smithi047.stdout:/usr/bin/ceph: stderr
2024-04-17T07:58:04.770+0000 7fc0d27fc700 1 -- 172.21.15.47:0/1637096598 >> [v2:172.21.15.47:6800/364937715,v1:172.21.15.47:6801/364937715] conn(0x7fc0bc039600 msgr2=0x7fc0bc03bac0 unknown :-1 s=STATE_CONNECTING_RE l=1).process reconnect failed to v2:172.21.15.47:6800/364937715
2024-04-17T07:58:10.468 INFO:teuthology.orchestra.run.smithi047.stdout:/usr/bin/ceph: stderr
2024-04-17T07:58:04.770+0000 7fc0d27fc700 1 --2- 172.21.15.47:0/1637096598 >> [v2:172.21.15.47:6800/364937715,v1:172.21.15.47:6801/364937715] conn(0x7fc0bc039600 0x7fc0bc03bac0 unknown :-1 s=START_CONNECT pgs=0 cs=0 l=1 rev1=0 crypto rx=0 tx=0 comp rx=0 tx=0)._fault waiting 0.800000
2024-04-17T07:58:10.469 INFO:teuthology.orchestra.run.smithi047.stdout:/usr/bin/ceph: stderr
2024-04-17T07:58:05.571+0000 7fc0d27fc700 1 -- 172.21.15.47:0/1637096598 >> [v2:172.21.15.47:6800/364937715,v1:172.21.15.47:6801/364937715] conn(0x7fc0bc039600 msgr2=0x7fc0bc03bac0 unknown :-1 s=STATE_CONNECTING_RE l=1).process reconnect failed to v2:172.21.15.47:6800/364937715
2024-04-17T07:58:10.469 INFO:teuthology.orchestra.run.smithi047.stdout:/usr/bin/ceph: stderr
2024-04-17T07:58:05.571+0000 7fc0d27fc700 1 --2- 172.21.15.47:0/1637096598 >> [v2:172.21.15.47:6800/364937715,v1:172.21.15.47:6801/364937715] conn(0x7fc0bc039600 0x7fc0bc03bac0 unknown :-1 s=START_CONNECT pgs=0 cs=0 l=1 rev1=0 crypto rx=0 tx=0 comp rx=0 tx=0)._fault waiting 1.600000
2024-04-17T07:58:10.469 INFO:teuthology.orchestra.run.smithi047.stdout:/usr/bin/ceph: stderr
2024-04-17T07:58:07.172+0000 7fc0d27fc700 1 -- 172.21.15.47:0/1637096598 >> [v2:172.21.15.47:6800/364937715,v1:172.21.15.47:6801/364937715] conn(0x7fc0bc039600 msgr2=0x7fc0bc03bac0 unknown :-1 s=STATE_CONNECTING_RE l=1).process reconnect failed to v2:172.21.15.47:6800/364937715
2024-04-17T07:58:10.469 INFO:teuthology.orchestra.run.smithi047.stdout:/usr/bin/ceph: stderr
2024-04-17T07:58:07.172+0000 7fc0d27fc700 1 --2- 172.21.15.47:0/1637096598 >> [v2:172.21.15.47:6800/364937715,v1:172.21.15.47:6801/364937715] conn(0x7fc0bc039600 0x7fc0bc03bac0 unknown :-1 s=START_CONNECT pgs=0 cs=0 l=1 rev1=0 crypto rx=0 tx=0 comp rx=0 tx=0)._fault waiting 3.200000
2024-04-17T07:58:10.469 INFO:teuthology.orchestra.run.smithi047.stdout:/usr/bin/ceph: stderr
2024-04-17T07:58:08.635+0000 7fc0d888b700 1 -- 172.21.15.47:0/1637096598 <== mon.0 v2:172.21.15.47:3300/0 6 ==== mgrmap(e 10) ==== 46338+0+0 (secure 0 0 0) 0x7fc0c4024ba0 con 0x7fc0d4108f70
2024-04-17T07:58:10.469 INFO:teuthology.orchestra.run.smithi047.stdout:/usr/bin/ceph: stderr
2024-04-17T07:58:08.636+0000 7fc0d888b700 1 -- 172.21.15.47:0/1637096598 >> [v2:172.21.15.47:6800/364937715,v1:172.21.15.47:6801/364937715] conn(0x7fc0bc039600 msgr2=0x7fc0bc03bac0 unknown :-1 s=STATE_CONNECTING l=1).mark_down
2024-04-17T07:58:10.469 INFO:teuthology.orchestra.run.smithi047.stdout:/usr/bin/ceph: stderr
2024-04-17T07:58:08.636+0000 7fc0d888b700 1 --2- 172.21.15.47:0/1637096598 >> [v2:172.21.15.47:6800/364937715,v1:172.21.15.47:6801/364937715] conn(0x7fc0bc039600 0x7fc0bc03bac0 unknown :-1 s=START_CONNECT pgs=0 cs=0 l=1 rev1=0 crypto rx=0 tx=0 comp rx=0 tx=0).stop
2024-04-17T07:58:10.469 INFO:teuthology.orchestra.run.smithi047.stdout:/usr/bin/ceph: stderr
2024-04-17T07:58:09.637+0000 7fc0d888b700 1 -- 172.21.15.47:0/1637096598 <== mon.0 v2:172.21.15.47:3300/0 7 ==== mgrmap(e 11) ==== 46465+0+0 (secure 0 0 0) 0x7fc0c404fd30 con 0x7fc0d4108f70
2024-04-17T07:58:10.469 INFO:teuthology.orchestra.run.smithi047.stdout:/usr/bin/ceph: stderr
2024-04-17T07:58:09.637+0000 7fc0d888b700 1 --2- 172.21.15.47:0/1637096598 >> [v2:172.21.15.47:6800/1802298963,v1:172.21.15.47:6801/1802298963] conn(0x7fc0bc03cfe0 0x7fc0bc03f3d0 unknown :-1 s=NONE pgs=0 cs=0 l=1 rev1=0 crypto rx=0 tx=0 comp rx=0 tx=0).connect
2024-04-17T07:58:10.469 INFO:teuthology.orchestra.run.smithi047.stdout:/usr/bin/ceph: stderr
2024-04-17T07:58:09.637+0000 7fc0d888b700 1 -- 172.21.15.47:0/1637096598 --> [v2:172.21.15.47:6800/1802298963,v1:172.21.15.47:6801/1802298963] -- command(tid 0: {"prefix": "get_command_descriptions"}) -- 0x7fc0c400af30 con 0x7fc0bc03cfe0
2024-04-17T07:58:10.469 INFO:teuthology.orchestra.run.smithi047.stdout:/usr/bin/ceph: stderr
2024-04-17T07:58:09.638+0000 7fc0d27fc700 1 --2- 172.21.15.47:0/1637096598 >> [v2:172.21.15.47:6800/1802298963,v1:172.21.15.47:6801/1802298963] conn(0x7fc0bc03cfe0 0x7fc0bc03f3d0 unknown :-1 s=BANNER_CONNECTING pgs=0 cs=0 l=1 rev1=0 crypto rx=0 tx=0 comp rx=0 tx=0)._handle_peer_banner_payload supported=3 required=0
2024-04-17T07:58:10.469 INFO:teuthology.orchestra.run.smithi047.stdout:/usr/bin/ceph: stderr
2024-04-17T07:58:09.639+0000 7fc0d27fc700 1 --2- 172.21.15.47:0/1637096598 >> [v2:172.21.15.47:6800/1802298963,v1:172.21.15.47:6801/1802298963] conn(0x7fc0bc03cfe0 0x7fc0bc03f3d0 secure :-1 s=READY pgs=2 cs=0 l=1 rev1=1 crypto rx=0x7fc0c8003a10 tx=0x7fc0c80092b0 comp rx=0 tx=0).ready entity=mgr.14152 client_cookie=0 server_cookie=0 in_seq=0 out_seq=0
2024-04-17T07:58:10.469 INFO:teuthology.orchestra.run.smithi047.stdout:/usr/bin/ceph: stderr
2024-04-17T07:58:09.639+0000 7fc0d888b700 1 -- 172.21.15.47:0/1637096598 <== mgr.14152 v2:172.21.15.47:6800/1802298963 1 ==== command_reply(tid 0: 0 ) ==== 8+0+7774 (secure 0 0 0) 0x7fc0c400af30 con 0x7fc0bc03cfe0
2024-04-17T07:58:10.469 INFO:teuthology.orchestra.run.smithi047.stdout:/usr/bin/ceph: stderr
2024-04-17T07:58:09.646+0000 7fc0d988d700 1 -- 172.21.15.47:0/1637096598 --> [v2:172.21.15.47:6800/1802298963,v1:172.21.15.47:6801/1802298963] -- command(tid 1: {"prefix": "mgr_status"}) -- 0x7fc0d4069b80 con 0x7fc0bc03cfe0
2024-04-17T07:58:10.470 INFO:teuthology.orchestra.run.smithi047.stdout:/usr/bin/ceph: stderr
2024-04-17T07:58:09.646+0000 7fc0d888b700 1 -- 172.21.15.47:0/1637096598 <== mgr.14152 v2:172.21.15.47:6800/1802298963 2 ==== command_reply(tid 1: 0 ) ==== 8+0+52 (secure 0 0 0) 0x7fc0d4069b80 con 0x7fc0bc03cfe0
2024-04-17T07:58:10.470 INFO:teuthology.orchestra.run.smithi047.stdout:/usr/bin/ceph: stderr
2024-04-17T07:58:09.646+0000 7fc0d988d700 1 -- 172.21.15.47:0/1637096598 >> [v2:172.21.15.47:6800/1802298963,v1:172.21.15.47:6801/1802298963] conn(0x7fc0bc03cfe0 msgr2=0x7fc0bc03f3d0 secure :-1 s=STATE_CONNECTION_ESTABLISHED l=1).mark_down
2024-04-17T07:58:10.470 INFO:teuthology.orchestra.run.smithi047.stdout:/usr/bin/ceph: stderr
2024-04-17T07:58:09.646+0000 7fc0d988d700 1 --2- 172.21.15.47:0/1637096598 >> [v2:172.21.15.47:6800/1802298963,v1:172.21.15.47:6801/1802298963] conn(0x7fc0bc03cfe0 0x7fc0bc03f3d0 secure :-1 s=READY pgs=2 cs=0 l=1 rev1=1 crypto rx=0x7fc0c8003a10 tx=0x7fc0c80092b0 comp rx=0 tx=0).stop
2024-04-17T07:58:10.470 INFO:teuthology.orchestra.run.smithi047.stdout:/usr/bin/ceph: stderr
2024-04-17T07:58:09.646+0000 7fc0d988d700 1 -- 172.21.15.47:0/1637096598 >> [v2:172.21.15.47:3300/0,v1:172.21.15.47:6789/0] conn(0x7fc0d4108f70 msgr2=0x7fc0d419c4a0 secure :-1 s=STATE_CONNECTION_ESTABLISHED l=1).mark_down
2024-04-17T07:58:10.470 INFO:teuthology.orchestra.run.smithi047.stdout:/usr/bin/ceph: stderr
2024-04-17T07:58:09.646+0000 7fc0d988d700 1 --2- 172.21.15.47:0/1637096598 >> [v2:172.21.15.47:3300/0,v1:172.21.15.47:6789/0] conn(0x7fc0d4108f70 0x7fc0d419c4a0 secure :-1 s=READY pgs=62 cs=0 l=1 rev1=1 crypto rx=0x7fc0c4011b60 tx=0x7fc0c4011c40 comp rx=0 tx=0).stop
2024-04-17T07:58:10.470 INFO:teuthology.orchestra.run.smithi047.stdout:/usr/bin/ceph: stderr
2024-04-17T07:58:09.646+0000 7fc0d988d700 1 -- 172.21.15.47:0/1637096598 shutdown_connections
2024-04-17T07:58:10.470 INFO:teuthology.orchestra.run.smithi047.stdout:/usr/bin/ceph: stderr
2024-04-17T07:58:09.646+0000 7fc0d988d700 1 --2- 172.21.15.47:0/1637096598 >> [v2:172.21.15.47:6800/1802298963,v1:172.21.15.47:6801/1802298963] conn(0x7fc0bc03cfe0 0x7fc0bc03f3d0 unknown :-1 s=CLOSED pgs=2 cs=0 l=1 rev1=1 crypto rx=0 tx=0 comp rx=0 tx=0).stop
2024-04-17T07:58:10.470 INFO:teuthology.orchestra.run.smithi047.stdout:/usr/bin/ceph: stderr
2024-04-17T07:58:09.646+0000 7fc0d988d700 1 --2- 172.21.15.47:0/1637096598 >> [v2:172.21.15.47:3300/0,v1:172.21.15.47:6789/0] conn(0x7fc0d4108f70 0x7fc0d419c4a0 unknown :-1 s=CLOSED pgs=62 cs=0 l=1 rev1=1 crypto rx=0 tx=0 comp rx=0 tx=0).stop
2024-04-17T07:58:10.470 INFO:teuthology.orchestra.run.smithi047.stdout:/usr/bin/ceph: stderr
2024-04-17T07:58:09.646+0000 7fc0d988d700 1 --2- 172.21.15.47:0/1637096598 >> [v2:172.21.15.47:6800/364937715,v1:172.21.15.47:6801/364937715] conn(0x7fc0bc039600 0x7fc0bc03bac0 unknown :-1 s=CLOSED pgs=0 cs=0 l=1 rev1=0 crypto rx=0 tx=0 comp rx=0 tx=0).stop
2024-04-17T07:58:10.470 INFO:teuthology.orchestra.run.smithi047.stdout:/usr/bin/ceph: stderr
2024-04-17T07:58:09.646+0000 7fc0d988d700 1 -- 172.21.15.47:0/1637096598 >> 172.21.15.47:0/1637096598 conn(0x7fc0d4102940 msgr2=0x7fc0d4103580 unknown :-1 s=STATE_NONE l=0).mark_down
2024-04-17T07:58:10.470 INFO:teuthology.orchestra.run.smithi047.stdout:/usr/bin/ceph: stderr
2024-04-17T07:58:09.646+0000 7fc0d988d700 1 -- 172.21.15.47:0/1637096598 shutdown_connections
2024-04-17T07:58:10.470 INFO:teuthology.orchestra.run.smithi047.stdout:/usr/bin/ceph: stderr
2024-04-17T07:58:09.646+0000 7fc0d988d700 1 -- 172.21.15.47:0/1637096598 wait complete.
2024-04-17T07:58:10.470 INFO:teuthology.orchestra.run.smithi047.stdout:mgr epoch 9 is available
2024-04-17T07:58:10.470 INFO:teuthology.orchestra.run.smithi047.stdout:Generating a dashboard self-signed certificate...
2024-04-17T07:58:10.709 INFO:journalctl@ceph.mon.a.smithi047.stdout:Apr 17 07:58:10 smithi047 ceph-mon[32249]: [17/Apr/2024:07:58:09] ENGINE Serving on https://172.21.15.47:7150
2024-04-17T07:58:10.709 INFO:journalctl@ceph.mon.a.smithi047.stdout:Apr 17 07:58:10 smithi047 ceph-mon[32249]: [17/Apr/2024:07:58:09] ENGINE Bus STARTED
2024-04-17T07:58:10.709 INFO:journalctl@ceph.mon.a.smithi047.stdout:Apr 17 07:58:10 smithi047 ceph-mon[32249]: from='client.14156 -' entity='client.admin' cmd=[{"prefix": "get_command_descriptions"}]: dispatch
2024-04-17T07:58:10.709 INFO:journalctl@ceph.mon.a.smithi047.stdout:Apr 17 07:58:10 smithi047 ceph-mon[32249]: from='client.14156 -' entity='client.admin' cmd=[{"prefix": "mgr_status"}]: dispatch
2024-04-17T07:58:11.860 INFO:journalctl@ceph.mon.a.smithi047.stdout:Apr 17 07:58:11 smithi047 ceph-mon[32249]: mgrmap e12: x(active, since 2s)
2024-04-17T07:58:11.860 INFO:journalctl@ceph.mon.a.smithi047.stdout:Apr 17 07:58:11 smithi047 ceph-mon[32249]: from='mgr.14152 172.21.15.47:0/881089890' entity='mgr.x'
2024-04-17T07:58:11.860 INFO:journalctl@ceph.mon.a.smithi047.stdout:Apr 17 07:58:11 smithi047 ceph-mon[32249]: from='client.14164 -' entity='client.admin' cmd=[{"prefix": "dashboard create-self-signed-cert", "target": ["mon-mgr", ""]}]: dispatch
2024-04-17T07:58:11.861 INFO:journalctl@ceph.mon.a.smithi047.stdout:Apr 17 07:58:11 smithi047 ceph-mon[32249]: from='mgr.14152 172.21.15.47:0/881089890' entity='mgr.x'
2024-04-17T07:58:11.861 INFO:journalctl@ceph.mon.a.smithi047.stdout:Apr 17 07:58:11 smithi047 ceph-mon[32249]: from='mgr.14152 172.21.15.47:0/881089890' entity='mgr.x'
2024-04-17T07:58:11.902 INFO:teuthology.orchestra.run.smithi047.stdout:/usr/bin/ceph: stdout Self-signed certificate created
2024-04-17T07:58:11.902 INFO:teuthology.orchestra.run.smithi047.stdout:/usr/bin/ceph: stderr
2024-04-17T07:58:10.909+0000 7f315c8aa700 1 Processor -- start
2024-04-17T07:58:11.902 INFO:teuthology.orchestra.run.smithi047.stdout:/usr/bin/ceph: stderr
2024-04-17T07:58:10.909+0000 7f315c8aa700 1 -- start start
2024-04-17T07:58:11.902 INFO:teuthology.orchestra.run.smithi047.stdout:/usr/bin/ceph: stderr
2024-04-17T07:58:10.909+0000 7f315c8aa700 1 --2- >> [v2:172.21.15.47:3300/0,v1:172.21.15.47:6789/0] conn(0x7f3158109b80 0x7f3158109fa0 unknown :-1 s=NONE pgs=0 cs=0 l=0 rev1=0 crypto rx=0 tx=0 comp rx=0 tx=0).connect
2024-04-17T07:58:11.902 INFO:teuthology.orchestra.run.smithi047.stdout:/usr/bin/ceph: stderr
2024-04-17T07:58:10.909+0000 7f315c8aa700 1 -- --> [v2:172.21.15.47:3300/0,v1:172.21.15.47:6789/0] -- mon_getmap magic: 0 -- 0x7f315810a570 con 0x7f3158109b80
2024-04-17T07:58:11.902 INFO:teuthology.orchestra.run.smithi047.stdout:/usr/bin/ceph: stderr
2024-04-17T07:58:10.909+0000 7f315659c700 1 --2- >> [v2:172.21.15.47:3300/0,v1:172.21.15.47:6789/0] conn(0x7f3158109b80 0x7f3158109fa0 unknown :-1 s=BANNER_CONNECTING pgs=0 cs=0 l=0 rev1=0 crypto rx=0 tx=0 comp rx=0 tx=0)._handle_peer_banner_payload supported=3 required=0
2024-04-17T07:58:11.902 INFO:teuthology.orchestra.run.smithi047.stdout:/usr/bin/ceph: stderr
2024-04-17T07:58:10.909+0000 7f315659c700 1 --2- >> [v2:172.21.15.47:3300/0,v1:172.21.15.47:6789/0] conn(0x7f3158109b80 0x7f3158109fa0 unknown :-1 s=HELLO_CONNECTING pgs=0 cs=0 l=0 rev1=1 crypto rx=0 tx=0 comp rx=0 tx=0).handle_hello peer v2:172.21.15.47:3300/0 says I am v2:172.21.15.47:55186/0 (socket says 172.21.15.47:55186)
2024-04-17T07:58:11.903 INFO:teuthology.orchestra.run.smithi047.stdout:/usr/bin/ceph: stderr
2024-04-17T07:58:10.909+0000 7f315659c700 1 -- 172.21.15.47:0/11696918 learned_addr learned my addr 172.21.15.47:0/11696918 (peer_addr_for_me v2:172.21.15.47:0/0)
2024-04-17T07:58:11.903 INFO:teuthology.orchestra.run.smithi047.stdout:/usr/bin/ceph: stderr
2024-04-17T07:58:10.909+0000 7f315659c700 1 -- 172.21.15.47:0/11696918 --> [v2:172.21.15.47:3300/0,v1:172.21.15.47:6789/0] -- mon_subscribe({config=0+,monmap=0+}) -- 0x7f315810a6f0 con 0x7f3158109b80
2024-04-17T07:58:11.903 INFO:teuthology.orchestra.run.smithi047.stdout:/usr/bin/ceph: stderr
2024-04-17T07:58:10.910+0000 7f315659c700 1 --2- 172.21.15.47:0/11696918 >> [v2:172.21.15.47:3300/0,v1:172.21.15.47:6789/0] conn(0x7f3158109b80 0x7f3158109fa0 secure :-1 s=READY pgs=70 cs=0 l=1 rev1=1 crypto rx=0x7f31480098a0 tx=0x7f3148009bb0 comp rx=0 tx=0).ready entity=mon.0 client_cookie=3f0973d18f00b4aa server_cookie=0 in_seq=0 out_seq=0
2024-04-17T07:58:11.903 INFO:teuthology.orchestra.run.smithi047.stdout:/usr/bin/ceph: stderr
2024-04-17T07:58:10.910+0000 7f315559a700 1 -- 172.21.15.47:0/11696918 <== mon.0 v2:172.21.15.47:3300/0 1 ==== mon_map magic: 0 ==== 205+0+0 (secure 0 0 0) 0x7f3148004160 con 0x7f3158109b80
2024-04-17T07:58:11.903 INFO:teuthology.orchestra.run.smithi047.stdout:/usr/bin/ceph: stderr
2024-04-17T07:58:10.910+0000 7f315559a700 1 -- 172.21.15.47:0/11696918 <== mon.0 v2:172.21.15.47:3300/0 2 ==== config(27 keys) ==== 1140+0+0 (secure 0 0 0) 0x7f3148004300 con 0x7f3158109b80
2024-04-17T07:58:11.903 INFO:teuthology.orchestra.run.smithi047.stdout:/usr/bin/ceph: stderr
2024-04-17T07:58:10.910+0000 7f315559a700 1 -- 172.21.15.47:0/11696918 <== mon.0 v2:172.21.15.47:3300/0 3 ==== mon_map magic: 0 ==== 205+0+0 (secure 0 0 0) 0x7f3148011b20 con 0x7f3158109b80
2024-04-17T07:58:11.903 INFO:teuthology.orchestra.run.smithi047.stdout:/usr/bin/ceph: stderr
2024-04-17T07:58:10.910+0000 7f315c8aa700 1 -- 172.21.15.47:0/11696918 >> [v2:172.21.15.47:3300/0,v1:172.21.15.47:6789/0] conn(0x7f3158109b80 msgr2=0x7f3158109fa0 secure :-1 s=STATE_CONNECTION_ESTABLISHED l=1).mark_down
2024-04-17T07:58:11.903 INFO:teuthology.orchestra.run.smithi047.stdout:/usr/bin/ceph: stderr
2024-04-17T07:58:10.910+0000 7f315c8aa700 1 --2- 172.21.15.47:0/11696918 >> [v2:172.21.15.47:3300/0,v1:172.21.15.47:6789/0] conn(0x7f3158109b80 0x7f3158109fa0 secure :-1 s=READY pgs=70 cs=0 l=1 rev1=1 crypto rx=0x7f31480098a0 tx=0x7f3148009bb0 comp rx=0 tx=0).stop
2024-04-17T07:58:11.903 INFO:teuthology.orchestra.run.smithi047.stdout:/usr/bin/ceph: stderr
2024-04-17T07:58:10.910+0000 7f315c8aa700 1 -- 172.21.15.47:0/11696918 shutdown_connections
2024-04-17T07:58:11.903 INFO:teuthology.orchestra.run.smithi047.stdout:/usr/bin/ceph: stderr
2024-04-17T07:58:10.910+0000 7f315c8aa700 1 --2- 172.21.15.47:0/11696918 >> [v2:172.21.15.47:3300/0,v1:172.21.15.47:6789/0] conn(0x7f3158109b80 0x7f3158109fa0 unknown :-1 s=CLOSED pgs=70 cs=0 l=1 rev1=1 crypto rx=0 tx=0 comp rx=0 tx=0).stop
2024-04-17T07:58:11.903 INFO:teuthology.orchestra.run.smithi047.stdout:/usr/bin/ceph: stderr
2024-04-17T07:58:10.910+0000 7f315c8aa700 1 -- 172.21.15.47:0/11696918 >> 172.21.15.47:0/11696918 conn(0x7f3158102240 msgr2=0x7f3158104660 unknown :-1 s=STATE_NONE l=0).mark_down
2024-04-17T07:58:11.903 INFO:teuthology.orchestra.run.smithi047.stdout:/usr/bin/ceph: stderr
2024-04-17T07:58:10.911+0000 7f315c8aa700 1 -- 172.21.15.47:0/11696918 shutdown_connections
2024-04-17T07:58:11.903 INFO:teuthology.orchestra.run.smithi047.stdout:/usr/bin/ceph: stderr
2024-04-17T07:58:10.911+0000 7f315c8aa700 1 -- 172.21.15.47:0/11696918 wait complete.
2024-04-17T07:58:11.904 INFO:teuthology.orchestra.run.smithi047.stdout:/usr/bin/ceph: stderr
2024-04-17T07:58:10.911+0000 7f315c8aa700 1 Processor -- start
2024-04-17T07:58:11.904 INFO:teuthology.orchestra.run.smithi047.stdout:/usr/bin/ceph: stderr
2024-04-17T07:58:10.911+0000 7f315c8aa700 1 -- start start
2024-04-17T07:58:11.904 INFO:teuthology.orchestra.run.smithi047.stdout:/usr/bin/ceph: stderr
2024-04-17T07:58:10.912+0000 7f315c8aa700 1 --2- >> [v2:172.21.15.47:3300/0,v1:172.21.15.47:6789/0] conn(0x7f3158109b80 0x7f315819c430 unknown :-1 s=NONE pgs=0 cs=0 l=1 rev1=0 crypto rx=0 tx=0 comp rx=0 tx=0).connect
2024-04-17T07:58:11.904 INFO:teuthology.orchestra.run.smithi047.stdout:/usr/bin/ceph: stderr
2024-04-17T07:58:10.912+0000 7f315c8aa700 1 -- --> [v2:172.21.15.47:3300/0,v1:172.21.15.47:6789/0] -- mon_getmap magic: 0 -- 0x7f315810cb50 con 0x7f3158109b80
2024-04-17T07:58:11.904 INFO:teuthology.orchestra.run.smithi047.stdout:/usr/bin/ceph: stderr
2024-04-17T07:58:10.912+0000 7f315659c700 1 --2- >> [v2:172.21.15.47:3300/0,v1:172.21.15.47:6789/0] conn(0x7f3158109b80 0x7f315819c430 unknown :-1 s=BANNER_CONNECTING pgs=0 cs=0 l=1 rev1=0 crypto rx=0 tx=0 comp rx=0 tx=0)._handle_peer_banner_payload supported=3 required=0
2024-04-17T07:58:11.904 INFO:teuthology.orchestra.run.smithi047.stdout:/usr/bin/ceph: stderr
2024-04-17T07:58:10.912+0000 7f315659c700 1 --2- >> [v2:172.21.15.47:3300/0,v1:172.21.15.47:6789/0] conn(0x7f3158109b80 0x7f315819c430 unknown :-1 s=HELLO_CONNECTING pgs=0 cs=0 l=1 rev1=1 crypto rx=0 tx=0 comp rx=0 tx=0).handle_hello peer v2:172.21.15.47:3300/0 says I am v2:172.21.15.47:55198/0 (socket says 172.21.15.47:55198)
2024-04-17T07:58:11.904 INFO:teuthology.orchestra.run.smithi047.stdout:/usr/bin/ceph: stderr
2024-04-17T07:58:10.912+0000 7f315659c700 1 -- 172.21.15.47:0/4210027782 learned_addr learned my addr 172.21.15.47:0/4210027782 (peer_addr_for_me v2:172.21.15.47:0/0)
2024-04-17T07:58:11.904 INFO:teuthology.orchestra.run.smithi047.stdout:/usr/bin/ceph: stderr
2024-04-17T07:58:10.912+0000 7f315659c700 1 -- 172.21.15.47:0/4210027782 --> [v2:172.21.15.47:3300/0,v1:172.21.15.47:6789/0] -- mon_subscribe({config=0+,monmap=0+}) -- 0x7f315819c970 con 0x7f3158109b80
2024-04-17T07:58:11.904 INFO:teuthology.orchestra.run.smithi047.stdout:/usr/bin/ceph: stderr
2024-04-17T07:58:10.912+0000 7f315659c700 1 --2- 172.21.15.47:0/4210027782 >> [v2:172.21.15.47:3300/0,v1:172.21.15.47:6789/0] conn(0x7f3158109b80 0x7f315819c430 secure :-1 s=READY pgs=71 cs=0 l=1 rev1=1 crypto rx=0x7f31480117e0 tx=0x7f3148011ba0 comp rx=0 tx=0).ready entity=mon.0 client_cookie=0 server_cookie=0 in_seq=0 out_seq=0
2024-04-17T07:58:11.904 INFO:teuthology.orchestra.run.smithi047.stdout:/usr/bin/ceph: stderr
2024-04-17T07:58:10.912+0000 7f314f7fe700 1 -- 172.21.15.47:0/4210027782 <== mon.0 v2:172.21.15.47:3300/0 1 ==== mon_map magic: 0 ==== 205+0+0 (secure 0 0 0) 0x7f3148003bf0 con 0x7f3158109b80
