2024-04-17T08:11:12.203 INFO:teuthology.orchestra.run.smithi007.stdout:/usr/bin/ceph: stderr
2024-04-17T08:11:11.309+0000 7fce637fe700 1 --2- 172.21.15.7:0/2274565363 >> [v2:172.21.15.7:6800/1660748557,v1:172.21.15.7:6801/1660748557] conn(0x7fce58039620 0x7fce5803bae0 unknown :-1 s=NONE pgs=0 cs=0 l=1 rev1=0 crypto rx=0 tx=0 comp rx=0 tx=0).connect
2024-04-17T08:11:12.203 INFO:teuthology.orchestra.run.smithi007.stdout:/usr/bin/ceph: stderr
2024-04-17T08:11:11.309+0000 7fce637fe700 1 -- 172.21.15.7:0/2274565363 <== mon.0 v2:172.21.15.7:3300/0 5 ==== osd_map(2..2 src has 1..2) ==== 940+0+0 (secure 0 0 0) 0x7fce6804db00 con 0x7fce6c106700
2024-04-17T08:11:12.203 INFO:teuthology.orchestra.run.smithi007.stdout:/usr/bin/ceph: stderr
2024-04-17T08:11:11.309+0000 7fce74539700 1 -- 172.21.15.7:0/2274565363 --> [v2:172.21.15.7:3300/0,v1:172.21.15.7:6789/0] -- mon_command({"prefix": "get_command_descriptions"} v 0) -- 0x7fce6c0640b0 con 0x7fce6c106700
2024-04-17T08:11:12.204 INFO:teuthology.orchestra.run.smithi007.stdout:/usr/bin/ceph: stderr
2024-04-17T08:11:11.309+0000 7fce71ad4700 1 --2- 172.21.15.7:0/2274565363 >> [v2:172.21.15.7:6800/1660748557,v1:172.21.15.7:6801/1660748557] conn(0x7fce58039620 0x7fce5803bae0 unknown :-1 s=BANNER_CONNECTING pgs=0 cs=0 l=1 rev1=0 crypto rx=0 tx=0 comp rx=0 tx=0)._handle_peer_banner_payload supported=3 required=0
2024-04-17T08:11:12.204 INFO:teuthology.orchestra.run.smithi007.stdout:/usr/bin/ceph: stderr
2024-04-17T08:11:11.309+0000 7fce71ad4700 1 --2- 172.21.15.7:0/2274565363 >> [v2:172.21.15.7:6800/1660748557,v1:172.21.15.7:6801/1660748557] conn(0x7fce58039620 0x7fce5803bae0 secure :-1 s=READY pgs=12 cs=0 l=1 rev1=1 crypto rx=0x7fce5c006fd0 tx=0x7fce5c006e40 comp rx=0 tx=0).ready entity=mgr.14118 client_cookie=0 server_cookie=0 in_seq=0 out_seq=0
2024-04-17T08:11:12.204 INFO:teuthology.orchestra.run.smithi007.stdout:/usr/bin/ceph: stderr
2024-04-17T08:11:11.318+0000 7fce637fe700 1 -- 172.21.15.7:0/2274565363 <== mon.0 v2:172.21.15.7:3300/0 6 ==== mon_command_ack([{"prefix": "get_command_descriptions"}]=0 v0) ==== 72+0+188381 (secure 0 0 0) 0x7fce68019c70 con 0x7fce6c106700
2024-04-17T08:11:12.204 INFO:teuthology.orchestra.run.smithi007.stdout:/usr/bin/ceph: stderr
2024-04-17T08:11:11.547+0000 7fce74539700 1 -- 172.21.15.7:0/2274565363 --> [v2:172.21.15.7:6800/1660748557,v1:172.21.15.7:6801/1660748557] -- mgr_command(tid 0: {"prefix": "orch apply", "service_type": "mon", "unmanaged": true, "target": ["mon-mgr", ""]}) -- 0x7fce6c1031d0 con 0x7fce58039620
2024-04-17T08:11:12.204 INFO:teuthology.orchestra.run.smithi007.stdout:/usr/bin/ceph: stderr
2024-04-17T08:11:11.552+0000 7fce637fe700 1 -- 172.21.15.7:0/2274565363 <== mgr.14118 v2:172.21.15.7:6800/1660748557 1 ==== mgr_command_reply(tid 0: 0 ) ==== 8+0+24 (secure 0 0 0) 0x7fce6c1031d0 con 0x7fce58039620
2024-04-17T08:11:12.204 INFO:teuthology.orchestra.run.smithi007.stdout:/usr/bin/ceph: stderr
2024-04-17T08:11:11.554+0000 7fce74539700 1 -- 172.21.15.7:0/2274565363 >> [v2:172.21.15.7:6800/1660748557,v1:172.21.15.7:6801/1660748557] conn(0x7fce58039620 msgr2=0x7fce5803bae0 secure :-1 s=STATE_CONNECTION_ESTABLISHED l=1).mark_down
2024-04-17T08:11:12.204 INFO:teuthology.orchestra.run.smithi007.stdout:/usr/bin/ceph: stderr
2024-04-17T08:11:11.554+0000 7fce74539700 1 --2- 172.21.15.7:0/2274565363 >> [v2:172.21.15.7:6800/1660748557,v1:172.21.15.7:6801/1660748557] conn(0x7fce58039620 0x7fce5803bae0 secure :-1 s=READY pgs=12 cs=0 l=1 rev1=1 crypto rx=0x7fce5c006fd0 tx=0x7fce5c006e40 comp rx=0 tx=0).stop
2024-04-17T08:11:12.204 INFO:teuthology.orchestra.run.smithi007.stdout:/usr/bin/ceph: stderr
2024-04-17T08:11:11.554+0000 7fce74539700 1 -- 172.21.15.7:0/2274565363 >> [v2:172.21.15.7:3300/0,v1:172.21.15.7:6789/0] conn(0x7fce6c106700 msgr2=0x7fce6c19c280 secure :-1 s=STATE_CONNECTION_ESTABLISHED l=1).mark_down
2024-04-17T08:11:12.204 INFO:teuthology.orchestra.run.smithi007.stdout:/usr/bin/ceph: stderr
2024-04-17T08:11:11.554+0000 7fce74539700 1 --2- 172.21.15.7:0/2274565363 >> [v2:172.21.15.7:3300/0,v1:172.21.15.7:6789/0] conn(0x7fce6c106700 0x7fce6c19c280 secure :-1 s=READY pgs=46 cs=0 l=1 rev1=1 crypto rx=0x7fce68011670 tx=0x7fce68011b60 comp rx=0 tx=0).stop
2024-04-17T08:11:12.204 INFO:teuthology.orchestra.run.smithi007.stdout:/usr/bin/ceph: stderr
2024-04-17T08:11:11.554+0000 7fce74539700 1 -- 172.21.15.7:0/2274565363 shutdown_connections
2024-04-17T08:11:12.204 INFO:teuthology.orchestra.run.smithi007.stdout:/usr/bin/ceph: stderr
2024-04-17T08:11:11.554+0000 7fce74539700 1 --2- 172.21.15.7:0/2274565363 >> [v2:172.21.15.7:6800/1660748557,v1:172.21.15.7:6801/1660748557] conn(0x7fce58039620 0x7fce5803bae0 unknown :-1 s=CLOSED pgs=12 cs=0 l=1 rev1=1 crypto rx=0 tx=0 comp rx=0 tx=0).stop
2024-04-17T08:11:12.204 INFO:teuthology.orchestra.run.smithi007.stdout:/usr/bin/ceph: stderr
2024-04-17T08:11:11.554+0000 7fce74539700 1 --2- 172.21.15.7:0/2274565363 >> [v2:172.21.15.7:3300/0,v1:172.21.15.7:6789/0] conn(0x7fce6c106700 0x7fce6c19c280 unknown :-1 s=CLOSED pgs=46 cs=0 l=1 rev1=1 crypto rx=0 tx=0 comp rx=0 tx=0).stop
2024-04-17T08:11:12.204 INFO:teuthology.orchestra.run.smithi007.stdout:/usr/bin/ceph: stderr
2024-04-17T08:11:11.554+0000 7fce74539700 1 -- 172.21.15.7:0/2274565363 >> 172.21.15.7:0/2274565363 conn(0x7fce6c1020b0 msgr2=0x7fce6c102ac0 unknown :-1 s=STATE_NONE l=0).mark_down
2024-04-17T08:11:12.205 INFO:teuthology.orchestra.run.smithi007.stdout:/usr/bin/ceph: stderr
2024-04-17T08:11:11.554+0000 7fce74539700 1 -- 172.21.15.7:0/2274565363 shutdown_connections
2024-04-17T08:11:12.205 INFO:teuthology.orchestra.run.smithi007.stdout:/usr/bin/ceph: stderr
2024-04-17T08:11:11.554+0000 7fce74539700 1 -- 172.21.15.7:0/2274565363 wait complete.
2024-04-17T08:11:12.205 INFO:teuthology.orchestra.run.smithi007.stdout:Deploying unmanaged mgr service...
2024-04-17T08:11:12.775 INFO:journalctl@ceph.mon.a.smithi007.stdout:Apr 17 08:11:12 smithi007 ceph-mon[32040]: from='client.14140 -' entity='client.admin' cmd=[{"prefix": "orch apply", "service_type": "mon", "unmanaged": true, "target": ["mon-mgr", ""]}]: dispatch
2024-04-17T08:11:12.775 INFO:journalctl@ceph.mon.a.smithi007.stdout:Apr 17 08:11:12 smithi007 ceph-mon[32040]: Saving service mon spec with placement count:5
2024-04-17T08:11:12.776 INFO:journalctl@ceph.mon.a.smithi007.stdout:Apr 17 08:11:12 smithi007 ceph-mon[32040]: from='mgr.14118 172.21.15.7:0/3718260127' entity='mgr.x'
2024-04-17T08:11:13.635 INFO:teuthology.orchestra.run.smithi007.stdout:/usr/bin/ceph: stdout Scheduled mgr update...
2024-04-17T08:11:13.635 INFO:teuthology.orchestra.run.smithi007.stdout:/usr/bin/ceph: stderr
2024-04-17T08:11:12.619+0000 7efea22c3700 1 Processor -- start
2024-04-17T08:11:13.635 INFO:teuthology.orchestra.run.smithi007.stdout:/usr/bin/ceph: stderr
2024-04-17T08:11:12.619+0000 7efea22c3700 1 -- start start
2024-04-17T08:11:13.635 INFO:teuthology.orchestra.run.smithi007.stdout:/usr/bin/ceph: stderr
2024-04-17T08:11:12.619+0000 7efea22c3700 1 --2- >> [v2:172.21.15.7:3300/0,v1:172.21.15.7:6789/0] conn(0x7efe9c108f30 0x7efe9c10b320 unknown :-1 s=NONE pgs=0 cs=0 l=0 rev1=0 crypto rx=0 tx=0 comp rx=0 tx=0).connect
2024-04-17T08:11:13.635 INFO:teuthology.orchestra.run.smithi007.stdout:/usr/bin/ceph: stderr
2024-04-17T08:11:12.619+0000 7efea22c3700 1 -- --> [v2:172.21.15.7:3300/0,v1:172.21.15.7:6789/0] -- mon_getmap magic: 0 -- 0x7efe9c07be20 con 0x7efe9c108f30
2024-04-17T08:11:13.635 INFO:teuthology.orchestra.run.smithi007.stdout:/usr/bin/ceph: stderr
2024-04-17T08:11:12.619+0000 7efe9bfff700 1 --2- >> [v2:172.21.15.7:3300/0,v1:172.21.15.7:6789/0] conn(0x7efe9c108f30 0x7efe9c10b320 unknown :-1 s=BANNER_CONNECTING pgs=0 cs=0 l=0 rev1=0 crypto rx=0 tx=0 comp rx=0 tx=0)._handle_peer_banner_payload supported=3 required=0
2024-04-17T08:11:13.635 INFO:teuthology.orchestra.run.smithi007.stdout:/usr/bin/ceph: stderr
2024-04-17T08:11:12.619+0000 7efe9bfff700 1 --2- >> [v2:172.21.15.7:3300/0,v1:172.21.15.7:6789/0] conn(0x7efe9c108f30 0x7efe9c10b320 unknown :-1 s=HELLO_CONNECTING pgs=0 cs=0 l=0 rev1=1 crypto rx=0 tx=0 comp rx=0 tx=0).handle_hello peer v2:172.21.15.7:3300/0 says I am v2:172.21.15.7:57692/0 (socket says 172.21.15.7:57692)
2024-04-17T08:11:13.635 INFO:teuthology.orchestra.run.smithi007.stdout:/usr/bin/ceph: stderr
2024-04-17T08:11:12.619+0000 7efe9bfff700 1 -- 172.21.15.7:0/3495618984 learned_addr learned my addr 172.21.15.7:0/3495618984 (peer_addr_for_me v2:172.21.15.7:0/0)
2024-04-17T08:11:13.635 INFO:teuthology.orchestra.run.smithi007.stdout:/usr/bin/ceph: stderr
2024-04-17T08:11:12.619+0000 7efe9bfff700 1 -- 172.21.15.7:0/3495618984 --> [v2:172.21.15.7:3300/0,v1:172.21.15.7:6789/0] -- mon_subscribe({config=0+,monmap=0+}) -- 0x7efe9c10b860 con 0x7efe9c108f30
2024-04-17T08:11:13.636 INFO:teuthology.orchestra.run.smithi007.stdout:/usr/bin/ceph: stderr
2024-04-17T08:11:12.619+0000 7efe9bfff700 1 --2- 172.21.15.7:0/3495618984 >> [v2:172.21.15.7:3300/0,v1:172.21.15.7:6789/0] conn(0x7efe9c108f30 0x7efe9c10b320 secure :-1 s=READY pgs=47 cs=0 l=1 rev1=1 crypto rx=0x7efe8c0098a0 tx=0x7efe8c009bb0 comp rx=0 tx=0).ready entity=mon.0 client_cookie=74048253d8006788 server_cookie=0 in_seq=0 out_seq=0
2024-04-17T08:11:13.636 INFO:teuthology.orchestra.run.smithi007.stdout:/usr/bin/ceph: stderr
2024-04-17T08:11:12.620+0000 7efe9affd700 1 -- 172.21.15.7:0/3495618984 <== mon.0 v2:172.21.15.7:3300/0 1 ==== mon_map magic: 0 ==== 205+0+0 (secure 0 0 0) 0x7efe8c004160 con 0x7efe9c108f30
2024-04-17T08:11:13.636 INFO:teuthology.orchestra.run.smithi007.stdout:/usr/bin/ceph: stderr
2024-04-17T08:11:12.620+0000 7efe9affd700 1 -- 172.21.15.7:0/3495618984 <== mon.0 v2:172.21.15.7:3300/0 2 ==== config(27 keys) ==== 1109+0+0 (secure 0 0 0) 0x7efe8c004300 con 0x7efe9c108f30
2024-04-17T08:11:13.636 INFO:teuthology.orchestra.run.smithi007.stdout:/usr/bin/ceph: stderr
2024-04-17T08:11:12.620+0000 7efe9affd700 1 -- 172.21.15.7:0/3495618984 <== mon.0 v2:172.21.15.7:3300/0 3 ==== mon_map magic: 0 ==== 205+0+0 (secure 0 0 0) 0x7efe8c011b50 con 0x7efe9c108f30
2024-04-17T08:11:13.636 INFO:teuthology.orchestra.run.smithi007.stdout:/usr/bin/ceph: stderr
2024-04-17T08:11:12.620+0000 7efea22c3700 1 -- 172.21.15.7:0/3495618984 >> [v2:172.21.15.7:3300/0,v1:172.21.15.7:6789/0] conn(0x7efe9c108f30 msgr2=0x7efe9c10b320 secure :-1 s=STATE_CONNECTION_ESTABLISHED l=1).mark_down
2024-04-17T08:11:13.636 INFO:teuthology.orchestra.run.smithi007.stdout:/usr/bin/ceph: stderr
2024-04-17T08:11:12.620+0000 7efea22c3700 1 --2- 172.21.15.7:0/3495618984 >> [v2:172.21.15.7:3300/0,v1:172.21.15.7:6789/0] conn(0x7efe9c108f30 0x7efe9c10b320 secure :-1 s=READY pgs=47 cs=0 l=1 rev1=1 crypto rx=0x7efe8c0098a0 tx=0x7efe8c009bb0 comp rx=0 tx=0).stop
2024-04-17T08:11:13.636 INFO:teuthology.orchestra.run.smithi007.stdout:/usr/bin/ceph: stderr
2024-04-17T08:11:12.620+0000 7efea22c3700 1 -- 172.21.15.7:0/3495618984 shutdown_connections
2024-04-17T08:11:13.636 INFO:teuthology.orchestra.run.smithi007.stdout:/usr/bin/ceph: stderr
2024-04-17T08:11:12.620+0000 7efea22c3700 1 --2- 172.21.15.7:0/3495618984 >> [v2:172.21.15.7:3300/0,v1:172.21.15.7:6789/0] conn(0x7efe9c108f30 0x7efe9c10b320 unknown :-1 s=CLOSED pgs=47 cs=0 l=1 rev1=1 crypto rx=0 tx=0 comp rx=0 tx=0).stop
2024-04-17T08:11:13.636 INFO:teuthology.orchestra.run.smithi007.stdout:/usr/bin/ceph: stderr
2024-04-17T08:11:12.620+0000 7efea22c3700 1 -- 172.21.15.7:0/3495618984 >> 172.21.15.7:0/3495618984 conn(0x7efe9c102920 msgr2=0x7efe9c104d40 unknown :-1 s=STATE_NONE l=0).mark_down
2024-04-17T08:11:13.636 INFO:teuthology.orchestra.run.smithi007.stdout:/usr/bin/ceph: stderr
2024-04-17T08:11:12.620+0000 7efea22c3700 1 -- 172.21.15.7:0/3495618984 shutdown_connections
2024-04-17T08:11:13.636 INFO:teuthology.orchestra.run.smithi007.stdout:/usr/bin/ceph: stderr
2024-04-17T08:11:12.620+0000 7efea22c3700 1 -- 172.21.15.7:0/3495618984 wait complete.
2024-04-17T08:11:13.636 INFO:teuthology.orchestra.run.smithi007.stdout:/usr/bin/ceph: stderr
2024-04-17T08:11:12.621+0000 7efea22c3700 1 Processor -- start
2024-04-17T08:11:13.637 INFO:teuthology.orchestra.run.smithi007.stdout:/usr/bin/ceph: stderr
2024-04-17T08:11:12.621+0000 7efea22c3700 1 -- start start
2024-04-17T08:11:13.637 INFO:teuthology.orchestra.run.smithi007.stdout:/usr/bin/ceph: stderr
2024-04-17T08:11:12.622+0000 7efea22c3700 1 --2- >> [v2:172.21.15.7:3300/0,v1:172.21.15.7:6789/0] conn(0x7efe9c108f30 0x7efe9c19c270 unknown :-1 s=NONE pgs=0 cs=0 l=1 rev1=0 crypto rx=0 tx=0 comp rx=0 tx=0).connect
2024-04-17T08:11:13.637 INFO:teuthology.orchestra.run.smithi007.stdout:/usr/bin/ceph: stderr
2024-04-17T08:11:12.622+0000 7efea22c3700 1 -- --> [v2:172.21.15.7:3300/0,v1:172.21.15.7:6789/0] -- mon_getmap magic: 0 -- 0x7efe9c10c7b0 con 0x7efe9c108f30
2024-04-17T08:11:13.637 INFO:teuthology.orchestra.run.smithi007.stdout:/usr/bin/ceph: stderr
2024-04-17T08:11:12.622+0000 7efe9bfff700 1 --2- >> [v2:172.21.15.7:3300/0,v1:172.21.15.7:6789/0] conn(0x7efe9c108f30 0x7efe9c19c270 unknown :-1 s=BANNER_CONNECTING pgs=0 cs=0 l=1 rev1=0 crypto rx=0 tx=0 comp rx=0 tx=0)._handle_peer_banner_payload supported=3 required=0
2024-04-17T08:11:13.637 INFO:teuthology.orchestra.run.smithi007.stdout:/usr/bin/ceph: stderr
2024-04-17T08:11:12.622+0000 7efe9bfff700 1 --2- >> [v2:172.21.15.7:3300/0,v1:172.21.15.7:6789/0] conn(0x7efe9c108f30 0x7efe9c19c270 unknown :-1 s=HELLO_CONNECTING pgs=0 cs=0 l=1 rev1=1 crypto rx=0 tx=0 comp rx=0 tx=0).handle_hello peer v2:172.21.15.7:3300/0 says I am v2:172.21.15.7:57702/0 (socket says 172.21.15.7:57702)
2024-04-17T08:11:13.637 INFO:teuthology.orchestra.run.smithi007.stdout:/usr/bin/ceph: stderr
2024-04-17T08:11:12.622+0000 7efe9bfff700 1 -- 172.21.15.7:0/1308098516 learned_addr learned my addr 172.21.15.7:0/1308098516 (peer_addr_for_me v2:172.21.15.7:0/0)
2024-04-17T08:11:13.637 INFO:teuthology.orchestra.run.smithi007.stdout:/usr/bin/ceph: stderr
2024-04-17T08:11:12.622+0000 7efe9bfff700 1 -- 172.21.15.7:0/1308098516 --> [v2:172.21.15.7:3300/0,v1:172.21.15.7:6789/0] -- mon_subscribe({config=0+,monmap=0+}) -- 0x7efe9c19c7b0 con 0x7efe9c108f30
2024-04-17T08:11:13.637 INFO:teuthology.orchestra.run.smithi007.stdout:/usr/bin/ceph: stderr
2024-04-17T08:11:12.622+0000 7efe9bfff700 1 --2- 172.21.15.7:0/1308098516 >> [v2:172.21.15.7:3300/0,v1:172.21.15.7:6789/0] conn(0x7efe9c108f30 0x7efe9c19c270 secure :-1 s=READY pgs=48 cs=0 l=1 rev1=1 crypto rx=0x7efe8c011b60 tx=0x7efe8c011c40 comp rx=0 tx=0).ready entity=mon.0 client_cookie=0 server_cookie=0 in_seq=0 out_seq=0
2024-04-17T08:11:13.637 INFO:teuthology.orchestra.run.smithi007.stdout:/usr/bin/ceph: stderr
2024-04-17T08:11:12.622+0000 7efe997fa700 1 -- 172.21.15.7:0/1308098516 <== mon.0 v2:172.21.15.7:3300/0 1 ==== mon_map magic: 0 ==== 205+0+0 (secure 0 0 0) 0x7efe8c003b20 con 0x7efe9c108f30
2024-04-17T08:11:13.637 INFO:teuthology.orchestra.run.smithi007.stdout:/usr/bin/ceph: stderr
2024-04-17T08:11:12.622+0000 7efe997fa700 1 -- 172.21.15.7:0/1308098516 <== mon.0 v2:172.21.15.7:3300/0 2 ==== config(27 keys) ==== 1109+0+0 (secure 0 0 0) 0x7efe8c003cc0 con 0x7efe9c108f30
2024-04-17T08:11:13.637 INFO:teuthology.orchestra.run.smithi007.stdout:/usr/bin/ceph: stderr
2024-04-17T08:11:12.622+0000 7efea22c3700 1 -- 172.21.15.7:0/1308098516 --> [v2:172.21.15.7:3300/0,v1:172.21.15.7:6789/0] -- mon_subscribe({mgrmap=0+}) -- 0x7efe9c19ca40 con 0x7efe9c108f30
2024-04-17T08:11:13.637 INFO:teuthology.orchestra.run.smithi007.stdout:/usr/bin/ceph: stderr
2024-04-17T08:11:12.623+0000 7efe997fa700 1 -- 172.21.15.7:0/1308098516 <== mon.0 v2:172.21.15.7:3300/0 3 ==== mon_map magic: 0 ==== 205+0+0 (secure 0 0 0) 0x7efe8c024840 con 0x7efe9c108f30
2024-04-17T08:11:13.637 INFO:teuthology.orchestra.run.smithi007.stdout:/usr/bin/ceph: stderr
2024-04-17T08:11:12.623+0000 7efea22c3700 1 -- 172.21.15.7:0/1308098516 --> [v2:172.21.15.7:3300/0,v1:172.21.15.7:6789/0] -- mon_subscribe({osdmap=0}) -- 0x7efe9c19f730 con 0x7efe9c108f30
2024-04-17T08:11:13.638 INFO:teuthology.orchestra.run.smithi007.stdout:/usr/bin/ceph: stderr
2024-04-17T08:11:12.623+0000 7efe997fa700 1 -- 172.21.15.7:0/1308098516 <== mon.0 v2:172.21.15.7:3300/0 4 ==== mgrmap(e 8) ==== 46558+0+0 (secure 0 0 0) 0x7efe8c022020 con 0x7efe9c108f30
2024-04-17T08:11:13.638 INFO:teuthology.orchestra.run.smithi007.stdout:/usr/bin/ceph: stderr
2024-04-17T08:11:12.623+0000 7efea22c3700 1 -- 172.21.15.7:0/1308098516 --> [v2:172.21.15.7:3300/0,v1:172.21.15.7:6789/0] -- mon_command({"prefix": "get_command_descriptions"} v 0) -- 0x7efe9c0640b0 con 0x7efe9c108f30
2024-04-17T08:11:13.638 INFO:teuthology.orchestra.run.smithi007.stdout:/usr/bin/ceph: stderr
2024-04-17T08:11:12.624+0000 7efe997fa700 1 --2- 172.21.15.7:0/1308098516 >> [v2:172.21.15.7:6800/1660748557,v1:172.21.15.7:6801/1660748557] conn(0x7efe840396c0 0x7efe8403bb80 unknown :-1 s=NONE pgs=0 cs=0 l=1 rev1=0 crypto rx=0 tx=0 comp rx=0 tx=0).connect
2024-04-17T08:11:13.638 INFO:teuthology.orchestra.run.smithi007.stdout:/usr/bin/ceph: stderr
2024-04-17T08:11:12.624+0000 7efe997fa700 1 -- 172.21.15.7:0/1308098516 <== mon.0 v2:172.21.15.7:3300/0 5 ==== osd_map(2..2 src has 1..2) ==== 940+0+0 (secure 0 0 0) 0x7efe8c011e00 con 0x7efe9c108f30
2024-04-17T08:11:13.638 INFO:teuthology.orchestra.run.smithi007.stdout:/usr/bin/ceph: stderr
2024-04-17T08:11:12.624+0000 7efe9b7fe700 1 --2- 172.21.15.7:0/1308098516 >> [v2:172.21.15.7:6800/1660748557,v1:172.21.15.7:6801/1660748557] conn(0x7efe840396c0 0x7efe8403bb80 unknown :-1 s=BANNER_CONNECTING pgs=0 cs=0 l=1 rev1=0 crypto rx=0 tx=0 comp rx=0 tx=0)._handle_peer_banner_payload supported=3 required=0
2024-04-17T08:11:13.638 INFO:teuthology.orchestra.run.smithi007.stdout:/usr/bin/ceph: stderr
2024-04-17T08:11:12.624+0000 7efe9b7fe700 1 --2- 172.21.15.7:0/1308098516 >> [v2:172.21.15.7:6800/1660748557,v1:172.21.15.7:6801/1660748557] conn(0x7efe840396c0 0x7efe8403bb80 secure :-1 s=READY pgs=13 cs=0 l=1 rev1=1 crypto rx=0x7efe90006fd0 tx=0x7efe90006e40 comp rx=0 tx=0).ready entity=mgr.14118 client_cookie=0 server_cookie=0 in_seq=0 out_seq=0
2024-04-17T08:11:13.638 INFO:teuthology.orchestra.run.smithi007.stdout:/usr/bin/ceph: stderr
2024-04-17T08:11:12.629+0000 7efe997fa700 1 -- 172.21.15.7:0/1308098516 <== mon.0 v2:172.21.15.7:3300/0 6 ==== mon_command_ack([{"prefix": "get_command_descriptions"}]=0 v0) ==== 72+0+188381 (secure 0 0 0) 0x7efe8c019c70 con 0x7efe9c108f30
2024-04-17T08:11:13.638 INFO:teuthology.orchestra.run.smithi007.stdout:/usr/bin/ceph: stderr
2024-04-17T08:11:12.858+0000 7efea22c3700 1 -- 172.21.15.7:0/1308098516 --> [v2:172.21.15.7:6800/1660748557,v1:172.21.15.7:6801/1660748557] -- mgr_command(tid 0: {"prefix": "orch apply", "service_type": "mgr", "unmanaged": true, "target": ["mon-mgr", ""]}) -- 0x7efe9c103a60 con 0x7efe840396c0
2024-04-17T08:11:13.638 INFO:teuthology.orchestra.run.smithi007.stdout:/usr/bin/ceph: stderr
2024-04-17T08:11:12.863+0000 7efe997fa700 1 -- 172.21.15.7:0/1308098516 <== mgr.14118 v2:172.21.15.7:6800/1660748557 1 ==== mgr_command_reply(tid 0: 0 ) ==== 8+0+24 (secure 0 0 0) 0x7efe9c103a60 con 0x7efe840396c0
2024-04-17T08:11:13.638 INFO:teuthology.orchestra.run.smithi007.stdout:/usr/bin/ceph: stderr
2024-04-17T08:11:12.865+0000 7efea22c3700 1 -- 172.21.15.7:0/1308098516 >> [v2:172.21.15.7:6800/1660748557,v1:172.21.15.7:6801/1660748557] conn(0x7efe840396c0 msgr2=0x7efe8403bb80 secure :-1 s=STATE_CONNECTION_ESTABLISHED l=1).mark_down
2024-04-17T08:11:13.638 INFO:teuthology.orchestra.run.smithi007.stdout:/usr/bin/ceph: stderr
2024-04-17T08:11:12.865+0000 7efea22c3700 1 --2- 172.21.15.7:0/1308098516 >> [v2:172.21.15.7:6800/1660748557,v1:172.21.15.7:6801/1660748557] conn(0x7efe840396c0 0x7efe8403bb80 secure :-1 s=READY pgs=13 cs=0 l=1 rev1=1 crypto rx=0x7efe90006fd0 tx=0x7efe90006e40 comp rx=0 tx=0).stop
2024-04-17T08:11:13.638 INFO:teuthology.orchestra.run.smithi007.stdout:/usr/bin/ceph: stderr
2024-04-17T08:11:12.865+0000 7efea22c3700 1 -- 172.21.15.7:0/1308098516 >> [v2:172.21.15.7:3300/0,v1:172.21.15.7:6789/0] conn(0x7efe9c108f30 msgr2=0x7efe9c19c270 secure :-1 s=STATE_CONNECTION_ESTABLISHED l=1).mark_down
2024-04-17T08:11:13.638 INFO:teuthology.orchestra.run.smithi007.stdout:/usr/bin/ceph: stderr
2024-04-17T08:11:12.865+0000 7efea22c3700 1 --2- 172.21.15.7:0/1308098516 >> [v2:172.21.15.7:3300/0,v1:172.21.15.7:6789/0] conn(0x7efe9c108f30 0x7efe9c19c270 secure :-1 s=READY pgs=48 cs=0 l=1 rev1=1 crypto rx=0x7efe8c011b60 tx=0x7efe8c011c40 comp rx=0 tx=0).stop
2024-04-17T08:11:13.639 INFO:teuthology.orchestra.run.smithi007.stdout:/usr/bin/ceph: stderr
2024-04-17T08:11:12.865+0000 7efea22c3700 1 -- 172.21.15.7:0/1308098516 shutdown_connections
2024-04-17T08:11:13.639 INFO:teuthology.orchestra.run.smithi007.stdout:/usr/bin/ceph: stderr
2024-04-17T08:11:12.865+0000 7efea22c3700 1 --2- 172.21.15.7:0/1308098516 >> [v2:172.21.15.7:6800/1660748557,v1:172.21.15.7:6801/1660748557] conn(0x7efe840396c0 0x7efe8403bb80 unknown :-1 s=CLOSED pgs=13 cs=0 l=1 rev1=1 crypto rx=0 tx=0 comp rx=0 tx=0).stop
2024-04-17T08:11:13.639 INFO:teuthology.orchestra.run.smithi007.stdout:/usr/bin/ceph: stderr
2024-04-17T08:11:12.865+0000 7efea22c3700 1 --2- 172.21.15.7:0/1308098516 >> [v2:172.21.15.7:3300/0,v1:172.21.15.7:6789/0] conn(0x7efe9c108f30 0x7efe9c19c270 unknown :-1 s=CLOSED pgs=48 cs=0 l=1 rev1=1 crypto rx=0 tx=0 comp rx=0 tx=0).stop
2024-04-17T08:11:13.639 INFO:teuthology.orchestra.run.smithi007.stdout:/usr/bin/ceph: stderr
2024-04-17T08:11:12.865+0000 7efea22c3700 1 -- 172.21.15.7:0/1308098516 >> 172.21.15.7:0/1308098516 conn(0x7efe9c102920 msgr2=0x7efe9c103350 unknown :-1 s=STATE_NONE l=0).mark_down
2024-04-17T08:11:13.639 INFO:teuthology.orchestra.run.smithi007.stdout:/usr/bin/ceph: stderr
2024-04-17T08:11:12.865+0000 7efea22c3700 1 -- 172.21.15.7:0/1308098516 shutdown_connections
2024-04-17T08:11:13.639 INFO:teuthology.orchestra.run.smithi007.stdout:/usr/bin/ceph: stderr
2024-04-17T08:11:12.865+0000 7efea22c3700 1 -- 172.21.15.7:0/1308098516 wait complete.
2024-04-17T08:11:14.118 INFO:journalctl@ceph.mon.a.smithi007.stdout:Apr 17 08:11:13 smithi007 ceph-mon[32040]: from='client.14142 -' entity='client.admin' cmd=[{"prefix": "orch apply", "service_type": "mgr", "unmanaged": true, "target": ["mon-mgr", ""]}]: dispatch
2024-04-17T08:11:14.118 INFO:journalctl@ceph.mon.a.smithi007.stdout:Apr 17 08:11:13 smithi007 ceph-mon[32040]: Saving service mgr spec with placement count:2
2024-04-17T08:11:14.118 INFO:journalctl@ceph.mon.a.smithi007.stdout:Apr 17 08:11:13 smithi007 ceph-mon[32040]: from='mgr.14118 172.21.15.7:0/3718260127' entity='mgr.x'
2024-04-17T08:11:15.309 INFO:teuthology.orchestra.run.smithi007.stdout:/usr/bin/ceph: stderr
2024-04-17T08:11:14.239+0000 7fc9fef59700 1 Processor -- start
2024-04-17T08:11:15.310 INFO:teuthology.orchestra.run.smithi007.stdout:/usr/bin/ceph: stderr
2024-04-17T08:11:14.239+0000 7fc9fef59700 1 -- start start
2024-04-17T08:11:15.310 INFO:teuthology.orchestra.run.smithi007.stdout:/usr/bin/ceph: stderr
2024-04-17T08:11:14.239+0000 7fc9fef59700 1 --2- >> [v2:172.21.15.7:3300/0,v1:172.21.15.7:6789/0] conn(0x7fc9f8108ef0 0x7fc9f810b2e0 unknown :-1 s=NONE pgs=0 cs=0 l=0 rev1=0 crypto rx=0 tx=0 comp rx=0 tx=0).connect
2024-04-17T08:11:15.310 INFO:teuthology.orchestra.run.smithi007.stdout:/usr/bin/ceph: stderr
2024-04-17T08:11:14.239+0000 7fc9fef59700 1 -- --> [v2:172.21.15.7:3300/0,v1:172.21.15.7:6789/0] -- mon_getmap magic: 0 -- 0x7fc9f807be60 con 0x7fc9f8108ef0
2024-04-17T08:11:15.310 INFO:teuthology.orchestra.run.smithi007.stdout:/usr/bin/ceph: stderr
2024-04-17T08:11:14.239+0000 7fc9fccf5700 1 --2- >> [v2:172.21.15.7:3300/0,v1:172.21.15.7:6789/0] conn(0x7fc9f8108ef0 0x7fc9f810b2e0 unknown :-1 s=BANNER_CONNECTING pgs=0 cs=0 l=0 rev1=0 crypto rx=0 tx=0 comp rx=0 tx=0)._handle_peer_banner_payload supported=3 required=0
2024-04-17T08:11:15.310 INFO:teuthology.orchestra.run.smithi007.stdout:/usr/bin/ceph: stderr
2024-04-17T08:11:14.239+0000 7fc9fccf5700 1 --2- >> [v2:172.21.15.7:3300/0,v1:172.21.15.7:6789/0] conn(0x7fc9f8108ef0 0x7fc9f810b2e0 unknown :-1 s=HELLO_CONNECTING pgs=0 cs=0 l=0 rev1=1 crypto rx=0 tx=0 comp rx=0 tx=0).handle_hello peer v2:172.21.15.7:3300/0 says I am v2:172.21.15.7:57718/0 (socket says 172.21.15.7:57718)
2024-04-17T08:11:15.310 INFO:teuthology.orchestra.run.smithi007.stdout:/usr/bin/ceph: stderr
2024-04-17T08:11:14.239+0000 7fc9fccf5700 1 -- 172.21.15.7:0/3498133540 learned_addr learned my addr 172.21.15.7:0/3498133540 (peer_addr_for_me v2:172.21.15.7:0/0)
2024-04-17T08:11:15.310 INFO:teuthology.orchestra.run.smithi007.stdout:/usr/bin/ceph: stderr
2024-04-17T08:11:14.239+0000 7fc9fccf5700 1 -- 172.21.15.7:0/3498133540 --> [v2:172.21.15.7:3300/0,v1:172.21.15.7:6789/0] -- mon_subscribe({config=0+,monmap=0+}) -- 0x7fc9f810b820 con 0x7fc9f8108ef0
2024-04-17T08:11:15.310 INFO:teuthology.orchestra.run.smithi007.stdout:/usr/bin/ceph: stderr
2024-04-17T08:11:14.240+0000 7fc9fccf5700 1 --2- 172.21.15.7:0/3498133540 >> [v2:172.21.15.7:3300/0,v1:172.21.15.7:6789/0] conn(0x7fc9f8108ef0 0x7fc9f810b2e0 secure :-1 s=READY pgs=49 cs=0 l=1 rev1=1 crypto rx=0x7fc9e8009e80 tx=0x7fc9e800b330 comp rx=0 tx=0).ready entity=mon.0 client_cookie=b8350fdd6677b8ab server_cookie=0 in_seq=0 out_seq=0
2024-04-17T08:11:15.310 INFO:teuthology.orchestra.run.smithi007.stdout:/usr/bin/ceph: stderr
2024-04-17T08:11:14.240+0000 7fc9f77fe700 1 -- 172.21.15.7:0/3498133540 <== mon.0 v2:172.21.15.7:3300/0 1 ==== mon_map magic: 0 ==== 205+0+0 (secure 0 0 0) 0x7fc9e8017070 con 0x7fc9f8108ef0
2024-04-17T08:11:15.310 INFO:teuthology.orchestra.run.smithi007.stdout:/usr/bin/ceph: stderr
2024-04-17T08:11:14.240+0000 7fc9f77fe700 1 -- 172.21.15.7:0/3498133540 <== mon.0 v2:172.21.15.7:3300/0 2 ==== config(27 keys) ==== 1109+0+0 (secure 0 0 0) 0x7fc9e800b8c0 con 0x7fc9f8108ef0
2024-04-17T08:11:15.310 INFO:teuthology.orchestra.run.smithi007.stdout:/usr/bin/ceph: stderr
2024-04-17T08:11:14.240+0000 7fc9f77fe700 1 -- 172.21.15.7:0/3498133540 <== mon.0 v2:172.21.15.7:3300/0 3 ==== mon_map magic: 0 ==== 205+0+0 (secure 0 0 0) 0x7fc9e80045c0 con 0x7fc9f8108ef0
2024-04-17T08:11:15.311 INFO:teuthology.orchestra.run.smithi007.stdout:/usr/bin/ceph: stderr
2024-04-17T08:11:14.240+0000 7fc9fef59700 1 -- 172.21.15.7:0/3498133540 >> [v2:172.21.15.7:3300/0,v1:172.21.15.7:6789/0] conn(0x7fc9f8108ef0 msgr2=0x7fc9f810b2e0 secure :-1 s=STATE_CONNECTION_ESTABLISHED l=1).mark_down
2024-04-17T08:11:15.311 INFO:teuthology.orchestra.run.smithi007.stdout:/usr/bin/ceph: stderr
2024-04-17T08:11:14.240+0000 7fc9fef59700 1 --2- 172.21.15.7:0/3498133540 >> [v2:172.21.15.7:3300/0,v1:172.21.15.7:6789/0] conn(0x7fc9f8108ef0 0x7fc9f810b2e0 secure :-1 s=READY pgs=49 cs=0 l=1 rev1=1 crypto rx=0x7fc9e8009e80 tx=0x7fc9e800b330 comp rx=0 tx=0).stop
2024-04-17T08:11:15.311 INFO:teuthology.orchestra.run.smithi007.stdout:/usr/bin/ceph: stderr
2024-04-17T08:11:14.240+0000 7fc9fef59700 1 -- 172.21.15.7:0/3498133540 shutdown_connections
2024-04-17T08:11:15.311 INFO:teuthology.orchestra.run.smithi007.stdout:/usr/bin/ceph: stderr
2024-04-17T08:11:14.240+0000 7fc9fef59700 1 --2- 172.21.15.7:0/3498133540 >> [v2:172.21.15.7:3300/0,v1:172.21.15.7:6789/0] conn(0x7fc9f8108ef0 0x7fc9f810b2e0 unknown :-1 s=CLOSED pgs=49 cs=0 l=1 rev1=1 crypto rx=0 tx=0 comp rx=0 tx=0).stop
2024-04-17T08:11:15.311 INFO:teuthology.orchestra.run.smithi007.stdout:/usr/bin/ceph: stderr
2024-04-17T08:11:14.240+0000 7fc9fef59700 1 -- 172.21.15.7:0/3498133540 >> 172.21.15.7:0/3498133540 conn(0x7fc9f8102920 msgr2=0x7fc9f8104d40 unknown :-1 s=STATE_NONE l=0).mark_down
2024-04-17T08:11:15.311 INFO:teuthology.orchestra.run.smithi007.stdout:/usr/bin/ceph: stderr
2024-04-17T08:11:14.240+0000 7fc9fef59700 1 -- 172.21.15.7:0/3498133540 shutdown_connections
2024-04-17T08:11:15.311 INFO:teuthology.orchestra.run.smithi007.stdout:/usr/bin/ceph: stderr
2024-04-17T08:11:14.240+0000 7fc9fef59700 1 -- 172.21.15.7:0/3498133540 wait complete.
2024-04-17T08:11:15.311 INFO:teuthology.orchestra.run.smithi007.stdout:/usr/bin/ceph: stderr
2024-04-17T08:11:14.241+0000 7fc9fef59700 1 Processor -- start
2024-04-17T08:11:15.311 INFO:teuthology.orchestra.run.smithi007.stdout:/usr/bin/ceph: stderr
2024-04-17T08:11:14.241+0000 7fc9fef59700 1 -- start start
2024-04-17T08:11:15.311 INFO:teuthology.orchestra.run.smithi007.stdout:/usr/bin/ceph: stderr
2024-04-17T08:11:14.241+0000 7fc9fef59700 1 --2- >> [v2:172.21.15.7:3300/0,v1:172.21.15.7:6789/0] conn(0x7fc9f8108ef0 0x7fc9f819c1f0 unknown :-1 s=NONE pgs=0 cs=0 l=1 rev1=0 crypto rx=0 tx=0 comp rx=0 tx=0).connect
2024-04-17T08:11:15.311 INFO:teuthology.orchestra.run.smithi007.stdout:/usr/bin/ceph: stderr
2024-04-17T08:11:14.241+0000 7fc9fef59700 1 -- --> [v2:172.21.15.7:3300/0,v1:172.21.15.7:6789/0] -- mon_getmap magic: 0 -- 0x7fc9f810c780 con 0x7fc9f8108ef0
2024-04-17T08:11:15.311 INFO:teuthology.orchestra.run.smithi007.stdout:/usr/bin/ceph: stderr
2024-04-17T08:11:14.241+0000 7fc9fccf5700 1 --2- >> [v2:172.21.15.7:3300/0,v1:172.21.15.7:6789/0] conn(0x7fc9f8108ef0 0x7fc9f819c1f0 unknown :-1 s=BANNER_CONNECTING pgs=0 cs=0 l=1 rev1=0 crypto rx=0 tx=0 comp rx=0 tx=0)._handle_peer_banner_payload supported=3 required=0
2024-04-17T08:11:15.311 INFO:teuthology.orchestra.run.smithi007.stdout:/usr/bin/ceph: stderr
2024-04-17T08:11:14.241+0000 7fc9fccf5700 1 --2- >> [v2:172.21.15.7:3300/0,v1:172.21.15.7:6789/0] conn(0x7fc9f8108ef0 0x7fc9f819c1f0 unknown :-1 s=HELLO_CONNECTING pgs=0 cs=0 l=1 rev1=1 crypto rx=0 tx=0 comp rx=0 tx=0).handle_hello peer v2:172.21.15.7:3300/0 says I am v2:172.21.15.7:57726/0 (socket says 172.21.15.7:57726)
2024-04-17T08:11:15.311 INFO:teuthology.orchestra.run.smithi007.stdout:/usr/bin/ceph: stderr
2024-04-17T08:11:14.241+0000 7fc9fccf5700 1 -- 172.21.15.7:0/303480644 learned_addr learned my addr 172.21.15.7:0/303480644 (peer_addr_for_me v2:172.21.15.7:0/0)
2024-04-17T08:11:15.311 INFO:teuthology.orchestra.run.smithi007.stdout:/usr/bin/ceph: stderr
2024-04-17T08:11:14.242+0000 7fc9fccf5700 1 -- 172.21.15.7:0/303480644 --> [v2:172.21.15.7:3300/0,v1:172.21.15.7:6789/0] -- mon_subscribe({config=0+,monmap=0+}) -- 0x7fc9f819c730 con 0x7fc9f8108ef0
2024-04-17T08:11:15.312 INFO:teuthology.orchestra.run.smithi007.stdout:/usr/bin/ceph: stderr
2024-04-17T08:11:14.242+0000 7fc9fccf5700 1 --2- 172.21.15.7:0/303480644 >> [v2:172.21.15.7:3300/0,v1:172.21.15.7:6789/0] conn(0x7fc9f8108ef0 0x7fc9f819c1f0 secure :-1 s=READY pgs=50 cs=0 l=1 rev1=1 crypto rx=0x7fc9e8004350 tx=0x7fc9e800bd50 comp rx=0 tx=0).ready entity=mon.0 client_cookie=0 server_cookie=0 in_seq=0 out_seq=0
2024-04-17T08:11:15.312 INFO:teuthology.orchestra.run.smithi007.stdout:/usr/bin/ceph: stderr
2024-04-17T08:11:14.242+0000 7fc9f5ffb700 1 -- 172.21.15.7:0/303480644 <== mon.0 v2:172.21.15.7:3300/0 1 ==== mon_map magic: 0 ==== 205+0+0 (secure 0 0 0) 0x7fc9e8020020 con 0x7fc9f8108ef0
2024-04-17T08:11:15.312 INFO:teuthology.orchestra.run.smithi007.stdout:/usr/bin/ceph: stderr
2024-04-17T08:11:14.242+0000 7fc9f5ffb700 1 -- 172.21.15.7:0/303480644 <== mon.0 v2:172.21.15.7:3300/0 2 ==== config(27 keys) ==== 1109+0+0 (secure 0 0 0) 0x7fc9e8003c10 con 0x7fc9f8108ef0
2024-04-17T08:11:15.312 INFO:teuthology.orchestra.run.smithi007.stdout:/usr/bin/ceph: stderr
2024-04-17T08:11:14.242+0000 7fc9fef59700 1 -- 172.21.15.7:0/303480644 --> [v2:172.21.15.7:3300/0,v1:172.21.15.7:6789/0] -- mon_subscribe({mgrmap=0+}) -- 0x7fc9f819c9c0 con 0x7fc9f8108ef0
2024-04-17T08:11:15.312 INFO:teuthology.orchestra.run.smithi007.stdout:/usr/bin/ceph: stderr
2024-04-17T08:11:14.242+0000 7fc9f5ffb700 1 -- 172.21.15.7:0/303480644 <== mon.0 v2:172.21.15.7:3300/0 3 ==== mon_map magic: 0 ==== 205+0+0 (secure 0 0 0) 0x7fc9e8017040 con 0x7fc9f8108ef0
2024-04-17T08:11:15.312 INFO:teuthology.orchestra.run.smithi007.stdout:/usr/bin/ceph: stderr
2024-04-17T08:11:14.242+0000 7fc9fef59700 1 -- 172.21.15.7:0/303480644 --> [v2:172.21.15.7:3300/0,v1:172.21.15.7:6789/0] -- mon_subscribe({osdmap=0}) -- 0x7fc9f819f6b0 con 0x7fc9f8108ef0
2024-04-17T08:11:15.312 INFO:teuthology.orchestra.run.smithi007.stdout:/usr/bin/ceph: stderr
2024-04-17T08:11:14.243+0000 7fc9f5ffb700 1 -- 172.21.15.7:0/303480644 <== mon.0 v2:172.21.15.7:3300/0 4 ==== mgrmap(e 8) ==== 46558+0+0 (secure 0 0 0) 0x7fc9e8023020 con 0x7fc9f8108ef0
2024-04-17T08:11:15.312 INFO:teuthology.orchestra.run.smithi007.stdout:/usr/bin/ceph: stderr
2024-04-17T08:11:14.243+0000 7fc9fef59700 1 -- 172.21.15.7:0/303480644 --> [v2:172.21.15.7:3300/0,v1:172.21.15.7:6789/0] -- mon_command({"prefix": "get_command_descriptions"} v 0) -- 0x7fc9f80640b0 con 0x7fc9f8108ef0
2024-04-17T08:11:15.312 INFO:teuthology.orchestra.run.smithi007.stdout:/usr/bin/ceph: stderr
2024-04-17T08:11:14.243+0000 7fc9f5ffb700 1 --2- 172.21.15.7:0/303480644 >> [v2:172.21.15.7:6800/1660748557,v1:172.21.15.7:6801/1660748557] conn(0x7fc9e4039670 0x7fc9e403bb30 unknown :-1 s=NONE pgs=0 cs=0 l=1 rev1=0 crypto rx=0 tx=0 comp rx=0 tx=0).connect
2024-04-17T08:11:15.312 INFO:teuthology.orchestra.run.smithi007.stdout:/usr/bin/ceph: stderr
2024-04-17T08:11:14.243+0000 7fc9f5ffb700 1 -- 172.21.15.7:0/303480644 <== mon.0 v2:172.21.15.7:3300/0 5 ==== osd_map(2..2 src has 1..2) ==== 940+0+0 (secure 0 0 0) 0x7fc9e800f050 con 0x7fc9f8108ef0
2024-04-17T08:11:15.312 INFO:teuthology.orchestra.run.smithi007.stdout:/usr/bin/ceph: stderr
2024-04-17T08:11:14.243+0000 7fc9f7fff700 1 --2- 172.21.15.7:0/303480644 >> [v2:172.21.15.7:6800/1660748557,v1:172.21.15.7:6801/1660748557] conn(0x7fc9e4039670 0x7fc9e403bb30 unknown :-1 s=BANNER_CONNECTING pgs=0 cs=0 l=1 rev1=0 crypto rx=0 tx=0 comp rx=0 tx=0)._handle_peer_banner_payload supported=3 required=0
2024-04-17T08:11:15.312 INFO:teuthology.orchestra.run.smithi007.stdout:/usr/bin/ceph: stderr
2024-04-17T08:11:14.244+0000 7fc9f7fff700 1 --2- 172.21.15.7:0/303480644 >> [v2:172.21.15.7:6800/1660748557,v1:172.21.15.7:6801/1660748557] conn(0x7fc9e4039670 0x7fc9e403bb30 secure :-1 s=READY pgs=14 cs=0 l=1 rev1=1 crypto rx=0x7fc9e0006fd0 tx=0x7fc9e0006e40 comp rx=0 tx=0).ready entity=mgr.14118 client_cookie=0 server_cookie=0 in_seq=0 out_seq=0
2024-04-17T08:11:15.312 INFO:teuthology.orchestra.run.smithi007.stdout:/usr/bin/ceph: stderr
2024-04-17T08:11:14.248+0000 7fc9f5ffb700 1 -- 172.21.15.7:0/303480644 <== mon.0 v2:172.21.15.7:3300/0 6 ==== mon_command_ack([{"prefix": "get_command_descriptions"}]=0 v0) ==== 72+0+188381 (secure 0 0 0) 0x7fc9e802a020 con 0x7fc9f8108ef0
2024-04-17T08:11:15.312 INFO:teuthology.orchestra.run.smithi007.stdout:/usr/bin/ceph: stderr
2024-04-17T08:11:14.455+0000 7fc9fef59700 1 -- 172.21.15.7:0/303480644 --> [v2:172.21.15.7:3300/0,v1:172.21.15.7:6789/0] -- mon_command([{prefix=config set, name=mgr/cephadm/container_init}] v 0) -- 0x7fc9f819fda0 con 0x7fc9f8108ef0
2024-04-17T08:11:15.312 INFO:teuthology.orchestra.run.smithi007.stdout:/usr/bin/ceph: stderr
2024-04-17T08:11:14.457+0000 7fc9f5ffb700 1 -- 172.21.15.7:0/303480644 <== mon.0 v2:172.21.15.7:3300/0 7 ==== mon_command_ack([{prefix=config set, name=mgr/cephadm/container_init}]=0 v6)=0 v6) ==== 142+0+0 (secure 0 0 0) 0x7fc9e801b730 con 0x7fc9f8108ef0
2024-04-17T08:11:15.313 INFO:teuthology.orchestra.run.smithi007.stdout:/usr/bin/ceph: stderr
2024-04-17T08:11:14.460+0000 7fc9fef59700 1 -- 172.21.15.7:0/303480644 >> [v2:172.21.15.7:6800/1660748557,v1:172.21.15.7:6801/1660748557] conn(0x7fc9e4039670 msgr2=0x7fc9e403bb30 secure :-1 s=STATE_CONNECTION_ESTABLISHED l=1).mark_down
2024-04-17T08:11:15.313 INFO:teuthology.orchestra.run.smithi007.stdout:/usr/bin/ceph: stderr
2024-04-17T08:11:14.460+0000 7fc9fef59700 1 --2- 172.21.15.7:0/303480644 >> [v2:172.21.15.7:6800/1660748557,v1:172.21.15.7:6801/1660748557] conn(0x7fc9e4039670 0x7fc9e403bb30 secure :-1 s=READY pgs=14 cs=0 l=1 rev1=1 crypto rx=0x7fc9e0006fd0 tx=0x7fc9e0006e40 comp rx=0 tx=0).stop
2024-04-17T08:11:15.313 INFO:teuthology.orchestra.run.smithi007.stdout:/usr/bin/ceph: stderr
2024-04-17T08:11:14.460+0000 7fc9fef59700 1 -- 172.21.15.7:0/303480644 >> [v2:172.21.15.7:3300/0,v1:172.21.15.7:6789/0] conn(0x7fc9f8108ef0 msgr2=0x7fc9f819c1f0 secure :-1 s=STATE_CONNECTION_ESTABLISHED l=1).mark_down
2024-04-17T08:11:15.313 INFO:teuthology.orchestra.run.smithi007.stdout:/usr/bin/ceph: stderr
2024-04-17T08:11:14.460+0000 7fc9fef59700 1 --2- 172.21.15.7:0/303480644 >> [v2:172.21.15.7:3300/0,v1:172.21.15.7:6789/0] conn(0x7fc9f8108ef0 0x7fc9f819c1f0 secure :-1 s=READY pgs=50 cs=0 l=1 rev1=1 crypto rx=0x7fc9e8004350 tx=0x7fc9e800bd50 comp rx=0 tx=0).stop
2024-04-17T08:11:15.313 INFO:teuthology.orchestra.run.smithi007.stdout:/usr/bin/ceph: stderr
2024-04-17T08:11:14.460+0000 7fc9fef59700 1 -- 172.21.15.7:0/303480644 shutdown_connections
2024-04-17T08:11:15.313 INFO:teuthology.orchestra.run.smithi007.stdout:/usr/bin/ceph: stderr
2024-04-17T08:11:14.460+0000 7fc9fef59700 1 --2- 172.21.15.7:0/303480644 >> [v2:172.21.15.7:6800/1660748557,v1:172.21.15.7:6801/1660748557] conn(0x7fc9e4039670 0x7fc9e403bb30 unknown :-1 s=CLOSED pgs=14 cs=0 l=1 rev1=1 crypto rx=0 tx=0 comp rx=0 tx=0).stop
2024-04-17T08:11:15.313 INFO:teuthology.orchestra.run.smithi007.stdout:/usr/bin/ceph: stderr
2024-04-17T08:11:14.460+0000 7fc9fef59700 1 --2- 172.21.15.7:0/303480644 >> [v2:172.21.15.7:3300/0,v1:172.21.15.7:6789/0] conn(0x7fc9f8108ef0 0x7fc9f819c1f0 unknown :-1 s=CLOSED pgs=50 cs=0 l=1 rev1=1 crypto rx=0 tx=0 comp rx=0 tx=0).stop
2024-04-17T08:11:15.313 INFO:teuthology.orchestra.run.smithi007.stdout:/usr/bin/ceph: stderr
2024-04-17T08:11:14.460+0000 7fc9fef59700 1 -- 172.21.15.7:0/303480644 >> 172.21.15.7:0/303480644 conn(0x7fc9f8102920 msgr2=0x7fc9f8103320 unknown :-1 s=STATE_NONE l=0).mark_down
2024-04-17T08:11:15.313 INFO:teuthology.orchestra.run.smithi007.stdout:/usr/bin/ceph: stderr
2024-04-17T08:11:14.460+0000 7fc9fef59700 1 -- 172.21.15.7:0/303480644 shutdown_connections
2024-04-17T08:11:15.313 INFO:teuthology.orchestra.run.smithi007.stdout:/usr/bin/ceph: stderr
2024-04-17T08:11:14.460+0000 7fc9fef59700 1 -- 172.21.15.7:0/303480644 wait complete.
2024-04-17T08:11:15.605 INFO:journalctl@ceph.mon.a.smithi007.stdout:Apr 17 08:11:15 smithi007 ceph-mon[32040]: from='client.? 172.21.15.7:0/303480644' entity='client.admin'
2024-04-17T08:11:15.605 INFO:journalctl@ceph.mon.a.smithi007.stdout:Apr 17 08:11:15 smithi007 ceph-mon[32040]: from='mgr.14118 172.21.15.7:0/3718260127' entity='mgr.x'
2024-04-17T08:11:15.605 INFO:journalctl@ceph.mon.a.smithi007.stdout:Apr 17 08:11:15 smithi007 ceph-mon[32040]: from='mgr.14118 172.21.15.7:0/3718260127' entity='mgr.x'
2024-04-17T08:11:16.433 INFO:teuthology.orchestra.run.smithi007.stdout:/usr/bin/ceph: stderr
2024-04-17T08:11:15.713+0000 7f9460013700 1 Processor -- start
2024-04-17T08:11:16.433 INFO:teuthology.orchestra.run.smithi007.stdout:/usr/bin/ceph: stderr
2024-04-17T08:11:15.713+0000 7f9460013700 1 -- start start
2024-04-17T08:11:16.434 INFO:teuthology.orchestra.run.smithi007.stdout:/usr/bin/ceph: stderr
2024-04-17T08:11:15.713+0000 7f9460013700 1 --2- >> [v2:172.21.15.7:3300/0,v1:172.21.15.7:6789/0] conn(0x7f9458108ef0 0x7f945810b2e0 unknown :-1 s=NONE pgs=0 cs=0 l=0 rev1=0 crypto rx=0 tx=0 comp rx=0 tx=0).connect
2024-04-17T08:11:16.434 INFO:teuthology.orchestra.run.smithi007.stdout:/usr/bin/ceph: stderr
2024-04-17T08:11:15.713+0000 7f9460013700 1 -- --> [v2:172.21.15.7:3300/0,v1:172.21.15.7:6789/0] -- mon_getmap magic: 0 -- 0x7f945807be60 con 0x7f9458108ef0
2024-04-17T08:11:16.434 INFO:teuthology.orchestra.run.smithi007.stdout:/usr/bin/ceph: stderr
2024-04-17T08:11:15.713+0000 7f945ddaf700 1 --2- >> [v2:172.21.15.7:3300/0,v1:172.21.15.7:6789/0] conn(0x7f9458108ef0 0x7f945810b2e0 unknown :-1 s=BANNER_CONNECTING pgs=0 cs=0 l=0 rev1=0 crypto rx=0 tx=0 comp rx=0 tx=0)._handle_peer_banner_payload supported=3 required=0
2024-04-17T08:11:16.434 INFO:teuthology.orchestra.run.smithi007.stdout:/usr/bin/ceph: stderr
2024-04-17T08:11:15.713+0000 7f945ddaf700 1 --2- >> [v2:172.21.15.7:3300/0,v1:172.21.15.7:6789/0] conn(0x7f9458108ef0 0x7f945810b2e0 unknown :-1 s=HELLO_CONNECTING pgs=0 cs=0 l=0 rev1=1 crypto rx=0 tx=0 comp rx=0 tx=0).handle_hello peer v2:172.21.15.7:3300/0 says I am v2:172.21.15.7:57738/0 (socket says 172.21.15.7:57738)
2024-04-17T08:11:16.434 INFO:teuthology.orchestra.run.smithi007.stdout:/usr/bin/ceph: stderr
2024-04-17T08:11:15.713+0000 7f945ddaf700 1 -- 172.21.15.7:0/3263418603 learned_addr learned my addr 172.21.15.7:0/3263418603 (peer_addr_for_me v2:172.21.15.7:0/0)
2024-04-17T08:11:16.434 INFO:teuthology.orchestra.run.smithi007.stdout:/usr/bin/ceph: stderr
2024-04-17T08:11:15.713+0000 7f945ddaf700 1 -- 172.21.15.7:0/3263418603 --> [v2:172.21.15.7:3300/0,v1:172.21.15.7:6789/0] -- mon_subscribe({config=0+,monmap=0+}) -- 0x7f945810b820 con 0x7f9458108ef0
2024-04-17T08:11:16.434 INFO:teuthology.orchestra.run.smithi007.stdout:/usr/bin/ceph: stderr
2024-04-17T08:11:15.714+0000 7f945ddaf700 1 --2- 172.21.15.7:0/3263418603 >> [v2:172.21.15.7:3300/0,v1:172.21.15.7:6789/0] conn(0x7f9458108ef0 0x7f945810b2e0 secure :-1 s=READY pgs=51 cs=0 l=1 rev1=1 crypto rx=0x7f94540098a0 tx=0x7f9454009bb0 comp rx=0 tx=0).ready entity=mon.0 client_cookie=9abbcb56d358b669 server_cookie=0 in_seq=0 out_seq=0
2024-04-17T08:11:16.434 INFO:teuthology.orchestra.run.smithi007.stdout:/usr/bin/ceph: stderr
2024-04-17T08:11:15.714+0000 7f945cdad700 1 -- 172.21.15.7:0/3263418603 <== mon.0 v2:172.21.15.7:3300/0 1 ==== mon_map magic: 0 ==== 205+0+0 (secure 0 0 0) 0x7f9454004160 con 0x7f9458108ef0
2024-04-17T08:11:16.434 INFO:teuthology.orchestra.run.smithi007.stdout:/usr/bin/ceph: stderr
2024-04-17T08:11:15.714+0000 7f945cdad700 1 -- 172.21.15.7:0/3263418603 <== mon.0 v2:172.21.15.7:3300/0 2 ==== config(27 keys) ==== 1140+0+0 (secure 0 0 0) 0x7f9454004300 con 0x7f9458108ef0
2024-04-17T08:11:16.434 INFO:teuthology.orchestra.run.smithi007.stdout:/usr/bin/ceph: stderr
2024-04-17T08:11:15.714+0000 7f945cdad700 1 -- 172.21.15.7:0/3263418603 <== mon.0 v2:172.21.15.7:3300/0 3 ==== mon_map magic: 0 ==== 205+0+0 (secure 0 0 0) 0x7f9454011b20 con 0x7f9458108ef0
2024-04-17T08:11:16.434 INFO:teuthology.orchestra.run.smithi007.stdout:/usr/bin/ceph: stderr
2024-04-17T08:11:15.715+0000 7f9460013700 1 -- 172.21.15.7:0/3263418603 >> [v2:172.21.15.7:3300/0,v1:172.21.15.7:6789/0] conn(0x7f9458108ef0 msgr2=0x7f945810b2e0 secure :-1 s=STATE_CONNECTION_ESTABLISHED l=1).mark_down
2024-04-17T08:11:16.434 INFO:teuthology.orchestra.run.smithi007.stdout:/usr/bin/ceph: stderr
2024-04-17T08:11:15.715+0000 7f9460013700 1 --2- 172.21.15.7:0/3263418603 >> [v2:172.21.15.7:3300/0,v1:172.21.15.7:6789/0] conn(0x7f9458108ef0 0x7f945810b2e0 secure :-1 s=READY pgs=51 cs=0 l=1 rev1=1 crypto rx=0x7f94540098a0 tx=0x7f9454009bb0 comp rx=0 tx=0).stop
2024-04-17T08:11:16.434 INFO:teuthology.orchestra.run.smithi007.stdout:/usr/bin/ceph: stderr
2024-04-17T08:11:15.715+0000 7f9460013700 1 -- 172.21.15.7:0/3263418603 shutdown_connections
2024-04-17T08:11:16.435 INFO:teuthology.orchestra.run.smithi007.stdout:/usr/bin/ceph: stderr
2024-04-17T08:11:15.715+0000 7f9460013700 1 --2- 172.21.15.7:0/3263418603 >> [v2:172.21.15.7:3300/0,v1:172.21.15.7:6789/0] conn(0x7f9458108ef0 0x7f945810b2e0 unknown :-1 s=CLOSED pgs=51 cs=0 l=1 rev1=1 crypto rx=0 tx=0 comp rx=0 tx=0).stop
2024-04-17T08:11:16.435 INFO:teuthology.orchestra.run.smithi007.stdout:/usr/bin/ceph: stderr
2024-04-17T08:11:15.715+0000 7f9460013700 1 -- 172.21.15.7:0/3263418603 >> 172.21.15.7:0/3263418603 conn(0x7f9458102920 msgr2=0x7f9458104d40 unknown :-1 s=STATE_NONE l=0).mark_down
2024-04-17T08:11:16.435 INFO:teuthology.orchestra.run.smithi007.stdout:/usr/bin/ceph: stderr
2024-04-17T08:11:15.715+0000 7f9460013700 1 -- 172.21.15.7:0/3263418603 shutdown_connections
2024-04-17T08:11:16.435 INFO:teuthology.orchestra.run.smithi007.stdout:/usr/bin/ceph: stderr
2024-04-17T08:11:15.715+0000 7f9460013700 1 -- 172.21.15.7:0/3263418603 wait complete.
2024-04-17T08:11:16.435 INFO:teuthology.orchestra.run.smithi007.stdout:/usr/bin/ceph: stderr
2024-04-17T08:11:15.716+0000 7f9460013700 1 Processor -- start
2024-04-17T08:11:16.435 INFO:teuthology.orchestra.run.smithi007.stdout:/usr/bin/ceph: stderr
2024-04-17T08:11:15.716+0000 7f9460013700 1 -- start start
2024-04-17T08:11:16.435 INFO:teuthology.orchestra.run.smithi007.stdout:/usr/bin/ceph: stderr
2024-04-17T08:11:15.716+0000 7f9460013700 1 --2- >> [v2:172.21.15.7:3300/0,v1:172.21.15.7:6789/0] conn(0x7f9458108ef0 0x7f9458108770 unknown :-1 s=NONE pgs=0 cs=0 l=1 rev1=0 crypto rx=0 tx=0 comp rx=0 tx=0).connect
2024-04-17T08:11:16.435 INFO:teuthology.orchestra.run.smithi007.stdout:/usr/bin/ceph: stderr
2024-04-17T08:11:15.716+0000 7f9460013700 1 -- --> [v2:172.21.15.7:3300/0,v1:172.21.15.7:6789/0] -- mon_getmap magic: 0 -- 0x7f945810c830 con 0x7f9458108ef0
2024-04-17T08:11:16.435 INFO:teuthology.orchestra.run.smithi007.stdout:/usr/bin/ceph: stderr
2024-04-17T08:11:15.716+0000 7f945ddaf700 1 --2- >> [v2:172.21.15.7:3300/0,v1:172.21.15.7:6789/0] conn(0x7f9458108ef0 0x7f9458108770 unknown :-1 s=BANNER_CONNECTING pgs=0 cs=0 l=1 rev1=0 crypto rx=0 tx=0 comp rx=0 tx=0)._handle_peer_banner_payload supported=3 required=0
2024-04-17T08:11:16.435 INFO:teuthology.orchestra.run.smithi007.stdout:/usr/bin/ceph: stderr
2024-04-17T08:11:15.716+0000 7f945ddaf700 1 --2- >> [v2:172.21.15.7:3300/0,v1:172.21.15.7:6789/0] conn(0x7f9458108ef0 0x7f9458108770 unknown :-1 s=HELLO_CONNECTING pgs=0 cs=0 l=1 rev1=1 crypto rx=0 tx=0 comp rx=0 tx=0).handle_hello peer v2:172.21.15.7:3300/0 says I am v2:172.21.15.7:57740/0 (socket says 172.21.15.7:57740)
2024-04-17T08:11:16.435 INFO:teuthology.orchestra.run.smithi007.stdout:/usr/bin/ceph: stderr
2024-04-17T08:11:15.716+0000 7f945ddaf700 1 -- 172.21.15.7:0/1477131541 learned_addr learned my addr 172.21.15.7:0/1477131541 (peer_addr_for_me v2:172.21.15.7:0/0)
2024-04-17T08:11:16.435 INFO:teuthology.orchestra.run.smithi007.stdout:/usr/bin/ceph: stderr
2024-04-17T08:11:15.716+0000 7f945ddaf700 1 -- 172.21.15.7:0/1477131541 --> [v2:172.21.15.7:3300/0,v1:172.21.15.7:6789/0] -- mon_subscribe({config=0+,monmap=0+}) -- 0x7f9458108cb0 con 0x7f9458108ef0
2024-04-17T08:11:16.435 INFO:teuthology.orchestra.run.smithi007.stdout:/usr/bin/ceph: stderr
2024-04-17T08:11:15.716+0000 7f945ddaf700 1 --2- 172.21.15.7:0/1477131541 >> [v2:172.21.15.7:3300/0,v1:172.21.15.7:6789/0] conn(0x7f9458108ef0 0x7f9458108770 secure :-1 s=READY pgs=52 cs=0 l=1 rev1=1 crypto rx=0x7f94540117e0 tx=0x7f9454011c10 comp rx=0 tx=0).ready entity=mon.0 client_cookie=0 server_cookie=0 in_seq=0 out_seq=0
2024-04-17T08:11:16.436 INFO:teuthology.orchestra.run.smithi007.stdout:/usr/bin/ceph: stderr
2024-04-17T08:11:15.716+0000 7f944effd700 1 -- 172.21.15.7:0/1477131541 <== mon.0 v2:172.21.15.7:3300/0 1 ==== mon_map magic: 0 ==== 205+0+0 (secure 0 0 0) 0x7f9454003bf0 con 0x7f9458108ef0
2024-04-17T08:11:16.436 INFO:teuthology.orchestra.run.smithi007.stdout:/usr/bin/ceph: stderr
2024-04-17T08:11:15.717+0000 7f9460013700 1 -- 172.21.15.7:0/1477131541 --> [v2:172.21.15.7:3300/0,v1:172.21.15.7:6789/0] -- mon_subscribe({mgrmap=0+}) -- 0x7f9458106ea0 con 0x7f9458108ef0
2024-04-17T08:11:16.436 INFO:teuthology.orchestra.run.smithi007.stdout:/usr/bin/ceph: stderr
2024-04-17T08:11:15.717+0000 7f944effd700 1 -- 172.21.15.7:0/1477131541 <== mon.0 v2:172.21.15.7:3300/0 2 ==== config(27 keys) ==== 1140+0+0 (secure 0 0 0) 0x7f945401a910 con 0x7f9458108ef0
2024-04-17T08:11:16.436 INFO:teuthology.orchestra.run.smithi007.stdout:/usr/bin/ceph: stderr
2024-04-17T08:11:15.717+0000 7f944effd700 1 -- 172.21.15.7:0/1477131541 <== mon.0 v2:172.21.15.7:3300/0 3 ==== mon_map magic: 0 ==== 205+0+0 (secure 0 0 0) 0x7f9454024970 con 0x7f9458108ef0
2024-04-17T08:11:16.436 INFO:teuthology.orchestra.run.smithi007.stdout:/usr/bin/ceph: stderr
2024-04-17T08:11:15.717+0000 7f9460013700 1 -- 172.21.15.7:0/1477131541 --> [v2:172.21.15.7:3300/0,v1:172.21.15.7:6789/0] -- mon_subscribe({osdmap=0}) -- 0x7f9458107360 con 0x7f9458108ef0
2024-04-17T08:11:16.436 INFO:teuthology.orchestra.run.smithi007.stdout:/usr/bin/ceph: stderr
2024-04-17T08:11:15.718+0000 7f944effd700 1 -- 172.21.15.7:0/1477131541 <== mon.0 v2:172.21.15.7:3300/0 4 ==== mgrmap(e 8) ==== 46558+0+0 (secure 0 0 0) 0x7f9454022020 con 0x7f9458108ef0
2024-04-17T08:11:16.436 INFO:teuthology.orchestra.run.smithi007.stdout:/usr/bin/ceph: stderr
2024-04-17T08:11:15.718+0000 7f9460013700 1 -- 172.21.15.7:0/1477131541 --> [v2:172.21.15.7:3300/0,v1:172.21.15.7:6789/0] -- mon_command({"prefix": "get_command_descriptions"} v 0) -- 0x7f94580640b0 con 0x7f9458108ef0
2024-04-17T08:11:16.436 INFO:teuthology.orchestra.run.smithi007.stdout:/usr/bin/ceph: stderr
2024-04-17T08:11:15.718+0000 7f944effd700 1 --2- 172.21.15.7:0/1477131541 >> [v2:172.21.15.7:6800/1660748557,v1:172.21.15.7:6801/1660748557] conn(0x7f9444039620 0x7f944403bae0 unknown :-1 s=NONE pgs=0 cs=0 l=1 rev1=0 crypto rx=0 tx=0 comp rx=0 tx=0).connect
2024-04-17T08:11:16.436 INFO:teuthology.orchestra.run.smithi007.stdout:/usr/bin/ceph: stderr
2024-04-17T08:11:15.718+0000 7f944effd700 1 -- 172.21.15.7:0/1477131541 <== mon.0 v2:172.21.15.7:3300/0 5 ==== osd_map(2..2 src has 1..2) ==== 940+0+0 (secure 0 0 0) 0x7f945404da00 con 0x7f9458108ef0
2024-04-17T08:11:16.436 INFO:teuthology.orchestra.run.smithi007.stdout:/usr/bin/ceph: stderr
2024-04-17T08:11:15.718+0000 7f945d5ae700 1 --2- 172.21.15.7:0/1477131541 >> [v2:172.21.15.7:6800/1660748557,v1:172.21.15.7:6801/1660748557] conn(0x7f9444039620 0x7f944403bae0 unknown :-1 s=BANNER_CONNECTING pgs=0 cs=0 l=1 rev1=0 crypto rx=0 tx=0 comp rx=0 tx=0)._handle_peer_banner_payload supported=3 required=0
2024-04-17T08:11:16.436 INFO:teuthology.orchestra.run.smithi007.stdout:/usr/bin/ceph: stderr
2024-04-17T08:11:15.718+0000 7f945d5ae700 1 --2- 172.21.15.7:0/1477131541 >> [v2:172.21.15.7:6800/1660748557,v1:172.21.15.7:6801/1660748557] conn(0x7f9444039620 0x7f944403bae0 secure :-1 s=READY pgs=15 cs=0 l=1 rev1=1 crypto rx=0x7f9448006fd0 tx=0x7f9448006e40 comp rx=0 tx=0).ready entity=mgr.14118 client_cookie=0 server_cookie=0 in_seq=0 out_seq=0
2024-04-17T08:11:16.436 INFO:teuthology.orchestra.run.smithi007.stdout:/usr/bin/ceph: stderr
