2024-04-17T08:10:46.361 INFO:teuthology.orchestra.run.smithi007.stdout:/usr/bin/ceph: stderr
2024-04-17T08:10:40.099+0000 7faed27e3700 1 -- 172.21.15.7:0/787686955 >> 172.21.15.7:0/787686955 conn(0x7faecc1039e0 msgr2=0x7faecc1044d0 unknown :-1 s=STATE_NONE l=0).mark_down
2024-04-17T08:10:46.361 INFO:teuthology.orchestra.run.smithi007.stdout:/usr/bin/ceph: stderr
2024-04-17T08:10:40.099+0000 7faed27e3700 1 -- 172.21.15.7:0/787686955 shutdown_connections
2024-04-17T08:10:46.361 INFO:teuthology.orchestra.run.smithi007.stdout:/usr/bin/ceph: stderr
2024-04-17T08:10:40.099+0000 7faed27e3700 1 -- 172.21.15.7:0/787686955 wait complete.
2024-04-17T08:10:46.361 INFO:teuthology.orchestra.run.smithi007.stdout:mgr not available, waiting (2/15)...
2024-04-17T08:10:46.618 INFO:journalctl@ceph.mon.a.smithi007.stdout:Apr 17 08:10:46 smithi007 ceph-mon[32040]: mgrmap e4: x(active, since 2s)
2024-04-17T08:10:49.368 INFO:journalctl@ceph.mon.a.smithi007.stdout:Apr 17 08:10:49 smithi007 ceph-mon[32040]: from='client.? 172.21.15.7:0/2514013125' entity='client.admin' cmd=[{"prefix": "status", "format": "json-pretty"}]: dispatch
2024-04-17T08:10:49.676 INFO:teuthology.orchestra.run.smithi007.stdout:/usr/bin/ceph: stdout
2024-04-17T08:10:49.676 INFO:teuthology.orchestra.run.smithi007.stdout:/usr/bin/ceph: stdout {
2024-04-17T08:10:49.676 INFO:teuthology.orchestra.run.smithi007.stdout:/usr/bin/ceph: stdout "fsid": "bbaa846e-fc91-11ee-bc91-c7b262605968",
2024-04-17T08:10:49.676 INFO:teuthology.orchestra.run.smithi007.stdout:/usr/bin/ceph: stdout "health": {
2024-04-17T08:10:49.676 INFO:teuthology.orchestra.run.smithi007.stdout:/usr/bin/ceph: stdout "status": "HEALTH_OK",
2024-04-17T08:10:49.676 INFO:teuthology.orchestra.run.smithi007.stdout:/usr/bin/ceph: stdout "checks": {},
2024-04-17T08:10:49.676 INFO:teuthology.orchestra.run.smithi007.stdout:/usr/bin/ceph: stdout "mutes": []
2024-04-17T08:10:49.676 INFO:teuthology.orchestra.run.smithi007.stdout:/usr/bin/ceph: stdout },
2024-04-17T08:10:49.676 INFO:teuthology.orchestra.run.smithi007.stdout:/usr/bin/ceph: stdout "election_epoch": 5,
2024-04-17T08:10:49.676 INFO:teuthology.orchestra.run.smithi007.stdout:/usr/bin/ceph: stdout "quorum": [
2024-04-17T08:10:49.676 INFO:teuthology.orchestra.run.smithi007.stdout:/usr/bin/ceph: stdout 0
2024-04-17T08:10:49.676 INFO:teuthology.orchestra.run.smithi007.stdout:/usr/bin/ceph: stdout ],
2024-04-17T08:10:49.677 INFO:teuthology.orchestra.run.smithi007.stdout:/usr/bin/ceph: stdout "quorum_names": [
2024-04-17T08:10:49.677 INFO:teuthology.orchestra.run.smithi007.stdout:/usr/bin/ceph: stdout "a"
2024-04-17T08:10:49.677 INFO:teuthology.orchestra.run.smithi007.stdout:/usr/bin/ceph: stdout ],
2024-04-17T08:10:49.677 INFO:teuthology.orchestra.run.smithi007.stdout:/usr/bin/ceph: stdout "quorum_age": 14,
2024-04-17T08:10:49.677 INFO:teuthology.orchestra.run.smithi007.stdout:/usr/bin/ceph: stdout "monmap": {
2024-04-17T08:10:49.677 INFO:teuthology.orchestra.run.smithi007.stdout:/usr/bin/ceph: stdout "epoch": 1,
2024-04-17T08:10:49.677 INFO:teuthology.orchestra.run.smithi007.stdout:/usr/bin/ceph: stdout "min_mon_release_name": "squid",
2024-04-17T08:10:49.677 INFO:teuthology.orchestra.run.smithi007.stdout:/usr/bin/ceph: stdout "num_mons": 1
2024-04-17T08:10:49.677 INFO:teuthology.orchestra.run.smithi007.stdout:/usr/bin/ceph: stdout },
2024-04-17T08:10:49.677 INFO:teuthology.orchestra.run.smithi007.stdout:/usr/bin/ceph: stdout "osdmap": {
2024-04-17T08:10:49.677 INFO:teuthology.orchestra.run.smithi007.stdout:/usr/bin/ceph: stdout "epoch": 1,
2024-04-17T08:10:49.677 INFO:teuthology.orchestra.run.smithi007.stdout:/usr/bin/ceph: stdout "num_osds": 0,
2024-04-17T08:10:49.677 INFO:teuthology.orchestra.run.smithi007.stdout:/usr/bin/ceph: stdout "num_up_osds": 0,
2024-04-17T08:10:49.677 INFO:teuthology.orchestra.run.smithi007.stdout:/usr/bin/ceph: stdout "osd_up_since": 0,
2024-04-17T08:10:49.686 INFO:teuthology.orchestra.run.smithi007.stdout:/usr/bin/ceph: stdout "num_in_osds": 0,
2024-04-17T08:10:49.686 INFO:teuthology.orchestra.run.smithi007.stdout:/usr/bin/ceph: stdout "osd_in_since": 0,
2024-04-17T08:10:49.686 INFO:teuthology.orchestra.run.smithi007.stdout:/usr/bin/ceph: stdout "num_remapped_pgs": 0
2024-04-17T08:10:49.686 INFO:teuthology.orchestra.run.smithi007.stdout:/usr/bin/ceph: stdout },
2024-04-17T08:10:49.686 INFO:teuthology.orchestra.run.smithi007.stdout:/usr/bin/ceph: stdout "pgmap": {
2024-04-17T08:10:49.686 INFO:teuthology.orchestra.run.smithi007.stdout:/usr/bin/ceph: stdout "pgs_by_state": [],
2024-04-17T08:10:49.686 INFO:teuthology.orchestra.run.smithi007.stdout:/usr/bin/ceph: stdout "num_pgs": 0,
2024-04-17T08:10:49.686 INFO:teuthology.orchestra.run.smithi007.stdout:/usr/bin/ceph: stdout "num_pools": 0,
2024-04-17T08:10:49.687 INFO:teuthology.orchestra.run.smithi007.stdout:/usr/bin/ceph: stdout "num_objects": 0,
2024-04-17T08:10:49.687 INFO:teuthology.orchestra.run.smithi007.stdout:/usr/bin/ceph: stdout "data_bytes": 0,
2024-04-17T08:10:49.687 INFO:teuthology.orchestra.run.smithi007.stdout:/usr/bin/ceph: stdout "bytes_used": 0,
2024-04-17T08:10:49.687 INFO:teuthology.orchestra.run.smithi007.stdout:/usr/bin/ceph: stdout "bytes_avail": 0,
2024-04-17T08:10:49.687 INFO:teuthology.orchestra.run.smithi007.stdout:/usr/bin/ceph: stdout "bytes_total": 0
2024-04-17T08:10:49.687 INFO:teuthology.orchestra.run.smithi007.stdout:/usr/bin/ceph: stdout },
2024-04-17T08:10:49.687 INFO:teuthology.orchestra.run.smithi007.stdout:/usr/bin/ceph: stdout "fsmap": {
2024-04-17T08:10:49.687 INFO:teuthology.orchestra.run.smithi007.stdout:/usr/bin/ceph: stdout "epoch": 1,
2024-04-17T08:10:49.687 INFO:teuthology.orchestra.run.smithi007.stdout:/usr/bin/ceph: stdout "by_rank": [],
2024-04-17T08:10:49.687 INFO:teuthology.orchestra.run.smithi007.stdout:/usr/bin/ceph: stdout "up:standby": 0
2024-04-17T08:10:49.687 INFO:teuthology.orchestra.run.smithi007.stdout:/usr/bin/ceph: stdout },
2024-04-17T08:10:49.687 INFO:teuthology.orchestra.run.smithi007.stdout:/usr/bin/ceph: stdout "mgrmap": {
2024-04-17T08:10:49.687 INFO:teuthology.orchestra.run.smithi007.stdout:/usr/bin/ceph: stdout "available": true,
2024-04-17T08:10:49.687 INFO:teuthology.orchestra.run.smithi007.stdout:/usr/bin/ceph: stdout "num_standbys": 0,
2024-04-17T08:10:49.687 INFO:teuthology.orchestra.run.smithi007.stdout:/usr/bin/ceph: stdout "modules": [
2024-04-17T08:10:49.687 INFO:teuthology.orchestra.run.smithi007.stdout:/usr/bin/ceph: stdout "iostat",
2024-04-17T08:10:49.688 INFO:teuthology.orchestra.run.smithi007.stdout:/usr/bin/ceph: stdout "nfs",
2024-04-17T08:10:49.688 INFO:teuthology.orchestra.run.smithi007.stdout:/usr/bin/ceph: stdout "restful"
2024-04-17T08:10:49.688 INFO:teuthology.orchestra.run.smithi007.stdout:/usr/bin/ceph: stdout ],
2024-04-17T08:10:49.688 INFO:teuthology.orchestra.run.smithi007.stdout:/usr/bin/ceph: stdout "services": {}
2024-04-17T08:10:49.688 INFO:teuthology.orchestra.run.smithi007.stdout:/usr/bin/ceph: stdout },
2024-04-17T08:10:49.688 INFO:teuthology.orchestra.run.smithi007.stdout:/usr/bin/ceph: stdout "servicemap": {
2024-04-17T08:10:49.688 INFO:teuthology.orchestra.run.smithi007.stdout:/usr/bin/ceph: stdout "epoch": 1,
2024-04-17T08:10:49.688 INFO:teuthology.orchestra.run.smithi007.stdout:/usr/bin/ceph: stdout "modified": "2024-04-17T08:10:29.860028+0000",
2024-04-17T08:10:49.688 INFO:teuthology.orchestra.run.smithi007.stdout:/usr/bin/ceph: stdout "services": {}
2024-04-17T08:10:49.688 INFO:teuthology.orchestra.run.smithi007.stdout:/usr/bin/ceph: stdout },
2024-04-17T08:10:49.688 INFO:teuthology.orchestra.run.smithi007.stdout:/usr/bin/ceph: stdout "progress_events": {}
2024-04-17T08:10:49.688 INFO:teuthology.orchestra.run.smithi007.stdout:/usr/bin/ceph: stdout }
2024-04-17T08:10:49.688 INFO:teuthology.orchestra.run.smithi007.stdout:/usr/bin/ceph: stderr
2024-04-17T08:10:48.802+0000 7f4af1392700 1 Processor -- start
2024-04-17T08:10:49.688 INFO:teuthology.orchestra.run.smithi007.stdout:/usr/bin/ceph: stderr
2024-04-17T08:10:48.802+0000 7f4af1392700 1 -- start start
2024-04-17T08:10:49.688 INFO:teuthology.orchestra.run.smithi007.stdout:/usr/bin/ceph: stderr
2024-04-17T08:10:48.802+0000 7f4af1392700 1 --2- >> [v2:172.21.15.7:3300/0,v1:172.21.15.7:6789/0] conn(0x7f4aec108eb0 0x7f4aec10b2a0 unknown :-1 s=NONE pgs=0 cs=0 l=0 rev1=0 crypto rx=0 tx=0 comp rx=0 tx=0).connect
2024-04-17T08:10:49.689 INFO:teuthology.orchestra.run.smithi007.stdout:/usr/bin/ceph: stderr
2024-04-17T08:10:48.802+0000 7f4af1392700 1 -- --> [v2:172.21.15.7:3300/0,v1:172.21.15.7:6789/0] -- mon_getmap magic: 0 -- 0x7f4aec07bec0 con 0x7f4aec108eb0
2024-04-17T08:10:49.689 INFO:teuthology.orchestra.run.smithi007.stdout:/usr/bin/ceph: stderr
2024-04-17T08:10:48.803+0000 7f4aeaffd700 1 --2- >> [v2:172.21.15.7:3300/0,v1:172.21.15.7:6789/0] conn(0x7f4aec108eb0 0x7f4aec10b2a0 unknown :-1 s=BANNER_CONNECTING pgs=0 cs=0 l=0 rev1=0 crypto rx=0 tx=0 comp rx=0 tx=0)._handle_peer_banner_payload supported=3 required=0
2024-04-17T08:10:49.689 INFO:teuthology.orchestra.run.smithi007.stdout:/usr/bin/ceph: stderr
2024-04-17T08:10:48.803+0000 7f4aeaffd700 1 --2- >> [v2:172.21.15.7:3300/0,v1:172.21.15.7:6789/0] conn(0x7f4aec108eb0 0x7f4aec10b2a0 unknown :-1 s=HELLO_CONNECTING pgs=0 cs=0 l=0 rev1=1 crypto rx=0 tx=0 comp rx=0 tx=0).handle_hello peer v2:172.21.15.7:3300/0 says I am v2:172.21.15.7:55228/0 (socket says 172.21.15.7:55228)
2024-04-17T08:10:49.689 INFO:teuthology.orchestra.run.smithi007.stdout:/usr/bin/ceph: stderr
2024-04-17T08:10:48.803+0000 7f4aeaffd700 1 -- 172.21.15.7:0/2416137829 learned_addr learned my addr 172.21.15.7:0/2416137829 (peer_addr_for_me v2:172.21.15.7:0/0)
2024-04-17T08:10:49.689 INFO:teuthology.orchestra.run.smithi007.stdout:/usr/bin/ceph: stderr
2024-04-17T08:10:48.803+0000 7f4aeaffd700 1 -- 172.21.15.7:0/2416137829 --> [v2:172.21.15.7:3300/0,v1:172.21.15.7:6789/0] -- mon_subscribe({config=0+,monmap=0+}) -- 0x7f4aec10b7e0 con 0x7f4aec108eb0
2024-04-17T08:10:49.689 INFO:teuthology.orchestra.run.smithi007.stdout:/usr/bin/ceph: stderr
2024-04-17T08:10:48.803+0000 7f4aeaffd700 1 --2- 172.21.15.7:0/2416137829 >> [v2:172.21.15.7:3300/0,v1:172.21.15.7:6789/0] conn(0x7f4aec108eb0 0x7f4aec10b2a0 secure :-1 s=READY pgs=16 cs=0 l=1 rev1=1 crypto rx=0x7f4adc009e80 tx=0x7f4adc00b330 comp rx=0 tx=0).ready entity=mon.0 client_cookie=c5acc36c8bf45e1e server_cookie=0 in_seq=0 out_seq=0
2024-04-17T08:10:49.689 INFO:teuthology.orchestra.run.smithi007.stdout:/usr/bin/ceph: stderr
2024-04-17T08:10:48.803+0000 7f4ae9ffb700 1 -- 172.21.15.7:0/2416137829 <== mon.0 v2:172.21.15.7:3300/0 1 ==== mon_map magic: 0 ==== 205+0+0 (secure 0 0 0) 0x7f4adc017070 con 0x7f4aec108eb0
2024-04-17T08:10:49.689 INFO:teuthology.orchestra.run.smithi007.stdout:/usr/bin/ceph: stderr
2024-04-17T08:10:48.803+0000 7f4ae9ffb700 1 -- 172.21.15.7:0/2416137829 <== mon.0 v2:172.21.15.7:3300/0 2 ==== config(27 keys) ==== 1109+0+0 (secure 0 0 0) 0x7f4adc00b8c0 con 0x7f4aec108eb0
2024-04-17T08:10:49.689 INFO:teuthology.orchestra.run.smithi007.stdout:/usr/bin/ceph: stderr
2024-04-17T08:10:48.803+0000 7f4ae9ffb700 1 -- 172.21.15.7:0/2416137829 <== mon.0 v2:172.21.15.7:3300/0 3 ==== mon_map magic: 0 ==== 205+0+0 (secure 0 0 0) 0x7f4adc0045c0 con 0x7f4aec108eb0
2024-04-17T08:10:49.689 INFO:teuthology.orchestra.run.smithi007.stdout:/usr/bin/ceph: stderr
2024-04-17T08:10:48.804+0000 7f4af1392700 1 -- 172.21.15.7:0/2416137829 >> [v2:172.21.15.7:3300/0,v1:172.21.15.7:6789/0] conn(0x7f4aec108eb0 msgr2=0x7f4aec10b2a0 secure :-1 s=STATE_CONNECTION_ESTABLISHED l=1).mark_down
2024-04-17T08:10:49.689 INFO:teuthology.orchestra.run.smithi007.stdout:/usr/bin/ceph: stderr
2024-04-17T08:10:48.804+0000 7f4af1392700 1 --2- 172.21.15.7:0/2416137829 >> [v2:172.21.15.7:3300/0,v1:172.21.15.7:6789/0] conn(0x7f4aec108eb0 0x7f4aec10b2a0 secure :-1 s=READY pgs=16 cs=0 l=1 rev1=1 crypto rx=0x7f4adc009e80 tx=0x7f4adc00b330 comp rx=0 tx=0).stop
2024-04-17T08:10:49.689 INFO:teuthology.orchestra.run.smithi007.stdout:/usr/bin/ceph: stderr
2024-04-17T08:10:48.804+0000 7f4af1392700 1 -- 172.21.15.7:0/2416137829 shutdown_connections
2024-04-17T08:10:49.689 INFO:teuthology.orchestra.run.smithi007.stdout:/usr/bin/ceph: stderr
2024-04-17T08:10:48.804+0000 7f4af1392700 1 --2- 172.21.15.7:0/2416137829 >> [v2:172.21.15.7:3300/0,v1:172.21.15.7:6789/0] conn(0x7f4aec108eb0 0x7f4aec10b2a0 unknown :-1 s=CLOSED pgs=16 cs=0 l=1 rev1=1 crypto rx=0 tx=0 comp rx=0 tx=0).stop
2024-04-17T08:10:49.689 INFO:teuthology.orchestra.run.smithi007.stdout:/usr/bin/ceph: stderr
2024-04-17T08:10:48.804+0000 7f4af1392700 1 -- 172.21.15.7:0/2416137829 >> 172.21.15.7:0/2416137829 conn(0x7f4aec102920 msgr2=0x7f4aec104d40 unknown :-1 s=STATE_NONE l=0).mark_down
2024-04-17T08:10:49.690 INFO:teuthology.orchestra.run.smithi007.stdout:/usr/bin/ceph: stderr
2024-04-17T08:10:48.804+0000 7f4af1392700 1 -- 172.21.15.7:0/2416137829 shutdown_connections
2024-04-17T08:10:49.690 INFO:teuthology.orchestra.run.smithi007.stdout:/usr/bin/ceph: stderr
2024-04-17T08:10:48.804+0000 7f4af1392700 1 -- 172.21.15.7:0/2416137829 wait complete.
2024-04-17T08:10:49.690 INFO:teuthology.orchestra.run.smithi007.stdout:/usr/bin/ceph: stderr
2024-04-17T08:10:48.805+0000 7f4af1392700 1 Processor -- start
2024-04-17T08:10:49.690 INFO:teuthology.orchestra.run.smithi007.stdout:/usr/bin/ceph: stderr
2024-04-17T08:10:48.805+0000 7f4af1392700 1 -- start start
2024-04-17T08:10:49.690 INFO:teuthology.orchestra.run.smithi007.stdout:/usr/bin/ceph: stderr
2024-04-17T08:10:48.805+0000 7f4af1392700 1 --2- >> [v2:172.21.15.7:3300/0,v1:172.21.15.7:6789/0] conn(0x7f4aec108eb0 0x7f4aec19c240 unknown :-1 s=NONE pgs=0 cs=0 l=1 rev1=0 crypto rx=0 tx=0 comp rx=0 tx=0).connect
2024-04-17T08:10:49.690 INFO:teuthology.orchestra.run.smithi007.stdout:/usr/bin/ceph: stderr
2024-04-17T08:10:48.805+0000 7f4af1392700 1 -- --> [v2:172.21.15.7:3300/0,v1:172.21.15.7:6789/0] -- mon_getmap magic: 0 -- 0x7f4aec10c7a0 con 0x7f4aec108eb0
2024-04-17T08:10:49.690 INFO:teuthology.orchestra.run.smithi007.stdout:/usr/bin/ceph: stderr
2024-04-17T08:10:48.805+0000 7f4aeaffd700 1 --2- >> [v2:172.21.15.7:3300/0,v1:172.21.15.7:6789/0] conn(0x7f4aec108eb0 0x7f4aec19c240 unknown :-1 s=BANNER_CONNECTING pgs=0 cs=0 l=1 rev1=0 crypto rx=0 tx=0 comp rx=0 tx=0)._handle_peer_banner_payload supported=3 required=0
2024-04-17T08:10:49.690 INFO:teuthology.orchestra.run.smithi007.stdout:/usr/bin/ceph: stderr
2024-04-17T08:10:48.805+0000 7f4aeaffd700 1 --2- >> [v2:172.21.15.7:3300/0,v1:172.21.15.7:6789/0] conn(0x7f4aec108eb0 0x7f4aec19c240 unknown :-1 s=HELLO_CONNECTING pgs=0 cs=0 l=1 rev1=1 crypto rx=0 tx=0 comp rx=0 tx=0).handle_hello peer v2:172.21.15.7:3300/0 says I am v2:172.21.15.7:55238/0 (socket says 172.21.15.7:55238)
2024-04-17T08:10:49.690 INFO:teuthology.orchestra.run.smithi007.stdout:/usr/bin/ceph: stderr
2024-04-17T08:10:48.805+0000 7f4aeaffd700 1 -- 172.21.15.7:0/2514013125 learned_addr learned my addr 172.21.15.7:0/2514013125 (peer_addr_for_me v2:172.21.15.7:0/0)
2024-04-17T08:10:49.690 INFO:teuthology.orchestra.run.smithi007.stdout:/usr/bin/ceph: stderr
2024-04-17T08:10:48.806+0000 7f4aeaffd700 1 -- 172.21.15.7:0/2514013125 --> [v2:172.21.15.7:3300/0,v1:172.21.15.7:6789/0] -- mon_subscribe({config=0+,monmap=0+}) -- 0x7f4aec19c780 con 0x7f4aec108eb0
2024-04-17T08:10:49.690 INFO:teuthology.orchestra.run.smithi007.stdout:/usr/bin/ceph: stderr
2024-04-17T08:10:48.806+0000 7f4aeaffd700 1 --2- 172.21.15.7:0/2514013125 >> [v2:172.21.15.7:3300/0,v1:172.21.15.7:6789/0] conn(0x7f4aec108eb0 0x7f4aec19c240 secure :-1 s=READY pgs=17 cs=0 l=1 rev1=1 crypto rx=0x7f4adc009530 tx=0x7f4adc00bd50 comp rx=0 tx=0).ready entity=mon.0 client_cookie=0 server_cookie=0 in_seq=0 out_seq=0
2024-04-17T08:10:49.690 INFO:teuthology.orchestra.run.smithi007.stdout:/usr/bin/ceph: stderr
2024-04-17T08:10:48.806+0000 7f4ae3fff700 1 -- 172.21.15.7:0/2514013125 <== mon.0 v2:172.21.15.7:3300/0 1 ==== mon_map magic: 0 ==== 205+0+0 (secure 0 0 0) 0x7f4adc020020 con 0x7f4aec108eb0
2024-04-17T08:10:49.690 INFO:teuthology.orchestra.run.smithi007.stdout:/usr/bin/ceph: stderr
2024-04-17T08:10:48.806+0000 7f4ae3fff700 1 -- 172.21.15.7:0/2514013125 <== mon.0 v2:172.21.15.7:3300/0 2 ==== config(27 keys) ==== 1109+0+0 (secure 0 0 0) 0x7f4adc003b50 con 0x7f4aec108eb0
2024-04-17T08:10:49.690 INFO:teuthology.orchestra.run.smithi007.stdout:/usr/bin/ceph: stderr
2024-04-17T08:10:48.806+0000 7f4ae3fff700 1 -- 172.21.15.7:0/2514013125 <== mon.0 v2:172.21.15.7:3300/0 3 ==== mon_map magic: 0 ==== 205+0+0 (secure 0 0 0) 0x7f4adc017040 con 0x7f4aec108eb0
2024-04-17T08:10:49.691 INFO:teuthology.orchestra.run.smithi007.stdout:/usr/bin/ceph: stderr
2024-04-17T08:10:48.806+0000 7f4af1392700 1 -- 172.21.15.7:0/2514013125 --> [v2:172.21.15.7:3300/0,v1:172.21.15.7:6789/0] -- mon_subscribe({mgrmap=0+}) -- 0x7f4aec19ca10 con 0x7f4aec108eb0
2024-04-17T08:10:49.691 INFO:teuthology.orchestra.run.smithi007.stdout:/usr/bin/ceph: stderr
2024-04-17T08:10:48.806+0000 7f4af1392700 1 -- 172.21.15.7:0/2514013125 --> [v2:172.21.15.7:3300/0,v1:172.21.15.7:6789/0] -- mon_subscribe({osdmap=0}) -- 0x7f4aec19f700 con 0x7f4aec108eb0
2024-04-17T08:10:49.691 INFO:teuthology.orchestra.run.smithi007.stdout:/usr/bin/ceph: stderr
2024-04-17T08:10:48.807+0000 7f4ae3fff700 1 -- 172.21.15.7:0/2514013125 <== mon.0 v2:172.21.15.7:3300/0 4 ==== mgrmap(e 4) ==== 46547+0+0 (secure 0 0 0) 0x7f4adc023020 con 0x7f4aec108eb0
2024-04-17T08:10:49.691 INFO:teuthology.orchestra.run.smithi007.stdout:/usr/bin/ceph: stderr
2024-04-17T08:10:48.807+0000 7f4af1392700 1 -- 172.21.15.7:0/2514013125 --> [v2:172.21.15.7:3300/0,v1:172.21.15.7:6789/0] -- mon_command({"prefix": "get_command_descriptions"} v 0) -- 0x7f4aec0640b0 con 0x7f4aec108eb0
2024-04-17T08:10:49.691 INFO:teuthology.orchestra.run.smithi007.stdout:/usr/bin/ceph: stderr
2024-04-17T08:10:48.807+0000 7f4ae3fff700 1 --2- 172.21.15.7:0/2514013125 >> [v2:172.21.15.7:6800/1001530946,v1:172.21.15.7:6801/1001530946] conn(0x7f4ad8039620 0x7f4ad803bae0 unknown :-1 s=NONE pgs=0 cs=0 l=1 rev1=0 crypto rx=0 tx=0 comp rx=0 tx=0).connect
2024-04-17T08:10:49.691 INFO:teuthology.orchestra.run.smithi007.stdout:/usr/bin/ceph: stderr
2024-04-17T08:10:48.807+0000 7f4ae3fff700 1 -- 172.21.15.7:0/2514013125 <== mon.0 v2:172.21.15.7:3300/0 5 ==== osd_map(1..1 src has 1..1) ==== 725+0+0 (secure 0 0 0) 0x7f4adc00f050 con 0x7f4aec108eb0
2024-04-17T08:10:49.691 INFO:teuthology.orchestra.run.smithi007.stdout:/usr/bin/ceph: stderr
2024-04-17T08:10:48.807+0000 7f4aea7fc700 1 --2- 172.21.15.7:0/2514013125 >> [v2:172.21.15.7:6800/1001530946,v1:172.21.15.7:6801/1001530946] conn(0x7f4ad8039620 0x7f4ad803bae0 unknown :-1 s=BANNER_CONNECTING pgs=0 cs=0 l=1 rev1=0 crypto rx=0 tx=0 comp rx=0 tx=0)._handle_peer_banner_payload supported=3 required=0
2024-04-17T08:10:49.691 INFO:teuthology.orchestra.run.smithi007.stdout:/usr/bin/ceph: stderr
2024-04-17T08:10:48.808+0000 7f4aea7fc700 1 --2- 172.21.15.7:0/2514013125 >> [v2:172.21.15.7:6800/1001530946,v1:172.21.15.7:6801/1001530946] conn(0x7f4ad8039620 0x7f4ad803bae0 secure :-1 s=READY pgs=6 cs=0 l=1 rev1=1 crypto rx=0x7f4ad4006fd0 tx=0x7f4ad4006e40 comp rx=0 tx=0).ready entity=mgr.14100 client_cookie=0 server_cookie=0 in_seq=0 out_seq=0
2024-04-17T08:10:49.691 INFO:teuthology.orchestra.run.smithi007.stdout:/usr/bin/ceph: stderr
2024-04-17T08:10:48.813+0000 7f4ae3fff700 1 -- 172.21.15.7:0/2514013125 <== mon.0 v2:172.21.15.7:3300/0 6 ==== mon_command_ack([{"prefix": "get_command_descriptions"}]=0 v0) ==== 72+0+188381 (secure 0 0 0) 0x7f4adc02a020 con 0x7f4aec108eb0
2024-04-17T08:10:49.691 INFO:teuthology.orchestra.run.smithi007.stdout:/usr/bin/ceph: stderr
2024-04-17T08:10:49.105+0000 7f4af1392700 1 -- 172.21.15.7:0/2514013125 --> [v2:172.21.15.7:3300/0,v1:172.21.15.7:6789/0] -- mon_command({"prefix": "status", "format": "json-pretty"} v 0) -- 0x7f4aec19fdf0 con 0x7f4aec108eb0
2024-04-17T08:10:49.691 INFO:teuthology.orchestra.run.smithi007.stdout:/usr/bin/ceph: stderr
2024-04-17T08:10:49.106+0000 7f4ae3fff700 1 -- 172.21.15.7:0/2514013125 <== mon.0 v2:172.21.15.7:3300/0 7 ==== mon_command_ack([{"prefix": "status", "format": "json-pretty"}]=0 v0) ==== 79+0+1239 (secure 0 0 0) 0x7f4adc01b530 con 0x7f4aec108eb0
2024-04-17T08:10:49.691 INFO:teuthology.orchestra.run.smithi007.stdout:/usr/bin/ceph: stderr
2024-04-17T08:10:49.109+0000 7f4af1392700 1 -- 172.21.15.7:0/2514013125 >> [v2:172.21.15.7:6800/1001530946,v1:172.21.15.7:6801/1001530946] conn(0x7f4ad8039620 msgr2=0x7f4ad803bae0 secure :-1 s=STATE_CONNECTION_ESTABLISHED l=1).mark_down
2024-04-17T08:10:49.691 INFO:teuthology.orchestra.run.smithi007.stdout:/usr/bin/ceph: stderr
2024-04-17T08:10:49.109+0000 7f4af1392700 1 --2- 172.21.15.7:0/2514013125 >> [v2:172.21.15.7:6800/1001530946,v1:172.21.15.7:6801/1001530946] conn(0x7f4ad8039620 0x7f4ad803bae0 secure :-1 s=READY pgs=6 cs=0 l=1 rev1=1 crypto rx=0x7f4ad4006fd0 tx=0x7f4ad4006e40 comp rx=0 tx=0).stop
2024-04-17T08:10:49.691 INFO:teuthology.orchestra.run.smithi007.stdout:/usr/bin/ceph: stderr
2024-04-17T08:10:49.109+0000 7f4af1392700 1 -- 172.21.15.7:0/2514013125 >> [v2:172.21.15.7:3300/0,v1:172.21.15.7:6789/0] conn(0x7f4aec108eb0 msgr2=0x7f4aec19c240 secure :-1 s=STATE_CONNECTION_ESTABLISHED l=1).mark_down
2024-04-17T08:10:49.691 INFO:teuthology.orchestra.run.smithi007.stdout:/usr/bin/ceph: stderr
2024-04-17T08:10:49.109+0000 7f4af1392700 1 --2- 172.21.15.7:0/2514013125 >> [v2:172.21.15.7:3300/0,v1:172.21.15.7:6789/0] conn(0x7f4aec108eb0 0x7f4aec19c240 secure :-1 s=READY pgs=17 cs=0 l=1 rev1=1 crypto rx=0x7f4adc009530 tx=0x7f4adc00bd50 comp rx=0 tx=0).stop
2024-04-17T08:10:49.692 INFO:teuthology.orchestra.run.smithi007.stdout:/usr/bin/ceph: stderr
2024-04-17T08:10:49.109+0000 7f4af1392700 1 -- 172.21.15.7:0/2514013125 shutdown_connections
2024-04-17T08:10:49.692 INFO:teuthology.orchestra.run.smithi007.stdout:/usr/bin/ceph: stderr
2024-04-17T08:10:49.109+0000 7f4af1392700 1 --2- 172.21.15.7:0/2514013125 >> [v2:172.21.15.7:6800/1001530946,v1:172.21.15.7:6801/1001530946] conn(0x7f4ad8039620 0x7f4ad803bae0 unknown :-1 s=CLOSED pgs=6 cs=0 l=1 rev1=1 crypto rx=0 tx=0 comp rx=0 tx=0).stop
2024-04-17T08:10:49.692 INFO:teuthology.orchestra.run.smithi007.stdout:/usr/bin/ceph: stderr
2024-04-17T08:10:49.109+0000 7f4af1392700 1 --2- 172.21.15.7:0/2514013125 >> [v2:172.21.15.7:3300/0,v1:172.21.15.7:6789/0] conn(0x7f4aec108eb0 0x7f4aec19c240 unknown :-1 s=CLOSED pgs=17 cs=0 l=1 rev1=1 crypto rx=0 tx=0 comp rx=0 tx=0).stop
2024-04-17T08:10:49.692 INFO:teuthology.orchestra.run.smithi007.stdout:/usr/bin/ceph: stderr
2024-04-17T08:10:49.109+0000 7f4af1392700 1 -- 172.21.15.7:0/2514013125 >> 172.21.15.7:0/2514013125 conn(0x7f4aec102920 msgr2=0x7f4aec1032b0 unknown :-1 s=STATE_NONE l=0).mark_down
2024-04-17T08:10:49.692 INFO:teuthology.orchestra.run.smithi007.stdout:/usr/bin/ceph: stderr
2024-04-17T08:10:49.109+0000 7f4af1392700 1 -- 172.21.15.7:0/2514013125 shutdown_connections
2024-04-17T08:10:49.692 INFO:teuthology.orchestra.run.smithi007.stdout:/usr/bin/ceph: stderr
2024-04-17T08:10:49.109+0000 7f4af1392700 1 -- 172.21.15.7:0/2514013125 wait complete.
2024-04-17T08:10:49.692 INFO:teuthology.orchestra.run.smithi007.stdout:mgr is available
2024-04-17T08:10:50.618 INFO:journalctl@ceph.mon.a.smithi007.stdout:Apr 17 08:10:50 smithi007 ceph-mon[32040]: from='client.? 172.21.15.7:0/282527931' entity='client.admin' cmd=[{"prefix": "config assimilate-conf"}]: dispatch
2024-04-17T08:10:50.810 INFO:teuthology.orchestra.run.smithi007.stdout:/usr/bin/ceph: stdout
2024-04-17T08:10:50.810 INFO:teuthology.orchestra.run.smithi007.stdout:/usr/bin/ceph: stdout [global]
2024-04-17T08:10:50.810 INFO:teuthology.orchestra.run.smithi007.stdout:/usr/bin/ceph: stdout fsid = bbaa846e-fc91-11ee-bc91-c7b262605968
2024-04-17T08:10:50.811 INFO:teuthology.orchestra.run.smithi007.stdout:/usr/bin/ceph: stdout mon_osd_allow_pg_remap = true
2024-04-17T08:10:50.811 INFO:teuthology.orchestra.run.smithi007.stdout:/usr/bin/ceph: stdout mon_osd_allow_primary_affinity = true
2024-04-17T08:10:50.811 INFO:teuthology.orchestra.run.smithi007.stdout:/usr/bin/ceph: stdout mon_warn_on_no_sortbitwise = false
2024-04-17T08:10:50.811 INFO:teuthology.orchestra.run.smithi007.stdout:/usr/bin/ceph: stdout osd_crush_chooseleaf_type = 0
2024-04-17T08:10:50.811 INFO:teuthology.orchestra.run.smithi007.stdout:/usr/bin/ceph: stdout
2024-04-17T08:10:50.811 INFO:teuthology.orchestra.run.smithi007.stdout:/usr/bin/ceph: stdout [mgr]
2024-04-17T08:10:50.811 INFO:teuthology.orchestra.run.smithi007.stdout:/usr/bin/ceph: stdout mgr/telemetry/nag = false
2024-04-17T08:10:50.811 INFO:teuthology.orchestra.run.smithi007.stdout:/usr/bin/ceph: stdout
2024-04-17T08:10:50.811 INFO:teuthology.orchestra.run.smithi007.stdout:/usr/bin/ceph: stdout [osd]
2024-04-17T08:10:50.811 INFO:teuthology.orchestra.run.smithi007.stdout:/usr/bin/ceph: stdout mon_osd_backfillfull_ratio = 0.85
2024-04-17T08:10:50.811 INFO:teuthology.orchestra.run.smithi007.stdout:/usr/bin/ceph: stdout mon_osd_full_ratio = 0.9
2024-04-17T08:10:50.811 INFO:teuthology.orchestra.run.smithi007.stdout:/usr/bin/ceph: stdout mon_osd_nearfull_ratio = 0.8
2024-04-17T08:10:50.811 INFO:teuthology.orchestra.run.smithi007.stdout:/usr/bin/ceph: stdout osd_map_max_advance = 10
2024-04-17T08:10:50.811 INFO:teuthology.orchestra.run.smithi007.stdout:/usr/bin/ceph: stdout osd_sloppy_crc = true
2024-04-17T08:10:50.811 INFO:teuthology.orchestra.run.smithi007.stdout:/usr/bin/ceph: stderr
2024-04-17T08:10:50.081+0000 7effeb4b4700 1 Processor -- start
2024-04-17T08:10:50.812 INFO:teuthology.orchestra.run.smithi007.stdout:/usr/bin/ceph: stderr
2024-04-17T08:10:50.081+0000 7effeb4b4700 1 -- start start
2024-04-17T08:10:50.812 INFO:teuthology.orchestra.run.smithi007.stdout:/usr/bin/ceph: stderr
2024-04-17T08:10:50.081+0000 7effeb4b4700 1 --2- >> [v2:172.21.15.7:3300/0,v1:172.21.15.7:6789/0] conn(0x7effe4107340 0x7effe4107760 unknown :-1 s=NONE pgs=0 cs=0 l=0 rev1=0 crypto rx=0 tx=0 comp rx=0 tx=0).connect
2024-04-17T08:10:50.812 INFO:teuthology.orchestra.run.smithi007.stdout:/usr/bin/ceph: stderr
2024-04-17T08:10:50.081+0000 7effeb4b4700 1 -- --> [v2:172.21.15.7:3300/0,v1:172.21.15.7:6789/0] -- mon_getmap magic: 0 -- 0x7effe4107d30 con 0x7effe4107340
2024-04-17T08:10:50.812 INFO:teuthology.orchestra.run.smithi007.stdout:/usr/bin/ceph: stderr
2024-04-17T08:10:50.082+0000 7effe9250700 1 --2- >> [v2:172.21.15.7:3300/0,v1:172.21.15.7:6789/0] conn(0x7effe4107340 0x7effe4107760 unknown :-1 s=BANNER_CONNECTING pgs=0 cs=0 l=0 rev1=0 crypto rx=0 tx=0 comp rx=0 tx=0)._handle_peer_banner_payload supported=3 required=0
2024-04-17T08:10:50.812 INFO:teuthology.orchestra.run.smithi007.stdout:/usr/bin/ceph: stderr
2024-04-17T08:10:50.082+0000 7effe9250700 1 --2- >> [v2:172.21.15.7:3300/0,v1:172.21.15.7:6789/0] conn(0x7effe4107340 0x7effe4107760 unknown :-1 s=HELLO_CONNECTING pgs=0 cs=0 l=0 rev1=1 crypto rx=0 tx=0 comp rx=0 tx=0).handle_hello peer v2:172.21.15.7:3300/0 says I am v2:172.21.15.7:55248/0 (socket says 172.21.15.7:55248)
2024-04-17T08:10:50.812 INFO:teuthology.orchestra.run.smithi007.stdout:/usr/bin/ceph: stderr
2024-04-17T08:10:50.082+0000 7effe9250700 1 -- 172.21.15.7:0/2366384827 learned_addr learned my addr 172.21.15.7:0/2366384827 (peer_addr_for_me v2:172.21.15.7:0/0)
2024-04-17T08:10:50.812 INFO:teuthology.orchestra.run.smithi007.stdout:/usr/bin/ceph: stderr
2024-04-17T08:10:50.082+0000 7effe9250700 1 -- 172.21.15.7:0/2366384827 --> [v2:172.21.15.7:3300/0,v1:172.21.15.7:6789/0] -- mon_subscribe({config=0+,monmap=0+}) -- 0x7effe4108540 con 0x7effe4107340
2024-04-17T08:10:50.812 INFO:teuthology.orchestra.run.smithi007.stdout:/usr/bin/ceph: stderr
2024-04-17T08:10:50.082+0000 7effe9250700 1 --2- 172.21.15.7:0/2366384827 >> [v2:172.21.15.7:3300/0,v1:172.21.15.7:6789/0] conn(0x7effe4107340 0x7effe4107760 secure :-1 s=READY pgs=18 cs=0 l=1 rev1=1 crypto rx=0x7effd400d180 tx=0x7effd400d490 comp rx=0 tx=0).ready entity=mon.0 client_cookie=582b87f6c32a1370 server_cookie=0 in_seq=0 out_seq=0
2024-04-17T08:10:50.812 INFO:teuthology.orchestra.run.smithi007.stdout:/usr/bin/ceph: stderr
2024-04-17T08:10:50.082+0000 7effe3fff700 1 -- 172.21.15.7:0/2366384827 <== mon.0 v2:172.21.15.7:3300/0 1 ==== mon_map magic: 0 ==== 205+0+0 (secure 0 0 0) 0x7effd4019070 con 0x7effe4107340
2024-04-17T08:10:50.812 INFO:teuthology.orchestra.run.smithi007.stdout:/usr/bin/ceph: stderr
2024-04-17T08:10:50.082+0000 7effe3fff700 1 -- 172.21.15.7:0/2366384827 <== mon.0 v2:172.21.15.7:3300/0 2 ==== config(27 keys) ==== 1109+0+0 (secure 0 0 0) 0x7effd400de20 con 0x7effe4107340
2024-04-17T08:10:50.812 INFO:teuthology.orchestra.run.smithi007.stdout:/usr/bin/ceph: stderr
2024-04-17T08:10:50.082+0000 7effe3fff700 1 -- 172.21.15.7:0/2366384827 <== mon.0 v2:172.21.15.7:3300/0 3 ==== mon_map magic: 0 ==== 205+0+0 (secure 0 0 0) 0x7effd4009b90 con 0x7effe4107340
2024-04-17T08:10:50.812 INFO:teuthology.orchestra.run.smithi007.stdout:/usr/bin/ceph: stderr
2024-04-17T08:10:50.083+0000 7effeb4b4700 1 -- 172.21.15.7:0/2366384827 >> [v2:172.21.15.7:3300/0,v1:172.21.15.7:6789/0] conn(0x7effe4107340 msgr2=0x7effe4107760 secure :-1 s=STATE_CONNECTION_ESTABLISHED l=1).mark_down
2024-04-17T08:10:50.812 INFO:teuthology.orchestra.run.smithi007.stdout:/usr/bin/ceph: stderr
2024-04-17T08:10:50.083+0000 7effeb4b4700 1 --2- 172.21.15.7:0/2366384827 >> [v2:172.21.15.7:3300/0,v1:172.21.15.7:6789/0] conn(0x7effe4107340 0x7effe4107760 secure :-1 s=READY pgs=18 cs=0 l=1 rev1=1 crypto rx=0x7effd400d180 tx=0x7effd400d490 comp rx=0 tx=0).stop
2024-04-17T08:10:50.812 INFO:teuthology.orchestra.run.smithi007.stdout:/usr/bin/ceph: stderr
2024-04-17T08:10:50.083+0000 7effeb4b4700 1 -- 172.21.15.7:0/2366384827 shutdown_connections
2024-04-17T08:10:50.813 INFO:teuthology.orchestra.run.smithi007.stdout:/usr/bin/ceph: stderr
2024-04-17T08:10:50.083+0000 7effeb4b4700 1 --2- 172.21.15.7:0/2366384827 >> [v2:172.21.15.7:3300/0,v1:172.21.15.7:6789/0] conn(0x7effe4107340 0x7effe4107760 unknown :-1 s=CLOSED pgs=18 cs=0 l=1 rev1=1 crypto rx=0 tx=0 comp rx=0 tx=0).stop
2024-04-17T08:10:50.813 INFO:teuthology.orchestra.run.smithi007.stdout:/usr/bin/ceph: stderr
2024-04-17T08:10:50.083+0000 7effeb4b4700 1 -- 172.21.15.7:0/2366384827 >> 172.21.15.7:0/2366384827 conn(0x7effe4102920 msgr2=0x7effe4104d40 unknown :-1 s=STATE_NONE l=0).mark_down
2024-04-17T08:10:50.813 INFO:teuthology.orchestra.run.smithi007.stdout:/usr/bin/ceph: stderr
2024-04-17T08:10:50.083+0000 7effeb4b4700 1 -- 172.21.15.7:0/2366384827 shutdown_connections
2024-04-17T08:10:50.813 INFO:teuthology.orchestra.run.smithi007.stdout:/usr/bin/ceph: stderr
2024-04-17T08:10:50.083+0000 7effeb4b4700 1 -- 172.21.15.7:0/2366384827 wait complete.
2024-04-17T08:10:50.813 INFO:teuthology.orchestra.run.smithi007.stdout:/usr/bin/ceph: stderr
2024-04-17T08:10:50.084+0000 7effeb4b4700 1 Processor -- start
2024-04-17T08:10:50.813 INFO:teuthology.orchestra.run.smithi007.stdout:/usr/bin/ceph: stderr
2024-04-17T08:10:50.084+0000 7effeb4b4700 1 -- start start
2024-04-17T08:10:50.813 INFO:teuthology.orchestra.run.smithi007.stdout:/usr/bin/ceph: stderr
2024-04-17T08:10:50.084+0000 7effeb4b4700 1 --2- >> [v2:172.21.15.7:3300/0,v1:172.21.15.7:6789/0] conn(0x7effe4107340 0x7effe419a060 unknown :-1 s=NONE pgs=0 cs=0 l=1 rev1=0 crypto rx=0 tx=0 comp rx=0 tx=0).connect
2024-04-17T08:10:50.813 INFO:teuthology.orchestra.run.smithi007.stdout:/usr/bin/ceph: stderr
2024-04-17T08:10:50.084+0000 7effeb4b4700 1 -- --> [v2:172.21.15.7:3300/0,v1:172.21.15.7:6789/0] -- mon_getmap magic: 0 -- 0x7effe407afe0 con 0x7effe4107340
2024-04-17T08:10:50.813 INFO:teuthology.orchestra.run.smithi007.stdout:/usr/bin/ceph: stderr
2024-04-17T08:10:50.084+0000 7effe9250700 1 --2- >> [v2:172.21.15.7:3300/0,v1:172.21.15.7:6789/0] conn(0x7effe4107340 0x7effe419a060 unknown :-1 s=BANNER_CONNECTING pgs=0 cs=0 l=1 rev1=0 crypto rx=0 tx=0 comp rx=0 tx=0)._handle_peer_banner_payload supported=3 required=0
2024-04-17T08:10:50.813 INFO:teuthology.orchestra.run.smithi007.stdout:/usr/bin/ceph: stderr
2024-04-17T08:10:50.084+0000 7effe9250700 1 --2- >> [v2:172.21.15.7:3300/0,v1:172.21.15.7:6789/0] conn(0x7effe4107340 0x7effe419a060 unknown :-1 s=HELLO_CONNECTING pgs=0 cs=0 l=1 rev1=1 crypto rx=0 tx=0 comp rx=0 tx=0).handle_hello peer v2:172.21.15.7:3300/0 says I am v2:172.21.15.7:55250/0 (socket says 172.21.15.7:55250)
2024-04-17T08:10:50.813 INFO:teuthology.orchestra.run.smithi007.stdout:/usr/bin/ceph: stderr
2024-04-17T08:10:50.084+0000 7effe9250700 1 -- 172.21.15.7:0/282527931 learned_addr learned my addr 172.21.15.7:0/282527931 (peer_addr_for_me v2:172.21.15.7:0/0)
2024-04-17T08:10:50.813 INFO:teuthology.orchestra.run.smithi007.stdout:/usr/bin/ceph: stderr
2024-04-17T08:10:50.084+0000 7effe9250700 1 -- 172.21.15.7:0/282527931 --> [v2:172.21.15.7:3300/0,v1:172.21.15.7:6789/0] -- mon_subscribe({config=0+,monmap=0+}) -- 0x7effe419a5a0 con 0x7effe4107340
2024-04-17T08:10:50.813 INFO:teuthology.orchestra.run.smithi007.stdout:/usr/bin/ceph: stderr
2024-04-17T08:10:50.085+0000 7effe9250700 1 --2- 172.21.15.7:0/282527931 >> [v2:172.21.15.7:3300/0,v1:172.21.15.7:6789/0] conn(0x7effe4107340 0x7effe419a060 secure :-1 s=READY pgs=19 cs=0 l=1 rev1=1 crypto rx=0x7effd400d150 tx=0x7effd400b820 comp rx=0 tx=0).ready entity=mon.0 client_cookie=0 server_cookie=0 in_seq=0 out_seq=0
2024-04-17T08:10:50.814 INFO:teuthology.orchestra.run.smithi007.stdout:/usr/bin/ceph: stderr
2024-04-17T08:10:50.085+0000 7effe27fc700 1 -- 172.21.15.7:0/282527931 <== mon.0 v2:172.21.15.7:3300/0 1 ==== mon_map magic: 0 ==== 205+0+0 (secure 0 0 0) 0x7effd4019050 con 0x7effe4107340
2024-04-17T08:10:50.814 INFO:teuthology.orchestra.run.smithi007.stdout:/usr/bin/ceph: stderr
2024-04-17T08:10:50.085+0000 7effe27fc700 1 -- 172.21.15.7:0/282527931 <== mon.0 v2:172.21.15.7:3300/0 2 ==== config(27 keys) ==== 1109+0+0 (secure 0 0 0) 0x7effd4025070 con 0x7effe4107340
2024-04-17T08:10:50.814 INFO:teuthology.orchestra.run.smithi007.stdout:/usr/bin/ceph: stderr
2024-04-17T08:10:50.085+0000 7effeb4b4700 1 -- 172.21.15.7:0/282527931 --> [v2:172.21.15.7:3300/0,v1:172.21.15.7:6789/0] -- mon_subscribe({mgrmap=0+}) -- 0x7effe419a830 con 0x7effe4107340
2024-04-17T08:10:50.814 INFO:teuthology.orchestra.run.smithi007.stdout:/usr/bin/ceph: stderr
2024-04-17T08:10:50.085+0000 7effe27fc700 1 -- 172.21.15.7:0/282527931 <== mon.0 v2:172.21.15.7:3300/0 3 ==== mon_map magic: 0 ==== 205+0+0 (secure 0 0 0) 0x7effd40045a0 con 0x7effe4107340
2024-04-17T08:10:50.814 INFO:teuthology.orchestra.run.smithi007.stdout:/usr/bin/ceph: stderr
2024-04-17T08:10:50.085+0000 7effeb4b4700 1 -- 172.21.15.7:0/282527931 --> [v2:172.21.15.7:3300/0,v1:172.21.15.7:6789/0] -- mon_subscribe({osdmap=0}) -- 0x7effe419d520 con 0x7effe4107340
2024-04-17T08:10:50.814 INFO:teuthology.orchestra.run.smithi007.stdout:/usr/bin/ceph: stderr
2024-04-17T08:10:50.086+0000 7effe27fc700 1 -- 172.21.15.7:0/282527931 <== mon.0 v2:172.21.15.7:3300/0 4 ==== mgrmap(e 4) ==== 46547+0+0 (secure 0 0 0) 0x7effd40047d0 con 0x7effe4107340
2024-04-17T08:10:50.814 INFO:teuthology.orchestra.run.smithi007.stdout:/usr/bin/ceph: stderr
2024-04-17T08:10:50.086+0000 7effeb4b4700 1 -- 172.21.15.7:0/282527931 --> [v2:172.21.15.7:3300/0,v1:172.21.15.7:6789/0] -- mon_command({"prefix": "get_command_descriptions"} v 0) -- 0x7effe40640b0 con 0x7effe4107340
2024-04-17T08:10:50.814 INFO:teuthology.orchestra.run.smithi007.stdout:/usr/bin/ceph: stderr
2024-04-17T08:10:50.086+0000 7effe27fc700 1 --2- 172.21.15.7:0/282527931 >> [v2:172.21.15.7:6800/1001530946,v1:172.21.15.7:6801/1001530946] conn(0x7effcc039620 0x7effcc03bae0 unknown :-1 s=NONE pgs=0 cs=0 l=1 rev1=0 crypto rx=0 tx=0 comp rx=0 tx=0).connect
2024-04-17T08:10:50.814 INFO:teuthology.orchestra.run.smithi007.stdout:/usr/bin/ceph: stderr
2024-04-17T08:10:50.086+0000 7effe27fc700 1 -- 172.21.15.7:0/282527931 <== mon.0 v2:172.21.15.7:3300/0 5 ==== osd_map(1..1 src has 1..1) ==== 725+0+0 (secure 0 0 0) 0x7effd4011050 con 0x7effe4107340
2024-04-17T08:10:50.815 INFO:teuthology.orchestra.run.smithi007.stdout:/usr/bin/ceph: stderr
2024-04-17T08:10:50.086+0000 7effe8a4f700 1 --2- 172.21.15.7:0/282527931 >> [v2:172.21.15.7:6800/1001530946,v1:172.21.15.7:6801/1001530946] conn(0x7effcc039620 0x7effcc03bae0 unknown :-1 s=BANNER_CONNECTING pgs=0 cs=0 l=1 rev1=0 crypto rx=0 tx=0 comp rx=0 tx=0)._handle_peer_banner_payload supported=3 required=0
2024-04-17T08:10:50.815 INFO:teuthology.orchestra.run.smithi007.stdout:/usr/bin/ceph: stderr
2024-04-17T08:10:50.086+0000 7effe8a4f700 1 --2- 172.21.15.7:0/282527931 >> [v2:172.21.15.7:6800/1001530946,v1:172.21.15.7:6801/1001530946] conn(0x7effcc039620 0x7effcc03bae0 secure :-1 s=READY pgs=7 cs=0 l=1 rev1=1 crypto rx=0x7effd8006fd0 tx=0x7effd8006e40 comp rx=0 tx=0).ready entity=mgr.14100 client_cookie=0 server_cookie=0 in_seq=0 out_seq=0
2024-04-17T08:10:50.815 INFO:teuthology.orchestra.run.smithi007.stdout:/usr/bin/ceph: stderr
2024-04-17T08:10:50.091+0000 7effe27fc700 1 -- 172.21.15.7:0/282527931 <== mon.0 v2:172.21.15.7:3300/0 6 ==== mon_command_ack([{"prefix": "get_command_descriptions"}]=0 v0) ==== 72+0+188381 (secure 0 0 0) 0x7effd401b260 con 0x7effe4107340
2024-04-17T08:10:50.815 INFO:teuthology.orchestra.run.smithi007.stdout:/usr/bin/ceph: stderr
2024-04-17T08:10:50.297+0000 7effeb4b4700 1 -- 172.21.15.7:0/282527931 --> [v2:172.21.15.7:3300/0,v1:172.21.15.7:6789/0] -- mon_command({"prefix": "config assimilate-conf"} v 0) -- 0x7effe419d6f0 con 0x7effe4107340
2024-04-17T08:10:50.815 INFO:teuthology.orchestra.run.smithi007.stdout:/usr/bin/ceph: stderr
2024-04-17T08:10:50.298+0000 7effe27fc700 1 -- 172.21.15.7:0/282527931 <== mon.0 v2:172.21.15.7:3300/0 7 ==== mon_command_ack([{"prefix": "config assimilate-conf"}]=0 v3) ==== 70+0+373 (secure 0 0 0) 0x7effe419d6f0 con 0x7effe4107340
2024-04-17T08:10:50.815 INFO:teuthology.orchestra.run.smithi007.stdout:/usr/bin/ceph: stderr
2024-04-17T08:10:50.300+0000 7effeb4b4700 1 -- 172.21.15.7:0/282527931 >> [v2:172.21.15.7:6800/1001530946,v1:172.21.15.7:6801/1001530946] conn(0x7effcc039620 msgr2=0x7effcc03bae0 secure :-1 s=STATE_CONNECTION_ESTABLISHED l=1).mark_down
2024-04-17T08:10:50.815 INFO:teuthology.orchestra.run.smithi007.stdout:/usr/bin/ceph: stderr
2024-04-17T08:10:50.300+0000 7effeb4b4700 1 --2- 172.21.15.7:0/282527931 >> [v2:172.21.15.7:6800/1001530946,v1:172.21.15.7:6801/1001530946] conn(0x7effcc039620 0x7effcc03bae0 secure :-1 s=READY pgs=7 cs=0 l=1 rev1=1 crypto rx=0x7effd8006fd0 tx=0x7effd8006e40 comp rx=0 tx=0).stop
2024-04-17T08:10:50.815 INFO:teuthology.orchestra.run.smithi007.stdout:/usr/bin/ceph: stderr
2024-04-17T08:10:50.300+0000 7effeb4b4700 1 -- 172.21.15.7:0/282527931 >> [v2:172.21.15.7:3300/0,v1:172.21.15.7:6789/0] conn(0x7effe4107340 msgr2=0x7effe419a060 secure :-1 s=STATE_CONNECTION_ESTABLISHED l=1).mark_down
2024-04-17T08:10:50.815 INFO:teuthology.orchestra.run.smithi007.stdout:/usr/bin/ceph: stderr
2024-04-17T08:10:50.300+0000 7effeb4b4700 1 --2- 172.21.15.7:0/282527931 >> [v2:172.21.15.7:3300/0,v1:172.21.15.7:6789/0] conn(0x7effe4107340 0x7effe419a060 secure :-1 s=READY pgs=19 cs=0 l=1 rev1=1 crypto rx=0x7effd400d150 tx=0x7effd400b820 comp rx=0 tx=0).stop
2024-04-17T08:10:50.815 INFO:teuthology.orchestra.run.smithi007.stdout:/usr/bin/ceph: stderr
2024-04-17T08:10:50.300+0000 7effeb4b4700 1 -- 172.21.15.7:0/282527931 shutdown_connections
2024-04-17T08:10:50.815 INFO:teuthology.orchestra.run.smithi007.stdout:/usr/bin/ceph: stderr
2024-04-17T08:10:50.300+0000 7effeb4b4700 1 --2- 172.21.15.7:0/282527931 >> [v2:172.21.15.7:6800/1001530946,v1:172.21.15.7:6801/1001530946] conn(0x7effcc039620 0x7effcc03bae0 unknown :-1 s=CLOSED pgs=7 cs=0 l=1 rev1=1 crypto rx=0 tx=0 comp rx=0 tx=0).stop
2024-04-17T08:10:50.815 INFO:teuthology.orchestra.run.smithi007.stdout:/usr/bin/ceph: stderr
2024-04-17T08:10:50.300+0000 7effeb4b4700 1 --2- 172.21.15.7:0/282527931 >> [v2:172.21.15.7:3300/0,v1:172.21.15.7:6789/0] conn(0x7effe4107340 0x7effe419a060 unknown :-1 s=CLOSED pgs=19 cs=0 l=1 rev1=1 crypto rx=0 tx=0 comp rx=0 tx=0).stop
2024-04-17T08:10:50.815 INFO:teuthology.orchestra.run.smithi007.stdout:/usr/bin/ceph: stderr
2024-04-17T08:10:50.300+0000 7effeb4b4700 1 -- 172.21.15.7:0/282527931 >> 172.21.15.7:0/282527931 conn(0x7effe4102920 msgr2=0x7effe4190680 unknown :-1 s=STATE_NONE l=0).mark_down
2024-04-17T08:10:50.815 INFO:teuthology.orchestra.run.smithi007.stdout:/usr/bin/ceph: stderr
2024-04-17T08:10:50.300+0000 7effeb4b4700 1 -- 172.21.15.7:0/282527931 shutdown_connections
2024-04-17T08:10:50.816 INFO:teuthology.orchestra.run.smithi007.stdout:/usr/bin/ceph: stderr
2024-04-17T08:10:50.300+0000 7effeb4b4700 1 -- 172.21.15.7:0/282527931 wait complete.
2024-04-17T08:10:50.816 INFO:teuthology.orchestra.run.smithi007.stdout:Enabling cephadm module...
2024-04-17T08:10:51.868 INFO:journalctl@ceph.mon.a.smithi007.stdout:Apr 17 08:10:51 smithi007 ceph-mon[32040]: from='client.? 172.21.15.7:0/3328267101' entity='client.admin' cmd=[{"prefix": "mgr module enable", "module": "cephadm"}]: dispatch
2024-04-17T08:10:51.868 INFO:journalctl@ceph.mgr.x.smithi007.stdout:Apr 17 08:10:51 smithi007 ceph-bbaa846e-fc91-11ee-bc91-c7b262605968-mgr-x[32269]: ignoring --setuser ceph since I am not root
2024-04-17T08:10:51.868 INFO:journalctl@ceph.mgr.x.smithi007.stdout:Apr 17 08:10:51 smithi007 ceph-bbaa846e-fc91-11ee-bc91-c7b262605968-mgr-x[32269]: ignoring --setgroup ceph since I am not root
2024-04-17T08:10:52.065 INFO:teuthology.orchestra.run.smithi007.stdout:/usr/bin/ceph: stderr
2024-04-17T08:10:51.195+0000 7f0736f54700 1 Processor -- start
2024-04-17T08:10:52.066 INFO:teuthology.orchestra.run.smithi007.stdout:/usr/bin/ceph: stderr
2024-04-17T08:10:51.195+0000 7f0736f54700 1 -- start start
2024-04-17T08:10:52.066 INFO:teuthology.orchestra.run.smithi007.stdout:/usr/bin/ceph: stderr
2024-04-17T08:10:51.195+0000 7f0736f54700 1 --2- >> [v2:172.21.15.7:3300/0,v1:172.21.15.7:6789/0] conn(0x7f0730107340 0x7f0730107760 unknown :-1 s=NONE pgs=0 cs=0 l=0 rev1=0 crypto rx=0 tx=0 comp rx=0 tx=0).connect
2024-04-17T08:10:52.066 INFO:teuthology.orchestra.run.smithi007.stdout:/usr/bin/ceph: stderr
2024-04-17T08:10:51.195+0000 7f0736f54700 1 -- --> [v2:172.21.15.7:3300/0,v1:172.21.15.7:6789/0] -- mon_getmap magic: 0 -- 0x7f0730107d30 con 0x7f0730107340
2024-04-17T08:10:52.066 INFO:teuthology.orchestra.run.smithi007.stdout:/usr/bin/ceph: stderr
2024-04-17T08:10:51.196+0000 7f0734cf0700 1 --2- >> [v2:172.21.15.7:3300/0,v1:172.21.15.7:6789/0] conn(0x7f0730107340 0x7f0730107760 unknown :-1 s=BANNER_CONNECTING pgs=0 cs=0 l=0 rev1=0 crypto rx=0 tx=0 comp rx=0 tx=0)._handle_peer_banner_payload supported=3 required=0
2024-04-17T08:10:52.066 INFO:teuthology.orchestra.run.smithi007.stdout:/usr/bin/ceph: stderr
2024-04-17T08:10:51.196+0000 7f0734cf0700 1 --2- >> [v2:172.21.15.7:3300/0,v1:172.21.15.7:6789/0] conn(0x7f0730107340 0x7f0730107760 unknown :-1 s=HELLO_CONNECTING pgs=0 cs=0 l=0 rev1=1 crypto rx=0 tx=0 comp rx=0 tx=0).handle_hello peer v2:172.21.15.7:3300/0 says I am v2:172.21.15.7:55260/0 (socket says 172.21.15.7:55260)
2024-04-17T08:10:52.066 INFO:teuthology.orchestra.run.smithi007.stdout:/usr/bin/ceph: stderr
2024-04-17T08:10:51.196+0000 7f0734cf0700 1 -- 172.21.15.7:0/4189623406 learned_addr learned my addr 172.21.15.7:0/4189623406 (peer_addr_for_me v2:172.21.15.7:0/0)
2024-04-17T08:10:52.066 INFO:teuthology.orchestra.run.smithi007.stdout:/usr/bin/ceph: stderr
2024-04-17T08:10:51.196+0000 7f0734cf0700 1 -- 172.21.15.7:0/4189623406 --> [v2:172.21.15.7:3300/0,v1:172.21.15.7:6789/0] -- mon_subscribe({config=0+,monmap=0+}) -- 0x7f0730108540 con 0x7f0730107340
2024-04-17T08:10:52.066 INFO:teuthology.orchestra.run.smithi007.stdout:/usr/bin/ceph: stderr
2024-04-17T08:10:51.196+0000 7f0734cf0700 1 --2- 172.21.15.7:0/4189623406 >> [v2:172.21.15.7:3300/0,v1:172.21.15.7:6789/0] conn(0x7f0730107340 0x7f0730107760 secure :-1 s=READY pgs=20 cs=0 l=1 rev1=1 crypto rx=0x7f0720009e80 tx=0x7f072000b330 comp rx=0 tx=0).ready entity=mon.0 client_cookie=cb0fec465885c0a9 server_cookie=0 in_seq=0 out_seq=0
2024-04-17T08:10:52.066 INFO:teuthology.orchestra.run.smithi007.stdout:/usr/bin/ceph: stderr
2024-04-17T08:10:51.196+0000 7f072f7fe700 1 -- 172.21.15.7:0/4189623406 <== mon.0 v2:172.21.15.7:3300/0 1 ==== mon_map magic: 0 ==== 205+0+0 (secure 0 0 0) 0x7f0720017070 con 0x7f0730107340
2024-04-17T08:10:52.067 INFO:teuthology.orchestra.run.smithi007.stdout:/usr/bin/ceph: stderr
2024-04-17T08:10:51.196+0000 7f072f7fe700 1 -- 172.21.15.7:0/4189623406 <== mon.0 v2:172.21.15.7:3300/0 2 ==== config(27 keys) ==== 1109+0+0 (secure 0 0 0) 0x7f072000b8c0 con 0x7f0730107340
2024-04-17T08:10:52.067 INFO:teuthology.orchestra.run.smithi007.stdout:/usr/bin/ceph: stderr
2024-04-17T08:10:51.196+0000 7f072f7fe700 1 -- 172.21.15.7:0/4189623406 <== mon.0 v2:172.21.15.7:3300/0 3 ==== mon_map magic: 0 ==== 205+0+0 (secure 0 0 0) 0x7f07200045c0 con 0x7f0730107340
2024-04-17T08:10:52.067 INFO:teuthology.orchestra.run.smithi007.stdout:/usr/bin/ceph: stderr
2024-04-17T08:10:51.197+0000 7f0736f54700 1 -- 172.21.15.7:0/4189623406 >> [v2:172.21.15.7:3300/0,v1:172.21.15.7:6789/0] conn(0x7f0730107340 msgr2=0x7f0730107760 secure :-1 s=STATE_CONNECTION_ESTABLISHED l=1).mark_down
2024-04-17T08:10:52.067 INFO:teuthology.orchestra.run.smithi007.stdout:/usr/bin/ceph: stderr
2024-04-17T08:10:51.197+0000 7f0736f54700 1 --2- 172.21.15.7:0/4189623406 >> [v2:172.21.15.7:3300/0,v1:172.21.15.7:6789/0] conn(0x7f0730107340 0x7f0730107760 secure :-1 s=READY pgs=20 cs=0 l=1 rev1=1 crypto rx=0x7f0720009e80 tx=0x7f072000b330 comp rx=0 tx=0).stop
2024-04-17T08:10:52.067 INFO:teuthology.orchestra.run.smithi007.stdout:/usr/bin/ceph: stderr
2024-04-17T08:10:51.197+0000 7f0736f54700 1 -- 172.21.15.7:0/4189623406 shutdown_connections
2024-04-17T08:10:52.067 INFO:teuthology.orchestra.run.smithi007.stdout:/usr/bin/ceph: stderr
2024-04-17T08:10:51.197+0000 7f0736f54700 1 --2- 172.21.15.7:0/4189623406 >> [v2:172.21.15.7:3300/0,v1:172.21.15.7:6789/0] conn(0x7f0730107340 0x7f0730107760 unknown :-1 s=CLOSED pgs=20 cs=0 l=1 rev1=1 crypto rx=0 tx=0 comp rx=0 tx=0).stop
2024-04-17T08:10:52.067 INFO:teuthology.orchestra.run.smithi007.stdout:/usr/bin/ceph: stderr
2024-04-17T08:10:51.197+0000 7f0736f54700 1 -- 172.21.15.7:0/4189623406 >> 172.21.15.7:0/4189623406 conn(0x7f0730102920 msgr2=0x7f0730104d40 unknown :-1 s=STATE_NONE l=0).mark_down
2024-04-17T08:10:52.067 INFO:teuthology.orchestra.run.smithi007.stdout:/usr/bin/ceph: stderr
2024-04-17T08:10:51.197+0000 7f0736f54700 1 -- 172.21.15.7:0/4189623406 shutdown_connections
2024-04-17T08:10:52.067 INFO:teuthology.orchestra.run.smithi007.stdout:/usr/bin/ceph: stderr
2024-04-17T08:10:51.197+0000 7f0736f54700 1 -- 172.21.15.7:0/4189623406 wait complete.
2024-04-17T08:10:52.067 INFO:teuthology.orchestra.run.smithi007.stdout:/usr/bin/ceph: stderr
2024-04-17T08:10:51.197+0000 7f0736f54700 1 Processor -- start
2024-04-17T08:10:52.067 INFO:teuthology.orchestra.run.smithi007.stdout:/usr/bin/ceph: stderr
2024-04-17T08:10:51.197+0000 7f0736f54700 1 -- start start
2024-04-17T08:10:52.067 INFO:teuthology.orchestra.run.smithi007.stdout:/usr/bin/ceph: stderr
2024-04-17T08:10:51.198+0000 7f0736f54700 1 --2- >> [v2:172.21.15.7:3300/0,v1:172.21.15.7:6789/0] conn(0x7f0730107340 0x7f073007ba80 unknown :-1 s=NONE pgs=0 cs=0 l=1 rev1=0 crypto rx=0 tx=0 comp rx=0 tx=0).connect
2024-04-17T08:10:52.068 INFO:teuthology.orchestra.run.smithi007.stdout:/usr/bin/ceph: stderr
2024-04-17T08:10:51.198+0000 7f0736f54700 1 -- --> [v2:172.21.15.7:3300/0,v1:172.21.15.7:6789/0] -- mon_getmap magic: 0 -- 0x7f073010b8f0 con 0x7f0730107340
2024-04-17T08:10:52.068 INFO:teuthology.orchestra.run.smithi007.stdout:/usr/bin/ceph: stderr
2024-04-17T08:10:51.198+0000 7f0734cf0700 1 --2- >> [v2:172.21.15.7:3300/0,v1:172.21.15.7:6789/0] conn(0x7f0730107340 0x7f073007ba80 unknown :-1 s=BANNER_CONNECTING pgs=0 cs=0 l=1 rev1=0 crypto rx=0 tx=0 comp rx=0 tx=0)._handle_peer_banner_payload supported=3 required=0
2024-04-17T08:10:52.068 INFO:teuthology.orchestra.run.smithi007.stdout:/usr/bin/ceph: stderr
2024-04-17T08:10:51.198+0000 7f0734cf0700 1 --2- >> [v2:172.21.15.7:3300/0,v1:172.21.15.7:6789/0] conn(0x7f0730107340 0x7f073007ba80 unknown :-1 s=HELLO_CONNECTING pgs=0 cs=0 l=1 rev1=1 crypto rx=0 tx=0 comp rx=0 tx=0).handle_hello peer v2:172.21.15.7:3300/0 says I am v2:172.21.15.7:55272/0 (socket says 172.21.15.7:55272)
2024-04-17T08:10:52.068 INFO:teuthology.orchestra.run.smithi007.stdout:/usr/bin/ceph: stderr
2024-04-17T08:10:51.198+0000 7f0734cf0700 1 -- 172.21.15.7:0/3328267101 learned_addr learned my addr 172.21.15.7:0/3328267101 (peer_addr_for_me v2:172.21.15.7:0/0)
2024-04-17T08:10:52.068 INFO:teuthology.orchestra.run.smithi007.stdout:/usr/bin/ceph: stderr
2024-04-17T08:10:51.198+0000 7f0734cf0700 1 -- 172.21.15.7:0/3328267101 --> [v2:172.21.15.7:3300/0,v1:172.21.15.7:6789/0] -- mon_subscribe({config=0+,monmap=0+}) -- 0x7f073019efb0 con 0x7f0730107340
2024-04-17T08:10:52.068 INFO:teuthology.orchestra.run.smithi007.stdout:/usr/bin/ceph: stderr
2024-04-17T08:10:51.198+0000 7f0734cf0700 1 --2- 172.21.15.7:0/3328267101 >> [v2:172.21.15.7:3300/0,v1:172.21.15.7:6789/0] conn(0x7f0730107340 0x7f073007ba80 secure :-1 s=READY pgs=21 cs=0 l=1 rev1=1 crypto rx=0x7f0720004210 tx=0x7f072000bd50 comp rx=0 tx=0).ready entity=mon.0 client_cookie=0 server_cookie=0 in_seq=0 out_seq=0
2024-04-17T08:10:52.068 INFO:teuthology.orchestra.run.smithi007.stdout:/usr/bin/ceph: stderr
2024-04-17T08:10:51.198+0000 7f072dffb700 1 -- 172.21.15.7:0/3328267101 <== mon.0 v2:172.21.15.7:3300/0 1 ==== mon_map magic: 0 ==== 205+0+0 (secure 0 0 0) 0x7f0720020020 con 0x7f0730107340
2024-04-17T08:10:52.068 INFO:teuthology.orchestra.run.smithi007.stdout:/usr/bin/ceph: stderr
2024-04-17T08:10:51.198+0000 7f072dffb700 1 -- 172.21.15.7:0/3328267101 <== mon.0 v2:172.21.15.7:3300/0 2 ==== config(27 keys) ==== 1109+0+0 (secure 0 0 0) 0x7f0720003b50 con 0x7f0730107340
2024-04-17T08:10:52.068 INFO:teuthology.orchestra.run.smithi007.stdout:/usr/bin/ceph: stderr
