2024-04-17T08:10:59.686+0000 7f60ef7fe700 1 -- 172.21.15.7:0/3733378134 <== mgr.14118 v2:172.21.15.7:6800/1660748557 1 ==== command_reply(tid 0: 0 ) ==== 8+0+7774 (secure 0 0 0) 0x7f60f0009cd0 con 0x7f60e803cf10
2024-04-17T08:11:00.234 INFO:teuthology.orchestra.run.smithi007.stdout:/usr/bin/ceph: stderr
2024-04-17T08:10:59.692+0000 7f61046ac700 1 -- 172.21.15.7:0/3733378134 --> [v2:172.21.15.7:6800/1660748557,v1:172.21.15.7:6801/1660748557] -- command(tid 1: {"prefix": "mgr_status"}) -- 0x7f60fc0640b0 con 0x7f60e803cf10
2024-04-17T08:11:00.234 INFO:teuthology.orchestra.run.smithi007.stdout:/usr/bin/ceph: stderr
2024-04-17T08:10:59.692+0000 7f60ef7fe700 1 -- 172.21.15.7:0/3733378134 <== mgr.14118 v2:172.21.15.7:6800/1660748557 2 ==== command_reply(tid 1: 0 ) ==== 8+0+51 (secure 0 0 0) 0x7f60fc0640b0 con 0x7f60e803cf10
2024-04-17T08:11:00.234 INFO:teuthology.orchestra.run.smithi007.stdout:/usr/bin/ceph: stderr
2024-04-17T08:10:59.693+0000 7f61046ac700 1 -- 172.21.15.7:0/3733378134 >> [v2:172.21.15.7:6800/1660748557,v1:172.21.15.7:6801/1660748557] conn(0x7f60e803cf10 msgr2=0x7f60e803f300 secure :-1 s=STATE_CONNECTION_ESTABLISHED l=1).mark_down
2024-04-17T08:11:00.235 INFO:teuthology.orchestra.run.smithi007.stdout:/usr/bin/ceph: stderr
2024-04-17T08:10:59.693+0000 7f61046ac700 1 --2- 172.21.15.7:0/3733378134 >> [v2:172.21.15.7:6800/1660748557,v1:172.21.15.7:6801/1660748557] conn(0x7f60e803cf10 0x7f60e803f300 secure :-1 s=READY pgs=1 cs=0 l=1 rev1=1 crypto rx=0x7f60f8003a10 tx=0x7f60f8009290 comp rx=0 tx=0).stop
2024-04-17T08:11:00.235 INFO:teuthology.orchestra.run.smithi007.stdout:/usr/bin/ceph: stderr
2024-04-17T08:10:59.693+0000 7f61046ac700 1 -- 172.21.15.7:0/3733378134 >> [v2:172.21.15.7:3300/0,v1:172.21.15.7:6789/0] conn(0x7f60fc107350 msgr2=0x7f60fc19a100 secure :-1 s=STATE_CONNECTION_ESTABLISHED l=1).mark_down
2024-04-17T08:11:00.235 INFO:teuthology.orchestra.run.smithi007.stdout:/usr/bin/ceph: stderr
2024-04-17T08:10:59.693+0000 7f61046ac700 1 --2- 172.21.15.7:0/3733378134 >> [v2:172.21.15.7:3300/0,v1:172.21.15.7:6789/0] conn(0x7f60fc107350 0x7f60fc19a100 secure :-1 s=READY pgs=27 cs=0 l=1 rev1=1 crypto rx=0x7f60f000b340 tx=0x7f60f00040b0 comp rx=0 tx=0).stop
2024-04-17T08:11:00.235 INFO:teuthology.orchestra.run.smithi007.stdout:/usr/bin/ceph: stderr
2024-04-17T08:10:59.693+0000 7f61046ac700 1 -- 172.21.15.7:0/3733378134 shutdown_connections
2024-04-17T08:11:00.235 INFO:teuthology.orchestra.run.smithi007.stdout:/usr/bin/ceph: stderr
2024-04-17T08:10:59.693+0000 7f61046ac700 1 --2- 172.21.15.7:0/3733378134 >> [v2:172.21.15.7:6800/1660748557,v1:172.21.15.7:6801/1660748557] conn(0x7f60e803cf10 0x7f60e803f300 unknown :-1 s=CLOSED pgs=1 cs=0 l=1 rev1=1 crypto rx=0 tx=0 comp rx=0 tx=0).stop
2024-04-17T08:11:00.235 INFO:teuthology.orchestra.run.smithi007.stdout:/usr/bin/ceph: stderr
2024-04-17T08:10:59.693+0000 7f61046ac700 1 --2- 172.21.15.7:0/3733378134 >> [v2:172.21.15.7:3300/0,v1:172.21.15.7:6789/0] conn(0x7f60fc107350 0x7f60fc19a100 unknown :-1 s=CLOSED pgs=27 cs=0 l=1 rev1=1 crypto rx=0 tx=0 comp rx=0 tx=0).stop
2024-04-17T08:11:00.235 INFO:teuthology.orchestra.run.smithi007.stdout:/usr/bin/ceph: stderr
2024-04-17T08:10:59.693+0000 7f61046ac700 1 --2- 172.21.15.7:0/3733378134 >> [v2:172.21.15.7:6800/1001530946,v1:172.21.15.7:6801/1001530946] conn(0x7f60e8039620 0x7f60e803bae0 unknown :-1 s=CLOSED pgs=0 cs=0 l=1 rev1=0 crypto rx=0 tx=0 comp rx=0 tx=0).stop
2024-04-17T08:11:00.235 INFO:teuthology.orchestra.run.smithi007.stdout:/usr/bin/ceph: stderr
2024-04-17T08:10:59.693+0000 7f61046ac700 1 -- 172.21.15.7:0/3733378134 >> 172.21.15.7:0/3733378134 conn(0x7f60fc102910 msgr2=0x7f60fc190d20 unknown :-1 s=STATE_NONE l=0).mark_down
2024-04-17T08:11:00.235 INFO:teuthology.orchestra.run.smithi007.stdout:/usr/bin/ceph: stderr
2024-04-17T08:10:59.693+0000 7f61046ac700 1 -- 172.21.15.7:0/3733378134 shutdown_connections
2024-04-17T08:11:00.235 INFO:teuthology.orchestra.run.smithi007.stdout:/usr/bin/ceph: stderr
2024-04-17T08:10:59.693+0000 7f61046ac700 1 -- 172.21.15.7:0/3733378134 wait complete.
2024-04-17T08:11:00.235 INFO:teuthology.orchestra.run.smithi007.stdout:mgr epoch 5 is available
2024-04-17T08:11:00.235 INFO:teuthology.orchestra.run.smithi007.stdout:Setting orchestrator backend to cephadm...
2024-04-17T08:11:00.537 INFO:journalctl@ceph.mon.a.smithi007.stdout:Apr 17 08:11:00 smithi007 ceph-mon[32040]: Found migration_current of "None". Setting to last migration.
2024-04-17T08:11:00.537 INFO:journalctl@ceph.mon.a.smithi007.stdout:Apr 17 08:11:00 smithi007 ceph-mon[32040]: from='mgr.14118 172.21.15.7:0/3718260127' entity='mgr.x'
2024-04-17T08:11:00.537 INFO:journalctl@ceph.mon.a.smithi007.stdout:Apr 17 08:11:00 smithi007 ceph-mon[32040]: from='mgr.14118 172.21.15.7:0/3718260127' entity='mgr.x'
2024-04-17T08:11:00.537 INFO:journalctl@ceph.mon.a.smithi007.stdout:Apr 17 08:11:00 smithi007 ceph-mon[32040]: mgrmap e7: x(active, since 1.00513s)
2024-04-17T08:11:01.441 INFO:journalctl@ceph.mon.a.smithi007.stdout:Apr 17 08:11:01 smithi007 ceph-mon[32040]: from='client.14122 -' entity='client.admin' cmd=[{"prefix": "get_command_descriptions"}]: dispatch
2024-04-17T08:11:01.441 INFO:journalctl@ceph.mon.a.smithi007.stdout:Apr 17 08:11:01 smithi007 ceph-mon[32040]: from='client.14122 -' entity='client.admin' cmd=[{"prefix": "mgr_status"}]: dispatch
2024-04-17T08:11:01.441 INFO:journalctl@ceph.mon.a.smithi007.stdout:Apr 17 08:11:01 smithi007 ceph-mon[32040]: [17/Apr/2024:08:11:00] ENGINE Bus STARTING
2024-04-17T08:11:01.441 INFO:journalctl@ceph.mon.a.smithi007.stdout:Apr 17 08:11:01 smithi007 ceph-mon[32040]: [17/Apr/2024:08:11:00] ENGINE Serving on http://172.21.15.7:8765
2024-04-17T08:11:01.441 INFO:journalctl@ceph.mon.a.smithi007.stdout:Apr 17 08:11:01 smithi007 ceph-mon[32040]: [17/Apr/2024:08:11:00] ENGINE Serving on https://172.21.15.7:7150
2024-04-17T08:11:01.441 INFO:journalctl@ceph.mon.a.smithi007.stdout:Apr 17 08:11:01 smithi007 ceph-mon[32040]: [17/Apr/2024:08:11:00] ENGINE Bus STARTED
2024-04-17T08:11:01.441 INFO:journalctl@ceph.mon.a.smithi007.stdout:Apr 17 08:11:01 smithi007 ceph-mon[32040]: from='mgr.14118 172.21.15.7:0/3718260127' entity='mgr.x' cmd=[{"prefix": "config dump", "format": "json"}]: dispatch
2024-04-17T08:11:01.441 INFO:journalctl@ceph.mon.a.smithi007.stdout:Apr 17 08:11:01 smithi007 ceph-mon[32040]: from='mgr.14118 172.21.15.7:0/3718260127' entity='mgr.x'
2024-04-17T08:11:01.441 INFO:journalctl@ceph.mon.a.smithi007.stdout:Apr 17 08:11:01 smithi007 ceph-mon[32040]: from='mgr.14118 172.21.15.7:0/3718260127' entity='mgr.x' cmd=[{"prefix": "config dump", "format": "json"}]: dispatch
2024-04-17T08:11:01.449 INFO:teuthology.orchestra.run.smithi007.stdout:/usr/bin/ceph: stderr
2024-04-17T08:11:00.640+0000 7fd813db8700 1 Processor -- start
2024-04-17T08:11:01.449 INFO:teuthology.orchestra.run.smithi007.stdout:/usr/bin/ceph: stderr
2024-04-17T08:11:00.640+0000 7fd813db8700 1 -- start start
2024-04-17T08:11:01.449 INFO:teuthology.orchestra.run.smithi007.stdout:/usr/bin/ceph: stderr
2024-04-17T08:11:00.640+0000 7fd813db8700 1 --2- >> [v2:172.21.15.7:3300/0,v1:172.21.15.7:6789/0] conn(0x7fd80c108ee0 0x7fd80c10b2d0 unknown :-1 s=NONE pgs=0 cs=0 l=0 rev1=0 crypto rx=0 tx=0 comp rx=0 tx=0).connect
2024-04-17T08:11:01.449 INFO:teuthology.orchestra.run.smithi007.stdout:/usr/bin/ceph: stderr
2024-04-17T08:11:00.640+0000 7fd813db8700 1 -- --> [v2:172.21.15.7:3300/0,v1:172.21.15.7:6789/0] -- mon_getmap magic: 0 -- 0x7fd80c07be80 con 0x7fd80c108ee0
2024-04-17T08:11:01.449 INFO:teuthology.orchestra.run.smithi007.stdout:/usr/bin/ceph: stderr
2024-04-17T08:11:00.641+0000 7fd811b54700 1 --2- >> [v2:172.21.15.7:3300/0,v1:172.21.15.7:6789/0] conn(0x7fd80c108ee0 0x7fd80c10b2d0 unknown :-1 s=BANNER_CONNECTING pgs=0 cs=0 l=0 rev1=0 crypto rx=0 tx=0 comp rx=0 tx=0)._handle_peer_banner_payload supported=3 required=0
2024-04-17T08:11:01.449 INFO:teuthology.orchestra.run.smithi007.stdout:/usr/bin/ceph: stderr
2024-04-17T08:11:00.641+0000 7fd811b54700 1 --2- >> [v2:172.21.15.7:3300/0,v1:172.21.15.7:6789/0] conn(0x7fd80c108ee0 0x7fd80c10b2d0 unknown :-1 s=HELLO_CONNECTING pgs=0 cs=0 l=0 rev1=1 crypto rx=0 tx=0 comp rx=0 tx=0).handle_hello peer v2:172.21.15.7:3300/0 says I am v2:172.21.15.7:35074/0 (socket says 172.21.15.7:35074)
2024-04-17T08:11:01.449 INFO:teuthology.orchestra.run.smithi007.stdout:/usr/bin/ceph: stderr
2024-04-17T08:11:00.641+0000 7fd811b54700 1 -- 172.21.15.7:0/1664397280 learned_addr learned my addr 172.21.15.7:0/1664397280 (peer_addr_for_me v2:172.21.15.7:0/0)
2024-04-17T08:11:01.449 INFO:teuthology.orchestra.run.smithi007.stdout:/usr/bin/ceph: stderr
2024-04-17T08:11:00.641+0000 7fd811b54700 1 -- 172.21.15.7:0/1664397280 --> [v2:172.21.15.7:3300/0,v1:172.21.15.7:6789/0] -- mon_subscribe({config=0+,monmap=0+}) -- 0x7fd80c10b810 con 0x7fd80c108ee0
2024-04-17T08:11:01.449 INFO:teuthology.orchestra.run.smithi007.stdout:/usr/bin/ceph: stderr
2024-04-17T08:11:00.641+0000 7fd811b54700 1 --2- 172.21.15.7:0/1664397280 >> [v2:172.21.15.7:3300/0,v1:172.21.15.7:6789/0] conn(0x7fd80c108ee0 0x7fd80c10b2d0 secure :-1 s=READY pgs=35 cs=0 l=1 rev1=1 crypto rx=0x7fd7fc009e80 tx=0x7fd7fc00b330 comp rx=0 tx=0).ready entity=mon.0 client_cookie=99f2d43642cba4b6 server_cookie=0 in_seq=0 out_seq=0
2024-04-17T08:11:01.449 INFO:teuthology.orchestra.run.smithi007.stdout:/usr/bin/ceph: stderr
2024-04-17T08:11:00.641+0000 7fd810b52700 1 -- 172.21.15.7:0/1664397280 <== mon.0 v2:172.21.15.7:3300/0 1 ==== mon_map magic: 0 ==== 205+0+0 (secure 0 0 0) 0x7fd7fc017070 con 0x7fd80c108ee0
2024-04-17T08:11:01.449 INFO:teuthology.orchestra.run.smithi007.stdout:/usr/bin/ceph: stderr
2024-04-17T08:11:00.641+0000 7fd810b52700 1 -- 172.21.15.7:0/1664397280 <== mon.0 v2:172.21.15.7:3300/0 2 ==== config(27 keys) ==== 1109+0+0 (secure 0 0 0) 0x7fd7fc00b8c0 con 0x7fd80c108ee0
2024-04-17T08:11:01.450 INFO:teuthology.orchestra.run.smithi007.stdout:/usr/bin/ceph: stderr
2024-04-17T08:11:00.641+0000 7fd810b52700 1 -- 172.21.15.7:0/1664397280 <== mon.0 v2:172.21.15.7:3300/0 3 ==== mon_map magic: 0 ==== 205+0+0 (secure 0 0 0) 0x7fd7fc0045c0 con 0x7fd80c108ee0
2024-04-17T08:11:01.450 INFO:teuthology.orchestra.run.smithi007.stdout:/usr/bin/ceph: stderr
2024-04-17T08:11:00.642+0000 7fd813db8700 1 -- 172.21.15.7:0/1664397280 >> [v2:172.21.15.7:3300/0,v1:172.21.15.7:6789/0] conn(0x7fd80c108ee0 msgr2=0x7fd80c10b2d0 secure :-1 s=STATE_CONNECTION_ESTABLISHED l=1).mark_down
2024-04-17T08:11:01.450 INFO:teuthology.orchestra.run.smithi007.stdout:/usr/bin/ceph: stderr
2024-04-17T08:11:00.642+0000 7fd813db8700 1 --2- 172.21.15.7:0/1664397280 >> [v2:172.21.15.7:3300/0,v1:172.21.15.7:6789/0] conn(0x7fd80c108ee0 0x7fd80c10b2d0 secure :-1 s=READY pgs=35 cs=0 l=1 rev1=1 crypto rx=0x7fd7fc009e80 tx=0x7fd7fc00b330 comp rx=0 tx=0).stop
2024-04-17T08:11:01.450 INFO:teuthology.orchestra.run.smithi007.stdout:/usr/bin/ceph: stderr
2024-04-17T08:11:00.642+0000 7fd813db8700 1 -- 172.21.15.7:0/1664397280 shutdown_connections
2024-04-17T08:11:01.451 INFO:teuthology.orchestra.run.smithi007.stdout:/usr/bin/ceph: stderr
2024-04-17T08:11:00.642+0000 7fd813db8700 1 --2- 172.21.15.7:0/1664397280 >> [v2:172.21.15.7:3300/0,v1:172.21.15.7:6789/0] conn(0x7fd80c108ee0 0x7fd80c10b2d0 unknown :-1 s=CLOSED pgs=35 cs=0 l=1 rev1=1 crypto rx=0 tx=0 comp rx=0 tx=0).stop
2024-04-17T08:11:01.451 INFO:teuthology.orchestra.run.smithi007.stdout:/usr/bin/ceph: stderr
2024-04-17T08:11:00.642+0000 7fd813db8700 1 -- 172.21.15.7:0/1664397280 >> 172.21.15.7:0/1664397280 conn(0x7fd80c1028d0 msgr2=0x7fd80c104d10 unknown :-1 s=STATE_NONE l=0).mark_down
2024-04-17T08:11:01.451 INFO:teuthology.orchestra.run.smithi007.stdout:/usr/bin/ceph: stderr
2024-04-17T08:11:00.642+0000 7fd813db8700 1 -- 172.21.15.7:0/1664397280 shutdown_connections
2024-04-17T08:11:01.451 INFO:teuthology.orchestra.run.smithi007.stdout:/usr/bin/ceph: stderr
2024-04-17T08:11:00.642+0000 7fd813db8700 1 -- 172.21.15.7:0/1664397280 wait complete.
2024-04-17T08:11:01.451 INFO:teuthology.orchestra.run.smithi007.stdout:/usr/bin/ceph: stderr
2024-04-17T08:11:00.642+0000 7fd813db8700 1 Processor -- start
2024-04-17T08:11:01.451 INFO:teuthology.orchestra.run.smithi007.stdout:/usr/bin/ceph: stderr
2024-04-17T08:11:00.643+0000 7fd813db8700 1 -- start start
2024-04-17T08:11:01.451 INFO:teuthology.orchestra.run.smithi007.stdout:/usr/bin/ceph: stderr
2024-04-17T08:11:00.643+0000 7fd813db8700 1 --2- >> [v2:172.21.15.7:3300/0,v1:172.21.15.7:6789/0] conn(0x7fd80c108ee0 0x7fd80c19c1e0 unknown :-1 s=NONE pgs=0 cs=0 l=1 rev1=0 crypto rx=0 tx=0 comp rx=0 tx=0).connect
2024-04-17T08:11:01.451 INFO:teuthology.orchestra.run.smithi007.stdout:/usr/bin/ceph: stderr
2024-04-17T08:11:00.643+0000 7fd813db8700 1 -- --> [v2:172.21.15.7:3300/0,v1:172.21.15.7:6789/0] -- mon_getmap magic: 0 -- 0x7fd80c10c7c0 con 0x7fd80c108ee0
2024-04-17T08:11:01.451 INFO:teuthology.orchestra.run.smithi007.stdout:/usr/bin/ceph: stderr
2024-04-17T08:11:00.643+0000 7fd811b54700 1 --2- >> [v2:172.21.15.7:3300/0,v1:172.21.15.7:6789/0] conn(0x7fd80c108ee0 0x7fd80c19c1e0 unknown :-1 s=BANNER_CONNECTING pgs=0 cs=0 l=1 rev1=0 crypto rx=0 tx=0 comp rx=0 tx=0)._handle_peer_banner_payload supported=3 required=0
2024-04-17T08:11:01.451 INFO:teuthology.orchestra.run.smithi007.stdout:/usr/bin/ceph: stderr
2024-04-17T08:11:00.643+0000 7fd811b54700 1 --2- >> [v2:172.21.15.7:3300/0,v1:172.21.15.7:6789/0] conn(0x7fd80c108ee0 0x7fd80c19c1e0 unknown :-1 s=HELLO_CONNECTING pgs=0 cs=0 l=1 rev1=1 crypto rx=0 tx=0 comp rx=0 tx=0).handle_hello peer v2:172.21.15.7:3300/0 says I am v2:172.21.15.7:35078/0 (socket says 172.21.15.7:35078)
2024-04-17T08:11:01.451 INFO:teuthology.orchestra.run.smithi007.stdout:/usr/bin/ceph: stderr
2024-04-17T08:11:00.643+0000 7fd811b54700 1 -- 172.21.15.7:0/3657762494 learned_addr learned my addr 172.21.15.7:0/3657762494 (peer_addr_for_me v2:172.21.15.7:0/0)
2024-04-17T08:11:01.451 INFO:teuthology.orchestra.run.smithi007.stdout:/usr/bin/ceph: stderr
2024-04-17T08:11:00.643+0000 7fd811b54700 1 -- 172.21.15.7:0/3657762494 --> [v2:172.21.15.7:3300/0,v1:172.21.15.7:6789/0] -- mon_subscribe({config=0+,monmap=0+}) -- 0x7fd80c19c720 con 0x7fd80c108ee0
2024-04-17T08:11:01.451 INFO:teuthology.orchestra.run.smithi007.stdout:/usr/bin/ceph: stderr
2024-04-17T08:11:00.643+0000 7fd811b54700 1 --2- 172.21.15.7:0/3657762494 >> [v2:172.21.15.7:3300/0,v1:172.21.15.7:6789/0] conn(0x7fd80c108ee0 0x7fd80c19c1e0 secure :-1 s=READY pgs=36 cs=0 l=1 rev1=1 crypto rx=0x7fd7fc004350 tx=0x7fd7fc00bd50 comp rx=0 tx=0).ready entity=mon.0 client_cookie=0 server_cookie=0 in_seq=0 out_seq=0
2024-04-17T08:11:01.452 INFO:teuthology.orchestra.run.smithi007.stdout:/usr/bin/ceph: stderr
2024-04-17T08:11:00.643+0000 7fd80affd700 1 -- 172.21.15.7:0/3657762494 <== mon.0 v2:172.21.15.7:3300/0 1 ==== mon_map magic: 0 ==== 205+0+0 (secure 0 0 0) 0x7fd7fc020020 con 0x7fd80c108ee0
2024-04-17T08:11:01.452 INFO:teuthology.orchestra.run.smithi007.stdout:/usr/bin/ceph: stderr
2024-04-17T08:11:00.643+0000 7fd80affd700 1 -- 172.21.15.7:0/3657762494 <== mon.0 v2:172.21.15.7:3300/0 2 ==== config(27 keys) ==== 1109+0+0 (secure 0 0 0) 0x7fd7fc003c10 con 0x7fd80c108ee0
2024-04-17T08:11:01.452 INFO:teuthology.orchestra.run.smithi007.stdout:/usr/bin/ceph: stderr
2024-04-17T08:11:00.643+0000 7fd80affd700 1 -- 172.21.15.7:0/3657762494 <== mon.0 v2:172.21.15.7:3300/0 3 ==== mon_map magic: 0 ==== 205+0+0 (secure 0 0 0) 0x7fd7fc017040 con 0x7fd80c108ee0
2024-04-17T08:11:01.452 INFO:teuthology.orchestra.run.smithi007.stdout:/usr/bin/ceph: stderr
2024-04-17T08:11:00.643+0000 7fd813db8700 1 -- 172.21.15.7:0/3657762494 --> [v2:172.21.15.7:3300/0,v1:172.21.15.7:6789/0] -- mon_subscribe({mgrmap=0+}) -- 0x7fd80c19c9b0 con 0x7fd80c108ee0
2024-04-17T08:11:01.452 INFO:teuthology.orchestra.run.smithi007.stdout:/usr/bin/ceph: stderr
2024-04-17T08:11:00.643+0000 7fd813db8700 1 -- 172.21.15.7:0/3657762494 --> [v2:172.21.15.7:3300/0,v1:172.21.15.7:6789/0] -- mon_subscribe({osdmap=0}) -- 0x7fd80c19f6a0 con 0x7fd80c108ee0
2024-04-17T08:11:01.452 INFO:teuthology.orchestra.run.smithi007.stdout:/usr/bin/ceph: stderr
2024-04-17T08:11:00.644+0000 7fd80affd700 1 -- 172.21.15.7:0/3657762494 <== mon.0 v2:172.21.15.7:3300/0 4 ==== mgrmap(e 7) ==== 46452+0+0 (secure 0 0 0) 0x7fd7fc023020 con 0x7fd80c108ee0
2024-04-17T08:11:01.452 INFO:teuthology.orchestra.run.smithi007.stdout:/usr/bin/ceph: stderr
2024-04-17T08:11:00.644+0000 7fd813db8700 1 -- 172.21.15.7:0/3657762494 --> [v2:172.21.15.7:3300/0,v1:172.21.15.7:6789/0] -- mon_command({"prefix": "get_command_descriptions"} v 0) -- 0x7fd80c0640b0 con 0x7fd80c108ee0
2024-04-17T08:11:01.452 INFO:teuthology.orchestra.run.smithi007.stdout:/usr/bin/ceph: stderr
2024-04-17T08:11:00.644+0000 7fd80affd700 1 --2- 172.21.15.7:0/3657762494 >> [v2:172.21.15.7:6800/1660748557,v1:172.21.15.7:6801/1660748557] conn(0x7fd7f4039550 0x7fd7f403ba10 unknown :-1 s=NONE pgs=0 cs=0 l=1 rev1=0 crypto rx=0 tx=0 comp rx=0 tx=0).connect
2024-04-17T08:11:01.452 INFO:teuthology.orchestra.run.smithi007.stdout:/usr/bin/ceph: stderr
2024-04-17T08:11:00.645+0000 7fd80affd700 1 -- 172.21.15.7:0/3657762494 <== mon.0 v2:172.21.15.7:3300/0 5 ==== osd_map(2..2 src has 1..2) ==== 940+0+0 (secure 0 0 0) 0x7fd7fc00f050 con 0x7fd80c108ee0
2024-04-17T08:11:01.452 INFO:teuthology.orchestra.run.smithi007.stdout:/usr/bin/ceph: stderr
2024-04-17T08:11:00.645+0000 7fd811353700 1 --2- 172.21.15.7:0/3657762494 >> [v2:172.21.15.7:6800/1660748557,v1:172.21.15.7:6801/1660748557] conn(0x7fd7f4039550 0x7fd7f403ba10 unknown :-1 s=BANNER_CONNECTING pgs=0 cs=0 l=1 rev1=0 crypto rx=0 tx=0 comp rx=0 tx=0)._handle_peer_banner_payload supported=3 required=0
2024-04-17T08:11:01.452 INFO:teuthology.orchestra.run.smithi007.stdout:/usr/bin/ceph: stderr
2024-04-17T08:11:00.645+0000 7fd811353700 1 --2- 172.21.15.7:0/3657762494 >> [v2:172.21.15.7:6800/1660748557,v1:172.21.15.7:6801/1660748557] conn(0x7fd7f4039550 0x7fd7f403ba10 secure :-1 s=READY pgs=7 cs=0 l=1 rev1=1 crypto rx=0x7fd800006fd0 tx=0x7fd800006e40 comp rx=0 tx=0).ready entity=mgr.14118 client_cookie=0 server_cookie=0 in_seq=0 out_seq=0
2024-04-17T08:11:01.452 INFO:teuthology.orchestra.run.smithi007.stdout:/usr/bin/ceph: stderr
2024-04-17T08:11:00.650+0000 7fd80affd700 1 -- 172.21.15.7:0/3657762494 <== mon.0 v2:172.21.15.7:3300/0 6 ==== mon_command_ack([{"prefix": "get_command_descriptions"}]=0 v0) ==== 72+0+188381 (secure 0 0 0) 0x7fd7fc02a020 con 0x7fd80c108ee0
2024-04-17T08:11:01.452 INFO:teuthology.orchestra.run.smithi007.stdout:/usr/bin/ceph: stderr
2024-04-17T08:11:00.876+0000 7fd813db8700 1 -- 172.21.15.7:0/3657762494 --> [v2:172.21.15.7:6800/1660748557,v1:172.21.15.7:6801/1660748557] -- mgr_command(tid 0: {"prefix": "orch set backend", "module_name": "cephadm", "target": ["mon-mgr", ""]}) -- 0x7fd80c103990 con 0x7fd7f4039550
2024-04-17T08:11:01.452 INFO:teuthology.orchestra.run.smithi007.stdout:/usr/bin/ceph: stderr
2024-04-17T08:11:00.882+0000 7fd80affd700 1 -- 172.21.15.7:0/3657762494 <== mgr.14118 v2:172.21.15.7:6800/1660748557 1 ==== mgr_command_reply(tid 0: 0 ) ==== 8+0+0 (secure 0 0 0) 0x7fd80c103990 con 0x7fd7f4039550
2024-04-17T08:11:01.453 INFO:teuthology.orchestra.run.smithi007.stdout:/usr/bin/ceph: stderr
2024-04-17T08:11:00.884+0000 7fd813db8700 1 -- 172.21.15.7:0/3657762494 >> [v2:172.21.15.7:6800/1660748557,v1:172.21.15.7:6801/1660748557] conn(0x7fd7f4039550 msgr2=0x7fd7f403ba10 secure :-1 s=STATE_CONNECTION_ESTABLISHED l=1).mark_down
2024-04-17T08:11:01.453 INFO:teuthology.orchestra.run.smithi007.stdout:/usr/bin/ceph: stderr
2024-04-17T08:11:00.884+0000 7fd813db8700 1 --2- 172.21.15.7:0/3657762494 >> [v2:172.21.15.7:6800/1660748557,v1:172.21.15.7:6801/1660748557] conn(0x7fd7f4039550 0x7fd7f403ba10 secure :-1 s=READY pgs=7 cs=0 l=1 rev1=1 crypto rx=0x7fd800006fd0 tx=0x7fd800006e40 comp rx=0 tx=0).stop
2024-04-17T08:11:01.453 INFO:teuthology.orchestra.run.smithi007.stdout:/usr/bin/ceph: stderr
2024-04-17T08:11:00.884+0000 7fd813db8700 1 -- 172.21.15.7:0/3657762494 >> [v2:172.21.15.7:3300/0,v1:172.21.15.7:6789/0] conn(0x7fd80c108ee0 msgr2=0x7fd80c19c1e0 secure :-1 s=STATE_CONNECTION_ESTABLISHED l=1).mark_down
2024-04-17T08:11:01.453 INFO:teuthology.orchestra.run.smithi007.stdout:/usr/bin/ceph: stderr
2024-04-17T08:11:00.884+0000 7fd813db8700 1 --2- 172.21.15.7:0/3657762494 >> [v2:172.21.15.7:3300/0,v1:172.21.15.7:6789/0] conn(0x7fd80c108ee0 0x7fd80c19c1e0 secure :-1 s=READY pgs=36 cs=0 l=1 rev1=1 crypto rx=0x7fd7fc004350 tx=0x7fd7fc00bd50 comp rx=0 tx=0).stop
2024-04-17T08:11:01.453 INFO:teuthology.orchestra.run.smithi007.stdout:/usr/bin/ceph: stderr
2024-04-17T08:11:00.884+0000 7fd813db8700 1 -- 172.21.15.7:0/3657762494 shutdown_connections
2024-04-17T08:11:01.453 INFO:teuthology.orchestra.run.smithi007.stdout:/usr/bin/ceph: stderr
2024-04-17T08:11:00.884+0000 7fd813db8700 1 --2- 172.21.15.7:0/3657762494 >> [v2:172.21.15.7:6800/1660748557,v1:172.21.15.7:6801/1660748557] conn(0x7fd7f4039550 0x7fd7f403ba10 unknown :-1 s=CLOSED pgs=7 cs=0 l=1 rev1=1 crypto rx=0 tx=0 comp rx=0 tx=0).stop
2024-04-17T08:11:01.453 INFO:teuthology.orchestra.run.smithi007.stdout:/usr/bin/ceph: stderr
2024-04-17T08:11:00.884+0000 7fd813db8700 1 --2- 172.21.15.7:0/3657762494 >> [v2:172.21.15.7:3300/0,v1:172.21.15.7:6789/0] conn(0x7fd80c108ee0 0x7fd80c19c1e0 unknown :-1 s=CLOSED pgs=36 cs=0 l=1 rev1=1 crypto rx=0 tx=0 comp rx=0 tx=0).stop
2024-04-17T08:11:01.453 INFO:teuthology.orchestra.run.smithi007.stdout:/usr/bin/ceph: stderr
2024-04-17T08:11:00.884+0000 7fd813db8700 1 -- 172.21.15.7:0/3657762494 >> 172.21.15.7:0/3657762494 conn(0x7fd80c1028d0 msgr2=0x7fd80c103280 unknown :-1 s=STATE_NONE l=0).mark_down
2024-04-17T08:11:01.453 INFO:teuthology.orchestra.run.smithi007.stdout:/usr/bin/ceph: stderr
2024-04-17T08:11:00.884+0000 7fd813db8700 1 -- 172.21.15.7:0/3657762494 shutdown_connections
2024-04-17T08:11:01.453 INFO:teuthology.orchestra.run.smithi007.stdout:/usr/bin/ceph: stderr
2024-04-17T08:11:00.884+0000 7fd813db8700 1 -- 172.21.15.7:0/3657762494 wait complete.
2024-04-17T08:11:02.588 INFO:journalctl@ceph.mon.a.smithi007.stdout:Apr 17 08:11:02 smithi007 ceph-mon[32040]: from='client.14130 -' entity='client.admin' cmd=[{"prefix": "orch set backend", "module_name": "cephadm", "target": ["mon-mgr", ""]}]: dispatch
2024-04-17T08:11:02.588 INFO:journalctl@ceph.mon.a.smithi007.stdout:Apr 17 08:11:02 smithi007 ceph-mon[32040]: mgrmap e8: x(active, since 2s)
2024-04-17T08:11:02.597 INFO:teuthology.orchestra.run.smithi007.stdout:/usr/bin/ceph: stdout value unchanged
2024-04-17T08:11:02.597 INFO:teuthology.orchestra.run.smithi007.stdout:/usr/bin/ceph: stderr
2024-04-17T08:11:01.836+0000 7fbf890e1700 1 Processor -- start
2024-04-17T08:11:02.597 INFO:teuthology.orchestra.run.smithi007.stdout:/usr/bin/ceph: stderr
2024-04-17T08:11:01.836+0000 7fbf890e1700 1 -- start start
2024-04-17T08:11:02.597 INFO:teuthology.orchestra.run.smithi007.stdout:/usr/bin/ceph: stderr
2024-04-17T08:11:01.836+0000 7fbf890e1700 1 --2- >> [v2:172.21.15.7:3300/0,v1:172.21.15.7:6789/0] conn(0x7fbf84107340 0x7fbf84107760 unknown :-1 s=NONE pgs=0 cs=0 l=0 rev1=0 crypto rx=0 tx=0 comp rx=0 tx=0).connect
2024-04-17T08:11:02.597 INFO:teuthology.orchestra.run.smithi007.stdout:/usr/bin/ceph: stderr
2024-04-17T08:11:01.836+0000 7fbf890e1700 1 -- --> [v2:172.21.15.7:3300/0,v1:172.21.15.7:6789/0] -- mon_getmap magic: 0 -- 0x7fbf84107d30 con 0x7fbf84107340
2024-04-17T08:11:02.597 INFO:teuthology.orchestra.run.smithi007.stdout:/usr/bin/ceph: stderr
2024-04-17T08:11:01.836+0000 7fbf82d9d700 1 --2- >> [v2:172.21.15.7:3300/0,v1:172.21.15.7:6789/0] conn(0x7fbf84107340 0x7fbf84107760 unknown :-1 s=BANNER_CONNECTING pgs=0 cs=0 l=0 rev1=0 crypto rx=0 tx=0 comp rx=0 tx=0)._handle_peer_banner_payload supported=3 required=0
2024-04-17T08:11:02.597 INFO:teuthology.orchestra.run.smithi007.stdout:/usr/bin/ceph: stderr
2024-04-17T08:11:01.836+0000 7fbf82d9d700 1 --2- >> [v2:172.21.15.7:3300/0,v1:172.21.15.7:6789/0] conn(0x7fbf84107340 0x7fbf84107760 unknown :-1 s=HELLO_CONNECTING pgs=0 cs=0 l=0 rev1=1 crypto rx=0 tx=0 comp rx=0 tx=0).handle_hello peer v2:172.21.15.7:3300/0 says I am v2:172.21.15.7:35088/0 (socket says 172.21.15.7:35088)
2024-04-17T08:11:02.597 INFO:teuthology.orchestra.run.smithi007.stdout:/usr/bin/ceph: stderr
2024-04-17T08:11:01.836+0000 7fbf82d9d700 1 -- 172.21.15.7:0/1167076499 learned_addr learned my addr 172.21.15.7:0/1167076499 (peer_addr_for_me v2:172.21.15.7:0/0)
2024-04-17T08:11:02.598 INFO:teuthology.orchestra.run.smithi007.stdout:/usr/bin/ceph: stderr
2024-04-17T08:11:01.836+0000 7fbf82d9d700 1 -- 172.21.15.7:0/1167076499 --> [v2:172.21.15.7:3300/0,v1:172.21.15.7:6789/0] -- mon_subscribe({config=0+,monmap=0+}) -- 0x7fbf84108540 con 0x7fbf84107340
2024-04-17T08:11:02.598 INFO:teuthology.orchestra.run.smithi007.stdout:/usr/bin/ceph: stderr
2024-04-17T08:11:01.837+0000 7fbf82d9d700 1 --2- 172.21.15.7:0/1167076499 >> [v2:172.21.15.7:3300/0,v1:172.21.15.7:6789/0] conn(0x7fbf84107340 0x7fbf84107760 secure :-1 s=READY pgs=37 cs=0 l=1 rev1=1 crypto rx=0x7fbf7400bb40 tx=0x7fbf7400be50 comp rx=0 tx=0).ready entity=mon.0 client_cookie=a7c1a5569597c7c5 server_cookie=0 in_seq=0 out_seq=0
2024-04-17T08:11:02.598 INFO:teuthology.orchestra.run.smithi007.stdout:/usr/bin/ceph: stderr
2024-04-17T08:11:01.837+0000 7fbf8259c700 1 -- 172.21.15.7:0/1167076499 <== mon.0 v2:172.21.15.7:3300/0 1 ==== mon_map magic: 0 ==== 205+0+0 (secure 0 0 0) 0x7fbf7400dbe0 con 0x7fbf84107340
2024-04-17T08:11:02.598 INFO:teuthology.orchestra.run.smithi007.stdout:/usr/bin/ceph: stderr
2024-04-17T08:11:01.837+0000 7fbf8259c700 1 -- 172.21.15.7:0/1167076499 <== mon.0 v2:172.21.15.7:3300/0 2 ==== config(27 keys) ==== 1109+0+0 (secure 0 0 0) 0x7fbf740044f0 con 0x7fbf84107340
2024-04-17T08:11:02.598 INFO:teuthology.orchestra.run.smithi007.stdout:/usr/bin/ceph: stderr
2024-04-17T08:11:01.837+0000 7fbf8259c700 1 -- 172.21.15.7:0/1167076499 <== mon.0 v2:172.21.15.7:3300/0 3 ==== mon_map magic: 0 ==== 205+0+0 (secure 0 0 0) 0x7fbf74010470 con 0x7fbf84107340
2024-04-17T08:11:02.598 INFO:teuthology.orchestra.run.smithi007.stdout:/usr/bin/ceph: stderr
2024-04-17T08:11:01.837+0000 7fbf890e1700 1 -- 172.21.15.7:0/1167076499 >> [v2:172.21.15.7:3300/0,v1:172.21.15.7:6789/0] conn(0x7fbf84107340 msgr2=0x7fbf84107760 secure :-1 s=STATE_CONNECTION_ESTABLISHED l=1).mark_down
2024-04-17T08:11:02.598 INFO:teuthology.orchestra.run.smithi007.stdout:/usr/bin/ceph: stderr
2024-04-17T08:11:01.837+0000 7fbf890e1700 1 --2- 172.21.15.7:0/1167076499 >> [v2:172.21.15.7:3300/0,v1:172.21.15.7:6789/0] conn(0x7fbf84107340 0x7fbf84107760 secure :-1 s=READY pgs=37 cs=0 l=1 rev1=1 crypto rx=0x7fbf7400bb40 tx=0x7fbf7400be50 comp rx=0 tx=0).stop
2024-04-17T08:11:02.598 INFO:teuthology.orchestra.run.smithi007.stdout:/usr/bin/ceph: stderr
2024-04-17T08:11:01.837+0000 7fbf890e1700 1 -- 172.21.15.7:0/1167076499 shutdown_connections
2024-04-17T08:11:02.598 INFO:teuthology.orchestra.run.smithi007.stdout:/usr/bin/ceph: stderr
2024-04-17T08:11:01.837+0000 7fbf890e1700 1 --2- 172.21.15.7:0/1167076499 >> [v2:172.21.15.7:3300/0,v1:172.21.15.7:6789/0] conn(0x7fbf84107340 0x7fbf84107760 unknown :-1 s=CLOSED pgs=37 cs=0 l=1 rev1=1 crypto rx=0 tx=0 comp rx=0 tx=0).stop
2024-04-17T08:11:02.598 INFO:teuthology.orchestra.run.smithi007.stdout:/usr/bin/ceph: stderr
2024-04-17T08:11:01.837+0000 7fbf890e1700 1 -- 172.21.15.7:0/1167076499 >> 172.21.15.7:0/1167076499 conn(0x7fbf841028e0 msgr2=0x7fbf84104d20 unknown :-1 s=STATE_NONE l=0).mark_down
2024-04-17T08:11:02.598 INFO:teuthology.orchestra.run.smithi007.stdout:/usr/bin/ceph: stderr
2024-04-17T08:11:01.837+0000 7fbf890e1700 1 -- 172.21.15.7:0/1167076499 shutdown_connections
2024-04-17T08:11:02.599 INFO:teuthology.orchestra.run.smithi007.stdout:/usr/bin/ceph: stderr
2024-04-17T08:11:01.837+0000 7fbf890e1700 1 -- 172.21.15.7:0/1167076499 wait complete.
2024-04-17T08:11:02.599 INFO:teuthology.orchestra.run.smithi007.stdout:/usr/bin/ceph: stderr
2024-04-17T08:11:01.838+0000 7fbf890e1700 1 Processor -- start
2024-04-17T08:11:02.599 INFO:teuthology.orchestra.run.smithi007.stdout:/usr/bin/ceph: stderr
2024-04-17T08:11:01.838+0000 7fbf890e1700 1 -- start start
2024-04-17T08:11:02.599 INFO:teuthology.orchestra.run.smithi007.stdout:/usr/bin/ceph: stderr
2024-04-17T08:11:01.839+0000 7fbf890e1700 1 --2- >> [v2:172.21.15.7:3300/0,v1:172.21.15.7:6789/0] conn(0x7fbf84107340 0x7fbf8419e470 unknown :-1 s=NONE pgs=0 cs=0 l=1 rev1=0 crypto rx=0 tx=0 comp rx=0 tx=0).connect
2024-04-17T08:11:02.599 INFO:teuthology.orchestra.run.smithi007.stdout:/usr/bin/ceph: stderr
2024-04-17T08:11:01.839+0000 7fbf890e1700 1 -- --> [v2:172.21.15.7:3300/0,v1:172.21.15.7:6789/0] -- mon_getmap magic: 0 -- 0x7fbf8407afe0 con 0x7fbf84107340
2024-04-17T08:11:02.599 INFO:teuthology.orchestra.run.smithi007.stdout:/usr/bin/ceph: stderr
2024-04-17T08:11:01.839+0000 7fbf82d9d700 1 --2- >> [v2:172.21.15.7:3300/0,v1:172.21.15.7:6789/0] conn(0x7fbf84107340 0x7fbf8419e470 unknown :-1 s=BANNER_CONNECTING pgs=0 cs=0 l=1 rev1=0 crypto rx=0 tx=0 comp rx=0 tx=0)._handle_peer_banner_payload supported=3 required=0
2024-04-17T08:11:02.599 INFO:teuthology.orchestra.run.smithi007.stdout:/usr/bin/ceph: stderr
2024-04-17T08:11:01.839+0000 7fbf82d9d700 1 --2- >> [v2:172.21.15.7:3300/0,v1:172.21.15.7:6789/0] conn(0x7fbf84107340 0x7fbf8419e470 unknown :-1 s=HELLO_CONNECTING pgs=0 cs=0 l=1 rev1=1 crypto rx=0 tx=0 comp rx=0 tx=0).handle_hello peer v2:172.21.15.7:3300/0 says I am v2:172.21.15.7:35098/0 (socket says 172.21.15.7:35098)
2024-04-17T08:11:02.599 INFO:teuthology.orchestra.run.smithi007.stdout:/usr/bin/ceph: stderr
2024-04-17T08:11:01.839+0000 7fbf82d9d700 1 -- 172.21.15.7:0/1115648779 learned_addr learned my addr 172.21.15.7:0/1115648779 (peer_addr_for_me v2:172.21.15.7:0/0)
2024-04-17T08:11:02.599 INFO:teuthology.orchestra.run.smithi007.stdout:/usr/bin/ceph: stderr
2024-04-17T08:11:01.839+0000 7fbf82d9d700 1 -- 172.21.15.7:0/1115648779 --> [v2:172.21.15.7:3300/0,v1:172.21.15.7:6789/0] -- mon_subscribe({config=0+,monmap=0+}) -- 0x7fbf8419e9b0 con 0x7fbf84107340
2024-04-17T08:11:02.599 INFO:teuthology.orchestra.run.smithi007.stdout:/usr/bin/ceph: stderr
2024-04-17T08:11:01.839+0000 7fbf82d9d700 1 --2- 172.21.15.7:0/1115648779 >> [v2:172.21.15.7:3300/0,v1:172.21.15.7:6789/0] conn(0x7fbf84107340 0x7fbf8419e470 secure :-1 s=READY pgs=38 cs=0 l=1 rev1=1 crypto rx=0x7fbf7400b340 tx=0x7fbf7400dd90 comp rx=0 tx=0).ready entity=mon.0 client_cookie=0 server_cookie=0 in_seq=0 out_seq=0
2024-04-17T08:11:02.599 INFO:teuthology.orchestra.run.smithi007.stdout:/usr/bin/ceph: stderr
2024-04-17T08:11:01.839+0000 7fbf80d99700 1 -- 172.21.15.7:0/1115648779 <== mon.0 v2:172.21.15.7:3300/0 1 ==== mon_map magic: 0 ==== 205+0+0 (secure 0 0 0) 0x7fbf74010680 con 0x7fbf84107340
2024-04-17T08:11:02.599 INFO:teuthology.orchestra.run.smithi007.stdout:/usr/bin/ceph: stderr
2024-04-17T08:11:01.839+0000 7fbf80d99700 1 -- 172.21.15.7:0/1115648779 <== mon.0 v2:172.21.15.7:3300/0 2 ==== config(27 keys) ==== 1109+0+0 (secure 0 0 0) 0x7fbf7401d070 con 0x7fbf84107340
2024-04-17T08:11:02.600 INFO:teuthology.orchestra.run.smithi007.stdout:/usr/bin/ceph: stderr
2024-04-17T08:11:01.839+0000 7fbf890e1700 1 -- 172.21.15.7:0/1115648779 --> [v2:172.21.15.7:3300/0,v1:172.21.15.7:6789/0] -- mon_subscribe({mgrmap=0+}) -- 0x7fbf8419ec40 con 0x7fbf84107340
2024-04-17T08:11:02.600 INFO:teuthology.orchestra.run.smithi007.stdout:/usr/bin/ceph: stderr
2024-04-17T08:11:01.839+0000 7fbf80d99700 1 -- 172.21.15.7:0/1115648779 <== mon.0 v2:172.21.15.7:3300/0 3 ==== mon_map magic: 0 ==== 205+0+0 (secure 0 0 0) 0x7fbf74021b10 con 0x7fbf84107340
2024-04-17T08:11:02.600 INFO:teuthology.orchestra.run.smithi007.stdout:/usr/bin/ceph: stderr
2024-04-17T08:11:01.839+0000 7fbf890e1700 1 -- 172.21.15.7:0/1115648779 --> [v2:172.21.15.7:3300/0,v1:172.21.15.7:6789/0] -- mon_subscribe({osdmap=0}) -- 0x7fbf841a1930 con 0x7fbf84107340
2024-04-17T08:11:02.600 INFO:teuthology.orchestra.run.smithi007.stdout:/usr/bin/ceph: stderr
2024-04-17T08:11:01.840+0000 7fbf80d99700 1 -- 172.21.15.7:0/1115648779 <== mon.0 v2:172.21.15.7:3300/0 4 ==== mgrmap(e 8) ==== 46558+0+0 (secure 0 0 0) 0x7fbf7401f030 con 0x7fbf84107340
2024-04-17T08:11:02.600 INFO:teuthology.orchestra.run.smithi007.stdout:/usr/bin/ceph: stderr
2024-04-17T08:11:01.840+0000 7fbf890e1700 1 -- 172.21.15.7:0/1115648779 --> [v2:172.21.15.7:3300/0,v1:172.21.15.7:6789/0] -- mon_command({"prefix": "get_command_descriptions"} v 0) -- 0x7fbf840640b0 con 0x7fbf84107340
2024-04-17T08:11:02.600 INFO:teuthology.orchestra.run.smithi007.stdout:/usr/bin/ceph: stderr
2024-04-17T08:11:01.840+0000 7fbf80d99700 1 --2- 172.21.15.7:0/1115648779 >> [v2:172.21.15.7:6800/1660748557,v1:172.21.15.7:6801/1660748557] conn(0x7fbf70039670 0x7fbf7003bb30 unknown :-1 s=NONE pgs=0 cs=0 l=1 rev1=0 crypto rx=0 tx=0 comp rx=0 tx=0).connect
2024-04-17T08:11:02.600 INFO:teuthology.orchestra.run.smithi007.stdout:/usr/bin/ceph: stderr
2024-04-17T08:11:01.840+0000 7fbf80d99700 1 -- 172.21.15.7:0/1115648779 <== mon.0 v2:172.21.15.7:3300/0 5 ==== osd_map(2..2 src has 1..2) ==== 940+0+0 (secure 0 0 0) 0x7fbf7404d880 con 0x7fbf84107340
2024-04-17T08:11:02.600 INFO:teuthology.orchestra.run.smithi007.stdout:/usr/bin/ceph: stderr
2024-04-17T08:11:01.840+0000 7fbf7a59c700 1 --2- 172.21.15.7:0/1115648779 >> [v2:172.21.15.7:6800/1660748557,v1:172.21.15.7:6801/1660748557] conn(0x7fbf70039670 0x7fbf7003bb30 unknown :-1 s=BANNER_CONNECTING pgs=0 cs=0 l=1 rev1=0 crypto rx=0 tx=0 comp rx=0 tx=0)._handle_peer_banner_payload supported=3 required=0
2024-04-17T08:11:02.600 INFO:teuthology.orchestra.run.smithi007.stdout:/usr/bin/ceph: stderr
2024-04-17T08:11:01.841+0000 7fbf7a59c700 1 --2- 172.21.15.7:0/1115648779 >> [v2:172.21.15.7:6800/1660748557,v1:172.21.15.7:6801/1660748557] conn(0x7fbf70039670 0x7fbf7003bb30 secure :-1 s=READY pgs=8 cs=0 l=1 rev1=1 crypto rx=0x7fbf6c006fd0 tx=0x7fbf6c006e40 comp rx=0 tx=0).ready entity=mgr.14118 client_cookie=0 server_cookie=0 in_seq=0 out_seq=0
2024-04-17T08:11:02.600 INFO:teuthology.orchestra.run.smithi007.stdout:/usr/bin/ceph: stderr
2024-04-17T08:11:01.845+0000 7fbf80d99700 1 -- 172.21.15.7:0/1115648779 <== mon.0 v2:172.21.15.7:3300/0 6 ==== mon_command_ack([{"prefix": "get_command_descriptions"}]=0 v0) ==== 72+0+188381 (secure 0 0 0) 0x7fbf74015070 con 0x7fbf84107340
2024-04-17T08:11:02.600 INFO:teuthology.orchestra.run.smithi007.stdout:/usr/bin/ceph: stderr
2024-04-17T08:11:02.054+0000 7fbf890e1700 1 -- 172.21.15.7:0/1115648779 --> [v2:172.21.15.7:6800/1660748557,v1:172.21.15.7:6801/1660748557] -- mgr_command(tid 0: {"prefix": "cephadm set-user", "user": "root", "target": ["mon-mgr", ""]}) -- 0x7fbf84062e90 con 0x7fbf70039670
2024-04-17T08:11:02.601 INFO:teuthology.orchestra.run.smithi007.stdout:/usr/bin/ceph: stderr
2024-04-17T08:11:02.055+0000 7fbf80d99700 1 -- 172.21.15.7:0/1115648779 <== mgr.14118 v2:172.21.15.7:6800/1660748557 1 ==== mgr_command_reply(tid 0: 0 ) ==== 8+0+16 (secure 0 0 0) 0x7fbf84062e90 con 0x7fbf70039670
2024-04-17T08:11:02.601 INFO:teuthology.orchestra.run.smithi007.stdout:/usr/bin/ceph: stderr
2024-04-17T08:11:02.057+0000 7fbf890e1700 1 -- 172.21.15.7:0/1115648779 >> [v2:172.21.15.7:6800/1660748557,v1:172.21.15.7:6801/1660748557] conn(0x7fbf70039670 msgr2=0x7fbf7003bb30 secure :-1 s=STATE_CONNECTION_ESTABLISHED l=1).mark_down
2024-04-17T08:11:02.601 INFO:teuthology.orchestra.run.smithi007.stdout:/usr/bin/ceph: stderr
2024-04-17T08:11:02.057+0000 7fbf890e1700 1 --2- 172.21.15.7:0/1115648779 >> [v2:172.21.15.7:6800/1660748557,v1:172.21.15.7:6801/1660748557] conn(0x7fbf70039670 0x7fbf7003bb30 secure :-1 s=READY pgs=8 cs=0 l=1 rev1=1 crypto rx=0x7fbf6c006fd0 tx=0x7fbf6c006e40 comp rx=0 tx=0).stop
2024-04-17T08:11:02.601 INFO:teuthology.orchestra.run.smithi007.stdout:/usr/bin/ceph: stderr
2024-04-17T08:11:02.057+0000 7fbf890e1700 1 -- 172.21.15.7:0/1115648779 >> [v2:172.21.15.7:3300/0,v1:172.21.15.7:6789/0] conn(0x7fbf84107340 msgr2=0x7fbf8419e470 secure :-1 s=STATE_CONNECTION_ESTABLISHED l=1).mark_down
2024-04-17T08:11:02.601 INFO:teuthology.orchestra.run.smithi007.stdout:/usr/bin/ceph: stderr
2024-04-17T08:11:02.057+0000 7fbf890e1700 1 --2- 172.21.15.7:0/1115648779 >> [v2:172.21.15.7:3300/0,v1:172.21.15.7:6789/0] conn(0x7fbf84107340 0x7fbf8419e470 secure :-1 s=READY pgs=38 cs=0 l=1 rev1=1 crypto rx=0x7fbf7400b340 tx=0x7fbf7400dd90 comp rx=0 tx=0).stop
2024-04-17T08:11:02.601 INFO:teuthology.orchestra.run.smithi007.stdout:/usr/bin/ceph: stderr
2024-04-17T08:11:02.057+0000 7fbf890e1700 1 -- 172.21.15.7:0/1115648779 shutdown_connections
2024-04-17T08:11:02.601 INFO:teuthology.orchestra.run.smithi007.stdout:/usr/bin/ceph: stderr
2024-04-17T08:11:02.057+0000 7fbf890e1700 1 --2- 172.21.15.7:0/1115648779 >> [v2:172.21.15.7:6800/1660748557,v1:172.21.15.7:6801/1660748557] conn(0x7fbf70039670 0x7fbf7003bb30 unknown :-1 s=CLOSED pgs=8 cs=0 l=1 rev1=1 crypto rx=0 tx=0 comp rx=0 tx=0).stop
2024-04-17T08:11:02.601 INFO:teuthology.orchestra.run.smithi007.stdout:/usr/bin/ceph: stderr
2024-04-17T08:11:02.057+0000 7fbf890e1700 1 --2- 172.21.15.7:0/1115648779 >> [v2:172.21.15.7:3300/0,v1:172.21.15.7:6789/0] conn(0x7fbf84107340 0x7fbf8419e470 unknown :-1 s=CLOSED pgs=38 cs=0 l=1 rev1=1 crypto rx=0 tx=0 comp rx=0 tx=0).stop
2024-04-17T08:11:02.601 INFO:teuthology.orchestra.run.smithi007.stdout:/usr/bin/ceph: stderr
2024-04-17T08:11:02.057+0000 7fbf890e1700 1 -- 172.21.15.7:0/1115648779 >> 172.21.15.7:0/1115648779 conn(0x7fbf841028e0 msgr2=0x7fbf84190680 unknown :-1 s=STATE_NONE l=0).mark_down
2024-04-17T08:11:02.601 INFO:teuthology.orchestra.run.smithi007.stdout:/usr/bin/ceph: stderr
2024-04-17T08:11:02.058+0000 7fbf890e1700 1 -- 172.21.15.7:0/1115648779 shutdown_connections
2024-04-17T08:11:02.601 INFO:teuthology.orchestra.run.smithi007.stdout:/usr/bin/ceph: stderr
2024-04-17T08:11:02.058+0000 7fbf890e1700 1 -- 172.21.15.7:0/1115648779 wait complete.
2024-04-17T08:11:02.601 INFO:teuthology.orchestra.run.smithi007.stdout:Generating ssh key...
2024-04-17T08:11:03.564 INFO:journalctl@ceph.mon.a.smithi007.stdout:Apr 17 08:11:03 smithi007 ceph-mon[32040]: from='client.14132 -' entity='client.admin' cmd=[{"prefix": "cephadm set-user", "user": "root", "target": ["mon-mgr", ""]}]: dispatch
2024-04-17T08:11:03.861 INFO:journalctl@ceph.mgr.x.smithi007.stdout:Apr 17 08:11:03 smithi007 ceph-bbaa846e-fc91-11ee-bc91-c7b262605968-mgr-x[32269]: Generating public/private rsa key pair.
2024-04-17T08:11:03.861 INFO:journalctl@ceph.mgr.x.smithi007.stdout:Apr 17 08:11:03 smithi007 ceph-bbaa846e-fc91-11ee-bc91-c7b262605968-mgr-x[32269]: Your identification has been saved in /tmp/tmpt4lrkzv7/key.
2024-04-17T08:11:03.861 INFO:journalctl@ceph.mgr.x.smithi007.stdout:Apr 17 08:11:03 smithi007 ceph-bbaa846e-fc91-11ee-bc91-c7b262605968-mgr-x[32269]: Your public key has been saved in /tmp/tmpt4lrkzv7/key.pub.
2024-04-17T08:11:03.861 INFO:journalctl@ceph.mgr.x.smithi007.stdout:Apr 17 08:11:03 smithi007 ceph-bbaa846e-fc91-11ee-bc91-c7b262605968-mgr-x[32269]: The key fingerprint is:
2024-04-17T08:11:03.861 INFO:journalctl@ceph.mgr.x.smithi007.stdout:Apr 17 08:11:03 smithi007 ceph-bbaa846e-fc91-11ee-bc91-c7b262605968-mgr-x[32269]: SHA256:eTjLtFU9JBJGCDf5HnYmq8R5BNqPbQs6ve6E2DV96so ceph-bbaa846e-fc91-11ee-bc91-c7b262605968
2024-04-17T08:11:03.862 INFO:journalctl@ceph.mgr.x.smithi007.stdout:Apr 17 08:11:03 smithi007 ceph-bbaa846e-fc91-11ee-bc91-c7b262605968-mgr-x[32269]: The key's randomart image is:
2024-04-17T08:11:03.862 INFO:journalctl@ceph.mgr.x.smithi007.stdout:Apr 17 08:11:03 smithi007 ceph-bbaa846e-fc91-11ee-bc91-c7b262605968-mgr-x[32269]: +---[RSA 3072]----+
2024-04-17T08:11:03.862 INFO:journalctl@ceph.mgr.x.smithi007.stdout:Apr 17 08:11:03 smithi007 ceph-bbaa846e-fc91-11ee-bc91-c7b262605968-mgr-x[32269]: | ..o+=.. . |
2024-04-17T08:11:03.862 INFO:journalctl@ceph.mgr.x.smithi007.stdout:Apr 17 08:11:03 smithi007 ceph-bbaa846e-fc91-11ee-bc91-c7b262605968-mgr-x[32269]: | .+o . + |
2024-04-17T08:11:03.862 INFO:journalctl@ceph.mgr.x.smithi007.stdout:Apr 17 08:11:03 smithi007 ceph-bbaa846e-fc91-11ee-bc91-c7b262605968-mgr-x[32269]: | o o . o |
2024-04-17T08:11:03.862 INFO:journalctl@ceph.mgr.x.smithi007.stdout:Apr 17 08:11:03 smithi007 ceph-bbaa846e-fc91-11ee-bc91-c7b262605968-mgr-x[32269]: | . .+*.o . |
2024-04-17T08:11:03.862 INFO:journalctl@ceph.mgr.x.smithi007.stdout:Apr 17 08:11:03 smithi007 ceph-bbaa846e-fc91-11ee-bc91-c7b262605968-mgr-x[32269]: | .SO+*. |
2024-04-17T08:11:03.862 INFO:journalctl@ceph.mgr.x.smithi007.stdout:Apr 17 08:11:03 smithi007 ceph-bbaa846e-fc91-11ee-bc91-c7b262605968-mgr-x[32269]: | o =*BBo |
2024-04-17T08:11:03.862 INFO:journalctl@ceph.mgr.x.smithi007.stdout:Apr 17 08:11:03 smithi007 ceph-bbaa846e-fc91-11ee-bc91-c7b262605968-mgr-x[32269]: | . o+==.. |
2024-04-17T08:11:03.863 INFO:journalctl@ceph.mgr.x.smithi007.stdout:Apr 17 08:11:03 smithi007 ceph-bbaa846e-fc91-11ee-bc91-c7b262605968-mgr-x[32269]: | ooo.. |
2024-04-17T08:11:03.863 INFO:journalctl@ceph.mgr.x.smithi007.stdout:Apr 17 08:11:03 smithi007 ceph-bbaa846e-fc91-11ee-bc91-c7b262605968-mgr-x[32269]: | +Eo. |
2024-04-17T08:11:03.863 INFO:journalctl@ceph.mgr.x.smithi007.stdout:Apr 17 08:11:03 smithi007 ceph-bbaa846e-fc91-11ee-bc91-c7b262605968-mgr-x[32269]: +----[SHA256]-----+
2024-04-17T08:11:04.112 INFO:teuthology.orchestra.run.smithi007.stdout:/usr/bin/ceph: stderr
2024-04-17T08:11:03.008+0000 7fd0f5f58700 1 Processor -- start
2024-04-17T08:11:04.112 INFO:teuthology.orchestra.run.smithi007.stdout:/usr/bin/ceph: stderr
2024-04-17T08:11:03.008+0000 7fd0f5f58700 1 -- start start
2024-04-17T08:11:04.112 INFO:teuthology.orchestra.run.smithi007.stdout:/usr/bin/ceph: stderr
2024-04-17T08:11:03.009+0000 7fd0f5f58700 1 --2- >> [v2:172.21.15.7:3300/0,v1:172.21.15.7:6789/0] conn(0x7fd0f0108f00 0x7fd0f010b2f0 unknown :-1 s=NONE pgs=0 cs=0 l=0 rev1=0 crypto rx=0 tx=0 comp rx=0 tx=0).connect
2024-04-17T08:11:04.112 INFO:teuthology.orchestra.run.smithi007.stdout:/usr/bin/ceph: stderr
2024-04-17T08:11:03.009+0000 7fd0f5f58700 1 -- --> [v2:172.21.15.7:3300/0,v1:172.21.15.7:6789/0] -- mon_getmap magic: 0 -- 0x7fd0f007be80 con 0x7fd0f0108f00
2024-04-17T08:11:04.112 INFO:teuthology.orchestra.run.smithi007.stdout:/usr/bin/ceph: stderr
2024-04-17T08:11:03.009+0000 7fd0ef7fe700 1 --2- >> [v2:172.21.15.7:3300/0,v1:172.21.15.7:6789/0] conn(0x7fd0f0108f00 0x7fd0f010b2f0 unknown :-1 s=BANNER_CONNECTING pgs=0 cs=0 l=0 rev1=0 crypto rx=0 tx=0 comp rx=0 tx=0)._handle_peer_banner_payload supported=3 required=0
2024-04-17T08:11:04.112 INFO:teuthology.orchestra.run.smithi007.stdout:/usr/bin/ceph: stderr
2024-04-17T08:11:03.009+0000 7fd0ef7fe700 1 --2- >> [v2:172.21.15.7:3300/0,v1:172.21.15.7:6789/0] conn(0x7fd0f0108f00 0x7fd0f010b2f0 unknown :-1 s=HELLO_CONNECTING pgs=0 cs=0 l=0 rev1=1 crypto rx=0 tx=0 comp rx=0 tx=0).handle_hello peer v2:172.21.15.7:3300/0 says I am v2:172.21.15.7:35102/0 (socket says 172.21.15.7:35102)
2024-04-17T08:11:04.112 INFO:teuthology.orchestra.run.smithi007.stdout:/usr/bin/ceph: stderr
2024-04-17T08:11:03.009+0000 7fd0ef7fe700 1 -- 172.21.15.7:0/4286182979 learned_addr learned my addr 172.21.15.7:0/4286182979 (peer_addr_for_me v2:172.21.15.7:0/0)
2024-04-17T08:11:04.112 INFO:teuthology.orchestra.run.smithi007.stdout:/usr/bin/ceph: stderr
2024-04-17T08:11:03.009+0000 7fd0ef7fe700 1 -- 172.21.15.7:0/4286182979 --> [v2:172.21.15.7:3300/0,v1:172.21.15.7:6789/0] -- mon_subscribe({config=0+,monmap=0+}) -- 0x7fd0f010b830 con 0x7fd0f0108f00
2024-04-17T08:11:04.112 INFO:teuthology.orchestra.run.smithi007.stdout:/usr/bin/ceph: stderr
2024-04-17T08:11:03.009+0000 7fd0ef7fe700 1 --2- 172.21.15.7:0/4286182979 >> [v2:172.21.15.7:3300/0,v1:172.21.15.7:6789/0] conn(0x7fd0f0108f00 0x7fd0f010b2f0 secure :-1 s=READY pgs=39 cs=0 l=1 rev1=1 crypto rx=0x7fd0e00098a0 tx=0x7fd0e0009bb0 comp rx=0 tx=0).ready entity=mon.0 client_cookie=1d393111b6a4c4d5 server_cookie=0 in_seq=0 out_seq=0
2024-04-17T08:11:04.112 INFO:teuthology.orchestra.run.smithi007.stdout:/usr/bin/ceph: stderr
2024-04-17T08:11:03.009+0000 7fd0ee7fc700 1 -- 172.21.15.7:0/4286182979 <== mon.0 v2:172.21.15.7:3300/0 1 ==== mon_map magic: 0 ==== 205+0+0 (secure 0 0 0) 0x7fd0e0004160 con 0x7fd0f0108f00
2024-04-17T08:11:04.112 INFO:teuthology.orchestra.run.smithi007.stdout:/usr/bin/ceph: stderr
2024-04-17T08:11:03.009+0000 7fd0ee7fc700 1 -- 172.21.15.7:0/4286182979 <== mon.0 v2:172.21.15.7:3300/0 2 ==== config(27 keys) ==== 1109+0+0 (secure 0 0 0) 0x7fd0e0004300 con 0x7fd0f0108f00
2024-04-17T08:11:04.113 INFO:teuthology.orchestra.run.smithi007.stdout:/usr/bin/ceph: stderr
2024-04-17T08:11:03.009+0000 7fd0ee7fc700 1 -- 172.21.15.7:0/4286182979 <== mon.0 v2:172.21.15.7:3300/0 3 ==== mon_map magic: 0 ==== 205+0+0 (secure 0 0 0) 0x7fd0e0011b50 con 0x7fd0f0108f00
2024-04-17T08:11:04.113 INFO:teuthology.orchestra.run.smithi007.stdout:/usr/bin/ceph: stderr
2024-04-17T08:11:03.010+0000 7fd0f5f58700 1 -- 172.21.15.7:0/4286182979 >> [v2:172.21.15.7:3300/0,v1:172.21.15.7:6789/0] conn(0x7fd0f0108f00 msgr2=0x7fd0f010b2f0 secure :-1 s=STATE_CONNECTION_ESTABLISHED l=1).mark_down
2024-04-17T08:11:04.113 INFO:teuthology.orchestra.run.smithi007.stdout:/usr/bin/ceph: stderr
2024-04-17T08:11:03.010+0000 7fd0f5f58700 1 --2- 172.21.15.7:0/4286182979 >> [v2:172.21.15.7:3300/0,v1:172.21.15.7:6789/0] conn(0x7fd0f0108f00 0x7fd0f010b2f0 secure :-1 s=READY pgs=39 cs=0 l=1 rev1=1 crypto rx=0x7fd0e00098a0 tx=0x7fd0e0009bb0 comp rx=0 tx=0).stop
2024-04-17T08:11:04.113 INFO:teuthology.orchestra.run.smithi007.stdout:/usr/bin/ceph: stderr
2024-04-17T08:11:03.010+0000 7fd0f5f58700 1 -- 172.21.15.7:0/4286182979 shutdown_connections
2024-04-17T08:11:04.113 INFO:teuthology.orchestra.run.smithi007.stdout:/usr/bin/ceph: stderr
2024-04-17T08:11:03.010+0000 7fd0f5f58700 1 --2- 172.21.15.7:0/4286182979 >> [v2:172.21.15.7:3300/0,v1:172.21.15.7:6789/0] conn(0x7fd0f0108f00 0x7fd0f010b2f0 unknown :-1 s=CLOSED pgs=39 cs=0 l=1 rev1=1 crypto rx=0 tx=0 comp rx=0 tx=0).stop
2024-04-17T08:11:04.113 INFO:teuthology.orchestra.run.smithi007.stdout:/usr/bin/ceph: stderr
2024-04-17T08:11:03.010+0000 7fd0f5f58700 1 -- 172.21.15.7:0/4286182979 >> 172.21.15.7:0/4286182979 conn(0x7fd0f01028f0 msgr2=0x7fd0f0104d30 unknown :-1 s=STATE_NONE l=0).mark_down
2024-04-17T08:11:04.113 INFO:teuthology.orchestra.run.smithi007.stdout:/usr/bin/ceph: stderr
2024-04-17T08:11:03.010+0000 7fd0f5f58700 1 -- 172.21.15.7:0/4286182979 shutdown_connections
2024-04-17T08:11:04.113 INFO:teuthology.orchestra.run.smithi007.stdout:/usr/bin/ceph: stderr
2024-04-17T08:11:03.010+0000 7fd0f5f58700 1 -- 172.21.15.7:0/4286182979 wait complete.
2024-04-17T08:11:04.113 INFO:teuthology.orchestra.run.smithi007.stdout:/usr/bin/ceph: stderr
2024-04-17T08:11:03.011+0000 7fd0f5f58700 1 Processor -- start
2024-04-17T08:11:04.113 INFO:teuthology.orchestra.run.smithi007.stdout:/usr/bin/ceph: stderr
2024-04-17T08:11:03.011+0000 7fd0f5f58700 1 -- start start
2024-04-17T08:11:04.113 INFO:teuthology.orchestra.run.smithi007.stdout:/usr/bin/ceph: stderr
2024-04-17T08:11:03.011+0000 7fd0f5f58700 1 --2- >> [v2:172.21.15.7:3300/0,v1:172.21.15.7:6789/0] conn(0x7fd0f0108f00 0x7fd0f019c270 unknown :-1 s=NONE pgs=0 cs=0 l=1 rev1=0 crypto rx=0 tx=0 comp rx=0 tx=0).connect
2024-04-17T08:11:04.113 INFO:teuthology.orchestra.run.smithi007.stdout:/usr/bin/ceph: stderr
2024-04-17T08:11:03.011+0000 7fd0f5f58700 1 -- --> [v2:172.21.15.7:3300/0,v1:172.21.15.7:6789/0] -- mon_getmap magic: 0 -- 0x7fd0f010c7e0 con 0x7fd0f0108f00
2024-04-17T08:11:04.113 INFO:teuthology.orchestra.run.smithi007.stdout:/usr/bin/ceph: stderr
2024-04-17T08:11:03.011+0000 7fd0ef7fe700 1 --2- >> [v2:172.21.15.7:3300/0,v1:172.21.15.7:6789/0] conn(0x7fd0f0108f00 0x7fd0f019c270 unknown :-1 s=BANNER_CONNECTING pgs=0 cs=0 l=1 rev1=0 crypto rx=0 tx=0 comp rx=0 tx=0)._handle_peer_banner_payload supported=3 required=0
2024-04-17T08:11:04.113 INFO:teuthology.orchestra.run.smithi007.stdout:/usr/bin/ceph: stderr
2024-04-17T08:11:03.011+0000 7fd0ef7fe700 1 --2- >> [v2:172.21.15.7:3300/0,v1:172.21.15.7:6789/0] conn(0x7fd0f0108f00 0x7fd0f019c270 unknown :-1 s=HELLO_CONNECTING pgs=0 cs=0 l=1 rev1=1 crypto rx=0 tx=0 comp rx=0 tx=0).handle_hello peer v2:172.21.15.7:3300/0 says I am v2:172.21.15.7:35116/0 (socket says 172.21.15.7:35116)
2024-04-17T08:11:04.114 INFO:teuthology.orchestra.run.smithi007.stdout:/usr/bin/ceph: stderr
2024-04-17T08:11:03.011+0000 7fd0ef7fe700 1 -- 172.21.15.7:0/3794385583 learned_addr learned my addr 172.21.15.7:0/3794385583 (peer_addr_for_me v2:172.21.15.7:0/0)
2024-04-17T08:11:04.114 INFO:teuthology.orchestra.run.smithi007.stdout:/usr/bin/ceph: stderr
2024-04-17T08:11:03.011+0000 7fd0ef7fe700 1 -- 172.21.15.7:0/3794385583 --> [v2:172.21.15.7:3300/0,v1:172.21.15.7:6789/0] -- mon_subscribe({config=0+,monmap=0+}) -- 0x7fd0f019c7b0 con 0x7fd0f0108f00
2024-04-17T08:11:04.114 INFO:teuthology.orchestra.run.smithi007.stdout:/usr/bin/ceph: stderr
2024-04-17T08:11:03.012+0000 7fd0ef7fe700 1 --2- 172.21.15.7:0/3794385583 >> [v2:172.21.15.7:3300/0,v1:172.21.15.7:6789/0] conn(0x7fd0f0108f00 0x7fd0f019c270 secure :-1 s=READY pgs=40 cs=0 l=1 rev1=1 crypto rx=0x7fd0e0011670 tx=0x7fd0e0011b60 comp rx=0 tx=0).ready entity=mon.0 client_cookie=0 server_cookie=0 in_seq=0 out_seq=0
2024-04-17T08:11:04.114 INFO:teuthology.orchestra.run.smithi007.stdout:/usr/bin/ceph: stderr
2024-04-17T08:11:03.012+0000 7fd0ecff9700 1 -- 172.21.15.7:0/3794385583 <== mon.0 v2:172.21.15.7:3300/0 1 ==== mon_map magic: 0 ==== 205+0+0 (secure 0 0 0) 0x7fd0e00039c0 con 0x7fd0f0108f00
2024-04-17T08:11:04.114 INFO:teuthology.orchestra.run.smithi007.stdout:/usr/bin/ceph: stderr
2024-04-17T08:11:03.012+0000 7fd0ecff9700 1 -- 172.21.15.7:0/3794385583 <== mon.0 v2:172.21.15.7:3300/0 2 ==== config(27 keys) ==== 1109+0+0 (secure 0 0 0) 0x7fd0e0011e50 con 0x7fd0f0108f00
2024-04-17T08:11:04.114 INFO:teuthology.orchestra.run.smithi007.stdout:/usr/bin/ceph: stderr
2024-04-17T08:11:03.012+0000 7fd0f5f58700 1 -- 172.21.15.7:0/3794385583 --> [v2:172.21.15.7:3300/0,v1:172.21.15.7:6789/0] -- mon_subscribe({mgrmap=0+}) -- 0x7fd0f019ca40 con 0x7fd0f0108f00
2024-04-17T08:11:04.114 INFO:teuthology.orchestra.run.smithi007.stdout:/usr/bin/ceph: stderr
