2024-04-17T14:13:23.683 INFO:teuthology.orchestra.run.smithi086.stdout:/usr/bin/ceph: stdout
2024-04-17T14:13:23.683 INFO:teuthology.orchestra.run.smithi086.stdout:/usr/bin/ceph: stdout {
2024-04-17T14:13:23.683 INFO:teuthology.orchestra.run.smithi086.stdout:/usr/bin/ceph: stdout "fsid": "76448eb4-fcc4-11ee-bc91-c7b262605968",
2024-04-17T14:13:23.684 INFO:teuthology.orchestra.run.smithi086.stdout:/usr/bin/ceph: stdout "health": {
2024-04-17T14:13:23.684 INFO:teuthology.orchestra.run.smithi086.stdout:/usr/bin/ceph: stdout "status": "HEALTH_OK",
2024-04-17T14:13:23.684 INFO:teuthology.orchestra.run.smithi086.stdout:/usr/bin/ceph: stdout "checks": {},
2024-04-17T14:13:23.684 INFO:teuthology.orchestra.run.smithi086.stdout:/usr/bin/ceph: stdout "mutes": []
2024-04-17T14:13:23.684 INFO:teuthology.orchestra.run.smithi086.stdout:/usr/bin/ceph: stdout },
2024-04-17T14:13:23.684 INFO:teuthology.orchestra.run.smithi086.stdout:/usr/bin/ceph: stdout "election_epoch": 5,
2024-04-17T14:13:23.684 INFO:teuthology.orchestra.run.smithi086.stdout:/usr/bin/ceph: stdout "quorum": [
2024-04-17T14:13:23.684 INFO:teuthology.orchestra.run.smithi086.stdout:/usr/bin/ceph: stdout 0
2024-04-17T14:13:23.684 INFO:teuthology.orchestra.run.smithi086.stdout:/usr/bin/ceph: stdout ],
2024-04-17T14:13:23.684 INFO:teuthology.orchestra.run.smithi086.stdout:/usr/bin/ceph: stdout "quorum_names": [
2024-04-17T14:13:23.684 INFO:teuthology.orchestra.run.smithi086.stdout:/usr/bin/ceph: stdout "a"
2024-04-17T14:13:23.684 INFO:teuthology.orchestra.run.smithi086.stdout:/usr/bin/ceph: stdout ],
2024-04-17T14:13:23.684 INFO:teuthology.orchestra.run.smithi086.stdout:/usr/bin/ceph: stdout "quorum_age": 14,
2024-04-17T14:13:23.685 INFO:teuthology.orchestra.run.smithi086.stdout:/usr/bin/ceph: stdout "monmap": {
2024-04-17T14:13:23.685 INFO:teuthology.orchestra.run.smithi086.stdout:/usr/bin/ceph: stdout "epoch": 1,
2024-04-17T14:13:23.685 INFO:teuthology.orchestra.run.smithi086.stdout:/usr/bin/ceph: stdout "min_mon_release_name": "squid",
2024-04-17T14:13:23.685 INFO:teuthology.orchestra.run.smithi086.stdout:/usr/bin/ceph: stdout "num_mons": 1
2024-04-17T14:13:23.685 INFO:teuthology.orchestra.run.smithi086.stdout:/usr/bin/ceph: stdout },
2024-04-17T14:13:23.685 INFO:teuthology.orchestra.run.smithi086.stdout:/usr/bin/ceph: stdout "osdmap": {
2024-04-17T14:13:23.685 INFO:teuthology.orchestra.run.smithi086.stdout:/usr/bin/ceph: stdout "epoch": 1,
2024-04-17T14:13:23.685 INFO:teuthology.orchestra.run.smithi086.stdout:/usr/bin/ceph: stdout "num_osds": 0,
2024-04-17T14:13:23.685 INFO:teuthology.orchestra.run.smithi086.stdout:/usr/bin/ceph: stdout "num_up_osds": 0,
2024-04-17T14:13:23.685 INFO:teuthology.orchestra.run.smithi086.stdout:/usr/bin/ceph: stdout "osd_up_since": 0,
2024-04-17T14:13:23.694 INFO:teuthology.orchestra.run.smithi086.stdout:/usr/bin/ceph: stdout "num_in_osds": 0,
2024-04-17T14:13:23.694 INFO:teuthology.orchestra.run.smithi086.stdout:/usr/bin/ceph: stdout "osd_in_since": 0,
2024-04-17T14:13:23.695 INFO:teuthology.orchestra.run.smithi086.stdout:/usr/bin/ceph: stdout "num_remapped_pgs": 0
2024-04-17T14:13:23.695 INFO:teuthology.orchestra.run.smithi086.stdout:/usr/bin/ceph: stdout },
2024-04-17T14:13:23.695 INFO:teuthology.orchestra.run.smithi086.stdout:/usr/bin/ceph: stdout "pgmap": {
2024-04-17T14:13:23.695 INFO:teuthology.orchestra.run.smithi086.stdout:/usr/bin/ceph: stdout "pgs_by_state": [],
2024-04-17T14:13:23.695 INFO:teuthology.orchestra.run.smithi086.stdout:/usr/bin/ceph: stdout "num_pgs": 0,
2024-04-17T14:13:23.695 INFO:teuthology.orchestra.run.smithi086.stdout:/usr/bin/ceph: stdout "num_pools": 0,
2024-04-17T14:13:23.695 INFO:teuthology.orchestra.run.smithi086.stdout:/usr/bin/ceph: stdout "num_objects": 0,
2024-04-17T14:13:23.695 INFO:teuthology.orchestra.run.smithi086.stdout:/usr/bin/ceph: stdout "data_bytes": 0,
2024-04-17T14:13:23.695 INFO:teuthology.orchestra.run.smithi086.stdout:/usr/bin/ceph: stdout "bytes_used": 0,
2024-04-17T14:13:23.695 INFO:teuthology.orchestra.run.smithi086.stdout:/usr/bin/ceph: stdout "bytes_avail": 0,
2024-04-17T14:13:23.695 INFO:teuthology.orchestra.run.smithi086.stdout:/usr/bin/ceph: stdout "bytes_total": 0
2024-04-17T14:13:23.695 INFO:teuthology.orchestra.run.smithi086.stdout:/usr/bin/ceph: stdout },
2024-04-17T14:13:23.695 INFO:teuthology.orchestra.run.smithi086.stdout:/usr/bin/ceph: stdout "fsmap": {
2024-04-17T14:13:23.696 INFO:teuthology.orchestra.run.smithi086.stdout:/usr/bin/ceph: stdout "epoch": 1,
2024-04-17T14:13:23.696 INFO:teuthology.orchestra.run.smithi086.stdout:/usr/bin/ceph: stdout "by_rank": [],
2024-04-17T14:13:23.696 INFO:teuthology.orchestra.run.smithi086.stdout:/usr/bin/ceph: stdout "up:standby": 0
2024-04-17T14:13:23.696 INFO:teuthology.orchestra.run.smithi086.stdout:/usr/bin/ceph: stdout },
2024-04-17T14:13:23.696 INFO:teuthology.orchestra.run.smithi086.stdout:/usr/bin/ceph: stdout "mgrmap": {
2024-04-17T14:13:23.696 INFO:teuthology.orchestra.run.smithi086.stdout:/usr/bin/ceph: stdout "available": true,
2024-04-17T14:13:23.696 INFO:teuthology.orchestra.run.smithi086.stdout:/usr/bin/ceph: stdout "num_standbys": 0,
2024-04-17T14:13:23.696 INFO:teuthology.orchestra.run.smithi086.stdout:/usr/bin/ceph: stdout "modules": [
2024-04-17T14:13:23.696 INFO:teuthology.orchestra.run.smithi086.stdout:/usr/bin/ceph: stdout "iostat",
2024-04-17T14:13:23.696 INFO:teuthology.orchestra.run.smithi086.stdout:/usr/bin/ceph: stdout "nfs",
2024-04-17T14:13:23.696 INFO:teuthology.orchestra.run.smithi086.stdout:/usr/bin/ceph: stdout "restful"
2024-04-17T14:13:23.696 INFO:teuthology.orchestra.run.smithi086.stdout:/usr/bin/ceph: stdout ],
2024-04-17T14:13:23.696 INFO:teuthology.orchestra.run.smithi086.stdout:/usr/bin/ceph: stdout "services": {}
2024-04-17T14:13:23.696 INFO:teuthology.orchestra.run.smithi086.stdout:/usr/bin/ceph: stdout },
2024-04-17T14:13:23.697 INFO:teuthology.orchestra.run.smithi086.stdout:/usr/bin/ceph: stdout "servicemap": {
2024-04-17T14:13:23.697 INFO:teuthology.orchestra.run.smithi086.stdout:/usr/bin/ceph: stdout "epoch": 1,
2024-04-17T14:13:23.697 INFO:teuthology.orchestra.run.smithi086.stdout:/usr/bin/ceph: stdout "modified": "2024-04-17T14:13:02.045240+0000",
2024-04-17T14:13:23.697 INFO:teuthology.orchestra.run.smithi086.stdout:/usr/bin/ceph: stdout "services": {}
2024-04-17T14:13:23.697 INFO:teuthology.orchestra.run.smithi086.stdout:/usr/bin/ceph: stdout },
2024-04-17T14:13:23.697 INFO:teuthology.orchestra.run.smithi086.stdout:/usr/bin/ceph: stdout "progress_events": {}
2024-04-17T14:13:23.697 INFO:teuthology.orchestra.run.smithi086.stdout:/usr/bin/ceph: stdout }
2024-04-17T14:13:23.697 INFO:teuthology.orchestra.run.smithi086.stdout:/usr/bin/ceph: stderr
2024-04-17T14:13:22.740+0000 7fd391200700 1 Processor -- start
2024-04-17T14:13:23.697 INFO:teuthology.orchestra.run.smithi086.stdout:/usr/bin/ceph: stderr
2024-04-17T14:13:22.740+0000 7fd391200700 1 -- start start
2024-04-17T14:13:23.697 INFO:teuthology.orchestra.run.smithi086.stdout:/usr/bin/ceph: stderr
2024-04-17T14:13:22.740+0000 7fd391200700 1 --2- >> [v2:172.21.15.86:3300/0,v1:172.21.15.86:6789/0] conn(0x7fd38c109b30 0x7fd38c109f50 unknown :-1 s=NONE pgs=0 cs=0 l=0 rev1=0 crypto rx=0 tx=0 comp rx=0 tx=0).connect
2024-04-17T14:13:23.697 INFO:teuthology.orchestra.run.smithi086.stdout:/usr/bin/ceph: stderr
2024-04-17T14:13:22.740+0000 7fd391200700 1 -- --> [v2:172.21.15.86:3300/0,v1:172.21.15.86:6789/0] -- mon_getmap magic: 0 -- 0x7fd38c10a520 con 0x7fd38c109b30
2024-04-17T14:13:23.697 INFO:teuthology.orchestra.run.smithi086.stdout:/usr/bin/ceph: stderr
2024-04-17T14:13:22.740+0000 7fd389e00700 1 --2- >> [v2:172.21.15.86:3300/0,v1:172.21.15.86:6789/0] conn(0x7fd38c109b30 0x7fd38c109f50 unknown :-1 s=BANNER_CONNECTING pgs=0 cs=0 l=0 rev1=0 crypto rx=0 tx=0 comp rx=0 tx=0)._handle_peer_banner_payload supported=3 required=0
2024-04-17T14:13:23.697 INFO:teuthology.orchestra.run.smithi086.stdout:/usr/bin/ceph: stderr
2024-04-17T14:13:22.740+0000 7fd389e00700 1 --2- >> [v2:172.21.15.86:3300/0,v1:172.21.15.86:6789/0] conn(0x7fd38c109b30 0x7fd38c109f50 unknown :-1 s=HELLO_CONNECTING pgs=0 cs=0 l=0 rev1=1 crypto rx=0 tx=0 comp rx=0 tx=0).handle_hello peer v2:172.21.15.86:3300/0 says I am v2:172.21.15.86:57524/0 (socket says 172.21.15.86:57524)
2024-04-17T14:13:23.697 INFO:teuthology.orchestra.run.smithi086.stdout:/usr/bin/ceph: stderr
2024-04-17T14:13:22.740+0000 7fd389e00700 1 -- 172.21.15.86:0/1615483952 learned_addr learned my addr 172.21.15.86:0/1615483952 (peer_addr_for_me v2:172.21.15.86:0/0)
2024-04-17T14:13:23.697 INFO:teuthology.orchestra.run.smithi086.stdout:/usr/bin/ceph: stderr
2024-04-17T14:13:22.740+0000 7fd389e00700 1 -- 172.21.15.86:0/1615483952 --> [v2:172.21.15.86:3300/0,v1:172.21.15.86:6789/0] -- mon_subscribe({config=0+,monmap=0+}) -- 0x7fd38c10ad30 con 0x7fd38c109b30
2024-04-17T14:13:23.698 INFO:teuthology.orchestra.run.smithi086.stdout:/usr/bin/ceph: stderr
2024-04-17T14:13:22.740+0000 7fd389e00700 1 --2- 172.21.15.86:0/1615483952 >> [v2:172.21.15.86:3300/0,v1:172.21.15.86:6789/0] conn(0x7fd38c109b30 0x7fd38c109f50 secure :-1 s=READY pgs=18 cs=0 l=1 rev1=1 crypto rx=0x7fd37c0098a0 tx=0x7fd37c009bb0 comp rx=0 tx=0).ready entity=mon.0 client_cookie=a2fb273a21aeb922 server_cookie=0 in_seq=0 out_seq=0
2024-04-17T14:13:23.698 INFO:teuthology.orchestra.run.smithi086.stdout:/usr/bin/ceph: stderr
2024-04-17T14:13:22.740+0000 7fd388a00700 1 -- 172.21.15.86:0/1615483952 <== mon.0 v2:172.21.15.86:3300/0 1 ==== mon_map magic: 0 ==== 205+0+0 (secure 0 0 0) 0x7fd37c004160 con 0x7fd38c109b30
2024-04-17T14:13:23.698 INFO:teuthology.orchestra.run.smithi086.stdout:/usr/bin/ceph: stderr
2024-04-17T14:13:22.740+0000 7fd388a00700 1 -- 172.21.15.86:0/1615483952 <== mon.0 v2:172.21.15.86:3300/0 2 ==== config(26 keys) ==== 1071+0+0 (secure 0 0 0) 0x7fd37c004300 con 0x7fd38c109b30
2024-04-17T14:13:23.698 INFO:teuthology.orchestra.run.smithi086.stdout:/usr/bin/ceph: stderr
2024-04-17T14:13:22.744+0000 7fd388a00700 1 -- 172.21.15.86:0/1615483952 <== mon.0 v2:172.21.15.86:3300/0 3 ==== mon_map magic: 0 ==== 205+0+0 (secure 0 0 0) 0x7fd37c011a80 con 0x7fd38c109b30
2024-04-17T14:13:23.698 INFO:teuthology.orchestra.run.smithi086.stdout:/usr/bin/ceph: stderr
2024-04-17T14:13:22.744+0000 7fd391200700 1 -- 172.21.15.86:0/1615483952 >> [v2:172.21.15.86:3300/0,v1:172.21.15.86:6789/0] conn(0x7fd38c109b30 msgr2=0x7fd38c109f50 secure :-1 s=STATE_CONNECTION_ESTABLISHED l=1).mark_down
2024-04-17T14:13:23.698 INFO:teuthology.orchestra.run.smithi086.stdout:/usr/bin/ceph: stderr
2024-04-17T14:13:22.744+0000 7fd391200700 1 --2- 172.21.15.86:0/1615483952 >> [v2:172.21.15.86:3300/0,v1:172.21.15.86:6789/0] conn(0x7fd38c109b30 0x7fd38c109f50 secure :-1 s=READY pgs=18 cs=0 l=1 rev1=1 crypto rx=0x7fd37c0098a0 tx=0x7fd37c009bb0 comp rx=0 tx=0).stop
2024-04-17T14:13:23.698 INFO:teuthology.orchestra.run.smithi086.stdout:/usr/bin/ceph: stderr
2024-04-17T14:13:22.744+0000 7fd391200700 1 -- 172.21.15.86:0/1615483952 shutdown_connections
2024-04-17T14:13:23.698 INFO:teuthology.orchestra.run.smithi086.stdout:/usr/bin/ceph: stderr
2024-04-17T14:13:22.744+0000 7fd391200700 1 --2- 172.21.15.86:0/1615483952 >> [v2:172.21.15.86:3300/0,v1:172.21.15.86:6789/0] conn(0x7fd38c109b30 0x7fd38c109f50 unknown :-1 s=CLOSED pgs=18 cs=0 l=1 rev1=1 crypto rx=0 tx=0 comp rx=0 tx=0).stop
2024-04-17T14:13:23.698 INFO:teuthology.orchestra.run.smithi086.stdout:/usr/bin/ceph: stderr
2024-04-17T14:13:22.744+0000 7fd391200700 1 -- 172.21.15.86:0/1615483952 >> 172.21.15.86:0/1615483952 conn(0x7fd38c07cf50 msgr2=0x7fd38c07d360 unknown :-1 s=STATE_NONE l=0).mark_down
2024-04-17T14:13:23.698 INFO:teuthology.orchestra.run.smithi086.stdout:/usr/bin/ceph: stderr
2024-04-17T14:13:22.744+0000 7fd391200700 1 -- 172.21.15.86:0/1615483952 shutdown_connections
2024-04-17T14:13:23.698 INFO:teuthology.orchestra.run.smithi086.stdout:/usr/bin/ceph: stderr
2024-04-17T14:13:22.744+0000 7fd391200700 1 -- 172.21.15.86:0/1615483952 wait complete.
2024-04-17T14:13:23.698 INFO:teuthology.orchestra.run.smithi086.stdout:/usr/bin/ceph: stderr
2024-04-17T14:13:22.744+0000 7fd391200700 1 Processor -- start
2024-04-17T14:13:23.698 INFO:teuthology.orchestra.run.smithi086.stdout:/usr/bin/ceph: stderr
2024-04-17T14:13:22.744+0000 7fd391200700 1 -- start start
2024-04-17T14:13:23.699 INFO:teuthology.orchestra.run.smithi086.stdout:/usr/bin/ceph: stderr
2024-04-17T14:13:22.744+0000 7fd391200700 1 --2- >> [v2:172.21.15.86:3300/0,v1:172.21.15.86:6789/0] conn(0x7fd38c109b30 0x7fd38c19dae0 unknown :-1 s=NONE pgs=0 cs=0 l=1 rev1=0 crypto rx=0 tx=0 comp rx=0 tx=0).connect
2024-04-17T14:13:23.699 INFO:teuthology.orchestra.run.smithi086.stdout:/usr/bin/ceph: stderr
2024-04-17T14:13:22.744+0000 7fd391200700 1 -- --> [v2:172.21.15.86:3300/0,v1:172.21.15.86:6789/0] -- mon_getmap magic: 0 -- 0x7fd38c10e0e0 con 0x7fd38c109b30
2024-04-17T14:13:23.699 INFO:teuthology.orchestra.run.smithi086.stdout:/usr/bin/ceph: stderr
2024-04-17T14:13:22.744+0000 7fd389e00700 1 --2- >> [v2:172.21.15.86:3300/0,v1:172.21.15.86:6789/0] conn(0x7fd38c109b30 0x7fd38c19dae0 unknown :-1 s=BANNER_CONNECTING pgs=0 cs=0 l=1 rev1=0 crypto rx=0 tx=0 comp rx=0 tx=0)._handle_peer_banner_payload supported=3 required=0
2024-04-17T14:13:23.699 INFO:teuthology.orchestra.run.smithi086.stdout:/usr/bin/ceph: stderr
2024-04-17T14:13:22.744+0000 7fd389e00700 1 --2- >> [v2:172.21.15.86:3300/0,v1:172.21.15.86:6789/0] conn(0x7fd38c109b30 0x7fd38c19dae0 unknown :-1 s=HELLO_CONNECTING pgs=0 cs=0 l=1 rev1=1 crypto rx=0 tx=0 comp rx=0 tx=0).handle_hello peer v2:172.21.15.86:3300/0 says I am v2:172.21.15.86:57532/0 (socket says 172.21.15.86:57532)
2024-04-17T14:13:23.699 INFO:teuthology.orchestra.run.smithi086.stdout:/usr/bin/ceph: stderr
2024-04-17T14:13:22.744+0000 7fd389e00700 1 -- 172.21.15.86:0/3308531313 learned_addr learned my addr 172.21.15.86:0/3308531313 (peer_addr_for_me v2:172.21.15.86:0/0)
2024-04-17T14:13:23.699 INFO:teuthology.orchestra.run.smithi086.stdout:/usr/bin/ceph: stderr
2024-04-17T14:13:22.744+0000 7fd389e00700 1 -- 172.21.15.86:0/3308531313 --> [v2:172.21.15.86:3300/0,v1:172.21.15.86:6789/0] -- mon_subscribe({config=0+,monmap=0+}) -- 0x7fd38c19e020 con 0x7fd38c109b30
2024-04-17T14:13:23.699 INFO:teuthology.orchestra.run.smithi086.stdout:/usr/bin/ceph: stderr
2024-04-17T14:13:22.744+0000 7fd389e00700 1 --2- 172.21.15.86:0/3308531313 >> [v2:172.21.15.86:3300/0,v1:172.21.15.86:6789/0] conn(0x7fd38c109b30 0x7fd38c19dae0 secure :-1 s=READY pgs=19 cs=0 l=1 rev1=1 crypto rx=0x7fd37c000c00 tx=0x7fd37c004290 comp rx=0 tx=0).ready entity=mon.0 client_cookie=0 server_cookie=0 in_seq=0 out_seq=0
2024-04-17T14:13:23.699 INFO:teuthology.orchestra.run.smithi086.stdout:/usr/bin/ceph: stderr
2024-04-17T14:13:22.744+0000 7fd382a00700 1 -- 172.21.15.86:0/3308531313 <== mon.0 v2:172.21.15.86:3300/0 1 ==== mon_map magic: 0 ==== 205+0+0 (secure 0 0 0) 0x7fd37c0039c0 con 0x7fd38c109b30
2024-04-17T14:13:23.699 INFO:teuthology.orchestra.run.smithi086.stdout:/usr/bin/ceph: stderr
2024-04-17T14:13:22.744+0000 7fd382a00700 1 -- 172.21.15.86:0/3308531313 <== mon.0 v2:172.21.15.86:3300/0 2 ==== config(26 keys) ==== 1071+0+0 (secure 0 0 0) 0x7fd37c003b60 con 0x7fd38c109b30
2024-04-17T14:13:23.699 INFO:teuthology.orchestra.run.smithi086.stdout:/usr/bin/ceph: stderr
2024-04-17T14:13:22.744+0000 7fd382a00700 1 -- 172.21.15.86:0/3308531313 <== mon.0 v2:172.21.15.86:3300/0 3 ==== mon_map magic: 0 ==== 205+0+0 (secure 0 0 0) 0x7fd37c01a6f0 con 0x7fd38c109b30
2024-04-17T14:13:23.699 INFO:teuthology.orchestra.run.smithi086.stdout:/usr/bin/ceph: stderr
2024-04-17T14:13:22.744+0000 7fd391200700 1 -- 172.21.15.86:0/3308531313 --> [v2:172.21.15.86:3300/0,v1:172.21.15.86:6789/0] -- mon_subscribe({mgrmap=0+}) -- 0x7fd38c19e2b0 con 0x7fd38c109b30
2024-04-17T14:13:23.699 INFO:teuthology.orchestra.run.smithi086.stdout:/usr/bin/ceph: stderr
2024-04-17T14:13:22.744+0000 7fd391200700 1 -- 172.21.15.86:0/3308531313 --> [v2:172.21.15.86:3300/0,v1:172.21.15.86:6789/0] -- mon_subscribe({osdmap=0}) -- 0x7fd38c1a0fa0 con 0x7fd38c109b30
2024-04-17T14:13:23.699 INFO:teuthology.orchestra.run.smithi086.stdout:/usr/bin/ceph: stderr
2024-04-17T14:13:22.748+0000 7fd382a00700 1 -- 172.21.15.86:0/3308531313 <== mon.0 v2:172.21.15.86:3300/0 4 ==== mgrmap(e 4) ==== 46547+0+0 (secure 0 0 0) 0x7fd37c024a40 con 0x7fd38c109b30
2024-04-17T14:13:23.699 INFO:teuthology.orchestra.run.smithi086.stdout:/usr/bin/ceph: stderr
2024-04-17T14:13:22.748+0000 7fd391200700 1 -- 172.21.15.86:0/3308531313 --> [v2:172.21.15.86:3300/0,v1:172.21.15.86:6789/0] -- mon_command({"prefix": "get_command_descriptions"} v 0) -- 0x7fd38c0640b0 con 0x7fd38c109b30
2024-04-17T14:13:23.700 INFO:teuthology.orchestra.run.smithi086.stdout:/usr/bin/ceph: stderr
2024-04-17T14:13:22.748+0000 7fd382a00700 1 --2- 172.21.15.86:0/3308531313 >> [v2:172.21.15.86:6800/1719816908,v1:172.21.15.86:6801/1719816908] conn(0x7fd3700395b0 0x7fd37003ba70 unknown :-1 s=NONE pgs=0 cs=0 l=1 rev1=0 crypto rx=0 tx=0 comp rx=0 tx=0).connect
2024-04-17T14:13:23.700 INFO:teuthology.orchestra.run.smithi086.stdout:/usr/bin/ceph: stderr
2024-04-17T14:13:22.748+0000 7fd382a00700 1 -- 172.21.15.86:0/3308531313 <== mon.0 v2:172.21.15.86:3300/0 5 ==== osd_map(1..1 src has 1..1) ==== 725+0+0 (secure 0 0 0) 0x7fd37c04d980 con 0x7fd38c109b30
2024-04-17T14:13:23.700 INFO:teuthology.orchestra.run.smithi086.stdout:/usr/bin/ceph: stderr
2024-04-17T14:13:22.748+0000 7fd389400700 1 --2- 172.21.15.86:0/3308531313 >> [v2:172.21.15.86:6800/1719816908,v1:172.21.15.86:6801/1719816908] conn(0x7fd3700395b0 0x7fd37003ba70 unknown :-1 s=BANNER_CONNECTING pgs=0 cs=0 l=1 rev1=0 crypto rx=0 tx=0 comp rx=0 tx=0)._handle_peer_banner_payload supported=3 required=0
2024-04-17T14:13:23.700 INFO:teuthology.orchestra.run.smithi086.stdout:/usr/bin/ceph: stderr
2024-04-17T14:13:22.748+0000 7fd389400700 1 --2- 172.21.15.86:0/3308531313 >> [v2:172.21.15.86:6800/1719816908,v1:172.21.15.86:6801/1719816908] conn(0x7fd3700395b0 0x7fd37003ba70 secure :-1 s=READY pgs=6 cs=0 l=1 rev1=1 crypto rx=0x7fd378006fd0 tx=0x7fd378006e40 comp rx=0 tx=0).ready entity=mgr.14100 client_cookie=0 server_cookie=0 in_seq=0 out_seq=0
2024-04-17T14:13:23.700 INFO:teuthology.orchestra.run.smithi086.stdout:/usr/bin/ceph: stderr
2024-04-17T14:13:22.752+0000 7fd382a00700 1 -- 172.21.15.86:0/3308531313 <== mon.0 v2:172.21.15.86:3300/0 6 ==== mon_command_ack([{"prefix": "get_command_descriptions"}]=0 v0) ==== 72+0+188381 (secure 0 0 0) 0x7fd37c00f2e0 con 0x7fd38c109b30
2024-04-17T14:13:23.700 INFO:teuthology.orchestra.run.smithi086.stdout:/usr/bin/ceph: stderr
2024-04-17T14:13:23.036+0000 7fd391200700 1 -- 172.21.15.86:0/3308531313 --> [v2:172.21.15.86:3300/0,v1:172.21.15.86:6789/0] -- mon_command({"prefix": "status", "format": "json-pretty"} v 0) -- 0x7fd38c1a1170 con 0x7fd38c109b30
2024-04-17T14:13:23.700 INFO:teuthology.orchestra.run.smithi086.stdout:/usr/bin/ceph: stderr
2024-04-17T14:13:23.036+0000 7fd382a00700 1 -- 172.21.15.86:0/3308531313 <== mon.0 v2:172.21.15.86:3300/0 7 ==== mon_command_ack([{"prefix": "status", "format": "json-pretty"}]=0 v0) ==== 79+0+1239 (secure 0 0 0) 0x7fd38c1a1170 con 0x7fd38c109b30
2024-04-17T14:13:23.700 INFO:teuthology.orchestra.run.smithi086.stdout:/usr/bin/ceph: stderr
2024-04-17T14:13:23.040+0000 7fd391200700 1 -- 172.21.15.86:0/3308531313 >> [v2:172.21.15.86:6800/1719816908,v1:172.21.15.86:6801/1719816908] conn(0x7fd3700395b0 msgr2=0x7fd37003ba70 secure :-1 s=STATE_CONNECTION_ESTABLISHED l=1).mark_down
2024-04-17T14:13:23.700 INFO:teuthology.orchestra.run.smithi086.stdout:/usr/bin/ceph: stderr
2024-04-17T14:13:23.040+0000 7fd391200700 1 --2- 172.21.15.86:0/3308531313 >> [v2:172.21.15.86:6800/1719816908,v1:172.21.15.86:6801/1719816908] conn(0x7fd3700395b0 0x7fd37003ba70 secure :-1 s=READY pgs=6 cs=0 l=1 rev1=1 crypto rx=0x7fd378006fd0 tx=0x7fd378006e40 comp rx=0 tx=0).stop
2024-04-17T14:13:23.700 INFO:teuthology.orchestra.run.smithi086.stdout:/usr/bin/ceph: stderr
2024-04-17T14:13:23.040+0000 7fd391200700 1 -- 172.21.15.86:0/3308531313 >> [v2:172.21.15.86:3300/0,v1:172.21.15.86:6789/0] conn(0x7fd38c109b30 msgr2=0x7fd38c19dae0 secure :-1 s=STATE_CONNECTION_ESTABLISHED l=1).mark_down
2024-04-17T14:13:23.700 INFO:teuthology.orchestra.run.smithi086.stdout:/usr/bin/ceph: stderr
2024-04-17T14:13:23.040+0000 7fd391200700 1 --2- 172.21.15.86:0/3308531313 >> [v2:172.21.15.86:3300/0,v1:172.21.15.86:6789/0] conn(0x7fd38c109b30 0x7fd38c19dae0 secure :-1 s=READY pgs=19 cs=0 l=1 rev1=1 crypto rx=0x7fd37c000c00 tx=0x7fd37c004290 comp rx=0 tx=0).stop
2024-04-17T14:13:23.700 INFO:teuthology.orchestra.run.smithi086.stdout:/usr/bin/ceph: stderr
2024-04-17T14:13:23.040+0000 7fd391200700 1 -- 172.21.15.86:0/3308531313 shutdown_connections
2024-04-17T14:13:23.700 INFO:teuthology.orchestra.run.smithi086.stdout:/usr/bin/ceph: stderr
2024-04-17T14:13:23.040+0000 7fd391200700 1 --2- 172.21.15.86:0/3308531313 >> [v2:172.21.15.86:6800/1719816908,v1:172.21.15.86:6801/1719816908] conn(0x7fd3700395b0 0x7fd37003ba70 unknown :-1 s=CLOSED pgs=6 cs=0 l=1 rev1=1 crypto rx=0 tx=0 comp rx=0 tx=0).stop
2024-04-17T14:13:23.701 INFO:teuthology.orchestra.run.smithi086.stdout:/usr/bin/ceph: stderr
2024-04-17T14:13:23.040+0000 7fd391200700 1 --2- 172.21.15.86:0/3308531313 >> [v2:172.21.15.86:3300/0,v1:172.21.15.86:6789/0] conn(0x7fd38c109b30 0x7fd38c19dae0 unknown :-1 s=CLOSED pgs=19 cs=0 l=1 rev1=1 crypto rx=0 tx=0 comp rx=0 tx=0).stop
2024-04-17T14:13:23.701 INFO:teuthology.orchestra.run.smithi086.stdout:/usr/bin/ceph: stderr
2024-04-17T14:13:23.040+0000 7fd391200700 1 -- 172.21.15.86:0/3308531313 >> 172.21.15.86:0/3308531313 conn(0x7fd38c07cf50 msgr2=0x7fd38c106e00 unknown :-1 s=STATE_NONE l=0).mark_down
2024-04-17T14:13:23.701 INFO:teuthology.orchestra.run.smithi086.stdout:/usr/bin/ceph: stderr
2024-04-17T14:13:23.040+0000 7fd391200700 1 -- 172.21.15.86:0/3308531313 shutdown_connections
2024-04-17T14:13:23.701 INFO:teuthology.orchestra.run.smithi086.stdout:/usr/bin/ceph: stderr
2024-04-17T14:13:23.040+0000 7fd391200700 1 -- 172.21.15.86:0/3308531313 wait complete.
2024-04-17T14:13:23.701 INFO:teuthology.orchestra.run.smithi086.stdout:mgr is available
2024-04-17T14:13:25.165 INFO:journalctl@ceph.mon.a.smithi086.stdout:Apr 17 14:13:24 smithi086 bash[21515]: audit
2024-04-17T14:13:24.900182+0000 mon.a (mon.0) 32 : audit [INF] from='client.? 172.21.15.86:0/3213097524' entity='client.admin' cmd=[{"prefix": "config assimilate-conf"}]: dispatch
2024-04-17T14:13:25.460 INFO:teuthology.orchestra.run.smithi086.stdout:/usr/bin/ceph: stdout
2024-04-17T14:13:25.460 INFO:teuthology.orchestra.run.smithi086.stdout:/usr/bin/ceph: stdout [global]
2024-04-17T14:13:25.460 INFO:teuthology.orchestra.run.smithi086.stdout:/usr/bin/ceph: stdout fsid = 76448eb4-fcc4-11ee-bc91-c7b262605968
2024-04-17T14:13:25.460 INFO:teuthology.orchestra.run.smithi086.stdout:/usr/bin/ceph: stdout mon_osd_allow_pg_remap = true
2024-04-17T14:13:25.460 INFO:teuthology.orchestra.run.smithi086.stdout:/usr/bin/ceph: stdout mon_osd_allow_primary_affinity = true
2024-04-17T14:13:25.460 INFO:teuthology.orchestra.run.smithi086.stdout:/usr/bin/ceph: stdout mon_warn_on_no_sortbitwise = false
2024-04-17T14:13:25.460 INFO:teuthology.orchestra.run.smithi086.stdout:/usr/bin/ceph: stdout osd_crush_chooseleaf_type = 0
2024-04-17T14:13:25.460 INFO:teuthology.orchestra.run.smithi086.stdout:/usr/bin/ceph: stdout
2024-04-17T14:13:25.461 INFO:teuthology.orchestra.run.smithi086.stdout:/usr/bin/ceph: stdout [mgr]
2024-04-17T14:13:25.461 INFO:teuthology.orchestra.run.smithi086.stdout:/usr/bin/ceph: stdout mgr/telemetry/nag = false
2024-04-17T14:13:25.461 INFO:teuthology.orchestra.run.smithi086.stdout:/usr/bin/ceph: stdout
2024-04-17T14:13:25.461 INFO:teuthology.orchestra.run.smithi086.stdout:/usr/bin/ceph: stdout [osd]
2024-04-17T14:13:25.461 INFO:teuthology.orchestra.run.smithi086.stdout:/usr/bin/ceph: stdout osd_map_max_advance = 10
2024-04-17T14:13:25.461 INFO:teuthology.orchestra.run.smithi086.stdout:/usr/bin/ceph: stdout osd_sloppy_crc = true
2024-04-17T14:13:25.461 INFO:teuthology.orchestra.run.smithi086.stdout:/usr/bin/ceph: stderr
2024-04-17T14:13:24.676+0000 7fd4f7200700 1 Processor -- start
2024-04-17T14:13:25.461 INFO:teuthology.orchestra.run.smithi086.stdout:/usr/bin/ceph: stderr
2024-04-17T14:13:24.676+0000 7fd4f7200700 1 -- start start
2024-04-17T14:13:25.461 INFO:teuthology.orchestra.run.smithi086.stdout:/usr/bin/ceph: stderr
2024-04-17T14:13:24.680+0000 7fd4f7200700 1 --2- >> [v2:172.21.15.86:3300/0,v1:172.21.15.86:6789/0] conn(0x7fd4f807d760 0x7fd4f807bbc0 unknown :-1 s=NONE pgs=0 cs=0 l=0 rev1=0 crypto rx=0 tx=0 comp rx=0 tx=0).connect
2024-04-17T14:13:25.461 INFO:teuthology.orchestra.run.smithi086.stdout:/usr/bin/ceph: stderr
2024-04-17T14:13:24.680+0000 7fd4f7200700 1 -- --> [v2:172.21.15.86:3300/0,v1:172.21.15.86:6789/0] -- mon_getmap magic: 0 -- 0x7fd4f807c190 con 0x7fd4f807d760
2024-04-17T14:13:25.461 INFO:teuthology.orchestra.run.smithi086.stdout:/usr/bin/ceph: stderr
2024-04-17T14:13:24.680+0000 7fd4f5e00700 1 --2- >> [v2:172.21.15.86:3300/0,v1:172.21.15.86:6789/0] conn(0x7fd4f807d760 0x7fd4f807bbc0 unknown :-1 s=BANNER_CONNECTING pgs=0 cs=0 l=0 rev1=0 crypto rx=0 tx=0 comp rx=0 tx=0)._handle_peer_banner_payload supported=3 required=0
2024-04-17T14:13:25.461 INFO:teuthology.orchestra.run.smithi086.stdout:/usr/bin/ceph: stderr
2024-04-17T14:13:24.680+0000 7fd4f5e00700 1 --2- >> [v2:172.21.15.86:3300/0,v1:172.21.15.86:6789/0] conn(0x7fd4f807d760 0x7fd4f807bbc0 unknown :-1 s=HELLO_CONNECTING pgs=0 cs=0 l=0 rev1=1 crypto rx=0 tx=0 comp rx=0 tx=0).handle_hello peer v2:172.21.15.86:3300/0 says I am v2:172.21.15.86:54434/0 (socket says 172.21.15.86:54434)
2024-04-17T14:13:25.461 INFO:teuthology.orchestra.run.smithi086.stdout:/usr/bin/ceph: stderr
2024-04-17T14:13:24.680+0000 7fd4f5e00700 1 -- 172.21.15.86:0/2783801448 learned_addr learned my addr 172.21.15.86:0/2783801448 (peer_addr_for_me v2:172.21.15.86:0/0)
2024-04-17T14:13:25.461 INFO:teuthology.orchestra.run.smithi086.stdout:/usr/bin/ceph: stderr
2024-04-17T14:13:24.680+0000 7fd4f5e00700 1 -- 172.21.15.86:0/2783801448 --> [v2:172.21.15.86:3300/0,v1:172.21.15.86:6789/0] -- mon_subscribe({config=0+,monmap=0+}) -- 0x7fd4f807c310 con 0x7fd4f807d760
2024-04-17T14:13:25.462 INFO:teuthology.orchestra.run.smithi086.stdout:/usr/bin/ceph: stderr
2024-04-17T14:13:24.680+0000 7fd4f5e00700 1 --2- 172.21.15.86:0/2783801448 >> [v2:172.21.15.86:3300/0,v1:172.21.15.86:6789/0] conn(0x7fd4f807d760 0x7fd4f807bbc0 secure :-1 s=READY pgs=20 cs=0 l=1 rev1=1 crypto rx=0x7fd4e80098a0 tx=0x7fd4e8009bb0 comp rx=0 tx=0).ready entity=mon.0 client_cookie=fc15c540823edadb server_cookie=0 in_seq=0 out_seq=0
2024-04-17T14:13:25.462 INFO:teuthology.orchestra.run.smithi086.stdout:/usr/bin/ceph: stderr
2024-04-17T14:13:24.680+0000 7fd4f5400700 1 -- 172.21.15.86:0/2783801448 <== mon.0 v2:172.21.15.86:3300/0 1 ==== mon_map magic: 0 ==== 205+0+0 (secure 0 0 0) 0x7fd4e8004160 con 0x7fd4f807d760
2024-04-17T14:13:25.462 INFO:teuthology.orchestra.run.smithi086.stdout:/usr/bin/ceph: stderr
2024-04-17T14:13:24.680+0000 7fd4f5400700 1 -- 172.21.15.86:0/2783801448 <== mon.0 v2:172.21.15.86:3300/0 2 ==== config(26 keys) ==== 1071+0+0 (secure 0 0 0) 0x7fd4e8004300 con 0x7fd4f807d760
2024-04-17T14:13:25.462 INFO:teuthology.orchestra.run.smithi086.stdout:/usr/bin/ceph: stderr
2024-04-17T14:13:24.680+0000 7fd4f5400700 1 -- 172.21.15.86:0/2783801448 <== mon.0 v2:172.21.15.86:3300/0 3 ==== mon_map magic: 0 ==== 205+0+0 (secure 0 0 0) 0x7fd4e8011a80 con 0x7fd4f807d760
2024-04-17T14:13:25.462 INFO:teuthology.orchestra.run.smithi086.stdout:/usr/bin/ceph: stderr
2024-04-17T14:13:24.680+0000 7fd4f7200700 1 -- 172.21.15.86:0/2783801448 >> [v2:172.21.15.86:3300/0,v1:172.21.15.86:6789/0] conn(0x7fd4f807d760 msgr2=0x7fd4f807bbc0 secure :-1 s=STATE_CONNECTION_ESTABLISHED l=1).mark_down
2024-04-17T14:13:25.462 INFO:teuthology.orchestra.run.smithi086.stdout:/usr/bin/ceph: stderr
2024-04-17T14:13:24.680+0000 7fd4f7200700 1 --2- 172.21.15.86:0/2783801448 >> [v2:172.21.15.86:3300/0,v1:172.21.15.86:6789/0] conn(0x7fd4f807d760 0x7fd4f807bbc0 secure :-1 s=READY pgs=20 cs=0 l=1 rev1=1 crypto rx=0x7fd4e80098a0 tx=0x7fd4e8009bb0 comp rx=0 tx=0).stop
2024-04-17T14:13:25.462 INFO:teuthology.orchestra.run.smithi086.stdout:/usr/bin/ceph: stderr
2024-04-17T14:13:24.680+0000 7fd4f7200700 1 -- 172.21.15.86:0/2783801448 shutdown_connections
2024-04-17T14:13:25.462 INFO:teuthology.orchestra.run.smithi086.stdout:/usr/bin/ceph: stderr
2024-04-17T14:13:24.680+0000 7fd4f7200700 1 --2- 172.21.15.86:0/2783801448 >> [v2:172.21.15.86:3300/0,v1:172.21.15.86:6789/0] conn(0x7fd4f807d760 0x7fd4f807bbc0 unknown :-1 s=CLOSED pgs=20 cs=0 l=1 rev1=1 crypto rx=0 tx=0 comp rx=0 tx=0).stop
2024-04-17T14:13:25.462 INFO:teuthology.orchestra.run.smithi086.stdout:/usr/bin/ceph: stderr
2024-04-17T14:13:24.680+0000 7fd4f7200700 1 -- 172.21.15.86:0/2783801448 >> 172.21.15.86:0/2783801448 conn(0x7fd4f8102d20 msgr2=0x7fd4f8105140 unknown :-1 s=STATE_NONE l=0).mark_down
2024-04-17T14:13:25.462 INFO:teuthology.orchestra.run.smithi086.stdout:/usr/bin/ceph: stderr
2024-04-17T14:13:24.680+0000 7fd4f7200700 1 -- 172.21.15.86:0/2783801448 shutdown_connections
2024-04-17T14:13:25.462 INFO:teuthology.orchestra.run.smithi086.stdout:/usr/bin/ceph: stderr
2024-04-17T14:13:24.680+0000 7fd4f7200700 1 -- 172.21.15.86:0/2783801448 wait complete.
2024-04-17T14:13:25.462 INFO:teuthology.orchestra.run.smithi086.stdout:/usr/bin/ceph: stderr
2024-04-17T14:13:24.680+0000 7fd4f7200700 1 Processor -- start
2024-04-17T14:13:25.462 INFO:teuthology.orchestra.run.smithi086.stdout:/usr/bin/ceph: stderr
2024-04-17T14:13:24.680+0000 7fd4f7200700 1 -- start start
2024-04-17T14:13:25.462 INFO:teuthology.orchestra.run.smithi086.stdout:/usr/bin/ceph: stderr
2024-04-17T14:13:24.680+0000 7fd4f7200700 1 --2- >> [v2:172.21.15.86:3300/0,v1:172.21.15.86:6789/0] conn(0x7fd4f807d760 0x7fd4f819d890 unknown :-1 s=NONE pgs=0 cs=0 l=1 rev1=0 crypto rx=0 tx=0 comp rx=0 tx=0).connect
2024-04-17T14:13:25.462 INFO:teuthology.orchestra.run.smithi086.stdout:/usr/bin/ceph: stderr
2024-04-17T14:13:24.680+0000 7fd4f7200700 1 -- --> [v2:172.21.15.86:3300/0,v1:172.21.15.86:6789/0] -- mon_getmap magic: 0 -- 0x7fd4f810dcb0 con 0x7fd4f807d760
2024-04-17T14:13:25.463 INFO:teuthology.orchestra.run.smithi086.stdout:/usr/bin/ceph: stderr
2024-04-17T14:13:24.680+0000 7fd4f5e00700 1 --2- >> [v2:172.21.15.86:3300/0,v1:172.21.15.86:6789/0] conn(0x7fd4f807d760 0x7fd4f819d890 unknown :-1 s=BANNER_CONNECTING pgs=0 cs=0 l=1 rev1=0 crypto rx=0 tx=0 comp rx=0 tx=0)._handle_peer_banner_payload supported=3 required=0
2024-04-17T14:13:25.463 INFO:teuthology.orchestra.run.smithi086.stdout:/usr/bin/ceph: stderr
2024-04-17T14:13:24.680+0000 7fd4f5e00700 1 --2- >> [v2:172.21.15.86:3300/0,v1:172.21.15.86:6789/0] conn(0x7fd4f807d760 0x7fd4f819d890 unknown :-1 s=HELLO_CONNECTING pgs=0 cs=0 l=1 rev1=1 crypto rx=0 tx=0 comp rx=0 tx=0).handle_hello peer v2:172.21.15.86:3300/0 says I am v2:172.21.15.86:54444/0 (socket says 172.21.15.86:54444)
2024-04-17T14:13:25.463 INFO:teuthology.orchestra.run.smithi086.stdout:/usr/bin/ceph: stderr
2024-04-17T14:13:24.680+0000 7fd4f5e00700 1 -- 172.21.15.86:0/3213097524 learned_addr learned my addr 172.21.15.86:0/3213097524 (peer_addr_for_me v2:172.21.15.86:0/0)
2024-04-17T14:13:25.463 INFO:teuthology.orchestra.run.smithi086.stdout:/usr/bin/ceph: stderr
2024-04-17T14:13:24.684+0000 7fd4f5e00700 1 -- 172.21.15.86:0/3213097524 --> [v2:172.21.15.86:3300/0,v1:172.21.15.86:6789/0] -- mon_subscribe({config=0+,monmap=0+}) -- 0x7fd4f819ddd0 con 0x7fd4f807d760
2024-04-17T14:13:25.463 INFO:teuthology.orchestra.run.smithi086.stdout:/usr/bin/ceph: stderr
2024-04-17T14:13:24.684+0000 7fd4f5e00700 1 --2- 172.21.15.86:0/3213097524 >> [v2:172.21.15.86:3300/0,v1:172.21.15.86:6789/0] conn(0x7fd4f807d760 0x7fd4f819d890 secure :-1 s=READY pgs=21 cs=0 l=1 rev1=1 crypto rx=0x7fd4e8000c00 tx=0x7fd4e8011b00 comp rx=0 tx=0).ready entity=mon.0 client_cookie=0 server_cookie=0 in_seq=0 out_seq=0
2024-04-17T14:13:25.463 INFO:teuthology.orchestra.run.smithi086.stdout:/usr/bin/ceph: stderr
2024-04-17T14:13:24.684+0000 7fd4eea00700 1 -- 172.21.15.86:0/3213097524 <== mon.0 v2:172.21.15.86:3300/0 1 ==== mon_map magic: 0 ==== 205+0+0 (secure 0 0 0) 0x7fd4e80039f0 con 0x7fd4f807d760
2024-04-17T14:13:25.463 INFO:teuthology.orchestra.run.smithi086.stdout:/usr/bin/ceph: stderr
2024-04-17T14:13:24.684+0000 7fd4eea00700 1 -- 172.21.15.86:0/3213097524 <== mon.0 v2:172.21.15.86:3300/0 2 ==== config(26 keys) ==== 1071+0+0 (secure 0 0 0) 0x7fd4e8003b90 con 0x7fd4f807d760
2024-04-17T14:13:25.463 INFO:teuthology.orchestra.run.smithi086.stdout:/usr/bin/ceph: stderr
2024-04-17T14:13:24.684+0000 7fd4eea00700 1 -- 172.21.15.86:0/3213097524 <== mon.0 v2:172.21.15.86:3300/0 3 ==== mon_map magic: 0 ==== 205+0+0 (secure 0 0 0) 0x7fd4e801a740 con 0x7fd4f807d760
2024-04-17T14:13:25.463 INFO:teuthology.orchestra.run.smithi086.stdout:/usr/bin/ceph: stderr
2024-04-17T14:13:24.684+0000 7fd4f7200700 1 -- 172.21.15.86:0/3213097524 --> [v2:172.21.15.86:3300/0,v1:172.21.15.86:6789/0] -- mon_subscribe({mgrmap=0+}) -- 0x7fd4f819e060 con 0x7fd4f807d760
2024-04-17T14:13:25.463 INFO:teuthology.orchestra.run.smithi086.stdout:/usr/bin/ceph: stderr
2024-04-17T14:13:24.684+0000 7fd4f7200700 1 -- 172.21.15.86:0/3213097524 --> [v2:172.21.15.86:3300/0,v1:172.21.15.86:6789/0] -- mon_subscribe({osdmap=0}) -- 0x7fd4f81a0d50 con 0x7fd4f807d760
2024-04-17T14:13:25.463 INFO:teuthology.orchestra.run.smithi086.stdout:/usr/bin/ceph: stderr
2024-04-17T14:13:24.684+0000 7fd4eea00700 1 -- 172.21.15.86:0/3213097524 <== mon.0 v2:172.21.15.86:3300/0 4 ==== mgrmap(e 4) ==== 46547+0+0 (secure 0 0 0) 0x7fd4e8024af0 con 0x7fd4f807d760
2024-04-17T14:13:25.463 INFO:teuthology.orchestra.run.smithi086.stdout:/usr/bin/ceph: stderr
2024-04-17T14:13:24.684+0000 7fd4f7200700 1 -- 172.21.15.86:0/3213097524 --> [v2:172.21.15.86:3300/0,v1:172.21.15.86:6789/0] -- mon_command({"prefix": "get_command_descriptions"} v 0) -- 0x7fd4f80640b0 con 0x7fd4f807d760
2024-04-17T14:13:25.463 INFO:teuthology.orchestra.run.smithi086.stdout:/usr/bin/ceph: stderr
2024-04-17T14:13:24.684+0000 7fd4eea00700 1 --2- 172.21.15.86:0/3213097524 >> [v2:172.21.15.86:6800/1719816908,v1:172.21.15.86:6801/1719816908] conn(0x7fd4dc039560 0x7fd4dc03ba20 unknown :-1 s=NONE pgs=0 cs=0 l=1 rev1=0 crypto rx=0 tx=0 comp rx=0 tx=0).connect
2024-04-17T14:13:25.463 INFO:teuthology.orchestra.run.smithi086.stdout:/usr/bin/ceph: stderr
2024-04-17T14:13:24.684+0000 7fd4eea00700 1 -- 172.21.15.86:0/3213097524 <== mon.0 v2:172.21.15.86:3300/0 5 ==== osd_map(1..1 src has 1..1) ==== 725+0+0 (secure 0 0 0) 0x7fd4e804da10 con 0x7fd4f807d760
2024-04-17T14:13:25.463 INFO:teuthology.orchestra.run.smithi086.stdout:/usr/bin/ceph: stderr
2024-04-17T14:13:24.684+0000 7fd4efe00700 1 --2- 172.21.15.86:0/3213097524 >> [v2:172.21.15.86:6800/1719816908,v1:172.21.15.86:6801/1719816908] conn(0x7fd4dc039560 0x7fd4dc03ba20 unknown :-1 s=BANNER_CONNECTING pgs=0 cs=0 l=1 rev1=0 crypto rx=0 tx=0 comp rx=0 tx=0)._handle_peer_banner_payload supported=3 required=0
2024-04-17T14:13:25.463 INFO:teuthology.orchestra.run.smithi086.stdout:/usr/bin/ceph: stderr
2024-04-17T14:13:24.684+0000 7fd4efe00700 1 --2- 172.21.15.86:0/3213097524 >> [v2:172.21.15.86:6800/1719816908,v1:172.21.15.86:6801/1719816908] conn(0x7fd4dc039560 0x7fd4dc03ba20 secure :-1 s=READY pgs=7 cs=0 l=1 rev1=1 crypto rx=0x7fd4e0006fd0 tx=0x7fd4e0006e40 comp rx=0 tx=0).ready entity=mgr.14100 client_cookie=0 server_cookie=0 in_seq=0 out_seq=0
2024-04-17T14:13:25.464 INFO:teuthology.orchestra.run.smithi086.stdout:/usr/bin/ceph: stderr
2024-04-17T14:13:24.688+0000 7fd4eea00700 1 -- 172.21.15.86:0/3213097524 <== mon.0 v2:172.21.15.86:3300/0 6 ==== mon_command_ack([{"prefix": "get_command_descriptions"}]=0 v0) ==== 72+0+188381 (secure 0 0 0) 0x7fd4e800f2e0 con 0x7fd4f807d760
2024-04-17T14:13:25.464 INFO:teuthology.orchestra.run.smithi086.stdout:/usr/bin/ceph: stderr
2024-04-17T14:13:24.896+0000 7fd4f7200700 1 -- 172.21.15.86:0/3213097524 --> [v2:172.21.15.86:3300/0,v1:172.21.15.86:6789/0] -- mon_command({"prefix": "config assimilate-conf"} v 0) -- 0x7fd4f81a0f20 con 0x7fd4f807d760
2024-04-17T14:13:25.464 INFO:teuthology.orchestra.run.smithi086.stdout:/usr/bin/ceph: stderr
2024-04-17T14:13:24.896+0000 7fd4eea00700 1 -- 172.21.15.86:0/3213097524 <== mon.0 v2:172.21.15.86:3300/0 7 ==== mon_command_ack([{"prefix": "config assimilate-conf"}]=0 v3) ==== 70+0+282 (secure 0 0 0) 0x7fd4f81a0f20 con 0x7fd4f807d760
2024-04-17T14:13:25.464 INFO:teuthology.orchestra.run.smithi086.stdout:/usr/bin/ceph: stderr
2024-04-17T14:13:24.900+0000 7fd4f7200700 1 -- 172.21.15.86:0/3213097524 >> [v2:172.21.15.86:6800/1719816908,v1:172.21.15.86:6801/1719816908] conn(0x7fd4dc039560 msgr2=0x7fd4dc03ba20 secure :-1 s=STATE_CONNECTION_ESTABLISHED l=1).mark_down
2024-04-17T14:13:25.464 INFO:teuthology.orchestra.run.smithi086.stdout:/usr/bin/ceph: stderr
2024-04-17T14:13:24.900+0000 7fd4f7200700 1 --2- 172.21.15.86:0/3213097524 >> [v2:172.21.15.86:6800/1719816908,v1:172.21.15.86:6801/1719816908] conn(0x7fd4dc039560 0x7fd4dc03ba20 secure :-1 s=READY pgs=7 cs=0 l=1 rev1=1 crypto rx=0x7fd4e0006fd0 tx=0x7fd4e0006e40 comp rx=0 tx=0).stop
2024-04-17T14:13:25.464 INFO:teuthology.orchestra.run.smithi086.stdout:/usr/bin/ceph: stderr
2024-04-17T14:13:24.900+0000 7fd4f7200700 1 -- 172.21.15.86:0/3213097524 >> [v2:172.21.15.86:3300/0,v1:172.21.15.86:6789/0] conn(0x7fd4f807d760 msgr2=0x7fd4f819d890 secure :-1 s=STATE_CONNECTION_ESTABLISHED l=1).mark_down
2024-04-17T14:13:25.464 INFO:teuthology.orchestra.run.smithi086.stdout:/usr/bin/ceph: stderr
2024-04-17T14:13:24.900+0000 7fd4f7200700 1 --2- 172.21.15.86:0/3213097524 >> [v2:172.21.15.86:3300/0,v1:172.21.15.86:6789/0] conn(0x7fd4f807d760 0x7fd4f819d890 secure :-1 s=READY pgs=21 cs=0 l=1 rev1=1 crypto rx=0x7fd4e8000c00 tx=0x7fd4e8011b00 comp rx=0 tx=0).stop
2024-04-17T14:13:25.464 INFO:teuthology.orchestra.run.smithi086.stdout:/usr/bin/ceph: stderr
2024-04-17T14:13:24.900+0000 7fd4f7200700 1 -- 172.21.15.86:0/3213097524 shutdown_connections
2024-04-17T14:13:25.464 INFO:teuthology.orchestra.run.smithi086.stdout:/usr/bin/ceph: stderr
2024-04-17T14:13:24.900+0000 7fd4f7200700 1 --2- 172.21.15.86:0/3213097524 >> [v2:172.21.15.86:6800/1719816908,v1:172.21.15.86:6801/1719816908] conn(0x7fd4dc039560 0x7fd4dc03ba20 unknown :-1 s=CLOSED pgs=7 cs=0 l=1 rev1=1 crypto rx=0 tx=0 comp rx=0 tx=0).stop
2024-04-17T14:13:25.464 INFO:teuthology.orchestra.run.smithi086.stdout:/usr/bin/ceph: stderr
2024-04-17T14:13:24.900+0000 7fd4f7200700 1 --2- 172.21.15.86:0/3213097524 >> [v2:172.21.15.86:3300/0,v1:172.21.15.86:6789/0] conn(0x7fd4f807d760 0x7fd4f819d890 unknown :-1 s=CLOSED pgs=21 cs=0 l=1 rev1=1 crypto rx=0 tx=0 comp rx=0 tx=0).stop
2024-04-17T14:13:25.464 INFO:teuthology.orchestra.run.smithi086.stdout:/usr/bin/ceph: stderr
2024-04-17T14:13:24.900+0000 7fd4f7200700 1 -- 172.21.15.86:0/3213097524 >> 172.21.15.86:0/3213097524 conn(0x7fd4f8102d20 msgr2=0x7fd4f8103890 unknown :-1 s=STATE_NONE l=0).mark_down
2024-04-17T14:13:25.464 INFO:teuthology.orchestra.run.smithi086.stdout:/usr/bin/ceph: stderr
2024-04-17T14:13:24.900+0000 7fd4f7200700 1 -- 172.21.15.86:0/3213097524 shutdown_connections
2024-04-17T14:13:25.464 INFO:teuthology.orchestra.run.smithi086.stdout:/usr/bin/ceph: stderr
2024-04-17T14:13:24.900+0000 7fd4f7200700 1 -- 172.21.15.86:0/3213097524 wait complete.
2024-04-17T14:13:25.464 INFO:teuthology.orchestra.run.smithi086.stdout:Enabling cephadm module...
2024-04-17T14:13:27.165 INFO:journalctl@ceph.mon.a.smithi086.stdout:Apr 17 14:13:26 smithi086 bash[21515]: audit
2024-04-17T14:13:26.762950+0000 mon.a (mon.0) 33 : audit [INF] from='client.? 172.21.15.86:0/1896605443' entity='client.admin' cmd=[{"prefix": "mgr module enable", "module": "cephadm"}]: dispatch
2024-04-17T14:13:27.166 INFO:journalctl@ceph.mgr.x.smithi086.stdout:Apr 17 14:13:26 smithi086 bash[21765]: ignoring --setuser ceph since I am not root
2024-04-17T14:13:27.166 INFO:journalctl@ceph.mgr.x.smithi086.stdout:Apr 17 14:13:26 smithi086 bash[21765]: ignoring --setgroup ceph since I am not root
2024-04-17T14:13:27.166 INFO:journalctl@ceph.mgr.x.smithi086.stdout:Apr 17 14:13:27 smithi086 bash[21765]: debug
2024-04-17T14:13:27.064+0000 7fdd672d6200 -1 mgr[py] Module devicehealth has missing NOTIFY_TYPES member
2024-04-17T14:13:27.405 INFO:teuthology.orchestra.run.smithi086.stdout:/usr/bin/ceph: stderr
2024-04-17T14:13:26.484+0000 7f74a5a00700 1 Processor -- start
2024-04-17T14:13:27.405 INFO:teuthology.orchestra.run.smithi086.stdout:/usr/bin/ceph: stderr
2024-04-17T14:13:26.484+0000 7f74a5a00700 1 -- start start
2024-04-17T14:13:27.405 INFO:teuthology.orchestra.run.smithi086.stdout:/usr/bin/ceph: stderr
2024-04-17T14:13:26.484+0000 7f74a5a00700 1 --2- >> [v2:172.21.15.86:3300/0,v1:172.21.15.86:6789/0] conn(0x7f74a007d760 0x7f74a007bbc0 unknown :-1 s=NONE pgs=0 cs=0 l=0 rev1=0 crypto rx=0 tx=0 comp rx=0 tx=0).connect
2024-04-17T14:13:27.405 INFO:teuthology.orchestra.run.smithi086.stdout:/usr/bin/ceph: stderr
2024-04-17T14:13:26.484+0000 7f74a5a00700 1 -- --> [v2:172.21.15.86:3300/0,v1:172.21.15.86:6789/0] -- mon_getmap magic: 0 -- 0x7f74a007c190 con 0x7f74a007d760
2024-04-17T14:13:27.405 INFO:teuthology.orchestra.run.smithi086.stdout:/usr/bin/ceph: stderr
2024-04-17T14:13:26.484+0000 7f749fe00700 1 --2- >> [v2:172.21.15.86:3300/0,v1:172.21.15.86:6789/0] conn(0x7f74a007d760 0x7f74a007bbc0 unknown :-1 s=BANNER_CONNECTING pgs=0 cs=0 l=0 rev1=0 crypto rx=0 tx=0 comp rx=0 tx=0)._handle_peer_banner_payload supported=3 required=0
2024-04-17T14:13:27.405 INFO:teuthology.orchestra.run.smithi086.stdout:/usr/bin/ceph: stderr
2024-04-17T14:13:26.484+0000 7f749fe00700 1 --2- >> [v2:172.21.15.86:3300/0,v1:172.21.15.86:6789/0] conn(0x7f74a007d760 0x7f74a007bbc0 unknown :-1 s=HELLO_CONNECTING pgs=0 cs=0 l=0 rev1=1 crypto rx=0 tx=0 comp rx=0 tx=0).handle_hello peer v2:172.21.15.86:3300/0 says I am v2:172.21.15.86:54460/0 (socket says 172.21.15.86:54460)
2024-04-17T14:13:27.405 INFO:teuthology.orchestra.run.smithi086.stdout:/usr/bin/ceph: stderr
2024-04-17T14:13:26.484+0000 7f749fe00700 1 -- 172.21.15.86:0/3858144003 learned_addr learned my addr 172.21.15.86:0/3858144003 (peer_addr_for_me v2:172.21.15.86:0/0)
2024-04-17T14:13:27.405 INFO:teuthology.orchestra.run.smithi086.stdout:/usr/bin/ceph: stderr
2024-04-17T14:13:26.484+0000 7f749fe00700 1 -- 172.21.15.86:0/3858144003 --> [v2:172.21.15.86:3300/0,v1:172.21.15.86:6789/0] -- mon_subscribe({config=0+,monmap=0+}) -- 0x7f74a007c310 con 0x7f74a007d760
2024-04-17T14:13:27.405 INFO:teuthology.orchestra.run.smithi086.stdout:/usr/bin/ceph: stderr
2024-04-17T14:13:26.484+0000 7f749fe00700 1 --2- 172.21.15.86:0/3858144003 >> [v2:172.21.15.86:3300/0,v1:172.21.15.86:6789/0] conn(0x7f74a007d760 0x7f74a007bbc0 secure :-1 s=READY pgs=22 cs=0 l=1 rev1=1 crypto rx=0x7f74900098a0 tx=0x7f7490009bb0 comp rx=0 tx=0).ready entity=mon.0 client_cookie=13f37b085c574013 server_cookie=0 in_seq=0 out_seq=0
2024-04-17T14:13:27.405 INFO:teuthology.orchestra.run.smithi086.stdout:/usr/bin/ceph: stderr
2024-04-17T14:13:26.484+0000 7f749ea00700 1 -- 172.21.15.86:0/3858144003 <== mon.0 v2:172.21.15.86:3300/0 1 ==== mon_map magic: 0 ==== 205+0+0 (secure 0 0 0) 0x7f7490004160 con 0x7f74a007d760
2024-04-17T14:13:27.406 INFO:teuthology.orchestra.run.smithi086.stdout:/usr/bin/ceph: stderr
2024-04-17T14:13:26.484+0000 7f749ea00700 1 -- 172.21.15.86:0/3858144003 <== mon.0 v2:172.21.15.86:3300/0 2 ==== config(26 keys) ==== 1071+0+0 (secure 0 0 0) 0x7f7490004300 con 0x7f74a007d760
2024-04-17T14:13:27.406 INFO:teuthology.orchestra.run.smithi086.stdout:/usr/bin/ceph: stderr
2024-04-17T14:13:26.484+0000 7f749ea00700 1 -- 172.21.15.86:0/3858144003 <== mon.0 v2:172.21.15.86:3300/0 3 ==== mon_map magic: 0 ==== 205+0+0 (secure 0 0 0) 0x7f7490011a80 con 0x7f74a007d760
2024-04-17T14:13:27.406 INFO:teuthology.orchestra.run.smithi086.stdout:/usr/bin/ceph: stderr
2024-04-17T14:13:26.488+0000 7f74a5a00700 1 -- 172.21.15.86:0/3858144003 >> [v2:172.21.15.86:3300/0,v1:172.21.15.86:6789/0] conn(0x7f74a007d760 msgr2=0x7f74a007bbc0 secure :-1 s=STATE_CONNECTION_ESTABLISHED l=1).mark_down
2024-04-17T14:13:27.406 INFO:teuthology.orchestra.run.smithi086.stdout:/usr/bin/ceph: stderr
2024-04-17T14:13:26.488+0000 7f74a5a00700 1 --2- 172.21.15.86:0/3858144003 >> [v2:172.21.15.86:3300/0,v1:172.21.15.86:6789/0] conn(0x7f74a007d760 0x7f74a007bbc0 secure :-1 s=READY pgs=22 cs=0 l=1 rev1=1 crypto rx=0x7f74900098a0 tx=0x7f7490009bb0 comp rx=0 tx=0).stop
2024-04-17T14:13:27.406 INFO:teuthology.orchestra.run.smithi086.stdout:/usr/bin/ceph: stderr
2024-04-17T14:13:26.488+0000 7f74a5a00700 1 -- 172.21.15.86:0/3858144003 shutdown_connections
2024-04-17T14:13:27.406 INFO:teuthology.orchestra.run.smithi086.stdout:/usr/bin/ceph: stderr
2024-04-17T14:13:26.488+0000 7f74a5a00700 1 --2- 172.21.15.86:0/3858144003 >> [v2:172.21.15.86:3300/0,v1:172.21.15.86:6789/0] conn(0x7f74a007d760 0x7f74a007bbc0 unknown :-1 s=CLOSED pgs=22 cs=0 l=1 rev1=1 crypto rx=0 tx=0 comp rx=0 tx=0).stop
2024-04-17T14:13:27.406 INFO:teuthology.orchestra.run.smithi086.stdout:/usr/bin/ceph: stderr
2024-04-17T14:13:26.488+0000 7f74a5a00700 1 -- 172.21.15.86:0/3858144003 >> 172.21.15.86:0/3858144003 conn(0x7f74a0102d20 msgr2=0x7f74a0105140 unknown :-1 s=STATE_NONE l=0).mark_down
2024-04-17T14:13:27.406 INFO:teuthology.orchestra.run.smithi086.stdout:/usr/bin/ceph: stderr
2024-04-17T14:13:26.488+0000 7f74a5a00700 1 -- 172.21.15.86:0/3858144003 shutdown_connections
2024-04-17T14:13:27.406 INFO:teuthology.orchestra.run.smithi086.stdout:/usr/bin/ceph: stderr
2024-04-17T14:13:26.488+0000 7f74a5a00700 1 -- 172.21.15.86:0/3858144003 wait complete.
2024-04-17T14:13:27.406 INFO:teuthology.orchestra.run.smithi086.stdout:/usr/bin/ceph: stderr
2024-04-17T14:13:26.488+0000 7f74a5a00700 1 Processor -- start
2024-04-17T14:13:27.406 INFO:teuthology.orchestra.run.smithi086.stdout:/usr/bin/ceph: stderr
2024-04-17T14:13:26.488+0000 7f74a5a00700 1 -- start start
2024-04-17T14:13:27.406 INFO:teuthology.orchestra.run.smithi086.stdout:/usr/bin/ceph: stderr
2024-04-17T14:13:26.488+0000 7f74a5a00700 1 --2- >> [v2:172.21.15.86:3300/0,v1:172.21.15.86:6789/0] conn(0x7f74a007d760 0x7f74a019d890 unknown :-1 s=NONE pgs=0 cs=0 l=1 rev1=0 crypto rx=0 tx=0 comp rx=0 tx=0).connect
2024-04-17T14:13:27.406 INFO:teuthology.orchestra.run.smithi086.stdout:/usr/bin/ceph: stderr
2024-04-17T14:13:26.488+0000 7f74a5a00700 1 -- --> [v2:172.21.15.86:3300/0,v1:172.21.15.86:6789/0] -- mon_getmap magic: 0 -- 0x7f74a010dcb0 con 0x7f74a007d760
2024-04-17T14:13:27.407 INFO:teuthology.orchestra.run.smithi086.stdout:/usr/bin/ceph: stderr
2024-04-17T14:13:26.488+0000 7f749fe00700 1 --2- >> [v2:172.21.15.86:3300/0,v1:172.21.15.86:6789/0] conn(0x7f74a007d760 0x7f74a019d890 unknown :-1 s=BANNER_CONNECTING pgs=0 cs=0 l=1 rev1=0 crypto rx=0 tx=0 comp rx=0 tx=0)._handle_peer_banner_payload supported=3 required=0
2024-04-17T14:13:27.407 INFO:teuthology.orchestra.run.smithi086.stdout:/usr/bin/ceph: stderr
2024-04-17T14:13:26.488+0000 7f749fe00700 1 --2- >> [v2:172.21.15.86:3300/0,v1:172.21.15.86:6789/0] conn(0x7f74a007d760 0x7f74a019d890 unknown :-1 s=HELLO_CONNECTING pgs=0 cs=0 l=1 rev1=1 crypto rx=0 tx=0 comp rx=0 tx=0).handle_hello peer v2:172.21.15.86:3300/0 says I am v2:172.21.15.86:54462/0 (socket says 172.21.15.86:54462)
2024-04-17T14:13:27.407 INFO:teuthology.orchestra.run.smithi086.stdout:/usr/bin/ceph: stderr
2024-04-17T14:13:26.488+0000 7f749fe00700 1 -- 172.21.15.86:0/1896605443 learned_addr learned my addr 172.21.15.86:0/1896605443 (peer_addr_for_me v2:172.21.15.86:0/0)
2024-04-17T14:13:27.407 INFO:teuthology.orchestra.run.smithi086.stdout:/usr/bin/ceph: stderr
2024-04-17T14:13:26.488+0000 7f749fe00700 1 -- 172.21.15.86:0/1896605443 --> [v2:172.21.15.86:3300/0,v1:172.21.15.86:6789/0] -- mon_subscribe({config=0+,monmap=0+}) -- 0x7f74a019ddd0 con 0x7f74a007d760
2024-04-17T14:13:27.407 INFO:teuthology.orchestra.run.smithi086.stdout:/usr/bin/ceph: stderr
2024-04-17T14:13:26.488+0000 7f749fe00700 1 --2- 172.21.15.86:0/1896605443 >> [v2:172.21.15.86:3300/0,v1:172.21.15.86:6789/0] conn(0x7f74a007d760 0x7f74a019d890 secure :-1 s=READY pgs=23 cs=0 l=1 rev1=1 crypto rx=0x7f7490000c00 tx=0x7f7490011b00 comp rx=0 tx=0).ready entity=mon.0 client_cookie=0 server_cookie=0 in_seq=0 out_seq=0
2024-04-17T14:13:27.407 INFO:teuthology.orchestra.run.smithi086.stdout:/usr/bin/ceph: stderr
2024-04-17T14:13:26.488+0000 7f749cc00700 1 -- 172.21.15.86:0/1896605443 <== mon.0 v2:172.21.15.86:3300/0 1 ==== mon_map magic: 0 ==== 205+0+0 (secure 0 0 0) 0x7f74900039f0 con 0x7f74a007d760
2024-04-17T14:13:27.407 INFO:teuthology.orchestra.run.smithi086.stdout:/usr/bin/ceph: stderr
2024-04-17T14:13:26.488+0000 7f749cc00700 1 -- 172.21.15.86:0/1896605443 <== mon.0 v2:172.21.15.86:3300/0 2 ==== config(26 keys) ==== 1071+0+0 (secure 0 0 0) 0x7f7490003b90 con 0x7f74a007d760
2024-04-17T14:13:27.407 INFO:teuthology.orchestra.run.smithi086.stdout:/usr/bin/ceph: stderr
2024-04-17T14:13:26.488+0000 7f74a5a00700 1 -- 172.21.15.86:0/1896605443 --> [v2:172.21.15.86:3300/0,v1:172.21.15.86:6789/0] -- mon_subscribe({mgrmap=0+}) -- 0x7f74a019e060 con 0x7f74a007d760
2024-04-17T14:13:27.407 INFO:teuthology.orchestra.run.smithi086.stdout:/usr/bin/ceph: stderr
2024-04-17T14:13:26.488+0000 7f749cc00700 1 -- 172.21.15.86:0/1896605443 <== mon.0 v2:172.21.15.86:3300/0 3 ==== mon_map magic: 0 ==== 205+0+0 (secure 0 0 0) 0x7f749001a740 con 0x7f74a007d760
2024-04-17T14:13:27.407 INFO:teuthology.orchestra.run.smithi086.stdout:/usr/bin/ceph: stderr
2024-04-17T14:13:26.488+0000 7f74a5a00700 1 -- 172.21.15.86:0/1896605443 --> [v2:172.21.15.86:3300/0,v1:172.21.15.86:6789/0] -- mon_subscribe({osdmap=0}) -- 0x7f74a01a0d50 con 0x7f74a007d760
2024-04-17T14:13:27.407 INFO:teuthology.orchestra.run.smithi086.stdout:/usr/bin/ceph: stderr
