2024-04-20T10:23:36.897+0000 7fda88e00700 1 -- 172.21.15.42:0/4233928834 --> [v2:172.21.15.42:3300/0,v1:172.21.15.42:6789/0] -- mon_subscribe({config=0+,monmap=0+}) -- 0x7fda841a2f50 con 0x7fda841084a0
2024-04-20T10:23:38.700 INFO:teuthology.orchestra.run.smithi042.stdout:/usr/bin/ceph: stderr
2024-04-20T10:23:36.898+0000 7fda88e00700 1 --2- 172.21.15.42:0/4233928834 >> [v2:172.21.15.42:3300/0,v1:172.21.15.42:6789/0] conn(0x7fda841084a0 0x7fda841a2a10 secure :-1 s=READY pgs=75 cs=0 l=1 rev1=1 crypto rx=0x7fda78000c00 tx=0x7fda78011c10 comp rx=0 tx=0).ready entity=mon.0 client_cookie=0 server_cookie=0 in_seq=0 out_seq=0
2024-04-20T10:23:38.701 INFO:teuthology.orchestra.run.smithi042.stdout:/usr/bin/ceph: stderr
2024-04-20T10:23:36.898+0000 7fda81600700 1 -- 172.21.15.42:0/4233928834 <== mon.0 v2:172.21.15.42:3300/0 1 ==== mon_map magic: 0 ==== 205+0+0 (secure 0 0 0) 0x7fda78003b60 con 0x7fda841084a0
2024-04-20T10:23:38.701 INFO:teuthology.orchestra.run.smithi042.stdout:/usr/bin/ceph: stderr
2024-04-20T10:23:36.898+0000 7fda81600700 1 -- 172.21.15.42:0/4233928834 <== mon.0 v2:172.21.15.42:3300/0 2 ==== config(27 keys) ==== 1140+0+0 (secure 0 0 0) 0x7fda7801a910 con 0x7fda841084a0
2024-04-20T10:23:38.701 INFO:teuthology.orchestra.run.smithi042.stdout:/usr/bin/ceph: stderr
2024-04-20T10:23:36.898+0000 7fda81600700 1 -- 172.21.15.42:0/4233928834 <== mon.0 v2:172.21.15.42:3300/0 3 ==== mon_map magic: 0 ==== 205+0+0 (secure 0 0 0) 0x7fda78024930 con 0x7fda841084a0
2024-04-20T10:23:38.701 INFO:teuthology.orchestra.run.smithi042.stdout:/usr/bin/ceph: stderr
2024-04-20T10:23:36.898+0000 7fda8b800700 1 -- 172.21.15.42:0/4233928834 --> [v2:172.21.15.42:3300/0,v1:172.21.15.42:6789/0] -- mon_subscribe({mgrmap=0+}) -- 0x7fda841a31e0 con 0x7fda841084a0
2024-04-20T10:23:38.701 INFO:teuthology.orchestra.run.smithi042.stdout:/usr/bin/ceph: stderr
2024-04-20T10:23:36.898+0000 7fda8b800700 1 -- 172.21.15.42:0/4233928834 --> [v2:172.21.15.42:3300/0,v1:172.21.15.42:6789/0] -- mon_subscribe({osdmap=0}) -- 0x7fda841a3640 con 0x7fda841084a0
2024-04-20T10:23:38.701 INFO:teuthology.orchestra.run.smithi042.stdout:/usr/bin/ceph: stderr
2024-04-20T10:23:36.899+0000 7fda81600700 1 -- 172.21.15.42:0/4233928834 <== mon.0 v2:172.21.15.42:3300/0 4 ==== mgrmap(e 12) ==== 46571+0+0 (secure 0 0 0) 0x7fda78022020 con 0x7fda841084a0
2024-04-20T10:23:38.701 INFO:teuthology.orchestra.run.smithi042.stdout:/usr/bin/ceph: stderr
2024-04-20T10:23:36.900+0000 7fda8b800700 1 -- 172.21.15.42:0/4233928834 --> [v2:172.21.15.42:3300/0,v1:172.21.15.42:6789/0] -- mon_command({"prefix": "get_command_descriptions"} v 0) -- 0x7fda840640b0 con 0x7fda841084a0
2024-04-20T10:23:38.701 INFO:teuthology.orchestra.run.smithi042.stdout:/usr/bin/ceph: stderr
2024-04-20T10:23:36.900+0000 7fda81600700 1 --2- 172.21.15.42:0/4233928834 >> [v2:172.21.15.42:6800/3610568749,v1:172.21.15.42:6801/3610568749] conn(0x7fda6c0396b0 0x7fda6c03bb70 unknown :-1 s=NONE pgs=0 cs=0 l=1 rev1=0 crypto rx=0 tx=0 comp rx=0 tx=0).connect
2024-04-20T10:23:38.701 INFO:teuthology.orchestra.run.smithi042.stdout:/usr/bin/ceph: stderr
2024-04-20T10:23:36.900+0000 7fda81600700 1 -- 172.21.15.42:0/4233928834 <== mon.0 v2:172.21.15.42:3300/0 5 ==== osd_map(3..3 src has 1..3) ==== 1155+0+0 (secure 0 0 0) 0x7fda7804dbe0 con 0x7fda841084a0
2024-04-20T10:23:38.701 INFO:teuthology.orchestra.run.smithi042.stdout:/usr/bin/ceph: stderr
2024-04-20T10:23:36.901+0000 7fda83e00700 1 --2- 172.21.15.42:0/4233928834 >> [v2:172.21.15.42:6800/3610568749,v1:172.21.15.42:6801/3610568749] conn(0x7fda6c0396b0 0x7fda6c03bb70 unknown :-1 s=BANNER_CONNECTING pgs=0 cs=0 l=1 rev1=0 crypto rx=0 tx=0 comp rx=0 tx=0)._handle_peer_banner_payload supported=3 required=0
2024-04-20T10:23:38.701 INFO:teuthology.orchestra.run.smithi042.stdout:/usr/bin/ceph: stderr
2024-04-20T10:23:36.901+0000 7fda83e00700 1 --2- 172.21.15.42:0/4233928834 >> [v2:172.21.15.42:6800/3610568749,v1:172.21.15.42:6801/3610568749] conn(0x7fda6c0396b0 0x7fda6c03bb70 secure :-1 s=READY pgs=9 cs=0 l=1 rev1=1 crypto rx=0x7fda70006fd0 tx=0x7fda70006e40 comp rx=0 tx=0).ready entity=mgr.14152 client_cookie=0 server_cookie=0 in_seq=0 out_seq=0
2024-04-20T10:23:38.701 INFO:teuthology.orchestra.run.smithi042.stdout:/usr/bin/ceph: stderr
2024-04-20T10:23:36.906+0000 7fda81600700 1 -- 172.21.15.42:0/4233928834 <== mon.0 v2:172.21.15.42:3300/0 6 ==== mon_command_ack([{"prefix": "get_command_descriptions"}]=0 v0) ==== 72+0+188381 (secure 0 0 0) 0x7fda7801ab30 con 0x7fda841084a0
2024-04-20T10:23:38.701 INFO:teuthology.orchestra.run.smithi042.stdout:/usr/bin/ceph: stderr
2024-04-20T10:23:37.128+0000 7fda8b800700 1 -- 172.21.15.42:0/4233928834 --> [v2:172.21.15.42:3300/0,v1:172.21.15.42:6789/0] -- mon_command({"prefix": "config get", "who": "mgr", "key": "mgr/dashboard/ssl_server_port"} v 0) -- 0x7fda841a6010 con 0x7fda841084a0
2024-04-20T10:23:38.701 INFO:teuthology.orchestra.run.smithi042.stdout:/usr/bin/ceph: stderr
2024-04-20T10:23:37.129+0000 7fda81600700 1 -- 172.21.15.42:0/4233928834 <== mon.0 v2:172.21.15.42:3300/0 7 ==== mon_command_ack([{"prefix": "config get", "who": "mgr", "key": "mgr/dashboard/ssl_server_port"}]=0 v8) ==== 112+0+5 (secure 0 0 0) 0x7fda7802d770 con 0x7fda841084a0
2024-04-20T10:23:38.701 INFO:teuthology.orchestra.run.smithi042.stdout:/usr/bin/ceph: stderr
2024-04-20T10:23:37.132+0000 7fda8b800700 1 -- 172.21.15.42:0/4233928834 >> [v2:172.21.15.42:6800/3610568749,v1:172.21.15.42:6801/3610568749] conn(0x7fda6c0396b0 msgr2=0x7fda6c03bb70 secure :-1 s=STATE_CONNECTION_ESTABLISHED l=1).mark_down
2024-04-20T10:23:38.701 INFO:teuthology.orchestra.run.smithi042.stdout:/usr/bin/ceph: stderr
2024-04-20T10:23:37.132+0000 7fda8b800700 1 --2- 172.21.15.42:0/4233928834 >> [v2:172.21.15.42:6800/3610568749,v1:172.21.15.42:6801/3610568749] conn(0x7fda6c0396b0 0x7fda6c03bb70 secure :-1 s=READY pgs=9 cs=0 l=1 rev1=1 crypto rx=0x7fda70006fd0 tx=0x7fda70006e40 comp rx=0 tx=0).stop
2024-04-20T10:23:38.702 INFO:teuthology.orchestra.run.smithi042.stdout:/usr/bin/ceph: stderr
2024-04-20T10:23:37.132+0000 7fda8b800700 1 -- 172.21.15.42:0/4233928834 >> [v2:172.21.15.42:3300/0,v1:172.21.15.42:6789/0] conn(0x7fda841084a0 msgr2=0x7fda841a2a10 secure :-1 s=STATE_CONNECTION_ESTABLISHED l=1).mark_down
2024-04-20T10:23:38.702 INFO:teuthology.orchestra.run.smithi042.stdout:/usr/bin/ceph: stderr
2024-04-20T10:23:37.132+0000 7fda8b800700 1 --2- 172.21.15.42:0/4233928834 >> [v2:172.21.15.42:3300/0,v1:172.21.15.42:6789/0] conn(0x7fda841084a0 0x7fda841a2a10 secure :-1 s=READY pgs=75 cs=0 l=1 rev1=1 crypto rx=0x7fda78000c00 tx=0x7fda78011c10 comp rx=0 tx=0).stop
2024-04-20T10:23:38.702 INFO:teuthology.orchestra.run.smithi042.stdout:/usr/bin/ceph: stderr
2024-04-20T10:23:37.132+0000 7fda8b800700 1 -- 172.21.15.42:0/4233928834 shutdown_connections
2024-04-20T10:23:38.702 INFO:teuthology.orchestra.run.smithi042.stdout:/usr/bin/ceph: stderr
2024-04-20T10:23:37.132+0000 7fda8b800700 1 --2- 172.21.15.42:0/4233928834 >> [v2:172.21.15.42:6800/3610568749,v1:172.21.15.42:6801/3610568749] conn(0x7fda6c0396b0 0x7fda6c03bb70 unknown :-1 s=CLOSED pgs=9 cs=0 l=1 rev1=1 crypto rx=0 tx=0 comp rx=0 tx=0).stop
2024-04-20T10:23:38.702 INFO:teuthology.orchestra.run.smithi042.stdout:/usr/bin/ceph: stderr
2024-04-20T10:23:37.132+0000 7fda8b800700 1 --2- 172.21.15.42:0/4233928834 >> [v2:172.21.15.42:3300/0,v1:172.21.15.42:6789/0] conn(0x7fda841084a0 0x7fda841a2a10 unknown :-1 s=CLOSED pgs=75 cs=0 l=1 rev1=1 crypto rx=0 tx=0 comp rx=0 tx=0).stop
2024-04-20T10:23:38.702 INFO:teuthology.orchestra.run.smithi042.stdout:/usr/bin/ceph: stderr
2024-04-20T10:23:37.132+0000 7fda8b800700 1 -- 172.21.15.42:0/4233928834 >> 172.21.15.42:0/4233928834 conn(0x7fda84103a60 msgr2=0x7fda841044c0 unknown :-1 s=STATE_NONE l=0).mark_down
2024-04-20T10:23:38.702 INFO:teuthology.orchestra.run.smithi042.stdout:/usr/bin/ceph: stderr
2024-04-20T10:23:37.132+0000 7fda8b800700 1 -- 172.21.15.42:0/4233928834 shutdown_connections
2024-04-20T10:23:38.702 INFO:teuthology.orchestra.run.smithi042.stdout:/usr/bin/ceph: stderr
2024-04-20T10:23:37.132+0000 7fda8b800700 1 -- 172.21.15.42:0/4233928834 wait complete.
2024-04-20T10:23:38.728 INFO:teuthology.orchestra.run.smithi042.stdout:Non-zero exit code 1 from systemctl is-enabled firewalld.service
2024-04-20T10:23:38.729 INFO:teuthology.orchestra.run.smithi042.stdout:systemctl: stdout disabled
2024-04-20T10:23:38.753 INFO:teuthology.orchestra.run.smithi042.stdout:Non-zero exit code 3 from systemctl is-active firewalld.service
2024-04-20T10:23:38.753 INFO:teuthology.orchestra.run.smithi042.stdout:systemctl: stdout inactive
2024-04-20T10:23:38.754 INFO:teuthology.orchestra.run.smithi042.stdout:firewalld.service is not enabled
2024-04-20T10:23:38.754 INFO:teuthology.orchestra.run.smithi042.stdout:Not possible to open ports <[8443]>. firewalld.service is not available
2024-04-20T10:23:38.761 INFO:teuthology.orchestra.run.smithi042.stdout:Ceph Dashboard is now available at:
2024-04-20T10:23:38.761 INFO:teuthology.orchestra.run.smithi042.stdout:
2024-04-20T10:23:38.761 INFO:teuthology.orchestra.run.smithi042.stdout: URL: https://smithi042.front.sepia.ceph.com:8443/
2024-04-20T10:23:38.761 INFO:teuthology.orchestra.run.smithi042.stdout: User: admin
2024-04-20T10:23:38.761 INFO:teuthology.orchestra.run.smithi042.stdout: Password: v9wgqddjd0
2024-04-20T10:23:38.762 INFO:teuthology.orchestra.run.smithi042.stdout:
2024-04-20T10:23:38.762 INFO:teuthology.orchestra.run.smithi042.stdout:Saving cluster configuration to /var/lib/ceph/83e8f766-feff-11ee-bc92-c7b262605968/config directory
2024-04-20T10:23:38.764 INFO:teuthology.orchestra.run.smithi042.stdout:Enabling autotune for osd_memory_target
2024-04-20T10:23:40.235 INFO:teuthology.orchestra.run.smithi042.stdout:/usr/bin/ceph: stderr
2024-04-20T10:23:39.384+0000 7f0427200700 1 Processor -- start
2024-04-20T10:23:40.235 INFO:teuthology.orchestra.run.smithi042.stdout:/usr/bin/ceph: stderr
2024-04-20T10:23:39.384+0000 7f0427200700 1 -- start start
2024-04-20T10:23:40.235 INFO:teuthology.orchestra.run.smithi042.stdout:/usr/bin/ceph: stderr
2024-04-20T10:23:39.384+0000 7f0427200700 1 --2- >> [v2:172.21.15.42:3300/0,v1:172.21.15.42:6789/0] conn(0x7f042007de30 0x7f042007c2e0 unknown :-1 s=NONE pgs=0 cs=0 l=0 rev1=0 crypto rx=0 tx=0 comp rx=0 tx=0).connect
2024-04-20T10:23:40.235 INFO:teuthology.orchestra.run.smithi042.stdout:/usr/bin/ceph: stderr
2024-04-20T10:23:39.384+0000 7f0427200700 1 -- --> [v2:172.21.15.42:3300/0,v1:172.21.15.42:6789/0] -- mon_getmap magic: 0 -- 0x7f042007c820 con 0x7f042007de30
2024-04-20T10:23:40.235 INFO:teuthology.orchestra.run.smithi042.stdout:/usr/bin/ceph: stderr
2024-04-20T10:23:39.385+0000 7f041fe00700 1 --2- >> [v2:172.21.15.42:3300/0,v1:172.21.15.42:6789/0] conn(0x7f042007de30 0x7f042007c2e0 unknown :-1 s=BANNER_CONNECTING pgs=0 cs=0 l=0 rev1=0 crypto rx=0 tx=0 comp rx=0 tx=0)._handle_peer_banner_payload supported=3 required=0
2024-04-20T10:23:40.235 INFO:teuthology.orchestra.run.smithi042.stdout:/usr/bin/ceph: stderr
2024-04-20T10:23:39.385+0000 7f041fe00700 1 --2- >> [v2:172.21.15.42:3300/0,v1:172.21.15.42:6789/0] conn(0x7f042007de30 0x7f042007c2e0 unknown :-1 s=HELLO_CONNECTING pgs=0 cs=0 l=0 rev1=1 crypto rx=0 tx=0 comp rx=0 tx=0).handle_hello peer v2:172.21.15.42:3300/0 says I am v2:172.21.15.42:36130/0 (socket says 172.21.15.42:36130)
2024-04-20T10:23:40.235 INFO:teuthology.orchestra.run.smithi042.stdout:/usr/bin/ceph: stderr
2024-04-20T10:23:39.385+0000 7f041fe00700 1 -- 172.21.15.42:0/2844220619 learned_addr learned my addr 172.21.15.42:0/2844220619 (peer_addr_for_me v2:172.21.15.42:0/0)
2024-04-20T10:23:40.235 INFO:teuthology.orchestra.run.smithi042.stdout:/usr/bin/ceph: stderr
2024-04-20T10:23:39.385+0000 7f041fe00700 1 -- 172.21.15.42:0/2844220619 --> [v2:172.21.15.42:3300/0,v1:172.21.15.42:6789/0] -- mon_subscribe({config=0+,monmap=0+}) -- 0x7f042007c9a0 con 0x7f042007de30
2024-04-20T10:23:40.235 INFO:teuthology.orchestra.run.smithi042.stdout:/usr/bin/ceph: stderr
2024-04-20T10:23:39.386+0000 7f041fe00700 1 --2- 172.21.15.42:0/2844220619 >> [v2:172.21.15.42:3300/0,v1:172.21.15.42:6789/0] conn(0x7f042007de30 0x7f042007c2e0 secure :-1 s=READY pgs=76 cs=0 l=1 rev1=1 crypto rx=0x7f0410009e80 tx=0x7f041000b330 comp rx=0 tx=0).ready entity=mon.0 client_cookie=64cf5c18c012d83b server_cookie=0 in_seq=0 out_seq=0
2024-04-20T10:23:40.235 INFO:teuthology.orchestra.run.smithi042.stdout:/usr/bin/ceph: stderr
2024-04-20T10:23:39.386+0000 7f041f400700 1 -- 172.21.15.42:0/2844220619 <== mon.0 v2:172.21.15.42:3300/0 1 ==== mon_map magic: 0 ==== 205+0+0 (secure 0 0 0) 0x7f0410017070 con 0x7f042007de30
2024-04-20T10:23:40.235 INFO:teuthology.orchestra.run.smithi042.stdout:/usr/bin/ceph: stderr
2024-04-20T10:23:39.386+0000 7f041f400700 1 -- 172.21.15.42:0/2844220619 <== mon.0 v2:172.21.15.42:3300/0 2 ==== config(27 keys) ==== 1140+0+0 (secure 0 0 0) 0x7f041000b8c0 con 0x7f042007de30
2024-04-20T10:23:40.235 INFO:teuthology.orchestra.run.smithi042.stdout:/usr/bin/ceph: stderr
2024-04-20T10:23:39.386+0000 7f041f400700 1 -- 172.21.15.42:0/2844220619 <== mon.0 v2:172.21.15.42:3300/0 3 ==== mon_map magic: 0 ==== 205+0+0 (secure 0 0 0) 0x7f04100045c0 con 0x7f042007de30
2024-04-20T10:23:40.236 INFO:teuthology.orchestra.run.smithi042.stdout:/usr/bin/ceph: stderr
2024-04-20T10:23:39.387+0000 7f0427200700 1 -- 172.21.15.42:0/2844220619 >> [v2:172.21.15.42:3300/0,v1:172.21.15.42:6789/0] conn(0x7f042007de30 msgr2=0x7f042007c2e0 secure :-1 s=STATE_CONNECTION_ESTABLISHED l=1).mark_down
2024-04-20T10:23:40.236 INFO:teuthology.orchestra.run.smithi042.stdout:/usr/bin/ceph: stderr
2024-04-20T10:23:39.387+0000 7f0427200700 1 --2- 172.21.15.42:0/2844220619 >> [v2:172.21.15.42:3300/0,v1:172.21.15.42:6789/0] conn(0x7f042007de30 0x7f042007c2e0 secure :-1 s=READY pgs=76 cs=0 l=1 rev1=1 crypto rx=0x7f0410009e80 tx=0x7f041000b330 comp rx=0 tx=0).stop
2024-04-20T10:23:40.236 INFO:teuthology.orchestra.run.smithi042.stdout:/usr/bin/ceph: stderr
2024-04-20T10:23:39.387+0000 7f0427200700 1 -- 172.21.15.42:0/2844220619 shutdown_connections
2024-04-20T10:23:40.236 INFO:teuthology.orchestra.run.smithi042.stdout:/usr/bin/ceph: stderr
2024-04-20T10:23:39.387+0000 7f0427200700 1 --2- 172.21.15.42:0/2844220619 >> [v2:172.21.15.42:3300/0,v1:172.21.15.42:6789/0] conn(0x7f042007de30 0x7f042007c2e0 unknown :-1 s=CLOSED pgs=76 cs=0 l=1 rev1=1 crypto rx=0 tx=0 comp rx=0 tx=0).stop
2024-04-20T10:23:40.236 INFO:teuthology.orchestra.run.smithi042.stdout:/usr/bin/ceph: stderr
2024-04-20T10:23:39.387+0000 7f0427200700 1 -- 172.21.15.42:0/2844220619 >> 172.21.15.42:0/2844220619 conn(0x7f0420103a60 msgr2=0x7f0420105e80 unknown :-1 s=STATE_NONE l=0).mark_down
2024-04-20T10:23:40.236 INFO:teuthology.orchestra.run.smithi042.stdout:/usr/bin/ceph: stderr
2024-04-20T10:23:39.387+0000 7f0427200700 1 -- 172.21.15.42:0/2844220619 shutdown_connections
2024-04-20T10:23:40.236 INFO:teuthology.orchestra.run.smithi042.stdout:/usr/bin/ceph: stderr
2024-04-20T10:23:39.387+0000 7f0427200700 1 -- 172.21.15.42:0/2844220619 wait complete.
2024-04-20T10:23:40.239 INFO:teuthology.orchestra.run.smithi042.stdout:/usr/bin/ceph: stderr
2024-04-20T10:23:39.388+0000 7f0427200700 1 Processor -- start
2024-04-20T10:23:40.240 INFO:teuthology.orchestra.run.smithi042.stdout:/usr/bin/ceph: stderr
2024-04-20T10:23:39.389+0000 7f0427200700 1 -- start start
2024-04-20T10:23:40.240 INFO:teuthology.orchestra.run.smithi042.stdout:/usr/bin/ceph: stderr
2024-04-20T10:23:39.389+0000 7f0427200700 1 --2- >> [v2:172.21.15.42:3300/0,v1:172.21.15.42:6789/0] conn(0x7f042007de30 0x7f042019e600 unknown :-1 s=NONE pgs=0 cs=0 l=1 rev1=0 crypto rx=0 tx=0 comp rx=0 tx=0).connect
2024-04-20T10:23:40.240 INFO:teuthology.orchestra.run.smithi042.stdout:/usr/bin/ceph: stderr
2024-04-20T10:23:39.389+0000 7f0427200700 1 -- --> [v2:172.21.15.42:3300/0,v1:172.21.15.42:6789/0] -- mon_getmap magic: 0 -- 0x7f042010ea60 con 0x7f042007de30
2024-04-20T10:23:40.240 INFO:teuthology.orchestra.run.smithi042.stdout:/usr/bin/ceph: stderr
2024-04-20T10:23:39.389+0000 7f041fe00700 1 --2- >> [v2:172.21.15.42:3300/0,v1:172.21.15.42:6789/0] conn(0x7f042007de30 0x7f042019e600 unknown :-1 s=BANNER_CONNECTING pgs=0 cs=0 l=1 rev1=0 crypto rx=0 tx=0 comp rx=0 tx=0)._handle_peer_banner_payload supported=3 required=0
2024-04-20T10:23:40.240 INFO:teuthology.orchestra.run.smithi042.stdout:/usr/bin/ceph: stderr
2024-04-20T10:23:39.389+0000 7f041fe00700 1 --2- >> [v2:172.21.15.42:3300/0,v1:172.21.15.42:6789/0] conn(0x7f042007de30 0x7f042019e600 unknown :-1 s=HELLO_CONNECTING pgs=0 cs=0 l=1 rev1=1 crypto rx=0 tx=0 comp rx=0 tx=0).handle_hello peer v2:172.21.15.42:3300/0 says I am v2:172.21.15.42:36132/0 (socket says 172.21.15.42:36132)
2024-04-20T10:23:40.240 INFO:teuthology.orchestra.run.smithi042.stdout:/usr/bin/ceph: stderr
2024-04-20T10:23:39.389+0000 7f041fe00700 1 -- 172.21.15.42:0/1699859024 learned_addr learned my addr 172.21.15.42:0/1699859024 (peer_addr_for_me v2:172.21.15.42:0/0)
2024-04-20T10:23:40.240 INFO:teuthology.orchestra.run.smithi042.stdout:/usr/bin/ceph: stderr
2024-04-20T10:23:39.390+0000 7f041fe00700 1 -- 172.21.15.42:0/1699859024 --> [v2:172.21.15.42:3300/0,v1:172.21.15.42:6789/0] -- mon_subscribe({config=0+,monmap=0+}) -- 0x7f042019eb40 con 0x7f042007de30
2024-04-20T10:23:40.240 INFO:teuthology.orchestra.run.smithi042.stdout:/usr/bin/ceph: stderr
2024-04-20T10:23:39.390+0000 7f041fe00700 1 --2- 172.21.15.42:0/1699859024 >> [v2:172.21.15.42:3300/0,v1:172.21.15.42:6789/0] conn(0x7f042007de30 0x7f042019e600 secure :-1 s=READY pgs=77 cs=0 l=1 rev1=1 crypto rx=0x7f0410009fd0 tx=0x7f0410009390 comp rx=0 tx=0).ready entity=mon.0 client_cookie=0 server_cookie=0 in_seq=0 out_seq=0
2024-04-20T10:23:40.240 INFO:teuthology.orchestra.run.smithi042.stdout:/usr/bin/ceph: stderr
2024-04-20T10:23:39.390+0000 7f041d600700 1 -- 172.21.15.42:0/1699859024 <== mon.0 v2:172.21.15.42:3300/0 1 ==== mon_map magic: 0 ==== 205+0+0 (secure 0 0 0) 0x7f0410020020 con 0x7f042007de30
2024-04-20T10:23:40.240 INFO:teuthology.orchestra.run.smithi042.stdout:/usr/bin/ceph: stderr
2024-04-20T10:23:39.390+0000 7f041d600700 1 -- 172.21.15.42:0/1699859024 <== mon.0 v2:172.21.15.42:3300/0 2 ==== config(27 keys) ==== 1140+0+0 (secure 0 0 0) 0x7f0410012430 con 0x7f042007de30
2024-04-20T10:23:40.240 INFO:teuthology.orchestra.run.smithi042.stdout:/usr/bin/ceph: stderr
2024-04-20T10:23:39.390+0000 7f041d600700 1 -- 172.21.15.42:0/1699859024 <== mon.0 v2:172.21.15.42:3300/0 3 ==== mon_map magic: 0 ==== 205+0+0 (secure 0 0 0) 0x7f0410017040 con 0x7f042007de30
2024-04-20T10:23:40.240 INFO:teuthology.orchestra.run.smithi042.stdout:/usr/bin/ceph: stderr
2024-04-20T10:23:39.390+0000 7f0427200700 1 -- 172.21.15.42:0/1699859024 --> [v2:172.21.15.42:3300/0,v1:172.21.15.42:6789/0] -- mon_subscribe({mgrmap=0+}) -- 0x7f042019edd0 con 0x7f042007de30
2024-04-20T10:23:40.240 INFO:teuthology.orchestra.run.smithi042.stdout:/usr/bin/ceph: stderr
2024-04-20T10:23:39.391+0000 7f0427200700 1 -- 172.21.15.42:0/1699859024 --> [v2:172.21.15.42:3300/0,v1:172.21.15.42:6789/0] -- mon_subscribe({osdmap=0}) -- 0x7f04201a1ac0 con 0x7f042007de30
2024-04-20T10:23:40.241 INFO:teuthology.orchestra.run.smithi042.stdout:/usr/bin/ceph: stderr
2024-04-20T10:23:39.392+0000 7f0427200700 1 -- 172.21.15.42:0/1699859024 --> [v2:172.21.15.42:3300/0,v1:172.21.15.42:6789/0] -- mon_command({"prefix": "get_command_descriptions"} v 0) -- 0x7f04200640b0 con 0x7f042007de30
2024-04-20T10:23:40.241 INFO:teuthology.orchestra.run.smithi042.stdout:/usr/bin/ceph: stderr
2024-04-20T10:23:39.392+0000 7f041d600700 1 -- 172.21.15.42:0/1699859024 <== mon.0 v2:172.21.15.42:3300/0 4 ==== mgrmap(e 13) ==== 46614+0+0 (secure 0 0 0) 0x7f0410023020 con 0x7f042007de30
2024-04-20T10:23:40.241 INFO:teuthology.orchestra.run.smithi042.stdout:/usr/bin/ceph: stderr
2024-04-20T10:23:39.392+0000 7f041d600700 1 --2- 172.21.15.42:0/1699859024 >> [v2:172.21.15.42:6800/3610568749,v1:172.21.15.42:6801/3610568749] conn(0x7f0404039730 0x7f040403bbf0 unknown :-1 s=NONE pgs=0 cs=0 l=1 rev1=0 crypto rx=0 tx=0 comp rx=0 tx=0).connect
2024-04-20T10:23:40.241 INFO:teuthology.orchestra.run.smithi042.stdout:/usr/bin/ceph: stderr
2024-04-20T10:23:39.392+0000 7f041d600700 1 -- 172.21.15.42:0/1699859024 <== mon.0 v2:172.21.15.42:3300/0 5 ==== osd_map(3..3 src has 1..3) ==== 1155+0+0 (secure 0 0 0) 0x7f041000f050 con 0x7f042007de30
2024-04-20T10:23:40.241 INFO:teuthology.orchestra.run.smithi042.stdout:/usr/bin/ceph: stderr
2024-04-20T10:23:39.393+0000 7f0417400700 1 --2- 172.21.15.42:0/1699859024 >> [v2:172.21.15.42:6800/3610568749,v1:172.21.15.42:6801/3610568749] conn(0x7f0404039730 0x7f040403bbf0 unknown :-1 s=BANNER_CONNECTING pgs=0 cs=0 l=1 rev1=0 crypto rx=0 tx=0 comp rx=0 tx=0)._handle_peer_banner_payload supported=3 required=0
2024-04-20T10:23:40.241 INFO:teuthology.orchestra.run.smithi042.stdout:/usr/bin/ceph: stderr
2024-04-20T10:23:39.393+0000 7f0417400700 1 --2- 172.21.15.42:0/1699859024 >> [v2:172.21.15.42:6800/3610568749,v1:172.21.15.42:6801/3610568749] conn(0x7f0404039730 0x7f040403bbf0 secure :-1 s=READY pgs=10 cs=0 l=1 rev1=1 crypto rx=0x7f0408006fd0 tx=0x7f0408006e40 comp rx=0 tx=0).ready entity=mgr.14152 client_cookie=0 server_cookie=0 in_seq=0 out_seq=0
2024-04-20T10:23:40.241 INFO:teuthology.orchestra.run.smithi042.stdout:/usr/bin/ceph: stderr
2024-04-20T10:23:39.400+0000 7f041d600700 1 -- 172.21.15.42:0/1699859024 <== mon.0 v2:172.21.15.42:3300/0 6 ==== mon_command_ack([{"prefix": "get_command_descriptions"}]=0 v0) ==== 72+0+188381 (secure 0 0 0) 0x7f041002a020 con 0x7f042007de30
2024-04-20T10:23:40.241 INFO:teuthology.orchestra.run.smithi042.stdout:/usr/bin/ceph: stderr
2024-04-20T10:23:39.631+0000 7f0427200700 1 -- 172.21.15.42:0/1699859024 --> [v2:172.21.15.42:3300/0,v1:172.21.15.42:6789/0] -- mon_command([{prefix=config set, name=osd_memory_target_autotune}] v 0) -- 0x7f04201a1c90 con 0x7f042007de30
2024-04-20T10:23:40.241 INFO:teuthology.orchestra.run.smithi042.stdout:/usr/bin/ceph: stderr
2024-04-20T10:23:39.632+0000 7f041d600700 1 -- 172.21.15.42:0/1699859024 <== mon.0 v2:172.21.15.42:3300/0 7 ==== mon_command_ack([{prefix=config set, name=osd_memory_target_autotune}]=0 v8)=0 v8) ==== 127+0+0 (secure 0 0 0) 0x7f04201a1c90 con 0x7f042007de30
2024-04-20T10:23:40.241 INFO:teuthology.orchestra.run.smithi042.stdout:/usr/bin/ceph: stderr
2024-04-20T10:23:39.636+0000 7f0427200700 1 -- 172.21.15.42:0/1699859024 >> [v2:172.21.15.42:6800/3610568749,v1:172.21.15.42:6801/3610568749] conn(0x7f0404039730 msgr2=0x7f040403bbf0 secure :-1 s=STATE_CONNECTION_ESTABLISHED l=1).mark_down
2024-04-20T10:23:40.241 INFO:teuthology.orchestra.run.smithi042.stdout:/usr/bin/ceph: stderr
2024-04-20T10:23:39.636+0000 7f0427200700 1 --2- 172.21.15.42:0/1699859024 >> [v2:172.21.15.42:6800/3610568749,v1:172.21.15.42:6801/3610568749] conn(0x7f0404039730 0x7f040403bbf0 secure :-1 s=READY pgs=10 cs=0 l=1 rev1=1 crypto rx=0x7f0408006fd0 tx=0x7f0408006e40 comp rx=0 tx=0).stop
2024-04-20T10:23:40.241 INFO:teuthology.orchestra.run.smithi042.stdout:/usr/bin/ceph: stderr
2024-04-20T10:23:39.636+0000 7f0427200700 1 -- 172.21.15.42:0/1699859024 >> [v2:172.21.15.42:3300/0,v1:172.21.15.42:6789/0] conn(0x7f042007de30 msgr2=0x7f042019e600 secure :-1 s=STATE_CONNECTION_ESTABLISHED l=1).mark_down
2024-04-20T10:23:40.241 INFO:teuthology.orchestra.run.smithi042.stdout:/usr/bin/ceph: stderr
2024-04-20T10:23:39.636+0000 7f0427200700 1 --2- 172.21.15.42:0/1699859024 >> [v2:172.21.15.42:3300/0,v1:172.21.15.42:6789/0] conn(0x7f042007de30 0x7f042019e600 secure :-1 s=READY pgs=77 cs=0 l=1 rev1=1 crypto rx=0x7f0410009fd0 tx=0x7f0410009390 comp rx=0 tx=0).stop
2024-04-20T10:23:40.242 INFO:teuthology.orchestra.run.smithi042.stdout:/usr/bin/ceph: stderr
2024-04-20T10:23:39.636+0000 7f0427200700 1 -- 172.21.15.42:0/1699859024 shutdown_connections
2024-04-20T10:23:40.242 INFO:teuthology.orchestra.run.smithi042.stdout:/usr/bin/ceph: stderr
2024-04-20T10:23:39.636+0000 7f0427200700 1 --2- 172.21.15.42:0/1699859024 >> [v2:172.21.15.42:6800/3610568749,v1:172.21.15.42:6801/3610568749] conn(0x7f0404039730 0x7f040403bbf0 unknown :-1 s=CLOSED pgs=10 cs=0 l=1 rev1=1 crypto rx=0 tx=0 comp rx=0 tx=0).stop
2024-04-20T10:23:40.242 INFO:teuthology.orchestra.run.smithi042.stdout:/usr/bin/ceph: stderr
2024-04-20T10:23:39.636+0000 7f0427200700 1 --2- 172.21.15.42:0/1699859024 >> [v2:172.21.15.42:3300/0,v1:172.21.15.42:6789/0] conn(0x7f042007de30 0x7f042019e600 unknown :-1 s=CLOSED pgs=77 cs=0 l=1 rev1=1 crypto rx=0 tx=0 comp rx=0 tx=0).stop
2024-04-20T10:23:40.242 INFO:teuthology.orchestra.run.smithi042.stdout:/usr/bin/ceph: stderr
2024-04-20T10:23:39.636+0000 7f0427200700 1 -- 172.21.15.42:0/1699859024 >> 172.21.15.42:0/1699859024 conn(0x7f0420103a60 msgr2=0x7f0420104550 unknown :-1 s=STATE_NONE l=0).mark_down
2024-04-20T10:23:40.242 INFO:teuthology.orchestra.run.smithi042.stdout:/usr/bin/ceph: stderr
2024-04-20T10:23:39.636+0000 7f0427200700 1 -- 172.21.15.42:0/1699859024 shutdown_connections
2024-04-20T10:23:40.242 INFO:teuthology.orchestra.run.smithi042.stdout:/usr/bin/ceph: stderr
2024-04-20T10:23:39.637+0000 7f0427200700 1 -- 172.21.15.42:0/1699859024 wait complete.
2024-04-20T10:23:41.945 INFO:teuthology.orchestra.run.smithi042.stdout:/usr/bin/ceph: stderr
2024-04-20T10:23:40.925+0000 7f1e5de00700 1 Processor -- start
2024-04-20T10:23:41.945 INFO:teuthology.orchestra.run.smithi042.stdout:/usr/bin/ceph: stderr
2024-04-20T10:23:40.925+0000 7f1e5de00700 1 -- start start
2024-04-20T10:23:41.946 INFO:teuthology.orchestra.run.smithi042.stdout:/usr/bin/ceph: stderr
2024-04-20T10:23:40.925+0000 7f1e5de00700 1 --2- >> [v2:172.21.15.42:3300/0,v1:172.21.15.42:6789/0] conn(0x7f1e58108440 0x7f1e58108860 unknown :-1 s=NONE pgs=0 cs=0 l=0 rev1=0 crypto rx=0 tx=0 comp rx=0 tx=0).connect
2024-04-20T10:23:41.946 INFO:teuthology.orchestra.run.smithi042.stdout:/usr/bin/ceph: stderr
2024-04-20T10:23:40.926+0000 7f1e5de00700 1 -- --> [v2:172.21.15.42:3300/0,v1:172.21.15.42:6789/0] -- mon_getmap magic: 0 -- 0x7f1e58108e30 con 0x7f1e58108440
2024-04-20T10:23:41.946 INFO:teuthology.orchestra.run.smithi042.stdout:/usr/bin/ceph: stderr
2024-04-20T10:23:40.926+0000 7f1e56a00700 1 --2- >> [v2:172.21.15.42:3300/0,v1:172.21.15.42:6789/0] conn(0x7f1e58108440 0x7f1e58108860 unknown :-1 s=BANNER_CONNECTING pgs=0 cs=0 l=0 rev1=0 crypto rx=0 tx=0 comp rx=0 tx=0)._handle_peer_banner_payload supported=3 required=0
2024-04-20T10:23:41.946 INFO:teuthology.orchestra.run.smithi042.stdout:/usr/bin/ceph: stderr
2024-04-20T10:23:40.926+0000 7f1e56a00700 1 --2- >> [v2:172.21.15.42:3300/0,v1:172.21.15.42:6789/0] conn(0x7f1e58108440 0x7f1e58108860 unknown :-1 s=HELLO_CONNECTING pgs=0 cs=0 l=0 rev1=1 crypto rx=0 tx=0 comp rx=0 tx=0).handle_hello peer v2:172.21.15.42:3300/0 says I am v2:172.21.15.42:36138/0 (socket says 172.21.15.42:36138)
2024-04-20T10:23:41.946 INFO:teuthology.orchestra.run.smithi042.stdout:/usr/bin/ceph: stderr
2024-04-20T10:23:40.926+0000 7f1e56a00700 1 -- 172.21.15.42:0/863785499 learned_addr learned my addr 172.21.15.42:0/863785499 (peer_addr_for_me v2:172.21.15.42:0/0)
2024-04-20T10:23:41.946 INFO:teuthology.orchestra.run.smithi042.stdout:/usr/bin/ceph: stderr
2024-04-20T10:23:40.926+0000 7f1e56a00700 1 -- 172.21.15.42:0/863785499 --> [v2:172.21.15.42:3300/0,v1:172.21.15.42:6789/0] -- mon_subscribe({config=0+,monmap=0+}) -- 0x7f1e58109640 con 0x7f1e58108440
2024-04-20T10:23:41.946 INFO:teuthology.orchestra.run.smithi042.stdout:/usr/bin/ceph: stderr
2024-04-20T10:23:40.927+0000 7f1e56a00700 1 --2- 172.21.15.42:0/863785499 >> [v2:172.21.15.42:3300/0,v1:172.21.15.42:6789/0] conn(0x7f1e58108440 0x7f1e58108860 secure :-1 s=READY pgs=78 cs=0 l=1 rev1=1 crypto rx=0x7f1e480098a0 tx=0x7f1e48009bb0 comp rx=0 tx=0).ready entity=mon.0 client_cookie=c1461ba0be6a74a2 server_cookie=0 in_seq=0 out_seq=0
2024-04-20T10:23:41.946 INFO:teuthology.orchestra.run.smithi042.stdout:/usr/bin/ceph: stderr
2024-04-20T10:23:40.927+0000 7f1e56000700 1 -- 172.21.15.42:0/863785499 <== mon.0 v2:172.21.15.42:3300/0 1 ==== mon_map magic: 0 ==== 205+0+0 (secure 0 0 0) 0x7f1e48004160 con 0x7f1e58108440
2024-04-20T10:23:41.946 INFO:teuthology.orchestra.run.smithi042.stdout:/usr/bin/ceph: stderr
2024-04-20T10:23:40.927+0000 7f1e56000700 1 -- 172.21.15.42:0/863785499 <== mon.0 v2:172.21.15.42:3300/0 2 ==== config(27 keys) ==== 1140+0+0 (secure 0 0 0) 0x7f1e48004300 con 0x7f1e58108440
2024-04-20T10:23:41.946 INFO:teuthology.orchestra.run.smithi042.stdout:/usr/bin/ceph: stderr
2024-04-20T10:23:40.927+0000 7f1e56000700 1 -- 172.21.15.42:0/863785499 <== mon.0 v2:172.21.15.42:3300/0 3 ==== mon_map magic: 0 ==== 205+0+0 (secure 0 0 0) 0x7f1e48011b20 con 0x7f1e58108440
2024-04-20T10:23:41.946 INFO:teuthology.orchestra.run.smithi042.stdout:/usr/bin/ceph: stderr
2024-04-20T10:23:40.928+0000 7f1e5de00700 1 -- 172.21.15.42:0/863785499 >> [v2:172.21.15.42:3300/0,v1:172.21.15.42:6789/0] conn(0x7f1e58108440 msgr2=0x7f1e58108860 secure :-1 s=STATE_CONNECTION_ESTABLISHED l=1).mark_down
2024-04-20T10:23:41.946 INFO:teuthology.orchestra.run.smithi042.stdout:/usr/bin/ceph: stderr
2024-04-20T10:23:40.928+0000 7f1e5de00700 1 --2- 172.21.15.42:0/863785499 >> [v2:172.21.15.42:3300/0,v1:172.21.15.42:6789/0] conn(0x7f1e58108440 0x7f1e58108860 secure :-1 s=READY pgs=78 cs=0 l=1 rev1=1 crypto rx=0x7f1e480098a0 tx=0x7f1e48009bb0 comp rx=0 tx=0).stop
2024-04-20T10:23:41.946 INFO:teuthology.orchestra.run.smithi042.stdout:/usr/bin/ceph: stderr
2024-04-20T10:23:40.928+0000 7f1e5de00700 1 -- 172.21.15.42:0/863785499 shutdown_connections
2024-04-20T10:23:41.947 INFO:teuthology.orchestra.run.smithi042.stdout:/usr/bin/ceph: stderr
2024-04-20T10:23:40.928+0000 7f1e5de00700 1 --2- 172.21.15.42:0/863785499 >> [v2:172.21.15.42:3300/0,v1:172.21.15.42:6789/0] conn(0x7f1e58108440 0x7f1e58108860 unknown :-1 s=CLOSED pgs=78 cs=0 l=1 rev1=1 crypto rx=0 tx=0 comp rx=0 tx=0).stop
2024-04-20T10:23:41.947 INFO:teuthology.orchestra.run.smithi042.stdout:/usr/bin/ceph: stderr
2024-04-20T10:23:40.928+0000 7f1e5de00700 1 -- 172.21.15.42:0/863785499 >> 172.21.15.42:0/863785499 conn(0x7f1e58103a60 msgr2=0x7f1e58105e80 unknown :-1 s=STATE_NONE l=0).mark_down
2024-04-20T10:23:41.947 INFO:teuthology.orchestra.run.smithi042.stdout:/usr/bin/ceph: stderr
2024-04-20T10:23:40.928+0000 7f1e5de00700 1 -- 172.21.15.42:0/863785499 shutdown_connections
2024-04-20T10:23:41.947 INFO:teuthology.orchestra.run.smithi042.stdout:/usr/bin/ceph: stderr
2024-04-20T10:23:40.928+0000 7f1e5de00700 1 -- 172.21.15.42:0/863785499 wait complete.
2024-04-20T10:23:41.947 INFO:teuthology.orchestra.run.smithi042.stdout:/usr/bin/ceph: stderr
2024-04-20T10:23:40.929+0000 7f1e5de00700 1 Processor -- start
2024-04-20T10:23:41.947 INFO:teuthology.orchestra.run.smithi042.stdout:/usr/bin/ceph: stderr
2024-04-20T10:23:40.930+0000 7f1e5de00700 1 -- start start
2024-04-20T10:23:41.947 INFO:teuthology.orchestra.run.smithi042.stdout:/usr/bin/ceph: stderr
2024-04-20T10:23:40.930+0000 7f1e5de00700 1 --2- >> [v2:172.21.15.42:3300/0,v1:172.21.15.42:6789/0] conn(0x7f1e58108440 0x7f1e5819c3f0 unknown :-1 s=NONE pgs=0 cs=0 l=1 rev1=0 crypto rx=0 tx=0 comp rx=0 tx=0).connect
2024-04-20T10:23:41.947 INFO:teuthology.orchestra.run.smithi042.stdout:/usr/bin/ceph: stderr
2024-04-20T10:23:40.930+0000 7f1e5de00700 1 -- --> [v2:172.21.15.42:3300/0,v1:172.21.15.42:6789/0] -- mon_getmap magic: 0 -- 0x7f1e5810c9f0 con 0x7f1e58108440
2024-04-20T10:23:41.947 INFO:teuthology.orchestra.run.smithi042.stdout:/usr/bin/ceph: stderr
2024-04-20T10:23:40.930+0000 7f1e56a00700 1 --2- >> [v2:172.21.15.42:3300/0,v1:172.21.15.42:6789/0] conn(0x7f1e58108440 0x7f1e5819c3f0 unknown :-1 s=BANNER_CONNECTING pgs=0 cs=0 l=1 rev1=0 crypto rx=0 tx=0 comp rx=0 tx=0)._handle_peer_banner_payload supported=3 required=0
2024-04-20T10:23:41.947 INFO:teuthology.orchestra.run.smithi042.stdout:/usr/bin/ceph: stderr
2024-04-20T10:23:40.930+0000 7f1e56a00700 1 --2- >> [v2:172.21.15.42:3300/0,v1:172.21.15.42:6789/0] conn(0x7f1e58108440 0x7f1e5819c3f0 unknown :-1 s=HELLO_CONNECTING pgs=0 cs=0 l=1 rev1=1 crypto rx=0 tx=0 comp rx=0 tx=0).handle_hello peer v2:172.21.15.42:3300/0 says I am v2:172.21.15.42:36144/0 (socket says 172.21.15.42:36144)
2024-04-20T10:23:41.947 INFO:teuthology.orchestra.run.smithi042.stdout:/usr/bin/ceph: stderr
2024-04-20T10:23:40.930+0000 7f1e56a00700 1 -- 172.21.15.42:0/903275329 learned_addr learned my addr 172.21.15.42:0/903275329 (peer_addr_for_me v2:172.21.15.42:0/0)
2024-04-20T10:23:41.947 INFO:teuthology.orchestra.run.smithi042.stdout:/usr/bin/ceph: stderr
2024-04-20T10:23:40.931+0000 7f1e56a00700 1 -- 172.21.15.42:0/903275329 --> [v2:172.21.15.42:3300/0,v1:172.21.15.42:6789/0] -- mon_subscribe({config=0+,monmap=0+}) -- 0x7f1e5819c930 con 0x7f1e58108440
2024-04-20T10:23:41.947 INFO:teuthology.orchestra.run.smithi042.stdout:/usr/bin/ceph: stderr
2024-04-20T10:23:40.931+0000 7f1e56a00700 1 --2- 172.21.15.42:0/903275329 >> [v2:172.21.15.42:3300/0,v1:172.21.15.42:6789/0] conn(0x7f1e58108440 0x7f1e5819c3f0 secure :-1 s=READY pgs=79 cs=0 l=1 rev1=1 crypto rx=0x7f1e48000c00 tx=0x7f1e48011c10 comp rx=0 tx=0).ready entity=mon.0 client_cookie=0 server_cookie=0 in_seq=0 out_seq=0
2024-04-20T10:23:41.947 INFO:teuthology.orchestra.run.smithi042.stdout:/usr/bin/ceph: stderr
2024-04-20T10:23:40.931+0000 7f1e5ca00700 1 -- 172.21.15.42:0/903275329 <== mon.0 v2:172.21.15.42:3300/0 1 ==== mon_map magic: 0 ==== 205+0+0 (secure 0 0 0) 0x7f1e48003b60 con 0x7f1e58108440
2024-04-20T10:23:41.947 INFO:teuthology.orchestra.run.smithi042.stdout:/usr/bin/ceph: stderr
2024-04-20T10:23:40.931+0000 7f1e5ca00700 1 -- 172.21.15.42:0/903275329 <== mon.0 v2:172.21.15.42:3300/0 2 ==== config(27 keys) ==== 1140+0+0 (secure 0 0 0) 0x7f1e4801a910 con 0x7f1e58108440
2024-04-20T10:23:41.948 INFO:teuthology.orchestra.run.smithi042.stdout:/usr/bin/ceph: stderr
2024-04-20T10:23:40.931+0000 7f1e5ca00700 1 -- 172.21.15.42:0/903275329 <== mon.0 v2:172.21.15.42:3300/0 3 ==== mon_map magic: 0 ==== 205+0+0 (secure 0 0 0) 0x7f1e48024930 con 0x7f1e58108440
2024-04-20T10:23:41.948 INFO:teuthology.orchestra.run.smithi042.stdout:/usr/bin/ceph: stderr
2024-04-20T10:23:40.931+0000 7f1e5de00700 1 -- 172.21.15.42:0/903275329 --> [v2:172.21.15.42:3300/0,v1:172.21.15.42:6789/0] -- mon_subscribe({mgrmap=0+}) -- 0x7f1e5819cbc0 con 0x7f1e58108440
2024-04-20T10:23:41.948 INFO:teuthology.orchestra.run.smithi042.stdout:/usr/bin/ceph: stderr
2024-04-20T10:23:40.931+0000 7f1e5de00700 1 -- 172.21.15.42:0/903275329 --> [v2:172.21.15.42:3300/0,v1:172.21.15.42:6789/0] -- mon_subscribe({osdmap=0}) -- 0x7f1e5819d020 con 0x7f1e58108440
2024-04-20T10:23:41.948 INFO:teuthology.orchestra.run.smithi042.stdout:/usr/bin/ceph: stderr
2024-04-20T10:23:40.933+0000 7f1e5ca00700 1 -- 172.21.15.42:0/903275329 <== mon.0 v2:172.21.15.42:3300/0 4 ==== mgrmap(e 13) ==== 46614+0+0 (secure 0 0 0) 0x7f1e48022020 con 0x7f1e58108440
2024-04-20T10:23:41.948 INFO:teuthology.orchestra.run.smithi042.stdout:/usr/bin/ceph: stderr
2024-04-20T10:23:40.933+0000 7f1e5de00700 1 -- 172.21.15.42:0/903275329 --> [v2:172.21.15.42:3300/0,v1:172.21.15.42:6789/0] -- mon_command({"prefix": "get_command_descriptions"} v 0) -- 0x7f1e580640b0 con 0x7f1e58108440
2024-04-20T10:23:41.948 INFO:teuthology.orchestra.run.smithi042.stdout:/usr/bin/ceph: stderr
2024-04-20T10:23:40.933+0000 7f1e5ca00700 1 --2- 172.21.15.42:0/903275329 >> [v2:172.21.15.42:6800/3610568749,v1:172.21.15.42:6801/3610568749] conn(0x7f1e3c039700 0x7f1e3c03bbc0 unknown :-1 s=NONE pgs=0 cs=0 l=1 rev1=0 crypto rx=0 tx=0 comp rx=0 tx=0).connect
2024-04-20T10:23:41.948 INFO:teuthology.orchestra.run.smithi042.stdout:/usr/bin/ceph: stderr
2024-04-20T10:23:40.933+0000 7f1e5ca00700 1 -- 172.21.15.42:0/903275329 <== mon.0 v2:172.21.15.42:3300/0 5 ==== osd_map(3..3 src has 1..3) ==== 1155+0+0 (secure 0 0 0) 0x7f1e4804da90 con 0x7f1e58108440
2024-04-20T10:23:41.948 INFO:teuthology.orchestra.run.smithi042.stdout:/usr/bin/ceph: stderr
2024-04-20T10:23:40.933+0000 7f1e4e000700 1 --2- 172.21.15.42:0/903275329 >> [v2:172.21.15.42:6800/3610568749,v1:172.21.15.42:6801/3610568749] conn(0x7f1e3c039700 0x7f1e3c03bbc0 unknown :-1 s=BANNER_CONNECTING pgs=0 cs=0 l=1 rev1=0 crypto rx=0 tx=0 comp rx=0 tx=0)._handle_peer_banner_payload supported=3 required=0
2024-04-20T10:23:41.948 INFO:teuthology.orchestra.run.smithi042.stdout:/usr/bin/ceph: stderr
2024-04-20T10:23:40.934+0000 7f1e4e000700 1 --2- 172.21.15.42:0/903275329 >> [v2:172.21.15.42:6800/3610568749,v1:172.21.15.42:6801/3610568749] conn(0x7f1e3c039700 0x7f1e3c03bbc0 secure :-1 s=READY pgs=11 cs=0 l=1 rev1=1 crypto rx=0x7f1e40006fd0 tx=0x7f1e40006e40 comp rx=0 tx=0).ready entity=mgr.14152 client_cookie=0 server_cookie=0 in_seq=0 out_seq=0
2024-04-20T10:23:41.948 INFO:teuthology.orchestra.run.smithi042.stdout:/usr/bin/ceph: stderr
2024-04-20T10:23:40.939+0000 7f1e5ca00700 1 -- 172.21.15.42:0/903275329 <== mon.0 v2:172.21.15.42:3300/0 6 ==== mon_command_ack([{"prefix": "get_command_descriptions"}]=0 v0) ==== 72+0+188381 (secure 0 0 0) 0x7f1e48016260 con 0x7f1e58108440
2024-04-20T10:23:41.948 INFO:teuthology.orchestra.run.smithi042.stdout:/usr/bin/ceph: stderr
2024-04-20T10:23:41.297+0000 7f1e5de00700 1 -- 172.21.15.42:0/903275329 --> [v2:172.21.15.42:3300/0,v1:172.21.15.42:6789/0] -- mon_command([{prefix=config-key set, key=mgr/dashboard/cluster/status}] v 0) -- 0x7f1e5819fab0 con 0x7f1e58108440
2024-04-20T10:23:41.948 INFO:teuthology.orchestra.run.smithi042.stdout:/usr/bin/ceph: stderr
2024-04-20T10:23:41.301+0000 7f1e5ca00700 1 -- 172.21.15.42:0/903275329 <== mon.0 v2:172.21.15.42:3300/0 7 ==== mon_command_ack([{prefix=config-key set, key=mgr/dashboard/cluster/status}]=0 set mgr/dashboard/cluster/status v28)=0 set mgr/dashboard/cluster/status v28) ==== 153+0+0 (secure 0 0 0) 0x7f1e4802dde0 con 0x7f1e58108440
2024-04-20T10:23:41.948 INFO:teuthology.orchestra.run.smithi042.stdout:/usr/bin/ceph: stderr
2024-04-20T10:23:41.303+0000 7f1e5de00700 1 -- 172.21.15.42:0/903275329 >> [v2:172.21.15.42:6800/3610568749,v1:172.21.15.42:6801/3610568749] conn(0x7f1e3c039700 msgr2=0x7f1e3c03bbc0 secure :-1 s=STATE_CONNECTION_ESTABLISHED l=1).mark_down
2024-04-20T10:23:41.948 INFO:teuthology.orchestra.run.smithi042.stdout:/usr/bin/ceph: stderr
2024-04-20T10:23:41.303+0000 7f1e5de00700 1 --2- 172.21.15.42:0/903275329 >> [v2:172.21.15.42:6800/3610568749,v1:172.21.15.42:6801/3610568749] conn(0x7f1e3c039700 0x7f1e3c03bbc0 secure :-1 s=READY pgs=11 cs=0 l=1 rev1=1 crypto rx=0x7f1e40006fd0 tx=0x7f1e40006e40 comp rx=0 tx=0).stop
2024-04-20T10:23:41.948 INFO:teuthology.orchestra.run.smithi042.stdout:/usr/bin/ceph: stderr
2024-04-20T10:23:41.303+0000 7f1e5de00700 1 -- 172.21.15.42:0/903275329 >> [v2:172.21.15.42:3300/0,v1:172.21.15.42:6789/0] conn(0x7f1e58108440 msgr2=0x7f1e5819c3f0 secure :-1 s=STATE_CONNECTION_ESTABLISHED l=1).mark_down
2024-04-20T10:23:41.948 INFO:teuthology.orchestra.run.smithi042.stdout:/usr/bin/ceph: stderr
2024-04-20T10:23:41.303+0000 7f1e5de00700 1 --2- 172.21.15.42:0/903275329 >> [v2:172.21.15.42:3300/0,v1:172.21.15.42:6789/0] conn(0x7f1e58108440 0x7f1e5819c3f0 secure :-1 s=READY pgs=79 cs=0 l=1 rev1=1 crypto rx=0x7f1e48000c00 tx=0x7f1e48011c10 comp rx=0 tx=0).stop
2024-04-20T10:23:41.949 INFO:teuthology.orchestra.run.smithi042.stdout:/usr/bin/ceph: stderr
2024-04-20T10:23:41.304+0000 7f1e5de00700 1 -- 172.21.15.42:0/903275329 shutdown_connections
2024-04-20T10:23:41.949 INFO:teuthology.orchestra.run.smithi042.stdout:/usr/bin/ceph: stderr
2024-04-20T10:23:41.304+0000 7f1e5de00700 1 --2- 172.21.15.42:0/903275329 >> [v2:172.21.15.42:6800/3610568749,v1:172.21.15.42:6801/3610568749] conn(0x7f1e3c039700 0x7f1e3c03bbc0 unknown :-1 s=CLOSED pgs=11 cs=0 l=1 rev1=1 crypto rx=0 tx=0 comp rx=0 tx=0).stop
2024-04-20T10:23:41.949 INFO:teuthology.orchestra.run.smithi042.stdout:/usr/bin/ceph: stderr
2024-04-20T10:23:41.304+0000 7f1e5de00700 1 --2- 172.21.15.42:0/903275329 >> [v2:172.21.15.42:3300/0,v1:172.21.15.42:6789/0] conn(0x7f1e58108440 0x7f1e5819c3f0 unknown :-1 s=CLOSED pgs=79 cs=0 l=1 rev1=1 crypto rx=0 tx=0 comp rx=0 tx=0).stop
2024-04-20T10:23:41.949 INFO:teuthology.orchestra.run.smithi042.stdout:/usr/bin/ceph: stderr
2024-04-20T10:23:41.304+0000 7f1e5de00700 1 -- 172.21.15.42:0/903275329 >> 172.21.15.42:0/903275329 conn(0x7f1e58103a60 msgr2=0x7f1e581045d0 unknown :-1 s=STATE_NONE l=0).mark_down
2024-04-20T10:23:41.949 INFO:teuthology.orchestra.run.smithi042.stdout:/usr/bin/ceph: stderr
2024-04-20T10:23:41.304+0000 7f1e5de00700 1 -- 172.21.15.42:0/903275329 shutdown_connections
2024-04-20T10:23:41.949 INFO:teuthology.orchestra.run.smithi042.stdout:/usr/bin/ceph: stderr
2024-04-20T10:23:41.304+0000 7f1e5de00700 1 -- 172.21.15.42:0/903275329 wait complete.
2024-04-20T10:23:41.949 INFO:teuthology.orchestra.run.smithi042.stdout:/usr/bin/ceph: stderr set mgr/dashboard/cluster/status
2024-04-20T10:23:41.949 INFO:teuthology.orchestra.run.smithi042.stdout:You can access the Ceph CLI as following in case of multi-cluster or non-default config:
2024-04-20T10:23:41.949 INFO:teuthology.orchestra.run.smithi042.stdout:
2024-04-20T10:23:41.949 INFO:teuthology.orchestra.run.smithi042.stdout: sudo /home/ubuntu/cephtest/cephadm shell --fsid 83e8f766-feff-11ee-bc92-c7b262605968 -c /etc/ceph/ceph.conf -k /etc/ceph/ceph.client.admin.keyring
2024-04-20T10:23:41.949 INFO:teuthology.orchestra.run.smithi042.stdout:
2024-04-20T10:23:41.949 INFO:teuthology.orchestra.run.smithi042.stdout:Or, if you are only running a single cluster on this host:
2024-04-20T10:23:41.949 INFO:teuthology.orchestra.run.smithi042.stdout:
2024-04-20T10:23:41.949 INFO:teuthology.orchestra.run.smithi042.stdout: sudo /home/ubuntu/cephtest/cephadm shell
2024-04-20T10:23:41.949 INFO:teuthology.orchestra.run.smithi042.stdout:
2024-04-20T10:23:41.949 INFO:teuthology.orchestra.run.smithi042.stdout:Please consider enabling telemetry to help improve Ceph:
2024-04-20T10:23:41.950 INFO:teuthology.orchestra.run.smithi042.stdout:
2024-04-20T10:23:41.950 INFO:teuthology.orchestra.run.smithi042.stdout: ceph telemetry on
2024-04-20T10:23:41.950 INFO:teuthology.orchestra.run.smithi042.stdout:
2024-04-20T10:23:41.950 INFO:teuthology.orchestra.run.smithi042.stdout:For more information see:
2024-04-20T10:23:41.950 INFO:teuthology.orchestra.run.smithi042.stdout:
2024-04-20T10:23:41.950 INFO:teuthology.orchestra.run.smithi042.stdout: https://docs.ceph.com/en/latest/mgr/telemetry/
2024-04-20T10:23:41.950 INFO:teuthology.orchestra.run.smithi042.stdout:
2024-04-20T10:23:41.950 INFO:teuthology.orchestra.run.smithi042.stdout:Bootstrap complete.
2024-04-20T10:23:42.024 INFO:tasks.cephadm:Fetching config...
2024-04-20T10:23:42.024 DEBUG:teuthology.orchestra.run.smithi042:> set -ex
2024-04-20T10:23:42.024 DEBUG:teuthology.orchestra.run.smithi042:> dd if=/etc/ceph/ceph.conf of=/dev/stdout
2024-04-20T10:23:42.067 INFO:tasks.cephadm:Fetching client.admin keyring...
2024-04-20T10:23:42.067 DEBUG:teuthology.orchestra.run.smithi042:> set -ex
2024-04-20T10:23:42.067 DEBUG:teuthology.orchestra.run.smithi042:> dd if=/etc/ceph/ceph.client.admin.keyring of=/dev/stdout
2024-04-20T10:23:42.155 INFO:tasks.cephadm:Fetching mon keyring...
2024-04-20T10:23:42.155 DEBUG:teuthology.orchestra.run.smithi042:> set -ex
2024-04-20T10:23:42.155 DEBUG:teuthology.orchestra.run.smithi042:> sudo dd if=/var/lib/ceph/83e8f766-feff-11ee-bc92-c7b262605968/mon.a/keyring of=/dev/stdout
2024-04-20T10:23:42.268 INFO:tasks.cephadm:Fetching pub ssh key...
2024-04-20T10:23:42.269 DEBUG:teuthology.orchestra.run.smithi042:> set -ex
2024-04-20T10:23:42.269 DEBUG:teuthology.orchestra.run.smithi042:> dd if=/home/ubuntu/cephtest/ceph.pub of=/dev/stdout
2024-04-20T10:23:42.364 INFO:tasks.cephadm:Installing pub ssh key for root users...
2024-04-20T10:23:42.364 DEBUG:teuthology.orchestra.run.smithi042:> sudo install -d -m 0700 /root/.ssh && echo 'ssh-rsa AAAAB3NzaC1yc2EAAAADAQABAAABgQCt7OM2VL3w2UDxYjuVc1OV+b2aO3dcNv0hShbO9f5CHa7UlxQkepH6SvCCWMX6fsd8ZDNG0notHbBAjcOvIHRT6KdsN8ZkYd50aYCrYKGk1ZzUstmsXV82Z+yqPtkAAqqiaDXwhFDwYOPJQlH9lc/oFJgQZ1yfwNgYJCE/UUWijv8o8avFiY8cAafFWi2FdJKGNt/HfWP93txBXaoiQZL+Ws+/lGfnZqska7Svi59McJQPql0yqHEpEphTkMyoqmDrIZERNm3hic7neCAJm3dc0t9aBzrZulUWcAEqcV95Xtt3bRhc1kajWwf/atrv8MpVOtrE59OT1hiUarvlVHP1GXY5fFVU091GSAuS/YpLKNCaOwGbvN49Rxutu+VAdZ6bwn/wRAqj/reOY6Oi9r7dZdvmdo1rkp+qvXD5iS2hQ/KHUOJtpzWOiVfn04N6spnED8S8oyZOKyXdBPXoPCPVFas1uD9aE1UCpOwup7uHugXUqqWw9L+BdR55KlRURus= ceph-83e8f766-feff-11ee-bc92-c7b262605968' | sudo tee -a /root/.ssh/authorized_keys && sudo chmod 0600 /root/.ssh/authorized_keys
2024-04-20T10:23:42.498 INFO:teuthology.orchestra.run.smithi042.stdout:ssh-rsa AAAAB3NzaC1yc2EAAAADAQABAAABgQCt7OM2VL3w2UDxYjuVc1OV+b2aO3dcNv0hShbO9f5CHa7UlxQkepH6SvCCWMX6fsd8ZDNG0notHbBAjcOvIHRT6KdsN8ZkYd50aYCrYKGk1ZzUstmsXV82Z+yqPtkAAqqiaDXwhFDwYOPJQlH9lc/oFJgQZ1yfwNgYJCE/UUWijv8o8avFiY8cAafFWi2FdJKGNt/HfWP93txBXaoiQZL+Ws+/lGfnZqska7Svi59McJQPql0yqHEpEphTkMyoqmDrIZERNm3hic7neCAJm3dc0t9aBzrZulUWcAEqcV95Xtt3bRhc1kajWwf/atrv8MpVOtrE59OT1hiUarvlVHP1GXY5fFVU091GSAuS/YpLKNCaOwGbvN49Rxutu+VAdZ6bwn/wRAqj/reOY6Oi9r7dZdvmdo1rkp+qvXD5iS2hQ/KHUOJtpzWOiVfn04N6spnED8S8oyZOKyXdBPXoPCPVFas1uD9aE1UCpOwup7uHugXUqqWw9L+BdR55KlRURus= ceph-83e8f766-feff-11ee-bc92-c7b262605968
2024-04-20T10:23:42.521 INFO:journalctl@ceph.mon.a.smithi042.stdout:Apr 20 10:23:42 smithi042 ceph-mon[17078]: from='client.? 172.21.15.42:0/903275329' entity='client.admin'
2024-04-20T10:23:42.533 DEBUG:teuthology.orchestra.run.smithi046:> sudo install -d -m 0700 /root/.ssh && echo 'ssh-rsa AAAAB3NzaC1yc2EAAAADAQABAAABgQCt7OM2VL3w2UDxYjuVc1OV+b2aO3dcNv0hShbO9f5CHa7UlxQkepH6SvCCWMX6fsd8ZDNG0notHbBAjcOvIHRT6KdsN8ZkYd50aYCrYKGk1ZzUstmsXV82Z+yqPtkAAqqiaDXwhFDwYOPJQlH9lc/oFJgQZ1yfwNgYJCE/UUWijv8o8avFiY8cAafFWi2FdJKGNt/HfWP93txBXaoiQZL+Ws+/lGfnZqska7Svi59McJQPql0yqHEpEphTkMyoqmDrIZERNm3hic7neCAJm3dc0t9aBzrZulUWcAEqcV95Xtt3bRhc1kajWwf/atrv8MpVOtrE59OT1hiUarvlVHP1GXY5fFVU091GSAuS/YpLKNCaOwGbvN49Rxutu+VAdZ6bwn/wRAqj/reOY6Oi9r7dZdvmdo1rkp+qvXD5iS2hQ/KHUOJtpzWOiVfn04N6spnED8S8oyZOKyXdBPXoPCPVFas1uD9aE1UCpOwup7uHugXUqqWw9L+BdR55KlRURus= ceph-83e8f766-feff-11ee-bc92-c7b262605968' | sudo tee -a /root/.ssh/authorized_keys && sudo chmod 0600 /root/.ssh/authorized_keys
2024-04-20T10:23:42.574 INFO:teuthology.orchestra.run.smithi046.stdout:ssh-rsa AAAAB3NzaC1yc2EAAAADAQABAAABgQCt7OM2VL3w2UDxYjuVc1OV+b2aO3dcNv0hShbO9f5CHa7UlxQkepH6SvCCWMX6fsd8ZDNG0notHbBAjcOvIHRT6KdsN8ZkYd50aYCrYKGk1ZzUstmsXV82Z+yqPtkAAqqiaDXwhFDwYOPJQlH9lc/oFJgQZ1yfwNgYJCE/UUWijv8o8avFiY8cAafFWi2FdJKGNt/HfWP93txBXaoiQZL+Ws+/lGfnZqska7Svi59McJQPql0yqHEpEphTkMyoqmDrIZERNm3hic7neCAJm3dc0t9aBzrZulUWcAEqcV95Xtt3bRhc1kajWwf/atrv8MpVOtrE59OT1hiUarvlVHP1GXY5fFVU091GSAuS/YpLKNCaOwGbvN49Rxutu+VAdZ6bwn/wRAqj/reOY6Oi9r7dZdvmdo1rkp+qvXD5iS2hQ/KHUOJtpzWOiVfn04N6spnED8S8oyZOKyXdBPXoPCPVFas1uD9aE1UCpOwup7uHugXUqqWw9L+BdR55KlRURus= ceph-83e8f766-feff-11ee-bc92-c7b262605968
2024-04-20T10:23:42.587 DEBUG:teuthology.orchestra.run.smithi162:> sudo install -d -m 0700 /root/.ssh && echo 'ssh-rsa AAAAB3NzaC1yc2EAAAADAQABAAABgQCt7OM2VL3w2UDxYjuVc1OV+b2aO3dcNv0hShbO9f5CHa7UlxQkepH6SvCCWMX6fsd8ZDNG0notHbBAjcOvIHRT6KdsN8ZkYd50aYCrYKGk1ZzUstmsXV82Z+yqPtkAAqqiaDXwhFDwYOPJQlH9lc/oFJgQZ1yfwNgYJCE/UUWijv8o8avFiY8cAafFWi2FdJKGNt/HfWP93txBXaoiQZL+Ws+/lGfnZqska7Svi59McJQPql0yqHEpEphTkMyoqmDrIZERNm3hic7neCAJm3dc0t9aBzrZulUWcAEqcV95Xtt3bRhc1kajWwf/atrv8MpVOtrE59OT1hiUarvlVHP1GXY5fFVU091GSAuS/YpLKNCaOwGbvN49Rxutu+VAdZ6bwn/wRAqj/reOY6Oi9r7dZdvmdo1rkp+qvXD5iS2hQ/KHUOJtpzWOiVfn04N6spnED8S8oyZOKyXdBPXoPCPVFas1uD9aE1UCpOwup7uHugXUqqWw9L+BdR55KlRURus= ceph-83e8f766-feff-11ee-bc92-c7b262605968' | sudo tee -a /root/.ssh/authorized_keys && sudo chmod 0600 /root/.ssh/authorized_keys
2024-04-20T10:23:42.627 INFO:teuthology.orchestra.run.smithi162.stdout:ssh-rsa AAAAB3NzaC1yc2EAAAADAQABAAABgQCt7OM2VL3w2UDxYjuVc1OV+b2aO3dcNv0hShbO9f5CHa7UlxQkepH6SvCCWMX6fsd8ZDNG0notHbBAjcOvIHRT6KdsN8ZkYd50aYCrYKGk1ZzUstmsXV82Z+yqPtkAAqqiaDXwhFDwYOPJQlH9lc/oFJgQZ1yfwNgYJCE/UUWijv8o8avFiY8cAafFWi2FdJKGNt/HfWP93txBXaoiQZL+Ws+/lGfnZqska7Svi59McJQPql0yqHEpEphTkMyoqmDrIZERNm3hic7neCAJm3dc0t9aBzrZulUWcAEqcV95Xtt3bRhc1kajWwf/atrv8MpVOtrE59OT1hiUarvlVHP1GXY5fFVU091GSAuS/YpLKNCaOwGbvN49Rxutu+VAdZ6bwn/wRAqj/reOY6Oi9r7dZdvmdo1rkp+qvXD5iS2hQ/KHUOJtpzWOiVfn04N6spnED8S8oyZOKyXdBPXoPCPVFas1uD9aE1UCpOwup7uHugXUqqWw9L+BdR55KlRURus= ceph-83e8f766-feff-11ee-bc92-c7b262605968
2024-04-20T10:23:42.639 DEBUG:teuthology.orchestra.run.smithi042:> sudo /home/ubuntu/cephtest/cephadm --image quay-quay-quay.apps.os.sepia.ceph.com/ceph-ci/ceph:a8c84f5997950fd7d008204839253291d52e6eda shell -c /etc/ceph/ceph.conf -k /etc/ceph/ceph.client.admin.keyring --fsid 83e8f766-feff-11ee-bc92-c7b262605968 -- ceph config set mgr mgr/cephadm/allow_ptrace true
2024-04-20T10:23:43.080 INFO:teuthology.orchestra.run.smithi042.stderr:Inferring config /var/lib/ceph/83e8f766-feff-11ee-bc92-c7b262605968/mon.a/config
2024-04-20T10:23:45.530 INFO:teuthology.orchestra.run.smithi042.stderr:2024-04-20T10:23:45.528+0000 7fc06b400700 1 -- 172.21.15.42:0/3310926109 >> [v2:172.21.15.42:3300/0,v1:172.21.15.42:6789/0] conn(0x7fc064108c60 msgr2=0x7fc064109080 secure :-1 s=STATE_CONNECTION_ESTABLISHED l=1).mark_down
2024-04-20T10:23:45.530 INFO:teuthology.orchestra.run.smithi042.stderr:2024-04-20T10:23:45.528+0000 7fc06b400700 1 --2- 172.21.15.42:0/3310926109 >> [v2:172.21.15.42:3300/0,v1:172.21.15.42:6789/0] conn(0x7fc064108c60 0x7fc064109080 secure :-1 s=READY pgs=80 cs=0 l=1 rev1=1 crypto rx=0x7fc058009910 tx=0x7fc058009c20 comp rx=0 tx=0).stop
2024-04-20T10:23:45.530 INFO:teuthology.orchestra.run.smithi042.stderr:2024-04-20T10:23:45.528+0000 7fc06b400700 1 -- 172.21.15.42:0/3310926109 shutdown_connections
2024-04-20T10:23:45.530 INFO:teuthology.orchestra.run.smithi042.stderr:2024-04-20T10:23:45.528+0000 7fc06b400700 1 --2- 172.21.15.42:0/3310926109 >> [v2:172.21.15.42:3300/0,v1:172.21.15.42:6789/0] conn(0x7fc064108c60 0x7fc064109080 unknown :-1 s=CLOSED pgs=80 cs=0 l=1 rev1=1 crypto rx=0 tx=0 comp rx=0 tx=0).stop
