2024-04-20T10:22:42.704+0000 7f1c3e800700 1 -- 172.21.15.42:0/1972254634 --> [v2:172.21.15.42:3300/0,v1:172.21.15.42:6789/0] -- mon_subscribe({mgrmap=0+}) -- 0x7f1c381a3220 con 0x7f1c38110070
2024-04-20T10:22:43.769 INFO:teuthology.orchestra.run.smithi042.stdout:/usr/bin/ceph: stderr
2024-04-20T10:22:42.704+0000 7f1c34c00700 1 -- 172.21.15.42:0/1972254634 <== mon.0 v2:172.21.15.42:3300/0 3 ==== mon_map magic: 0 ==== 205+0+0 (secure 0 0 0) 0x7f1c280195a0 con 0x7f1c38110070
2024-04-20T10:22:43.769 INFO:teuthology.orchestra.run.smithi042.stdout:/usr/bin/ceph: stderr
2024-04-20T10:22:42.705+0000 7f1c3e800700 1 -- 172.21.15.42:0/1972254634 --> [v2:172.21.15.42:3300/0,v1:172.21.15.42:6789/0] -- mon_subscribe({osdmap=0}) -- 0x7f1c381a5f10 con 0x7f1c38110070
2024-04-20T10:22:43.769 INFO:teuthology.orchestra.run.smithi042.stdout:/usr/bin/ceph: stderr
2024-04-20T10:22:42.706+0000 7f1c34c00700 1 -- 172.21.15.42:0/1972254634 <== mon.0 v2:172.21.15.42:3300/0 4 ==== mgrmap(e 3) ==== 46441+0+0 (secure 0 0 0) 0x7f1c280198a0 con 0x7f1c38110070
2024-04-20T10:22:43.769 INFO:teuthology.orchestra.run.smithi042.stdout:/usr/bin/ceph: stderr
2024-04-20T10:22:42.706+0000 7f1c3e800700 1 -- 172.21.15.42:0/1972254634 --> [v2:172.21.15.42:3300/0,v1:172.21.15.42:6789/0] -- mon_command({"prefix": "get_command_descriptions"} v 0) -- 0x7f1c380640b0 con 0x7f1c38110070
2024-04-20T10:22:43.769 INFO:teuthology.orchestra.run.smithi042.stdout:/usr/bin/ceph: stderr
2024-04-20T10:22:42.706+0000 7f1c34c00700 1 --2- 172.21.15.42:0/1972254634 >> [v2:172.21.15.42:6800/2556893432,v1:172.21.15.42:6801/2556893432] conn(0x7f1c1c039440 0x7f1c1c03b900 unknown :-1 s=NONE pgs=0 cs=0 l=1 rev1=0 crypto rx=0 tx=0 comp rx=0 tx=0).connect
2024-04-20T10:22:43.769 INFO:teuthology.orchestra.run.smithi042.stdout:/usr/bin/ceph: stderr
2024-04-20T10:22:42.706+0000 7f1c34c00700 1 -- 172.21.15.42:0/1972254634 <== mon.0 v2:172.21.15.42:3300/0 5 ==== osd_map(1..1 src has 1..1) ==== 725+0+0 (secure 0 0 0) 0x7f1c28011e00 con 0x7f1c38110070
2024-04-20T10:22:43.769 INFO:teuthology.orchestra.run.smithi042.stdout:/usr/bin/ceph: stderr
2024-04-20T10:22:42.706+0000 7f1c2fe00700 1 --2- 172.21.15.42:0/1972254634 >> [v2:172.21.15.42:6800/2556893432,v1:172.21.15.42:6801/2556893432] conn(0x7f1c1c039440 0x7f1c1c03b900 unknown :-1 s=BANNER_CONNECTING pgs=0 cs=0 l=1 rev1=0 crypto rx=0 tx=0 comp rx=0 tx=0)._handle_peer_banner_payload supported=3 required=0
2024-04-20T10:22:43.769 INFO:teuthology.orchestra.run.smithi042.stdout:/usr/bin/ceph: stderr
2024-04-20T10:22:42.707+0000 7f1c2fe00700 1 --2- 172.21.15.42:0/1972254634 >> [v2:172.21.15.42:6800/2556893432,v1:172.21.15.42:6801/2556893432] conn(0x7f1c1c039440 0x7f1c1c03b900 secure :-1 s=READY pgs=6 cs=0 l=1 rev1=1 crypto rx=0x7f1c20006fd0 tx=0x7f1c20006e40 comp rx=0 tx=0).ready entity=mgr.14100 client_cookie=0 server_cookie=0 in_seq=0 out_seq=0
2024-04-20T10:22:43.769 INFO:teuthology.orchestra.run.smithi042.stdout:/usr/bin/ceph: stderr
2024-04-20T10:22:42.713+0000 7f1c34c00700 1 -- 172.21.15.42:0/1972254634 <== mon.0 v2:172.21.15.42:3300/0 6 ==== mon_command_ack([{"prefix": "get_command_descriptions"}]=0 v0) ==== 72+0+188381 (secure 0 0 0) 0x7f1c2800e260 con 0x7f1c38110070
2024-04-20T10:22:43.770 INFO:teuthology.orchestra.run.smithi042.stdout:/usr/bin/ceph: stderr
2024-04-20T10:22:42.905+0000 7f1c34c00700 1 -- 172.21.15.42:0/1972254634 <== mon.0 v2:172.21.15.42:3300/0 7 ==== mgrmap(e 4) ==== 46547+0+0 (secure 0 0 0) 0x7f1c2801a430 con 0x7f1c38110070
2024-04-20T10:22:43.770 INFO:teuthology.orchestra.run.smithi042.stdout:/usr/bin/ceph: stderr
2024-04-20T10:22:43.032+0000 7f1c3e800700 1 -- 172.21.15.42:0/1972254634 --> [v2:172.21.15.42:3300/0,v1:172.21.15.42:6789/0] -- mon_command({"prefix": "status", "format": "json-pretty"} v 0) -- 0x7f1c381a60e0 con 0x7f1c38110070
2024-04-20T10:22:43.770 INFO:teuthology.orchestra.run.smithi042.stdout:/usr/bin/ceph: stderr
2024-04-20T10:22:43.033+0000 7f1c34c00700 1 -- 172.21.15.42:0/1972254634 <== mon.0 v2:172.21.15.42:3300/0 8 ==== mon_command_ack([{"prefix": "status", "format": "json-pretty"}]=0 v0) ==== 79+0+1239 (secure 0 0 0) 0x7f1c381a60e0 con 0x7f1c38110070
2024-04-20T10:22:43.770 INFO:teuthology.orchestra.run.smithi042.stdout:/usr/bin/ceph: stderr
2024-04-20T10:22:43.036+0000 7f1c3e800700 1 -- 172.21.15.42:0/1972254634 >> [v2:172.21.15.42:6800/2556893432,v1:172.21.15.42:6801/2556893432] conn(0x7f1c1c039440 msgr2=0x7f1c1c03b900 secure :-1 s=STATE_CONNECTION_ESTABLISHED l=1).mark_down
2024-04-20T10:22:43.770 INFO:teuthology.orchestra.run.smithi042.stdout:/usr/bin/ceph: stderr
2024-04-20T10:22:43.036+0000 7f1c3e800700 1 --2- 172.21.15.42:0/1972254634 >> [v2:172.21.15.42:6800/2556893432,v1:172.21.15.42:6801/2556893432] conn(0x7f1c1c039440 0x7f1c1c03b900 secure :-1 s=READY pgs=6 cs=0 l=1 rev1=1 crypto rx=0x7f1c20006fd0 tx=0x7f1c20006e40 comp rx=0 tx=0).stop
2024-04-20T10:22:43.770 INFO:teuthology.orchestra.run.smithi042.stdout:/usr/bin/ceph: stderr
2024-04-20T10:22:43.036+0000 7f1c3e800700 1 -- 172.21.15.42:0/1972254634 >> [v2:172.21.15.42:3300/0,v1:172.21.15.42:6789/0] conn(0x7f1c38110070 msgr2=0x7f1c381a2a50 secure :-1 s=STATE_CONNECTION_ESTABLISHED l=1).mark_down
2024-04-20T10:22:43.770 INFO:teuthology.orchestra.run.smithi042.stdout:/usr/bin/ceph: stderr
2024-04-20T10:22:43.036+0000 7f1c3e800700 1 --2- 172.21.15.42:0/1972254634 >> [v2:172.21.15.42:3300/0,v1:172.21.15.42:6789/0] conn(0x7f1c38110070 0x7f1c381a2a50 secure :-1 s=READY pgs=19 cs=0 l=1 rev1=1 crypto rx=0x7f1c28011850 tx=0x7f1c28011c10 comp rx=0 tx=0).stop
2024-04-20T10:22:43.770 INFO:teuthology.orchestra.run.smithi042.stdout:/usr/bin/ceph: stderr
2024-04-20T10:22:43.036+0000 7f1c3e800700 1 -- 172.21.15.42:0/1972254634 shutdown_connections
2024-04-20T10:22:43.770 INFO:teuthology.orchestra.run.smithi042.stdout:/usr/bin/ceph: stderr
2024-04-20T10:22:43.036+0000 7f1c3e800700 1 --2- 172.21.15.42:0/1972254634 >> [v2:172.21.15.42:6800/2556893432,v1:172.21.15.42:6801/2556893432] conn(0x7f1c1c039440 0x7f1c1c03b900 unknown :-1 s=CLOSED pgs=6 cs=0 l=1 rev1=1 crypto rx=0 tx=0 comp rx=0 tx=0).stop
2024-04-20T10:22:43.770 INFO:teuthology.orchestra.run.smithi042.stdout:/usr/bin/ceph: stderr
2024-04-20T10:22:43.036+0000 7f1c3e800700 1 --2- 172.21.15.42:0/1972254634 >> [v2:172.21.15.42:3300/0,v1:172.21.15.42:6789/0] conn(0x7f1c38110070 0x7f1c381a2a50 unknown :-1 s=CLOSED pgs=19 cs=0 l=1 rev1=1 crypto rx=0 tx=0 comp rx=0 tx=0).stop
2024-04-20T10:22:43.770 INFO:teuthology.orchestra.run.smithi042.stdout:/usr/bin/ceph: stderr
2024-04-20T10:22:43.036+0000 7f1c3e800700 1 -- 172.21.15.42:0/1972254634 >> 172.21.15.42:0/1972254634 conn(0x7f1c3807db90 msgr2=0x7f1c3807f770 unknown :-1 s=STATE_NONE l=0).mark_down
2024-04-20T10:22:43.770 INFO:teuthology.orchestra.run.smithi042.stdout:/usr/bin/ceph: stderr
2024-04-20T10:22:43.036+0000 7f1c3e800700 1 -- 172.21.15.42:0/1972254634 shutdown_connections
2024-04-20T10:22:43.770 INFO:teuthology.orchestra.run.smithi042.stdout:/usr/bin/ceph: stderr
2024-04-20T10:22:43.036+0000 7f1c3e800700 1 -- 172.21.15.42:0/1972254634 wait complete.
2024-04-20T10:22:43.771 INFO:teuthology.orchestra.run.smithi042.stdout:mgr is available
2024-04-20T10:22:44.068 INFO:journalctl@ceph.mon.a.smithi042.stdout:Apr 20 10:22:43 smithi042 ceph-mon[17078]: mgrmap e4: x(active, since 2s)
2024-04-20T10:22:44.068 INFO:journalctl@ceph.mon.a.smithi042.stdout:Apr 20 10:22:43 smithi042 ceph-mon[17078]: from='client.? 172.21.15.42:0/1972254634' entity='client.admin' cmd=[{"prefix": "status", "format": "json-pretty"}]: dispatch
2024-04-20T10:22:45.328 INFO:journalctl@ceph.mon.a.smithi042.stdout:Apr 20 10:22:44 smithi042 ceph-mon[17078]: from='client.? 172.21.15.42:0/2555774055' entity='client.admin' cmd=[{"prefix": "config assimilate-conf"}]: dispatch
2024-04-20T10:22:45.337 INFO:teuthology.orchestra.run.smithi042.stdout:/usr/bin/ceph: stdout
2024-04-20T10:22:45.339 INFO:teuthology.orchestra.run.smithi042.stdout:/usr/bin/ceph: stdout [global]
2024-04-20T10:22:45.339 INFO:teuthology.orchestra.run.smithi042.stdout:/usr/bin/ceph: stdout fsid = 83e8f766-feff-11ee-bc92-c7b262605968
2024-04-20T10:22:45.339 INFO:teuthology.orchestra.run.smithi042.stdout:/usr/bin/ceph: stdout mon_osd_allow_pg_remap = true
2024-04-20T10:22:45.339 INFO:teuthology.orchestra.run.smithi042.stdout:/usr/bin/ceph: stdout mon_osd_allow_primary_affinity = true
2024-04-20T10:22:45.339 INFO:teuthology.orchestra.run.smithi042.stdout:/usr/bin/ceph: stdout mon_warn_on_no_sortbitwise = false
2024-04-20T10:22:45.339 INFO:teuthology.orchestra.run.smithi042.stdout:/usr/bin/ceph: stdout osd_crush_chooseleaf_type = 0
2024-04-20T10:22:45.339 INFO:teuthology.orchestra.run.smithi042.stdout:/usr/bin/ceph: stdout
2024-04-20T10:22:45.339 INFO:teuthology.orchestra.run.smithi042.stdout:/usr/bin/ceph: stdout [mgr]
2024-04-20T10:22:45.339 INFO:teuthology.orchestra.run.smithi042.stdout:/usr/bin/ceph: stdout mgr/telemetry/nag = false
2024-04-20T10:22:45.339 INFO:teuthology.orchestra.run.smithi042.stdout:/usr/bin/ceph: stdout
2024-04-20T10:22:45.339 INFO:teuthology.orchestra.run.smithi042.stdout:/usr/bin/ceph: stdout [osd]
2024-04-20T10:22:45.339 INFO:teuthology.orchestra.run.smithi042.stdout:/usr/bin/ceph: stdout mon_osd_backfillfull_ratio = 0.85
2024-04-20T10:22:45.345 INFO:teuthology.orchestra.run.smithi042.stdout:/usr/bin/ceph: stdout mon_osd_full_ratio = 0.9
2024-04-20T10:22:45.345 INFO:teuthology.orchestra.run.smithi042.stdout:/usr/bin/ceph: stdout mon_osd_nearfull_ratio = 0.8
2024-04-20T10:22:45.346 INFO:teuthology.orchestra.run.smithi042.stdout:/usr/bin/ceph: stdout osd_map_max_advance = 10
2024-04-20T10:22:45.346 INFO:teuthology.orchestra.run.smithi042.stdout:/usr/bin/ceph: stdout osd_sloppy_crc = true
2024-04-20T10:22:45.346 INFO:teuthology.orchestra.run.smithi042.stdout:/usr/bin/ceph: stderr
2024-04-20T10:22:44.374+0000 7fdaba400700 1 Processor -- start
2024-04-20T10:22:45.346 INFO:teuthology.orchestra.run.smithi042.stdout:/usr/bin/ceph: stderr
2024-04-20T10:22:44.375+0000 7fdaba400700 1 -- start start
2024-04-20T10:22:45.346 INFO:teuthology.orchestra.run.smithi042.stdout:/usr/bin/ceph: stderr
2024-04-20T10:22:44.375+0000 7fdaba400700 1 --2- >> [v2:172.21.15.42:3300/0,v1:172.21.15.42:6789/0] conn(0x7fdab410a6d0 0x7fdab410aaf0 unknown :-1 s=NONE pgs=0 cs=0 l=0 rev1=0 crypto rx=0 tx=0 comp rx=0 tx=0).connect
2024-04-20T10:22:45.346 INFO:teuthology.orchestra.run.smithi042.stdout:/usr/bin/ceph: stderr
2024-04-20T10:22:44.375+0000 7fdaba400700 1 -- --> [v2:172.21.15.42:3300/0,v1:172.21.15.42:6789/0] -- mon_getmap magic: 0 -- 0x7fdab410b0c0 con 0x7fdab410a6d0
2024-04-20T10:22:45.346 INFO:teuthology.orchestra.run.smithi042.stdout:/usr/bin/ceph: stderr
2024-04-20T10:22:44.376+0000 7fdab3400700 1 --2- >> [v2:172.21.15.42:3300/0,v1:172.21.15.42:6789/0] conn(0x7fdab410a6d0 0x7fdab410aaf0 unknown :-1 s=BANNER_CONNECTING pgs=0 cs=0 l=0 rev1=0 crypto rx=0 tx=0 comp rx=0 tx=0)._handle_peer_banner_payload supported=3 required=0
2024-04-20T10:22:45.346 INFO:teuthology.orchestra.run.smithi042.stdout:/usr/bin/ceph: stderr
2024-04-20T10:22:44.376+0000 7fdab3400700 1 --2- >> [v2:172.21.15.42:3300/0,v1:172.21.15.42:6789/0] conn(0x7fdab410a6d0 0x7fdab410aaf0 unknown :-1 s=HELLO_CONNECTING pgs=0 cs=0 l=0 rev1=1 crypto rx=0 tx=0 comp rx=0 tx=0).handle_hello peer v2:172.21.15.42:3300/0 says I am v2:172.21.15.42:39918/0 (socket says 172.21.15.42:39918)
2024-04-20T10:22:45.346 INFO:teuthology.orchestra.run.smithi042.stdout:/usr/bin/ceph: stderr
2024-04-20T10:22:44.376+0000 7fdab3400700 1 -- 172.21.15.42:0/3397233833 learned_addr learned my addr 172.21.15.42:0/3397233833 (peer_addr_for_me v2:172.21.15.42:0/0)
2024-04-20T10:22:45.346 INFO:teuthology.orchestra.run.smithi042.stdout:/usr/bin/ceph: stderr
2024-04-20T10:22:44.376+0000 7fdab3400700 1 -- 172.21.15.42:0/3397233833 --> [v2:172.21.15.42:3300/0,v1:172.21.15.42:6789/0] -- mon_subscribe({config=0+,monmap=0+}) -- 0x7fdab410b880 con 0x7fdab410a6d0
2024-04-20T10:22:45.346 INFO:teuthology.orchestra.run.smithi042.stdout:/usr/bin/ceph: stderr
2024-04-20T10:22:44.377+0000 7fdab3400700 1 --2- 172.21.15.42:0/3397233833 >> [v2:172.21.15.42:3300/0,v1:172.21.15.42:6789/0] conn(0x7fdab410a6d0 0x7fdab410aaf0 secure :-1 s=READY pgs=20 cs=0 l=1 rev1=1 crypto rx=0x7fdaa40098a0 tx=0x7fdaa4009bb0 comp rx=0 tx=0).ready entity=mon.0 client_cookie=a965c66a0bf65397 server_cookie=0 in_seq=0 out_seq=0
2024-04-20T10:22:45.346 INFO:teuthology.orchestra.run.smithi042.stdout:/usr/bin/ceph: stderr
2024-04-20T10:22:44.377+0000 7fdab2000700 1 -- 172.21.15.42:0/3397233833 <== mon.0 v2:172.21.15.42:3300/0 1 ==== mon_map magic: 0 ==== 205+0+0 (secure 0 0 0) 0x7fdaa4004160 con 0x7fdab410a6d0
2024-04-20T10:22:45.346 INFO:teuthology.orchestra.run.smithi042.stdout:/usr/bin/ceph: stderr
2024-04-20T10:22:44.377+0000 7fdab2000700 1 -- 172.21.15.42:0/3397233833 <== mon.0 v2:172.21.15.42:3300/0 2 ==== config(27 keys) ==== 1109+0+0 (secure 0 0 0) 0x7fdaa4004300 con 0x7fdab410a6d0
2024-04-20T10:22:45.347 INFO:teuthology.orchestra.run.smithi042.stdout:/usr/bin/ceph: stderr
2024-04-20T10:22:44.377+0000 7fdab2000700 1 -- 172.21.15.42:0/3397233833 <== mon.0 v2:172.21.15.42:3300/0 3 ==== mon_map magic: 0 ==== 205+0+0 (secure 0 0 0) 0x7fdaa4011b50 con 0x7fdab410a6d0
2024-04-20T10:22:45.347 INFO:teuthology.orchestra.run.smithi042.stdout:/usr/bin/ceph: stderr
2024-04-20T10:22:44.378+0000 7fdaba400700 1 -- 172.21.15.42:0/3397233833 >> [v2:172.21.15.42:3300/0,v1:172.21.15.42:6789/0] conn(0x7fdab410a6d0 msgr2=0x7fdab410aaf0 secure :-1 s=STATE_CONNECTION_ESTABLISHED l=1).mark_down
2024-04-20T10:22:45.347 INFO:teuthology.orchestra.run.smithi042.stdout:/usr/bin/ceph: stderr
2024-04-20T10:22:44.378+0000 7fdaba400700 1 --2- 172.21.15.42:0/3397233833 >> [v2:172.21.15.42:3300/0,v1:172.21.15.42:6789/0] conn(0x7fdab410a6d0 0x7fdab410aaf0 secure :-1 s=READY pgs=20 cs=0 l=1 rev1=1 crypto rx=0x7fdaa40098a0 tx=0x7fdaa4009bb0 comp rx=0 tx=0).stop
2024-04-20T10:22:45.347 INFO:teuthology.orchestra.run.smithi042.stdout:/usr/bin/ceph: stderr
2024-04-20T10:22:44.378+0000 7fdaba400700 1 -- 172.21.15.42:0/3397233833 shutdown_connections
2024-04-20T10:22:45.347 INFO:teuthology.orchestra.run.smithi042.stdout:/usr/bin/ceph: stderr
2024-04-20T10:22:44.378+0000 7fdaba400700 1 --2- 172.21.15.42:0/3397233833 >> [v2:172.21.15.42:3300/0,v1:172.21.15.42:6789/0] conn(0x7fdab410a6d0 0x7fdab410aaf0 unknown :-1 s=CLOSED pgs=20 cs=0 l=1 rev1=1 crypto rx=0 tx=0 comp rx=0 tx=0).stop
2024-04-20T10:22:45.347 INFO:teuthology.orchestra.run.smithi042.stdout:/usr/bin/ceph: stderr
2024-04-20T10:22:44.378+0000 7fdaba400700 1 -- 172.21.15.42:0/3397233833 >> 172.21.15.42:0/3397233833 conn(0x7fdab407de10 msgr2=0x7fdab41084d0 unknown :-1 s=STATE_NONE l=0).mark_down
2024-04-20T10:22:45.349 INFO:teuthology.orchestra.run.smithi042.stdout:/usr/bin/ceph: stderr
2024-04-20T10:22:44.378+0000 7fdaba400700 1 -- 172.21.15.42:0/3397233833 shutdown_connections
2024-04-20T10:22:45.350 INFO:teuthology.orchestra.run.smithi042.stdout:/usr/bin/ceph: stderr
2024-04-20T10:22:44.378+0000 7fdaba400700 1 -- 172.21.15.42:0/3397233833 wait complete.
2024-04-20T10:22:45.350 INFO:teuthology.orchestra.run.smithi042.stdout:/usr/bin/ceph: stderr
2024-04-20T10:22:44.379+0000 7fdaba400700 1 Processor -- start
2024-04-20T10:22:45.350 INFO:teuthology.orchestra.run.smithi042.stdout:/usr/bin/ceph: stderr
2024-04-20T10:22:44.379+0000 7fdaba400700 1 -- start start
2024-04-20T10:22:45.350 INFO:teuthology.orchestra.run.smithi042.stdout:/usr/bin/ceph: stderr
2024-04-20T10:22:44.380+0000 7fdaba400700 1 --2- >> [v2:172.21.15.42:3300/0,v1:172.21.15.42:6789/0] conn(0x7fdab410a6d0 0x7fdab419e670 unknown :-1 s=NONE pgs=0 cs=0 l=1 rev1=0 crypto rx=0 tx=0 comp rx=0 tx=0).connect
2024-04-20T10:22:45.350 INFO:teuthology.orchestra.run.smithi042.stdout:/usr/bin/ceph: stderr
2024-04-20T10:22:44.380+0000 7fdaba400700 1 -- --> [v2:172.21.15.42:3300/0,v1:172.21.15.42:6789/0] -- mon_getmap magic: 0 -- 0x7fdab410ec30 con 0x7fdab410a6d0
2024-04-20T10:22:45.350 INFO:teuthology.orchestra.run.smithi042.stdout:/usr/bin/ceph: stderr
2024-04-20T10:22:44.380+0000 7fdab3400700 1 --2- >> [v2:172.21.15.42:3300/0,v1:172.21.15.42:6789/0] conn(0x7fdab410a6d0 0x7fdab419e670 unknown :-1 s=BANNER_CONNECTING pgs=0 cs=0 l=1 rev1=0 crypto rx=0 tx=0 comp rx=0 tx=0)._handle_peer_banner_payload supported=3 required=0
2024-04-20T10:22:45.350 INFO:teuthology.orchestra.run.smithi042.stdout:/usr/bin/ceph: stderr
2024-04-20T10:22:44.380+0000 7fdab3400700 1 --2- >> [v2:172.21.15.42:3300/0,v1:172.21.15.42:6789/0] conn(0x7fdab410a6d0 0x7fdab419e670 unknown :-1 s=HELLO_CONNECTING pgs=0 cs=0 l=1 rev1=1 crypto rx=0 tx=0 comp rx=0 tx=0).handle_hello peer v2:172.21.15.42:3300/0 says I am v2:172.21.15.42:39922/0 (socket says 172.21.15.42:39922)
2024-04-20T10:22:45.351 INFO:teuthology.orchestra.run.smithi042.stdout:/usr/bin/ceph: stderr
2024-04-20T10:22:44.380+0000 7fdab3400700 1 -- 172.21.15.42:0/2555774055 learned_addr learned my addr 172.21.15.42:0/2555774055 (peer_addr_for_me v2:172.21.15.42:0/0)
2024-04-20T10:22:45.351 INFO:teuthology.orchestra.run.smithi042.stdout:/usr/bin/ceph: stderr
2024-04-20T10:22:44.380+0000 7fdab3400700 1 -- 172.21.15.42:0/2555774055 --> [v2:172.21.15.42:3300/0,v1:172.21.15.42:6789/0] -- mon_subscribe({config=0+,monmap=0+}) -- 0x7fdab419ebb0 con 0x7fdab410a6d0
2024-04-20T10:22:45.351 INFO:teuthology.orchestra.run.smithi042.stdout:/usr/bin/ceph: stderr
2024-04-20T10:22:44.381+0000 7fdab3400700 1 --2- 172.21.15.42:0/2555774055 >> [v2:172.21.15.42:3300/0,v1:172.21.15.42:6789/0] conn(0x7fdab410a6d0 0x7fdab419e670 secure :-1 s=READY pgs=21 cs=0 l=1 rev1=1 crypto rx=0x7fdaa4011850 tx=0x7fdaa4011c10 comp rx=0 tx=0).ready entity=mon.0 client_cookie=0 server_cookie=0 in_seq=0 out_seq=0
2024-04-20T10:22:45.351 INFO:teuthology.orchestra.run.smithi042.stdout:/usr/bin/ceph: stderr
2024-04-20T10:22:44.381+0000 7fdaabe00700 1 -- 172.21.15.42:0/2555774055 <== mon.0 v2:172.21.15.42:3300/0 1 ==== mon_map magic: 0 ==== 205+0+0 (secure 0 0 0) 0x7fdaa4003af0 con 0x7fdab410a6d0
2024-04-20T10:22:45.351 INFO:teuthology.orchestra.run.smithi042.stdout:/usr/bin/ceph: stderr
2024-04-20T10:22:44.381+0000 7fdaabe00700 1 -- 172.21.15.42:0/2555774055 <== mon.0 v2:172.21.15.42:3300/0 2 ==== config(27 keys) ==== 1109+0+0 (secure 0 0 0) 0x7fdaa4020070 con 0x7fdab410a6d0
2024-04-20T10:22:45.351 INFO:teuthology.orchestra.run.smithi042.stdout:/usr/bin/ceph: stderr
2024-04-20T10:22:44.381+0000 7fdaabe00700 1 -- 172.21.15.42:0/2555774055 <== mon.0 v2:172.21.15.42:3300/0 3 ==== mon_map magic: 0 ==== 205+0+0 (secure 0 0 0) 0x7fdaa40195a0 con 0x7fdab410a6d0
2024-04-20T10:22:45.352 INFO:teuthology.orchestra.run.smithi042.stdout:/usr/bin/ceph: stderr
2024-04-20T10:22:44.381+0000 7fdaba400700 1 -- 172.21.15.42:0/2555774055 --> [v2:172.21.15.42:3300/0,v1:172.21.15.42:6789/0] -- mon_subscribe({mgrmap=0+}) -- 0x7fdab419ee40 con 0x7fdab410a6d0
2024-04-20T10:22:45.352 INFO:teuthology.orchestra.run.smithi042.stdout:/usr/bin/ceph: stderr
2024-04-20T10:22:44.381+0000 7fdaba400700 1 -- 172.21.15.42:0/2555774055 --> [v2:172.21.15.42:3300/0,v1:172.21.15.42:6789/0] -- mon_subscribe({osdmap=0}) -- 0x7fdab41a1b30 con 0x7fdab410a6d0
2024-04-20T10:22:45.352 INFO:teuthology.orchestra.run.smithi042.stdout:/usr/bin/ceph: stderr
2024-04-20T10:22:44.382+0000 7fdaabe00700 1 -- 172.21.15.42:0/2555774055 <== mon.0 v2:172.21.15.42:3300/0 4 ==== mgrmap(e 4) ==== 46547+0+0 (secure 0 0 0) 0x7fdaa4019850 con 0x7fdab410a6d0
2024-04-20T10:22:45.352 INFO:teuthology.orchestra.run.smithi042.stdout:/usr/bin/ceph: stderr
2024-04-20T10:22:44.382+0000 7fdaba400700 1 -- 172.21.15.42:0/2555774055 --> [v2:172.21.15.42:3300/0,v1:172.21.15.42:6789/0] -- mon_command({"prefix": "get_command_descriptions"} v 0) -- 0x7fdab40640b0 con 0x7fdab410a6d0
2024-04-20T10:22:45.352 INFO:teuthology.orchestra.run.smithi042.stdout:/usr/bin/ceph: stderr
2024-04-20T10:22:44.383+0000 7fdaabe00700 1 --2- 172.21.15.42:0/2555774055 >> [v2:172.21.15.42:6800/2556893432,v1:172.21.15.42:6801/2556893432] conn(0x7fda980395b0 0x7fda9803ba70 unknown :-1 s=NONE pgs=0 cs=0 l=1 rev1=0 crypto rx=0 tx=0 comp rx=0 tx=0).connect
2024-04-20T10:22:45.352 INFO:teuthology.orchestra.run.smithi042.stdout:/usr/bin/ceph: stderr
2024-04-20T10:22:44.383+0000 7fdaabe00700 1 -- 172.21.15.42:0/2555774055 <== mon.0 v2:172.21.15.42:3300/0 5 ==== osd_map(1..1 src has 1..1) ==== 725+0+0 (secure 0 0 0) 0x7fdaa4011e00 con 0x7fdab410a6d0
2024-04-20T10:22:45.353 INFO:teuthology.orchestra.run.smithi042.stdout:/usr/bin/ceph: stderr
2024-04-20T10:22:44.383+0000 7fdab2a00700 1 --2- 172.21.15.42:0/2555774055 >> [v2:172.21.15.42:6800/2556893432,v1:172.21.15.42:6801/2556893432] conn(0x7fda980395b0 0x7fda9803ba70 unknown :-1 s=BANNER_CONNECTING pgs=0 cs=0 l=1 rev1=0 crypto rx=0 tx=0 comp rx=0 tx=0)._handle_peer_banner_payload supported=3 required=0
2024-04-20T10:22:45.353 INFO:teuthology.orchestra.run.smithi042.stdout:/usr/bin/ceph: stderr
2024-04-20T10:22:44.384+0000 7fdab2a00700 1 --2- 172.21.15.42:0/2555774055 >> [v2:172.21.15.42:6800/2556893432,v1:172.21.15.42:6801/2556893432] conn(0x7fda980395b0 0x7fda9803ba70 secure :-1 s=READY pgs=7 cs=0 l=1 rev1=1 crypto rx=0x7fdaa0006fd0 tx=0x7fdaa0006e40 comp rx=0 tx=0).ready entity=mgr.14100 client_cookie=0 server_cookie=0 in_seq=0 out_seq=0
2024-04-20T10:22:45.353 INFO:teuthology.orchestra.run.smithi042.stdout:/usr/bin/ceph: stderr
2024-04-20T10:22:44.389+0000 7fdaabe00700 1 -- 172.21.15.42:0/2555774055 <== mon.0 v2:172.21.15.42:3300/0 6 ==== mon_command_ack([{"prefix": "get_command_descriptions"}]=0 v0) ==== 72+0+188381 (secure 0 0 0) 0x7fdaa400e260 con 0x7fdab410a6d0
2024-04-20T10:22:45.353 INFO:teuthology.orchestra.run.smithi042.stdout:/usr/bin/ceph: stderr
2024-04-20T10:22:44.617+0000 7fdaba400700 1 -- 172.21.15.42:0/2555774055 --> [v2:172.21.15.42:3300/0,v1:172.21.15.42:6789/0] -- mon_command({"prefix": "config assimilate-conf"} v 0) -- 0x7fdab41a1d00 con 0x7fdab410a6d0
2024-04-20T10:22:45.353 INFO:teuthology.orchestra.run.smithi042.stdout:/usr/bin/ceph: stderr
2024-04-20T10:22:44.619+0000 7fdaabe00700 1 -- 172.21.15.42:0/2555774055 <== mon.0 v2:172.21.15.42:3300/0 7 ==== mon_command_ack([{"prefix": "config assimilate-conf"}]=0 v3) ==== 70+0+373 (secure 0 0 0) 0x7fdab41a1d00 con 0x7fdab410a6d0
2024-04-20T10:22:45.353 INFO:teuthology.orchestra.run.smithi042.stdout:/usr/bin/ceph: stderr
2024-04-20T10:22:44.622+0000 7fdaba400700 1 -- 172.21.15.42:0/2555774055 >> [v2:172.21.15.42:6800/2556893432,v1:172.21.15.42:6801/2556893432] conn(0x7fda980395b0 msgr2=0x7fda9803ba70 secure :-1 s=STATE_CONNECTION_ESTABLISHED l=1).mark_down
2024-04-20T10:22:45.354 INFO:teuthology.orchestra.run.smithi042.stdout:/usr/bin/ceph: stderr
2024-04-20T10:22:44.622+0000 7fdaba400700 1 --2- 172.21.15.42:0/2555774055 >> [v2:172.21.15.42:6800/2556893432,v1:172.21.15.42:6801/2556893432] conn(0x7fda980395b0 0x7fda9803ba70 secure :-1 s=READY pgs=7 cs=0 l=1 rev1=1 crypto rx=0x7fdaa0006fd0 tx=0x7fdaa0006e40 comp rx=0 tx=0).stop
2024-04-20T10:22:45.354 INFO:teuthology.orchestra.run.smithi042.stdout:/usr/bin/ceph: stderr
2024-04-20T10:22:44.622+0000 7fdaba400700 1 -- 172.21.15.42:0/2555774055 >> [v2:172.21.15.42:3300/0,v1:172.21.15.42:6789/0] conn(0x7fdab410a6d0 msgr2=0x7fdab419e670 secure :-1 s=STATE_CONNECTION_ESTABLISHED l=1).mark_down
2024-04-20T10:22:45.354 INFO:teuthology.orchestra.run.smithi042.stdout:/usr/bin/ceph: stderr
2024-04-20T10:22:44.622+0000 7fdaba400700 1 --2- 172.21.15.42:0/2555774055 >> [v2:172.21.15.42:3300/0,v1:172.21.15.42:6789/0] conn(0x7fdab410a6d0 0x7fdab419e670 secure :-1 s=READY pgs=21 cs=0 l=1 rev1=1 crypto rx=0x7fdaa4011850 tx=0x7fdaa4011c10 comp rx=0 tx=0).stop
2024-04-20T10:22:45.354 INFO:teuthology.orchestra.run.smithi042.stdout:/usr/bin/ceph: stderr
2024-04-20T10:22:44.622+0000 7fdaba400700 1 -- 172.21.15.42:0/2555774055 shutdown_connections
2024-04-20T10:22:45.354 INFO:teuthology.orchestra.run.smithi042.stdout:/usr/bin/ceph: stderr
2024-04-20T10:22:44.622+0000 7fdaba400700 1 --2- 172.21.15.42:0/2555774055 >> [v2:172.21.15.42:6800/2556893432,v1:172.21.15.42:6801/2556893432] conn(0x7fda980395b0 0x7fda9803ba70 unknown :-1 s=CLOSED pgs=7 cs=0 l=1 rev1=1 crypto rx=0 tx=0 comp rx=0 tx=0).stop
2024-04-20T10:22:45.354 INFO:teuthology.orchestra.run.smithi042.stdout:/usr/bin/ceph: stderr
2024-04-20T10:22:44.622+0000 7fdaba400700 1 --2- 172.21.15.42:0/2555774055 >> [v2:172.21.15.42:3300/0,v1:172.21.15.42:6789/0] conn(0x7fdab410a6d0 0x7fdab419e670 unknown :-1 s=CLOSED pgs=21 cs=0 l=1 rev1=1 crypto rx=0 tx=0 comp rx=0 tx=0).stop
2024-04-20T10:22:45.354 INFO:teuthology.orchestra.run.smithi042.stdout:/usr/bin/ceph: stderr
2024-04-20T10:22:44.622+0000 7fdaba400700 1 -- 172.21.15.42:0/2555774055 >> 172.21.15.42:0/2555774055 conn(0x7fdab407de10 msgr2=0x7fdab4107c00 unknown :-1 s=STATE_NONE l=0).mark_down
2024-04-20T10:22:45.354 INFO:teuthology.orchestra.run.smithi042.stdout:/usr/bin/ceph: stderr
2024-04-20T10:22:44.622+0000 7fdaba400700 1 -- 172.21.15.42:0/2555774055 shutdown_connections
2024-04-20T10:22:45.354 INFO:teuthology.orchestra.run.smithi042.stdout:/usr/bin/ceph: stderr
2024-04-20T10:22:44.622+0000 7fdaba400700 1 -- 172.21.15.42:0/2555774055 wait complete.
2024-04-20T10:22:45.355 INFO:teuthology.orchestra.run.smithi042.stdout:Enabling cephadm module...
2024-04-20T10:22:46.603 INFO:journalctl@ceph.mon.a.smithi042.stdout:Apr 20 10:22:46 smithi042 ceph-mon[17078]: from='client.? 172.21.15.42:0/3137253655' entity='client.admin' cmd=[{"prefix": "mgr module enable", "module": "cephadm"}]: dispatch
2024-04-20T10:22:46.603 INFO:journalctl@ceph.mgr.x.smithi042.stdout:Apr 20 10:22:46 smithi042 ceph-83e8f766-feff-11ee-bc92-c7b262605968-mgr-x[17316]: ignoring --setuser ceph since I am not root
2024-04-20T10:22:46.603 INFO:journalctl@ceph.mgr.x.smithi042.stdout:Apr 20 10:22:46 smithi042 ceph-83e8f766-feff-11ee-bc92-c7b262605968-mgr-x[17316]: ignoring --setgroup ceph since I am not root
2024-04-20T10:22:46.904 INFO:journalctl@ceph.mgr.x.smithi042.stdout:Apr 20 10:22:46 smithi042 ceph-83e8f766-feff-11ee-bc92-c7b262605968-mgr-x[17316]:
2024-04-20T10:22:46.652+0000 7fc7234ee200 -1 mgr[py] Module balancer has missing NOTIFY_TYPES member
2024-04-20T10:22:46.904 INFO:journalctl@ceph.mgr.x.smithi042.stdout:Apr 20 10:22:46 smithi042 ceph-83e8f766-feff-11ee-bc92-c7b262605968-mgr-x[17316]:
2024-04-20T10:22:46.902+0000 7fc7234ee200 -1 mgr[py] Module orchestrator has missing NOTIFY_TYPES member
2024-04-20T10:22:47.071 INFO:teuthology.orchestra.run.smithi042.stdout:/usr/bin/ceph: stderr
2024-04-20T10:22:45.982+0000 7ff44e600700 1 Processor -- start
2024-04-20T10:22:47.071 INFO:teuthology.orchestra.run.smithi042.stdout:/usr/bin/ceph: stderr
2024-04-20T10:22:45.982+0000 7ff44e600700 1 -- start start
2024-04-20T10:22:47.071 INFO:teuthology.orchestra.run.smithi042.stdout:/usr/bin/ceph: stderr
2024-04-20T10:22:45.982+0000 7ff44e600700 1 --2- >> [v2:172.21.15.42:3300/0,v1:172.21.15.42:6789/0] conn(0x7ff44807de70 0x7ff44807c320 unknown :-1 s=NONE pgs=0 cs=0 l=0 rev1=0 crypto rx=0 tx=0 comp rx=0 tx=0).connect
2024-04-20T10:22:47.071 INFO:teuthology.orchestra.run.smithi042.stdout:/usr/bin/ceph: stderr
2024-04-20T10:22:45.983+0000 7ff44e600700 1 -- --> [v2:172.21.15.42:3300/0,v1:172.21.15.42:6789/0] -- mon_getmap magic: 0 -- 0x7ff44807c8f0 con 0x7ff44807de70
2024-04-20T10:22:47.071 INFO:teuthology.orchestra.run.smithi042.stdout:/usr/bin/ceph: stderr
2024-04-20T10:22:45.983+0000 7ff44d200700 1 --2- >> [v2:172.21.15.42:3300/0,v1:172.21.15.42:6789/0] conn(0x7ff44807de70 0x7ff44807c320 unknown :-1 s=BANNER_CONNECTING pgs=0 cs=0 l=0 rev1=0 crypto rx=0 tx=0 comp rx=0 tx=0)._handle_peer_banner_payload supported=3 required=0
2024-04-20T10:22:47.071 INFO:teuthology.orchestra.run.smithi042.stdout:/usr/bin/ceph: stderr
2024-04-20T10:22:45.983+0000 7ff44d200700 1 --2- >> [v2:172.21.15.42:3300/0,v1:172.21.15.42:6789/0] conn(0x7ff44807de70 0x7ff44807c320 unknown :-1 s=HELLO_CONNECTING pgs=0 cs=0 l=0 rev1=1 crypto rx=0 tx=0 comp rx=0 tx=0).handle_hello peer v2:172.21.15.42:3300/0 says I am v2:172.21.15.42:39932/0 (socket says 172.21.15.42:39932)
2024-04-20T10:22:47.072 INFO:teuthology.orchestra.run.smithi042.stdout:/usr/bin/ceph: stderr
2024-04-20T10:22:45.983+0000 7ff44d200700 1 -- 172.21.15.42:0/1599231826 learned_addr learned my addr 172.21.15.42:0/1599231826 (peer_addr_for_me v2:172.21.15.42:0/0)
2024-04-20T10:22:47.072 INFO:teuthology.orchestra.run.smithi042.stdout:/usr/bin/ceph: stderr
2024-04-20T10:22:45.983+0000 7ff44d200700 1 -- 172.21.15.42:0/1599231826 --> [v2:172.21.15.42:3300/0,v1:172.21.15.42:6789/0] -- mon_subscribe({config=0+,monmap=0+}) -- 0x7ff44807ca70 con 0x7ff44807de70
2024-04-20T10:22:47.072 INFO:teuthology.orchestra.run.smithi042.stdout:/usr/bin/ceph: stderr
2024-04-20T10:22:45.984+0000 7ff44d200700 1 --2- 172.21.15.42:0/1599231826 >> [v2:172.21.15.42:3300/0,v1:172.21.15.42:6789/0] conn(0x7ff44807de70 0x7ff44807c320 secure :-1 s=READY pgs=22 cs=0 l=1 rev1=1 crypto rx=0x7ff43c0098a0 tx=0x7ff43c009bb0 comp rx=0 tx=0).ready entity=mon.0 client_cookie=84ff7ffab05a81e0 server_cookie=0 in_seq=0 out_seq=0
2024-04-20T10:22:47.072 INFO:teuthology.orchestra.run.smithi042.stdout:/usr/bin/ceph: stderr
2024-04-20T10:22:45.984+0000 7ff447400700 1 -- 172.21.15.42:0/1599231826 <== mon.0 v2:172.21.15.42:3300/0 1 ==== mon_map magic: 0 ==== 205+0+0 (secure 0 0 0) 0x7ff43c004160 con 0x7ff44807de70
2024-04-20T10:22:47.072 INFO:teuthology.orchestra.run.smithi042.stdout:/usr/bin/ceph: stderr
2024-04-20T10:22:45.984+0000 7ff447400700 1 -- 172.21.15.42:0/1599231826 <== mon.0 v2:172.21.15.42:3300/0 2 ==== config(27 keys) ==== 1109+0+0 (secure 0 0 0) 0x7ff43c004300 con 0x7ff44807de70
2024-04-20T10:22:47.072 INFO:teuthology.orchestra.run.smithi042.stdout:/usr/bin/ceph: stderr
2024-04-20T10:22:45.984+0000 7ff447400700 1 -- 172.21.15.42:0/1599231826 <== mon.0 v2:172.21.15.42:3300/0 3 ==== mon_map magic: 0 ==== 205+0+0 (secure 0 0 0) 0x7ff43c011b50 con 0x7ff44807de70
2024-04-20T10:22:47.072 INFO:teuthology.orchestra.run.smithi042.stdout:/usr/bin/ceph: stderr
2024-04-20T10:22:45.985+0000 7ff44e600700 1 -- 172.21.15.42:0/1599231826 >> [v2:172.21.15.42:3300/0,v1:172.21.15.42:6789/0] conn(0x7ff44807de70 msgr2=0x7ff44807c320 secure :-1 s=STATE_CONNECTION_ESTABLISHED l=1).mark_down
2024-04-20T10:22:47.072 INFO:teuthology.orchestra.run.smithi042.stdout:/usr/bin/ceph: stderr
2024-04-20T10:22:45.985+0000 7ff44e600700 1 --2- 172.21.15.42:0/1599231826 >> [v2:172.21.15.42:3300/0,v1:172.21.15.42:6789/0] conn(0x7ff44807de70 0x7ff44807c320 secure :-1 s=READY pgs=22 cs=0 l=1 rev1=1 crypto rx=0x7ff43c0098a0 tx=0x7ff43c009bb0 comp rx=0 tx=0).stop
2024-04-20T10:22:47.072 INFO:teuthology.orchestra.run.smithi042.stdout:/usr/bin/ceph: stderr
2024-04-20T10:22:45.985+0000 7ff44e600700 1 -- 172.21.15.42:0/1599231826 shutdown_connections
2024-04-20T10:22:47.072 INFO:teuthology.orchestra.run.smithi042.stdout:/usr/bin/ceph: stderr
2024-04-20T10:22:45.985+0000 7ff44e600700 1 --2- 172.21.15.42:0/1599231826 >> [v2:172.21.15.42:3300/0,v1:172.21.15.42:6789/0] conn(0x7ff44807de70 0x7ff44807c320 unknown :-1 s=CLOSED pgs=22 cs=0 l=1 rev1=1 crypto rx=0 tx=0 comp rx=0 tx=0).stop
2024-04-20T10:22:47.072 INFO:teuthology.orchestra.run.smithi042.stdout:/usr/bin/ceph: stderr
2024-04-20T10:22:45.985+0000 7ff44e600700 1 -- 172.21.15.42:0/1599231826 >> 172.21.15.42:0/1599231826 conn(0x7ff4481038b0 msgr2=0x7ff448105cd0 unknown :-1 s=STATE_NONE l=0).mark_down
2024-04-20T10:22:47.072 INFO:teuthology.orchestra.run.smithi042.stdout:/usr/bin/ceph: stderr
2024-04-20T10:22:45.985+0000 7ff44e600700 1 -- 172.21.15.42:0/1599231826 shutdown_connections
2024-04-20T10:22:47.072 INFO:teuthology.orchestra.run.smithi042.stdout:/usr/bin/ceph: stderr
2024-04-20T10:22:45.985+0000 7ff44e600700 1 -- 172.21.15.42:0/1599231826 wait complete.
2024-04-20T10:22:47.072 INFO:teuthology.orchestra.run.smithi042.stdout:/usr/bin/ceph: stderr
2024-04-20T10:22:45.986+0000 7ff44e600700 1 Processor -- start
2024-04-20T10:22:47.072 INFO:teuthology.orchestra.run.smithi042.stdout:/usr/bin/ceph: stderr
2024-04-20T10:22:45.986+0000 7ff44e600700 1 -- start start
2024-04-20T10:22:47.072 INFO:teuthology.orchestra.run.smithi042.stdout:/usr/bin/ceph: stderr
2024-04-20T10:22:45.987+0000 7ff44e600700 1 --2- >> [v2:172.21.15.42:3300/0,v1:172.21.15.42:6789/0] conn(0x7ff44807de70 0x7ff44819e490 unknown :-1 s=NONE pgs=0 cs=0 l=1 rev1=0 crypto rx=0 tx=0 comp rx=0 tx=0).connect
2024-04-20T10:22:47.073 INFO:teuthology.orchestra.run.smithi042.stdout:/usr/bin/ceph: stderr
2024-04-20T10:22:45.987+0000 7ff44e600700 1 -- --> [v2:172.21.15.42:3300/0,v1:172.21.15.42:6789/0] -- mon_getmap magic: 0 -- 0x7ff44810e880 con 0x7ff44807de70
2024-04-20T10:22:47.073 INFO:teuthology.orchestra.run.smithi042.stdout:/usr/bin/ceph: stderr
2024-04-20T10:22:45.987+0000 7ff44d200700 1 --2- >> [v2:172.21.15.42:3300/0,v1:172.21.15.42:6789/0] conn(0x7ff44807de70 0x7ff44819e490 unknown :-1 s=BANNER_CONNECTING pgs=0 cs=0 l=1 rev1=0 crypto rx=0 tx=0 comp rx=0 tx=0)._handle_peer_banner_payload supported=3 required=0
2024-04-20T10:22:47.073 INFO:teuthology.orchestra.run.smithi042.stdout:/usr/bin/ceph: stderr
2024-04-20T10:22:45.987+0000 7ff44d200700 1 --2- >> [v2:172.21.15.42:3300/0,v1:172.21.15.42:6789/0] conn(0x7ff44807de70 0x7ff44819e490 unknown :-1 s=HELLO_CONNECTING pgs=0 cs=0 l=1 rev1=1 crypto rx=0 tx=0 comp rx=0 tx=0).handle_hello peer v2:172.21.15.42:3300/0 says I am v2:172.21.15.42:39944/0 (socket says 172.21.15.42:39944)
2024-04-20T10:22:47.073 INFO:teuthology.orchestra.run.smithi042.stdout:/usr/bin/ceph: stderr
2024-04-20T10:22:45.987+0000 7ff44d200700 1 -- 172.21.15.42:0/3137253655 learned_addr learned my addr 172.21.15.42:0/3137253655 (peer_addr_for_me v2:172.21.15.42:0/0)
2024-04-20T10:22:47.073 INFO:teuthology.orchestra.run.smithi042.stdout:/usr/bin/ceph: stderr
2024-04-20T10:22:45.987+0000 7ff44d200700 1 -- 172.21.15.42:0/3137253655 --> [v2:172.21.15.42:3300/0,v1:172.21.15.42:6789/0] -- mon_subscribe({config=0+,monmap=0+}) -- 0x7ff44819e9d0 con 0x7ff44807de70
2024-04-20T10:22:47.073 INFO:teuthology.orchestra.run.smithi042.stdout:/usr/bin/ceph: stderr
2024-04-20T10:22:45.988+0000 7ff44d200700 1 --2- 172.21.15.42:0/3137253655 >> [v2:172.21.15.42:3300/0,v1:172.21.15.42:6789/0] conn(0x7ff44807de70 0x7ff44819e490 secure :-1 s=READY pgs=23 cs=0 l=1 rev1=1 crypto rx=0x7ff43c011b60 tx=0x7ff43c011c40 comp rx=0 tx=0).ready entity=mon.0 client_cookie=0 server_cookie=0 in_seq=0 out_seq=0
2024-04-20T10:22:47.073 INFO:teuthology.orchestra.run.smithi042.stdout:/usr/bin/ceph: stderr
2024-04-20T10:22:45.988+0000 7ff445600700 1 -- 172.21.15.42:0/3137253655 <== mon.0 v2:172.21.15.42:3300/0 1 ==== mon_map magic: 0 ==== 205+0+0 (secure 0 0 0) 0x7ff43c003970 con 0x7ff44807de70
2024-04-20T10:22:47.073 INFO:teuthology.orchestra.run.smithi042.stdout:/usr/bin/ceph: stderr
2024-04-20T10:22:45.988+0000 7ff445600700 1 -- 172.21.15.42:0/3137253655 <== mon.0 v2:172.21.15.42:3300/0 2 ==== config(27 keys) ==== 1109+0+0 (secure 0 0 0) 0x7ff43c003b10 con 0x7ff44807de70
2024-04-20T10:22:47.073 INFO:teuthology.orchestra.run.smithi042.stdout:/usr/bin/ceph: stderr
2024-04-20T10:22:45.988+0000 7ff445600700 1 -- 172.21.15.42:0/3137253655 <== mon.0 v2:172.21.15.42:3300/0 3 ==== mon_map magic: 0 ==== 205+0+0 (secure 0 0 0) 0x7ff43c024610 con 0x7ff44807de70
2024-04-20T10:22:47.073 INFO:teuthology.orchestra.run.smithi042.stdout:/usr/bin/ceph: stderr
2024-04-20T10:22:45.988+0000 7ff44e600700 1 -- 172.21.15.42:0/3137253655 --> [v2:172.21.15.42:3300/0,v1:172.21.15.42:6789/0] -- mon_subscribe({mgrmap=0+}) -- 0x7ff44819ec60 con 0x7ff44807de70
2024-04-20T10:22:47.073 INFO:teuthology.orchestra.run.smithi042.stdout:/usr/bin/ceph: stderr
2024-04-20T10:22:45.988+0000 7ff44e600700 1 -- 172.21.15.42:0/3137253655 --> [v2:172.21.15.42:3300/0,v1:172.21.15.42:6789/0] -- mon_subscribe({osdmap=0}) -- 0x7ff4481a1950 con 0x7ff44807de70
2024-04-20T10:22:47.073 INFO:teuthology.orchestra.run.smithi042.stdout:/usr/bin/ceph: stderr
2024-04-20T10:22:45.989+0000 7ff44e600700 1 -- 172.21.15.42:0/3137253655 --> [v2:172.21.15.42:3300/0,v1:172.21.15.42:6789/0] -- mon_command({"prefix": "get_command_descriptions"} v 0) -- 0x7ff4480640b0 con 0x7ff44807de70
2024-04-20T10:22:47.073 INFO:teuthology.orchestra.run.smithi042.stdout:/usr/bin/ceph: stderr
2024-04-20T10:22:45.989+0000 7ff445600700 1 -- 172.21.15.42:0/3137253655 <== mon.0 v2:172.21.15.42:3300/0 4 ==== mgrmap(e 4) ==== 46547+0+0 (secure 0 0 0) 0x7ff43c01a9f0 con 0x7ff44807de70
2024-04-20T10:22:47.073 INFO:teuthology.orchestra.run.smithi042.stdout:/usr/bin/ceph: stderr
2024-04-20T10:22:45.990+0000 7ff445600700 1 --2- 172.21.15.42:0/3137253655 >> [v2:172.21.15.42:6800/2556893432,v1:172.21.15.42:6801/2556893432] conn(0x7ff4300395b0 0x7ff43003ba70 unknown :-1 s=NONE pgs=0 cs=0 l=1 rev1=0 crypto rx=0 tx=0 comp rx=0 tx=0).connect
2024-04-20T10:22:47.073 INFO:teuthology.orchestra.run.smithi042.stdout:/usr/bin/ceph: stderr
2024-04-20T10:22:45.990+0000 7ff445600700 1 -- 172.21.15.42:0/3137253655 <== mon.0 v2:172.21.15.42:3300/0 5 ==== osd_map(1..1 src has 1..1) ==== 725+0+0 (secure 0 0 0) 0x7ff43c011e00 con 0x7ff44807de70
2024-04-20T10:22:47.074 INFO:teuthology.orchestra.run.smithi042.stdout:/usr/bin/ceph: stderr
2024-04-20T10:22:45.990+0000 7ff447e00700 1 --2- 172.21.15.42:0/3137253655 >> [v2:172.21.15.42:6800/2556893432,v1:172.21.15.42:6801/2556893432] conn(0x7ff4300395b0 0x7ff43003ba70 unknown :-1 s=BANNER_CONNECTING pgs=0 cs=0 l=1 rev1=0 crypto rx=0 tx=0 comp rx=0 tx=0)._handle_peer_banner_payload supported=3 required=0
2024-04-20T10:22:47.074 INFO:teuthology.orchestra.run.smithi042.stdout:/usr/bin/ceph: stderr
2024-04-20T10:22:45.991+0000 7ff447e00700 1 --2- 172.21.15.42:0/3137253655 >> [v2:172.21.15.42:6800/2556893432,v1:172.21.15.42:6801/2556893432] conn(0x7ff4300395b0 0x7ff43003ba70 secure :-1 s=READY pgs=8 cs=0 l=1 rev1=1 crypto rx=0x7ff434006fd0 tx=0x7ff434006e40 comp rx=0 tx=0).ready entity=mgr.14100 client_cookie=0 server_cookie=0 in_seq=0 out_seq=0
2024-04-20T10:22:47.074 INFO:teuthology.orchestra.run.smithi042.stdout:/usr/bin/ceph: stderr
2024-04-20T10:22:45.996+0000 7ff445600700 1 -- 172.21.15.42:0/3137253655 <== mon.0 v2:172.21.15.42:3300/0 6 ==== mon_command_ack([{"prefix": "get_command_descriptions"}]=0 v0) ==== 72+0+188381 (secure 0 0 0) 0x7ff43c016260 con 0x7ff44807de70
2024-04-20T10:22:47.074 INFO:teuthology.orchestra.run.smithi042.stdout:/usr/bin/ceph: stderr
2024-04-20T10:22:46.287+0000 7ff44e600700 1 -- 172.21.15.42:0/3137253655 --> [v2:172.21.15.42:3300/0,v1:172.21.15.42:6789/0] -- mon_command({"prefix": "mgr module enable", "module": "cephadm"} v 0) -- 0x7ff4481a1b20 con 0x7ff44807de70
2024-04-20T10:22:47.074 INFO:teuthology.orchestra.run.smithi042.stdout:/usr/bin/ceph: stderr
2024-04-20T10:22:46.341+0000 7ff445600700 1 -- 172.21.15.42:0/3137253655 <== mon.0 v2:172.21.15.42:3300/0 7 ==== mon_command_ack([{"prefix": "mgr module enable", "module": "cephadm"}]=0 v5) ==== 86+0+0 (secure 0 0 0) 0x7ff4481a1b20 con 0x7ff44807de70
2024-04-20T10:22:47.075 INFO:teuthology.orchestra.run.smithi042.stdout:/usr/bin/ceph: stderr
2024-04-20T10:22:46.345+0000 7ff44e600700 1 -- 172.21.15.42:0/3137253655 >> [v2:172.21.15.42:6800/2556893432,v1:172.21.15.42:6801/2556893432] conn(0x7ff4300395b0 msgr2=0x7ff43003ba70 secure :-1 s=STATE_CONNECTION_ESTABLISHED l=1).mark_down
2024-04-20T10:22:47.075 INFO:teuthology.orchestra.run.smithi042.stdout:/usr/bin/ceph: stderr
2024-04-20T10:22:46.345+0000 7ff44e600700 1 --2- 172.21.15.42:0/3137253655 >> [v2:172.21.15.42:6800/2556893432,v1:172.21.15.42:6801/2556893432] conn(0x7ff4300395b0 0x7ff43003ba70 secure :-1 s=READY pgs=8 cs=0 l=1 rev1=1 crypto rx=0x7ff434006fd0 tx=0x7ff434006e40 comp rx=0 tx=0).stop
2024-04-20T10:22:47.075 INFO:teuthology.orchestra.run.smithi042.stdout:/usr/bin/ceph: stderr
2024-04-20T10:22:46.345+0000 7ff44e600700 1 -- 172.21.15.42:0/3137253655 >> [v2:172.21.15.42:3300/0,v1:172.21.15.42:6789/0] conn(0x7ff44807de70 msgr2=0x7ff44819e490 secure :-1 s=STATE_CONNECTION_ESTABLISHED l=1).mark_down
2024-04-20T10:22:47.075 INFO:teuthology.orchestra.run.smithi042.stdout:/usr/bin/ceph: stderr
2024-04-20T10:22:46.345+0000 7ff445600700 1 -- 172.21.15.42:0/3137253655 <== mon.0 v2:172.21.15.42:3300/0 8 ==== mgrmap(e 5) ==== 46558+0+0 (secure 0 0 0) 0x7ff43c024c40 con 0x7ff44807de70
2024-04-20T10:22:47.075 INFO:teuthology.orchestra.run.smithi042.stdout:/usr/bin/ceph: stderr
2024-04-20T10:22:46.346+0000 7ff44e600700 1 --2- 172.21.15.42:0/3137253655 >> [v2:172.21.15.42:3300/0,v1:172.21.15.42:6789/0] conn(0x7ff44807de70 0x7ff44819e490 secure :-1 s=READY pgs=23 cs=0 l=1 rev1=1 crypto rx=0x7ff43c011b60 tx=0x7ff43c011c40 comp rx=0 tx=0).stop
2024-04-20T10:22:47.075 INFO:teuthology.orchestra.run.smithi042.stdout:/usr/bin/ceph: stderr
2024-04-20T10:22:46.346+0000 7ff44e600700 1 -- 172.21.15.42:0/3137253655 shutdown_connections
2024-04-20T10:22:47.076 INFO:teuthology.orchestra.run.smithi042.stdout:/usr/bin/ceph: stderr
2024-04-20T10:22:46.346+0000 7ff44e600700 1 --2- 172.21.15.42:0/3137253655 >> [v2:172.21.15.42:6800/2556893432,v1:172.21.15.42:6801/2556893432] conn(0x7ff4300395b0 0x7ff43003ba70 unknown :-1 s=CLOSED pgs=8 cs=0 l=1 rev1=1 crypto rx=0 tx=0 comp rx=0 tx=0).stop
2024-04-20T10:22:47.076 INFO:teuthology.orchestra.run.smithi042.stdout:/usr/bin/ceph: stderr
2024-04-20T10:22:46.346+0000 7ff44e600700 1 --2- 172.21.15.42:0/3137253655 >> [v2:172.21.15.42:3300/0,v1:172.21.15.42:6789/0] conn(0x7ff44807de70 0x7ff44819e490 unknown :-1 s=CLOSED pgs=23 cs=0 l=1 rev1=1 crypto rx=0 tx=0 comp rx=0 tx=0).stop
2024-04-20T10:22:47.076 INFO:teuthology.orchestra.run.smithi042.stdout:/usr/bin/ceph: stderr
2024-04-20T10:22:46.346+0000 7ff44e600700 1 -- 172.21.15.42:0/3137253655 >> 172.21.15.42:0/3137253655 conn(0x7ff4481038b0 msgr2=0x7ff448104450 unknown :-1 s=STATE_NONE l=0).mark_down
2024-04-20T10:22:47.076 INFO:teuthology.orchestra.run.smithi042.stdout:/usr/bin/ceph: stderr
2024-04-20T10:22:46.346+0000 7ff44e600700 1 -- 172.21.15.42:0/3137253655 shutdown_connections
2024-04-20T10:22:47.076 INFO:teuthology.orchestra.run.smithi042.stdout:/usr/bin/ceph: stderr
2024-04-20T10:22:46.347+0000 7ff44e600700 1 -- 172.21.15.42:0/3137253655 wait complete.
2024-04-20T10:22:47.223 INFO:journalctl@ceph.mgr.x.smithi042.stdout:Apr 20 10:22:47 smithi042 ceph-83e8f766-feff-11ee-bc92-c7b262605968-mgr-x[17316]:
2024-04-20T10:22:47.038+0000 7fc7234ee200 -1 mgr[py] Module snap_schedule has missing NOTIFY_TYPES member
2024-04-20T10:22:47.486 INFO:journalctl@ceph.mon.a.smithi042.stdout:Apr 20 10:22:47 smithi042 ceph-mon[17078]: from='client.? 172.21.15.42:0/3137253655' entity='client.admin' cmd='[{"prefix": "mgr module enable", "module": "cephadm"}]': finished
2024-04-20T10:22:47.486 INFO:journalctl@ceph.mon.a.smithi042.stdout:Apr 20 10:22:47 smithi042 ceph-mon[17078]: mgrmap e5: x(active, since 5s)
2024-04-20T10:22:47.487 INFO:journalctl@ceph.mgr.x.smithi042.stdout:Apr 20 10:22:47 smithi042 ceph-83e8f766-feff-11ee-bc92-c7b262605968-mgr-x[17316]:
2024-04-20T10:22:47.460+0000 7fc7234ee200 -1 mgr[py] Module progress has missing NOTIFY_TYPES member
2024-04-20T10:22:47.853 INFO:journalctl@ceph.mgr.x.smithi042.stdout:Apr 20 10:22:47 smithi042 ceph-83e8f766-feff-11ee-bc92-c7b262605968-mgr-x[17316]:
2024-04-20T10:22:47.578+0000 7fc7234ee200 -1 mgr[py] Module influx has missing NOTIFY_TYPES member
2024-04-20T10:22:48.603 INFO:journalctl@ceph.mon.a.smithi042.stdout:Apr 20 10:22:48 smithi042 ceph-mon[17078]: from='client.? 172.21.15.42:0/882876836' entity='client.admin' cmd=[{"prefix": "mgr stat"}]: dispatch
2024-04-20T10:22:48.645 INFO:teuthology.orchestra.run.smithi042.stdout:/usr/bin/ceph: stdout {
2024-04-20T10:22:48.645 INFO:teuthology.orchestra.run.smithi042.stdout:/usr/bin/ceph: stdout "epoch": 5,
2024-04-20T10:22:48.645 INFO:teuthology.orchestra.run.smithi042.stdout:/usr/bin/ceph: stdout "available": true,
2024-04-20T10:22:48.645 INFO:teuthology.orchestra.run.smithi042.stdout:/usr/bin/ceph: stdout "active_name": "x",
2024-04-20T10:22:48.645 INFO:teuthology.orchestra.run.smithi042.stdout:/usr/bin/ceph: stdout "num_standby": 0
2024-04-20T10:22:48.645 INFO:teuthology.orchestra.run.smithi042.stdout:/usr/bin/ceph: stdout }
2024-04-20T10:22:48.645 INFO:teuthology.orchestra.run.smithi042.stdout:/usr/bin/ceph: stderr
2024-04-20T10:22:47.643+0000 7f8a71e00700 1 Processor -- start
2024-04-20T10:22:48.646 INFO:teuthology.orchestra.run.smithi042.stdout:/usr/bin/ceph: stderr
2024-04-20T10:22:47.643+0000 7f8a71e00700 1 -- start start
2024-04-20T10:22:48.646 INFO:teuthology.orchestra.run.smithi042.stdout:/usr/bin/ceph: stderr
2024-04-20T10:22:47.644+0000 7f8a71e00700 1 --2- >> [v2:172.21.15.42:3300/0,v1:172.21.15.42:6789/0] conn(0x7f8a6c108d60 0x7f8a6c10b150 unknown :-1 s=NONE pgs=0 cs=0 l=0 rev1=0 crypto rx=0 tx=0 comp rx=0 tx=0).connect
2024-04-20T10:22:48.646 INFO:teuthology.orchestra.run.smithi042.stdout:/usr/bin/ceph: stderr
2024-04-20T10:22:47.644+0000 7f8a71e00700 1 -- --> [v2:172.21.15.42:3300/0,v1:172.21.15.42:6789/0] -- mon_getmap magic: 0 -- 0x7f8a6c07be90 con 0x7f8a6c108d60
2024-04-20T10:22:48.646 INFO:teuthology.orchestra.run.smithi042.stdout:/usr/bin/ceph: stderr
2024-04-20T10:22:47.644+0000 7f8a70a00700 1 --2- >> [v2:172.21.15.42:3300/0,v1:172.21.15.42:6789/0] conn(0x7f8a6c108d60 0x7f8a6c10b150 unknown :-1 s=BANNER_CONNECTING pgs=0 cs=0 l=0 rev1=0 crypto rx=0 tx=0 comp rx=0 tx=0)._handle_peer_banner_payload supported=3 required=0
2024-04-20T10:22:48.646 INFO:teuthology.orchestra.run.smithi042.stdout:/usr/bin/ceph: stderr
2024-04-20T10:22:47.644+0000 7f8a70a00700 1 --2- >> [v2:172.21.15.42:3300/0,v1:172.21.15.42:6789/0] conn(0x7f8a6c108d60 0x7f8a6c10b150 unknown :-1 s=HELLO_CONNECTING pgs=0 cs=0 l=0 rev1=1 crypto rx=0 tx=0 comp rx=0 tx=0).handle_hello peer v2:172.21.15.42:3300/0 says I am v2:172.21.15.42:39970/0 (socket says 172.21.15.42:39970)
2024-04-20T10:22:48.646 INFO:teuthology.orchestra.run.smithi042.stdout:/usr/bin/ceph: stderr
2024-04-20T10:22:47.644+0000 7f8a70a00700 1 -- 172.21.15.42:0/1093708347 learned_addr learned my addr 172.21.15.42:0/1093708347 (peer_addr_for_me v2:172.21.15.42:0/0)
2024-04-20T10:22:48.646 INFO:teuthology.orchestra.run.smithi042.stdout:/usr/bin/ceph: stderr
2024-04-20T10:22:47.645+0000 7f8a70a00700 1 -- 172.21.15.42:0/1093708347 --> [v2:172.21.15.42:3300/0,v1:172.21.15.42:6789/0] -- mon_subscribe({config=0+,monmap=0+}) -- 0x7f8a6c10b690 con 0x7f8a6c108d60
2024-04-20T10:22:48.646 INFO:teuthology.orchestra.run.smithi042.stdout:/usr/bin/ceph: stderr
2024-04-20T10:22:47.645+0000 7f8a70a00700 1 --2- 172.21.15.42:0/1093708347 >> [v2:172.21.15.42:3300/0,v1:172.21.15.42:6789/0] conn(0x7f8a6c108d60 0x7f8a6c10b150 secure :-1 s=READY pgs=26 cs=0 l=1 rev1=1 crypto rx=0x7f8a600098a0 tx=0x7f8a60009bb0 comp rx=0 tx=0).ready entity=mon.0 client_cookie=332cf9044e6e0098 server_cookie=0 in_seq=0 out_seq=0
2024-04-20T10:22:48.646 INFO:teuthology.orchestra.run.smithi042.stdout:/usr/bin/ceph: stderr
2024-04-20T10:22:47.645+0000 7f8a6b400700 1 -- 172.21.15.42:0/1093708347 <== mon.0 v2:172.21.15.42:3300/0 1 ==== mon_map magic: 0 ==== 205+0+0 (secure 0 0 0) 0x7f8a60004160 con 0x7f8a6c108d60
2024-04-20T10:22:48.646 INFO:teuthology.orchestra.run.smithi042.stdout:/usr/bin/ceph: stderr
2024-04-20T10:22:47.645+0000 7f8a6b400700 1 -- 172.21.15.42:0/1093708347 <== mon.0 v2:172.21.15.42:3300/0 2 ==== config(27 keys) ==== 1109+0+0 (secure 0 0 0) 0x7f8a60004300 con 0x7f8a6c108d60
2024-04-20T10:22:48.646 INFO:teuthology.orchestra.run.smithi042.stdout:/usr/bin/ceph: stderr
2024-04-20T10:22:47.645+0000 7f8a6b400700 1 -- 172.21.15.42:0/1093708347 <== mon.0 v2:172.21.15.42:3300/0 3 ==== mon_map magic: 0 ==== 205+0+0 (secure 0 0 0) 0x7f8a60011b50 con 0x7f8a6c108d60
2024-04-20T10:22:48.646 INFO:teuthology.orchestra.run.smithi042.stdout:/usr/bin/ceph: stderr
2024-04-20T10:22:47.646+0000 7f8a71e00700 1 -- 172.21.15.42:0/1093708347 >> [v2:172.21.15.42:3300/0,v1:172.21.15.42:6789/0] conn(0x7f8a6c108d60 msgr2=0x7f8a6c10b150 secure :-1 s=STATE_CONNECTION_ESTABLISHED l=1).mark_down
2024-04-20T10:22:48.646 INFO:teuthology.orchestra.run.smithi042.stdout:/usr/bin/ceph: stderr
2024-04-20T10:22:47.646+0000 7f8a71e00700 1 --2- 172.21.15.42:0/1093708347 >> [v2:172.21.15.42:3300/0,v1:172.21.15.42:6789/0] conn(0x7f8a6c108d60 0x7f8a6c10b150 secure :-1 s=READY pgs=26 cs=0 l=1 rev1=1 crypto rx=0x7f8a600098a0 tx=0x7f8a60009bb0 comp rx=0 tx=0).stop
2024-04-20T10:22:48.647 INFO:teuthology.orchestra.run.smithi042.stdout:/usr/bin/ceph: stderr
2024-04-20T10:22:47.646+0000 7f8a71e00700 1 -- 172.21.15.42:0/1093708347 shutdown_connections
2024-04-20T10:22:48.647 INFO:teuthology.orchestra.run.smithi042.stdout:/usr/bin/ceph: stderr
2024-04-20T10:22:47.646+0000 7f8a71e00700 1 --2- 172.21.15.42:0/1093708347 >> [v2:172.21.15.42:3300/0,v1:172.21.15.42:6789/0] conn(0x7f8a6c108d60 0x7f8a6c10b150 unknown :-1 s=CLOSED pgs=26 cs=0 l=1 rev1=1 crypto rx=0 tx=0 comp rx=0 tx=0).stop
2024-04-20T10:22:48.647 INFO:teuthology.orchestra.run.smithi042.stdout:/usr/bin/ceph: stderr
2024-04-20T10:22:47.646+0000 7f8a71e00700 1 -- 172.21.15.42:0/1093708347 >> 172.21.15.42:0/1093708347 conn(0x7f8a6c102790 msgr2=0x7f8a6c104bb0 unknown :-1 s=STATE_NONE l=0).mark_down
2024-04-20T10:22:48.647 INFO:teuthology.orchestra.run.smithi042.stdout:/usr/bin/ceph: stderr
2024-04-20T10:22:47.646+0000 7f8a71e00700 1 -- 172.21.15.42:0/1093708347 shutdown_connections
2024-04-20T10:22:48.647 INFO:teuthology.orchestra.run.smithi042.stdout:/usr/bin/ceph: stderr
2024-04-20T10:22:47.647+0000 7f8a71e00700 1 -- 172.21.15.42:0/1093708347 wait complete.
2024-04-20T10:22:48.647 INFO:teuthology.orchestra.run.smithi042.stdout:/usr/bin/ceph: stderr
2024-04-20T10:22:47.647+0000 7f8a71e00700 1 Processor -- start
2024-04-20T10:22:48.647 INFO:teuthology.orchestra.run.smithi042.stdout:/usr/bin/ceph: stderr
2024-04-20T10:22:47.648+0000 7f8a71e00700 1 -- start start
2024-04-20T10:22:48.647 INFO:teuthology.orchestra.run.smithi042.stdout:/usr/bin/ceph: stderr
2024-04-20T10:22:47.648+0000 7f8a71e00700 1 --2- >> [v2:172.21.15.42:3300/0,v1:172.21.15.42:6789/0] conn(0x7f8a6c108d60 0x7f8a6c1085e0 unknown :-1 s=NONE pgs=0 cs=0 l=1 rev1=0 crypto rx=0 tx=0 comp rx=0 tx=0).connect
