2024-04-20T10:56:10.075+0000 7fcae5c00700 1 Processor -- start
2024-04-20T10:56:11.336 INFO:teuthology.orchestra.run.smithi117.stdout:/usr/bin/ceph: stderr
2024-04-20T10:56:10.075+0000 7fcae5c00700 1 -- start start
2024-04-20T10:56:11.336 INFO:teuthology.orchestra.run.smithi117.stdout:/usr/bin/ceph: stderr
2024-04-20T10:56:10.076+0000 7fcae5c00700 1 --2- >> [v2:172.21.15.117:3300/0,v1:172.21.15.117:6789/0] conn(0x7fcae0104e40 0x7fcae019c4a0 unknown :-1 s=NONE pgs=0 cs=0 l=1 rev1=0 crypto rx=0 tx=0 comp rx=0 tx=0).connect
2024-04-20T10:56:11.336 INFO:teuthology.orchestra.run.smithi117.stdout:/usr/bin/ceph: stderr
2024-04-20T10:56:10.076+0000 7fcae5c00700 1 -- --> [v2:172.21.15.117:3300/0,v1:172.21.15.117:6789/0] -- mon_getmap magic: 0 v1 -- 0x7fcae019c9e0 con 0x7fcae0104e40
2024-04-20T10:56:11.336 INFO:teuthology.orchestra.run.smithi117.stdout:/usr/bin/ceph: stderr
2024-04-20T10:56:10.076+0000 7fcadea00700 1 --2- >> [v2:172.21.15.117:3300/0,v1:172.21.15.117:6789/0] conn(0x7fcae0104e40 0x7fcae019c4a0 unknown :-1 s=BANNER_CONNECTING pgs=0 cs=0 l=1 rev1=0 crypto rx=0 tx=0 comp rx=0 tx=0)._handle_peer_banner_payload supported=3 required=0
2024-04-20T10:56:11.336 INFO:teuthology.orchestra.run.smithi117.stdout:/usr/bin/ceph: stderr
2024-04-20T10:56:10.076+0000 7fcadea00700 1 --2- >> [v2:172.21.15.117:3300/0,v1:172.21.15.117:6789/0] conn(0x7fcae0104e40 0x7fcae019c4a0 unknown :-1 s=HELLO_CONNECTING pgs=0 cs=0 l=1 rev1=1 crypto rx=0 tx=0 comp rx=0 tx=0).handle_hello peer v2:172.21.15.117:3300/0 says I am v2:172.21.15.117:60300/0 (socket says 172.21.15.117:60300)
2024-04-20T10:56:11.336 INFO:teuthology.orchestra.run.smithi117.stdout:/usr/bin/ceph: stderr
2024-04-20T10:56:10.076+0000 7fcadea00700 1 -- 172.21.15.117:0/3910091140 learned_addr learned my addr 172.21.15.117:0/3910091140 (peer_addr_for_me v2:172.21.15.117:0/0)
2024-04-20T10:56:11.337 INFO:teuthology.orchestra.run.smithi117.stdout:/usr/bin/ceph: stderr
2024-04-20T10:56:10.076+0000 7fcadea00700 1 -- 172.21.15.117:0/3910091140 --> [v2:172.21.15.117:3300/0,v1:172.21.15.117:6789/0] -- mon_subscribe({config=0+,monmap=0+}) v3 -- 0x7fcad0009550 con 0x7fcae0104e40
2024-04-20T10:56:11.337 INFO:teuthology.orchestra.run.smithi117.stdout:/usr/bin/ceph: stderr
2024-04-20T10:56:10.076+0000 7fcadea00700 1 --2- 172.21.15.117:0/3910091140 >> [v2:172.21.15.117:3300/0,v1:172.21.15.117:6789/0] conn(0x7fcae0104e40 0x7fcae019c4a0 secure :-1 s=READY pgs=42 cs=0 l=1 rev1=1 crypto rx=0x7fcad0011710 tx=0x7fcad00047c0 comp rx=0 tx=0).ready entity=mon.0 client_cookie=0 server_cookie=0 in_seq=0 out_seq=0
2024-04-20T10:56:11.337 INFO:teuthology.orchestra.run.smithi117.stdout:/usr/bin/ceph: stderr
2024-04-20T10:56:10.077+0000 7fcad7400700 1 -- 172.21.15.117:0/3910091140 <== mon.0 v2:172.21.15.117:3300/0 1 ==== mon_map magic: 0 v1 ==== 229+0+0 (secure 0 0 0) 0x7fcad0003b10 con 0x7fcae0104e40
2024-04-20T10:56:11.337 INFO:teuthology.orchestra.run.smithi117.stdout:/usr/bin/ceph: stderr
2024-04-20T10:56:10.077+0000 7fcad7400700 1 -- 172.21.15.117:0/3910091140 <== mon.0 v2:172.21.15.117:3300/0 2 ==== config(27 keys) v1 ==== 1042+0+0 (secure 0 0 0) 0x7fcad001b8c0 con 0x7fcae0104e40
2024-04-20T10:56:11.337 INFO:teuthology.orchestra.run.smithi117.stdout:/usr/bin/ceph: stderr
2024-04-20T10:56:10.077+0000 7fcad7400700 1 -- 172.21.15.117:0/3910091140 <== mon.0 v2:172.21.15.117:3300/0 3 ==== mon_map magic: 0 v1 ==== 229+0+0 (secure 0 0 0) 0x7fcad00197e0 con 0x7fcae0104e40
2024-04-20T10:56:11.337 INFO:teuthology.orchestra.run.smithi117.stdout:/usr/bin/ceph: stderr
2024-04-20T10:56:10.077+0000 7fcae5c00700 1 -- 172.21.15.117:0/3910091140 --> [v2:172.21.15.117:3300/0,v1:172.21.15.117:6789/0] -- mon_subscribe({mgrmap=0+}) v3 -- 0x7fcae019cbe0 con 0x7fcae0104e40
2024-04-20T10:56:11.337 INFO:teuthology.orchestra.run.smithi117.stdout:/usr/bin/ceph: stderr
2024-04-20T10:56:10.077+0000 7fcae5c00700 1 -- 172.21.15.117:0/3910091140 --> [v2:172.21.15.117:3300/0,v1:172.21.15.117:6789/0] -- mon_subscribe({osdmap=0}) v3 -- 0x7fcae019d080 con 0x7fcae0104e40
2024-04-20T10:56:11.337 INFO:teuthology.orchestra.run.smithi117.stdout:/usr/bin/ceph: stderr
2024-04-20T10:56:10.078+0000 7fcad7400700 1 -- 172.21.15.117:0/3910091140 <== mon.0 v2:172.21.15.117:3300/0 4 ==== mgrmap(e 8) v1 ==== 45556+0+0 (secure 0 0 0) 0x7fcad001ba30 con 0x7fcae0104e40
2024-04-20T10:56:11.337 INFO:teuthology.orchestra.run.smithi117.stdout:/usr/bin/ceph: stderr
2024-04-20T10:56:10.078+0000 7fcae5c00700 1 -- 172.21.15.117:0/3910091140 --> [v2:172.21.15.117:3300/0,v1:172.21.15.117:6789/0] -- mon_command({"prefix": "get_command_descriptions"} v 0) v1 -- 0x7fcae0196210 con 0x7fcae0104e40
2024-04-20T10:56:11.337 INFO:teuthology.orchestra.run.smithi117.stdout:/usr/bin/ceph: stderr
2024-04-20T10:56:10.078+0000 7fcad7400700 1 --2- 172.21.15.117:0/3910091140 >> [v2:172.21.15.117:6800/2597372910,v1:172.21.15.117:6801/2597372910] conn(0x7fcac4038770 0x7fcac403ac30 unknown :-1 s=NONE pgs=0 cs=0 l=1 rev1=0 crypto rx=0 tx=0 comp rx=0 tx=0).connect
2024-04-20T10:56:11.337 INFO:teuthology.orchestra.run.smithi117.stdout:/usr/bin/ceph: stderr
2024-04-20T10:56:10.079+0000 7fcad7400700 1 -- 172.21.15.117:0/3910091140 <== mon.0 v2:172.21.15.117:3300/0 5 ==== osd_map(2..2 src has 1..2) v4 ==== 940+0+0 (secure 0 0 0) 0x7fcad004c900 con 0x7fcae0104e40
2024-04-20T10:56:11.337 INFO:teuthology.orchestra.run.smithi117.stdout:/usr/bin/ceph: stderr
2024-04-20T10:56:10.079+0000 7fcade000700 1 --2- 172.21.15.117:0/3910091140 >> [v2:172.21.15.117:6800/2597372910,v1:172.21.15.117:6801/2597372910] conn(0x7fcac4038770 0x7fcac403ac30 unknown :-1 s=BANNER_CONNECTING pgs=0 cs=0 l=1 rev1=0 crypto rx=0 tx=0 comp rx=0 tx=0)._handle_peer_banner_payload supported=3 required=0
2024-04-20T10:56:11.337 INFO:teuthology.orchestra.run.smithi117.stdout:/usr/bin/ceph: stderr
2024-04-20T10:56:10.079+0000 7fcade000700 1 --2- 172.21.15.117:0/3910091140 >> [v2:172.21.15.117:6800/2597372910,v1:172.21.15.117:6801/2597372910] conn(0x7fcac4038770 0x7fcac403ac30 secure :-1 s=READY pgs=9 cs=0 l=1 rev1=1 crypto rx=0x7fcacc006fd0 tx=0x7fcacc006e40 comp rx=0 tx=0).ready entity=mgr.14120 client_cookie=0 server_cookie=0 in_seq=0 out_seq=0
2024-04-20T10:56:11.337 INFO:teuthology.orchestra.run.smithi117.stdout:/usr/bin/ceph: stderr
2024-04-20T10:56:10.084+0000 7fcad7400700 1 -- 172.21.15.117:0/3910091140 <== mon.0 v2:172.21.15.117:3300/0 6 ==== mon_command_ack([{"prefix": "get_command_descriptions"}]=0 v0) v1 ==== 72+0+183351 (secure 0 0 0) 0x7fcad001bce0 con 0x7fcae0104e40
2024-04-20T10:56:11.338 INFO:teuthology.orchestra.run.smithi117.stdout:/usr/bin/ceph: stderr
2024-04-20T10:56:10.304+0000 7fcae5c00700 1 -- 172.21.15.117:0/3910091140 --> [v2:172.21.15.117:6800/2597372910,v1:172.21.15.117:6801/2597372910] -- mgr_command(tid 0: {"prefix": "cephadm generate-key", "target": ["mon-mgr", ""]}) v1 -- 0x7fcae002cfb0 con 0x7fcac4038770
2024-04-20T10:56:11.338 INFO:teuthology.orchestra.run.smithi117.stdout:/usr/bin/ceph: stderr
2024-04-20T10:56:10.614+0000 7fcad7400700 1 -- 172.21.15.117:0/3910091140 <== mgr.14120 v2:172.21.15.117:6800/2597372910 1 ==== mgr_command_reply(tid 0: 0 ) v1 ==== 8+0+0 (secure 0 0 0) 0x7fcae002cfb0 con 0x7fcac4038770
2024-04-20T10:56:11.338 INFO:teuthology.orchestra.run.smithi117.stdout:/usr/bin/ceph: stderr
2024-04-20T10:56:10.617+0000 7fcae5c00700 1 -- 172.21.15.117:0/3910091140 >> [v2:172.21.15.117:6800/2597372910,v1:172.21.15.117:6801/2597372910] conn(0x7fcac4038770 msgr2=0x7fcac403ac30 secure :-1 s=STATE_CONNECTION_ESTABLISHED l=1).mark_down
2024-04-20T10:56:11.338 INFO:teuthology.orchestra.run.smithi117.stdout:/usr/bin/ceph: stderr
2024-04-20T10:56:10.617+0000 7fcae5c00700 1 --2- 172.21.15.117:0/3910091140 >> [v2:172.21.15.117:6800/2597372910,v1:172.21.15.117:6801/2597372910] conn(0x7fcac4038770 0x7fcac403ac30 secure :-1 s=READY pgs=9 cs=0 l=1 rev1=1 crypto rx=0x7fcacc006fd0 tx=0x7fcacc006e40 comp rx=0 tx=0).stop
2024-04-20T10:56:11.338 INFO:teuthology.orchestra.run.smithi117.stdout:/usr/bin/ceph: stderr
2024-04-20T10:56:10.617+0000 7fcae5c00700 1 -- 172.21.15.117:0/3910091140 >> [v2:172.21.15.117:3300/0,v1:172.21.15.117:6789/0] conn(0x7fcae0104e40 msgr2=0x7fcae019c4a0 secure :-1 s=STATE_CONNECTION_ESTABLISHED l=1).mark_down
2024-04-20T10:56:11.338 INFO:teuthology.orchestra.run.smithi117.stdout:/usr/bin/ceph: stderr
2024-04-20T10:56:10.617+0000 7fcae5c00700 1 --2- 172.21.15.117:0/3910091140 >> [v2:172.21.15.117:3300/0,v1:172.21.15.117:6789/0] conn(0x7fcae0104e40 0x7fcae019c4a0 secure :-1 s=READY pgs=42 cs=0 l=1 rev1=1 crypto rx=0x7fcad0011710 tx=0x7fcad00047c0 comp rx=0 tx=0).stop
2024-04-20T10:56:11.338 INFO:teuthology.orchestra.run.smithi117.stdout:/usr/bin/ceph: stderr
2024-04-20T10:56:10.617+0000 7fcae5c00700 1 -- 172.21.15.117:0/3910091140 shutdown_connections
2024-04-20T10:56:11.338 INFO:teuthology.orchestra.run.smithi117.stdout:/usr/bin/ceph: stderr
2024-04-20T10:56:10.617+0000 7fcae5c00700 1 --2- 172.21.15.117:0/3910091140 >> [v2:172.21.15.117:6800/2597372910,v1:172.21.15.117:6801/2597372910] conn(0x7fcac4038770 0x7fcac403ac30 unknown :-1 s=CLOSED pgs=9 cs=0 l=1 rev1=1 crypto rx=0 tx=0 comp rx=0 tx=0).stop
2024-04-20T10:56:11.338 INFO:teuthology.orchestra.run.smithi117.stdout:/usr/bin/ceph: stderr
2024-04-20T10:56:10.617+0000 7fcae5c00700 1 --2- 172.21.15.117:0/3910091140 >> [v2:172.21.15.117:3300/0,v1:172.21.15.117:6789/0] conn(0x7fcae0104e40 0x7fcae019c4a0 unknown :-1 s=CLOSED pgs=42 cs=0 l=1 rev1=1 crypto rx=0 tx=0 comp rx=0 tx=0).stop
2024-04-20T10:56:11.338 INFO:teuthology.orchestra.run.smithi117.stdout:/usr/bin/ceph: stderr
2024-04-20T10:56:10.617+0000 7fcae5c00700 1 -- 172.21.15.117:0/3910091140 >> 172.21.15.117:0/3910091140 conn(0x7fcae0100ae0 msgr2=0x7fcae0193350 unknown :-1 s=STATE_NONE l=0).mark_down
2024-04-20T10:56:11.338 INFO:teuthology.orchestra.run.smithi117.stdout:/usr/bin/ceph: stderr
2024-04-20T10:56:10.617+0000 7fcae5c00700 1 -- 172.21.15.117:0/3910091140 shutdown_connections
2024-04-20T10:56:11.338 INFO:teuthology.orchestra.run.smithi117.stdout:/usr/bin/ceph: stderr
2024-04-20T10:56:10.617+0000 7fcae5c00700 1 -- 172.21.15.117:0/3910091140 wait complete.
2024-04-20T10:56:11.890 INFO:journalctl@ceph.mon.smithi117.smithi117.stdout:Apr 20 10:56:11 smithi117 ceph-mon[15659]: from='client.14136 -' entity='client.admin' cmd=[{"prefix": "cephadm generate-key", "target": ["mon-mgr", ""]}]: dispatch
2024-04-20T10:56:11.890 INFO:journalctl@ceph.mon.smithi117.smithi117.stdout:Apr 20 10:56:11 smithi117 ceph-mon[15659]: Generating ssh key...
2024-04-20T10:56:11.890 INFO:journalctl@ceph.mon.smithi117.smithi117.stdout:Apr 20 10:56:11 smithi117 ceph-mon[15659]: from='mgr.14120 172.21.15.117:0/3286527751' entity='mgr.smithi117.ivnklj'
2024-04-20T10:56:11.890 INFO:journalctl@ceph.mon.smithi117.smithi117.stdout:Apr 20 10:56:11 smithi117 ceph-mon[15659]: from='mgr.14120 172.21.15.117:0/3286527751' entity='mgr.smithi117.ivnklj'
2024-04-20T10:56:13.156 INFO:teuthology.orchestra.run.smithi117.stdout:/usr/bin/ceph: stdout ssh-rsa AAAAB3NzaC1yc2EAAAADAQABAAABgQDZXXVoJa7i0GBvr/U20Z5yWrdwn+CwX/ZfmuRZEyICBWjTtKmAno9b80qBfXp83ugGsGM1LS3sx6k7Dp61Au5Ohz1eT0cj9ZN1Vm10OA3GVSVOE7an4MZBVWNvcmiCfMuCcyc/EzN6Q4+VUK/jFM6lRKHfWbSQSDDNQpsyHIG3PTdfwk3u3XQgb03vh7/HrktnN2OBEiCqvE0/L9n99iGcnqlv1oTaQzKOcntJxv97b3g3BGlIiw/VqY0yLfpTe8J2wl5DK5I8WD62sm87FhupsT9qtKMxaUd857lW8E1FV1w3Ut1QmGhaZydJtfrL8f4DctC798EtJ5cMAWSTZCRniokgB+PWsSieszmholt9otVsxeUYJqP8q4Bbp4TvYhsHWInqiJrBI3opbeFmGYZTnYpK58vDBrFqDz199l+7vqL5nPri7M7CJkgBHGCbl5EzvrQ4aRiaqxQHr4GsoU7KJBKgDQ8xqhL6QeWYioEsIHk6eJKw1qbxFjfJDUDMYL0= ceph-59ecfd22-ff04-11ee-bc92-c7b262605968
2024-04-20T10:56:13.156 INFO:teuthology.orchestra.run.smithi117.stdout:/usr/bin/ceph: stderr
2024-04-20T10:56:11.965+0000 7f18eda00700 1 Processor -- start
2024-04-20T10:56:13.156 INFO:teuthology.orchestra.run.smithi117.stdout:/usr/bin/ceph: stderr
2024-04-20T10:56:11.965+0000 7f18eda00700 1 -- start start
2024-04-20T10:56:13.156 INFO:teuthology.orchestra.run.smithi117.stdout:/usr/bin/ceph: stderr
2024-04-20T10:56:11.966+0000 7f18eda00700 1 --2- >> [v2:172.21.15.117:3300/0,v1:172.21.15.117:6789/0] conn(0x7f18e807adb0 0x7f18e8079210 unknown :-1 s=NONE pgs=0 cs=0 l=0 rev1=0 crypto rx=0 tx=0 comp rx=0 tx=0).connect
2024-04-20T10:56:13.157 INFO:teuthology.orchestra.run.smithi117.stdout:/usr/bin/ceph: stderr
2024-04-20T10:56:11.966+0000 7f18eda00700 1 -- --> [v2:172.21.15.117:3300/0,v1:172.21.15.117:6789/0] -- mon_getmap magic: 0 v1 -- 0x7f18e80797e0 con 0x7f18e807adb0
2024-04-20T10:56:13.157 INFO:teuthology.orchestra.run.smithi117.stdout:/usr/bin/ceph: stderr
2024-04-20T10:56:11.966+0000 7f18e6a00700 1 --2- >> [v2:172.21.15.117:3300/0,v1:172.21.15.117:6789/0] conn(0x7f18e807adb0 0x7f18e8079210 unknown :-1 s=BANNER_CONNECTING pgs=0 cs=0 l=0 rev1=0 crypto rx=0 tx=0 comp rx=0 tx=0)._handle_peer_banner_payload supported=3 required=0
2024-04-20T10:56:13.157 INFO:teuthology.orchestra.run.smithi117.stdout:/usr/bin/ceph: stderr
2024-04-20T10:56:11.966+0000 7f18e6a00700 1 --2- >> [v2:172.21.15.117:3300/0,v1:172.21.15.117:6789/0] conn(0x7f18e807adb0 0x7f18e8079210 unknown :-1 s=HELLO_CONNECTING pgs=0 cs=0 l=0 rev1=1 crypto rx=0 tx=0 comp rx=0 tx=0).handle_hello peer v2:172.21.15.117:3300/0 says I am v2:172.21.15.117:60314/0 (socket says 172.21.15.117:60314)
2024-04-20T10:56:13.157 INFO:teuthology.orchestra.run.smithi117.stdout:/usr/bin/ceph: stderr
2024-04-20T10:56:11.966+0000 7f18e6a00700 1 -- 172.21.15.117:0/1070012784 learned_addr learned my addr 172.21.15.117:0/1070012784 (peer_addr_for_me v2:172.21.15.117:0/0)
2024-04-20T10:56:13.157 INFO:teuthology.orchestra.run.smithi117.stdout:/usr/bin/ceph: stderr
2024-04-20T10:56:11.967+0000 7f18e6a00700 1 -- 172.21.15.117:0/1070012784 --> [v2:172.21.15.117:3300/0,v1:172.21.15.117:6789/0] -- mon_subscribe({config=0+,monmap=0+}) v3 -- 0x7f18e8079920 con 0x7f18e807adb0
2024-04-20T10:56:13.158 INFO:teuthology.orchestra.run.smithi117.stdout:/usr/bin/ceph: stderr
2024-04-20T10:56:11.967+0000 7f18e6a00700 1 --2- 172.21.15.117:0/1070012784 >> [v2:172.21.15.117:3300/0,v1:172.21.15.117:6789/0] conn(0x7f18e807adb0 0x7f18e8079210 secure :-1 s=READY pgs=43 cs=0 l=1 rev1=1 crypto rx=0x7f18d8009e80 tx=0x7f18d800b330 comp rx=0 tx=0).ready entity=mon.0 client_cookie=2e86cbf66d56cbc7 server_cookie=0 in_seq=0 out_seq=0
2024-04-20T10:56:13.159 INFO:teuthology.orchestra.run.smithi117.stdout:/usr/bin/ceph: stderr
2024-04-20T10:56:11.967+0000 7f18e6000700 1 -- 172.21.15.117:0/1070012784 <== mon.0 v2:172.21.15.117:3300/0 1 ==== mon_map magic: 0 v1 ==== 229+0+0 (secure 0 0 0) 0x7f18d800e070 con 0x7f18e807adb0
2024-04-20T10:56:13.159 INFO:teuthology.orchestra.run.smithi117.stdout:/usr/bin/ceph: stderr
2024-04-20T10:56:11.967+0000 7f18e6000700 1 -- 172.21.15.117:0/1070012784 <== mon.0 v2:172.21.15.117:3300/0 2 ==== config(27 keys) v1 ==== 1042+0+0 (secure 0 0 0) 0x7f18d800b8c0 con 0x7f18e807adb0
2024-04-20T10:56:13.159 INFO:teuthology.orchestra.run.smithi117.stdout:/usr/bin/ceph: stderr
2024-04-20T10:56:11.967+0000 7f18e6000700 1 -- 172.21.15.117:0/1070012784 <== mon.0 v2:172.21.15.117:3300/0 3 ==== mon_map magic: 0 v1 ==== 229+0+0 (secure 0 0 0) 0x7f18d8004440 con 0x7f18e807adb0
2024-04-20T10:56:13.159 INFO:teuthology.orchestra.run.smithi117.stdout:/usr/bin/ceph: stderr
2024-04-20T10:56:11.968+0000 7f18eda00700 1 -- 172.21.15.117:0/1070012784 >> [v2:172.21.15.117:3300/0,v1:172.21.15.117:6789/0] conn(0x7f18e807adb0 msgr2=0x7f18e8079210 secure :-1 s=STATE_CONNECTION_ESTABLISHED l=1).mark_down
2024-04-20T10:56:13.159 INFO:teuthology.orchestra.run.smithi117.stdout:/usr/bin/ceph: stderr
2024-04-20T10:56:11.968+0000 7f18eda00700 1 --2- 172.21.15.117:0/1070012784 >> [v2:172.21.15.117:3300/0,v1:172.21.15.117:6789/0] conn(0x7f18e807adb0 0x7f18e8079210 secure :-1 s=READY pgs=43 cs=0 l=1 rev1=1 crypto rx=0x7f18d8009e80 tx=0x7f18d800b330 comp rx=0 tx=0).stop
2024-04-20T10:56:13.159 INFO:teuthology.orchestra.run.smithi117.stdout:/usr/bin/ceph: stderr
2024-04-20T10:56:11.968+0000 7f18eda00700 1 -- 172.21.15.117:0/1070012784 shutdown_connections
2024-04-20T10:56:13.159 INFO:teuthology.orchestra.run.smithi117.stdout:/usr/bin/ceph: stderr
2024-04-20T10:56:11.968+0000 7f18eda00700 1 --2- 172.21.15.117:0/1070012784 >> [v2:172.21.15.117:3300/0,v1:172.21.15.117:6789/0] conn(0x7f18e807adb0 0x7f18e8079210 unknown :-1 s=CLOSED pgs=43 cs=0 l=1 rev1=1 crypto rx=0 tx=0 comp rx=0 tx=0).stop
2024-04-20T10:56:13.159 INFO:teuthology.orchestra.run.smithi117.stdout:/usr/bin/ceph: stderr
2024-04-20T10:56:11.968+0000 7f18eda00700 1 -- 172.21.15.117:0/1070012784 >> 172.21.15.117:0/1070012784 conn(0x7f18e8101ba0 msgr2=0x7f18e8103fc0 unknown :-1 s=STATE_NONE l=0).mark_down
2024-04-20T10:56:13.159 INFO:teuthology.orchestra.run.smithi117.stdout:/usr/bin/ceph: stderr
2024-04-20T10:56:11.968+0000 7f18eda00700 1 -- 172.21.15.117:0/1070012784 shutdown_connections
2024-04-20T10:56:13.159 INFO:teuthology.orchestra.run.smithi117.stdout:/usr/bin/ceph: stderr
2024-04-20T10:56:11.968+0000 7f18eda00700 1 -- 172.21.15.117:0/1070012784 wait complete.
2024-04-20T10:56:13.162 INFO:teuthology.orchestra.run.smithi117.stdout:/usr/bin/ceph: stderr
2024-04-20T10:56:11.969+0000 7f18eda00700 1 Processor -- start
2024-04-20T10:56:13.162 INFO:teuthology.orchestra.run.smithi117.stdout:/usr/bin/ceph: stderr
2024-04-20T10:56:11.969+0000 7f18eda00700 1 -- start start
2024-04-20T10:56:13.163 INFO:teuthology.orchestra.run.smithi117.stdout:/usr/bin/ceph: stderr
2024-04-20T10:56:11.970+0000 7f18eda00700 1 --2- >> [v2:172.21.15.117:3300/0,v1:172.21.15.117:6789/0] conn(0x7f18e807adb0 0x7f18e819c560 unknown :-1 s=NONE pgs=0 cs=0 l=1 rev1=0 crypto rx=0 tx=0 comp rx=0 tx=0).connect
2024-04-20T10:56:13.163 INFO:teuthology.orchestra.run.smithi117.stdout:/usr/bin/ceph: stderr
2024-04-20T10:56:11.970+0000 7f18eda00700 1 -- --> [v2:172.21.15.117:3300/0,v1:172.21.15.117:6789/0] -- mon_getmap magic: 0 v1 -- 0x7f18e819caa0 con 0x7f18e807adb0
2024-04-20T10:56:13.163 INFO:teuthology.orchestra.run.smithi117.stdout:/usr/bin/ceph: stderr
2024-04-20T10:56:11.970+0000 7f18e6a00700 1 --2- >> [v2:172.21.15.117:3300/0,v1:172.21.15.117:6789/0] conn(0x7f18e807adb0 0x7f18e819c560 unknown :-1 s=BANNER_CONNECTING pgs=0 cs=0 l=1 rev1=0 crypto rx=0 tx=0 comp rx=0 tx=0)._handle_peer_banner_payload supported=3 required=0
2024-04-20T10:56:13.163 INFO:teuthology.orchestra.run.smithi117.stdout:/usr/bin/ceph: stderr
2024-04-20T10:56:11.970+0000 7f18e6a00700 1 --2- >> [v2:172.21.15.117:3300/0,v1:172.21.15.117:6789/0] conn(0x7f18e807adb0 0x7f18e819c560 unknown :-1 s=HELLO_CONNECTING pgs=0 cs=0 l=1 rev1=1 crypto rx=0 tx=0 comp rx=0 tx=0).handle_hello peer v2:172.21.15.117:3300/0 says I am v2:172.21.15.117:60316/0 (socket says 172.21.15.117:60316)
2024-04-20T10:56:13.163 INFO:teuthology.orchestra.run.smithi117.stdout:/usr/bin/ceph: stderr
2024-04-20T10:56:11.970+0000 7f18e6a00700 1 -- 172.21.15.117:0/829326835 learned_addr learned my addr 172.21.15.117:0/829326835 (peer_addr_for_me v2:172.21.15.117:0/0)
2024-04-20T10:56:13.163 INFO:teuthology.orchestra.run.smithi117.stdout:/usr/bin/ceph: stderr
2024-04-20T10:56:11.970+0000 7f18e6a00700 1 -- 172.21.15.117:0/829326835 --> [v2:172.21.15.117:3300/0,v1:172.21.15.117:6789/0] -- mon_subscribe({config=0+,monmap=0+}) v3 -- 0x7f18d8009b30 con 0x7f18e807adb0
2024-04-20T10:56:13.163 INFO:teuthology.orchestra.run.smithi117.stdout:/usr/bin/ceph: stderr
2024-04-20T10:56:11.971+0000 7f18e6a00700 1 --2- 172.21.15.117:0/829326835 >> [v2:172.21.15.117:3300/0,v1:172.21.15.117:6789/0] conn(0x7f18e807adb0 0x7f18e819c560 secure :-1 s=READY pgs=44 cs=0 l=1 rev1=1 crypto rx=0x7f18d80099e0 tx=0x7f18d8003d00 comp rx=0 tx=0).ready entity=mon.0 client_cookie=0 server_cookie=0 in_seq=0 out_seq=0
2024-04-20T10:56:13.163 INFO:teuthology.orchestra.run.smithi117.stdout:/usr/bin/ceph: stderr
2024-04-20T10:56:11.971+0000 7f18dfe00700 1 -- 172.21.15.117:0/829326835 <== mon.0 v2:172.21.15.117:3300/0 1 ==== mon_map magic: 0 v1 ==== 229+0+0 (secure 0 0 0) 0x7f18d800e040 con 0x7f18e807adb0
2024-04-20T10:56:13.163 INFO:teuthology.orchestra.run.smithi117.stdout:/usr/bin/ceph: stderr
2024-04-20T10:56:11.971+0000 7f18dfe00700 1 -- 172.21.15.117:0/829326835 <== mon.0 v2:172.21.15.117:3300/0 2 ==== config(27 keys) v1 ==== 1042+0+0 (secure 0 0 0) 0x7f18d800bc40 con 0x7f18e807adb0
2024-04-20T10:56:13.163 INFO:teuthology.orchestra.run.smithi117.stdout:/usr/bin/ceph: stderr
2024-04-20T10:56:11.971+0000 7f18eda00700 1 -- 172.21.15.117:0/829326835 --> [v2:172.21.15.117:3300/0,v1:172.21.15.117:6789/0] -- mon_subscribe({mgrmap=0+}) v3 -- 0x7f18e819cca0 con 0x7f18e807adb0
2024-04-20T10:56:13.163 INFO:teuthology.orchestra.run.smithi117.stdout:/usr/bin/ceph: stderr
2024-04-20T10:56:11.971+0000 7f18dfe00700 1 -- 172.21.15.117:0/829326835 <== mon.0 v2:172.21.15.117:3300/0 3 ==== mon_map magic: 0 v1 ==== 229+0+0 (secure 0 0 0) 0x7f18d80125e0 con 0x7f18e807adb0
2024-04-20T10:56:13.163 INFO:teuthology.orchestra.run.smithi117.stdout:/usr/bin/ceph: stderr
2024-04-20T10:56:11.971+0000 7f18eda00700 1 -- 172.21.15.117:0/829326835 --> [v2:172.21.15.117:3300/0,v1:172.21.15.117:6789/0] -- mon_subscribe({osdmap=0}) v3 -- 0x7f18e819d1a0 con 0x7f18e807adb0
2024-04-20T10:56:13.163 INFO:teuthology.orchestra.run.smithi117.stdout:/usr/bin/ceph: stderr
2024-04-20T10:56:11.972+0000 7f18dfe00700 1 -- 172.21.15.117:0/829326835 <== mon.0 v2:172.21.15.117:3300/0 4 ==== mgrmap(e 8) v1 ==== 45556+0+0 (secure 0 0 0) 0x7f18d8019040 con 0x7f18e807adb0
2024-04-20T10:56:13.163 INFO:teuthology.orchestra.run.smithi117.stdout:/usr/bin/ceph: stderr
2024-04-20T10:56:11.972+0000 7f18eda00700 1 -- 172.21.15.117:0/829326835 --> [v2:172.21.15.117:3300/0,v1:172.21.15.117:6789/0] -- mon_command({"prefix": "get_command_descriptions"} v 0) v1 -- 0x7f18e810c900 con 0x7f18e807adb0
2024-04-20T10:56:13.164 INFO:teuthology.orchestra.run.smithi117.stdout:/usr/bin/ceph: stderr
2024-04-20T10:56:11.973+0000 7f18dfe00700 1 --2- 172.21.15.117:0/829326835 >> [v2:172.21.15.117:6800/2597372910,v1:172.21.15.117:6801/2597372910] conn(0x7f18c8038770 0x7f18c803ac30 unknown :-1 s=NONE pgs=0 cs=0 l=1 rev1=0 crypto rx=0 tx=0 comp rx=0 tx=0).connect
2024-04-20T10:56:13.164 INFO:teuthology.orchestra.run.smithi117.stdout:/usr/bin/ceph: stderr
2024-04-20T10:56:11.973+0000 7f18dfe00700 1 -- 172.21.15.117:0/829326835 <== mon.0 v2:172.21.15.117:3300/0 5 ==== osd_map(2..2 src has 1..2) v4 ==== 940+0+0 (secure 0 0 0) 0x7f18d804c100 con 0x7f18e807adb0
2024-04-20T10:56:13.164 INFO:teuthology.orchestra.run.smithi117.stdout:/usr/bin/ceph: stderr
2024-04-20T10:56:11.973+0000 7f18d7e00700 1 --2- 172.21.15.117:0/829326835 >> [v2:172.21.15.117:6800/2597372910,v1:172.21.15.117:6801/2597372910] conn(0x7f18c8038770 0x7f18c803ac30 unknown :-1 s=BANNER_CONNECTING pgs=0 cs=0 l=1 rev1=0 crypto rx=0 tx=0 comp rx=0 tx=0)._handle_peer_banner_payload supported=3 required=0
2024-04-20T10:56:13.164 INFO:teuthology.orchestra.run.smithi117.stdout:/usr/bin/ceph: stderr
2024-04-20T10:56:11.974+0000 7f18d7e00700 1 --2- 172.21.15.117:0/829326835 >> [v2:172.21.15.117:6800/2597372910,v1:172.21.15.117:6801/2597372910] conn(0x7f18c8038770 0x7f18c803ac30 secure :-1 s=READY pgs=10 cs=0 l=1 rev1=1 crypto rx=0x7f18d0006fd0 tx=0x7f18d0006e40 comp rx=0 tx=0).ready entity=mgr.14120 client_cookie=0 server_cookie=0 in_seq=0 out_seq=0
2024-04-20T10:56:13.164 INFO:teuthology.orchestra.run.smithi117.stdout:/usr/bin/ceph: stderr
2024-04-20T10:56:11.978+0000 7f18dfe00700 1 -- 172.21.15.117:0/829326835 <== mon.0 v2:172.21.15.117:3300/0 6 ==== mon_command_ack([{"prefix": "get_command_descriptions"}]=0 v0) v1 ==== 72+0+183351 (secure 0 0 0) 0x7f18d807fc50 con 0x7f18e807adb0
2024-04-20T10:56:13.164 INFO:teuthology.orchestra.run.smithi117.stdout:/usr/bin/ceph: stderr
2024-04-20T10:56:12.198+0000 7f18eda00700 1 -- 172.21.15.117:0/829326835 --> [v2:172.21.15.117:6800/2597372910,v1:172.21.15.117:6801/2597372910] -- mgr_command(tid 0: {"prefix": "cephadm get-pub-key", "target": ["mon-mgr", ""]}) v1 -- 0x7f18e819fa90 con 0x7f18c8038770
2024-04-20T10:56:13.164 INFO:teuthology.orchestra.run.smithi117.stdout:/usr/bin/ceph: stderr
2024-04-20T10:56:12.200+0000 7f18dfe00700 1 -- 172.21.15.117:0/829326835 <== mgr.14120 v2:172.21.15.117:6800/2597372910 1 ==== mgr_command_reply(tid 0: 0 ) v1 ==== 8+0+595 (secure 0 0 0) 0x7f18e819fa90 con 0x7f18c8038770
2024-04-20T10:56:13.164 INFO:teuthology.orchestra.run.smithi117.stdout:/usr/bin/ceph: stderr
2024-04-20T10:56:12.202+0000 7f18eda00700 1 -- 172.21.15.117:0/829326835 >> [v2:172.21.15.117:6800/2597372910,v1:172.21.15.117:6801/2597372910] conn(0x7f18c8038770 msgr2=0x7f18c803ac30 secure :-1 s=STATE_CONNECTION_ESTABLISHED l=1).mark_down
2024-04-20T10:56:13.164 INFO:teuthology.orchestra.run.smithi117.stdout:/usr/bin/ceph: stderr
2024-04-20T10:56:12.202+0000 7f18eda00700 1 --2- 172.21.15.117:0/829326835 >> [v2:172.21.15.117:6800/2597372910,v1:172.21.15.117:6801/2597372910] conn(0x7f18c8038770 0x7f18c803ac30 secure :-1 s=READY pgs=10 cs=0 l=1 rev1=1 crypto rx=0x7f18d0006fd0 tx=0x7f18d0006e40 comp rx=0 tx=0).stop
2024-04-20T10:56:13.164 INFO:teuthology.orchestra.run.smithi117.stdout:/usr/bin/ceph: stderr
2024-04-20T10:56:12.202+0000 7f18eda00700 1 -- 172.21.15.117:0/829326835 >> [v2:172.21.15.117:3300/0,v1:172.21.15.117:6789/0] conn(0x7f18e807adb0 msgr2=0x7f18e819c560 secure :-1 s=STATE_CONNECTION_ESTABLISHED l=1).mark_down
2024-04-20T10:56:13.165 INFO:teuthology.orchestra.run.smithi117.stdout:/usr/bin/ceph: stderr
2024-04-20T10:56:12.202+0000 7f18eda00700 1 --2- 172.21.15.117:0/829326835 >> [v2:172.21.15.117:3300/0,v1:172.21.15.117:6789/0] conn(0x7f18e807adb0 0x7f18e819c560 secure :-1 s=READY pgs=44 cs=0 l=1 rev1=1 crypto rx=0x7f18d80099e0 tx=0x7f18d8003d00 comp rx=0 tx=0).stop
2024-04-20T10:56:13.165 INFO:teuthology.orchestra.run.smithi117.stdout:/usr/bin/ceph: stderr
2024-04-20T10:56:12.202+0000 7f18eda00700 1 -- 172.21.15.117:0/829326835 shutdown_connections
2024-04-20T10:56:13.165 INFO:teuthology.orchestra.run.smithi117.stdout:/usr/bin/ceph: stderr
2024-04-20T10:56:12.202+0000 7f18eda00700 1 --2- 172.21.15.117:0/829326835 >> [v2:172.21.15.117:6800/2597372910,v1:172.21.15.117:6801/2597372910] conn(0x7f18c8038770 0x7f18c803ac30 unknown :-1 s=CLOSED pgs=10 cs=0 l=1 rev1=1 crypto rx=0 tx=0 comp rx=0 tx=0).stop
2024-04-20T10:56:13.165 INFO:teuthology.orchestra.run.smithi117.stdout:/usr/bin/ceph: stderr
2024-04-20T10:56:12.202+0000 7f18eda00700 1 --2- 172.21.15.117:0/829326835 >> [v2:172.21.15.117:3300/0,v1:172.21.15.117:6789/0] conn(0x7f18e807adb0 0x7f18e819c560 unknown :-1 s=CLOSED pgs=44 cs=0 l=1 rev1=1 crypto rx=0 tx=0 comp rx=0 tx=0).stop
2024-04-20T10:56:13.166 INFO:teuthology.orchestra.run.smithi117.stdout:/usr/bin/ceph: stderr
2024-04-20T10:56:12.203+0000 7f18eda00700 1 -- 172.21.15.117:0/829326835 >> 172.21.15.117:0/829326835 conn(0x7f18e8101ba0 msgr2=0x7f18e81027c0 unknown :-1 s=STATE_NONE l=0).mark_down
2024-04-20T10:56:13.166 INFO:teuthology.orchestra.run.smithi117.stdout:/usr/bin/ceph: stderr
2024-04-20T10:56:12.203+0000 7f18eda00700 1 -- 172.21.15.117:0/829326835 shutdown_connections
2024-04-20T10:56:13.166 INFO:teuthology.orchestra.run.smithi117.stdout:/usr/bin/ceph: stderr
2024-04-20T10:56:12.203+0000 7f18eda00700 1 -- 172.21.15.117:0/829326835 wait complete.
2024-04-20T10:56:13.166 INFO:teuthology.orchestra.run.smithi117.stdout:Wrote public SSH key to /home/ubuntu/cephtest/ceph.pub
2024-04-20T10:56:13.166 INFO:teuthology.orchestra.run.smithi117.stdout:Adding key to root@localhost authorized_keys...
2024-04-20T10:56:13.177 INFO:teuthology.orchestra.run.smithi117.stdout:Adding host smithi117...
2024-04-20T10:56:13.521 INFO:journalctl@ceph.mon.smithi117.smithi117.stdout:Apr 20 10:56:13 smithi117 ceph-mon[15659]: from='client.14138 -' entity='client.admin' cmd=[{"prefix": "cephadm get-pub-key", "target": ["mon-mgr", ""]}]: dispatch
2024-04-20T10:56:14.390 INFO:journalctl@ceph.mon.smithi117.smithi117.stdout:Apr 20 10:56:14 smithi117 ceph-mon[15659]: from='client.14140 -' entity='client.admin' cmd=[{"prefix": "orch host add", "hostname": "smithi117", "addr": "172.21.15.117", "target": ["mon-mgr", ""]}]: dispatch
2024-04-20T10:56:16.390 INFO:journalctl@ceph.mon.smithi117.smithi117.stdout:Apr 20 10:56:16 smithi117 ceph-mon[15659]: Deploying cephadm binary to smithi117
2024-04-20T10:56:18.612 INFO:teuthology.orchestra.run.smithi117.stdout:/usr/bin/ceph: stdout Added host 'smithi117' with addr '172.21.15.117'
2024-04-20T10:56:18.617 INFO:teuthology.orchestra.run.smithi117.stdout:/usr/bin/ceph: stderr
2024-04-20T10:56:13.838+0000 7f0f29400700 1 Processor -- start
2024-04-20T10:56:18.617 INFO:teuthology.orchestra.run.smithi117.stdout:/usr/bin/ceph: stderr
2024-04-20T10:56:13.839+0000 7f0f29400700 1 -- start start
2024-04-20T10:56:18.617 INFO:teuthology.orchestra.run.smithi117.stdout:/usr/bin/ceph: stderr
2024-04-20T10:56:13.839+0000 7f0f29400700 1 --2- >> [v2:172.21.15.117:3300/0,v1:172.21.15.117:6789/0] conn(0x7f0f24107090 0x7f0f24109480 unknown :-1 s=NONE pgs=0 cs=0 l=0 rev1=0 crypto rx=0 tx=0 comp rx=0 tx=0).connect
2024-04-20T10:56:18.617 INFO:teuthology.orchestra.run.smithi117.stdout:/usr/bin/ceph: stderr
2024-04-20T10:56:13.839+0000 7f0f29400700 1 -- --> [v2:172.21.15.117:3300/0,v1:172.21.15.117:6789/0] -- mon_getmap magic: 0 v1 -- 0x7f0f24079e50 con 0x7f0f24107090
2024-04-20T10:56:18.617 INFO:teuthology.orchestra.run.smithi117.stdout:/usr/bin/ceph: stderr
2024-04-20T10:56:13.839+0000 7f0f22800700 1 --2- >> [v2:172.21.15.117:3300/0,v1:172.21.15.117:6789/0] conn(0x7f0f24107090 0x7f0f24109480 unknown :-1 s=BANNER_CONNECTING pgs=0 cs=0 l=0 rev1=0 crypto rx=0 tx=0 comp rx=0 tx=0)._handle_peer_banner_payload supported=3 required=0
2024-04-20T10:56:18.618 INFO:teuthology.orchestra.run.smithi117.stdout:/usr/bin/ceph: stderr
2024-04-20T10:56:13.840+0000 7f0f22800700 1 --2- >> [v2:172.21.15.117:3300/0,v1:172.21.15.117:6789/0] conn(0x7f0f24107090 0x7f0f24109480 unknown :-1 s=HELLO_CONNECTING pgs=0 cs=0 l=0 rev1=1 crypto rx=0 tx=0 comp rx=0 tx=0).handle_hello peer v2:172.21.15.117:3300/0 says I am v2:172.21.15.117:58634/0 (socket says 172.21.15.117:58634)
2024-04-20T10:56:18.618 INFO:teuthology.orchestra.run.smithi117.stdout:/usr/bin/ceph: stderr
2024-04-20T10:56:13.840+0000 7f0f22800700 1 -- 172.21.15.117:0/2612257422 learned_addr learned my addr 172.21.15.117:0/2612257422 (peer_addr_for_me v2:172.21.15.117:0/0)
2024-04-20T10:56:18.618 INFO:teuthology.orchestra.run.smithi117.stdout:/usr/bin/ceph: stderr
2024-04-20T10:56:13.840+0000 7f0f22800700 1 -- 172.21.15.117:0/2612257422 --> [v2:172.21.15.117:3300/0,v1:172.21.15.117:6789/0] -- mon_subscribe({config=0+,monmap=0+}) v3 -- 0x7f0f241099c0 con 0x7f0f24107090
2024-04-20T10:56:18.618 INFO:teuthology.orchestra.run.smithi117.stdout:/usr/bin/ceph: stderr
2024-04-20T10:56:13.840+0000 7f0f22800700 1 --2- 172.21.15.117:0/2612257422 >> [v2:172.21.15.117:3300/0,v1:172.21.15.117:6789/0] conn(0x7f0f24107090 0x7f0f24109480 secure :-1 s=READY pgs=45 cs=0 l=1 rev1=1 crypto rx=0x7f0f140098a0 tx=0x7f0f14009bb0 comp rx=0 tx=0).ready entity=mon.0 client_cookie=f2bf7d1da8640e29 server_cookie=0 in_seq=0 out_seq=0
2024-04-20T10:56:18.618 INFO:teuthology.orchestra.run.smithi117.stdout:/usr/bin/ceph: stderr
2024-04-20T10:56:13.840+0000 7f0f21e00700 1 -- 172.21.15.117:0/2612257422 <== mon.0 v2:172.21.15.117:3300/0 1 ==== mon_map magic: 0 v1 ==== 229+0+0 (secure 0 0 0) 0x7f0f14004180 con 0x7f0f24107090
2024-04-20T10:56:18.618 INFO:teuthology.orchestra.run.smithi117.stdout:/usr/bin/ceph: stderr
2024-04-20T10:56:13.841+0000 7f0f21e00700 1 -- 172.21.15.117:0/2612257422 <== mon.0 v2:172.21.15.117:3300/0 2 ==== config(27 keys) v1 ==== 1042+0+0 (secure 0 0 0) 0x7f0f140042e0 con 0x7f0f24107090
2024-04-20T10:56:18.618 INFO:teuthology.orchestra.run.smithi117.stdout:/usr/bin/ceph: stderr
2024-04-20T10:56:13.841+0000 7f0f21e00700 1 -- 172.21.15.117:0/2612257422 <== mon.0 v2:172.21.15.117:3300/0 3 ==== mon_map magic: 0 v1 ==== 229+0+0 (secure 0 0 0) 0x7f0f14011a70 con 0x7f0f24107090
2024-04-20T10:56:18.618 INFO:teuthology.orchestra.run.smithi117.stdout:/usr/bin/ceph: stderr
2024-04-20T10:56:13.841+0000 7f0f29400700 1 -- 172.21.15.117:0/2612257422 >> [v2:172.21.15.117:3300/0,v1:172.21.15.117:6789/0] conn(0x7f0f24107090 msgr2=0x7f0f24109480 secure :-1 s=STATE_CONNECTION_ESTABLISHED l=1).mark_down
2024-04-20T10:56:18.618 INFO:teuthology.orchestra.run.smithi117.stdout:/usr/bin/ceph: stderr
2024-04-20T10:56:13.841+0000 7f0f29400700 1 --2- 172.21.15.117:0/2612257422 >> [v2:172.21.15.117:3300/0,v1:172.21.15.117:6789/0] conn(0x7f0f24107090 0x7f0f24109480 secure :-1 s=READY pgs=45 cs=0 l=1 rev1=1 crypto rx=0x7f0f140098a0 tx=0x7f0f14009bb0 comp rx=0 tx=0).stop
2024-04-20T10:56:18.618 INFO:teuthology.orchestra.run.smithi117.stdout:/usr/bin/ceph: stderr
2024-04-20T10:56:13.841+0000 7f0f29400700 1 -- 172.21.15.117:0/2612257422 shutdown_connections
2024-04-20T10:56:18.618 INFO:teuthology.orchestra.run.smithi117.stdout:/usr/bin/ceph: stderr
2024-04-20T10:56:13.841+0000 7f0f29400700 1 --2- 172.21.15.117:0/2612257422 >> [v2:172.21.15.117:3300/0,v1:172.21.15.117:6789/0] conn(0x7f0f24107090 0x7f0f24109480 unknown :-1 s=CLOSED pgs=45 cs=0 l=1 rev1=1 crypto rx=0 tx=0 comp rx=0 tx=0).stop
2024-04-20T10:56:18.618 INFO:teuthology.orchestra.run.smithi117.stdout:/usr/bin/ceph: stderr
2024-04-20T10:56:13.841+0000 7f0f29400700 1 -- 172.21.15.117:0/2612257422 >> 172.21.15.117:0/2612257422 conn(0x7f0f24100aa0 msgr2=0x7f0f24102ec0 unknown :-1 s=STATE_NONE l=0).mark_down
2024-04-20T10:56:18.618 INFO:teuthology.orchestra.run.smithi117.stdout:/usr/bin/ceph: stderr
2024-04-20T10:56:13.842+0000 7f0f29400700 1 -- 172.21.15.117:0/2612257422 shutdown_connections
2024-04-20T10:56:18.618 INFO:teuthology.orchestra.run.smithi117.stdout:/usr/bin/ceph: stderr
2024-04-20T10:56:13.842+0000 7f0f29400700 1 -- 172.21.15.117:0/2612257422 wait complete.
2024-04-20T10:56:18.619 INFO:teuthology.orchestra.run.smithi117.stdout:/usr/bin/ceph: stderr
2024-04-20T10:56:13.843+0000 7f0f29400700 1 Processor -- start
2024-04-20T10:56:18.619 INFO:teuthology.orchestra.run.smithi117.stdout:/usr/bin/ceph: stderr
2024-04-20T10:56:13.843+0000 7f0f29400700 1 -- start start
2024-04-20T10:56:18.619 INFO:teuthology.orchestra.run.smithi117.stdout:/usr/bin/ceph: stderr
2024-04-20T10:56:13.844+0000 7f0f29400700 1 --2- >> [v2:172.21.15.117:3300/0,v1:172.21.15.117:6789/0] conn(0x7f0f24107090 0x7f0f2419a2a0 unknown :-1 s=NONE pgs=0 cs=0 l=1 rev1=0 crypto rx=0 tx=0 comp rx=0 tx=0).connect
2024-04-20T10:56:18.619 INFO:teuthology.orchestra.run.smithi117.stdout:/usr/bin/ceph: stderr
2024-04-20T10:56:13.844+0000 7f0f29400700 1 -- --> [v2:172.21.15.117:3300/0,v1:172.21.15.117:6789/0] -- mon_getmap magic: 0 v1 -- 0x7f0f2419a7e0 con 0x7f0f24107090
2024-04-20T10:56:18.619 INFO:teuthology.orchestra.run.smithi117.stdout:/usr/bin/ceph: stderr
2024-04-20T10:56:13.844+0000 7f0f22800700 1 --2- >> [v2:172.21.15.117:3300/0,v1:172.21.15.117:6789/0] conn(0x7f0f24107090 0x7f0f2419a2a0 unknown :-1 s=BANNER_CONNECTING pgs=0 cs=0 l=1 rev1=0 crypto rx=0 tx=0 comp rx=0 tx=0)._handle_peer_banner_payload supported=3 required=0
2024-04-20T10:56:18.619 INFO:teuthology.orchestra.run.smithi117.stdout:/usr/bin/ceph: stderr
2024-04-20T10:56:13.844+0000 7f0f22800700 1 --2- >> [v2:172.21.15.117:3300/0,v1:172.21.15.117:6789/0] conn(0x7f0f24107090 0x7f0f2419a2a0 unknown :-1 s=HELLO_CONNECTING pgs=0 cs=0 l=1 rev1=1 crypto rx=0 tx=0 comp rx=0 tx=0).handle_hello peer v2:172.21.15.117:3300/0 says I am v2:172.21.15.117:58650/0 (socket says 172.21.15.117:58650)
2024-04-20T10:56:18.619 INFO:teuthology.orchestra.run.smithi117.stdout:/usr/bin/ceph: stderr
2024-04-20T10:56:13.844+0000 7f0f22800700 1 -- 172.21.15.117:0/4148448132 learned_addr learned my addr 172.21.15.117:0/4148448132 (peer_addr_for_me v2:172.21.15.117:0/0)
2024-04-20T10:56:18.619 INFO:teuthology.orchestra.run.smithi117.stdout:/usr/bin/ceph: stderr
2024-04-20T10:56:13.844+0000 7f0f22800700 1 -- 172.21.15.117:0/4148448132 --> [v2:172.21.15.117:3300/0,v1:172.21.15.117:6789/0] -- mon_subscribe({config=0+,monmap=0+}) v3 -- 0x7f0f14009550 con 0x7f0f24107090
2024-04-20T10:56:18.619 INFO:teuthology.orchestra.run.smithi117.stdout:/usr/bin/ceph: stderr
2024-04-20T10:56:13.845+0000 7f0f22800700 1 --2- 172.21.15.117:0/4148448132 >> [v2:172.21.15.117:3300/0,v1:172.21.15.117:6789/0] conn(0x7f0f24107090 0x7f0f2419a2a0 secure :-1 s=READY pgs=46 cs=0 l=1 rev1=1 crypto rx=0x7f0f14011710 tx=0x7f0f140047c0 comp rx=0 tx=0).ready entity=mon.0 client_cookie=0 server_cookie=0 in_seq=0 out_seq=0
2024-04-20T10:56:18.619 INFO:teuthology.orchestra.run.smithi117.stdout:/usr/bin/ceph: stderr
2024-04-20T10:56:13.845+0000 7f0f1be00700 1 -- 172.21.15.117:0/4148448132 <== mon.0 v2:172.21.15.117:3300/0 1 ==== mon_map magic: 0 v1 ==== 229+0+0 (secure 0 0 0) 0x7f0f14003b10 con 0x7f0f24107090
2024-04-20T10:56:18.619 INFO:teuthology.orchestra.run.smithi117.stdout:/usr/bin/ceph: stderr
2024-04-20T10:56:13.845+0000 7f0f1be00700 1 -- 172.21.15.117:0/4148448132 <== mon.0 v2:172.21.15.117:3300/0 2 ==== config(27 keys) v1 ==== 1042+0+0 (secure 0 0 0) 0x7f0f1401b8c0 con 0x7f0f24107090
2024-04-20T10:56:18.619 INFO:teuthology.orchestra.run.smithi117.stdout:/usr/bin/ceph: stderr
2024-04-20T10:56:13.845+0000 7f0f1be00700 1 -- 172.21.15.117:0/4148448132 <== mon.0 v2:172.21.15.117:3300/0 3 ==== mon_map magic: 0 v1 ==== 229+0+0 (secure 0 0 0) 0x7f0f140197e0 con 0x7f0f24107090
2024-04-20T10:56:18.619 INFO:teuthology.orchestra.run.smithi117.stdout:/usr/bin/ceph: stderr
2024-04-20T10:56:13.845+0000 7f0f29400700 1 -- 172.21.15.117:0/4148448132 --> [v2:172.21.15.117:3300/0,v1:172.21.15.117:6789/0] -- mon_subscribe({mgrmap=0+}) v3 -- 0x7f0f2419a9e0 con 0x7f0f24107090
2024-04-20T10:56:18.619 INFO:teuthology.orchestra.run.smithi117.stdout:/usr/bin/ceph: stderr
2024-04-20T10:56:13.845+0000 7f0f29400700 1 -- 172.21.15.117:0/4148448132 --> [v2:172.21.15.117:3300/0,v1:172.21.15.117:6789/0] -- mon_subscribe({osdmap=0}) v3 -- 0x7f0f2419ae80 con 0x7f0f24107090
2024-04-20T10:56:18.620 INFO:teuthology.orchestra.run.smithi117.stdout:/usr/bin/ceph: stderr
2024-04-20T10:56:13.846+0000 7f0f29400700 1 -- 172.21.15.117:0/4148448132 --> [v2:172.21.15.117:3300/0,v1:172.21.15.117:6789/0] -- mon_command({"prefix": "get_command_descriptions"} v 0) v1 -- 0x7f0f2410a6e0 con 0x7f0f24107090
2024-04-20T10:56:18.620 INFO:teuthology.orchestra.run.smithi117.stdout:/usr/bin/ceph: stderr
2024-04-20T10:56:13.846+0000 7f0f1be00700 1 -- 172.21.15.117:0/4148448132 <== mon.0 v2:172.21.15.117:3300/0 4 ==== mgrmap(e 8) v1 ==== 45556+0+0 (secure 0 0 0) 0x7f0f1401ba30 con 0x7f0f24107090
2024-04-20T10:56:18.620 INFO:teuthology.orchestra.run.smithi117.stdout:/usr/bin/ceph: stderr
2024-04-20T10:56:13.847+0000 7f0f1be00700 1 --2- 172.21.15.117:0/4148448132 >> [v2:172.21.15.117:6800/2597372910,v1:172.21.15.117:6801/2597372910] conn(0x7f0f08038770 0x7f0f0803ac30 unknown :-1 s=NONE pgs=0 cs=0 l=1 rev1=0 crypto rx=0 tx=0 comp rx=0 tx=0).connect
2024-04-20T10:56:18.620 INFO:teuthology.orchestra.run.smithi117.stdout:/usr/bin/ceph: stderr
2024-04-20T10:56:13.847+0000 7f0f1be00700 1 -- 172.21.15.117:0/4148448132 <== mon.0 v2:172.21.15.117:3300/0 5 ==== osd_map(2..2 src has 1..2) v4 ==== 940+0+0 (secure 0 0 0) 0x7f0f1404c900 con 0x7f0f24107090
2024-04-20T10:56:18.620 INFO:teuthology.orchestra.run.smithi117.stdout:/usr/bin/ceph: stderr
2024-04-20T10:56:13.847+0000 7f0f19e00700 1 --2- 172.21.15.117:0/4148448132 >> [v2:172.21.15.117:6800/2597372910,v1:172.21.15.117:6801/2597372910] conn(0x7f0f08038770 0x7f0f0803ac30 unknown :-1 s=BANNER_CONNECTING pgs=0 cs=0 l=1 rev1=0 crypto rx=0 tx=0 comp rx=0 tx=0)._handle_peer_banner_payload supported=3 required=0
2024-04-20T10:56:18.620 INFO:teuthology.orchestra.run.smithi117.stdout:/usr/bin/ceph: stderr
2024-04-20T10:56:13.848+0000 7f0f19e00700 1 --2- 172.21.15.117:0/4148448132 >> [v2:172.21.15.117:6800/2597372910,v1:172.21.15.117:6801/2597372910] conn(0x7f0f08038770 0x7f0f0803ac30 secure :-1 s=READY pgs=11 cs=0 l=1 rev1=1 crypto rx=0x7f0f0c006fd0 tx=0x7f0f0c006e40 comp rx=0 tx=0).ready entity=mgr.14120 client_cookie=0 server_cookie=0 in_seq=0 out_seq=0
2024-04-20T10:56:18.620 INFO:teuthology.orchestra.run.smithi117.stdout:/usr/bin/ceph: stderr
2024-04-20T10:56:13.852+0000 7f0f1be00700 1 -- 172.21.15.117:0/4148448132 <== mon.0 v2:172.21.15.117:3300/0 6 ==== mon_command_ack([{"prefix": "get_command_descriptions"}]=0 v0) v1 ==== 72+0+183351 (secure 0 0 0) 0x7f0f1401bce0 con 0x7f0f24107090
2024-04-20T10:56:18.620 INFO:teuthology.orchestra.run.smithi117.stdout:/usr/bin/ceph: stderr
2024-04-20T10:56:14.075+0000 7f0f29400700 1 -- 172.21.15.117:0/4148448132 --> [v2:172.21.15.117:6800/2597372910,v1:172.21.15.117:6801/2597372910] -- mgr_command(tid 0: {"prefix": "orch host add", "hostname": "smithi117", "addr": "172.21.15.117", "target": ["mon-mgr", ""]}) v1 -- 0x7f0f24101d30 con 0x7f0f08038770
2024-04-20T10:56:18.620 INFO:teuthology.orchestra.run.smithi117.stdout:/usr/bin/ceph: stderr
2024-04-20T10:56:17.955+0000 7f0f1be00700 1 -- 172.21.15.117:0/4148448132 <== mgr.14120 v2:172.21.15.117:6800/2597372910 1 ==== mgr_command_reply(tid 0: 0 ) v1 ==== 8+0+49 (secure 0 0 0) 0x7f0f24101d30 con 0x7f0f08038770
2024-04-20T10:56:18.620 INFO:teuthology.orchestra.run.smithi117.stdout:/usr/bin/ceph: stderr
2024-04-20T10:56:17.960+0000 7f0f29400700 1 -- 172.21.15.117:0/4148448132 >> [v2:172.21.15.117:6800/2597372910,v1:172.21.15.117:6801/2597372910] conn(0x7f0f08038770 msgr2=0x7f0f0803ac30 secure :-1 s=STATE_CONNECTION_ESTABLISHED l=1).mark_down
2024-04-20T10:56:18.620 INFO:teuthology.orchestra.run.smithi117.stdout:/usr/bin/ceph: stderr
2024-04-20T10:56:17.960+0000 7f0f29400700 1 --2- 172.21.15.117:0/4148448132 >> [v2:172.21.15.117:6800/2597372910,v1:172.21.15.117:6801/2597372910] conn(0x7f0f08038770 0x7f0f0803ac30 secure :-1 s=READY pgs=11 cs=0 l=1 rev1=1 crypto rx=0x7f0f0c006fd0 tx=0x7f0f0c006e40 comp rx=0 tx=0).stop
2024-04-20T10:56:18.620 INFO:teuthology.orchestra.run.smithi117.stdout:/usr/bin/ceph: stderr
2024-04-20T10:56:17.960+0000 7f0f29400700 1 -- 172.21.15.117:0/4148448132 >> [v2:172.21.15.117:3300/0,v1:172.21.15.117:6789/0] conn(0x7f0f24107090 msgr2=0x7f0f2419a2a0 secure :-1 s=STATE_CONNECTION_ESTABLISHED l=1).mark_down
2024-04-20T10:56:18.620 INFO:teuthology.orchestra.run.smithi117.stdout:/usr/bin/ceph: stderr
2024-04-20T10:56:17.960+0000 7f0f29400700 1 --2- 172.21.15.117:0/4148448132 >> [v2:172.21.15.117:3300/0,v1:172.21.15.117:6789/0] conn(0x7f0f24107090 0x7f0f2419a2a0 secure :-1 s=READY pgs=46 cs=0 l=1 rev1=1 crypto rx=0x7f0f14011710 tx=0x7f0f140047c0 comp rx=0 tx=0).stop
2024-04-20T10:56:18.620 INFO:teuthology.orchestra.run.smithi117.stdout:/usr/bin/ceph: stderr
2024-04-20T10:56:17.960+0000 7f0f29400700 1 -- 172.21.15.117:0/4148448132 shutdown_connections
2024-04-20T10:56:18.621 INFO:teuthology.orchestra.run.smithi117.stdout:/usr/bin/ceph: stderr
2024-04-20T10:56:17.960+0000 7f0f29400700 1 --2- 172.21.15.117:0/4148448132 >> [v2:172.21.15.117:6800/2597372910,v1:172.21.15.117:6801/2597372910] conn(0x7f0f08038770 0x7f0f0803ac30 unknown :-1 s=CLOSED pgs=11 cs=0 l=1 rev1=1 crypto rx=0 tx=0 comp rx=0 tx=0).stop
2024-04-20T10:56:18.621 INFO:teuthology.orchestra.run.smithi117.stdout:/usr/bin/ceph: stderr
2024-04-20T10:56:17.960+0000 7f0f29400700 1 --2- 172.21.15.117:0/4148448132 >> [v2:172.21.15.117:3300/0,v1:172.21.15.117:6789/0] conn(0x7f0f24107090 0x7f0f2419a2a0 unknown :-1 s=CLOSED pgs=46 cs=0 l=1 rev1=1 crypto rx=0 tx=0 comp rx=0 tx=0).stop
2024-04-20T10:56:18.621 INFO:teuthology.orchestra.run.smithi117.stdout:/usr/bin/ceph: stderr
2024-04-20T10:56:17.960+0000 7f0f29400700 1 -- 172.21.15.117:0/4148448132 >> 172.21.15.117:0/4148448132 conn(0x7f0f24100aa0 msgr2=0x7f0f24101620 unknown :-1 s=STATE_NONE l=0).mark_down
2024-04-20T10:56:18.621 INFO:teuthology.orchestra.run.smithi117.stdout:/usr/bin/ceph: stderr
2024-04-20T10:56:17.960+0000 7f0f29400700 1 -- 172.21.15.117:0/4148448132 shutdown_connections
2024-04-20T10:56:18.621 INFO:teuthology.orchestra.run.smithi117.stdout:/usr/bin/ceph: stderr
2024-04-20T10:56:17.960+0000 7f0f29400700 1 -- 172.21.15.117:0/4148448132 wait complete.
2024-04-20T10:56:18.621 INFO:teuthology.orchestra.run.smithi117.stdout:Deploying mon service with default placement...
2024-04-20T10:56:19.280 INFO:journalctl@ceph.mon.smithi117.smithi117.stdout:Apr 20 10:56:18 smithi117 ceph-mon[15659]: from='mgr.14120 172.21.15.117:0/3286527751' entity='mgr.smithi117.ivnklj'
2024-04-20T10:56:19.281 INFO:journalctl@ceph.mon.smithi117.smithi117.stdout:Apr 20 10:56:18 smithi117 ceph-mon[15659]: Added host smithi117
2024-04-20T10:56:19.281 INFO:journalctl@ceph.mon.smithi117.smithi117.stdout:Apr 20 10:56:18 smithi117 ceph-mon[15659]: from='mgr.14120 172.21.15.117:0/3286527751' entity='mgr.smithi117.ivnklj' cmd=[{"prefix": "config dump", "format": "json"}]: dispatch
2024-04-20T10:56:20.609 INFO:teuthology.orchestra.run.smithi117.stdout:/usr/bin/ceph: stdout Scheduled mon update...
2024-04-20T10:56:20.609 INFO:teuthology.orchestra.run.smithi117.stdout:/usr/bin/ceph: stderr
2024-04-20T10:56:19.548+0000 7fdba6e00700 1 Processor -- start
2024-04-20T10:56:20.609 INFO:teuthology.orchestra.run.smithi117.stdout:/usr/bin/ceph: stderr
2024-04-20T10:56:19.548+0000 7fdba6e00700 1 -- start start
2024-04-20T10:56:20.609 INFO:teuthology.orchestra.run.smithi117.stdout:/usr/bin/ceph: stderr
2024-04-20T10:56:19.549+0000 7fdba6e00700 1 --2- >> [v2:172.21.15.117:3300/0,v1:172.21.15.117:6789/0] conn(0x7fdba01065a0 0x7fdba01069c0 unknown :-1 s=NONE pgs=0 cs=0 l=0 rev1=0 crypto rx=0 tx=0 comp rx=0 tx=0).connect
2024-04-20T10:56:20.609 INFO:teuthology.orchestra.run.smithi117.stdout:/usr/bin/ceph: stderr
2024-04-20T10:56:19.549+0000 7fdba6e00700 1 -- --> [v2:172.21.15.117:3300/0,v1:172.21.15.117:6789/0] -- mon_getmap magic: 0 v1 -- 0x7fdba0106f90 con 0x7fdba01065a0
2024-04-20T10:56:20.610 INFO:teuthology.orchestra.run.smithi117.stdout:/usr/bin/ceph: stderr
2024-04-20T10:56:19.549+0000 7fdb9fe00700 1 --2- >> [v2:172.21.15.117:3300/0,v1:172.21.15.117:6789/0] conn(0x7fdba01065a0 0x7fdba01069c0 unknown :-1 s=BANNER_CONNECTING pgs=0 cs=0 l=0 rev1=0 crypto rx=0 tx=0 comp rx=0 tx=0)._handle_peer_banner_payload supported=3 required=0
2024-04-20T10:56:20.610 INFO:teuthology.orchestra.run.smithi117.stdout:/usr/bin/ceph: stderr
2024-04-20T10:56:19.549+0000 7fdb9fe00700 1 --2- >> [v2:172.21.15.117:3300/0,v1:172.21.15.117:6789/0] conn(0x7fdba01065a0 0x7fdba01069c0 unknown :-1 s=HELLO_CONNECTING pgs=0 cs=0 l=0 rev1=1 crypto rx=0 tx=0 comp rx=0 tx=0).handle_hello peer v2:172.21.15.117:3300/0 says I am v2:172.21.15.117:58666/0 (socket says 172.21.15.117:58666)
2024-04-20T10:56:20.610 INFO:teuthology.orchestra.run.smithi117.stdout:/usr/bin/ceph: stderr
2024-04-20T10:56:19.549+0000 7fdb9fe00700 1 -- 172.21.15.117:0/760262258 learned_addr learned my addr 172.21.15.117:0/760262258 (peer_addr_for_me v2:172.21.15.117:0/0)
2024-04-20T10:56:20.610 INFO:teuthology.orchestra.run.smithi117.stdout:/usr/bin/ceph: stderr
2024-04-20T10:56:19.550+0000 7fdb9fe00700 1 -- 172.21.15.117:0/760262258 --> [v2:172.21.15.117:3300/0,v1:172.21.15.117:6789/0] -- mon_subscribe({config=0+,monmap=0+}) v3 -- 0x7fdba01077a0 con 0x7fdba01065a0
2024-04-20T10:56:20.610 INFO:teuthology.orchestra.run.smithi117.stdout:/usr/bin/ceph: stderr
2024-04-20T10:56:19.550+0000 7fdb9fe00700 1 --2- 172.21.15.117:0/760262258 >> [v2:172.21.15.117:3300/0,v1:172.21.15.117:6789/0] conn(0x7fdba01065a0 0x7fdba01069c0 secure :-1 s=READY pgs=47 cs=0 l=1 rev1=1 crypto rx=0x7fdb900098a0 tx=0x7fdb90009bb0 comp rx=0 tx=0).ready entity=mon.0 client_cookie=543066531a5b69f2 server_cookie=0 in_seq=0 out_seq=0
2024-04-20T10:56:20.610 INFO:teuthology.orchestra.run.smithi117.stdout:/usr/bin/ceph: stderr
2024-04-20T10:56:19.550+0000 7fdb9ea00700 1 -- 172.21.15.117:0/760262258 <== mon.0 v2:172.21.15.117:3300/0 1 ==== mon_map magic: 0 v1 ==== 229+0+0 (secure 0 0 0) 0x7fdb90004180 con 0x7fdba01065a0
2024-04-20T10:56:20.610 INFO:teuthology.orchestra.run.smithi117.stdout:/usr/bin/ceph: stderr
2024-04-20T10:56:19.551+0000 7fdb9ea00700 1 -- 172.21.15.117:0/760262258 <== mon.0 v2:172.21.15.117:3300/0 2 ==== config(27 keys) v1 ==== 1042+0+0 (secure 0 0 0) 0x7fdb900042e0 con 0x7fdba01065a0
2024-04-20T10:56:20.610 INFO:teuthology.orchestra.run.smithi117.stdout:/usr/bin/ceph: stderr
2024-04-20T10:56:19.551+0000 7fdb9ea00700 1 -- 172.21.15.117:0/760262258 <== mon.0 v2:172.21.15.117:3300/0 3 ==== mon_map magic: 0 v1 ==== 229+0+0 (secure 0 0 0) 0x7fdb90011a70 con 0x7fdba01065a0
2024-04-20T10:56:20.610 INFO:teuthology.orchestra.run.smithi117.stdout:/usr/bin/ceph: stderr
2024-04-20T10:56:19.551+0000 7fdba6e00700 1 -- 172.21.15.117:0/760262258 >> [v2:172.21.15.117:3300/0,v1:172.21.15.117:6789/0] conn(0x7fdba01065a0 msgr2=0x7fdba01069c0 secure :-1 s=STATE_CONNECTION_ESTABLISHED l=1).mark_down
2024-04-20T10:56:20.610 INFO:teuthology.orchestra.run.smithi117.stdout:/usr/bin/ceph: stderr
2024-04-20T10:56:19.551+0000 7fdba6e00700 1 --2- 172.21.15.117:0/760262258 >> [v2:172.21.15.117:3300/0,v1:172.21.15.117:6789/0] conn(0x7fdba01065a0 0x7fdba01069c0 secure :-1 s=READY pgs=47 cs=0 l=1 rev1=1 crypto rx=0x7fdb900098a0 tx=0x7fdb90009bb0 comp rx=0 tx=0).stop
2024-04-20T10:56:20.610 INFO:teuthology.orchestra.run.smithi117.stdout:/usr/bin/ceph: stderr
2024-04-20T10:56:19.551+0000 7fdba6e00700 1 -- 172.21.15.117:0/760262258 shutdown_connections
2024-04-20T10:56:20.610 INFO:teuthology.orchestra.run.smithi117.stdout:/usr/bin/ceph: stderr
2024-04-20T10:56:19.551+0000 7fdba6e00700 1 --2- 172.21.15.117:0/760262258 >> [v2:172.21.15.117:3300/0,v1:172.21.15.117:6789/0] conn(0x7fdba01065a0 0x7fdba01069c0 unknown :-1 s=CLOSED pgs=47 cs=0 l=1 rev1=1 crypto rx=0 tx=0 comp rx=0 tx=0).stop
2024-04-20T10:56:20.610 INFO:teuthology.orchestra.run.smithi117.stdout:/usr/bin/ceph: stderr
2024-04-20T10:56:19.551+0000 7fdba6e00700 1 -- 172.21.15.117:0/760262258 >> 172.21.15.117:0/760262258 conn(0x7fdba0101ba0 msgr2=0x7fdba0103fc0 unknown :-1 s=STATE_NONE l=0).mark_down
2024-04-20T10:56:20.611 INFO:teuthology.orchestra.run.smithi117.stdout:/usr/bin/ceph: stderr
2024-04-20T10:56:19.551+0000 7fdba6e00700 1 -- 172.21.15.117:0/760262258 shutdown_connections
