2024-04-20T10:56:52.963 INFO:teuthology.orchestra.run.smithi117.stdout:/usr/bin/ceph: stderr
2024-04-20T10:56:51.808+0000 7fb706e00700 1 -- 172.21.15.117:0/3678198452 --> [v2:172.21.15.117:6800/1996106837,v1:172.21.15.117:6801/1996106837] -- mgr_command(tid 0: {"prefix": "dashboard ac-user-create", "username": "admin", "rolename": "administrator", "force_password": true, "pwd_update_required": true, "target": ["mon-mgr", ""]}) v1 -- 0x7fb700062330 con 0x7fb6e4038770
2024-04-20T10:56:52.963 INFO:teuthology.orchestra.run.smithi117.stdout:/usr/bin/ceph: stderr
2024-04-20T10:56:52.076+0000 7fb6fcc00700 1 -- 172.21.15.117:0/3678198452 <== mgr.14164 v2:172.21.15.117:6800/1996106837 1 ==== mgr_command_reply(tid 0: 0 ) v1 ==== 8+0+252 (secure 0 0 0) 0x7fb700062330 con 0x7fb6e4038770
2024-04-20T10:56:52.963 INFO:teuthology.orchestra.run.smithi117.stdout:/usr/bin/ceph: stderr
2024-04-20T10:56:52.079+0000 7fb706e00700 1 -- 172.21.15.117:0/3678198452 >> [v2:172.21.15.117:6800/1996106837,v1:172.21.15.117:6801/1996106837] conn(0x7fb6e4038770 msgr2=0x7fb6e403ac30 secure :-1 s=STATE_CONNECTION_ESTABLISHED l=1).mark_down
2024-04-20T10:56:52.964 INFO:teuthology.orchestra.run.smithi117.stdout:/usr/bin/ceph: stderr
2024-04-20T10:56:52.079+0000 7fb706e00700 1 --2- 172.21.15.117:0/3678198452 >> [v2:172.21.15.117:6800/1996106837,v1:172.21.15.117:6801/1996106837] conn(0x7fb6e4038770 0x7fb6e403ac30 secure :-1 s=READY pgs=8 cs=0 l=1 rev1=1 crypto rx=0x7fb6ec006fd0 tx=0x7fb6ec006e40 comp rx=0 tx=0).stop
2024-04-20T10:56:52.964 INFO:teuthology.orchestra.run.smithi117.stdout:/usr/bin/ceph: stderr
2024-04-20T10:56:52.079+0000 7fb706e00700 1 -- 172.21.15.117:0/3678198452 >> [v2:172.21.15.117:3300/0,v1:172.21.15.117:6789/0] conn(0x7fb7001065e0 msgr2=0x7fb70019c550 secure :-1 s=STATE_CONNECTION_ESTABLISHED l=1).mark_down
2024-04-20T10:56:52.964 INFO:teuthology.orchestra.run.smithi117.stdout:/usr/bin/ceph: stderr
2024-04-20T10:56:52.079+0000 7fb706e00700 1 --2- 172.21.15.117:0/3678198452 >> [v2:172.21.15.117:3300/0,v1:172.21.15.117:6789/0] conn(0x7fb7001065e0 0x7fb70019c550 secure :-1 s=READY pgs=85 cs=0 l=1 rev1=1 crypto rx=0x7fb6f00117b0 tx=0x7fb6f0011890 comp rx=0 tx=0).stop
2024-04-20T10:56:52.964 INFO:teuthology.orchestra.run.smithi117.stdout:/usr/bin/ceph: stderr
2024-04-20T10:56:52.080+0000 7fb706e00700 1 -- 172.21.15.117:0/3678198452 shutdown_connections
2024-04-20T10:56:52.964 INFO:teuthology.orchestra.run.smithi117.stdout:/usr/bin/ceph: stderr
2024-04-20T10:56:52.080+0000 7fb706e00700 1 --2- 172.21.15.117:0/3678198452 >> [v2:172.21.15.117:6800/1996106837,v1:172.21.15.117:6801/1996106837] conn(0x7fb6e4038770 0x7fb6e403ac30 unknown :-1 s=CLOSED pgs=8 cs=0 l=1 rev1=1 crypto rx=0 tx=0 comp rx=0 tx=0).stop
2024-04-20T10:56:52.964 INFO:teuthology.orchestra.run.smithi117.stdout:/usr/bin/ceph: stderr
2024-04-20T10:56:52.080+0000 7fb706e00700 1 --2- 172.21.15.117:0/3678198452 >> [v2:172.21.15.117:3300/0,v1:172.21.15.117:6789/0] conn(0x7fb7001065e0 0x7fb70019c550 unknown :-1 s=CLOSED pgs=85 cs=0 l=1 rev1=1 crypto rx=0 tx=0 comp rx=0 tx=0).stop
2024-04-20T10:56:52.964 INFO:teuthology.orchestra.run.smithi117.stdout:/usr/bin/ceph: stderr
2024-04-20T10:56:52.080+0000 7fb706e00700 1 -- 172.21.15.117:0/3678198452 >> 172.21.15.117:0/3678198452 conn(0x7fb700101c00 msgr2=0x7fb7001026a0 unknown :-1 s=STATE_NONE l=0).mark_down
2024-04-20T10:56:52.964 INFO:teuthology.orchestra.run.smithi117.stdout:/usr/bin/ceph: stderr
2024-04-20T10:56:52.080+0000 7fb706e00700 1 -- 172.21.15.117:0/3678198452 shutdown_connections
2024-04-20T10:56:52.964 INFO:teuthology.orchestra.run.smithi117.stdout:/usr/bin/ceph: stderr
2024-04-20T10:56:52.080+0000 7fb706e00700 1 -- 172.21.15.117:0/3678198452 wait complete.
2024-04-20T10:56:52.964 INFO:teuthology.orchestra.run.smithi117.stdout:Fetching dashboard port number...
2024-04-20T10:56:53.249 INFO:journalctl@ceph.mon.smithi117.smithi117.stdout:Apr 20 10:56:53 smithi117 ceph-mon[15659]: from='client.14178 -' entity='client.admin' cmd=[{"prefix": "dashboard ac-user-create", "username": "admin", "rolename": "administrator", "force_password": true, "pwd_update_required": true, "target": ["mon-mgr", ""]}]: dispatch
2024-04-20T10:56:53.250 INFO:journalctl@ceph.mon.smithi117.smithi117.stdout:Apr 20 10:56:53 smithi117 ceph-mon[15659]: from='mgr.14164 172.21.15.117:0/506133696' entity='mgr.smithi117.ivnklj'
2024-04-20T10:56:54.140 INFO:journalctl@ceph.mon.smithi117.smithi117.stdout:Apr 20 10:56:54 smithi117 ceph-mon[15659]: mgrmap e13: smithi117.ivnklj(active, since 6s)
2024-04-20T10:56:54.140 INFO:journalctl@ceph.mon.smithi117.smithi117.stdout:Apr 20 10:56:54 smithi117 ceph-mon[15659]: from='client.? 172.21.15.117:0/2141140587' entity='client.admin' cmd=[{"prefix": "config get", "who": "mgr", "key": "mgr/dashboard/ssl_server_port"}]: dispatch
2024-04-20T10:56:54.536 INFO:teuthology.orchestra.run.smithi117.stdout:/usr/bin/ceph: stdout 8443
2024-04-20T10:56:54.536 INFO:teuthology.orchestra.run.smithi117.stdout:/usr/bin/ceph: stderr
2024-04-20T10:56:53.617+0000 7fa83d600700 1 Processor -- start
2024-04-20T10:56:54.537 INFO:teuthology.orchestra.run.smithi117.stdout:/usr/bin/ceph: stderr
2024-04-20T10:56:53.618+0000 7fa83d600700 1 -- start start
2024-04-20T10:56:54.537 INFO:teuthology.orchestra.run.smithi117.stdout:/usr/bin/ceph: stderr
2024-04-20T10:56:53.618+0000 7fa83d600700 1 --2- >> [v2:172.21.15.117:3300/0,v1:172.21.15.117:6789/0] conn(0x7fa8381065a0 0x7fa8381069c0 unknown :-1 s=NONE pgs=0 cs=0 l=0 rev1=0 crypto rx=0 tx=0 comp rx=0 tx=0).connect
2024-04-20T10:56:54.537 INFO:teuthology.orchestra.run.smithi117.stdout:/usr/bin/ceph: stderr
2024-04-20T10:56:53.618+0000 7fa83d600700 1 -- --> [v2:172.21.15.117:3300/0,v1:172.21.15.117:6789/0] -- mon_getmap magic: 0 v1 -- 0x7fa838106f90 con 0x7fa8381065a0
2024-04-20T10:56:54.537 INFO:teuthology.orchestra.run.smithi117.stdout:/usr/bin/ceph: stderr
2024-04-20T10:56:53.618+0000 7fa836a00700 1 --2- >> [v2:172.21.15.117:3300/0,v1:172.21.15.117:6789/0] conn(0x7fa8381065a0 0x7fa8381069c0 unknown :-1 s=BANNER_CONNECTING pgs=0 cs=0 l=0 rev1=0 crypto rx=0 tx=0 comp rx=0 tx=0)._handle_peer_banner_payload supported=3 required=0
2024-04-20T10:56:54.537 INFO:teuthology.orchestra.run.smithi117.stdout:/usr/bin/ceph: stderr
2024-04-20T10:56:53.618+0000 7fa836a00700 1 --2- >> [v2:172.21.15.117:3300/0,v1:172.21.15.117:6789/0] conn(0x7fa8381065a0 0x7fa8381069c0 unknown :-1 s=HELLO_CONNECTING pgs=0 cs=0 l=0 rev1=1 crypto rx=0 tx=0 comp rx=0 tx=0).handle_hello peer v2:172.21.15.117:3300/0 says I am v2:172.21.15.117:56400/0 (socket says 172.21.15.117:56400)
2024-04-20T10:56:54.537 INFO:teuthology.orchestra.run.smithi117.stdout:/usr/bin/ceph: stderr
2024-04-20T10:56:53.618+0000 7fa836a00700 1 -- 172.21.15.117:0/918569775 learned_addr learned my addr 172.21.15.117:0/918569775 (peer_addr_for_me v2:172.21.15.117:0/0)
2024-04-20T10:56:54.542 INFO:teuthology.orchestra.run.smithi117.stdout:/usr/bin/ceph: stderr
2024-04-20T10:56:53.619+0000 7fa836a00700 1 -- 172.21.15.117:0/918569775 --> [v2:172.21.15.117:3300/0,v1:172.21.15.117:6789/0] -- mon_subscribe({config=0+,monmap=0+}) v3 -- 0x7fa8381077a0 con 0x7fa8381065a0
2024-04-20T10:56:54.542 INFO:teuthology.orchestra.run.smithi117.stdout:/usr/bin/ceph: stderr
2024-04-20T10:56:53.619+0000 7fa836a00700 1 --2- 172.21.15.117:0/918569775 >> [v2:172.21.15.117:3300/0,v1:172.21.15.117:6789/0] conn(0x7fa8381065a0 0x7fa8381069c0 secure :-1 s=READY pgs=86 cs=0 l=1 rev1=1 crypto rx=0x7fa8280098a0 tx=0x7fa828009bb0 comp rx=0 tx=0).ready entity=mon.0 client_cookie=6a28c9468ecaf704 server_cookie=0 in_seq=0 out_seq=0
2024-04-20T10:56:54.542 INFO:teuthology.orchestra.run.smithi117.stdout:/usr/bin/ceph: stderr
2024-04-20T10:56:53.619+0000 7fa836000700 1 -- 172.21.15.117:0/918569775 <== mon.0 v2:172.21.15.117:3300/0 1 ==== mon_map magic: 0 v1 ==== 229+0+0 (secure 0 0 0) 0x7fa828004180 con 0x7fa8381065a0
2024-04-20T10:56:54.543 INFO:teuthology.orchestra.run.smithi117.stdout:/usr/bin/ceph: stderr
2024-04-20T10:56:53.619+0000 7fa836000700 1 -- 172.21.15.117:0/918569775 <== mon.0 v2:172.21.15.117:3300/0 2 ==== config(27 keys) v1 ==== 1109+0+0 (secure 0 0 0) 0x7fa8280042e0 con 0x7fa8381065a0
2024-04-20T10:56:54.543 INFO:teuthology.orchestra.run.smithi117.stdout:/usr/bin/ceph: stderr
2024-04-20T10:56:53.619+0000 7fa836000700 1 -- 172.21.15.117:0/918569775 <== mon.0 v2:172.21.15.117:3300/0 3 ==== mon_map magic: 0 v1 ==== 229+0+0 (secure 0 0 0) 0x7fa828011b10 con 0x7fa8381065a0
2024-04-20T10:56:54.543 INFO:teuthology.orchestra.run.smithi117.stdout:/usr/bin/ceph: stderr
2024-04-20T10:56:53.620+0000 7fa83d600700 1 -- 172.21.15.117:0/918569775 >> [v2:172.21.15.117:3300/0,v1:172.21.15.117:6789/0] conn(0x7fa8381065a0 msgr2=0x7fa8381069c0 secure :-1 s=STATE_CONNECTION_ESTABLISHED l=1).mark_down
2024-04-20T10:56:54.543 INFO:teuthology.orchestra.run.smithi117.stdout:/usr/bin/ceph: stderr
2024-04-20T10:56:53.620+0000 7fa83d600700 1 --2- 172.21.15.117:0/918569775 >> [v2:172.21.15.117:3300/0,v1:172.21.15.117:6789/0] conn(0x7fa8381065a0 0x7fa8381069c0 secure :-1 s=READY pgs=86 cs=0 l=1 rev1=1 crypto rx=0x7fa8280098a0 tx=0x7fa828009bb0 comp rx=0 tx=0).stop
2024-04-20T10:56:54.543 INFO:teuthology.orchestra.run.smithi117.stdout:/usr/bin/ceph: stderr
2024-04-20T10:56:53.620+0000 7fa83d600700 1 -- 172.21.15.117:0/918569775 shutdown_connections
2024-04-20T10:56:54.543 INFO:teuthology.orchestra.run.smithi117.stdout:/usr/bin/ceph: stderr
2024-04-20T10:56:53.620+0000 7fa83d600700 1 --2- 172.21.15.117:0/918569775 >> [v2:172.21.15.117:3300/0,v1:172.21.15.117:6789/0] conn(0x7fa8381065a0 0x7fa8381069c0 unknown :-1 s=CLOSED pgs=86 cs=0 l=1 rev1=1 crypto rx=0 tx=0 comp rx=0 tx=0).stop
2024-04-20T10:56:54.543 INFO:teuthology.orchestra.run.smithi117.stdout:/usr/bin/ceph: stderr
2024-04-20T10:56:53.620+0000 7fa83d600700 1 -- 172.21.15.117:0/918569775 >> 172.21.15.117:0/918569775 conn(0x7fa838101b80 msgr2=0x7fa838103fa0 unknown :-1 s=STATE_NONE l=0).mark_down
2024-04-20T10:56:54.543 INFO:teuthology.orchestra.run.smithi117.stdout:/usr/bin/ceph: stderr
2024-04-20T10:56:53.620+0000 7fa83d600700 1 -- 172.21.15.117:0/918569775 shutdown_connections
2024-04-20T10:56:54.543 INFO:teuthology.orchestra.run.smithi117.stdout:/usr/bin/ceph: stderr
2024-04-20T10:56:53.620+0000 7fa83d600700 1 -- 172.21.15.117:0/918569775 wait complete.
2024-04-20T10:56:54.543 INFO:teuthology.orchestra.run.smithi117.stdout:/usr/bin/ceph: stderr
2024-04-20T10:56:53.621+0000 7fa83d600700 1 Processor -- start
2024-04-20T10:56:54.543 INFO:teuthology.orchestra.run.smithi117.stdout:/usr/bin/ceph: stderr
2024-04-20T10:56:53.622+0000 7fa83d600700 1 -- start start
2024-04-20T10:56:54.544 INFO:teuthology.orchestra.run.smithi117.stdout:/usr/bin/ceph: stderr
2024-04-20T10:56:53.622+0000 7fa83d600700 1 --2- >> [v2:172.21.15.117:3300/0,v1:172.21.15.117:6789/0] conn(0x7fa8381065a0 0x7fa83819a330 unknown :-1 s=NONE pgs=0 cs=0 l=1 rev1=0 crypto rx=0 tx=0 comp rx=0 tx=0).connect
2024-04-20T10:56:54.544 INFO:teuthology.orchestra.run.smithi117.stdout:/usr/bin/ceph: stderr
2024-04-20T10:56:53.622+0000 7fa83d600700 1 -- --> [v2:172.21.15.117:3300/0,v1:172.21.15.117:6789/0] -- mon_getmap magic: 0 v1 -- 0x7fa83819a870 con 0x7fa8381065a0
2024-04-20T10:56:54.544 INFO:teuthology.orchestra.run.smithi117.stdout:/usr/bin/ceph: stderr
2024-04-20T10:56:53.622+0000 7fa836a00700 1 --2- >> [v2:172.21.15.117:3300/0,v1:172.21.15.117:6789/0] conn(0x7fa8381065a0 0x7fa83819a330 unknown :-1 s=BANNER_CONNECTING pgs=0 cs=0 l=1 rev1=0 crypto rx=0 tx=0 comp rx=0 tx=0)._handle_peer_banner_payload supported=3 required=0
2024-04-20T10:56:54.544 INFO:teuthology.orchestra.run.smithi117.stdout:/usr/bin/ceph: stderr
2024-04-20T10:56:53.622+0000 7fa836a00700 1 --2- >> [v2:172.21.15.117:3300/0,v1:172.21.15.117:6789/0] conn(0x7fa8381065a0 0x7fa83819a330 unknown :-1 s=HELLO_CONNECTING pgs=0 cs=0 l=1 rev1=1 crypto rx=0 tx=0 comp rx=0 tx=0).handle_hello peer v2:172.21.15.117:3300/0 says I am v2:172.21.15.117:56416/0 (socket says 172.21.15.117:56416)
2024-04-20T10:56:54.544 INFO:teuthology.orchestra.run.smithi117.stdout:/usr/bin/ceph: stderr
2024-04-20T10:56:53.622+0000 7fa836a00700 1 -- 172.21.15.117:0/2141140587 learned_addr learned my addr 172.21.15.117:0/2141140587 (peer_addr_for_me v2:172.21.15.117:0/0)
2024-04-20T10:56:54.544 INFO:teuthology.orchestra.run.smithi117.stdout:/usr/bin/ceph: stderr
2024-04-20T10:56:53.623+0000 7fa836a00700 1 -- 172.21.15.117:0/2141140587 --> [v2:172.21.15.117:3300/0,v1:172.21.15.117:6789/0] -- mon_subscribe({config=0+,monmap=0+}) v3 -- 0x7fa828009550 con 0x7fa8381065a0
2024-04-20T10:56:54.544 INFO:teuthology.orchestra.run.smithi117.stdout:/usr/bin/ceph: stderr
2024-04-20T10:56:53.623+0000 7fa836a00700 1 --2- 172.21.15.117:0/2141140587 >> [v2:172.21.15.117:3300/0,v1:172.21.15.117:6789/0] conn(0x7fa8381065a0 0x7fa83819a330 secure :-1 s=READY pgs=87 cs=0 l=1 rev1=1 crypto rx=0x7fa8280117b0 tx=0x7fa828011890 comp rx=0 tx=0).ready entity=mon.0 client_cookie=0 server_cookie=0 in_seq=0 out_seq=0
2024-04-20T10:56:54.544 INFO:teuthology.orchestra.run.smithi117.stdout:/usr/bin/ceph: stderr
2024-04-20T10:56:53.623+0000 7fa82fe00700 1 -- 172.21.15.117:0/2141140587 <== mon.0 v2:172.21.15.117:3300/0 1 ==== mon_map magic: 0 v1 ==== 229+0+0 (secure 0 0 0) 0x7fa8280038b0 con 0x7fa8381065a0
2024-04-20T10:56:54.544 INFO:teuthology.orchestra.run.smithi117.stdout:/usr/bin/ceph: stderr
2024-04-20T10:56:53.623+0000 7fa82fe00700 1 -- 172.21.15.117:0/2141140587 <== mon.0 v2:172.21.15.117:3300/0 2 ==== config(27 keys) v1 ==== 1109+0+0 (secure 0 0 0) 0x7fa828003a10 con 0x7fa8381065a0
2024-04-20T10:56:54.544 INFO:teuthology.orchestra.run.smithi117.stdout:/usr/bin/ceph: stderr
2024-04-20T10:56:53.623+0000 7fa82fe00700 1 -- 172.21.15.117:0/2141140587 <== mon.0 v2:172.21.15.117:3300/0 3 ==== mon_map magic: 0 v1 ==== 229+0+0 (secure 0 0 0) 0x7fa8280246e0 con 0x7fa8381065a0
2024-04-20T10:56:54.544 INFO:teuthology.orchestra.run.smithi117.stdout:/usr/bin/ceph: stderr
2024-04-20T10:56:53.623+0000 7fa83d600700 1 -- 172.21.15.117:0/2141140587 --> [v2:172.21.15.117:3300/0,v1:172.21.15.117:6789/0] -- mon_subscribe({mgrmap=0+}) v3 -- 0x7fa83819aa70 con 0x7fa8381065a0
2024-04-20T10:56:54.545 INFO:teuthology.orchestra.run.smithi117.stdout:/usr/bin/ceph: stderr
2024-04-20T10:56:53.623+0000 7fa83d600700 1 -- 172.21.15.117:0/2141140587 --> [v2:172.21.15.117:3300/0,v1:172.21.15.117:6789/0] -- mon_subscribe({osdmap=0}) v3 -- 0x7fa83819af10 con 0x7fa8381065a0
2024-04-20T10:56:54.545 INFO:teuthology.orchestra.run.smithi117.stdout:/usr/bin/ceph: stderr
2024-04-20T10:56:53.624+0000 7fa82fe00700 1 -- 172.21.15.117:0/2141140587 <== mon.0 v2:172.21.15.117:3300/0 4 ==== mgrmap(e 13) v1 ==== 45613+0+0 (secure 0 0 0) 0x7fa82801ab80 con 0x7fa8381065a0
2024-04-20T10:56:54.545 INFO:teuthology.orchestra.run.smithi117.stdout:/usr/bin/ceph: stderr
2024-04-20T10:56:53.624+0000 7fa83d600700 1 -- 172.21.15.117:0/2141140587 --> [v2:172.21.15.117:3300/0,v1:172.21.15.117:6789/0] -- mon_command({"prefix": "get_command_descriptions"} v 0) v1 -- 0x7fa83810a9d0 con 0x7fa8381065a0
2024-04-20T10:56:54.545 INFO:teuthology.orchestra.run.smithi117.stdout:/usr/bin/ceph: stderr
2024-04-20T10:56:53.625+0000 7fa82fe00700 1 --2- 172.21.15.117:0/2141140587 >> [v2:172.21.15.117:6800/1996106837,v1:172.21.15.117:6801/1996106837] conn(0x7fa81c038860 0x7fa81c03ad20 unknown :-1 s=NONE pgs=0 cs=0 l=1 rev1=0 crypto rx=0 tx=0 comp rx=0 tx=0).connect
2024-04-20T10:56:54.545 INFO:teuthology.orchestra.run.smithi117.stdout:/usr/bin/ceph: stderr
2024-04-20T10:56:53.625+0000 7fa82fe00700 1 -- 172.21.15.117:0/2141140587 <== mon.0 v2:172.21.15.117:3300/0 5 ==== osd_map(3..3 src has 1..3) v4 ==== 1155+0+0 (secure 0 0 0) 0x7fa82804ca10 con 0x7fa8381065a0
2024-04-20T10:56:54.545 INFO:teuthology.orchestra.run.smithi117.stdout:/usr/bin/ceph: stderr
2024-04-20T10:56:53.625+0000 7fa82e000700 1 --2- 172.21.15.117:0/2141140587 >> [v2:172.21.15.117:6800/1996106837,v1:172.21.15.117:6801/1996106837] conn(0x7fa81c038860 0x7fa81c03ad20 unknown :-1 s=BANNER_CONNECTING pgs=0 cs=0 l=1 rev1=0 crypto rx=0 tx=0 comp rx=0 tx=0)._handle_peer_banner_payload supported=3 required=0
2024-04-20T10:56:54.545 INFO:teuthology.orchestra.run.smithi117.stdout:/usr/bin/ceph: stderr
2024-04-20T10:56:53.626+0000 7fa82e000700 1 --2- 172.21.15.117:0/2141140587 >> [v2:172.21.15.117:6800/1996106837,v1:172.21.15.117:6801/1996106837] conn(0x7fa81c038860 0x7fa81c03ad20 secure :-1 s=READY pgs=9 cs=0 l=1 rev1=1 crypto rx=0x7fa82000ad30 tx=0x7fa8200093f0 comp rx=0 tx=0).ready entity=mgr.14164 client_cookie=0 server_cookie=0 in_seq=0 out_seq=0
2024-04-20T10:56:54.545 INFO:teuthology.orchestra.run.smithi117.stdout:/usr/bin/ceph: stderr
2024-04-20T10:56:53.631+0000 7fa82fe00700 1 -- 172.21.15.117:0/2141140587 <== mon.0 v2:172.21.15.117:3300/0 6 ==== mon_command_ack([{"prefix": "get_command_descriptions"}]=0 v0) v1 ==== 72+0+183351 (secure 0 0 0) 0x7fa82801a430 con 0x7fa8381065a0
2024-04-20T10:56:54.545 INFO:teuthology.orchestra.run.smithi117.stdout:/usr/bin/ceph: stderr
2024-04-20T10:56:53.850+0000 7fa83d600700 1 -- 172.21.15.117:0/2141140587 --> [v2:172.21.15.117:3300/0,v1:172.21.15.117:6789/0] -- mon_command({"prefix": "config get", "who": "mgr", "key": "mgr/dashboard/ssl_server_port"} v 0) v1 -- 0x7fa83819d7a0 con 0x7fa8381065a0
2024-04-20T10:56:54.545 INFO:teuthology.orchestra.run.smithi117.stdout:/usr/bin/ceph: stderr
2024-04-20T10:56:53.851+0000 7fa82fe00700 1 -- 172.21.15.117:0/2141140587 <== mon.0 v2:172.21.15.117:3300/0 7 ==== mon_command_ack([{"prefix": "config get", "who": "mgr", "key": "mgr/dashboard/ssl_server_port"}]=0 v8) v1 ==== 112+0+5 (secure 0 0 0) 0x7fa828018b40 con 0x7fa8381065a0
2024-04-20T10:56:54.546 INFO:teuthology.orchestra.run.smithi117.stdout:/usr/bin/ceph: stderr
2024-04-20T10:56:53.854+0000 7fa83d600700 1 -- 172.21.15.117:0/2141140587 >> [v2:172.21.15.117:6800/1996106837,v1:172.21.15.117:6801/1996106837] conn(0x7fa81c038860 msgr2=0x7fa81c03ad20 secure :-1 s=STATE_CONNECTION_ESTABLISHED l=1).mark_down
2024-04-20T10:56:54.546 INFO:teuthology.orchestra.run.smithi117.stdout:/usr/bin/ceph: stderr
2024-04-20T10:56:53.854+0000 7fa83d600700 1 --2- 172.21.15.117:0/2141140587 >> [v2:172.21.15.117:6800/1996106837,v1:172.21.15.117:6801/1996106837] conn(0x7fa81c038860 0x7fa81c03ad20 secure :-1 s=READY pgs=9 cs=0 l=1 rev1=1 crypto rx=0x7fa82000ad30 tx=0x7fa8200093f0 comp rx=0 tx=0).stop
2024-04-20T10:56:54.546 INFO:teuthology.orchestra.run.smithi117.stdout:/usr/bin/ceph: stderr
2024-04-20T10:56:53.854+0000 7fa83d600700 1 -- 172.21.15.117:0/2141140587 >> [v2:172.21.15.117:3300/0,v1:172.21.15.117:6789/0] conn(0x7fa8381065a0 msgr2=0x7fa83819a330 secure :-1 s=STATE_CONNECTION_ESTABLISHED l=1).mark_down
2024-04-20T10:56:54.546 INFO:teuthology.orchestra.run.smithi117.stdout:/usr/bin/ceph: stderr
2024-04-20T10:56:53.854+0000 7fa83d600700 1 --2- 172.21.15.117:0/2141140587 >> [v2:172.21.15.117:3300/0,v1:172.21.15.117:6789/0] conn(0x7fa8381065a0 0x7fa83819a330 secure :-1 s=READY pgs=87 cs=0 l=1 rev1=1 crypto rx=0x7fa8280117b0 tx=0x7fa828011890 comp rx=0 tx=0).stop
2024-04-20T10:56:54.546 INFO:teuthology.orchestra.run.smithi117.stdout:/usr/bin/ceph: stderr
2024-04-20T10:56:53.855+0000 7fa83d600700 1 -- 172.21.15.117:0/2141140587 shutdown_connections
2024-04-20T10:56:54.546 INFO:teuthology.orchestra.run.smithi117.stdout:/usr/bin/ceph: stderr
2024-04-20T10:56:53.855+0000 7fa83d600700 1 --2- 172.21.15.117:0/2141140587 >> [v2:172.21.15.117:6800/1996106837,v1:172.21.15.117:6801/1996106837] conn(0x7fa81c038860 0x7fa81c03ad20 unknown :-1 s=CLOSED pgs=9 cs=0 l=1 rev1=1 crypto rx=0 tx=0 comp rx=0 tx=0).stop
2024-04-20T10:56:54.546 INFO:teuthology.orchestra.run.smithi117.stdout:/usr/bin/ceph: stderr
2024-04-20T10:56:53.855+0000 7fa83d600700 1 --2- 172.21.15.117:0/2141140587 >> [v2:172.21.15.117:3300/0,v1:172.21.15.117:6789/0] conn(0x7fa8381065a0 0x7fa83819a330 unknown :-1 s=CLOSED pgs=87 cs=0 l=1 rev1=1 crypto rx=0 tx=0 comp rx=0 tx=0).stop
2024-04-20T10:56:54.546 INFO:teuthology.orchestra.run.smithi117.stdout:/usr/bin/ceph: stderr
2024-04-20T10:56:53.855+0000 7fa83d600700 1 -- 172.21.15.117:0/2141140587 >> 172.21.15.117:0/2141140587 conn(0x7fa838101b80 msgr2=0x7fa8381026f0 unknown :-1 s=STATE_NONE l=0).mark_down
2024-04-20T10:56:54.546 INFO:teuthology.orchestra.run.smithi117.stdout:/usr/bin/ceph: stderr
2024-04-20T10:56:53.855+0000 7fa83d600700 1 -- 172.21.15.117:0/2141140587 shutdown_connections
2024-04-20T10:56:54.546 INFO:teuthology.orchestra.run.smithi117.stdout:/usr/bin/ceph: stderr
2024-04-20T10:56:53.855+0000 7fa83d600700 1 -- 172.21.15.117:0/2141140587 wait complete.
2024-04-20T10:56:54.575 INFO:teuthology.orchestra.run.smithi117.stdout:Non-zero exit code 1 from systemctl is-enabled firewalld.service
2024-04-20T10:56:54.575 INFO:teuthology.orchestra.run.smithi117.stdout:systemctl: stdout disabled
2024-04-20T10:56:54.601 INFO:teuthology.orchestra.run.smithi117.stdout:Non-zero exit code 3 from systemctl is-active firewalld.service
2024-04-20T10:56:54.602 INFO:teuthology.orchestra.run.smithi117.stdout:systemctl: stdout inactive
2024-04-20T10:56:54.602 INFO:teuthology.orchestra.run.smithi117.stdout:firewalld.service is not enabled
2024-04-20T10:56:54.602 INFO:teuthology.orchestra.run.smithi117.stdout:Not possible to open ports <[8443]>. firewalld.service is not available
2024-04-20T10:56:54.610 INFO:teuthology.orchestra.run.smithi117.stdout:Ceph Dashboard is now available at:
2024-04-20T10:56:54.610 INFO:teuthology.orchestra.run.smithi117.stdout:
2024-04-20T10:56:54.610 INFO:teuthology.orchestra.run.smithi117.stdout: URL: https://smithi117.front.sepia.ceph.com:8443/
2024-04-20T10:56:54.610 INFO:teuthology.orchestra.run.smithi117.stdout: User: admin
2024-04-20T10:56:54.610 INFO:teuthology.orchestra.run.smithi117.stdout: Password: jma1lx4ol4
2024-04-20T10:56:54.610 INFO:teuthology.orchestra.run.smithi117.stdout:
2024-04-20T10:56:54.611 INFO:teuthology.orchestra.run.smithi117.stdout:Saving cluster configuration to /var/lib/ceph/59ecfd22-ff04-11ee-bc92-c7b262605968/config directory
2024-04-20T10:56:54.613 INFO:teuthology.orchestra.run.smithi117.stdout:Enabling autotune for osd_memory_target
2024-04-20T10:56:56.172 INFO:teuthology.orchestra.run.smithi117.stdout:/usr/bin/ceph: stderr
2024-04-20T10:56:55.238+0000 7f042a600700 1 Processor -- start
2024-04-20T10:56:56.172 INFO:teuthology.orchestra.run.smithi117.stdout:/usr/bin/ceph: stderr
2024-04-20T10:56:55.238+0000 7f042a600700 1 -- start start
2024-04-20T10:56:56.172 INFO:teuthology.orchestra.run.smithi117.stdout:/usr/bin/ceph: stderr
2024-04-20T10:56:55.239+0000 7f042a600700 1 --2- >> [v2:172.21.15.117:3300/0,v1:172.21.15.117:6789/0] conn(0x7f04241070b0 0x7f04241094a0 unknown :-1 s=NONE pgs=0 cs=0 l=0 rev1=0 crypto rx=0 tx=0 comp rx=0 tx=0).connect
2024-04-20T10:56:56.172 INFO:teuthology.orchestra.run.smithi117.stdout:/usr/bin/ceph: stderr
2024-04-20T10:56:55.239+0000 7f042a600700 1 -- --> [v2:172.21.15.117:3300/0,v1:172.21.15.117:6789/0] -- mon_getmap magic: 0 v1 -- 0x7f0424074710 con 0x7f04241070b0
2024-04-20T10:56:56.172 INFO:teuthology.orchestra.run.smithi117.stdout:/usr/bin/ceph: stderr
2024-04-20T10:56:55.239+0000 7f0423400700 1 --2- >> [v2:172.21.15.117:3300/0,v1:172.21.15.117:6789/0] conn(0x7f04241070b0 0x7f04241094a0 unknown :-1 s=BANNER_CONNECTING pgs=0 cs=0 l=0 rev1=0 crypto rx=0 tx=0 comp rx=0 tx=0)._handle_peer_banner_payload supported=3 required=0
2024-04-20T10:56:56.173 INFO:teuthology.orchestra.run.smithi117.stdout:/usr/bin/ceph: stderr
2024-04-20T10:56:55.239+0000 7f0423400700 1 --2- >> [v2:172.21.15.117:3300/0,v1:172.21.15.117:6789/0] conn(0x7f04241070b0 0x7f04241094a0 unknown :-1 s=HELLO_CONNECTING pgs=0 cs=0 l=0 rev1=1 crypto rx=0 tx=0 comp rx=0 tx=0).handle_hello peer v2:172.21.15.117:3300/0 says I am v2:172.21.15.117:35030/0 (socket says 172.21.15.117:35030)
2024-04-20T10:56:56.173 INFO:teuthology.orchestra.run.smithi117.stdout:/usr/bin/ceph: stderr
2024-04-20T10:56:55.239+0000 7f0423400700 1 -- 172.21.15.117:0/2026243920 learned_addr learned my addr 172.21.15.117:0/2026243920 (peer_addr_for_me v2:172.21.15.117:0/0)
2024-04-20T10:56:56.173 INFO:teuthology.orchestra.run.smithi117.stdout:/usr/bin/ceph: stderr
2024-04-20T10:56:55.240+0000 7f0423400700 1 -- 172.21.15.117:0/2026243920 --> [v2:172.21.15.117:3300/0,v1:172.21.15.117:6789/0] -- mon_subscribe({config=0+,monmap=0+}) v3 -- 0x7f0424074850 con 0x7f04241070b0
2024-04-20T10:56:56.173 INFO:teuthology.orchestra.run.smithi117.stdout:/usr/bin/ceph: stderr
2024-04-20T10:56:55.240+0000 7f0423400700 1 --2- 172.21.15.117:0/2026243920 >> [v2:172.21.15.117:3300/0,v1:172.21.15.117:6789/0] conn(0x7f04241070b0 0x7f04241094a0 secure :-1 s=READY pgs=88 cs=0 l=1 rev1=1 crypto rx=0x7f04140098a0 tx=0x7f0414009bb0 comp rx=0 tx=0).ready entity=mon.0 client_cookie=8946b39f5c5ce2f6 server_cookie=0 in_seq=0 out_seq=0
2024-04-20T10:56:56.173 INFO:teuthology.orchestra.run.smithi117.stdout:/usr/bin/ceph: stderr
2024-04-20T10:56:55.240+0000 7f0422000700 1 -- 172.21.15.117:0/2026243920 <== mon.0 v2:172.21.15.117:3300/0 1 ==== mon_map magic: 0 v1 ==== 229+0+0 (secure 0 0 0) 0x7f0414004180 con 0x7f04241070b0
2024-04-20T10:56:56.173 INFO:teuthology.orchestra.run.smithi117.stdout:/usr/bin/ceph: stderr
2024-04-20T10:56:55.240+0000 7f0422000700 1 -- 172.21.15.117:0/2026243920 <== mon.0 v2:172.21.15.117:3300/0 2 ==== config(27 keys) v1 ==== 1109+0+0 (secure 0 0 0) 0x7f04140042e0 con 0x7f04241070b0
2024-04-20T10:56:56.173 INFO:teuthology.orchestra.run.smithi117.stdout:/usr/bin/ceph: stderr
2024-04-20T10:56:55.240+0000 7f0422000700 1 -- 172.21.15.117:0/2026243920 <== mon.0 v2:172.21.15.117:3300/0 3 ==== mon_map magic: 0 v1 ==== 229+0+0 (secure 0 0 0) 0x7f0414011b10 con 0x7f04241070b0
2024-04-20T10:56:56.173 INFO:teuthology.orchestra.run.smithi117.stdout:/usr/bin/ceph: stderr
2024-04-20T10:56:55.241+0000 7f042a600700 1 -- 172.21.15.117:0/2026243920 >> [v2:172.21.15.117:3300/0,v1:172.21.15.117:6789/0] conn(0x7f04241070b0 msgr2=0x7f04241094a0 secure :-1 s=STATE_CONNECTION_ESTABLISHED l=1).mark_down
2024-04-20T10:56:56.173 INFO:teuthology.orchestra.run.smithi117.stdout:/usr/bin/ceph: stderr
2024-04-20T10:56:55.241+0000 7f042a600700 1 --2- 172.21.15.117:0/2026243920 >> [v2:172.21.15.117:3300/0,v1:172.21.15.117:6789/0] conn(0x7f04241070b0 0x7f04241094a0 secure :-1 s=READY pgs=88 cs=0 l=1 rev1=1 crypto rx=0x7f04140098a0 tx=0x7f0414009bb0 comp rx=0 tx=0).stop
2024-04-20T10:56:56.173 INFO:teuthology.orchestra.run.smithi117.stdout:/usr/bin/ceph: stderr
2024-04-20T10:56:55.241+0000 7f042a600700 1 -- 172.21.15.117:0/2026243920 shutdown_connections
2024-04-20T10:56:56.173 INFO:teuthology.orchestra.run.smithi117.stdout:/usr/bin/ceph: stderr
2024-04-20T10:56:55.241+0000 7f042a600700 1 --2- 172.21.15.117:0/2026243920 >> [v2:172.21.15.117:3300/0,v1:172.21.15.117:6789/0] conn(0x7f04241070b0 0x7f04241094a0 unknown :-1 s=CLOSED pgs=88 cs=0 l=1 rev1=1 crypto rx=0 tx=0 comp rx=0 tx=0).stop
2024-04-20T10:56:56.173 INFO:teuthology.orchestra.run.smithi117.stdout:/usr/bin/ceph: stderr
2024-04-20T10:56:55.241+0000 7f042a600700 1 -- 172.21.15.117:0/2026243920 >> 172.21.15.117:0/2026243920 conn(0x7f0424100a60 msgr2=0x7f0424102e80 unknown :-1 s=STATE_NONE l=0).mark_down
2024-04-20T10:56:56.174 INFO:teuthology.orchestra.run.smithi117.stdout:/usr/bin/ceph: stderr
2024-04-20T10:56:55.241+0000 7f042a600700 1 -- 172.21.15.117:0/2026243920 shutdown_connections
2024-04-20T10:56:56.174 INFO:teuthology.orchestra.run.smithi117.stdout:/usr/bin/ceph: stderr
2024-04-20T10:56:55.242+0000 7f042a600700 1 -- 172.21.15.117:0/2026243920 wait complete.
2024-04-20T10:56:56.174 INFO:teuthology.orchestra.run.smithi117.stdout:/usr/bin/ceph: stderr
2024-04-20T10:56:55.243+0000 7f042a600700 1 Processor -- start
2024-04-20T10:56:56.174 INFO:teuthology.orchestra.run.smithi117.stdout:/usr/bin/ceph: stderr
2024-04-20T10:56:55.243+0000 7f042a600700 1 -- start start
2024-04-20T10:56:56.174 INFO:teuthology.orchestra.run.smithi117.stdout:/usr/bin/ceph: stderr
2024-04-20T10:56:55.243+0000 7f042a600700 1 --2- >> [v2:172.21.15.117:3300/0,v1:172.21.15.117:6789/0] conn(0x7f04241070b0 0x7f04241068e0 unknown :-1 s=NONE pgs=0 cs=0 l=1 rev1=0 crypto rx=0 tx=0 comp rx=0 tx=0).connect
2024-04-20T10:56:56.174 INFO:teuthology.orchestra.run.smithi117.stdout:/usr/bin/ceph: stderr
2024-04-20T10:56:55.243+0000 7f042a600700 1 -- --> [v2:172.21.15.117:3300/0,v1:172.21.15.117:6789/0] -- mon_getmap magic: 0 v1 -- 0x7f0424106e20 con 0x7f04241070b0
2024-04-20T10:56:56.174 INFO:teuthology.orchestra.run.smithi117.stdout:/usr/bin/ceph: stderr
2024-04-20T10:56:55.243+0000 7f0423400700 1 --2- >> [v2:172.21.15.117:3300/0,v1:172.21.15.117:6789/0] conn(0x7f04241070b0 0x7f04241068e0 unknown :-1 s=BANNER_CONNECTING pgs=0 cs=0 l=1 rev1=0 crypto rx=0 tx=0 comp rx=0 tx=0)._handle_peer_banner_payload supported=3 required=0
2024-04-20T10:56:56.174 INFO:teuthology.orchestra.run.smithi117.stdout:/usr/bin/ceph: stderr
2024-04-20T10:56:55.243+0000 7f0423400700 1 --2- >> [v2:172.21.15.117:3300/0,v1:172.21.15.117:6789/0] conn(0x7f04241070b0 0x7f04241068e0 unknown :-1 s=HELLO_CONNECTING pgs=0 cs=0 l=1 rev1=1 crypto rx=0 tx=0 comp rx=0 tx=0).handle_hello peer v2:172.21.15.117:3300/0 says I am v2:172.21.15.117:35036/0 (socket says 172.21.15.117:35036)
2024-04-20T10:56:56.174 INFO:teuthology.orchestra.run.smithi117.stdout:/usr/bin/ceph: stderr
2024-04-20T10:56:55.243+0000 7f0423400700 1 -- 172.21.15.117:0/1515411751 learned_addr learned my addr 172.21.15.117:0/1515411751 (peer_addr_for_me v2:172.21.15.117:0/0)
2024-04-20T10:56:56.174 INFO:teuthology.orchestra.run.smithi117.stdout:/usr/bin/ceph: stderr
2024-04-20T10:56:55.244+0000 7f0423400700 1 -- 172.21.15.117:0/1515411751 --> [v2:172.21.15.117:3300/0,v1:172.21.15.117:6789/0] -- mon_subscribe({config=0+,monmap=0+}) v3 -- 0x7f0414009550 con 0x7f04241070b0
2024-04-20T10:56:56.174 INFO:teuthology.orchestra.run.smithi117.stdout:/usr/bin/ceph: stderr
2024-04-20T10:56:55.244+0000 7f0423400700 1 --2- 172.21.15.117:0/1515411751 >> [v2:172.21.15.117:3300/0,v1:172.21.15.117:6789/0] conn(0x7f04241070b0 0x7f04241068e0 secure :-1 s=READY pgs=89 cs=0 l=1 rev1=1 crypto rx=0x7f04140117b0 tx=0x7f0414011890 comp rx=0 tx=0).ready entity=mon.0 client_cookie=0 server_cookie=0 in_seq=0 out_seq=0
2024-04-20T10:56:56.174 INFO:teuthology.orchestra.run.smithi117.stdout:/usr/bin/ceph: stderr
2024-04-20T10:56:55.244+0000 7f041be00700 1 -- 172.21.15.117:0/1515411751 <== mon.0 v2:172.21.15.117:3300/0 1 ==== mon_map magic: 0 v1 ==== 229+0+0 (secure 0 0 0) 0x7f04140038b0 con 0x7f04241070b0
2024-04-20T10:56:56.174 INFO:teuthology.orchestra.run.smithi117.stdout:/usr/bin/ceph: stderr
2024-04-20T10:56:55.244+0000 7f041be00700 1 -- 172.21.15.117:0/1515411751 <== mon.0 v2:172.21.15.117:3300/0 2 ==== config(27 keys) v1 ==== 1109+0+0 (secure 0 0 0) 0x7f0414003a10 con 0x7f04241070b0
2024-04-20T10:56:56.175 INFO:teuthology.orchestra.run.smithi117.stdout:/usr/bin/ceph: stderr
2024-04-20T10:56:55.244+0000 7f042a600700 1 -- 172.21.15.117:0/1515411751 --> [v2:172.21.15.117:3300/0,v1:172.21.15.117:6789/0] -- mon_subscribe({mgrmap=0+}) v3 -- 0x7f0424105060 con 0x7f04241070b0
2024-04-20T10:56:56.175 INFO:teuthology.orchestra.run.smithi117.stdout:/usr/bin/ceph: stderr
2024-04-20T10:56:55.244+0000 7f041be00700 1 -- 172.21.15.117:0/1515411751 <== mon.0 v2:172.21.15.117:3300/0 3 ==== mon_map magic: 0 v1 ==== 229+0+0 (secure 0 0 0) 0x7f0414024780 con 0x7f04241070b0
2024-04-20T10:56:56.175 INFO:teuthology.orchestra.run.smithi117.stdout:/usr/bin/ceph: stderr
2024-04-20T10:56:55.245+0000 7f042a600700 1 -- 172.21.15.117:0/1515411751 --> [v2:172.21.15.117:3300/0,v1:172.21.15.117:6789/0] -- mon_subscribe({osdmap=0}) v3 -- 0x7f0424105500 con 0x7f04241070b0
2024-04-20T10:56:56.175 INFO:teuthology.orchestra.run.smithi117.stdout:/usr/bin/ceph: stderr
2024-04-20T10:56:55.246+0000 7f042a600700 1 -- 172.21.15.117:0/1515411751 --> [v2:172.21.15.117:3300/0,v1:172.21.15.117:6789/0] -- mon_command({"prefix": "get_command_descriptions"} v 0) v1 -- 0x7f042410a700 con 0x7f04241070b0
2024-04-20T10:56:56.175 INFO:teuthology.orchestra.run.smithi117.stdout:/usr/bin/ceph: stderr
2024-04-20T10:56:55.246+0000 7f041be00700 1 -- 172.21.15.117:0/1515411751 <== mon.0 v2:172.21.15.117:3300/0 4 ==== mgrmap(e 13) v1 ==== 45613+0+0 (secure 0 0 0) 0x7f041401ac10 con 0x7f04241070b0
2024-04-20T10:56:56.175 INFO:teuthology.orchestra.run.smithi117.stdout:/usr/bin/ceph: stderr
2024-04-20T10:56:55.246+0000 7f041be00700 1 --2- 172.21.15.117:0/1515411751 >> [v2:172.21.15.117:6800/1996106837,v1:172.21.15.117:6801/1996106837] conn(0x7f0408038810 0x7f040803acd0 unknown :-1 s=NONE pgs=0 cs=0 l=1 rev1=0 crypto rx=0 tx=0 comp rx=0 tx=0).connect
2024-04-20T10:56:56.175 INFO:teuthology.orchestra.run.smithi117.stdout:/usr/bin/ceph: stderr
2024-04-20T10:56:55.246+0000 7f041be00700 1 -- 172.21.15.117:0/1515411751 <== mon.0 v2:172.21.15.117:3300/0 5 ==== osd_map(3..3 src has 1..3) v4 ==== 1155+0+0 (secure 0 0 0) 0x7f041404ca70 con 0x7f04241070b0
2024-04-20T10:56:56.175 INFO:teuthology.orchestra.run.smithi117.stdout:/usr/bin/ceph: stderr
2024-04-20T10:56:55.246+0000 7f0422a00700 1 --2- 172.21.15.117:0/1515411751 >> [v2:172.21.15.117:6800/1996106837,v1:172.21.15.117:6801/1996106837] conn(0x7f0408038810 0x7f040803acd0 unknown :-1 s=BANNER_CONNECTING pgs=0 cs=0 l=1 rev1=0 crypto rx=0 tx=0 comp rx=0 tx=0)._handle_peer_banner_payload supported=3 required=0
2024-04-20T10:56:56.175 INFO:teuthology.orchestra.run.smithi117.stdout:/usr/bin/ceph: stderr
2024-04-20T10:56:55.247+0000 7f0422a00700 1 --2- 172.21.15.117:0/1515411751 >> [v2:172.21.15.117:6800/1996106837,v1:172.21.15.117:6801/1996106837] conn(0x7f0408038810 0x7f040803acd0 secure :-1 s=READY pgs=10 cs=0 l=1 rev1=1 crypto rx=0x7f0410006fd0 tx=0x7f0410006e40 comp rx=0 tx=0).ready entity=mgr.14164 client_cookie=0 server_cookie=0 in_seq=0 out_seq=0
2024-04-20T10:56:56.175 INFO:teuthology.orchestra.run.smithi117.stdout:/usr/bin/ceph: stderr
2024-04-20T10:56:55.251+0000 7f041be00700 1 -- 172.21.15.117:0/1515411751 <== mon.0 v2:172.21.15.117:3300/0 6 ==== mon_command_ack([{"prefix": "get_command_descriptions"}]=0 v0) v1 ==== 72+0+183351 (secure 0 0 0) 0x7f0414018760 con 0x7f04241070b0
2024-04-20T10:56:56.175 INFO:teuthology.orchestra.run.smithi117.stdout:/usr/bin/ceph: stderr
2024-04-20T10:56:55.475+0000 7f042a600700 1 -- 172.21.15.117:0/1515411751 --> [v2:172.21.15.117:3300/0,v1:172.21.15.117:6789/0] -- mon_command([{prefix=config set, name=osd_memory_target_autotune}] v 0) v1 -- 0x7f04241059f0 con 0x7f04241070b0
2024-04-20T10:56:56.175 INFO:teuthology.orchestra.run.smithi117.stdout:/usr/bin/ceph: stderr
2024-04-20T10:56:55.476+0000 7f041be00700 1 -- 172.21.15.117:0/1515411751 <== mon.0 v2:172.21.15.117:3300/0 7 ==== mon_command_ack([{prefix=config set, name=osd_memory_target_autotune}]=0 v8)=0 v8) v1 ==== 127+0+0 (secure 0 0 0) 0x7f041402c350 con 0x7f04241070b0
2024-04-20T10:56:56.175 INFO:teuthology.orchestra.run.smithi117.stdout:/usr/bin/ceph: stderr
2024-04-20T10:56:55.479+0000 7f042a600700 1 -- 172.21.15.117:0/1515411751 >> [v2:172.21.15.117:6800/1996106837,v1:172.21.15.117:6801/1996106837] conn(0x7f0408038810 msgr2=0x7f040803acd0 secure :-1 s=STATE_CONNECTION_ESTABLISHED l=1).mark_down
2024-04-20T10:56:56.175 INFO:teuthology.orchestra.run.smithi117.stdout:/usr/bin/ceph: stderr
2024-04-20T10:56:55.479+0000 7f042a600700 1 --2- 172.21.15.117:0/1515411751 >> [v2:172.21.15.117:6800/1996106837,v1:172.21.15.117:6801/1996106837] conn(0x7f0408038810 0x7f040803acd0 secure :-1 s=READY pgs=10 cs=0 l=1 rev1=1 crypto rx=0x7f0410006fd0 tx=0x7f0410006e40 comp rx=0 tx=0).stop
2024-04-20T10:56:56.176 INFO:teuthology.orchestra.run.smithi117.stdout:/usr/bin/ceph: stderr
2024-04-20T10:56:55.479+0000 7f042a600700 1 -- 172.21.15.117:0/1515411751 >> [v2:172.21.15.117:3300/0,v1:172.21.15.117:6789/0] conn(0x7f04241070b0 msgr2=0x7f04241068e0 secure :-1 s=STATE_CONNECTION_ESTABLISHED l=1).mark_down
2024-04-20T10:56:56.176 INFO:teuthology.orchestra.run.smithi117.stdout:/usr/bin/ceph: stderr
2024-04-20T10:56:55.479+0000 7f042a600700 1 --2- 172.21.15.117:0/1515411751 >> [v2:172.21.15.117:3300/0,v1:172.21.15.117:6789/0] conn(0x7f04241070b0 0x7f04241068e0 secure :-1 s=READY pgs=89 cs=0 l=1 rev1=1 crypto rx=0x7f04140117b0 tx=0x7f0414011890 comp rx=0 tx=0).stop
2024-04-20T10:56:56.176 INFO:teuthology.orchestra.run.smithi117.stdout:/usr/bin/ceph: stderr
2024-04-20T10:56:55.479+0000 7f042a600700 1 -- 172.21.15.117:0/1515411751 shutdown_connections
2024-04-20T10:56:56.176 INFO:teuthology.orchestra.run.smithi117.stdout:/usr/bin/ceph: stderr
2024-04-20T10:56:55.479+0000 7f042a600700 1 --2- 172.21.15.117:0/1515411751 >> [v2:172.21.15.117:6800/1996106837,v1:172.21.15.117:6801/1996106837] conn(0x7f0408038810 0x7f040803acd0 unknown :-1 s=CLOSED pgs=10 cs=0 l=1 rev1=1 crypto rx=0 tx=0 comp rx=0 tx=0).stop
2024-04-20T10:56:56.176 INFO:teuthology.orchestra.run.smithi117.stdout:/usr/bin/ceph: stderr
2024-04-20T10:56:55.479+0000 7f042a600700 1 --2- 172.21.15.117:0/1515411751 >> [v2:172.21.15.117:3300/0,v1:172.21.15.117:6789/0] conn(0x7f04241070b0 0x7f04241068e0 unknown :-1 s=CLOSED pgs=89 cs=0 l=1 rev1=1 crypto rx=0 tx=0 comp rx=0 tx=0).stop
2024-04-20T10:56:56.176 INFO:teuthology.orchestra.run.smithi117.stdout:/usr/bin/ceph: stderr
2024-04-20T10:56:55.479+0000 7f042a600700 1 -- 172.21.15.117:0/1515411751 >> 172.21.15.117:0/1515411751 conn(0x7f0424100a60 msgr2=0x7f04241015c0 unknown :-1 s=STATE_NONE l=0).mark_down
2024-04-20T10:56:56.176 INFO:teuthology.orchestra.run.smithi117.stdout:/usr/bin/ceph: stderr
2024-04-20T10:56:55.479+0000 7f042a600700 1 -- 172.21.15.117:0/1515411751 shutdown_connections
2024-04-20T10:56:56.176 INFO:teuthology.orchestra.run.smithi117.stdout:/usr/bin/ceph: stderr
2024-04-20T10:56:55.479+0000 7f042a600700 1 -- 172.21.15.117:0/1515411751 wait complete.
2024-04-20T10:56:57.810 INFO:teuthology.orchestra.run.smithi117.stdout:/usr/bin/ceph: stderr
2024-04-20T10:56:56.784+0000 7f6e42c00700 1 Processor -- start
2024-04-20T10:56:57.810 INFO:teuthology.orchestra.run.smithi117.stdout:/usr/bin/ceph: stderr
2024-04-20T10:56:56.784+0000 7f6e42c00700 1 -- start start
2024-04-20T10:56:57.810 INFO:teuthology.orchestra.run.smithi117.stdout:/usr/bin/ceph: stderr
2024-04-20T10:56:56.785+0000 7f6e42c00700 1 --2- >> [v2:172.21.15.117:3300/0,v1:172.21.15.117:6789/0] conn(0x7f6e3c1054a0 0x7f6e3c1058c0 unknown :-1 s=NONE pgs=0 cs=0 l=0 rev1=0 crypto rx=0 tx=0 comp rx=0 tx=0).connect
2024-04-20T10:56:57.810 INFO:teuthology.orchestra.run.smithi117.stdout:/usr/bin/ceph: stderr
2024-04-20T10:56:56.785+0000 7f6e42c00700 1 -- --> [v2:172.21.15.117:3300/0,v1:172.21.15.117:6789/0] -- mon_getmap magic: 0 v1 -- 0x7f6e3c105e90 con 0x7f6e3c1054a0
2024-04-20T10:56:57.815 INFO:teuthology.orchestra.run.smithi117.stdout:/usr/bin/ceph: stderr
2024-04-20T10:56:56.785+0000 7f6e3be00700 1 --2- >> [v2:172.21.15.117:3300/0,v1:172.21.15.117:6789/0] conn(0x7f6e3c1054a0 0x7f6e3c1058c0 unknown :-1 s=BANNER_CONNECTING pgs=0 cs=0 l=0 rev1=0 crypto rx=0 tx=0 comp rx=0 tx=0)._handle_peer_banner_payload supported=3 required=0
2024-04-20T10:56:57.815 INFO:teuthology.orchestra.run.smithi117.stdout:/usr/bin/ceph: stderr
2024-04-20T10:56:56.785+0000 7f6e3be00700 1 --2- >> [v2:172.21.15.117:3300/0,v1:172.21.15.117:6789/0] conn(0x7f6e3c1054a0 0x7f6e3c1058c0 unknown :-1 s=HELLO_CONNECTING pgs=0 cs=0 l=0 rev1=1 crypto rx=0 tx=0 comp rx=0 tx=0).handle_hello peer v2:172.21.15.117:3300/0 says I am v2:172.21.15.117:35050/0 (socket says 172.21.15.117:35050)
2024-04-20T10:56:57.816 INFO:teuthology.orchestra.run.smithi117.stdout:/usr/bin/ceph: stderr
2024-04-20T10:56:56.785+0000 7f6e3be00700 1 -- 172.21.15.117:0/834311904 learned_addr learned my addr 172.21.15.117:0/834311904 (peer_addr_for_me v2:172.21.15.117:0/0)
2024-04-20T10:56:57.816 INFO:teuthology.orchestra.run.smithi117.stdout:/usr/bin/ceph: stderr
2024-04-20T10:56:56.786+0000 7f6e3be00700 1 -- 172.21.15.117:0/834311904 --> [v2:172.21.15.117:3300/0,v1:172.21.15.117:6789/0] -- mon_subscribe({config=0+,monmap=0+}) v3 -- 0x7f6e3c1066a0 con 0x7f6e3c1054a0
2024-04-20T10:56:57.816 INFO:teuthology.orchestra.run.smithi117.stdout:/usr/bin/ceph: stderr
2024-04-20T10:56:56.786+0000 7f6e3be00700 1 --2- 172.21.15.117:0/834311904 >> [v2:172.21.15.117:3300/0,v1:172.21.15.117:6789/0] conn(0x7f6e3c1054a0 0x7f6e3c1058c0 secure :-1 s=READY pgs=90 cs=0 l=1 rev1=1 crypto rx=0x7f6e2c0098a0 tx=0x7f6e2c009bb0 comp rx=0 tx=0).ready entity=mon.0 client_cookie=8061484ee424754 server_cookie=0 in_seq=0 out_seq=0
2024-04-20T10:56:57.816 INFO:teuthology.orchestra.run.smithi117.stdout:/usr/bin/ceph: stderr
2024-04-20T10:56:56.786+0000 7f6e3b400700 1 -- 172.21.15.117:0/834311904 <== mon.0 v2:172.21.15.117:3300/0 1 ==== mon_map magic: 0 v1 ==== 229+0+0 (secure 0 0 0) 0x7f6e2c004180 con 0x7f6e3c1054a0
2024-04-20T10:56:57.816 INFO:teuthology.orchestra.run.smithi117.stdout:/usr/bin/ceph: stderr
2024-04-20T10:56:56.786+0000 7f6e3b400700 1 -- 172.21.15.117:0/834311904 <== mon.0 v2:172.21.15.117:3300/0 2 ==== config(27 keys) v1 ==== 1109+0+0 (secure 0 0 0) 0x7f6e2c0042e0 con 0x7f6e3c1054a0
2024-04-20T10:56:57.816 INFO:teuthology.orchestra.run.smithi117.stdout:/usr/bin/ceph: stderr
2024-04-20T10:56:56.786+0000 7f6e3b400700 1 -- 172.21.15.117:0/834311904 <== mon.0 v2:172.21.15.117:3300/0 3 ==== mon_map magic: 0 v1 ==== 229+0+0 (secure 0 0 0) 0x7f6e2c011b10 con 0x7f6e3c1054a0
2024-04-20T10:56:57.816 INFO:teuthology.orchestra.run.smithi117.stdout:/usr/bin/ceph: stderr
2024-04-20T10:56:56.787+0000 7f6e42c00700 1 -- 172.21.15.117:0/834311904 >> [v2:172.21.15.117:3300/0,v1:172.21.15.117:6789/0] conn(0x7f6e3c1054a0 msgr2=0x7f6e3c1058c0 secure :-1 s=STATE_CONNECTION_ESTABLISHED l=1).mark_down
2024-04-20T10:56:57.816 INFO:teuthology.orchestra.run.smithi117.stdout:/usr/bin/ceph: stderr
2024-04-20T10:56:56.787+0000 7f6e42c00700 1 --2- 172.21.15.117:0/834311904 >> [v2:172.21.15.117:3300/0,v1:172.21.15.117:6789/0] conn(0x7f6e3c1054a0 0x7f6e3c1058c0 secure :-1 s=READY pgs=90 cs=0 l=1 rev1=1 crypto rx=0x7f6e2c0098a0 tx=0x7f6e2c009bb0 comp rx=0 tx=0).stop
2024-04-20T10:56:57.816 INFO:teuthology.orchestra.run.smithi117.stdout:/usr/bin/ceph: stderr
2024-04-20T10:56:56.787+0000 7f6e42c00700 1 -- 172.21.15.117:0/834311904 shutdown_connections
2024-04-20T10:56:57.816 INFO:teuthology.orchestra.run.smithi117.stdout:/usr/bin/ceph: stderr
2024-04-20T10:56:56.787+0000 7f6e42c00700 1 --2- 172.21.15.117:0/834311904 >> [v2:172.21.15.117:3300/0,v1:172.21.15.117:6789/0] conn(0x7f6e3c1054a0 0x7f6e3c1058c0 unknown :-1 s=CLOSED pgs=90 cs=0 l=1 rev1=1 crypto rx=0 tx=0 comp rx=0 tx=0).stop
2024-04-20T10:56:57.816 INFO:teuthology.orchestra.run.smithi117.stdout:/usr/bin/ceph: stderr
2024-04-20T10:56:56.787+0000 7f6e42c00700 1 -- 172.21.15.117:0/834311904 >> 172.21.15.117:0/834311904 conn(0x7f6e3c100a60 msgr2=0x7f6e3c102e80 unknown :-1 s=STATE_NONE l=0).mark_down
2024-04-20T10:56:57.816 INFO:teuthology.orchestra.run.smithi117.stdout:/usr/bin/ceph: stderr
2024-04-20T10:56:56.787+0000 7f6e42c00700 1 -- 172.21.15.117:0/834311904 shutdown_connections
2024-04-20T10:56:57.816 INFO:teuthology.orchestra.run.smithi117.stdout:/usr/bin/ceph: stderr
2024-04-20T10:56:56.787+0000 7f6e42c00700 1 -- 172.21.15.117:0/834311904 wait complete.
2024-04-20T10:56:57.817 INFO:teuthology.orchestra.run.smithi117.stdout:/usr/bin/ceph: stderr
2024-04-20T10:56:56.789+0000 7f6e42c00700 1 Processor -- start
2024-04-20T10:56:57.817 INFO:teuthology.orchestra.run.smithi117.stdout:/usr/bin/ceph: stderr
2024-04-20T10:56:56.789+0000 7f6e42c00700 1 -- start start
2024-04-20T10:56:57.817 INFO:teuthology.orchestra.run.smithi117.stdout:/usr/bin/ceph: stderr
2024-04-20T10:56:56.789+0000 7f6e42c00700 1 --2- >> [v2:172.21.15.117:3300/0,v1:172.21.15.117:6789/0] conn(0x7f6e3c1054a0 0x7f6e3c19a3a0 unknown :-1 s=NONE pgs=0 cs=0 l=1 rev1=0 crypto rx=0 tx=0 comp rx=0 tx=0).connect
2024-04-20T10:56:57.817 INFO:teuthology.orchestra.run.smithi117.stdout:/usr/bin/ceph: stderr
2024-04-20T10:56:56.789+0000 7f6e42c00700 1 -- --> [v2:172.21.15.117:3300/0,v1:172.21.15.117:6789/0] -- mon_getmap magic: 0 v1 -- 0x7f6e3c19a8e0 con 0x7f6e3c1054a0
2024-04-20T10:56:57.817 INFO:teuthology.orchestra.run.smithi117.stdout:/usr/bin/ceph: stderr
2024-04-20T10:56:56.789+0000 7f6e3be00700 1 --2- >> [v2:172.21.15.117:3300/0,v1:172.21.15.117:6789/0] conn(0x7f6e3c1054a0 0x7f6e3c19a3a0 unknown :-1 s=BANNER_CONNECTING pgs=0 cs=0 l=1 rev1=0 crypto rx=0 tx=0 comp rx=0 tx=0)._handle_peer_banner_payload supported=3 required=0
2024-04-20T10:56:57.817 INFO:teuthology.orchestra.run.smithi117.stdout:/usr/bin/ceph: stderr
2024-04-20T10:56:56.790+0000 7f6e3be00700 1 --2- >> [v2:172.21.15.117:3300/0,v1:172.21.15.117:6789/0] conn(0x7f6e3c1054a0 0x7f6e3c19a3a0 unknown :-1 s=HELLO_CONNECTING pgs=0 cs=0 l=1 rev1=1 crypto rx=0 tx=0 comp rx=0 tx=0).handle_hello peer v2:172.21.15.117:3300/0 says I am v2:172.21.15.117:35062/0 (socket says 172.21.15.117:35062)
2024-04-20T10:56:57.817 INFO:teuthology.orchestra.run.smithi117.stdout:/usr/bin/ceph: stderr
2024-04-20T10:56:56.790+0000 7f6e3be00700 1 -- 172.21.15.117:0/3220022247 learned_addr learned my addr 172.21.15.117:0/3220022247 (peer_addr_for_me v2:172.21.15.117:0/0)
2024-04-20T10:56:57.817 INFO:teuthology.orchestra.run.smithi117.stdout:/usr/bin/ceph: stderr
2024-04-20T10:56:56.790+0000 7f6e3be00700 1 -- 172.21.15.117:0/3220022247 --> [v2:172.21.15.117:3300/0,v1:172.21.15.117:6789/0] -- mon_subscribe({config=0+,monmap=0+}) v3 -- 0x7f6e2c009550 con 0x7f6e3c1054a0
2024-04-20T10:56:57.817 INFO:teuthology.orchestra.run.smithi117.stdout:/usr/bin/ceph: stderr
2024-04-20T10:56:56.790+0000 7f6e3be00700 1 --2- 172.21.15.117:0/3220022247 >> [v2:172.21.15.117:3300/0,v1:172.21.15.117:6789/0] conn(0x7f6e3c1054a0 0x7f6e3c19a3a0 secure :-1 s=READY pgs=91 cs=0 l=1 rev1=1 crypto rx=0x7f6e2c0117b0 tx=0x7f6e2c011890 comp rx=0 tx=0).ready entity=mon.0 client_cookie=0 server_cookie=0 in_seq=0 out_seq=0
2024-04-20T10:56:57.817 INFO:teuthology.orchestra.run.smithi117.stdout:/usr/bin/ceph: stderr
2024-04-20T10:56:56.790+0000 7f6e39600700 1 -- 172.21.15.117:0/3220022247 <== mon.0 v2:172.21.15.117:3300/0 1 ==== mon_map magic: 0 v1 ==== 229+0+0 (secure 0 0 0) 0x7f6e2c0038b0 con 0x7f6e3c1054a0
2024-04-20T10:56:57.817 INFO:teuthology.orchestra.run.smithi117.stdout:/usr/bin/ceph: stderr
2024-04-20T10:56:56.791+0000 7f6e39600700 1 -- 172.21.15.117:0/3220022247 <== mon.0 v2:172.21.15.117:3300/0 2 ==== config(27 keys) v1 ==== 1109+0+0 (secure 0 0 0) 0x7f6e2c003a10 con 0x7f6e3c1054a0
2024-04-20T10:56:57.817 INFO:teuthology.orchestra.run.smithi117.stdout:/usr/bin/ceph: stderr
2024-04-20T10:56:56.791+0000 7f6e42c00700 1 -- 172.21.15.117:0/3220022247 --> [v2:172.21.15.117:3300/0,v1:172.21.15.117:6789/0] -- mon_subscribe({mgrmap=0+}) v3 -- 0x7f6e3c19aae0 con 0x7f6e3c1054a0
2024-04-20T10:56:57.817 INFO:teuthology.orchestra.run.smithi117.stdout:/usr/bin/ceph: stderr
2024-04-20T10:56:56.791+0000 7f6e39600700 1 -- 172.21.15.117:0/3220022247 <== mon.0 v2:172.21.15.117:3300/0 3 ==== mon_map magic: 0 v1 ==== 229+0+0 (secure 0 0 0) 0x7f6e2c0246e0 con 0x7f6e3c1054a0
2024-04-20T10:56:57.817 INFO:teuthology.orchestra.run.smithi117.stdout:/usr/bin/ceph: stderr
2024-04-20T10:56:56.791+0000 7f6e42c00700 1 -- 172.21.15.117:0/3220022247 --> [v2:172.21.15.117:3300/0,v1:172.21.15.117:6789/0] -- mon_subscribe({osdmap=0}) v3 -- 0x7f6e3c19af80 con 0x7f6e3c1054a0
2024-04-20T10:56:57.817 INFO:teuthology.orchestra.run.smithi117.stdout:/usr/bin/ceph: stderr
2024-04-20T10:56:56.792+0000 7f6e42c00700 1 -- 172.21.15.117:0/3220022247 --> [v2:172.21.15.117:3300/0,v1:172.21.15.117:6789/0] -- mon_command({"prefix": "get_command_descriptions"} v 0) v1 -- 0x7f6e3c193fa0 con 0x7f6e3c1054a0
2024-04-20T10:56:57.818 INFO:teuthology.orchestra.run.smithi117.stdout:/usr/bin/ceph: stderr
2024-04-20T10:56:56.792+0000 7f6e39600700 1 -- 172.21.15.117:0/3220022247 <== mon.0 v2:172.21.15.117:3300/0 4 ==== mgrmap(e 13) v1 ==== 45613+0+0 (secure 0 0 0) 0x7f6e2c01ab80 con 0x7f6e3c1054a0
2024-04-20T10:56:57.818 INFO:teuthology.orchestra.run.smithi117.stdout:/usr/bin/ceph: stderr
2024-04-20T10:56:56.793+0000 7f6e39600700 1 --2- 172.21.15.117:0/3220022247 >> [v2:172.21.15.117:6800/1996106837,v1:172.21.15.117:6801/1996106837] conn(0x7f6e20038810 0x7f6e2003acd0 unknown :-1 s=NONE pgs=0 cs=0 l=1 rev1=0 crypto rx=0 tx=0 comp rx=0 tx=0).connect
2024-04-20T10:56:57.818 INFO:teuthology.orchestra.run.smithi117.stdout:/usr/bin/ceph: stderr
2024-04-20T10:56:56.793+0000 7f6e39600700 1 -- 172.21.15.117:0/3220022247 <== mon.0 v2:172.21.15.117:3300/0 5 ==== osd_map(3..3 src has 1..3) v4 ==== 1155+0+0 (secure 0 0 0) 0x7f6e2c04cb10 con 0x7f6e3c1054a0
2024-04-20T10:56:57.818 INFO:teuthology.orchestra.run.smithi117.stdout:/usr/bin/ceph: stderr
2024-04-20T10:56:56.793+0000 7f6e33e00700 1 --2- 172.21.15.117:0/3220022247 >> [v2:172.21.15.117:6800/1996106837,v1:172.21.15.117:6801/1996106837] conn(0x7f6e20038810 0x7f6e2003acd0 unknown :-1 s=BANNER_CONNECTING pgs=0 cs=0 l=1 rev1=0 crypto rx=0 tx=0 comp rx=0 tx=0)._handle_peer_banner_payload supported=3 required=0
2024-04-20T10:56:57.818 INFO:teuthology.orchestra.run.smithi117.stdout:/usr/bin/ceph: stderr
2024-04-20T10:56:56.794+0000 7f6e33e00700 1 --2- 172.21.15.117:0/3220022247 >> [v2:172.21.15.117:6800/1996106837,v1:172.21.15.117:6801/1996106837] conn(0x7f6e20038810 0x7f6e2003acd0 secure :-1 s=READY pgs=11 cs=0 l=1 rev1=1 crypto rx=0x7f6e24006fd0 tx=0x7f6e24006e40 comp rx=0 tx=0).ready entity=mgr.14164 client_cookie=0 server_cookie=0 in_seq=0 out_seq=0
2024-04-20T10:56:57.818 INFO:teuthology.orchestra.run.smithi117.stdout:/usr/bin/ceph: stderr
2024-04-20T10:56:56.798+0000 7f6e39600700 1 -- 172.21.15.117:0/3220022247 <== mon.0 v2:172.21.15.117:3300/0 6 ==== mon_command_ack([{"prefix": "get_command_descriptions"}]=0 v0) v1 ==== 72+0+183351 (secure 0 0 0) 0x7f6e2c01a430 con 0x7f6e3c1054a0
2024-04-20T10:56:57.818 INFO:teuthology.orchestra.run.smithi117.stdout:/usr/bin/ceph: stderr
