2024-04-20T11:11:34.534+0000 7f918ce00700 1 --2- >> [v2:172.21.15.44:3300/0,v1:172.21.15.44:6789/0] conn(0x7f91881086e0 0x7f918819c590 unknown :-1 s=NONE pgs=0 cs=0 l=1 rev1=0 crypto rx=0 tx=0 comp rx=0 tx=0).connect
2024-04-20T11:11:35.517 INFO:teuthology.orchestra.run.smithi044.stdout:/usr/bin/ceph: stderr
2024-04-20T11:11:34.534+0000 7f918ce00700 1 -- --> [v2:172.21.15.44:3300/0,v1:172.21.15.44:6789/0] -- mon_getmap magic: 0 -- 0x7f918810cc40 con 0x7f91881086e0
2024-04-20T11:11:35.518 INFO:teuthology.orchestra.run.smithi044.stdout:/usr/bin/ceph: stderr
2024-04-20T11:11:34.535+0000 7f9185e00700 1 --2- >> [v2:172.21.15.44:3300/0,v1:172.21.15.44:6789/0] conn(0x7f91881086e0 0x7f918819c590 unknown :-1 s=BANNER_CONNECTING pgs=0 cs=0 l=1 rev1=0 crypto rx=0 tx=0 comp rx=0 tx=0)._handle_peer_banner_payload supported=3 required=0
2024-04-20T11:11:35.518 INFO:teuthology.orchestra.run.smithi044.stdout:/usr/bin/ceph: stderr
2024-04-20T11:11:34.535+0000 7f9185e00700 1 --2- >> [v2:172.21.15.44:3300/0,v1:172.21.15.44:6789/0] conn(0x7f91881086e0 0x7f918819c590 unknown :-1 s=HELLO_CONNECTING pgs=0 cs=0 l=1 rev1=1 crypto rx=0 tx=0 comp rx=0 tx=0).handle_hello peer v2:172.21.15.44:3300/0 says I am v2:172.21.15.44:39172/0 (socket says 172.21.15.44:39172)
2024-04-20T11:11:35.518 INFO:teuthology.orchestra.run.smithi044.stdout:/usr/bin/ceph: stderr
2024-04-20T11:11:34.535+0000 7f9185e00700 1 -- 172.21.15.44:0/3900648349 learned_addr learned my addr 172.21.15.44:0/3900648349 (peer_addr_for_me v2:172.21.15.44:0/0)
2024-04-20T11:11:35.518 INFO:teuthology.orchestra.run.smithi044.stdout:/usr/bin/ceph: stderr
2024-04-20T11:11:34.535+0000 7f9185e00700 1 -- 172.21.15.44:0/3900648349 --> [v2:172.21.15.44:3300/0,v1:172.21.15.44:6789/0] -- mon_subscribe({config=0+,monmap=0+}) -- 0x7f918819cad0 con 0x7f91881086e0
2024-04-20T11:11:35.518 INFO:teuthology.orchestra.run.smithi044.stdout:/usr/bin/ceph: stderr
2024-04-20T11:11:34.536+0000 7f9185e00700 1 --2- 172.21.15.44:0/3900648349 >> [v2:172.21.15.44:3300/0,v1:172.21.15.44:6789/0] conn(0x7f91881086e0 0x7f918819c590 secure :-1 s=READY pgs=50 cs=0 l=1 rev1=1 crypto rx=0x7f9178000c00 tx=0x7f9178004620 comp rx=0 tx=0).ready entity=mon.0 client_cookie=0 server_cookie=0 in_seq=0 out_seq=0
2024-04-20T11:11:35.518 INFO:teuthology.orchestra.run.smithi044.stdout:/usr/bin/ceph: stderr
2024-04-20T11:11:34.536+0000 7f917ea00700 1 -- 172.21.15.44:0/3900648349 <== mon.0 v2:172.21.15.44:3300/0 1 ==== mon_map magic: 0 ==== 205+0+0 (secure 0 0 0) 0x7f9178011e60 con 0x7f91881086e0
2024-04-20T11:11:35.518 INFO:teuthology.orchestra.run.smithi044.stdout:/usr/bin/ceph: stderr
2024-04-20T11:11:34.536+0000 7f917ea00700 1 -- 172.21.15.44:0/3900648349 <== mon.0 v2:172.21.15.44:3300/0 2 ==== config(28 keys) ==== 1174+0+0 (secure 0 0 0) 0x7f9178003af0 con 0x7f91881086e0
2024-04-20T11:11:35.518 INFO:teuthology.orchestra.run.smithi044.stdout:/usr/bin/ceph: stderr
2024-04-20T11:11:34.536+0000 7f917ea00700 1 -- 172.21.15.44:0/3900648349 <== mon.0 v2:172.21.15.44:3300/0 3 ==== mon_map magic: 0 ==== 205+0+0 (secure 0 0 0) 0x7f91780246a0 con 0x7f91881086e0
2024-04-20T11:11:35.518 INFO:teuthology.orchestra.run.smithi044.stdout:/usr/bin/ceph: stderr
2024-04-20T11:11:34.536+0000 7f918ce00700 1 -- 172.21.15.44:0/3900648349 --> [v2:172.21.15.44:3300/0,v1:172.21.15.44:6789/0] -- mon_subscribe({mgrmap=0+}) -- 0x7f918819cd60 con 0x7f91881086e0
2024-04-20T11:11:35.518 INFO:teuthology.orchestra.run.smithi044.stdout:/usr/bin/ceph: stderr
2024-04-20T11:11:34.536+0000 7f918ce00700 1 -- 172.21.15.44:0/3900648349 --> [v2:172.21.15.44:3300/0,v1:172.21.15.44:6789/0] -- mon_subscribe({osdmap=0}) -- 0x7f918819d1c0 con 0x7f91881086e0
2024-04-20T11:11:35.519 INFO:teuthology.orchestra.run.smithi044.stdout:/usr/bin/ceph: stderr
2024-04-20T11:11:34.537+0000 7f918ce00700 1 -- 172.21.15.44:0/3900648349 --> [v2:172.21.15.44:3300/0,v1:172.21.15.44:6789/0] -- mon_command({"prefix": "get_command_descriptions"} v 0) -- 0x7f91880640b0 con 0x7f91881086e0
2024-04-20T11:11:35.519 INFO:teuthology.orchestra.run.smithi044.stdout:/usr/bin/ceph: stderr
2024-04-20T11:11:34.537+0000 7f917ea00700 1 -- 172.21.15.44:0/3900648349 <== mon.0 v2:172.21.15.44:3300/0 4 ==== mgrmap(e 8) ==== 46558+0+0 (secure 0 0 0) 0x7f9178022020 con 0x7f91881086e0
2024-04-20T11:11:35.519 INFO:teuthology.orchestra.run.smithi044.stdout:/usr/bin/ceph: stderr
2024-04-20T11:11:34.538+0000 7f917ea00700 1 --2- 172.21.15.44:0/3900648349 >> [v2:172.21.15.44:6800/1299451251,v1:172.21.15.44:6801/1299451251] conn(0x7f916c039670 0x7f916c03bb30 unknown :-1 s=NONE pgs=0 cs=0 l=1 rev1=0 crypto rx=0 tx=0 comp rx=0 tx=0).connect
2024-04-20T11:11:35.519 INFO:teuthology.orchestra.run.smithi044.stdout:/usr/bin/ceph: stderr
2024-04-20T11:11:34.538+0000 7f917ea00700 1 -- 172.21.15.44:0/3900648349 <== mon.0 v2:172.21.15.44:3300/0 5 ==== osd_map(2..2 src has 1..2) ==== 940+0+0 (secure 0 0 0) 0x7f917804d830 con 0x7f91881086e0
2024-04-20T11:11:35.519 INFO:teuthology.orchestra.run.smithi044.stdout:/usr/bin/ceph: stderr
2024-04-20T11:11:34.539+0000 7f9185400700 1 --2- 172.21.15.44:0/3900648349 >> [v2:172.21.15.44:6800/1299451251,v1:172.21.15.44:6801/1299451251] conn(0x7f916c039670 0x7f916c03bb30 unknown :-1 s=BANNER_CONNECTING pgs=0 cs=0 l=1 rev1=0 crypto rx=0 tx=0 comp rx=0 tx=0)._handle_peer_banner_payload supported=3 required=0
2024-04-20T11:11:35.519 INFO:teuthology.orchestra.run.smithi044.stdout:/usr/bin/ceph: stderr
2024-04-20T11:11:34.540+0000 7f9185400700 1 --2- 172.21.15.44:0/3900648349 >> [v2:172.21.15.44:6800/1299451251,v1:172.21.15.44:6801/1299451251] conn(0x7f916c039670 0x7f916c03bb30 secure :-1 s=READY pgs=13 cs=0 l=1 rev1=1 crypto rx=0x7f9174006fd0 tx=0x7f9174006e40 comp rx=0 tx=0).ready entity=mgr.14120 client_cookie=0 server_cookie=0 in_seq=0 out_seq=0
2024-04-20T11:11:35.519 INFO:teuthology.orchestra.run.smithi044.stdout:/usr/bin/ceph: stderr
2024-04-20T11:11:34.544+0000 7f917ea00700 1 -- 172.21.15.44:0/3900648349 <== mon.0 v2:172.21.15.44:3300/0 6 ==== mon_command_ack([{"prefix": "get_command_descriptions"}]=0 v0) ==== 72+0+188381 (secure 0 0 0) 0x7f917802a2a0 con 0x7f91881086e0
2024-04-20T11:11:35.519 INFO:teuthology.orchestra.run.smithi044.stdout:/usr/bin/ceph: stderr
2024-04-20T11:11:34.796+0000 7f918ce00700 1 -- 172.21.15.44:0/3900648349 --> [v2:172.21.15.44:6800/1299451251,v1:172.21.15.44:6801/1299451251] -- mgr_command(tid 0: {"prefix": "orch apply", "service_type": "mgr", "unmanaged": true, "target": ["mon-mgr", ""]}) -- 0x7f9188104e50 con 0x7f916c039670
2024-04-20T11:11:35.519 INFO:teuthology.orchestra.run.smithi044.stdout:/usr/bin/ceph: stderr
2024-04-20T11:11:34.803+0000 7f917ea00700 1 -- 172.21.15.44:0/3900648349 <== mgr.14120 v2:172.21.15.44:6800/1299451251 1 ==== mgr_command_reply(tid 0: 0 ) ==== 8+0+24 (secure 0 0 0) 0x7f9188104e50 con 0x7f916c039670
2024-04-20T11:11:35.519 INFO:teuthology.orchestra.run.smithi044.stdout:/usr/bin/ceph: stderr
2024-04-20T11:11:34.806+0000 7f918ce00700 1 -- 172.21.15.44:0/3900648349 >> [v2:172.21.15.44:6800/1299451251,v1:172.21.15.44:6801/1299451251] conn(0x7f916c039670 msgr2=0x7f916c03bb30 secure :-1 s=STATE_CONNECTION_ESTABLISHED l=1).mark_down
2024-04-20T11:11:35.519 INFO:teuthology.orchestra.run.smithi044.stdout:/usr/bin/ceph: stderr
2024-04-20T11:11:34.806+0000 7f918ce00700 1 --2- 172.21.15.44:0/3900648349 >> [v2:172.21.15.44:6800/1299451251,v1:172.21.15.44:6801/1299451251] conn(0x7f916c039670 0x7f916c03bb30 secure :-1 s=READY pgs=13 cs=0 l=1 rev1=1 crypto rx=0x7f9174006fd0 tx=0x7f9174006e40 comp rx=0 tx=0).stop
2024-04-20T11:11:35.519 INFO:teuthology.orchestra.run.smithi044.stdout:/usr/bin/ceph: stderr
2024-04-20T11:11:34.806+0000 7f918ce00700 1 -- 172.21.15.44:0/3900648349 >> [v2:172.21.15.44:3300/0,v1:172.21.15.44:6789/0] conn(0x7f91881086e0 msgr2=0x7f918819c590 secure :-1 s=STATE_CONNECTION_ESTABLISHED l=1).mark_down
2024-04-20T11:11:35.519 INFO:teuthology.orchestra.run.smithi044.stdout:/usr/bin/ceph: stderr
2024-04-20T11:11:34.806+0000 7f918ce00700 1 --2- 172.21.15.44:0/3900648349 >> [v2:172.21.15.44:3300/0,v1:172.21.15.44:6789/0] conn(0x7f91881086e0 0x7f918819c590 secure :-1 s=READY pgs=50 cs=0 l=1 rev1=1 crypto rx=0x7f9178000c00 tx=0x7f9178004620 comp rx=0 tx=0).stop
2024-04-20T11:11:35.519 INFO:teuthology.orchestra.run.smithi044.stdout:/usr/bin/ceph: stderr
2024-04-20T11:11:34.806+0000 7f918ce00700 1 -- 172.21.15.44:0/3900648349 shutdown_connections
2024-04-20T11:11:35.520 INFO:teuthology.orchestra.run.smithi044.stdout:/usr/bin/ceph: stderr
2024-04-20T11:11:34.806+0000 7f918ce00700 1 --2- 172.21.15.44:0/3900648349 >> [v2:172.21.15.44:6800/1299451251,v1:172.21.15.44:6801/1299451251] conn(0x7f916c039670 0x7f916c03bb30 unknown :-1 s=CLOSED pgs=13 cs=0 l=1 rev1=1 crypto rx=0 tx=0 comp rx=0 tx=0).stop
2024-04-20T11:11:35.520 INFO:teuthology.orchestra.run.smithi044.stdout:/usr/bin/ceph: stderr
2024-04-20T11:11:34.806+0000 7f918ce00700 1 --2- 172.21.15.44:0/3900648349 >> [v2:172.21.15.44:3300/0,v1:172.21.15.44:6789/0] conn(0x7f91881086e0 0x7f918819c590 unknown :-1 s=CLOSED pgs=50 cs=0 l=1 rev1=1 crypto rx=0 tx=0 comp rx=0 tx=0).stop
2024-04-20T11:11:35.520 INFO:teuthology.orchestra.run.smithi044.stdout:/usr/bin/ceph: stderr
2024-04-20T11:11:34.806+0000 7f918ce00700 1 -- 172.21.15.44:0/3900648349 >> 172.21.15.44:0/3900648349 conn(0x7f9188103d20 msgr2=0x7f9188104740 unknown :-1 s=STATE_NONE l=0).mark_down
2024-04-20T11:11:35.520 INFO:teuthology.orchestra.run.smithi044.stdout:/usr/bin/ceph: stderr
2024-04-20T11:11:34.806+0000 7f918ce00700 1 -- 172.21.15.44:0/3900648349 shutdown_connections
2024-04-20T11:11:35.520 INFO:teuthology.orchestra.run.smithi044.stdout:/usr/bin/ceph: stderr
2024-04-20T11:11:34.806+0000 7f918ce00700 1 -- 172.21.15.44:0/3900648349 wait complete.
2024-04-20T11:11:36.142 INFO:journalctl@ceph.mon.a.smithi044.stdout:Apr 20 11:11:36 smithi044 ceph-mon[16855]: from='client.14144 -' entity='client.admin' cmd=[{"prefix": "orch apply", "service_type": "mgr", "unmanaged": true, "target": ["mon-mgr", ""]}]: dispatch
2024-04-20T11:11:36.143 INFO:journalctl@ceph.mon.a.smithi044.stdout:Apr 20 11:11:36 smithi044 ceph-mon[16855]: Saving service mgr spec with placement count:2
2024-04-20T11:11:37.272 INFO:teuthology.orchestra.run.smithi044.stdout:/usr/bin/ceph: stderr
2024-04-20T11:11:36.142+0000 7f1aa8a00700 1 Processor -- start
2024-04-20T11:11:37.272 INFO:teuthology.orchestra.run.smithi044.stdout:/usr/bin/ceph: stderr
2024-04-20T11:11:36.142+0000 7f1aa8a00700 1 -- start start
2024-04-20T11:11:37.272 INFO:teuthology.orchestra.run.smithi044.stdout:/usr/bin/ceph: stderr
2024-04-20T11:11:36.142+0000 7f1aa8a00700 1 --2- >> [v2:172.21.15.44:3300/0,v1:172.21.15.44:6789/0] conn(0x7f1aa410a8e0 0x7f1aa410ad00 unknown :-1 s=NONE pgs=0 cs=0 l=0 rev1=0 crypto rx=0 tx=0 comp rx=0 tx=0).connect
2024-04-20T11:11:37.272 INFO:teuthology.orchestra.run.smithi044.stdout:/usr/bin/ceph: stderr
2024-04-20T11:11:36.142+0000 7f1aa8a00700 1 -- --> [v2:172.21.15.44:3300/0,v1:172.21.15.44:6789/0] -- mon_getmap magic: 0 -- 0x7f1aa410b2d0 con 0x7f1aa410a8e0
2024-04-20T11:11:37.272 INFO:teuthology.orchestra.run.smithi044.stdout:/usr/bin/ceph: stderr
2024-04-20T11:11:36.143+0000 7f1aa1e00700 1 --2- >> [v2:172.21.15.44:3300/0,v1:172.21.15.44:6789/0] conn(0x7f1aa410a8e0 0x7f1aa410ad00 unknown :-1 s=BANNER_CONNECTING pgs=0 cs=0 l=0 rev1=0 crypto rx=0 tx=0 comp rx=0 tx=0)._handle_peer_banner_payload supported=3 required=0
2024-04-20T11:11:37.274 INFO:teuthology.orchestra.run.smithi044.stdout:/usr/bin/ceph: stderr
2024-04-20T11:11:36.143+0000 7f1aa1e00700 1 --2- >> [v2:172.21.15.44:3300/0,v1:172.21.15.44:6789/0] conn(0x7f1aa410a8e0 0x7f1aa410ad00 unknown :-1 s=HELLO_CONNECTING pgs=0 cs=0 l=0 rev1=1 crypto rx=0 tx=0 comp rx=0 tx=0).handle_hello peer v2:172.21.15.44:3300/0 says I am v2:172.21.15.44:39188/0 (socket says 172.21.15.44:39188)
2024-04-20T11:11:37.274 INFO:teuthology.orchestra.run.smithi044.stdout:/usr/bin/ceph: stderr
2024-04-20T11:11:36.143+0000 7f1aa1e00700 1 -- 172.21.15.44:0/3933238450 learned_addr learned my addr 172.21.15.44:0/3933238450 (peer_addr_for_me v2:172.21.15.44:0/0)
2024-04-20T11:11:37.274 INFO:teuthology.orchestra.run.smithi044.stdout:/usr/bin/ceph: stderr
2024-04-20T11:11:36.144+0000 7f1aa1e00700 1 -- 172.21.15.44:0/3933238450 --> [v2:172.21.15.44:3300/0,v1:172.21.15.44:6789/0] -- mon_subscribe({config=0+,monmap=0+}) -- 0x7f1aa410ba90 con 0x7f1aa410a8e0
2024-04-20T11:11:37.274 INFO:teuthology.orchestra.run.smithi044.stdout:/usr/bin/ceph: stderr
2024-04-20T11:11:36.144+0000 7f1aa1e00700 1 --2- 172.21.15.44:0/3933238450 >> [v2:172.21.15.44:3300/0,v1:172.21.15.44:6789/0] conn(0x7f1aa410a8e0 0x7f1aa410ad00 secure :-1 s=READY pgs=51 cs=0 l=1 rev1=1 crypto rx=0x7f1a940098a0 tx=0x7f1a94009bb0 comp rx=0 tx=0).ready entity=mon.0 client_cookie=f5c91e7b76bfd073 server_cookie=0 in_seq=0 out_seq=0
2024-04-20T11:11:37.274 INFO:teuthology.orchestra.run.smithi044.stdout:/usr/bin/ceph: stderr
2024-04-20T11:11:36.144+0000 7f1aa0a00700 1 -- 172.21.15.44:0/3933238450 <== mon.0 v2:172.21.15.44:3300/0 1 ==== mon_map magic: 0 ==== 205+0+0 (secure 0 0 0) 0x7f1a94004160 con 0x7f1aa410a8e0
2024-04-20T11:11:37.274 INFO:teuthology.orchestra.run.smithi044.stdout:/usr/bin/ceph: stderr
2024-04-20T11:11:36.144+0000 7f1aa0a00700 1 -- 172.21.15.44:0/3933238450 <== mon.0 v2:172.21.15.44:3300/0 2 ==== config(28 keys) ==== 1174+0+0 (secure 0 0 0) 0x7f1a94004300 con 0x7f1aa410a8e0
2024-04-20T11:11:37.274 INFO:teuthology.orchestra.run.smithi044.stdout:/usr/bin/ceph: stderr
2024-04-20T11:11:36.144+0000 7f1aa0a00700 1 -- 172.21.15.44:0/3933238450 <== mon.0 v2:172.21.15.44:3300/0 3 ==== mon_map magic: 0 ==== 205+0+0 (secure 0 0 0) 0x7f1a94011bb0 con 0x7f1aa410a8e0
2024-04-20T11:11:37.274 INFO:teuthology.orchestra.run.smithi044.stdout:/usr/bin/ceph: stderr
2024-04-20T11:11:36.145+0000 7f1aa8a00700 1 -- 172.21.15.44:0/3933238450 >> [v2:172.21.15.44:3300/0,v1:172.21.15.44:6789/0] conn(0x7f1aa410a8e0 msgr2=0x7f1aa410ad00 secure :-1 s=STATE_CONNECTION_ESTABLISHED l=1).mark_down
2024-04-20T11:11:37.274 INFO:teuthology.orchestra.run.smithi044.stdout:/usr/bin/ceph: stderr
2024-04-20T11:11:36.145+0000 7f1aa8a00700 1 --2- 172.21.15.44:0/3933238450 >> [v2:172.21.15.44:3300/0,v1:172.21.15.44:6789/0] conn(0x7f1aa410a8e0 0x7f1aa410ad00 secure :-1 s=READY pgs=51 cs=0 l=1 rev1=1 crypto rx=0x7f1a940098a0 tx=0x7f1a94009bb0 comp rx=0 tx=0).stop
2024-04-20T11:11:37.274 INFO:teuthology.orchestra.run.smithi044.stdout:/usr/bin/ceph: stderr
2024-04-20T11:11:36.145+0000 7f1aa8a00700 1 -- 172.21.15.44:0/3933238450 shutdown_connections
2024-04-20T11:11:37.274 INFO:teuthology.orchestra.run.smithi044.stdout:/usr/bin/ceph: stderr
2024-04-20T11:11:36.145+0000 7f1aa8a00700 1 --2- 172.21.15.44:0/3933238450 >> [v2:172.21.15.44:3300/0,v1:172.21.15.44:6789/0] conn(0x7f1aa410a8e0 0x7f1aa410ad00 unknown :-1 s=CLOSED pgs=51 cs=0 l=1 rev1=1 crypto rx=0 tx=0 comp rx=0 tx=0).stop
2024-04-20T11:11:37.274 INFO:teuthology.orchestra.run.smithi044.stdout:/usr/bin/ceph: stderr
2024-04-20T11:11:36.145+0000 7f1aa8a00700 1 -- 172.21.15.44:0/3933238450 >> 172.21.15.44:0/3933238450 conn(0x7f1aa407de10 msgr2=0x7f1aa41084d0 unknown :-1 s=STATE_NONE l=0).mark_down
2024-04-20T11:11:37.275 INFO:teuthology.orchestra.run.smithi044.stdout:/usr/bin/ceph: stderr
2024-04-20T11:11:36.146+0000 7f1aa8a00700 1 -- 172.21.15.44:0/3933238450 shutdown_connections
2024-04-20T11:11:37.277 INFO:teuthology.orchestra.run.smithi044.stdout:/usr/bin/ceph: stderr
2024-04-20T11:11:36.146+0000 7f1aa8a00700 1 -- 172.21.15.44:0/3933238450 wait complete.
2024-04-20T11:11:37.277 INFO:teuthology.orchestra.run.smithi044.stdout:/usr/bin/ceph: stderr
2024-04-20T11:11:36.147+0000 7f1aa8a00700 1 Processor -- start
2024-04-20T11:11:37.277 INFO:teuthology.orchestra.run.smithi044.stdout:/usr/bin/ceph: stderr
2024-04-20T11:11:36.147+0000 7f1aa8a00700 1 -- start start
2024-04-20T11:11:37.277 INFO:teuthology.orchestra.run.smithi044.stdout:/usr/bin/ceph: stderr
2024-04-20T11:11:36.147+0000 7f1aa8a00700 1 --2- >> [v2:172.21.15.44:3300/0,v1:172.21.15.44:6789/0] conn(0x7f1aa410a8e0 0x7f1aa419e830 unknown :-1 s=NONE pgs=0 cs=0 l=1 rev1=0 crypto rx=0 tx=0 comp rx=0 tx=0).connect
2024-04-20T11:11:37.277 INFO:teuthology.orchestra.run.smithi044.stdout:/usr/bin/ceph: stderr
2024-04-20T11:11:36.148+0000 7f1aa8a00700 1 -- --> [v2:172.21.15.44:3300/0,v1:172.21.15.44:6789/0] -- mon_getmap magic: 0 -- 0x7f1aa410ee40 con 0x7f1aa410a8e0
2024-04-20T11:11:37.277 INFO:teuthology.orchestra.run.smithi044.stdout:/usr/bin/ceph: stderr
2024-04-20T11:11:36.148+0000 7f1aa1e00700 1 --2- >> [v2:172.21.15.44:3300/0,v1:172.21.15.44:6789/0] conn(0x7f1aa410a8e0 0x7f1aa419e830 unknown :-1 s=BANNER_CONNECTING pgs=0 cs=0 l=1 rev1=0 crypto rx=0 tx=0 comp rx=0 tx=0)._handle_peer_banner_payload supported=3 required=0
2024-04-20T11:11:37.277 INFO:teuthology.orchestra.run.smithi044.stdout:/usr/bin/ceph: stderr
2024-04-20T11:11:36.148+0000 7f1aa1e00700 1 --2- >> [v2:172.21.15.44:3300/0,v1:172.21.15.44:6789/0] conn(0x7f1aa410a8e0 0x7f1aa419e830 unknown :-1 s=HELLO_CONNECTING pgs=0 cs=0 l=1 rev1=1 crypto rx=0 tx=0 comp rx=0 tx=0).handle_hello peer v2:172.21.15.44:3300/0 says I am v2:172.21.15.44:39200/0 (socket says 172.21.15.44:39200)
2024-04-20T11:11:37.277 INFO:teuthology.orchestra.run.smithi044.stdout:/usr/bin/ceph: stderr
2024-04-20T11:11:36.148+0000 7f1aa1e00700 1 -- 172.21.15.44:0/2657082624 learned_addr learned my addr 172.21.15.44:0/2657082624 (peer_addr_for_me v2:172.21.15.44:0/0)
2024-04-20T11:11:37.277 INFO:teuthology.orchestra.run.smithi044.stdout:/usr/bin/ceph: stderr
2024-04-20T11:11:36.148+0000 7f1aa1e00700 1 -- 172.21.15.44:0/2657082624 --> [v2:172.21.15.44:3300/0,v1:172.21.15.44:6789/0] -- mon_subscribe({config=0+,monmap=0+}) -- 0x7f1aa419ed70 con 0x7f1aa410a8e0
2024-04-20T11:11:37.277 INFO:teuthology.orchestra.run.smithi044.stdout:/usr/bin/ceph: stderr
2024-04-20T11:11:36.148+0000 7f1aa1e00700 1 --2- 172.21.15.44:0/2657082624 >> [v2:172.21.15.44:3300/0,v1:172.21.15.44:6789/0] conn(0x7f1aa410a8e0 0x7f1aa419e830 secure :-1 s=READY pgs=52 cs=0 l=1 rev1=1 crypto rx=0x7f1a94000c00 tx=0x7f1a94004620 comp rx=0 tx=0).ready entity=mon.0 client_cookie=0 server_cookie=0 in_seq=0 out_seq=0
2024-04-20T11:11:37.278 INFO:teuthology.orchestra.run.smithi044.stdout:/usr/bin/ceph: stderr
2024-04-20T11:11:36.149+0000 7f1a9aa00700 1 -- 172.21.15.44:0/2657082624 <== mon.0 v2:172.21.15.44:3300/0 1 ==== mon_map magic: 0 ==== 205+0+0 (secure 0 0 0) 0x7f1a94011e60 con 0x7f1aa410a8e0
2024-04-20T11:11:37.278 INFO:teuthology.orchestra.run.smithi044.stdout:/usr/bin/ceph: stderr
2024-04-20T11:11:36.149+0000 7f1a9aa00700 1 -- 172.21.15.44:0/2657082624 <== mon.0 v2:172.21.15.44:3300/0 2 ==== config(28 keys) ==== 1174+0+0 (secure 0 0 0) 0x7f1a94003af0 con 0x7f1aa410a8e0
2024-04-20T11:11:37.278 INFO:teuthology.orchestra.run.smithi044.stdout:/usr/bin/ceph: stderr
2024-04-20T11:11:36.149+0000 7f1a9aa00700 1 -- 172.21.15.44:0/2657082624 <== mon.0 v2:172.21.15.44:3300/0 3 ==== mon_map magic: 0 ==== 205+0+0 (secure 0 0 0) 0x7f1a940246a0 con 0x7f1aa410a8e0
2024-04-20T11:11:37.278 INFO:teuthology.orchestra.run.smithi044.stdout:/usr/bin/ceph: stderr
2024-04-20T11:11:36.149+0000 7f1aa8a00700 1 -- 172.21.15.44:0/2657082624 --> [v2:172.21.15.44:3300/0,v1:172.21.15.44:6789/0] -- mon_subscribe({mgrmap=0+}) -- 0x7f1aa419f000 con 0x7f1aa410a8e0
2024-04-20T11:11:37.278 INFO:teuthology.orchestra.run.smithi044.stdout:/usr/bin/ceph: stderr
2024-04-20T11:11:36.149+0000 7f1aa8a00700 1 -- 172.21.15.44:0/2657082624 --> [v2:172.21.15.44:3300/0,v1:172.21.15.44:6789/0] -- mon_subscribe({osdmap=0}) -- 0x7f1aa419f460 con 0x7f1aa410a8e0
2024-04-20T11:11:37.278 INFO:teuthology.orchestra.run.smithi044.stdout:/usr/bin/ceph: stderr
2024-04-20T11:11:36.150+0000 7f1aa8a00700 1 -- 172.21.15.44:0/2657082624 --> [v2:172.21.15.44:3300/0,v1:172.21.15.44:6789/0] -- mon_command({"prefix": "get_command_descriptions"} v 0) -- 0x7f1aa40640b0 con 0x7f1aa410a8e0
2024-04-20T11:11:37.278 INFO:teuthology.orchestra.run.smithi044.stdout:/usr/bin/ceph: stderr
2024-04-20T11:11:36.150+0000 7f1a9aa00700 1 -- 172.21.15.44:0/2657082624 <== mon.0 v2:172.21.15.44:3300/0 4 ==== mgrmap(e 8) ==== 46558+0+0 (secure 0 0 0) 0x7f1a94022020 con 0x7f1aa410a8e0
2024-04-20T11:11:37.280 INFO:teuthology.orchestra.run.smithi044.stdout:/usr/bin/ceph: stderr
2024-04-20T11:11:36.151+0000 7f1a9aa00700 1 --2- 172.21.15.44:0/2657082624 >> [v2:172.21.15.44:6800/1299451251,v1:172.21.15.44:6801/1299451251] conn(0x7f1a88039600 0x7f1a8803bac0 unknown :-1 s=NONE pgs=0 cs=0 l=1 rev1=0 crypto rx=0 tx=0 comp rx=0 tx=0).connect
2024-04-20T11:11:37.280 INFO:teuthology.orchestra.run.smithi044.stdout:/usr/bin/ceph: stderr
2024-04-20T11:11:36.151+0000 7f1a9aa00700 1 -- 172.21.15.44:0/2657082624 <== mon.0 v2:172.21.15.44:3300/0 5 ==== osd_map(2..2 src has 1..2) ==== 940+0+0 (secure 0 0 0) 0x7f1a9404d7f0 con 0x7f1aa410a8e0
2024-04-20T11:11:37.280 INFO:teuthology.orchestra.run.smithi044.stdout:/usr/bin/ceph: stderr
2024-04-20T11:11:36.151+0000 7f1aa1400700 1 --2- 172.21.15.44:0/2657082624 >> [v2:172.21.15.44:6800/1299451251,v1:172.21.15.44:6801/1299451251] conn(0x7f1a88039600 0x7f1a8803bac0 unknown :-1 s=BANNER_CONNECTING pgs=0 cs=0 l=1 rev1=0 crypto rx=0 tx=0 comp rx=0 tx=0)._handle_peer_banner_payload supported=3 required=0
2024-04-20T11:11:37.280 INFO:teuthology.orchestra.run.smithi044.stdout:/usr/bin/ceph: stderr
2024-04-20T11:11:36.152+0000 7f1aa1400700 1 --2- 172.21.15.44:0/2657082624 >> [v2:172.21.15.44:6800/1299451251,v1:172.21.15.44:6801/1299451251] conn(0x7f1a88039600 0x7f1a8803bac0 secure :-1 s=READY pgs=14 cs=0 l=1 rev1=1 crypto rx=0x7f1a90006fd0 tx=0x7f1a90006e40 comp rx=0 tx=0).ready entity=mgr.14120 client_cookie=0 server_cookie=0 in_seq=0 out_seq=0
2024-04-20T11:11:37.281 INFO:teuthology.orchestra.run.smithi044.stdout:/usr/bin/ceph: stderr
2024-04-20T11:11:36.156+0000 7f1a9aa00700 1 -- 172.21.15.44:0/2657082624 <== mon.0 v2:172.21.15.44:3300/0 6 ==== mon_command_ack([{"prefix": "get_command_descriptions"}]=0 v0) ==== 72+0+188381 (secure 0 0 0) 0x7f1a940212c0 con 0x7f1aa410a8e0
2024-04-20T11:11:37.281 INFO:teuthology.orchestra.run.smithi044.stdout:/usr/bin/ceph: stderr
2024-04-20T11:11:36.386+0000 7f1aa8a00700 1 -- 172.21.15.44:0/2657082624 --> [v2:172.21.15.44:3300/0,v1:172.21.15.44:6789/0] -- mon_command([{prefix=config set, name=mgr/cephadm/container_init}] v 0) -- 0x7f1aa41a1cf0 con 0x7f1aa410a8e0
2024-04-20T11:11:37.281 INFO:teuthology.orchestra.run.smithi044.stdout:/usr/bin/ceph: stderr
2024-04-20T11:11:36.393+0000 7f1a9aa00700 1 -- 172.21.15.44:0/2657082624 <== mon.0 v2:172.21.15.44:3300/0 7 ==== mon_command_ack([{prefix=config set, name=mgr/cephadm/container_init}]=0 v7)=0 v7) ==== 142+0+0 (secure 0 0 0) 0x7f1a9404d140 con 0x7f1aa410a8e0
2024-04-20T11:11:37.281 INFO:teuthology.orchestra.run.smithi044.stdout:/usr/bin/ceph: stderr
2024-04-20T11:11:36.396+0000 7f1aa8a00700 1 -- 172.21.15.44:0/2657082624 >> [v2:172.21.15.44:6800/1299451251,v1:172.21.15.44:6801/1299451251] conn(0x7f1a88039600 msgr2=0x7f1a8803bac0 secure :-1 s=STATE_CONNECTION_ESTABLISHED l=1).mark_down
2024-04-20T11:11:37.281 INFO:teuthology.orchestra.run.smithi044.stdout:/usr/bin/ceph: stderr
2024-04-20T11:11:36.396+0000 7f1aa8a00700 1 --2- 172.21.15.44:0/2657082624 >> [v2:172.21.15.44:6800/1299451251,v1:172.21.15.44:6801/1299451251] conn(0x7f1a88039600 0x7f1a8803bac0 secure :-1 s=READY pgs=14 cs=0 l=1 rev1=1 crypto rx=0x7f1a90006fd0 tx=0x7f1a90006e40 comp rx=0 tx=0).stop
2024-04-20T11:11:37.281 INFO:teuthology.orchestra.run.smithi044.stdout:/usr/bin/ceph: stderr
2024-04-20T11:11:36.396+0000 7f1aa8a00700 1 -- 172.21.15.44:0/2657082624 >> [v2:172.21.15.44:3300/0,v1:172.21.15.44:6789/0] conn(0x7f1aa410a8e0 msgr2=0x7f1aa419e830 secure :-1 s=STATE_CONNECTION_ESTABLISHED l=1).mark_down
2024-04-20T11:11:37.281 INFO:teuthology.orchestra.run.smithi044.stdout:/usr/bin/ceph: stderr
2024-04-20T11:11:36.396+0000 7f1aa8a00700 1 --2- 172.21.15.44:0/2657082624 >> [v2:172.21.15.44:3300/0,v1:172.21.15.44:6789/0] conn(0x7f1aa410a8e0 0x7f1aa419e830 secure :-1 s=READY pgs=52 cs=0 l=1 rev1=1 crypto rx=0x7f1a94000c00 tx=0x7f1a94004620 comp rx=0 tx=0).stop
2024-04-20T11:11:37.281 INFO:teuthology.orchestra.run.smithi044.stdout:/usr/bin/ceph: stderr
2024-04-20T11:11:36.396+0000 7f1aa8a00700 1 -- 172.21.15.44:0/2657082624 shutdown_connections
2024-04-20T11:11:37.281 INFO:teuthology.orchestra.run.smithi044.stdout:/usr/bin/ceph: stderr
2024-04-20T11:11:36.396+0000 7f1aa8a00700 1 --2- 172.21.15.44:0/2657082624 >> [v2:172.21.15.44:6800/1299451251,v1:172.21.15.44:6801/1299451251] conn(0x7f1a88039600 0x7f1a8803bac0 unknown :-1 s=CLOSED pgs=14 cs=0 l=1 rev1=1 crypto rx=0 tx=0 comp rx=0 tx=0).stop
2024-04-20T11:11:37.281 INFO:teuthology.orchestra.run.smithi044.stdout:/usr/bin/ceph: stderr
2024-04-20T11:11:36.396+0000 7f1aa8a00700 1 --2- 172.21.15.44:0/2657082624 >> [v2:172.21.15.44:3300/0,v1:172.21.15.44:6789/0] conn(0x7f1aa410a8e0 0x7f1aa419e830 unknown :-1 s=CLOSED pgs=52 cs=0 l=1 rev1=1 crypto rx=0 tx=0 comp rx=0 tx=0).stop
2024-04-20T11:11:37.281 INFO:teuthology.orchestra.run.smithi044.stdout:/usr/bin/ceph: stderr
2024-04-20T11:11:36.396+0000 7f1aa8a00700 1 -- 172.21.15.44:0/2657082624 >> 172.21.15.44:0/2657082624 conn(0x7f1aa407de10 msgr2=0x7f1aa4107b20 unknown :-1 s=STATE_NONE l=0).mark_down
2024-04-20T11:11:37.281 INFO:teuthology.orchestra.run.smithi044.stdout:/usr/bin/ceph: stderr
2024-04-20T11:11:36.396+0000 7f1aa8a00700 1 -- 172.21.15.44:0/2657082624 shutdown_connections
2024-04-20T11:11:37.281 INFO:teuthology.orchestra.run.smithi044.stdout:/usr/bin/ceph: stderr
2024-04-20T11:11:36.396+0000 7f1aa8a00700 1 -- 172.21.15.44:0/2657082624 wait complete.
2024-04-20T11:11:37.694 INFO:journalctl@ceph.mon.a.smithi044.stdout:Apr 20 11:11:37 smithi044 ceph-mon[16855]: from='client.? 172.21.15.44:0/2657082624' entity='client.admin'
2024-04-20T11:11:37.695 INFO:journalctl@ceph.mon.a.smithi044.stdout:Apr 20 11:11:37 smithi044 ceph-mon[16855]: pgmap v4: 0 pgs: ; 0 B data, 0 B used, 0 B / 0 B avail
2024-04-20T11:11:39.124 INFO:journalctl@ceph.mon.a.smithi044.stdout:Apr 20 11:11:39 smithi044 ceph-mon[16855]: from='mgr.14120 172.21.15.44:0/705195468' entity='mgr.x'
2024-04-20T11:11:39.124 INFO:journalctl@ceph.mon.a.smithi044.stdout:Apr 20 11:11:39 smithi044 ceph-mon[16855]: from='client.? 172.21.15.44:0/1038263649' entity='client.admin'
2024-04-20T11:11:39.124 INFO:journalctl@ceph.mon.a.smithi044.stdout:Apr 20 11:11:39 smithi044 ceph-mon[16855]: pgmap v5: 0 pgs: ; 0 B data, 0 B used, 0 B / 0 B avail
2024-04-20T11:11:39.137 INFO:teuthology.orchestra.run.smithi044.stdout:/usr/bin/ceph: stderr
2024-04-20T11:11:38.266+0000 7f2167600700 1 Processor -- start
2024-04-20T11:11:39.143 INFO:teuthology.orchestra.run.smithi044.stdout:/usr/bin/ceph: stderr
2024-04-20T11:11:38.266+0000 7f2167600700 1 -- start start
2024-04-20T11:11:39.143 INFO:teuthology.orchestra.run.smithi044.stdout:/usr/bin/ceph: stderr
2024-04-20T11:11:38.267+0000 7f2167600700 1 --2- >> [v2:172.21.15.44:3300/0,v1:172.21.15.44:6789/0] conn(0x7f21601090d0 0x7f216010b4c0 unknown :-1 s=NONE pgs=0 cs=0 l=0 rev1=0 crypto rx=0 tx=0 comp rx=0 tx=0).connect
2024-04-20T11:11:39.143 INFO:teuthology.orchestra.run.smithi044.stdout:/usr/bin/ceph: stderr
2024-04-20T11:11:38.267+0000 7f2167600700 1 -- --> [v2:172.21.15.44:3300/0,v1:172.21.15.44:6789/0] -- mon_getmap magic: 0 -- 0x7f216007beb0 con 0x7f21601090d0
2024-04-20T11:11:39.143 INFO:teuthology.orchestra.run.smithi044.stdout:/usr/bin/ceph: stderr
2024-04-20T11:11:38.267+0000 7f2164c00700 1 --2- >> [v2:172.21.15.44:3300/0,v1:172.21.15.44:6789/0] conn(0x7f21601090d0 0x7f216010b4c0 unknown :-1 s=BANNER_CONNECTING pgs=0 cs=0 l=0 rev1=0 crypto rx=0 tx=0 comp rx=0 tx=0)._handle_peer_banner_payload supported=3 required=0
2024-04-20T11:11:39.143 INFO:teuthology.orchestra.run.smithi044.stdout:/usr/bin/ceph: stderr
2024-04-20T11:11:38.267+0000 7f2164c00700 1 --2- >> [v2:172.21.15.44:3300/0,v1:172.21.15.44:6789/0] conn(0x7f21601090d0 0x7f216010b4c0 unknown :-1 s=HELLO_CONNECTING pgs=0 cs=0 l=0 rev1=1 crypto rx=0 tx=0 comp rx=0 tx=0).handle_hello peer v2:172.21.15.44:3300/0 says I am v2:172.21.15.44:39214/0 (socket says 172.21.15.44:39214)
2024-04-20T11:11:39.143 INFO:teuthology.orchestra.run.smithi044.stdout:/usr/bin/ceph: stderr
2024-04-20T11:11:38.267+0000 7f2164c00700 1 -- 172.21.15.44:0/389295834 learned_addr learned my addr 172.21.15.44:0/389295834 (peer_addr_for_me v2:172.21.15.44:0/0)
2024-04-20T11:11:39.143 INFO:teuthology.orchestra.run.smithi044.stdout:/usr/bin/ceph: stderr
2024-04-20T11:11:38.268+0000 7f2164c00700 1 -- 172.21.15.44:0/389295834 --> [v2:172.21.15.44:3300/0,v1:172.21.15.44:6789/0] -- mon_subscribe({config=0+,monmap=0+}) -- 0x7f216010ba00 con 0x7f21601090d0
2024-04-20T11:11:39.143 INFO:teuthology.orchestra.run.smithi044.stdout:/usr/bin/ceph: stderr
2024-04-20T11:11:38.268+0000 7f2164c00700 1 --2- 172.21.15.44:0/389295834 >> [v2:172.21.15.44:3300/0,v1:172.21.15.44:6789/0] conn(0x7f21601090d0 0x7f216010b4c0 secure :-1 s=READY pgs=53 cs=0 l=1 rev1=1 crypto rx=0x7f21540098a0 tx=0x7f2154009bb0 comp rx=0 tx=0).ready entity=mon.0 client_cookie=562e7849b0fe0264 server_cookie=0 in_seq=0 out_seq=0
2024-04-20T11:11:39.143 INFO:teuthology.orchestra.run.smithi044.stdout:/usr/bin/ceph: stderr
2024-04-20T11:11:38.268+0000 7f215f400700 1 -- 172.21.15.44:0/389295834 <== mon.0 v2:172.21.15.44:3300/0 1 ==== mon_map magic: 0 ==== 205+0+0 (secure 0 0 0) 0x7f2154004160 con 0x7f21601090d0
2024-04-20T11:11:39.144 INFO:teuthology.orchestra.run.smithi044.stdout:/usr/bin/ceph: stderr
2024-04-20T11:11:38.268+0000 7f215f400700 1 -- 172.21.15.44:0/389295834 <== mon.0 v2:172.21.15.44:3300/0 2 ==== config(28 keys) ==== 1174+0+0 (secure 0 0 0) 0x7f2154004300 con 0x7f21601090d0
2024-04-20T11:11:39.144 INFO:teuthology.orchestra.run.smithi044.stdout:/usr/bin/ceph: stderr
2024-04-20T11:11:38.268+0000 7f215f400700 1 -- 172.21.15.44:0/389295834 <== mon.0 v2:172.21.15.44:3300/0 3 ==== mon_map magic: 0 ==== 205+0+0 (secure 0 0 0) 0x7f2154011bb0 con 0x7f21601090d0
2024-04-20T11:11:39.144 INFO:teuthology.orchestra.run.smithi044.stdout:/usr/bin/ceph: stderr
2024-04-20T11:11:38.269+0000 7f2167600700 1 -- 172.21.15.44:0/389295834 >> [v2:172.21.15.44:3300/0,v1:172.21.15.44:6789/0] conn(0x7f21601090d0 msgr2=0x7f216010b4c0 secure :-1 s=STATE_CONNECTION_ESTABLISHED l=1).mark_down
2024-04-20T11:11:39.144 INFO:teuthology.orchestra.run.smithi044.stdout:/usr/bin/ceph: stderr
2024-04-20T11:11:38.269+0000 7f2167600700 1 --2- 172.21.15.44:0/389295834 >> [v2:172.21.15.44:3300/0,v1:172.21.15.44:6789/0] conn(0x7f21601090d0 0x7f216010b4c0 secure :-1 s=READY pgs=53 cs=0 l=1 rev1=1 crypto rx=0x7f21540098a0 tx=0x7f2154009bb0 comp rx=0 tx=0).stop
2024-04-20T11:11:39.144 INFO:teuthology.orchestra.run.smithi044.stdout:/usr/bin/ceph: stderr
2024-04-20T11:11:38.269+0000 7f2167600700 1 -- 172.21.15.44:0/389295834 shutdown_connections
2024-04-20T11:11:39.144 INFO:teuthology.orchestra.run.smithi044.stdout:/usr/bin/ceph: stderr
2024-04-20T11:11:38.269+0000 7f2167600700 1 --2- 172.21.15.44:0/389295834 >> [v2:172.21.15.44:3300/0,v1:172.21.15.44:6789/0] conn(0x7f21601090d0 0x7f216010b4c0 unknown :-1 s=CLOSED pgs=53 cs=0 l=1 rev1=1 crypto rx=0 tx=0 comp rx=0 tx=0).stop
2024-04-20T11:11:39.144 INFO:teuthology.orchestra.run.smithi044.stdout:/usr/bin/ceph: stderr
2024-04-20T11:11:38.269+0000 7f2167600700 1 -- 172.21.15.44:0/389295834 >> 172.21.15.44:0/389295834 conn(0x7f2160102b40 msgr2=0x7f2160104f60 unknown :-1 s=STATE_NONE l=0).mark_down
2024-04-20T11:11:39.144 INFO:teuthology.orchestra.run.smithi044.stdout:/usr/bin/ceph: stderr
2024-04-20T11:11:38.269+0000 7f2167600700 1 -- 172.21.15.44:0/389295834 shutdown_connections
2024-04-20T11:11:39.144 INFO:teuthology.orchestra.run.smithi044.stdout:/usr/bin/ceph: stderr
2024-04-20T11:11:38.270+0000 7f2167600700 1 -- 172.21.15.44:0/389295834 wait complete.
2024-04-20T11:11:39.144 INFO:teuthology.orchestra.run.smithi044.stdout:/usr/bin/ceph: stderr
2024-04-20T11:11:38.271+0000 7f2167600700 1 Processor -- start
2024-04-20T11:11:39.144 INFO:teuthology.orchestra.run.smithi044.stdout:/usr/bin/ceph: stderr
2024-04-20T11:11:38.271+0000 7f2167600700 1 -- start start
2024-04-20T11:11:39.144 INFO:teuthology.orchestra.run.smithi044.stdout:/usr/bin/ceph: stderr
2024-04-20T11:11:38.271+0000 7f2167600700 1 --2- >> [v2:172.21.15.44:3300/0,v1:172.21.15.44:6789/0] conn(0x7f21601090d0 0x7f216019e910 unknown :-1 s=NONE pgs=0 cs=0 l=1 rev1=0 crypto rx=0 tx=0 comp rx=0 tx=0).connect
2024-04-20T11:11:39.144 INFO:teuthology.orchestra.run.smithi044.stdout:/usr/bin/ceph: stderr
2024-04-20T11:11:38.271+0000 7f2167600700 1 -- --> [v2:172.21.15.44:3300/0,v1:172.21.15.44:6789/0] -- mon_getmap magic: 0 -- 0x7f216010cad0 con 0x7f21601090d0
2024-04-20T11:11:39.145 INFO:teuthology.orchestra.run.smithi044.stdout:/usr/bin/ceph: stderr
2024-04-20T11:11:38.271+0000 7f2164c00700 1 --2- >> [v2:172.21.15.44:3300/0,v1:172.21.15.44:6789/0] conn(0x7f21601090d0 0x7f216019e910 unknown :-1 s=BANNER_CONNECTING pgs=0 cs=0 l=1 rev1=0 crypto rx=0 tx=0 comp rx=0 tx=0)._handle_peer_banner_payload supported=3 required=0
2024-04-20T11:11:39.145 INFO:teuthology.orchestra.run.smithi044.stdout:/usr/bin/ceph: stderr
2024-04-20T11:11:38.272+0000 7f2164c00700 1 --2- >> [v2:172.21.15.44:3300/0,v1:172.21.15.44:6789/0] conn(0x7f21601090d0 0x7f216019e910 unknown :-1 s=HELLO_CONNECTING pgs=0 cs=0 l=1 rev1=1 crypto rx=0 tx=0 comp rx=0 tx=0).handle_hello peer v2:172.21.15.44:3300/0 says I am v2:172.21.15.44:39220/0 (socket says 172.21.15.44:39220)
2024-04-20T11:11:39.145 INFO:teuthology.orchestra.run.smithi044.stdout:/usr/bin/ceph: stderr
2024-04-20T11:11:38.272+0000 7f2164c00700 1 -- 172.21.15.44:0/1038263649 learned_addr learned my addr 172.21.15.44:0/1038263649 (peer_addr_for_me v2:172.21.15.44:0/0)
2024-04-20T11:11:39.145 INFO:teuthology.orchestra.run.smithi044.stdout:/usr/bin/ceph: stderr
2024-04-20T11:11:38.272+0000 7f2164c00700 1 -- 172.21.15.44:0/1038263649 --> [v2:172.21.15.44:3300/0,v1:172.21.15.44:6789/0] -- mon_subscribe({config=0+,monmap=0+}) -- 0x7f216019ee50 con 0x7f21601090d0
2024-04-20T11:11:39.145 INFO:teuthology.orchestra.run.smithi044.stdout:/usr/bin/ceph: stderr
2024-04-20T11:11:38.272+0000 7f2164c00700 1 --2- 172.21.15.44:0/1038263649 >> [v2:172.21.15.44:3300/0,v1:172.21.15.44:6789/0] conn(0x7f21601090d0 0x7f216019e910 secure :-1 s=READY pgs=54 cs=0 l=1 rev1=1 crypto rx=0x7f2154000c00 tx=0x7f2154011ca0 comp rx=0 tx=0).ready entity=mon.0 client_cookie=0 server_cookie=0 in_seq=0 out_seq=0
2024-04-20T11:11:39.145 INFO:teuthology.orchestra.run.smithi044.stdout:/usr/bin/ceph: stderr
2024-04-20T11:11:38.273+0000 7f215d600700 1 -- 172.21.15.44:0/1038263649 <== mon.0 v2:172.21.15.44:3300/0 1 ==== mon_map magic: 0 ==== 205+0+0 (secure 0 0 0) 0x7f2154011e60 con 0x7f21601090d0
2024-04-20T11:11:39.145 INFO:teuthology.orchestra.run.smithi044.stdout:/usr/bin/ceph: stderr
2024-04-20T11:11:38.273+0000 7f215d600700 1 -- 172.21.15.44:0/1038263649 <== mon.0 v2:172.21.15.44:3300/0 2 ==== config(28 keys) ==== 1174+0+0 (secure 0 0 0) 0x7f2154003b20 con 0x7f21601090d0
2024-04-20T11:11:39.145 INFO:teuthology.orchestra.run.smithi044.stdout:/usr/bin/ceph: stderr
2024-04-20T11:11:38.273+0000 7f2167600700 1 -- 172.21.15.44:0/1038263649 --> [v2:172.21.15.44:3300/0,v1:172.21.15.44:6789/0] -- mon_subscribe({mgrmap=0+}) -- 0x7f216019f0e0 con 0x7f21601090d0
2024-04-20T11:11:39.145 INFO:teuthology.orchestra.run.smithi044.stdout:/usr/bin/ceph: stderr
2024-04-20T11:11:38.273+0000 7f215d600700 1 -- 172.21.15.44:0/1038263649 <== mon.0 v2:172.21.15.44:3300/0 3 ==== mon_map magic: 0 ==== 205+0+0 (secure 0 0 0) 0x7f21540247a0 con 0x7f21601090d0
2024-04-20T11:11:39.145 INFO:teuthology.orchestra.run.smithi044.stdout:/usr/bin/ceph: stderr
2024-04-20T11:11:38.273+0000 7f2167600700 1 -- 172.21.15.44:0/1038263649 --> [v2:172.21.15.44:3300/0,v1:172.21.15.44:6789/0] -- mon_subscribe({osdmap=0}) -- 0x7f216019f540 con 0x7f21601090d0
2024-04-20T11:11:39.145 INFO:teuthology.orchestra.run.smithi044.stdout:/usr/bin/ceph: stderr
2024-04-20T11:11:38.274+0000 7f215d600700 1 -- 172.21.15.44:0/1038263649 <== mon.0 v2:172.21.15.44:3300/0 4 ==== mgrmap(e 8) ==== 46558+0+0 (secure 0 0 0) 0x7f2154022020 con 0x7f21601090d0
2024-04-20T11:11:39.145 INFO:teuthology.orchestra.run.smithi044.stdout:/usr/bin/ceph: stderr
2024-04-20T11:11:38.274+0000 7f2167600700 1 -- 172.21.15.44:0/1038263649 --> [v2:172.21.15.44:3300/0,v1:172.21.15.44:6789/0] -- mon_command({"prefix": "get_command_descriptions"} v 0) -- 0x7f21600640b0 con 0x7f21601090d0
2024-04-20T11:11:39.145 INFO:teuthology.orchestra.run.smithi044.stdout:/usr/bin/ceph: stderr
2024-04-20T11:11:38.275+0000 7f215d600700 1 --2- 172.21.15.44:0/1038263649 >> [v2:172.21.15.44:6800/1299451251,v1:172.21.15.44:6801/1299451251] conn(0x7f2148039600 0x7f214803bac0 unknown :-1 s=NONE pgs=0 cs=0 l=1 rev1=0 crypto rx=0 tx=0 comp rx=0 tx=0).connect
2024-04-20T11:11:39.145 INFO:teuthology.orchestra.run.smithi044.stdout:/usr/bin/ceph: stderr
2024-04-20T11:11:38.275+0000 7f215d600700 1 -- 172.21.15.44:0/1038263649 <== mon.0 v2:172.21.15.44:3300/0 5 ==== osd_map(2..2 src has 1..2) ==== 940+0+0 (secure 0 0 0) 0x7f215404d630 con 0x7f21601090d0
2024-04-20T11:11:39.146 INFO:teuthology.orchestra.run.smithi044.stdout:/usr/bin/ceph: stderr
2024-04-20T11:11:38.275+0000 7f215fe00700 1 --2- 172.21.15.44:0/1038263649 >> [v2:172.21.15.44:6800/1299451251,v1:172.21.15.44:6801/1299451251] conn(0x7f2148039600 0x7f214803bac0 unknown :-1 s=BANNER_CONNECTING pgs=0 cs=0 l=1 rev1=0 crypto rx=0 tx=0 comp rx=0 tx=0)._handle_peer_banner_payload supported=3 required=0
2024-04-20T11:11:39.146 INFO:teuthology.orchestra.run.smithi044.stdout:/usr/bin/ceph: stderr
2024-04-20T11:11:38.276+0000 7f215fe00700 1 --2- 172.21.15.44:0/1038263649 >> [v2:172.21.15.44:6800/1299451251,v1:172.21.15.44:6801/1299451251] conn(0x7f2148039600 0x7f214803bac0 secure :-1 s=READY pgs=15 cs=0 l=1 rev1=1 crypto rx=0x7f214c006fd0 tx=0x7f214c006e40 comp rx=0 tx=0).ready entity=mgr.14120 client_cookie=0 server_cookie=0 in_seq=0 out_seq=0
2024-04-20T11:11:39.146 INFO:teuthology.orchestra.run.smithi044.stdout:/usr/bin/ceph: stderr
2024-04-20T11:11:38.281+0000 7f215d600700 1 -- 172.21.15.44:0/1038263649 <== mon.0 v2:172.21.15.44:3300/0 6 ==== mon_command_ack([{"prefix": "get_command_descriptions"}]=0 v0) ==== 72+0+188381 (secure 0 0 0) 0x7f215402ce10 con 0x7f21601090d0
2024-04-20T11:11:39.146 INFO:teuthology.orchestra.run.smithi044.stdout:/usr/bin/ceph: stderr
2024-04-20T11:11:38.508+0000 7f2167600700 1 -- 172.21.15.44:0/1038263649 --> [v2:172.21.15.44:3300/0,v1:172.21.15.44:6789/0] -- mon_command([{prefix=config set, name=mgr/dashboard/ssl_server_port}] v 0) -- 0x7f21601a1ec0 con 0x7f21601090d0
2024-04-20T11:11:39.146 INFO:teuthology.orchestra.run.smithi044.stdout:/usr/bin/ceph: stderr
2024-04-20T11:11:38.515+0000 7f215d600700 1 -- 172.21.15.44:0/1038263649 <== mon.0 v2:172.21.15.44:3300/0 7 ==== mon_command_ack([{prefix=config set, name=mgr/dashboard/ssl_server_port}]=0 v8)=0 v8) ==== 130+0+0 (secure 0 0 0) 0x7f21540212c0 con 0x7f21601090d0
2024-04-20T11:11:39.146 INFO:teuthology.orchestra.run.smithi044.stdout:/usr/bin/ceph: stderr
2024-04-20T11:11:38.519+0000 7f2167600700 1 -- 172.21.15.44:0/1038263649 >> [v2:172.21.15.44:6800/1299451251,v1:172.21.15.44:6801/1299451251] conn(0x7f2148039600 msgr2=0x7f214803bac0 secure :-1 s=STATE_CONNECTION_ESTABLISHED l=1).mark_down
2024-04-20T11:11:39.146 INFO:teuthology.orchestra.run.smithi044.stdout:/usr/bin/ceph: stderr
2024-04-20T11:11:38.519+0000 7f2167600700 1 --2- 172.21.15.44:0/1038263649 >> [v2:172.21.15.44:6800/1299451251,v1:172.21.15.44:6801/1299451251] conn(0x7f2148039600 0x7f214803bac0 secure :-1 s=READY pgs=15 cs=0 l=1 rev1=1 crypto rx=0x7f214c006fd0 tx=0x7f214c006e40 comp rx=0 tx=0).stop
2024-04-20T11:11:39.146 INFO:teuthology.orchestra.run.smithi044.stdout:/usr/bin/ceph: stderr
2024-04-20T11:11:38.519+0000 7f2167600700 1 -- 172.21.15.44:0/1038263649 >> [v2:172.21.15.44:3300/0,v1:172.21.15.44:6789/0] conn(0x7f21601090d0 msgr2=0x7f216019e910 secure :-1 s=STATE_CONNECTION_ESTABLISHED l=1).mark_down
2024-04-20T11:11:39.146 INFO:teuthology.orchestra.run.smithi044.stdout:/usr/bin/ceph: stderr
2024-04-20T11:11:38.519+0000 7f2167600700 1 --2- 172.21.15.44:0/1038263649 >> [v2:172.21.15.44:3300/0,v1:172.21.15.44:6789/0] conn(0x7f21601090d0 0x7f216019e910 secure :-1 s=READY pgs=54 cs=0 l=1 rev1=1 crypto rx=0x7f2154000c00 tx=0x7f2154011ca0 comp rx=0 tx=0).stop
2024-04-20T11:11:39.146 INFO:teuthology.orchestra.run.smithi044.stdout:/usr/bin/ceph: stderr
2024-04-20T11:11:38.519+0000 7f2167600700 1 -- 172.21.15.44:0/1038263649 shutdown_connections
2024-04-20T11:11:39.146 INFO:teuthology.orchestra.run.smithi044.stdout:/usr/bin/ceph: stderr
2024-04-20T11:11:38.519+0000 7f2167600700 1 --2- 172.21.15.44:0/1038263649 >> [v2:172.21.15.44:6800/1299451251,v1:172.21.15.44:6801/1299451251] conn(0x7f2148039600 0x7f214803bac0 unknown :-1 s=CLOSED pgs=15 cs=0 l=1 rev1=1 crypto rx=0 tx=0 comp rx=0 tx=0).stop
2024-04-20T11:11:39.146 INFO:teuthology.orchestra.run.smithi044.stdout:/usr/bin/ceph: stderr
2024-04-20T11:11:38.519+0000 7f2167600700 1 --2- 172.21.15.44:0/1038263649 >> [v2:172.21.15.44:3300/0,v1:172.21.15.44:6789/0] conn(0x7f21601090d0 0x7f216019e910 unknown :-1 s=CLOSED pgs=54 cs=0 l=1 rev1=1 crypto rx=0 tx=0 comp rx=0 tx=0).stop
2024-04-20T11:11:39.146 INFO:teuthology.orchestra.run.smithi044.stdout:/usr/bin/ceph: stderr
2024-04-20T11:11:38.519+0000 7f2167600700 1 -- 172.21.15.44:0/1038263649 >> 172.21.15.44:0/1038263649 conn(0x7f2160102b40 msgr2=0x7f2160103570 unknown :-1 s=STATE_NONE l=0).mark_down
2024-04-20T11:11:39.146 INFO:teuthology.orchestra.run.smithi044.stdout:/usr/bin/ceph: stderr
2024-04-20T11:11:38.520+0000 7f2167600700 1 -- 172.21.15.44:0/1038263649 shutdown_connections
2024-04-20T11:11:39.147 INFO:teuthology.orchestra.run.smithi044.stdout:/usr/bin/ceph: stderr
2024-04-20T11:11:38.520+0000 7f2167600700 1 -- 172.21.15.44:0/1038263649 wait complete.
2024-04-20T11:11:39.147 INFO:teuthology.orchestra.run.smithi044.stdout:Enabling the dashboard module...
2024-04-20T11:11:40.859 INFO:journalctl@ceph.mon.a.smithi044.stdout:Apr 20 11:11:40 smithi044 ceph-mon[16855]: from='client.? 172.21.15.44:0/3274896498' entity='client.admin' cmd=[{"prefix": "mgr module enable", "module": "dashboard"}]: dispatch
2024-04-20T11:11:40.859 INFO:journalctl@ceph.mon.a.smithi044.stdout:Apr 20 11:11:40 smithi044 ceph-mon[16855]: from='mgr.14120 172.21.15.44:0/705195468' entity='mgr.x'
2024-04-20T11:11:40.859 INFO:journalctl@ceph.mgr.x.smithi044.stdout:Apr 20 11:11:40 smithi044 ceph-759aac0c-ff06-11ee-bc92-c7b262605968-mgr-x[17092]: ignoring --setuser ceph since I am not root
2024-04-20T11:11:40.859 INFO:journalctl@ceph.mgr.x.smithi044.stdout:Apr 20 11:11:40 smithi044 ceph-759aac0c-ff06-11ee-bc92-c7b262605968-mgr-x[17092]: ignoring --setgroup ceph since I am not root
2024-04-20T11:11:40.859 INFO:journalctl@ceph.mgr.x.smithi044.stdout:Apr 20 11:11:40 smithi044 ceph-759aac0c-ff06-11ee-bc92-c7b262605968-mgr-x[17092]:
2024-04-20T11:11:40.857+0000 7fa5dcf5d200 -1 mgr[py] Module balancer has missing NOTIFY_TYPES member
2024-04-20T11:11:41.278 INFO:teuthology.orchestra.run.smithi044.stdout:/usr/bin/ceph: stderr
2024-04-20T11:11:39.772+0000 7f5240800700 1 Processor -- start
2024-04-20T11:11:41.278 INFO:teuthology.orchestra.run.smithi044.stdout:/usr/bin/ceph: stderr
2024-04-20T11:11:39.773+0000 7f5240800700 1 -- start start
2024-04-20T11:11:41.278 INFO:teuthology.orchestra.run.smithi044.stdout:/usr/bin/ceph: stderr
2024-04-20T11:11:39.773+0000 7f5240800700 1 --2- >> [v2:172.21.15.44:3300/0,v1:172.21.15.44:6789/0] conn(0x7f5238107560 0x7f5238107980 unknown :-1 s=NONE pgs=0 cs=0 l=0 rev1=0 crypto rx=0 tx=0 comp rx=0 tx=0).connect
2024-04-20T11:11:41.278 INFO:teuthology.orchestra.run.smithi044.stdout:/usr/bin/ceph: stderr
2024-04-20T11:11:39.773+0000 7f5240800700 1 -- --> [v2:172.21.15.44:3300/0,v1:172.21.15.44:6789/0] -- mon_getmap magic: 0 -- 0x7f5238107f50 con 0x7f5238107560
2024-04-20T11:11:41.278 INFO:teuthology.orchestra.run.smithi044.stdout:/usr/bin/ceph: stderr
2024-04-20T11:11:39.774+0000 7f523de00700 1 --2- >> [v2:172.21.15.44:3300/0,v1:172.21.15.44:6789/0] conn(0x7f5238107560 0x7f5238107980 unknown :-1 s=BANNER_CONNECTING pgs=0 cs=0 l=0 rev1=0 crypto rx=0 tx=0 comp rx=0 tx=0)._handle_peer_banner_payload supported=3 required=0
2024-04-20T11:11:41.278 INFO:teuthology.orchestra.run.smithi044.stdout:/usr/bin/ceph: stderr
2024-04-20T11:11:39.774+0000 7f523de00700 1 --2- >> [v2:172.21.15.44:3300/0,v1:172.21.15.44:6789/0] conn(0x7f5238107560 0x7f5238107980 unknown :-1 s=HELLO_CONNECTING pgs=0 cs=0 l=0 rev1=1 crypto rx=0 tx=0 comp rx=0 tx=0).handle_hello peer v2:172.21.15.44:3300/0 says I am v2:172.21.15.44:45424/0 (socket says 172.21.15.44:45424)
2024-04-20T11:11:41.278 INFO:teuthology.orchestra.run.smithi044.stdout:/usr/bin/ceph: stderr
2024-04-20T11:11:39.774+0000 7f523de00700 1 -- 172.21.15.44:0/584306481 learned_addr learned my addr 172.21.15.44:0/584306481 (peer_addr_for_me v2:172.21.15.44:0/0)
2024-04-20T11:11:41.278 INFO:teuthology.orchestra.run.smithi044.stdout:/usr/bin/ceph: stderr
2024-04-20T11:11:39.774+0000 7f523de00700 1 -- 172.21.15.44:0/584306481 --> [v2:172.21.15.44:3300/0,v1:172.21.15.44:6789/0] -- mon_subscribe({config=0+,monmap=0+}) -- 0x7f5238108760 con 0x7f5238107560
2024-04-20T11:11:41.279 INFO:teuthology.orchestra.run.smithi044.stdout:/usr/bin/ceph: stderr
2024-04-20T11:11:39.775+0000 7f523de00700 1 --2- 172.21.15.44:0/584306481 >> [v2:172.21.15.44:3300/0,v1:172.21.15.44:6789/0] conn(0x7f5238107560 0x7f5238107980 secure :-1 s=READY pgs=55 cs=0 l=1 rev1=1 crypto rx=0x7f522c00bb40 tx=0x7f522c00be50 comp rx=0 tx=0).ready entity=mon.0 client_cookie=9c7c3900cd1834f server_cookie=0 in_seq=0 out_seq=0
2024-04-20T11:11:41.279 INFO:teuthology.orchestra.run.smithi044.stdout:/usr/bin/ceph: stderr
2024-04-20T11:11:39.775+0000 7f523ca00700 1 -- 172.21.15.44:0/584306481 <== mon.0 v2:172.21.15.44:3300/0 1 ==== mon_map magic: 0 ==== 205+0+0 (secure 0 0 0) 0x7f522c00dbe0 con 0x7f5238107560
2024-04-20T11:11:41.279 INFO:teuthology.orchestra.run.smithi044.stdout:/usr/bin/ceph: stderr
2024-04-20T11:11:39.775+0000 7f523ca00700 1 -- 172.21.15.44:0/584306481 <== mon.0 v2:172.21.15.44:3300/0 2 ==== config(28 keys) ==== 1174+0+0 (secure 0 0 0) 0x7f522c004530 con 0x7f5238107560
2024-04-20T11:11:41.279 INFO:teuthology.orchestra.run.smithi044.stdout:/usr/bin/ceph: stderr
2024-04-20T11:11:39.775+0000 7f523ca00700 1 -- 172.21.15.44:0/584306481 <== mon.0 v2:172.21.15.44:3300/0 3 ==== mon_map magic: 0 ==== 205+0+0 (secure 0 0 0) 0x7f522c010490 con 0x7f5238107560
2024-04-20T11:11:41.279 INFO:teuthology.orchestra.run.smithi044.stdout:/usr/bin/ceph: stderr
2024-04-20T11:11:39.776+0000 7f5240800700 1 -- 172.21.15.44:0/584306481 >> [v2:172.21.15.44:3300/0,v1:172.21.15.44:6789/0] conn(0x7f5238107560 msgr2=0x7f5238107980 secure :-1 s=STATE_CONNECTION_ESTABLISHED l=1).mark_down
2024-04-20T11:11:41.279 INFO:teuthology.orchestra.run.smithi044.stdout:/usr/bin/ceph: stderr
2024-04-20T11:11:39.776+0000 7f5240800700 1 --2- 172.21.15.44:0/584306481 >> [v2:172.21.15.44:3300/0,v1:172.21.15.44:6789/0] conn(0x7f5238107560 0x7f5238107980 secure :-1 s=READY pgs=55 cs=0 l=1 rev1=1 crypto rx=0x7f522c00bb40 tx=0x7f522c00be50 comp rx=0 tx=0).stop
2024-04-20T11:11:41.279 INFO:teuthology.orchestra.run.smithi044.stdout:/usr/bin/ceph: stderr
2024-04-20T11:11:39.776+0000 7f5240800700 1 -- 172.21.15.44:0/584306481 shutdown_connections
2024-04-20T11:11:41.279 INFO:teuthology.orchestra.run.smithi044.stdout:/usr/bin/ceph: stderr
2024-04-20T11:11:39.776+0000 7f5240800700 1 --2- 172.21.15.44:0/584306481 >> [v2:172.21.15.44:3300/0,v1:172.21.15.44:6789/0] conn(0x7f5238107560 0x7f5238107980 unknown :-1 s=CLOSED pgs=55 cs=0 l=1 rev1=1 crypto rx=0 tx=0 comp rx=0 tx=0).stop
2024-04-20T11:11:41.279 INFO:teuthology.orchestra.run.smithi044.stdout:/usr/bin/ceph: stderr
2024-04-20T11:11:39.776+0000 7f5240800700 1 -- 172.21.15.44:0/584306481 >> 172.21.15.44:0/584306481 conn(0x7f5238102b40 msgr2=0x7f5238104f60 unknown :-1 s=STATE_NONE l=0).mark_down
2024-04-20T11:11:41.279 INFO:teuthology.orchestra.run.smithi044.stdout:/usr/bin/ceph: stderr
2024-04-20T11:11:39.777+0000 7f5240800700 1 -- 172.21.15.44:0/584306481 shutdown_connections
2024-04-20T11:11:41.279 INFO:teuthology.orchestra.run.smithi044.stdout:/usr/bin/ceph: stderr
2024-04-20T11:11:39.777+0000 7f5240800700 1 -- 172.21.15.44:0/584306481 wait complete.
2024-04-20T11:11:41.279 INFO:teuthology.orchestra.run.smithi044.stdout:/usr/bin/ceph: stderr
2024-04-20T11:11:39.778+0000 7f5240800700 1 Processor -- start
2024-04-20T11:11:41.279 INFO:teuthology.orchestra.run.smithi044.stdout:/usr/bin/ceph: stderr
2024-04-20T11:11:39.778+0000 7f5240800700 1 -- start start
2024-04-20T11:11:41.279 INFO:teuthology.orchestra.run.smithi044.stdout:/usr/bin/ceph: stderr
2024-04-20T11:11:39.778+0000 7f5240800700 1 --2- >> [v2:172.21.15.44:3300/0,v1:172.21.15.44:6789/0] conn(0x7f5238107560 0x7f523819e800 unknown :-1 s=NONE pgs=0 cs=0 l=1 rev1=0 crypto rx=0 tx=0 comp rx=0 tx=0).connect
2024-04-20T11:11:41.280 INFO:teuthology.orchestra.run.smithi044.stdout:/usr/bin/ceph: stderr
2024-04-20T11:11:39.778+0000 7f5240800700 1 -- --> [v2:172.21.15.44:3300/0,v1:172.21.15.44:6789/0] -- mon_getmap magic: 0 -- 0x7f523807b150 con 0x7f5238107560
2024-04-20T11:11:41.280 INFO:teuthology.orchestra.run.smithi044.stdout:/usr/bin/ceph: stderr
2024-04-20T11:11:39.778+0000 7f523de00700 1 --2- >> [v2:172.21.15.44:3300/0,v1:172.21.15.44:6789/0] conn(0x7f5238107560 0x7f523819e800 unknown :-1 s=BANNER_CONNECTING pgs=0 cs=0 l=1 rev1=0 crypto rx=0 tx=0 comp rx=0 tx=0)._handle_peer_banner_payload supported=3 required=0
2024-04-20T11:11:41.280 INFO:teuthology.orchestra.run.smithi044.stdout:/usr/bin/ceph: stderr
2024-04-20T11:11:39.779+0000 7f523de00700 1 --2- >> [v2:172.21.15.44:3300/0,v1:172.21.15.44:6789/0] conn(0x7f5238107560 0x7f523819e800 unknown :-1 s=HELLO_CONNECTING pgs=0 cs=0 l=1 rev1=1 crypto rx=0 tx=0 comp rx=0 tx=0).handle_hello peer v2:172.21.15.44:3300/0 says I am v2:172.21.15.44:45438/0 (socket says 172.21.15.44:45438)
