2024-04-20T11:53:12.076+0000 7f248fe00700 1 --2- 172.21.15.44:0/728640356 >> [v2:172.21.15.44:3300/0,v1:172.21.15.44:6789/0] conn(0x7f249010a910 0x7f249019e8f0 secure :-1 s=READY pgs=38 cs=0 l=1 rev1=1 crypto rx=0x7f2480011670 tx=0x7f2480011b60 comp rx=0 tx=0).ready entity=mon.0 client_cookie=0 server_cookie=0 in_seq=0 out_seq=0
2024-04-20T11:53:13.022 INFO:teuthology.orchestra.run.smithi044.stdout:/usr/bin/ceph: stderr
2024-04-20T11:53:12.076+0000 7f248cc00700 1 -- 172.21.15.44:0/728640356 <== mon.0 v2:172.21.15.44:3300/0 1 ==== mon_map magic: 0 ==== 205+0+0 (secure 0 0 0) 0x7f24800039c0 con 0x7f249010a910
2024-04-20T11:53:13.022 INFO:teuthology.orchestra.run.smithi044.stdout:/usr/bin/ceph: stderr
2024-04-20T11:53:12.076+0000 7f2496e00700 1 -- 172.21.15.44:0/728640356 --> [v2:172.21.15.44:3300/0,v1:172.21.15.44:6789/0] -- mon_subscribe({mgrmap=0+}) -- 0x7f249019f0c0 con 0x7f249010a910
2024-04-20T11:53:13.022 INFO:teuthology.orchestra.run.smithi044.stdout:/usr/bin/ceph: stderr
2024-04-20T11:53:12.076+0000 7f248cc00700 1 -- 172.21.15.44:0/728640356 <== mon.0 v2:172.21.15.44:3300/0 2 ==== config(27 keys) ==== 1109+0+0 (secure 0 0 0) 0x7f2480011e50 con 0x7f249010a910
2024-04-20T11:53:13.022 INFO:teuthology.orchestra.run.smithi044.stdout:/usr/bin/ceph: stderr
2024-04-20T11:53:12.076+0000 7f248cc00700 1 -- 172.21.15.44:0/728640356 <== mon.0 v2:172.21.15.44:3300/0 3 ==== mon_map magic: 0 ==== 205+0+0 (secure 0 0 0) 0x7f248001a5c0 con 0x7f249010a910
2024-04-20T11:53:13.022 INFO:teuthology.orchestra.run.smithi044.stdout:/usr/bin/ceph: stderr
2024-04-20T11:53:12.076+0000 7f2496e00700 1 -- 172.21.15.44:0/728640356 --> [v2:172.21.15.44:3300/0,v1:172.21.15.44:6789/0] -- mon_subscribe({osdmap=0}) -- 0x7f24901a1db0 con 0x7f249010a910
2024-04-20T11:53:13.022 INFO:teuthology.orchestra.run.smithi044.stdout:/usr/bin/ceph: stderr
2024-04-20T11:53:12.078+0000 7f248cc00700 1 -- 172.21.15.44:0/728640356 <== mon.0 v2:172.21.15.44:3300/0 4 ==== mgrmap(e 8) ==== 46558+0+0 (secure 0 0 0) 0x7f2480024430 con 0x7f249010a910
2024-04-20T11:53:13.023 INFO:teuthology.orchestra.run.smithi044.stdout:/usr/bin/ceph: stderr
2024-04-20T11:53:12.078+0000 7f2496e00700 1 -- 172.21.15.44:0/728640356 --> [v2:172.21.15.44:3300/0,v1:172.21.15.44:6789/0] -- mon_command({"prefix": "get_command_descriptions"} v 0) -- 0x7f24900640b0 con 0x7f249010a910
2024-04-20T11:53:13.023 INFO:teuthology.orchestra.run.smithi044.stdout:/usr/bin/ceph: stderr
2024-04-20T11:53:12.078+0000 7f248cc00700 1 --2- 172.21.15.44:0/728640356 >> [v2:172.21.15.44:6800/2445485465,v1:172.21.15.44:6801/2445485465] conn(0x7f2474039560 0x7f247403ba20 unknown :-1 s=NONE pgs=0 cs=0 l=1 rev1=0 crypto rx=0 tx=0 comp rx=0 tx=0).connect
2024-04-20T11:53:13.023 INFO:teuthology.orchestra.run.smithi044.stdout:/usr/bin/ceph: stderr
2024-04-20T11:53:12.079+0000 7f248cc00700 1 -- 172.21.15.44:0/728640356 <== mon.0 v2:172.21.15.44:3300/0 5 ==== osd_map(2..2 src has 1..2) ==== 940+0+0 (secure 0 0 0) 0x7f248004db90 con 0x7f249010a910
2024-04-20T11:53:13.023 INFO:teuthology.orchestra.run.smithi044.stdout:/usr/bin/ceph: stderr
2024-04-20T11:53:12.079+0000 7f248f400700 1 --2- 172.21.15.44:0/728640356 >> [v2:172.21.15.44:6800/2445485465,v1:172.21.15.44:6801/2445485465] conn(0x7f2474039560 0x7f247403ba20 unknown :-1 s=BANNER_CONNECTING pgs=0 cs=0 l=1 rev1=0 crypto rx=0 tx=0 comp rx=0 tx=0)._handle_peer_banner_payload supported=3 required=0
2024-04-20T11:53:13.023 INFO:teuthology.orchestra.run.smithi044.stdout:/usr/bin/ceph: stderr
2024-04-20T11:53:12.080+0000 7f248f400700 1 --2- 172.21.15.44:0/728640356 >> [v2:172.21.15.44:6800/2445485465,v1:172.21.15.44:6801/2445485465] conn(0x7f2474039560 0x7f247403ba20 secure :-1 s=READY pgs=7 cs=0 l=1 rev1=1 crypto rx=0x7f247c006fd0 tx=0x7f247c006e40 comp rx=0 tx=0).ready entity=mgr.14120 client_cookie=0 server_cookie=0 in_seq=0 out_seq=0
2024-04-20T11:53:13.023 INFO:teuthology.orchestra.run.smithi044.stdout:/usr/bin/ceph: stderr
2024-04-20T11:53:12.085+0000 7f248cc00700 1 -- 172.21.15.44:0/728640356 <== mon.0 v2:172.21.15.44:3300/0 6 ==== mon_command_ack([{"prefix": "get_command_descriptions"}]=0 v0) ==== 72+0+188381 (secure 0 0 0) 0x7f2480003b60 con 0x7f249010a910
2024-04-20T11:53:13.023 INFO:teuthology.orchestra.run.smithi044.stdout:/usr/bin/ceph: stderr
2024-04-20T11:53:12.333+0000 7f2496e00700 1 -- 172.21.15.44:0/728640356 --> [v2:172.21.15.44:6800/2445485465,v1:172.21.15.44:6801/2445485465] -- mgr_command(tid 0: {"prefix": "orch set backend", "module_name": "cephadm", "target": ["mon-mgr", ""]}) -- 0x7f2490108c10 con 0x7f2474039560
2024-04-20T11:53:13.023 INFO:teuthology.orchestra.run.smithi044.stdout:/usr/bin/ceph: stderr
2024-04-20T11:53:12.348+0000 7f248cc00700 1 -- 172.21.15.44:0/728640356 <== mgr.14120 v2:172.21.15.44:6800/2445485465 1 ==== mgr_command_reply(tid 0: 0 ) ==== 8+0+0 (secure 0 0 0) 0x7f2490108c10 con 0x7f2474039560
2024-04-20T11:53:13.023 INFO:teuthology.orchestra.run.smithi044.stdout:/usr/bin/ceph: stderr
2024-04-20T11:53:12.351+0000 7f2496e00700 1 -- 172.21.15.44:0/728640356 >> [v2:172.21.15.44:6800/2445485465,v1:172.21.15.44:6801/2445485465] conn(0x7f2474039560 msgr2=0x7f247403ba20 secure :-1 s=STATE_CONNECTION_ESTABLISHED l=1).mark_down
2024-04-20T11:53:13.023 INFO:teuthology.orchestra.run.smithi044.stdout:/usr/bin/ceph: stderr
2024-04-20T11:53:12.351+0000 7f2496e00700 1 --2- 172.21.15.44:0/728640356 >> [v2:172.21.15.44:6800/2445485465,v1:172.21.15.44:6801/2445485465] conn(0x7f2474039560 0x7f247403ba20 secure :-1 s=READY pgs=7 cs=0 l=1 rev1=1 crypto rx=0x7f247c006fd0 tx=0x7f247c006e40 comp rx=0 tx=0).stop
2024-04-20T11:53:13.023 INFO:teuthology.orchestra.run.smithi044.stdout:/usr/bin/ceph: stderr
2024-04-20T11:53:12.351+0000 7f2496e00700 1 -- 172.21.15.44:0/728640356 >> [v2:172.21.15.44:3300/0,v1:172.21.15.44:6789/0] conn(0x7f249010a910 msgr2=0x7f249019e8f0 secure :-1 s=STATE_CONNECTION_ESTABLISHED l=1).mark_down
2024-04-20T11:53:13.023 INFO:teuthology.orchestra.run.smithi044.stdout:/usr/bin/ceph: stderr
2024-04-20T11:53:12.351+0000 7f2496e00700 1 --2- 172.21.15.44:0/728640356 >> [v2:172.21.15.44:3300/0,v1:172.21.15.44:6789/0] conn(0x7f249010a910 0x7f249019e8f0 secure :-1 s=READY pgs=38 cs=0 l=1 rev1=1 crypto rx=0x7f2480011670 tx=0x7f2480011b60 comp rx=0 tx=0).stop
2024-04-20T11:53:13.023 INFO:teuthology.orchestra.run.smithi044.stdout:/usr/bin/ceph: stderr
2024-04-20T11:53:12.351+0000 7f2496e00700 1 -- 172.21.15.44:0/728640356 shutdown_connections
2024-04-20T11:53:13.023 INFO:teuthology.orchestra.run.smithi044.stdout:/usr/bin/ceph: stderr
2024-04-20T11:53:12.351+0000 7f2496e00700 1 --2- 172.21.15.44:0/728640356 >> [v2:172.21.15.44:6800/2445485465,v1:172.21.15.44:6801/2445485465] conn(0x7f2474039560 0x7f247403ba20 unknown :-1 s=CLOSED pgs=7 cs=0 l=1 rev1=1 crypto rx=0 tx=0 comp rx=0 tx=0).stop
2024-04-20T11:53:13.023 INFO:teuthology.orchestra.run.smithi044.stdout:/usr/bin/ceph: stderr
2024-04-20T11:53:12.351+0000 7f2496e00700 1 --2- 172.21.15.44:0/728640356 >> [v2:172.21.15.44:3300/0,v1:172.21.15.44:6789/0] conn(0x7f249010a910 0x7f249019e8f0 unknown :-1 s=CLOSED pgs=38 cs=0 l=1 rev1=1 crypto rx=0 tx=0 comp rx=0 tx=0).stop
2024-04-20T11:53:13.024 INFO:teuthology.orchestra.run.smithi044.stdout:/usr/bin/ceph: stderr
2024-04-20T11:53:12.351+0000 7f2496e00700 1 -- 172.21.15.44:0/728640356 >> 172.21.15.44:0/728640356 conn(0x7f249007dd70 msgr2=0x7f2490108500 unknown :-1 s=STATE_NONE l=0).mark_down
2024-04-20T11:53:13.024 INFO:teuthology.orchestra.run.smithi044.stdout:/usr/bin/ceph: stderr
2024-04-20T11:53:12.352+0000 7f2496e00700 1 -- 172.21.15.44:0/728640356 shutdown_connections
2024-04-20T11:53:13.024 INFO:teuthology.orchestra.run.smithi044.stdout:/usr/bin/ceph: stderr
2024-04-20T11:53:12.352+0000 7f2496e00700 1 -- 172.21.15.44:0/728640356 wait complete.
2024-04-20T11:53:14.533 INFO:teuthology.orchestra.run.smithi044.stdout:/usr/bin/ceph: stdout value unchanged
2024-04-20T11:53:14.533 INFO:teuthology.orchestra.run.smithi044.stdout:/usr/bin/ceph: stderr
2024-04-20T11:53:13.588+0000 7fc386600700 1 Processor -- start
2024-04-20T11:53:14.533 INFO:teuthology.orchestra.run.smithi044.stdout:/usr/bin/ceph: stderr
2024-04-20T11:53:13.589+0000 7fc386600700 1 -- start start
2024-04-20T11:53:14.533 INFO:teuthology.orchestra.run.smithi044.stdout:/usr/bin/ceph: stderr
2024-04-20T11:53:13.589+0000 7fc386600700 1 --2- >> [v2:172.21.15.44:3300/0,v1:172.21.15.44:6789/0] conn(0x7fc3801087c0 0x7fc380108be0 unknown :-1 s=NONE pgs=0 cs=0 l=0 rev1=0 crypto rx=0 tx=0 comp rx=0 tx=0).connect
2024-04-20T11:53:14.533 INFO:teuthology.orchestra.run.smithi044.stdout:/usr/bin/ceph: stderr
2024-04-20T11:53:13.589+0000 7fc386600700 1 -- --> [v2:172.21.15.44:3300/0,v1:172.21.15.44:6789/0] -- mon_getmap magic: 0 -- 0x7fc3801091b0 con 0x7fc3801087c0
2024-04-20T11:53:14.533 INFO:teuthology.orchestra.run.smithi044.stdout:/usr/bin/ceph: stderr
2024-04-20T11:53:13.590+0000 7fc37f400700 1 --2- >> [v2:172.21.15.44:3300/0,v1:172.21.15.44:6789/0] conn(0x7fc3801087c0 0x7fc380108be0 unknown :-1 s=BANNER_CONNECTING pgs=0 cs=0 l=0 rev1=0 crypto rx=0 tx=0 comp rx=0 tx=0)._handle_peer_banner_payload supported=3 required=0
2024-04-20T11:53:14.533 INFO:teuthology.orchestra.run.smithi044.stdout:/usr/bin/ceph: stderr
2024-04-20T11:53:13.590+0000 7fc37f400700 1 --2- >> [v2:172.21.15.44:3300/0,v1:172.21.15.44:6789/0] conn(0x7fc3801087c0 0x7fc380108be0 unknown :-1 s=HELLO_CONNECTING pgs=0 cs=0 l=0 rev1=1 crypto rx=0 tx=0 comp rx=0 tx=0).handle_hello peer v2:172.21.15.44:3300/0 says I am v2:172.21.15.44:45362/0 (socket says 172.21.15.44:45362)
2024-04-20T11:53:14.533 INFO:teuthology.orchestra.run.smithi044.stdout:/usr/bin/ceph: stderr
2024-04-20T11:53:13.590+0000 7fc37f400700 1 -- 172.21.15.44:0/2288389943 learned_addr learned my addr 172.21.15.44:0/2288389943 (peer_addr_for_me v2:172.21.15.44:0/0)
2024-04-20T11:53:14.534 INFO:teuthology.orchestra.run.smithi044.stdout:/usr/bin/ceph: stderr
2024-04-20T11:53:13.590+0000 7fc37f400700 1 -- 172.21.15.44:0/2288389943 --> [v2:172.21.15.44:3300/0,v1:172.21.15.44:6789/0] -- mon_subscribe({config=0+,monmap=0+}) -- 0x7fc3801099c0 con 0x7fc3801087c0
2024-04-20T11:53:14.534 INFO:teuthology.orchestra.run.smithi044.stdout:/usr/bin/ceph: stderr
2024-04-20T11:53:13.590+0000 7fc37f400700 1 --2- 172.21.15.44:0/2288389943 >> [v2:172.21.15.44:3300/0,v1:172.21.15.44:6789/0] conn(0x7fc3801087c0 0x7fc380108be0 secure :-1 s=READY pgs=39 cs=0 l=1 rev1=1 crypto rx=0x7fc3700098a0 tx=0x7fc370009bb0 comp rx=0 tx=0).ready entity=mon.0 client_cookie=4828a31d27384dff server_cookie=0 in_seq=0 out_seq=0
2024-04-20T11:53:14.534 INFO:teuthology.orchestra.run.smithi044.stdout:/usr/bin/ceph: stderr
2024-04-20T11:53:13.591+0000 7fc37e000700 1 -- 172.21.15.44:0/2288389943 <== mon.0 v2:172.21.15.44:3300/0 1 ==== mon_map magic: 0 ==== 205+0+0 (secure 0 0 0) 0x7fc370004160 con 0x7fc3801087c0
2024-04-20T11:53:14.534 INFO:teuthology.orchestra.run.smithi044.stdout:/usr/bin/ceph: stderr
2024-04-20T11:53:13.591+0000 7fc37e000700 1 -- 172.21.15.44:0/2288389943 <== mon.0 v2:172.21.15.44:3300/0 2 ==== config(27 keys) ==== 1109+0+0 (secure 0 0 0) 0x7fc370004300 con 0x7fc3801087c0
2024-04-20T11:53:14.534 INFO:teuthology.orchestra.run.smithi044.stdout:/usr/bin/ceph: stderr
2024-04-20T11:53:13.591+0000 7fc37e000700 1 -- 172.21.15.44:0/2288389943 <== mon.0 v2:172.21.15.44:3300/0 3 ==== mon_map magic: 0 ==== 205+0+0 (secure 0 0 0) 0x7fc370011b50 con 0x7fc3801087c0
2024-04-20T11:53:14.534 INFO:teuthology.orchestra.run.smithi044.stdout:/usr/bin/ceph: stderr
2024-04-20T11:53:13.592+0000 7fc386600700 1 -- 172.21.15.44:0/2288389943 >> [v2:172.21.15.44:3300/0,v1:172.21.15.44:6789/0] conn(0x7fc3801087c0 msgr2=0x7fc380108be0 secure :-1 s=STATE_CONNECTION_ESTABLISHED l=1).mark_down
2024-04-20T11:53:14.534 INFO:teuthology.orchestra.run.smithi044.stdout:/usr/bin/ceph: stderr
2024-04-20T11:53:13.592+0000 7fc386600700 1 --2- 172.21.15.44:0/2288389943 >> [v2:172.21.15.44:3300/0,v1:172.21.15.44:6789/0] conn(0x7fc3801087c0 0x7fc380108be0 secure :-1 s=READY pgs=39 cs=0 l=1 rev1=1 crypto rx=0x7fc3700098a0 tx=0x7fc370009bb0 comp rx=0 tx=0).stop
2024-04-20T11:53:14.534 INFO:teuthology.orchestra.run.smithi044.stdout:/usr/bin/ceph: stderr
2024-04-20T11:53:13.592+0000 7fc386600700 1 -- 172.21.15.44:0/2288389943 shutdown_connections
2024-04-20T11:53:14.534 INFO:teuthology.orchestra.run.smithi044.stdout:/usr/bin/ceph: stderr
2024-04-20T11:53:13.592+0000 7fc386600700 1 --2- 172.21.15.44:0/2288389943 >> [v2:172.21.15.44:3300/0,v1:172.21.15.44:6789/0] conn(0x7fc3801087c0 0x7fc380108be0 unknown :-1 s=CLOSED pgs=39 cs=0 l=1 rev1=1 crypto rx=0 tx=0 comp rx=0 tx=0).stop
2024-04-20T11:53:14.534 INFO:teuthology.orchestra.run.smithi044.stdout:/usr/bin/ceph: stderr
2024-04-20T11:53:13.592+0000 7fc386600700 1 -- 172.21.15.44:0/2288389943 >> 172.21.15.44:0/2288389943 conn(0x7fc380103e00 msgr2=0x7fc380106220 unknown :-1 s=STATE_NONE l=0).mark_down
2024-04-20T11:53:14.534 INFO:teuthology.orchestra.run.smithi044.stdout:/usr/bin/ceph: stderr
2024-04-20T11:53:13.592+0000 7fc386600700 1 -- 172.21.15.44:0/2288389943 shutdown_connections
2024-04-20T11:53:14.534 INFO:teuthology.orchestra.run.smithi044.stdout:/usr/bin/ceph: stderr
2024-04-20T11:53:13.592+0000 7fc386600700 1 -- 172.21.15.44:0/2288389943 wait complete.
2024-04-20T11:53:14.534 INFO:teuthology.orchestra.run.smithi044.stdout:/usr/bin/ceph: stderr
2024-04-20T11:53:13.593+0000 7fc386600700 1 Processor -- start
2024-04-20T11:53:14.535 INFO:teuthology.orchestra.run.smithi044.stdout:/usr/bin/ceph: stderr
2024-04-20T11:53:13.593+0000 7fc386600700 1 -- start start
2024-04-20T11:53:14.535 INFO:teuthology.orchestra.run.smithi044.stdout:/usr/bin/ceph: stderr
2024-04-20T11:53:13.594+0000 7fc386600700 1 --2- >> [v2:172.21.15.44:3300/0,v1:172.21.15.44:6789/0] conn(0x7fc3801087c0 0x7fc38019e900 unknown :-1 s=NONE pgs=0 cs=0 l=1 rev1=0 crypto rx=0 tx=0 comp rx=0 tx=0).connect
2024-04-20T11:53:14.535 INFO:teuthology.orchestra.run.smithi044.stdout:/usr/bin/ceph: stderr
2024-04-20T11:53:13.594+0000 7fc386600700 1 -- --> [v2:172.21.15.44:3300/0,v1:172.21.15.44:6789/0] -- mon_getmap magic: 0 -- 0x7fc38010cd70 con 0x7fc3801087c0
2024-04-20T11:53:14.536 INFO:teuthology.orchestra.run.smithi044.stdout:/usr/bin/ceph: stderr
2024-04-20T11:53:13.594+0000 7fc37f400700 1 --2- >> [v2:172.21.15.44:3300/0,v1:172.21.15.44:6789/0] conn(0x7fc3801087c0 0x7fc38019e900 unknown :-1 s=BANNER_CONNECTING pgs=0 cs=0 l=1 rev1=0 crypto rx=0 tx=0 comp rx=0 tx=0)._handle_peer_banner_payload supported=3 required=0
2024-04-20T11:53:14.536 INFO:teuthology.orchestra.run.smithi044.stdout:/usr/bin/ceph: stderr
2024-04-20T11:53:13.594+0000 7fc37f400700 1 --2- >> [v2:172.21.15.44:3300/0,v1:172.21.15.44:6789/0] conn(0x7fc3801087c0 0x7fc38019e900 unknown :-1 s=HELLO_CONNECTING pgs=0 cs=0 l=1 rev1=1 crypto rx=0 tx=0 comp rx=0 tx=0).handle_hello peer v2:172.21.15.44:3300/0 says I am v2:172.21.15.44:45366/0 (socket says 172.21.15.44:45366)
2024-04-20T11:53:14.536 INFO:teuthology.orchestra.run.smithi044.stdout:/usr/bin/ceph: stderr
2024-04-20T11:53:13.594+0000 7fc37f400700 1 -- 172.21.15.44:0/3601712505 learned_addr learned my addr 172.21.15.44:0/3601712505 (peer_addr_for_me v2:172.21.15.44:0/0)
2024-04-20T11:53:14.536 INFO:teuthology.orchestra.run.smithi044.stdout:/usr/bin/ceph: stderr
2024-04-20T11:53:13.594+0000 7fc37f400700 1 -- 172.21.15.44:0/3601712505 --> [v2:172.21.15.44:3300/0,v1:172.21.15.44:6789/0] -- mon_subscribe({config=0+,monmap=0+}) -- 0x7fc38019ee40 con 0x7fc3801087c0
2024-04-20T11:53:14.536 INFO:teuthology.orchestra.run.smithi044.stdout:/usr/bin/ceph: stderr
2024-04-20T11:53:13.595+0000 7fc37f400700 1 --2- 172.21.15.44:0/3601712505 >> [v2:172.21.15.44:3300/0,v1:172.21.15.44:6789/0] conn(0x7fc3801087c0 0x7fc38019e900 secure :-1 s=READY pgs=40 cs=0 l=1 rev1=1 crypto rx=0x7fc370000c00 tx=0x7fc370011c10 comp rx=0 tx=0).ready entity=mon.0 client_cookie=0 server_cookie=0 in_seq=0 out_seq=0
2024-04-20T11:53:14.536 INFO:teuthology.orchestra.run.smithi044.stdout:/usr/bin/ceph: stderr
2024-04-20T11:53:13.595+0000 7fc377e00700 1 -- 172.21.15.44:0/3601712505 <== mon.0 v2:172.21.15.44:3300/0 1 ==== mon_map magic: 0 ==== 205+0+0 (secure 0 0 0) 0x7fc370003b20 con 0x7fc3801087c0
2024-04-20T11:53:14.536 INFO:teuthology.orchestra.run.smithi044.stdout:/usr/bin/ceph: stderr
2024-04-20T11:53:13.595+0000 7fc386600700 1 -- 172.21.15.44:0/3601712505 --> [v2:172.21.15.44:3300/0,v1:172.21.15.44:6789/0] -- mon_subscribe({mgrmap=0+}) -- 0x7fc38019f0d0 con 0x7fc3801087c0
2024-04-20T11:53:14.536 INFO:teuthology.orchestra.run.smithi044.stdout:/usr/bin/ceph: stderr
2024-04-20T11:53:13.595+0000 7fc377e00700 1 -- 172.21.15.44:0/3601712505 <== mon.0 v2:172.21.15.44:3300/0 2 ==== config(27 keys) ==== 1109+0+0 (secure 0 0 0) 0x7fc370003cc0 con 0x7fc3801087c0
2024-04-20T11:53:14.536 INFO:teuthology.orchestra.run.smithi044.stdout:/usr/bin/ceph: stderr
2024-04-20T11:53:13.595+0000 7fc377e00700 1 -- 172.21.15.44:0/3601712505 <== mon.0 v2:172.21.15.44:3300/0 3 ==== mon_map magic: 0 ==== 205+0+0 (secure 0 0 0) 0x7fc370024910 con 0x7fc3801087c0
2024-04-20T11:53:14.536 INFO:teuthology.orchestra.run.smithi044.stdout:/usr/bin/ceph: stderr
2024-04-20T11:53:13.595+0000 7fc386600700 1 -- 172.21.15.44:0/3601712505 --> [v2:172.21.15.44:3300/0,v1:172.21.15.44:6789/0] -- mon_subscribe({osdmap=0}) -- 0x7fc3801a1dc0 con 0x7fc3801087c0
2024-04-20T11:53:14.536 INFO:teuthology.orchestra.run.smithi044.stdout:/usr/bin/ceph: stderr
2024-04-20T11:53:13.596+0000 7fc377e00700 1 -- 172.21.15.44:0/3601712505 <== mon.0 v2:172.21.15.44:3300/0 4 ==== mgrmap(e 8) ==== 46558+0+0 (secure 0 0 0) 0x7fc370022020 con 0x7fc3801087c0
2024-04-20T11:53:14.536 INFO:teuthology.orchestra.run.smithi044.stdout:/usr/bin/ceph: stderr
2024-04-20T11:53:13.596+0000 7fc386600700 1 -- 172.21.15.44:0/3601712505 --> [v2:172.21.15.44:3300/0,v1:172.21.15.44:6789/0] -- mon_command({"prefix": "get_command_descriptions"} v 0) -- 0x7fc3800640b0 con 0x7fc3801087c0
2024-04-20T11:53:14.536 INFO:teuthology.orchestra.run.smithi044.stdout:/usr/bin/ceph: stderr
2024-04-20T11:53:13.597+0000 7fc377e00700 1 --2- 172.21.15.44:0/3601712505 >> [v2:172.21.15.44:6800/2445485465,v1:172.21.15.44:6801/2445485465] conn(0x7fc364039600 0x7fc36403bac0 unknown :-1 s=NONE pgs=0 cs=0 l=1 rev1=0 crypto rx=0 tx=0 comp rx=0 tx=0).connect
2024-04-20T11:53:14.537 INFO:teuthology.orchestra.run.smithi044.stdout:/usr/bin/ceph: stderr
2024-04-20T11:53:13.597+0000 7fc377e00700 1 -- 172.21.15.44:0/3601712505 <== mon.0 v2:172.21.15.44:3300/0 5 ==== osd_map(2..2 src has 1..2) ==== 940+0+0 (secure 0 0 0) 0x7fc370011e00 con 0x7fc3801087c0
2024-04-20T11:53:14.537 INFO:teuthology.orchestra.run.smithi044.stdout:/usr/bin/ceph: stderr
2024-04-20T11:53:13.597+0000 7fc37ea00700 1 --2- 172.21.15.44:0/3601712505 >> [v2:172.21.15.44:6800/2445485465,v1:172.21.15.44:6801/2445485465] conn(0x7fc364039600 0x7fc36403bac0 unknown :-1 s=BANNER_CONNECTING pgs=0 cs=0 l=1 rev1=0 crypto rx=0 tx=0 comp rx=0 tx=0)._handle_peer_banner_payload supported=3 required=0
2024-04-20T11:53:14.537 INFO:teuthology.orchestra.run.smithi044.stdout:/usr/bin/ceph: stderr
2024-04-20T11:53:13.598+0000 7fc37ea00700 1 --2- 172.21.15.44:0/3601712505 >> [v2:172.21.15.44:6800/2445485465,v1:172.21.15.44:6801/2445485465] conn(0x7fc364039600 0x7fc36403bac0 secure :-1 s=READY pgs=8 cs=0 l=1 rev1=1 crypto rx=0x7fc36c006fd0 tx=0x7fc36c006e40 comp rx=0 tx=0).ready entity=mgr.14120 client_cookie=0 server_cookie=0 in_seq=0 out_seq=0
2024-04-20T11:53:14.537 INFO:teuthology.orchestra.run.smithi044.stdout:/usr/bin/ceph: stderr
2024-04-20T11:53:13.603+0000 7fc377e00700 1 -- 172.21.15.44:0/3601712505 <== mon.0 v2:172.21.15.44:3300/0 6 ==== mon_command_ack([{"prefix": "get_command_descriptions"}]=0 v0) ==== 72+0+188381 (secure 0 0 0) 0x7fc37001ad80 con 0x7fc3801087c0
2024-04-20T11:53:14.537 INFO:teuthology.orchestra.run.smithi044.stdout:/usr/bin/ceph: stderr
2024-04-20T11:53:13.841+0000 7fc386600700 1 -- 172.21.15.44:0/3601712505 --> [v2:172.21.15.44:6800/2445485465,v1:172.21.15.44:6801/2445485465] -- mgr_command(tid 0: {"prefix": "cephadm set-user", "user": "root", "target": ["mon-mgr", ""]}) -- 0x7fc380105060 con 0x7fc364039600
2024-04-20T11:53:14.537 INFO:teuthology.orchestra.run.smithi044.stdout:/usr/bin/ceph: stderr
2024-04-20T11:53:13.843+0000 7fc377e00700 1 -- 172.21.15.44:0/3601712505 <== mgr.14120 v2:172.21.15.44:6800/2445485465 1 ==== mgr_command_reply(tid 0: 0 ) ==== 8+0+16 (secure 0 0 0) 0x7fc380105060 con 0x7fc364039600
2024-04-20T11:53:14.537 INFO:teuthology.orchestra.run.smithi044.stdout:/usr/bin/ceph: stderr
2024-04-20T11:53:13.847+0000 7fc386600700 1 -- 172.21.15.44:0/3601712505 >> [v2:172.21.15.44:6800/2445485465,v1:172.21.15.44:6801/2445485465] conn(0x7fc364039600 msgr2=0x7fc36403bac0 secure :-1 s=STATE_CONNECTION_ESTABLISHED l=1).mark_down
2024-04-20T11:53:14.537 INFO:teuthology.orchestra.run.smithi044.stdout:/usr/bin/ceph: stderr
2024-04-20T11:53:13.847+0000 7fc386600700 1 --2- 172.21.15.44:0/3601712505 >> [v2:172.21.15.44:6800/2445485465,v1:172.21.15.44:6801/2445485465] conn(0x7fc364039600 0x7fc36403bac0 secure :-1 s=READY pgs=8 cs=0 l=1 rev1=1 crypto rx=0x7fc36c006fd0 tx=0x7fc36c006e40 comp rx=0 tx=0).stop
2024-04-20T11:53:14.537 INFO:teuthology.orchestra.run.smithi044.stdout:/usr/bin/ceph: stderr
2024-04-20T11:53:13.847+0000 7fc386600700 1 -- 172.21.15.44:0/3601712505 >> [v2:172.21.15.44:3300/0,v1:172.21.15.44:6789/0] conn(0x7fc3801087c0 msgr2=0x7fc38019e900 secure :-1 s=STATE_CONNECTION_ESTABLISHED l=1).mark_down
2024-04-20T11:53:14.537 INFO:teuthology.orchestra.run.smithi044.stdout:/usr/bin/ceph: stderr
2024-04-20T11:53:13.847+0000 7fc386600700 1 --2- 172.21.15.44:0/3601712505 >> [v2:172.21.15.44:3300/0,v1:172.21.15.44:6789/0] conn(0x7fc3801087c0 0x7fc38019e900 secure :-1 s=READY pgs=40 cs=0 l=1 rev1=1 crypto rx=0x7fc370000c00 tx=0x7fc370011c10 comp rx=0 tx=0).stop
2024-04-20T11:53:14.537 INFO:teuthology.orchestra.run.smithi044.stdout:/usr/bin/ceph: stderr
2024-04-20T11:53:13.847+0000 7fc386600700 1 -- 172.21.15.44:0/3601712505 shutdown_connections
2024-04-20T11:53:14.537 INFO:teuthology.orchestra.run.smithi044.stdout:/usr/bin/ceph: stderr
2024-04-20T11:53:13.847+0000 7fc386600700 1 --2- 172.21.15.44:0/3601712505 >> [v2:172.21.15.44:6800/2445485465,v1:172.21.15.44:6801/2445485465] conn(0x7fc364039600 0x7fc36403bac0 unknown :-1 s=CLOSED pgs=8 cs=0 l=1 rev1=1 crypto rx=0 tx=0 comp rx=0 tx=0).stop
2024-04-20T11:53:14.537 INFO:teuthology.orchestra.run.smithi044.stdout:/usr/bin/ceph: stderr
2024-04-20T11:53:13.847+0000 7fc386600700 1 --2- 172.21.15.44:0/3601712505 >> [v2:172.21.15.44:3300/0,v1:172.21.15.44:6789/0] conn(0x7fc3801087c0 0x7fc38019e900 unknown :-1 s=CLOSED pgs=40 cs=0 l=1 rev1=1 crypto rx=0 tx=0 comp rx=0 tx=0).stop
2024-04-20T11:53:14.537 INFO:teuthology.orchestra.run.smithi044.stdout:/usr/bin/ceph: stderr
2024-04-20T11:53:13.847+0000 7fc386600700 1 -- 172.21.15.44:0/3601712505 >> 172.21.15.44:0/3601712505 conn(0x7fc380103e00 msgr2=0x7fc380104950 unknown :-1 s=STATE_NONE l=0).mark_down
2024-04-20T11:53:14.537 INFO:teuthology.orchestra.run.smithi044.stdout:/usr/bin/ceph: stderr
2024-04-20T11:53:13.847+0000 7fc386600700 1 -- 172.21.15.44:0/3601712505 shutdown_connections
2024-04-20T11:53:14.538 INFO:teuthology.orchestra.run.smithi044.stdout:/usr/bin/ceph: stderr
2024-04-20T11:53:13.847+0000 7fc386600700 1 -- 172.21.15.44:0/3601712505 wait complete.
2024-04-20T11:53:14.538 INFO:teuthology.orchestra.run.smithi044.stdout:Generating ssh key...
2024-04-20T11:53:15.126 INFO:journalctl@ceph.mon.a.smithi044.stdout:Apr 20 11:53:14 smithi044 ceph-mon[16857]: from='client.14134 -' entity='client.admin' cmd=[{"prefix": "cephadm set-user", "user": "root", "target": ["mon-mgr", ""]}]: dispatch
2024-04-20T11:53:16.189 INFO:journalctl@ceph.mon.a.smithi044.stdout:Apr 20 11:53:15 smithi044 ceph-mon[16857]: from='client.14136 -' entity='client.admin' cmd=[{"prefix": "cephadm generate-key", "target": ["mon-mgr", ""]}]: dispatch
2024-04-20T11:53:16.189 INFO:journalctl@ceph.mon.a.smithi044.stdout:Apr 20 11:53:15 smithi044 ceph-mon[16857]: Generating ssh key...
2024-04-20T11:53:16.190 INFO:journalctl@ceph.mgr.x.smithi044.stdout:Apr 20 11:53:15 smithi044 ceph-4e8e37b8-ff0c-11ee-bc92-c7b262605968-mgr-x[17099]: Generating public/private rsa key pair.
2024-04-20T11:53:16.190 INFO:journalctl@ceph.mgr.x.smithi044.stdout:Apr 20 11:53:15 smithi044 ceph-4e8e37b8-ff0c-11ee-bc92-c7b262605968-mgr-x[17099]: Your identification has been saved in /tmp/tmpt28vjr_5/key.
2024-04-20T11:53:16.191 INFO:journalctl@ceph.mgr.x.smithi044.stdout:Apr 20 11:53:15 smithi044 ceph-4e8e37b8-ff0c-11ee-bc92-c7b262605968-mgr-x[17099]: Your public key has been saved in /tmp/tmpt28vjr_5/key.pub.
2024-04-20T11:53:16.191 INFO:journalctl@ceph.mgr.x.smithi044.stdout:Apr 20 11:53:15 smithi044 ceph-4e8e37b8-ff0c-11ee-bc92-c7b262605968-mgr-x[17099]: The key fingerprint is:
2024-04-20T11:53:16.191 INFO:journalctl@ceph.mgr.x.smithi044.stdout:Apr 20 11:53:15 smithi044 ceph-4e8e37b8-ff0c-11ee-bc92-c7b262605968-mgr-x[17099]: SHA256:h4LftsSR2P+3ySr5+MO+EENOrztg3Z0hzFRyx95Gnk4 ceph-4e8e37b8-ff0c-11ee-bc92-c7b262605968
2024-04-20T11:53:16.191 INFO:journalctl@ceph.mgr.x.smithi044.stdout:Apr 20 11:53:15 smithi044 ceph-4e8e37b8-ff0c-11ee-bc92-c7b262605968-mgr-x[17099]: The key's randomart image is:
2024-04-20T11:53:16.191 INFO:journalctl@ceph.mgr.x.smithi044.stdout:Apr 20 11:53:15 smithi044 ceph-4e8e37b8-ff0c-11ee-bc92-c7b262605968-mgr-x[17099]: +---[RSA 3072]----+
2024-04-20T11:53:16.191 INFO:journalctl@ceph.mgr.x.smithi044.stdout:Apr 20 11:53:15 smithi044 ceph-4e8e37b8-ff0c-11ee-bc92-c7b262605968-mgr-x[17099]: | ..o..|
2024-04-20T11:53:16.191 INFO:journalctl@ceph.mgr.x.smithi044.stdout:Apr 20 11:53:15 smithi044 ceph-4e8e37b8-ff0c-11ee-bc92-c7b262605968-mgr-x[17099]: | .o .o|
2024-04-20T11:53:16.191 INFO:journalctl@ceph.mgr.x.smithi044.stdout:Apr 20 11:53:15 smithi044 ceph-4e8e37b8-ff0c-11ee-bc92-c7b262605968-mgr-x[17099]: | o+ +o|
2024-04-20T11:53:16.191 INFO:journalctl@ceph.mgr.x.smithi044.stdout:Apr 20 11:53:15 smithi044 ceph-4e8e37b8-ff0c-11ee-bc92-c7b262605968-mgr-x[17099]: | . o * .+ .E=|
2024-04-20T11:53:16.191 INFO:journalctl@ceph.mgr.x.smithi044.stdout:Apr 20 11:53:15 smithi044 ceph-4e8e37b8-ff0c-11ee-bc92-c7b262605968-mgr-x[17099]: | . o S.=..oo+ |
2024-04-20T11:53:16.191 INFO:journalctl@ceph.mgr.x.smithi044.stdout:Apr 20 11:53:15 smithi044 ceph-4e8e37b8-ff0c-11ee-bc92-c7b262605968-mgr-x[17099]: | . +o+.+. o. |
2024-04-20T11:53:16.191 INFO:journalctl@ceph.mgr.x.smithi044.stdout:Apr 20 11:53:15 smithi044 ceph-4e8e37b8-ff0c-11ee-bc92-c7b262605968-mgr-x[17099]: | ..=.+o |
2024-04-20T11:53:16.191 INFO:journalctl@ceph.mgr.x.smithi044.stdout:Apr 20 11:53:15 smithi044 ceph-4e8e37b8-ff0c-11ee-bc92-c7b262605968-mgr-x[17099]: | o .+=o... |
2024-04-20T11:53:16.191 INFO:journalctl@ceph.mgr.x.smithi044.stdout:Apr 20 11:53:15 smithi044 ceph-4e8e37b8-ff0c-11ee-bc92-c7b262605968-mgr-x[17099]: | . o*B=+. |
2024-04-20T11:53:16.191 INFO:journalctl@ceph.mgr.x.smithi044.stdout:Apr 20 11:53:15 smithi044 ceph-4e8e37b8-ff0c-11ee-bc92-c7b262605968-mgr-x[17099]: +----[SHA256]-----+
2024-04-20T11:53:16.484 INFO:teuthology.orchestra.run.smithi044.stdout:/usr/bin/ceph: stderr
2024-04-20T11:53:15.126+0000 7fcec1800700 1 Processor -- start
2024-04-20T11:53:16.485 INFO:teuthology.orchestra.run.smithi044.stdout:/usr/bin/ceph: stderr
2024-04-20T11:53:15.127+0000 7fcec1800700 1 -- start start
2024-04-20T11:53:16.485 INFO:teuthology.orchestra.run.smithi044.stdout:/usr/bin/ceph: stderr
2024-04-20T11:53:15.127+0000 7fcec1800700 1 --2- >> [v2:172.21.15.44:3300/0,v1:172.21.15.44:6789/0] conn(0x7fcebc106e20 0x7fcebc107240 unknown :-1 s=NONE pgs=0 cs=0 l=0 rev1=0 crypto rx=0 tx=0 comp rx=0 tx=0).connect
2024-04-20T11:53:16.485 INFO:teuthology.orchestra.run.smithi044.stdout:/usr/bin/ceph: stderr
2024-04-20T11:53:15.127+0000 7fcec1800700 1 -- --> [v2:172.21.15.44:3300/0,v1:172.21.15.44:6789/0] -- mon_getmap magic: 0 -- 0x7fcebc07cde0 con 0x7fcebc106e20
2024-04-20T11:53:16.485 INFO:teuthology.orchestra.run.smithi044.stdout:/usr/bin/ceph: stderr
2024-04-20T11:53:15.128+0000 7fcebbe00700 1 --2- >> [v2:172.21.15.44:3300/0,v1:172.21.15.44:6789/0] conn(0x7fcebc106e20 0x7fcebc107240 unknown :-1 s=BANNER_CONNECTING pgs=0 cs=0 l=0 rev1=0 crypto rx=0 tx=0 comp rx=0 tx=0)._handle_peer_banner_payload supported=3 required=0
2024-04-20T11:53:16.485 INFO:teuthology.orchestra.run.smithi044.stdout:/usr/bin/ceph: stderr
2024-04-20T11:53:15.128+0000 7fcebbe00700 1 --2- >> [v2:172.21.15.44:3300/0,v1:172.21.15.44:6789/0] conn(0x7fcebc106e20 0x7fcebc107240 unknown :-1 s=HELLO_CONNECTING pgs=0 cs=0 l=0 rev1=1 crypto rx=0 tx=0 comp rx=0 tx=0).handle_hello peer v2:172.21.15.44:3300/0 says I am v2:172.21.15.44:53512/0 (socket says 172.21.15.44:53512)
2024-04-20T11:53:16.485 INFO:teuthology.orchestra.run.smithi044.stdout:/usr/bin/ceph: stderr
2024-04-20T11:53:15.128+0000 7fcebbe00700 1 -- 172.21.15.44:0/672685589 learned_addr learned my addr 172.21.15.44:0/672685589 (peer_addr_for_me v2:172.21.15.44:0/0)
2024-04-20T11:53:16.485 INFO:teuthology.orchestra.run.smithi044.stdout:/usr/bin/ceph: stderr
2024-04-20T11:53:15.128+0000 7fcebbe00700 1 -- 172.21.15.44:0/672685589 --> [v2:172.21.15.44:3300/0,v1:172.21.15.44:6789/0] -- mon_subscribe({config=0+,monmap=0+}) -- 0x7fcebc107780 con 0x7fcebc106e20
2024-04-20T11:53:16.485 INFO:teuthology.orchestra.run.smithi044.stdout:/usr/bin/ceph: stderr
2024-04-20T11:53:15.128+0000 7fcebbe00700 1 --2- 172.21.15.44:0/672685589 >> [v2:172.21.15.44:3300/0,v1:172.21.15.44:6789/0] conn(0x7fcebc106e20 0x7fcebc107240 secure :-1 s=READY pgs=41 cs=0 l=1 rev1=1 crypto rx=0x7fceac0098a0 tx=0x7fceac009bb0 comp rx=0 tx=0).ready entity=mon.0 client_cookie=47b8fbd564585c62 server_cookie=0 in_seq=0 out_seq=0
2024-04-20T11:53:16.485 INFO:teuthology.orchestra.run.smithi044.stdout:/usr/bin/ceph: stderr
2024-04-20T11:53:15.129+0000 7fcebb400700 1 -- 172.21.15.44:0/672685589 <== mon.0 v2:172.21.15.44:3300/0 1 ==== mon_map magic: 0 ==== 205+0+0 (secure 0 0 0) 0x7fceac004160 con 0x7fcebc106e20
2024-04-20T11:53:16.485 INFO:teuthology.orchestra.run.smithi044.stdout:/usr/bin/ceph: stderr
2024-04-20T11:53:15.129+0000 7fcebb400700 1 -- 172.21.15.44:0/672685589 <== mon.0 v2:172.21.15.44:3300/0 2 ==== config(27 keys) ==== 1109+0+0 (secure 0 0 0) 0x7fceac004300 con 0x7fcebc106e20
2024-04-20T11:53:16.485 INFO:teuthology.orchestra.run.smithi044.stdout:/usr/bin/ceph: stderr
2024-04-20T11:53:15.129+0000 7fcebb400700 1 -- 172.21.15.44:0/672685589 <== mon.0 v2:172.21.15.44:3300/0 3 ==== mon_map magic: 0 ==== 205+0+0 (secure 0 0 0) 0x7fceac011b50 con 0x7fcebc106e20
2024-04-20T11:53:16.485 INFO:teuthology.orchestra.run.smithi044.stdout:/usr/bin/ceph: stderr
2024-04-20T11:53:15.129+0000 7fcec1800700 1 -- 172.21.15.44:0/672685589 >> [v2:172.21.15.44:3300/0,v1:172.21.15.44:6789/0] conn(0x7fcebc106e20 msgr2=0x7fcebc107240 secure :-1 s=STATE_CONNECTION_ESTABLISHED l=1).mark_down
2024-04-20T11:53:16.486 INFO:teuthology.orchestra.run.smithi044.stdout:/usr/bin/ceph: stderr
2024-04-20T11:53:15.129+0000 7fcec1800700 1 --2- 172.21.15.44:0/672685589 >> [v2:172.21.15.44:3300/0,v1:172.21.15.44:6789/0] conn(0x7fcebc106e20 0x7fcebc107240 secure :-1 s=READY pgs=41 cs=0 l=1 rev1=1 crypto rx=0x7fceac0098a0 tx=0x7fceac009bb0 comp rx=0 tx=0).stop
2024-04-20T11:53:16.486 INFO:teuthology.orchestra.run.smithi044.stdout:/usr/bin/ceph: stderr
2024-04-20T11:53:15.130+0000 7fcec1800700 1 -- 172.21.15.44:0/672685589 shutdown_connections
2024-04-20T11:53:16.486 INFO:teuthology.orchestra.run.smithi044.stdout:/usr/bin/ceph: stderr
2024-04-20T11:53:15.130+0000 7fcec1800700 1 --2- 172.21.15.44:0/672685589 >> [v2:172.21.15.44:3300/0,v1:172.21.15.44:6789/0] conn(0x7fcebc106e20 0x7fcebc107240 unknown :-1 s=CLOSED pgs=41 cs=0 l=1 rev1=1 crypto rx=0 tx=0 comp rx=0 tx=0).stop
2024-04-20T11:53:16.486 INFO:teuthology.orchestra.run.smithi044.stdout:/usr/bin/ceph: stderr
2024-04-20T11:53:15.130+0000 7fcec1800700 1 -- 172.21.15.44:0/672685589 >> 172.21.15.44:0/672685589 conn(0x7fcebc102a20 msgr2=0x7fcebc104e40 unknown :-1 s=STATE_NONE l=0).mark_down
2024-04-20T11:53:16.486 INFO:teuthology.orchestra.run.smithi044.stdout:/usr/bin/ceph: stderr
2024-04-20T11:53:15.130+0000 7fcec1800700 1 -- 172.21.15.44:0/672685589 shutdown_connections
2024-04-20T11:53:16.486 INFO:teuthology.orchestra.run.smithi044.stdout:/usr/bin/ceph: stderr
2024-04-20T11:53:15.130+0000 7fcec1800700 1 -- 172.21.15.44:0/672685589 wait complete.
2024-04-20T11:53:16.486 INFO:teuthology.orchestra.run.smithi044.stdout:/usr/bin/ceph: stderr
2024-04-20T11:53:15.131+0000 7fcec1800700 1 Processor -- start
2024-04-20T11:53:16.486 INFO:teuthology.orchestra.run.smithi044.stdout:/usr/bin/ceph: stderr
2024-04-20T11:53:15.131+0000 7fcec1800700 1 -- start start
2024-04-20T11:53:16.486 INFO:teuthology.orchestra.run.smithi044.stdout:/usr/bin/ceph: stderr
2024-04-20T11:53:15.131+0000 7fcec1800700 1 --2- >> [v2:172.21.15.44:3300/0,v1:172.21.15.44:6789/0] conn(0x7fcebc106e20 0x7fcebc19e6a0 unknown :-1 s=NONE pgs=0 cs=0 l=1 rev1=0 crypto rx=0 tx=0 comp rx=0 tx=0).connect
2024-04-20T11:53:16.486 INFO:teuthology.orchestra.run.smithi044.stdout:/usr/bin/ceph: stderr
2024-04-20T11:53:15.131+0000 7fcec1800700 1 -- --> [v2:172.21.15.44:3300/0,v1:172.21.15.44:6789/0] -- mon_getmap magic: 0 -- 0x7fcebc108810 con 0x7fcebc106e20
2024-04-20T11:53:16.486 INFO:teuthology.orchestra.run.smithi044.stdout:/usr/bin/ceph: stderr
2024-04-20T11:53:15.132+0000 7fcebbe00700 1 --2- >> [v2:172.21.15.44:3300/0,v1:172.21.15.44:6789/0] conn(0x7fcebc106e20 0x7fcebc19e6a0 unknown :-1 s=BANNER_CONNECTING pgs=0 cs=0 l=1 rev1=0 crypto rx=0 tx=0 comp rx=0 tx=0)._handle_peer_banner_payload supported=3 required=0
2024-04-20T11:53:16.486 INFO:teuthology.orchestra.run.smithi044.stdout:/usr/bin/ceph: stderr
2024-04-20T11:53:15.132+0000 7fcebbe00700 1 --2- >> [v2:172.21.15.44:3300/0,v1:172.21.15.44:6789/0] conn(0x7fcebc106e20 0x7fcebc19e6a0 unknown :-1 s=HELLO_CONNECTING pgs=0 cs=0 l=1 rev1=1 crypto rx=0 tx=0 comp rx=0 tx=0).handle_hello peer v2:172.21.15.44:3300/0 says I am v2:172.21.15.44:53518/0 (socket says 172.21.15.44:53518)
2024-04-20T11:53:16.486 INFO:teuthology.orchestra.run.smithi044.stdout:/usr/bin/ceph: stderr
2024-04-20T11:53:15.132+0000 7fcebbe00700 1 -- 172.21.15.44:0/503953653 learned_addr learned my addr 172.21.15.44:0/503953653 (peer_addr_for_me v2:172.21.15.44:0/0)
2024-04-20T11:53:16.487 INFO:teuthology.orchestra.run.smithi044.stdout:/usr/bin/ceph: stderr
2024-04-20T11:53:15.132+0000 7fcebbe00700 1 -- 172.21.15.44:0/503953653 --> [v2:172.21.15.44:3300/0,v1:172.21.15.44:6789/0] -- mon_subscribe({config=0+,monmap=0+}) -- 0x7fcebc19ebe0 con 0x7fcebc106e20
2024-04-20T11:53:16.487 INFO:teuthology.orchestra.run.smithi044.stdout:/usr/bin/ceph: stderr
2024-04-20T11:53:15.132+0000 7fcebbe00700 1 --2- 172.21.15.44:0/503953653 >> [v2:172.21.15.44:3300/0,v1:172.21.15.44:6789/0] conn(0x7fcebc106e20 0x7fcebc19e6a0 secure :-1 s=READY pgs=42 cs=0 l=1 rev1=1 crypto rx=0x7fceac011b60 tx=0x7fceac011c40 comp rx=0 tx=0).ready entity=mon.0 client_cookie=0 server_cookie=0 in_seq=0 out_seq=0
2024-04-20T11:53:16.487 INFO:teuthology.orchestra.run.smithi044.stdout:/usr/bin/ceph: stderr
2024-04-20T11:53:15.133+0000 7fceb9600700 1 -- 172.21.15.44:0/503953653 <== mon.0 v2:172.21.15.44:3300/0 1 ==== mon_map magic: 0 ==== 205+0+0 (secure 0 0 0) 0x7fceac003b20 con 0x7fcebc106e20
2024-04-20T11:53:16.487 INFO:teuthology.orchestra.run.smithi044.stdout:/usr/bin/ceph: stderr
2024-04-20T11:53:15.133+0000 7fceb9600700 1 -- 172.21.15.44:0/503953653 <== mon.0 v2:172.21.15.44:3300/0 2 ==== config(27 keys) ==== 1109+0+0 (secure 0 0 0) 0x7fceac003cc0 con 0x7fcebc106e20
2024-04-20T11:53:16.487 INFO:teuthology.orchestra.run.smithi044.stdout:/usr/bin/ceph: stderr
2024-04-20T11:53:15.133+0000 7fceb9600700 1 -- 172.21.15.44:0/503953653 <== mon.0 v2:172.21.15.44:3300/0 3 ==== mon_map magic: 0 ==== 205+0+0 (secure 0 0 0) 0x7fceac024840 con 0x7fcebc106e20
2024-04-20T11:53:16.487 INFO:teuthology.orchestra.run.smithi044.stdout:/usr/bin/ceph: stderr
2024-04-20T11:53:15.133+0000 7fcec1800700 1 -- 172.21.15.44:0/503953653 --> [v2:172.21.15.44:3300/0,v1:172.21.15.44:6789/0] -- mon_subscribe({mgrmap=0+}) -- 0x7fcebc19ee70 con 0x7fcebc106e20
2024-04-20T11:53:16.487 INFO:teuthology.orchestra.run.smithi044.stdout:/usr/bin/ceph: stderr
2024-04-20T11:53:15.133+0000 7fcec1800700 1 -- 172.21.15.44:0/503953653 --> [v2:172.21.15.44:3300/0,v1:172.21.15.44:6789/0] -- mon_subscribe({osdmap=0}) -- 0x7fcebc1a1b60 con 0x7fcebc106e20
2024-04-20T11:53:16.487 INFO:teuthology.orchestra.run.smithi044.stdout:/usr/bin/ceph: stderr
2024-04-20T11:53:15.134+0000 7fcec1800700 1 -- 172.21.15.44:0/503953653 --> [v2:172.21.15.44:3300/0,v1:172.21.15.44:6789/0] -- mon_command({"prefix": "get_command_descriptions"} v 0) -- 0x7fcebc0640b0 con 0x7fcebc106e20
2024-04-20T11:53:16.487 INFO:teuthology.orchestra.run.smithi044.stdout:/usr/bin/ceph: stderr
2024-04-20T11:53:15.134+0000 7fceb9600700 1 -- 172.21.15.44:0/503953653 <== mon.0 v2:172.21.15.44:3300/0 4 ==== mgrmap(e 8) ==== 46558+0+0 (secure 0 0 0) 0x7fceac022020 con 0x7fcebc106e20
2024-04-20T11:53:16.487 INFO:teuthology.orchestra.run.smithi044.stdout:/usr/bin/ceph: stderr
2024-04-20T11:53:15.135+0000 7fceb9600700 1 --2- 172.21.15.44:0/503953653 >> [v2:172.21.15.44:6800/2445485465,v1:172.21.15.44:6801/2445485465] conn(0x7fcea0039600 0x7fcea003bac0 unknown :-1 s=NONE pgs=0 cs=0 l=1 rev1=0 crypto rx=0 tx=0 comp rx=0 tx=0).connect
2024-04-20T11:53:16.487 INFO:teuthology.orchestra.run.smithi044.stdout:/usr/bin/ceph: stderr
2024-04-20T11:53:15.135+0000 7fceb9600700 1 -- 172.21.15.44:0/503953653 <== mon.0 v2:172.21.15.44:3300/0 5 ==== osd_map(2..2 src has 1..2) ==== 940+0+0 (secure 0 0 0) 0x7fceac011e00 con 0x7fcebc106e20
2024-04-20T11:53:16.487 INFO:teuthology.orchestra.run.smithi044.stdout:/usr/bin/ceph: stderr
2024-04-20T11:53:15.135+0000 7fceb3400700 1 --2- 172.21.15.44:0/503953653 >> [v2:172.21.15.44:6800/2445485465,v1:172.21.15.44:6801/2445485465] conn(0x7fcea0039600 0x7fcea003bac0 unknown :-1 s=BANNER_CONNECTING pgs=0 cs=0 l=1 rev1=0 crypto rx=0 tx=0 comp rx=0 tx=0)._handle_peer_banner_payload supported=3 required=0
2024-04-20T11:53:16.487 INFO:teuthology.orchestra.run.smithi044.stdout:/usr/bin/ceph: stderr
2024-04-20T11:53:15.136+0000 7fceb3400700 1 --2- 172.21.15.44:0/503953653 >> [v2:172.21.15.44:6800/2445485465,v1:172.21.15.44:6801/2445485465] conn(0x7fcea0039600 0x7fcea003bac0 secure :-1 s=READY pgs=9 cs=0 l=1 rev1=1 crypto rx=0x7fcea4006fd0 tx=0x7fcea4006e40 comp rx=0 tx=0).ready entity=mgr.14120 client_cookie=0 server_cookie=0 in_seq=0 out_seq=0
2024-04-20T11:53:16.487 INFO:teuthology.orchestra.run.smithi044.stdout:/usr/bin/ceph: stderr
2024-04-20T11:53:15.140+0000 7fceb9600700 1 -- 172.21.15.44:0/503953653 <== mon.0 v2:172.21.15.44:3300/0 6 ==== mon_command_ack([{"prefix": "get_command_descriptions"}]=0 v0) ==== 72+0+188381 (secure 0 0 0) 0x7fceac00b3e0 con 0x7fcebc106e20
2024-04-20T11:53:16.488 INFO:teuthology.orchestra.run.smithi044.stdout:/usr/bin/ceph: stderr
2024-04-20T11:53:15.371+0000 7fcec1800700 1 -- 172.21.15.44:0/503953653 --> [v2:172.21.15.44:6800/2445485465,v1:172.21.15.44:6801/2445485465] -- mgr_command(tid 0: {"prefix": "cephadm generate-key", "target": ["mon-mgr", ""]}) -- 0x7fcebc0008d0 con 0x7fcea0039600
2024-04-20T11:53:16.488 INFO:teuthology.orchestra.run.smithi044.stdout:/usr/bin/ceph: stderr
2024-04-20T11:53:15.892+0000 7fceb9600700 1 -- 172.21.15.44:0/503953653 <== mgr.14120 v2:172.21.15.44:6800/2445485465 1 ==== mgr_command_reply(tid 0: 0 ) ==== 8+0+0 (secure 0 0 0) 0x7fcebc0008d0 con 0x7fcea0039600
2024-04-20T11:53:16.488 INFO:teuthology.orchestra.run.smithi044.stdout:/usr/bin/ceph: stderr
2024-04-20T11:53:15.895+0000 7fcec1800700 1 -- 172.21.15.44:0/503953653 >> [v2:172.21.15.44:6800/2445485465,v1:172.21.15.44:6801/2445485465] conn(0x7fcea0039600 msgr2=0x7fcea003bac0 secure :-1 s=STATE_CONNECTION_ESTABLISHED l=1).mark_down
2024-04-20T11:53:16.488 INFO:teuthology.orchestra.run.smithi044.stdout:/usr/bin/ceph: stderr
2024-04-20T11:53:15.895+0000 7fcec1800700 1 --2- 172.21.15.44:0/503953653 >> [v2:172.21.15.44:6800/2445485465,v1:172.21.15.44:6801/2445485465] conn(0x7fcea0039600 0x7fcea003bac0 secure :-1 s=READY pgs=9 cs=0 l=1 rev1=1 crypto rx=0x7fcea4006fd0 tx=0x7fcea4006e40 comp rx=0 tx=0).stop
2024-04-20T11:53:16.488 INFO:teuthology.orchestra.run.smithi044.stdout:/usr/bin/ceph: stderr
2024-04-20T11:53:15.895+0000 7fcec1800700 1 -- 172.21.15.44:0/503953653 >> [v2:172.21.15.44:3300/0,v1:172.21.15.44:6789/0] conn(0x7fcebc106e20 msgr2=0x7fcebc19e6a0 secure :-1 s=STATE_CONNECTION_ESTABLISHED l=1).mark_down
2024-04-20T11:53:16.488 INFO:teuthology.orchestra.run.smithi044.stdout:/usr/bin/ceph: stderr
2024-04-20T11:53:15.895+0000 7fcec1800700 1 --2- 172.21.15.44:0/503953653 >> [v2:172.21.15.44:3300/0,v1:172.21.15.44:6789/0] conn(0x7fcebc106e20 0x7fcebc19e6a0 secure :-1 s=READY pgs=42 cs=0 l=1 rev1=1 crypto rx=0x7fceac011b60 tx=0x7fceac011c40 comp rx=0 tx=0).stop
2024-04-20T11:53:16.488 INFO:teuthology.orchestra.run.smithi044.stdout:/usr/bin/ceph: stderr
2024-04-20T11:53:15.895+0000 7fcec1800700 1 -- 172.21.15.44:0/503953653 shutdown_connections
2024-04-20T11:53:16.488 INFO:teuthology.orchestra.run.smithi044.stdout:/usr/bin/ceph: stderr
2024-04-20T11:53:15.895+0000 7fcec1800700 1 --2- 172.21.15.44:0/503953653 >> [v2:172.21.15.44:6800/2445485465,v1:172.21.15.44:6801/2445485465] conn(0x7fcea0039600 0x7fcea003bac0 unknown :-1 s=CLOSED pgs=9 cs=0 l=1 rev1=1 crypto rx=0 tx=0 comp rx=0 tx=0).stop
2024-04-20T11:53:16.488 INFO:teuthology.orchestra.run.smithi044.stdout:/usr/bin/ceph: stderr
2024-04-20T11:53:15.895+0000 7fcec1800700 1 --2- 172.21.15.44:0/503953653 >> [v2:172.21.15.44:3300/0,v1:172.21.15.44:6789/0] conn(0x7fcebc106e20 0x7fcebc19e6a0 unknown :-1 s=CLOSED pgs=42 cs=0 l=1 rev1=1 crypto rx=0 tx=0 comp rx=0 tx=0).stop
2024-04-20T11:53:16.489 INFO:teuthology.orchestra.run.smithi044.stdout:/usr/bin/ceph: stderr
2024-04-20T11:53:15.895+0000 7fcec1800700 1 -- 172.21.15.44:0/503953653 >> 172.21.15.44:0/503953653 conn(0x7fcebc102a20 msgr2=0x7fcebc195380 unknown :-1 s=STATE_NONE l=0).mark_down
2024-04-20T11:53:16.489 INFO:teuthology.orchestra.run.smithi044.stdout:/usr/bin/ceph: stderr
2024-04-20T11:53:15.896+0000 7fcec1800700 1 -- 172.21.15.44:0/503953653 shutdown_connections
2024-04-20T11:53:16.489 INFO:teuthology.orchestra.run.smithi044.stdout:/usr/bin/ceph: stderr
2024-04-20T11:53:15.896+0000 7fcec1800700 1 -- 172.21.15.44:0/503953653 wait complete.
2024-04-20T11:53:17.096 INFO:journalctl@ceph.mon.a.smithi044.stdout:Apr 20 11:53:16 smithi044 ceph-mon[16857]: from='mgr.14120 172.21.15.44:0/2217765063' entity='mgr.x'
2024-04-20T11:53:17.096 INFO:journalctl@ceph.mon.a.smithi044.stdout:Apr 20 11:53:16 smithi044 ceph-mon[16857]: from='mgr.14120 172.21.15.44:0/2217765063' entity='mgr.x'
2024-04-20T11:53:18.014 INFO:journalctl@ceph.mon.a.smithi044.stdout:Apr 20 11:53:17 smithi044 ceph-mon[16857]: from='client.14138 -' entity='client.admin' cmd=[{"prefix": "cephadm get-pub-key", "target": ["mon-mgr", ""]}]: dispatch
2024-04-20T11:53:18.132 INFO:teuthology.orchestra.run.smithi044.stdout:/usr/bin/ceph: stdout ssh-rsa AAAAB3NzaC1yc2EAAAADAQABAAABgQCv7YloZETzCHAMiMdpByO+QyfZWVAjE0YdJULvQhmtmA8TcxLKQo33DfBEuP9DDBLNhmxFSq6q25HZ0mzzMZeje63Tbb6Og1bB3jZQ3BTIDn39+rlW5+qfB/wD0Ogi7aMPsHPzfJDEgAFJm9LjN/2p5lsVrpf8FC/fdWF2eR8xrtjeNGATAmATK/MfTKIKTTaJZPgIQp6DesT/5uHH1fVVSf7+WC4JeXtmP1EKtEWXnTXjGx4aeWbnzOsrk+kqU39qCZ9NSHyZm/NzMA96daqbYcxcOoEP8jQMv7FZBNfiKufj9WH/OXTz8exTQSXF0mozH/SuzSzoJvDi2SvmQsm5tE9lQgtrvEZd48Qv06yBpXhDjYLKHGy2w96++o+wlw1k8N9t9y0/ZGXQsvLXAjTCnSxjjvBkfRkFrxYPpBQYmuKAP9U0bPuildDTLCveF5XeV2pcfsWf1yUKyB43LAERF/+SEzkm3jRtgOyW7blKe7hnbnun7v6ZVJR4tCOBI4k= ceph-4e8e37b8-ff0c-11ee-bc92-c7b262605968
2024-04-20T11:53:18.132 INFO:teuthology.orchestra.run.smithi044.stdout:/usr/bin/ceph: stderr
2024-04-20T11:53:17.095+0000 7f540d600700 1 Processor -- start
2024-04-20T11:53:18.132 INFO:teuthology.orchestra.run.smithi044.stdout:/usr/bin/ceph: stderr
2024-04-20T11:53:17.095+0000 7f540d600700 1 -- start start
2024-04-20T11:53:18.132 INFO:teuthology.orchestra.run.smithi044.stdout:/usr/bin/ceph: stderr
2024-04-20T11:53:17.096+0000 7f540d600700 1 --2- >> [v2:172.21.15.44:3300/0,v1:172.21.15.44:6789/0] conn(0x7f5408108540 0x7f5408108960 unknown :-1 s=NONE pgs=0 cs=0 l=0 rev1=0 crypto rx=0 tx=0 comp rx=0 tx=0).connect
2024-04-20T11:53:18.132 INFO:teuthology.orchestra.run.smithi044.stdout:/usr/bin/ceph: stderr
2024-04-20T11:53:17.096+0000 7f540d600700 1 -- --> [v2:172.21.15.44:3300/0,v1:172.21.15.44:6789/0] -- mon_getmap magic: 0 -- 0x7f5408108f30 con 0x7f5408108540
2024-04-20T11:53:18.133 INFO:teuthology.orchestra.run.smithi044.stdout:/usr/bin/ceph: stderr
2024-04-20T11:53:17.097+0000 7f5407e00700 1 --2- >> [v2:172.21.15.44:3300/0,v1:172.21.15.44:6789/0] conn(0x7f5408108540 0x7f5408108960 unknown :-1 s=BANNER_CONNECTING pgs=0 cs=0 l=0 rev1=0 crypto rx=0 tx=0 comp rx=0 tx=0)._handle_peer_banner_payload supported=3 required=0
2024-04-20T11:53:18.133 INFO:teuthology.orchestra.run.smithi044.stdout:/usr/bin/ceph: stderr
2024-04-20T11:53:17.097+0000 7f5407e00700 1 --2- >> [v2:172.21.15.44:3300/0,v1:172.21.15.44:6789/0] conn(0x7f5408108540 0x7f5408108960 unknown :-1 s=HELLO_CONNECTING pgs=0 cs=0 l=0 rev1=1 crypto rx=0 tx=0 comp rx=0 tx=0).handle_hello peer v2:172.21.15.44:3300/0 says I am v2:172.21.15.44:53522/0 (socket says 172.21.15.44:53522)
2024-04-20T11:53:18.133 INFO:teuthology.orchestra.run.smithi044.stdout:/usr/bin/ceph: stderr
2024-04-20T11:53:17.097+0000 7f5407e00700 1 -- 172.21.15.44:0/3983441034 learned_addr learned my addr 172.21.15.44:0/3983441034 (peer_addr_for_me v2:172.21.15.44:0/0)
2024-04-20T11:53:18.133 INFO:teuthology.orchestra.run.smithi044.stdout:/usr/bin/ceph: stderr
2024-04-20T11:53:17.097+0000 7f5407e00700 1 -- 172.21.15.44:0/3983441034 --> [v2:172.21.15.44:3300/0,v1:172.21.15.44:6789/0] -- mon_subscribe({config=0+,monmap=0+}) -- 0x7f5408109740 con 0x7f5408108540
2024-04-20T11:53:18.133 INFO:teuthology.orchestra.run.smithi044.stdout:/usr/bin/ceph: stderr
2024-04-20T11:53:17.097+0000 7f5407e00700 1 --2- 172.21.15.44:0/3983441034 >> [v2:172.21.15.44:3300/0,v1:172.21.15.44:6789/0] conn(0x7f5408108540 0x7f5408108960 secure :-1 s=READY pgs=43 cs=0 l=1 rev1=1 crypto rx=0x7f53f80098a0 tx=0x7f53f8009bb0 comp rx=0 tx=0).ready entity=mon.0 client_cookie=abd78c96f942a61b server_cookie=0 in_seq=0 out_seq=0
2024-04-20T11:53:18.133 INFO:teuthology.orchestra.run.smithi044.stdout:/usr/bin/ceph: stderr
2024-04-20T11:53:17.098+0000 7f5406a00700 1 -- 172.21.15.44:0/3983441034 <== mon.0 v2:172.21.15.44:3300/0 1 ==== mon_map magic: 0 ==== 205+0+0 (secure 0 0 0) 0x7f53f8004160 con 0x7f5408108540
2024-04-20T11:53:18.134 INFO:teuthology.orchestra.run.smithi044.stdout:/usr/bin/ceph: stderr
2024-04-20T11:53:17.098+0000 7f5406a00700 1 -- 172.21.15.44:0/3983441034 <== mon.0 v2:172.21.15.44:3300/0 2 ==== config(27 keys) ==== 1109+0+0 (secure 0 0 0) 0x7f53f8004300 con 0x7f5408108540
2024-04-20T11:53:18.134 INFO:teuthology.orchestra.run.smithi044.stdout:/usr/bin/ceph: stderr
2024-04-20T11:53:17.098+0000 7f5406a00700 1 -- 172.21.15.44:0/3983441034 <== mon.0 v2:172.21.15.44:3300/0 3 ==== mon_map magic: 0 ==== 205+0+0 (secure 0 0 0) 0x7f53f8011b50 con 0x7f5408108540
2024-04-20T11:53:18.134 INFO:teuthology.orchestra.run.smithi044.stdout:/usr/bin/ceph: stderr
2024-04-20T11:53:17.098+0000 7f540d600700 1 -- 172.21.15.44:0/3983441034 >> [v2:172.21.15.44:3300/0,v1:172.21.15.44:6789/0] conn(0x7f5408108540 msgr2=0x7f5408108960 secure :-1 s=STATE_CONNECTION_ESTABLISHED l=1).mark_down
2024-04-20T11:53:18.134 INFO:teuthology.orchestra.run.smithi044.stdout:/usr/bin/ceph: stderr
2024-04-20T11:53:17.098+0000 7f540d600700 1 --2- 172.21.15.44:0/3983441034 >> [v2:172.21.15.44:3300/0,v1:172.21.15.44:6789/0] conn(0x7f5408108540 0x7f5408108960 secure :-1 s=READY pgs=43 cs=0 l=1 rev1=1 crypto rx=0x7f53f80098a0 tx=0x7f53f8009bb0 comp rx=0 tx=0).stop
2024-04-20T11:53:18.134 INFO:teuthology.orchestra.run.smithi044.stdout:/usr/bin/ceph: stderr
2024-04-20T11:53:17.099+0000 7f540d600700 1 -- 172.21.15.44:0/3983441034 shutdown_connections
2024-04-20T11:53:18.135 INFO:teuthology.orchestra.run.smithi044.stdout:/usr/bin/ceph: stderr
2024-04-20T11:53:17.099+0000 7f540d600700 1 --2- 172.21.15.44:0/3983441034 >> [v2:172.21.15.44:3300/0,v1:172.21.15.44:6789/0] conn(0x7f5408108540 0x7f5408108960 unknown :-1 s=CLOSED pgs=43 cs=0 l=1 rev1=1 crypto rx=0 tx=0 comp rx=0 tx=0).stop
2024-04-20T11:53:18.135 INFO:teuthology.orchestra.run.smithi044.stdout:/usr/bin/ceph: stderr
2024-04-20T11:53:17.099+0000 7f540d600700 1 -- 172.21.15.44:0/3983441034 >> 172.21.15.44:0/3983441034 conn(0x7f5408103b40 msgr2=0x7f5408105f60 unknown :-1 s=STATE_NONE l=0).mark_down
2024-04-20T11:53:18.135 INFO:teuthology.orchestra.run.smithi044.stdout:/usr/bin/ceph: stderr
2024-04-20T11:53:17.099+0000 7f540d600700 1 -- 172.21.15.44:0/3983441034 shutdown_connections
2024-04-20T11:53:18.135 INFO:teuthology.orchestra.run.smithi044.stdout:/usr/bin/ceph: stderr
2024-04-20T11:53:17.099+0000 7f540d600700 1 -- 172.21.15.44:0/3983441034 wait complete.
2024-04-20T11:53:18.135 INFO:teuthology.orchestra.run.smithi044.stdout:/usr/bin/ceph: stderr
2024-04-20T11:53:17.100+0000 7f540d600700 1 Processor -- start
2024-04-20T11:53:18.135 INFO:teuthology.orchestra.run.smithi044.stdout:/usr/bin/ceph: stderr
2024-04-20T11:53:17.100+0000 7f540d600700 1 -- start start
2024-04-20T11:53:18.136 INFO:teuthology.orchestra.run.smithi044.stdout:/usr/bin/ceph: stderr
2024-04-20T11:53:17.100+0000 7f540d600700 1 --2- >> [v2:172.21.15.44:3300/0,v1:172.21.15.44:6789/0] conn(0x7f5408108540 0x7f540819e730 unknown :-1 s=NONE pgs=0 cs=0 l=1 rev1=0 crypto rx=0 tx=0 comp rx=0 tx=0).connect
2024-04-20T11:53:18.136 INFO:teuthology.orchestra.run.smithi044.stdout:/usr/bin/ceph: stderr
2024-04-20T11:53:17.100+0000 7f540d600700 1 -- --> [v2:172.21.15.44:3300/0,v1:172.21.15.44:6789/0] -- mon_getmap magic: 0 -- 0x7f540810caf0 con 0x7f5408108540
2024-04-20T11:53:18.136 INFO:teuthology.orchestra.run.smithi044.stdout:/usr/bin/ceph: stderr
