2024-04-20T12:13:03.755 INFO:teuthology.orchestra.run.smithi135.stdout:/usr/bin/ceph: stderr
2024-04-20T12:13:02.544+0000 7fad66ffd700 1 -- 172.21.15.135:0/2361507188 <== mon.0 v2:172.21.15.135:3300/0 5 ==== osd_map(1..1 src has 1..1) ==== 725+0+0 (secure 0 0 0) 0x7fad6c011e00 con 0x7fad70106f70
2024-04-20T12:13:03.755 INFO:teuthology.orchestra.run.smithi135.stdout:/usr/bin/ceph: stderr
2024-04-20T12:13:02.544+0000 7fad75663700 1 --2- 172.21.15.135:0/2361507188 >> [v2:172.21.15.135:6800/469891744,v1:172.21.15.135:6801/469891744] conn(0x7fad5c0395b0 0x7fad5c03ba70 unknown :-1 s=BANNER_CONNECTING pgs=0 cs=0 l=1 rev1=0 crypto rx=0 tx=0 comp rx=0 tx=0)._handle_peer_banner_payload supported=3 required=0
2024-04-20T12:13:03.755 INFO:teuthology.orchestra.run.smithi135.stdout:/usr/bin/ceph: stderr
2024-04-20T12:13:02.544+0000 7fad75663700 1 --2- 172.21.15.135:0/2361507188 >> [v2:172.21.15.135:6800/469891744,v1:172.21.15.135:6801/469891744] conn(0x7fad5c0395b0 0x7fad5c03ba70 secure :-1 s=READY pgs=8 cs=0 l=1 rev1=1 crypto rx=0x7fad60006fd0 tx=0x7fad60006e40 comp rx=0 tx=0).ready entity=mgr.14100 client_cookie=0 server_cookie=0 in_seq=0 out_seq=0
2024-04-20T12:13:03.755 INFO:teuthology.orchestra.run.smithi135.stdout:/usr/bin/ceph: stderr
2024-04-20T12:13:02.549+0000 7fad66ffd700 1 -- 172.21.15.135:0/2361507188 <== mon.0 v2:172.21.15.135:3300/0 6 ==== mon_command_ack([{"prefix": "get_command_descriptions"}]=0 v0) ==== 72+0+188381 (secure 0 0 0) 0x7fad6c04d190 con 0x7fad70106f70
2024-04-20T12:13:03.755 INFO:teuthology.orchestra.run.smithi135.stdout:/usr/bin/ceph: stderr
2024-04-20T12:13:02.801+0000 7fad780c8700 1 -- 172.21.15.135:0/2361507188 --> [v2:172.21.15.135:3300/0,v1:172.21.15.135:6789/0] -- mon_command({"prefix": "mgr module enable", "module": "cephadm"} v 0) -- 0x7fad7002e200 con 0x7fad70106f70
2024-04-20T12:13:03.755 INFO:teuthology.orchestra.run.smithi135.stdout:/usr/bin/ceph: stderr
2024-04-20T12:13:03.183+0000 7fad66ffd700 1 -- 172.21.15.135:0/2361507188 <== mon.0 v2:172.21.15.135:3300/0 7 ==== mon_command_ack([{"prefix": "mgr module enable", "module": "cephadm"}]=0 v5) ==== 86+0+0 (secure 0 0 0) 0x7fad6c01a7b0 con 0x7fad70106f70
2024-04-20T12:13:03.755 INFO:teuthology.orchestra.run.smithi135.stdout:/usr/bin/ceph: stderr
2024-04-20T12:13:03.184+0000 7fad66ffd700 1 -- 172.21.15.135:0/2361507188 <== mon.0 v2:172.21.15.135:3300/0 8 ==== mgrmap(e 5) ==== 46558+0+0 (secure 0 0 0) 0x7fad6c00b3e0 con 0x7fad70106f70
2024-04-20T12:13:03.755 INFO:teuthology.orchestra.run.smithi135.stdout:/usr/bin/ceph: stderr
2024-04-20T12:13:03.186+0000 7fad780c8700 1 -- 172.21.15.135:0/2361507188 >> [v2:172.21.15.135:6800/469891744,v1:172.21.15.135:6801/469891744] conn(0x7fad5c0395b0 msgr2=0x7fad5c03ba70 secure :-1 s=STATE_CONNECTION_ESTABLISHED l=1).mark_down
2024-04-20T12:13:03.755 INFO:teuthology.orchestra.run.smithi135.stdout:/usr/bin/ceph: stderr
2024-04-20T12:13:03.186+0000 7fad780c8700 1 --2- 172.21.15.135:0/2361507188 >> [v2:172.21.15.135:6800/469891744,v1:172.21.15.135:6801/469891744] conn(0x7fad5c0395b0 0x7fad5c03ba70 secure :-1 s=READY pgs=8 cs=0 l=1 rev1=1 crypto rx=0x7fad60006fd0 tx=0x7fad60006e40 comp rx=0 tx=0).stop
2024-04-20T12:13:03.755 INFO:teuthology.orchestra.run.smithi135.stdout:/usr/bin/ceph: stderr
2024-04-20T12:13:03.186+0000 7fad780c8700 1 -- 172.21.15.135:0/2361507188 >> [v2:172.21.15.135:3300/0,v1:172.21.15.135:6789/0] conn(0x7fad70106f70 msgr2=0x7fad7019e830 secure :-1 s=STATE_CONNECTION_ESTABLISHED l=1).mark_down
2024-04-20T12:13:03.755 INFO:teuthology.orchestra.run.smithi135.stdout:/usr/bin/ceph: stderr
2024-04-20T12:13:03.186+0000 7fad780c8700 1 --2- 172.21.15.135:0/2361507188 >> [v2:172.21.15.135:3300/0,v1:172.21.15.135:6789/0] conn(0x7fad70106f70 0x7fad7019e830 secure :-1 s=READY pgs=23 cs=0 l=1 rev1=1 crypto rx=0x7fad6c011b60 tx=0x7fad6c011c40 comp rx=0 tx=0).stop
2024-04-20T12:13:03.755 INFO:teuthology.orchestra.run.smithi135.stdout:/usr/bin/ceph: stderr
2024-04-20T12:13:03.186+0000 7fad780c8700 1 -- 172.21.15.135:0/2361507188 shutdown_connections
2024-04-20T12:13:03.755 INFO:teuthology.orchestra.run.smithi135.stdout:/usr/bin/ceph: stderr
2024-04-20T12:13:03.186+0000 7fad780c8700 1 --2- 172.21.15.135:0/2361507188 >> [v2:172.21.15.135:6800/469891744,v1:172.21.15.135:6801/469891744] conn(0x7fad5c0395b0 0x7fad5c03ba70 unknown :-1 s=CLOSED pgs=8 cs=0 l=1 rev1=1 crypto rx=0 tx=0 comp rx=0 tx=0).stop
2024-04-20T12:13:03.755 INFO:teuthology.orchestra.run.smithi135.stdout:/usr/bin/ceph: stderr
2024-04-20T12:13:03.186+0000 7fad780c8700 1 --2- 172.21.15.135:0/2361507188 >> [v2:172.21.15.135:3300/0,v1:172.21.15.135:6789/0] conn(0x7fad70106f70 0x7fad7019e830 unknown :-1 s=CLOSED pgs=23 cs=0 l=1 rev1=1 crypto rx=0 tx=0 comp rx=0 tx=0).stop
2024-04-20T12:13:03.755 INFO:teuthology.orchestra.run.smithi135.stdout:/usr/bin/ceph: stderr
2024-04-20T12:13:03.186+0000 7fad780c8700 1 -- 172.21.15.135:0/2361507188 >> 172.21.15.135:0/2361507188 conn(0x7fad70102bb0 msgr2=0x7fad701954d0 unknown :-1 s=STATE_NONE l=0).mark_down
2024-04-20T12:13:03.756 INFO:teuthology.orchestra.run.smithi135.stdout:/usr/bin/ceph: stderr
2024-04-20T12:13:03.186+0000 7fad780c8700 1 -- 172.21.15.135:0/2361507188 shutdown_connections
2024-04-20T12:13:03.756 INFO:teuthology.orchestra.run.smithi135.stdout:/usr/bin/ceph: stderr
2024-04-20T12:13:03.186+0000 7fad780c8700 1 -- 172.21.15.135:0/2361507188 wait complete.
2024-04-20T12:13:04.039 INFO:journalctl@ceph.mgr.x.smithi135.stdout:Apr 20 12:13:03 smithi135 ceph-22180be8-ff0f-11ee-bc92-c7b262605968-mgr-x[18492]:
2024-04-20T12:13:03.951+0000 7f4ee4917200 -1 mgr[py] Module progress has missing NOTIFY_TYPES member
2024-04-20T12:13:04.039 INFO:journalctl@ceph.mgr.x.smithi135.stdout:Apr 20 12:13:04 smithi135 ceph-22180be8-ff0f-11ee-bc92-c7b262605968-mgr-x[18492]:
2024-04-20T12:13:04.039+0000 7f4ee4917200 -1 mgr[py] Module influx has missing NOTIFY_TYPES member
2024-04-20T12:13:04.354 INFO:journalctl@ceph.mon.a.smithi135.stdout:Apr 20 12:13:04 smithi135 ceph-mon[18264]: from='client.? 172.21.15.135:0/2361507188' entity='client.admin' cmd='[{"prefix": "mgr module enable", "module": "cephadm"}]': finished
2024-04-20T12:13:04.354 INFO:journalctl@ceph.mon.a.smithi135.stdout:Apr 20 12:13:04 smithi135 ceph-mon[18264]: mgrmap e5: x(active, since 6s)
2024-04-20T12:13:04.993 INFO:teuthology.orchestra.run.smithi135.stdout:/usr/bin/ceph: stdout {
2024-04-20T12:13:04.994 INFO:teuthology.orchestra.run.smithi135.stdout:/usr/bin/ceph: stdout "epoch": 5,
2024-04-20T12:13:04.994 INFO:teuthology.orchestra.run.smithi135.stdout:/usr/bin/ceph: stdout "available": true,
2024-04-20T12:13:04.994 INFO:teuthology.orchestra.run.smithi135.stdout:/usr/bin/ceph: stdout "active_name": "x",
2024-04-20T12:13:04.994 INFO:teuthology.orchestra.run.smithi135.stdout:/usr/bin/ceph: stdout "num_standby": 0
2024-04-20T12:13:04.994 INFO:teuthology.orchestra.run.smithi135.stdout:/usr/bin/ceph: stdout }
2024-04-20T12:13:04.994 INFO:teuthology.orchestra.run.smithi135.stdout:/usr/bin/ceph: stderr
2024-04-20T12:13:04.148+0000 7fe44a7b2700 1 Processor -- start
2024-04-20T12:13:04.994 INFO:teuthology.orchestra.run.smithi135.stdout:/usr/bin/ceph: stderr
2024-04-20T12:13:04.148+0000 7fe44a7b2700 1 -- start start
2024-04-20T12:13:04.994 INFO:teuthology.orchestra.run.smithi135.stdout:/usr/bin/ceph: stderr
2024-04-20T12:13:04.148+0000 7fe44a7b2700 1 --2- >> [v2:172.21.15.135:3300/0,v1:172.21.15.135:6789/0] conn(0x7fe444109cd0 0x7fe44410a0f0 unknown :-1 s=NONE pgs=0 cs=0 l=0 rev1=0 crypto rx=0 tx=0 comp rx=0 tx=0).connect
2024-04-20T12:13:04.994 INFO:teuthology.orchestra.run.smithi135.stdout:/usr/bin/ceph: stderr
2024-04-20T12:13:04.148+0000 7fe44a7b2700 1 -- --> [v2:172.21.15.135:3300/0,v1:172.21.15.135:6789/0] -- mon_getmap magic: 0 -- 0x7fe44410a6c0 con 0x7fe444109cd0
2024-04-20T12:13:04.994 INFO:teuthology.orchestra.run.smithi135.stdout:/usr/bin/ceph: stderr
2024-04-20T12:13:04.148+0000 7fe443fff700 1 --2- >> [v2:172.21.15.135:3300/0,v1:172.21.15.135:6789/0] conn(0x7fe444109cd0 0x7fe44410a0f0 unknown :-1 s=BANNER_CONNECTING pgs=0 cs=0 l=0 rev1=0 crypto rx=0 tx=0 comp rx=0 tx=0)._handle_peer_banner_payload supported=3 required=0
2024-04-20T12:13:04.994 INFO:teuthology.orchestra.run.smithi135.stdout:/usr/bin/ceph: stderr
2024-04-20T12:13:04.148+0000 7fe443fff700 1 --2- >> [v2:172.21.15.135:3300/0,v1:172.21.15.135:6789/0] conn(0x7fe444109cd0 0x7fe44410a0f0 unknown :-1 s=HELLO_CONNECTING pgs=0 cs=0 l=0 rev1=1 crypto rx=0 tx=0 comp rx=0 tx=0).handle_hello peer v2:172.21.15.135:3300/0 says I am v2:172.21.15.135:54292/0 (socket says 172.21.15.135:54292)
2024-04-20T12:13:04.994 INFO:teuthology.orchestra.run.smithi135.stdout:/usr/bin/ceph: stderr
2024-04-20T12:13:04.148+0000 7fe443fff700 1 -- 172.21.15.135:0/416982887 learned_addr learned my addr 172.21.15.135:0/416982887 (peer_addr_for_me v2:172.21.15.135:0/0)
2024-04-20T12:13:04.994 INFO:teuthology.orchestra.run.smithi135.stdout:/usr/bin/ceph: stderr
2024-04-20T12:13:04.149+0000 7fe443fff700 1 -- 172.21.15.135:0/416982887 --> [v2:172.21.15.135:3300/0,v1:172.21.15.135:6789/0] -- mon_subscribe({config=0+,monmap=0+}) -- 0x7fe44410a840 con 0x7fe444109cd0
2024-04-20T12:13:04.995 INFO:teuthology.orchestra.run.smithi135.stdout:/usr/bin/ceph: stderr
2024-04-20T12:13:04.149+0000 7fe443fff700 1 --2- 172.21.15.135:0/416982887 >> [v2:172.21.15.135:3300/0,v1:172.21.15.135:6789/0] conn(0x7fe444109cd0 0x7fe44410a0f0 secure :-1 s=READY pgs=26 cs=0 l=1 rev1=1 crypto rx=0x7fe4380098a0 tx=0x7fe438009bb0 comp rx=0 tx=0).ready entity=mon.0 client_cookie=db246ac6fb2e23cc server_cookie=0 in_seq=0 out_seq=0
2024-04-20T12:13:04.995 INFO:teuthology.orchestra.run.smithi135.stdout:/usr/bin/ceph: stderr
2024-04-20T12:13:04.149+0000 7fe442ffd700 1 -- 172.21.15.135:0/416982887 <== mon.0 v2:172.21.15.135:3300/0 1 ==== mon_map magic: 0 ==== 205+0+0 (secure 0 0 0) 0x7fe438004160 con 0x7fe444109cd0
2024-04-20T12:13:04.995 INFO:teuthology.orchestra.run.smithi135.stdout:/usr/bin/ceph: stderr
2024-04-20T12:13:04.149+0000 7fe442ffd700 1 -- 172.21.15.135:0/416982887 <== mon.0 v2:172.21.15.135:3300/0 2 ==== config(27 keys) ==== 1109+0+0 (secure 0 0 0) 0x7fe438004300 con 0x7fe444109cd0
2024-04-20T12:13:04.995 INFO:teuthology.orchestra.run.smithi135.stdout:/usr/bin/ceph: stderr
2024-04-20T12:13:04.149+0000 7fe442ffd700 1 -- 172.21.15.135:0/416982887 <== mon.0 v2:172.21.15.135:3300/0 3 ==== mon_map magic: 0 ==== 205+0+0 (secure 0 0 0) 0x7fe438011b50 con 0x7fe444109cd0
2024-04-20T12:13:04.995 INFO:teuthology.orchestra.run.smithi135.stdout:/usr/bin/ceph: stderr
2024-04-20T12:13:04.150+0000 7fe44a7b2700 1 -- 172.21.15.135:0/416982887 >> [v2:172.21.15.135:3300/0,v1:172.21.15.135:6789/0] conn(0x7fe444109cd0 msgr2=0x7fe44410a0f0 secure :-1 s=STATE_CONNECTION_ESTABLISHED l=1).mark_down
2024-04-20T12:13:04.995 INFO:teuthology.orchestra.run.smithi135.stdout:/usr/bin/ceph: stderr
2024-04-20T12:13:04.150+0000 7fe44a7b2700 1 --2- 172.21.15.135:0/416982887 >> [v2:172.21.15.135:3300/0,v1:172.21.15.135:6789/0] conn(0x7fe444109cd0 0x7fe44410a0f0 secure :-1 s=READY pgs=26 cs=0 l=1 rev1=1 crypto rx=0x7fe4380098a0 tx=0x7fe438009bb0 comp rx=0 tx=0).stop
2024-04-20T12:13:04.995 INFO:teuthology.orchestra.run.smithi135.stdout:/usr/bin/ceph: stderr
2024-04-20T12:13:04.150+0000 7fe44a7b2700 1 -- 172.21.15.135:0/416982887 shutdown_connections
2024-04-20T12:13:04.995 INFO:teuthology.orchestra.run.smithi135.stdout:/usr/bin/ceph: stderr
2024-04-20T12:13:04.150+0000 7fe44a7b2700 1 --2- 172.21.15.135:0/416982887 >> [v2:172.21.15.135:3300/0,v1:172.21.15.135:6789/0] conn(0x7fe444109cd0 0x7fe44410a0f0 unknown :-1 s=CLOSED pgs=26 cs=0 l=1 rev1=1 crypto rx=0 tx=0 comp rx=0 tx=0).stop
2024-04-20T12:13:04.995 INFO:teuthology.orchestra.run.smithi135.stdout:/usr/bin/ceph: stderr
2024-04-20T12:13:04.150+0000 7fe44a7b2700 1 -- 172.21.15.135:0/416982887 >> 172.21.15.135:0/416982887 conn(0x7fe444102310 msgr2=0x7fe444104730 unknown :-1 s=STATE_NONE l=0).mark_down
2024-04-20T12:13:04.995 INFO:teuthology.orchestra.run.smithi135.stdout:/usr/bin/ceph: stderr
2024-04-20T12:13:04.150+0000 7fe44a7b2700 1 -- 172.21.15.135:0/416982887 shutdown_connections
2024-04-20T12:13:04.995 INFO:teuthology.orchestra.run.smithi135.stdout:/usr/bin/ceph: stderr
2024-04-20T12:13:04.150+0000 7fe44a7b2700 1 -- 172.21.15.135:0/416982887 wait complete.
2024-04-20T12:13:04.995 INFO:teuthology.orchestra.run.smithi135.stdout:/usr/bin/ceph: stderr
2024-04-20T12:13:04.151+0000 7fe44a7b2700 1 Processor -- start
2024-04-20T12:13:04.995 INFO:teuthology.orchestra.run.smithi135.stdout:/usr/bin/ceph: stderr
2024-04-20T12:13:04.151+0000 7fe44a7b2700 1 -- start start
2024-04-20T12:13:04.995 INFO:teuthology.orchestra.run.smithi135.stdout:/usr/bin/ceph: stderr
2024-04-20T12:13:04.151+0000 7fe44a7b2700 1 --2- >> [v2:172.21.15.135:3300/0,v1:172.21.15.135:6789/0] conn(0x7fe444109cd0 0x7fe44419c650 unknown :-1 s=NONE pgs=0 cs=0 l=1 rev1=0 crypto rx=0 tx=0 comp rx=0 tx=0).connect
2024-04-20T12:13:04.995 INFO:teuthology.orchestra.run.smithi135.stdout:/usr/bin/ceph: stderr
2024-04-20T12:13:04.151+0000 7fe44a7b2700 1 -- --> [v2:172.21.15.135:3300/0,v1:172.21.15.135:6789/0] -- mon_getmap magic: 0 -- 0x7fe444107540 con 0x7fe444109cd0
2024-04-20T12:13:04.995 INFO:teuthology.orchestra.run.smithi135.stdout:/usr/bin/ceph: stderr
2024-04-20T12:13:04.151+0000 7fe443fff700 1 --2- >> [v2:172.21.15.135:3300/0,v1:172.21.15.135:6789/0] conn(0x7fe444109cd0 0x7fe44419c650 unknown :-1 s=BANNER_CONNECTING pgs=0 cs=0 l=1 rev1=0 crypto rx=0 tx=0 comp rx=0 tx=0)._handle_peer_banner_payload supported=3 required=0
2024-04-20T12:13:04.996 INFO:teuthology.orchestra.run.smithi135.stdout:/usr/bin/ceph: stderr
2024-04-20T12:13:04.151+0000 7fe443fff700 1 --2- >> [v2:172.21.15.135:3300/0,v1:172.21.15.135:6789/0] conn(0x7fe444109cd0 0x7fe44419c650 unknown :-1 s=HELLO_CONNECTING pgs=0 cs=0 l=1 rev1=1 crypto rx=0 tx=0 comp rx=0 tx=0).handle_hello peer v2:172.21.15.135:3300/0 says I am v2:172.21.15.135:54304/0 (socket says 172.21.15.135:54304)
2024-04-20T12:13:04.996 INFO:teuthology.orchestra.run.smithi135.stdout:/usr/bin/ceph: stderr
2024-04-20T12:13:04.151+0000 7fe443fff700 1 -- 172.21.15.135:0/1988236600 learned_addr learned my addr 172.21.15.135:0/1988236600 (peer_addr_for_me v2:172.21.15.135:0/0)
2024-04-20T12:13:04.996 INFO:teuthology.orchestra.run.smithi135.stdout:/usr/bin/ceph: stderr
2024-04-20T12:13:04.151+0000 7fe443fff700 1 -- 172.21.15.135:0/1988236600 --> [v2:172.21.15.135:3300/0,v1:172.21.15.135:6789/0] -- mon_subscribe({config=0+,monmap=0+}) -- 0x7fe44419cb90 con 0x7fe444109cd0
2024-04-20T12:13:04.996 INFO:teuthology.orchestra.run.smithi135.stdout:/usr/bin/ceph: stderr
2024-04-20T12:13:04.152+0000 7fe443fff700 1 --2- 172.21.15.135:0/1988236600 >> [v2:172.21.15.135:3300/0,v1:172.21.15.135:6789/0] conn(0x7fe444109cd0 0x7fe44419c650 secure :-1 s=READY pgs=27 cs=0 l=1 rev1=1 crypto rx=0x7fe438009fb0 tx=0x7fe438011bf0 comp rx=0 tx=0).ready entity=mon.0 client_cookie=0 server_cookie=0 in_seq=0 out_seq=0
2024-04-20T12:13:04.996 INFO:teuthology.orchestra.run.smithi135.stdout:/usr/bin/ceph: stderr
2024-04-20T12:13:04.152+0000 7fe4417fa700 1 -- 172.21.15.135:0/1988236600 <== mon.0 v2:172.21.15.135:3300/0 1 ==== mon_map magic: 0 ==== 205+0+0 (secure 0 0 0) 0x7fe4380038b0 con 0x7fe444109cd0
2024-04-20T12:13:04.996 INFO:teuthology.orchestra.run.smithi135.stdout:/usr/bin/ceph: stderr
2024-04-20T12:13:04.152+0000 7fe4417fa700 1 -- 172.21.15.135:0/1988236600 <== mon.0 v2:172.21.15.135:3300/0 2 ==== config(27 keys) ==== 1109+0+0 (secure 0 0 0) 0x7fe438011e50 con 0x7fe444109cd0
2024-04-20T12:13:04.996 INFO:teuthology.orchestra.run.smithi135.stdout:/usr/bin/ceph: stderr
2024-04-20T12:13:04.152+0000 7fe44a7b2700 1 -- 172.21.15.135:0/1988236600 --> [v2:172.21.15.135:3300/0,v1:172.21.15.135:6789/0] -- mon_subscribe({mgrmap=0+}) -- 0x7fe44419ce80 con 0x7fe444109cd0
2024-04-20T12:13:04.996 INFO:teuthology.orchestra.run.smithi135.stdout:/usr/bin/ceph: stderr
2024-04-20T12:13:04.152+0000 7fe4417fa700 1 -- 172.21.15.135:0/1988236600 <== mon.0 v2:172.21.15.135:3300/0 3 ==== mon_map magic: 0 ==== 205+0+0 (secure 0 0 0) 0x7fe438019550 con 0x7fe444109cd0
2024-04-20T12:13:04.996 INFO:teuthology.orchestra.run.smithi135.stdout:/usr/bin/ceph: stderr
2024-04-20T12:13:04.152+0000 7fe44a7b2700 1 -- 172.21.15.135:0/1988236600 --> [v2:172.21.15.135:3300/0,v1:172.21.15.135:6789/0] -- mon_subscribe({osdmap=0}) -- 0x7fe44419fb10 con 0x7fe444109cd0
2024-04-20T12:13:04.996 INFO:teuthology.orchestra.run.smithi135.stdout:/usr/bin/ceph: stderr
2024-04-20T12:13:04.153+0000 7fe4417fa700 1 -- 172.21.15.135:0/1988236600 <== mon.0 v2:172.21.15.135:3300/0 4 ==== mgrmap(e 5) ==== 46558+0+0 (secure 0 0 0) 0x7fe438019850 con 0x7fe444109cd0
2024-04-20T12:13:04.996 INFO:teuthology.orchestra.run.smithi135.stdout:/usr/bin/ceph: stderr
2024-04-20T12:13:04.153+0000 7fe44a7b2700 1 -- 172.21.15.135:0/1988236600 --> [v2:172.21.15.135:3300/0,v1:172.21.15.135:6789/0] -- mon_command({"prefix": "get_command_descriptions"} v 0) -- 0x7fe4440640b0 con 0x7fe444109cd0
2024-04-20T12:13:04.996 INFO:teuthology.orchestra.run.smithi135.stdout:/usr/bin/ceph: stderr
2024-04-20T12:13:04.153+0000 7fe4417fa700 1 --2- 172.21.15.135:0/1988236600 >> [v2:172.21.15.135:6800/469891744,v1:172.21.15.135:6801/469891744] conn(0x7fe42c039560 0x7fe42c03ba20 unknown :-1 s=NONE pgs=0 cs=0 l=1 rev1=0 crypto rx=0 tx=0 comp rx=0 tx=0).connect
2024-04-20T12:13:04.996 INFO:teuthology.orchestra.run.smithi135.stdout:/usr/bin/ceph: stderr
2024-04-20T12:13:04.153+0000 7fe4417fa700 1 -- 172.21.15.135:0/1988236600 <== mon.0 v2:172.21.15.135:3300/0 5 ==== osd_map(1..1 src has 1..1) ==== 725+0+0 (secure 0 0 0) 0x7fe43804da50 con 0x7fe444109cd0
2024-04-20T12:13:04.996 INFO:teuthology.orchestra.run.smithi135.stdout:/usr/bin/ceph: stderr
2024-04-20T12:13:04.153+0000 7fe4437fe700 1 -- 172.21.15.135:0/1988236600 >> [v2:172.21.15.135:6800/469891744,v1:172.21.15.135:6801/469891744] conn(0x7fe42c039560 msgr2=0x7fe42c03ba20 unknown :-1 s=STATE_CONNECTING_RE l=1).process reconnect failed to v2:172.21.15.135:6800/469891744
2024-04-20T12:13:04.996 INFO:teuthology.orchestra.run.smithi135.stdout:/usr/bin/ceph: stderr
2024-04-20T12:13:04.153+0000 7fe4437fe700 1 --2- 172.21.15.135:0/1988236600 >> [v2:172.21.15.135:6800/469891744,v1:172.21.15.135:6801/469891744] conn(0x7fe42c039560 0x7fe42c03ba20 unknown :-1 s=START_CONNECT pgs=0 cs=0 l=1 rev1=0 crypto rx=0 tx=0 comp rx=0 tx=0)._fault waiting 0.200000
2024-04-20T12:13:04.996 INFO:teuthology.orchestra.run.smithi135.stdout:/usr/bin/ceph: stderr
2024-04-20T12:13:04.158+0000 7fe4417fa700 1 -- 172.21.15.135:0/1988236600 <== mon.0 v2:172.21.15.135:3300/0 6 ==== mon_command_ack([{"prefix": "get_command_descriptions"}]=0 v0) ==== 72+0+188381 (secure 0 0 0) 0x7fe438023e20 con 0x7fe444109cd0
2024-04-20T12:13:04.997 INFO:teuthology.orchestra.run.smithi135.stdout:/usr/bin/ceph: stderr
2024-04-20T12:13:04.354+0000 7fe4437fe700 1 -- 172.21.15.135:0/1988236600 >> [v2:172.21.15.135:6800/469891744,v1:172.21.15.135:6801/469891744] conn(0x7fe42c039560 msgr2=0x7fe42c03ba20 unknown :-1 s=STATE_CONNECTING_RE l=1).process reconnect failed to v2:172.21.15.135:6800/469891744
2024-04-20T12:13:04.997 INFO:teuthology.orchestra.run.smithi135.stdout:/usr/bin/ceph: stderr
2024-04-20T12:13:04.354+0000 7fe4437fe700 1 --2- 172.21.15.135:0/1988236600 >> [v2:172.21.15.135:6800/469891744,v1:172.21.15.135:6801/469891744] conn(0x7fe42c039560 0x7fe42c03ba20 unknown :-1 s=START_CONNECT pgs=0 cs=0 l=1 rev1=0 crypto rx=0 tx=0 comp rx=0 tx=0)._fault waiting 0.400000
2024-04-20T12:13:04.997 INFO:teuthology.orchestra.run.smithi135.stdout:/usr/bin/ceph: stderr
2024-04-20T12:13:04.428+0000 7fe44a7b2700 1 -- 172.21.15.135:0/1988236600 --> [v2:172.21.15.135:3300/0,v1:172.21.15.135:6789/0] -- mon_command({"prefix": "mgr stat"} v 0) -- 0x7fe4441a0210 con 0x7fe444109cd0
2024-04-20T12:13:04.997 INFO:teuthology.orchestra.run.smithi135.stdout:/usr/bin/ceph: stderr
2024-04-20T12:13:04.429+0000 7fe4417fa700 1 -- 172.21.15.135:0/1988236600 <== mon.0 v2:172.21.15.135:3300/0 7 ==== mon_command_ack([{"prefix": "mgr stat"}]=0 v5) ==== 56+0+88 (secure 0 0 0) 0x7fe43804d470 con 0x7fe444109cd0
2024-04-20T12:13:04.997 INFO:teuthology.orchestra.run.smithi135.stdout:/usr/bin/ceph: stderr
2024-04-20T12:13:04.431+0000 7fe44a7b2700 1 -- 172.21.15.135:0/1988236600 >> [v2:172.21.15.135:6800/469891744,v1:172.21.15.135:6801/469891744] conn(0x7fe42c039560 msgr2=0x7fe42c03ba20 unknown :-1 s=STATE_CONNECTING l=1).mark_down
2024-04-20T12:13:04.997 INFO:teuthology.orchestra.run.smithi135.stdout:/usr/bin/ceph: stderr
2024-04-20T12:13:04.431+0000 7fe44a7b2700 1 --2- 172.21.15.135:0/1988236600 >> [v2:172.21.15.135:6800/469891744,v1:172.21.15.135:6801/469891744] conn(0x7fe42c039560 0x7fe42c03ba20 unknown :-1 s=START_CONNECT pgs=0 cs=0 l=1 rev1=0 crypto rx=0 tx=0 comp rx=0 tx=0).stop
2024-04-20T12:13:04.997 INFO:teuthology.orchestra.run.smithi135.stdout:/usr/bin/ceph: stderr
2024-04-20T12:13:04.431+0000 7fe44a7b2700 1 -- 172.21.15.135:0/1988236600 >> [v2:172.21.15.135:3300/0,v1:172.21.15.135:6789/0] conn(0x7fe444109cd0 msgr2=0x7fe44419c650 secure :-1 s=STATE_CONNECTION_ESTABLISHED l=1).mark_down
2024-04-20T12:13:04.997 INFO:teuthology.orchestra.run.smithi135.stdout:/usr/bin/ceph: stderr
2024-04-20T12:13:04.431+0000 7fe44a7b2700 1 --2- 172.21.15.135:0/1988236600 >> [v2:172.21.15.135:3300/0,v1:172.21.15.135:6789/0] conn(0x7fe444109cd0 0x7fe44419c650 secure :-1 s=READY pgs=27 cs=0 l=1 rev1=1 crypto rx=0x7fe438009fb0 tx=0x7fe438011bf0 comp rx=0 tx=0).stop
2024-04-20T12:13:04.997 INFO:teuthology.orchestra.run.smithi135.stdout:/usr/bin/ceph: stderr
2024-04-20T12:13:04.434+0000 7fe44a7b2700 1 -- 172.21.15.135:0/1988236600 shutdown_connections
2024-04-20T12:13:04.997 INFO:teuthology.orchestra.run.smithi135.stdout:/usr/bin/ceph: stderr
2024-04-20T12:13:04.434+0000 7fe44a7b2700 1 --2- 172.21.15.135:0/1988236600 >> [v2:172.21.15.135:6800/469891744,v1:172.21.15.135:6801/469891744] conn(0x7fe42c039560 0x7fe42c03ba20 unknown :-1 s=CLOSED pgs=0 cs=0 l=1 rev1=0 crypto rx=0 tx=0 comp rx=0 tx=0).stop
2024-04-20T12:13:04.997 INFO:teuthology.orchestra.run.smithi135.stdout:/usr/bin/ceph: stderr
2024-04-20T12:13:04.434+0000 7fe44a7b2700 1 --2- 172.21.15.135:0/1988236600 >> [v2:172.21.15.135:3300/0,v1:172.21.15.135:6789/0] conn(0x7fe444109cd0 0x7fe44419c650 unknown :-1 s=CLOSED pgs=27 cs=0 l=1 rev1=1 crypto rx=0 tx=0 comp rx=0 tx=0).stop
2024-04-20T12:13:04.997 INFO:teuthology.orchestra.run.smithi135.stdout:/usr/bin/ceph: stderr
2024-04-20T12:13:04.434+0000 7fe44a7b2700 1 -- 172.21.15.135:0/1988236600 >> 172.21.15.135:0/1988236600 conn(0x7fe444102310 msgr2=0x7fe444102ee0 unknown :-1 s=STATE_NONE l=0).mark_down
2024-04-20T12:13:04.997 INFO:teuthology.orchestra.run.smithi135.stdout:/usr/bin/ceph: stderr
2024-04-20T12:13:04.436+0000 7fe44a7b2700 1 -- 172.21.15.135:0/1988236600 shutdown_connections
2024-04-20T12:13:04.997 INFO:teuthology.orchestra.run.smithi135.stdout:/usr/bin/ceph: stderr
2024-04-20T12:13:04.436+0000 7fe44a7b2700 1 -- 172.21.15.135:0/1988236600 wait complete.
2024-04-20T12:13:04.997 INFO:teuthology.orchestra.run.smithi135.stdout:Waiting for the mgr to restart...
2024-04-20T12:13:04.997 INFO:teuthology.orchestra.run.smithi135.stdout:Waiting for mgr epoch 5...
2024-04-20T12:13:05.364 INFO:journalctl@ceph.mon.a.smithi135.stdout:Apr 20 12:13:05 smithi135 ceph-mon[18264]: from='client.? 172.21.15.135:0/1988236600' entity='client.admin' cmd=[{"prefix": "mgr stat"}]: dispatch
2024-04-20T12:13:05.364 INFO:journalctl@ceph.mgr.x.smithi135.stdout:Apr 20 12:13:05 smithi135 ceph-22180be8-ff0f-11ee-bc92-c7b262605968-mgr-x[18492]:
2024-04-20T12:13:05.276+0000 7f4ee4917200 -1 mgr[py] Module telegraf has missing NOTIFY_TYPES member
2024-04-20T12:13:05.628 INFO:journalctl@ceph.mgr.x.smithi135.stdout:Apr 20 12:13:05 smithi135 ceph-22180be8-ff0f-11ee-bc92-c7b262605968-mgr-x[18492]:
2024-04-20T12:13:05.459+0000 7f4ee4917200 -1 mgr[py] Module osd_support has missing NOTIFY_TYPES member
2024-04-20T12:13:05.941 INFO:journalctl@ceph.mgr.x.smithi135.stdout:Apr 20 12:13:05 smithi135 ceph-22180be8-ff0f-11ee-bc92-c7b262605968-mgr-x[18492]:
2024-04-20T12:13:05.641+0000 7f4ee4917200 -1 mgr[py] Module iostat has missing NOTIFY_TYPES member
2024-04-20T12:13:05.941 INFO:journalctl@ceph.mgr.x.smithi135.stdout:Apr 20 12:13:05 smithi135 ceph-22180be8-ff0f-11ee-bc92-c7b262605968-mgr-x[18492]:
2024-04-20T12:13:05.940+0000 7f4ee4917200 -1 mgr[py] Module alerts has missing NOTIFY_TYPES member
2024-04-20T12:13:06.245 INFO:journalctl@ceph.mgr.x.smithi135.stdout:Apr 20 12:13:06 smithi135 ceph-22180be8-ff0f-11ee-bc92-c7b262605968-mgr-x[18492]:
2024-04-20T12:13:06.035+0000 7f4ee4917200 -1 mgr[py] Module selftest has missing NOTIFY_TYPES member
2024-04-20T12:13:06.245 INFO:journalctl@ceph.mgr.x.smithi135.stdout:Apr 20 12:13:06 smithi135 ceph-22180be8-ff0f-11ee-bc92-c7b262605968-mgr-x[18492]:
2024-04-20T12:13:06.245+0000 7f4ee4917200 -1 mgr[py] Module pg_autoscaler has missing NOTIFY_TYPES member
2024-04-20T12:13:06.614 INFO:journalctl@ceph.mgr.x.smithi135.stdout:Apr 20 12:13:06 smithi135 ceph-22180be8-ff0f-11ee-bc92-c7b262605968-mgr-x[18492]:
2024-04-20T12:13:06.444+0000 7f4ee4917200 -1 mgr[py] Module test_orchestrator has missing NOTIFY_TYPES member
2024-04-20T12:13:07.114 INFO:journalctl@ceph.mgr.x.smithi135.stdout:Apr 20 12:13:07 smithi135 ceph-22180be8-ff0f-11ee-bc92-c7b262605968-mgr-x[18492]:
2024-04-20T12:13:07.037+0000 7f4ee4917200 -1 mgr[py] Module rook has missing NOTIFY_TYPES member
2024-04-20T12:13:07.751 INFO:journalctl@ceph.mgr.x.smithi135.stdout:Apr 20 12:13:07 smithi135 ceph-22180be8-ff0f-11ee-bc92-c7b262605968-mgr-x[18492]:
2024-04-20T12:13:07.455+0000 7f4ee4917200 -1 mgr[py] Module volumes has missing NOTIFY_TYPES member
2024-04-20T12:13:07.751 INFO:journalctl@ceph.mgr.x.smithi135.stdout:Apr 20 12:13:07 smithi135 ceph-22180be8-ff0f-11ee-bc92-c7b262605968-mgr-x[18492]:
2024-04-20T12:13:07.551+0000 7f4ee4917200 -1 mgr[py] Module crash has missing NOTIFY_TYPES member
2024-04-20T12:13:07.751 INFO:journalctl@ceph.mgr.x.smithi135.stdout:Apr 20 12:13:07 smithi135 ceph-22180be8-ff0f-11ee-bc92-c7b262605968-mgr-x[18492]:
2024-04-20T12:13:07.750+0000 7f4ee4917200 -1 mgr[py] Module rgw has missing NOTIFY_TYPES member
2024-04-20T12:13:08.604 INFO:journalctl@ceph.mgr.x.smithi135.stdout:Apr 20 12:13:08 smithi135 ceph-22180be8-ff0f-11ee-bc92-c7b262605968-mgr-x[18492]:
2024-04-20T12:13:08.270+0000 7f4ee4917200 -1 mgr[py] Module prometheus has missing NOTIFY_TYPES member
2024-04-20T12:13:08.604 INFO:journalctl@ceph.mgr.x.smithi135.stdout:Apr 20 12:13:08 smithi135 ceph-22180be8-ff0f-11ee-bc92-c7b262605968-mgr-x[18492]:
2024-04-20T12:13:08.363+0000 7f4ee4917200 -1 mgr[py] Module devicehealth has missing NOTIFY_TYPES member
2024-04-20T12:13:08.864 INFO:journalctl@ceph.mgr.x.smithi135.stdout:Apr 20 12:13:08 smithi135 ceph-22180be8-ff0f-11ee-bc92-c7b262605968-mgr-x[18492]:
2024-04-20T12:13:08.605+0000 7f4ee4917200 -1 mgr[py] Module telemetry has missing NOTIFY_TYPES member
2024-04-20T12:13:08.864 INFO:journalctl@ceph.mgr.x.smithi135.stdout:Apr 20 12:13:08 smithi135 ceph-22180be8-ff0f-11ee-bc92-c7b262605968-mgr-x[18492]:
2024-04-20T12:13:08.736+0000 7f4ee4917200 -1 mgr[py] Module diskprediction_local has missing NOTIFY_TYPES member
2024-04-20T12:13:08.864 INFO:journalctl@ceph.mgr.x.smithi135.stdout:Apr 20 12:13:08 smithi135 ceph-22180be8-ff0f-11ee-bc92-c7b262605968-mgr-x[18492]:
2024-04-20T12:13:08.830+0000 7f4ee4917200 -1 mgr[py] Module osd_perf_query has missing NOTIFY_TYPES member
2024-04-20T12:13:09.246 INFO:journalctl@ceph.mgr.x.smithi135.stdout:Apr 20 12:13:08 smithi135 ceph-22180be8-ff0f-11ee-bc92-c7b262605968-mgr-x[18492]:
2024-04-20T12:13:08.945+0000 7f4ee4917200 -1 mgr[py] Module rbd_support has missing NOTIFY_TYPES member
2024-04-20T12:13:09.246 INFO:journalctl@ceph.mgr.x.smithi135.stdout:Apr 20 12:13:09 smithi135 ceph-22180be8-ff0f-11ee-bc92-c7b262605968-mgr-x[18492]:
2024-04-20T12:13:09.247+0000 7f4ee4917200 -1 mgr[py] Module zabbix has missing NOTIFY_TYPES member
2024-04-20T12:13:10.111 INFO:journalctl@ceph.mgr.x.smithi135.stdout:Apr 20 12:13:09 smithi135 ceph-22180be8-ff0f-11ee-bc92-c7b262605968-mgr-x[18492]:
2024-04-20T12:13:09.840+0000 7f4ee4917200 -1 mgr[py] Module status has missing NOTIFY_TYPES member
2024-04-20T12:13:10.111 INFO:journalctl@ceph.mgr.x.smithi135.stdout:Apr 20 12:13:10 smithi135 ceph-22180be8-ff0f-11ee-bc92-c7b262605968-mgr-x[18492]:
2024-04-20T12:13:10.059+0000 7f4ee4917200 -1 mgr[py] Module nfs has missing NOTIFY_TYPES member
2024-04-20T12:13:10.364 INFO:journalctl@ceph.mon.a.smithi135.stdout:Apr 20 12:13:10 smithi135 ceph-mon[18264]: Active manager daemon x restarted
2024-04-20T12:13:10.364 INFO:journalctl@ceph.mon.a.smithi135.stdout:Apr 20 12:13:10 smithi135 ceph-mon[18264]: Activating manager daemon x
2024-04-20T12:13:10.364 INFO:journalctl@ceph.mon.a.smithi135.stdout:Apr 20 12:13:10 smithi135 ceph-mon[18264]: osdmap e2: 0 total, 0 up, 0 in
2024-04-20T12:13:10.364 INFO:journalctl@ceph.mon.a.smithi135.stdout:Apr 20 12:13:10 smithi135 ceph-mon[18264]: mgrmap e6: x(active, starting, since 0.00344162s)
2024-04-20T12:13:10.364 INFO:journalctl@ceph.mon.a.smithi135.stdout:Apr 20 12:13:10 smithi135 ceph-mon[18264]: from='mgr.14120 172.21.15.135:0/4162414754' entity='mgr.x' cmd=[{"prefix": "mon metadata", "id": "a"}]: dispatch
2024-04-20T12:13:10.364 INFO:journalctl@ceph.mon.a.smithi135.stdout:Apr 20 12:13:10 smithi135 ceph-mon[18264]: from='mgr.14120 172.21.15.135:0/4162414754' entity='mgr.x' cmd=[{"prefix": "mgr metadata", "who": "x", "id": "x"}]: dispatch
2024-04-20T12:13:10.364 INFO:journalctl@ceph.mon.a.smithi135.stdout:Apr 20 12:13:10 smithi135 ceph-mon[18264]: from='mgr.14120 172.21.15.135:0/4162414754' entity='mgr.x' cmd=[{"prefix": "mds metadata"}]: dispatch
2024-04-20T12:13:10.364 INFO:journalctl@ceph.mon.a.smithi135.stdout:Apr 20 12:13:10 smithi135 ceph-mon[18264]: from='mgr.14120 172.21.15.135:0/4162414754' entity='mgr.x' cmd=[{"prefix": "osd metadata"}]: dispatch
2024-04-20T12:13:10.364 INFO:journalctl@ceph.mon.a.smithi135.stdout:Apr 20 12:13:10 smithi135 ceph-mon[18264]: from='mgr.14120 172.21.15.135:0/4162414754' entity='mgr.x' cmd=[{"prefix": "mon metadata"}]: dispatch
2024-04-20T12:13:10.364 INFO:journalctl@ceph.mon.a.smithi135.stdout:Apr 20 12:13:10 smithi135 ceph-mon[18264]: Manager daemon x is now available
2024-04-20T12:13:10.364 INFO:journalctl@ceph.mon.a.smithi135.stdout:Apr 20 12:13:10 smithi135 ceph-mon[18264]: from='mgr.14120 172.21.15.135:0/4162414754' entity='mgr.x'
2024-04-20T12:13:10.365 INFO:journalctl@ceph.mon.a.smithi135.stdout:Apr 20 12:13:10 smithi135 ceph-mon[18264]: from='mgr.14120 172.21.15.135:0/4162414754' entity='mgr.x'
2024-04-20T12:13:10.365 INFO:journalctl@ceph.mon.a.smithi135.stdout:Apr 20 12:13:10 smithi135 ceph-mon[18264]: from='mgr.14120 172.21.15.135:0/4162414754' entity='mgr.x' cmd=[{"prefix": "config dump", "format": "json"}]: dispatch
2024-04-20T12:13:10.365 INFO:journalctl@ceph.mon.a.smithi135.stdout:Apr 20 12:13:10 smithi135 ceph-mon[18264]: from='mgr.14120 172.21.15.135:0/4162414754' entity='mgr.x' cmd=[{"prefix": "config dump", "format": "json"}]: dispatch
2024-04-20T12:13:10.365 INFO:journalctl@ceph.mon.a.smithi135.stdout:Apr 20 12:13:10 smithi135 ceph-mon[18264]: from='mgr.14120 172.21.15.135:0/4162414754' entity='mgr.x' cmd=[{"prefix":"config rm","who":"mgr","name":"mgr/rbd_support/x/mirror_snapshot_schedule"}]: dispatch
2024-04-20T12:13:10.365 INFO:journalctl@ceph.mon.a.smithi135.stdout:Apr 20 12:13:10 smithi135 ceph-mon[18264]: from='mgr.14120 172.21.15.135:0/4162414754' entity='mgr.x' cmd=[{"prefix":"config rm","who":"mgr","name":"mgr/rbd_support/x/trash_purge_schedule"}]: dispatch
2024-04-20T12:13:11.333 INFO:journalctl@ceph.mon.a.smithi135.stdout:Apr 20 12:13:11 smithi135 ceph-mon[18264]: Found migration_current of "None". Setting to last migration.
2024-04-20T12:13:11.333 INFO:journalctl@ceph.mon.a.smithi135.stdout:Apr 20 12:13:11 smithi135 ceph-mon[18264]: from='mgr.14120 172.21.15.135:0/4162414754' entity='mgr.x'
2024-04-20T12:13:11.333 INFO:journalctl@ceph.mon.a.smithi135.stdout:Apr 20 12:13:11 smithi135 ceph-mon[18264]: from='mgr.14120 172.21.15.135:0/4162414754' entity='mgr.x'
2024-04-20T12:13:11.333 INFO:journalctl@ceph.mon.a.smithi135.stdout:Apr 20 12:13:11 smithi135 ceph-mon[18264]: from='mgr.14120 172.21.15.135:0/4162414754' entity='mgr.x' cmd=[{"prefix": "config dump", "format": "json"}]: dispatch
2024-04-20T12:13:11.333 INFO:journalctl@ceph.mon.a.smithi135.stdout:Apr 20 12:13:11 smithi135 ceph-mon[18264]: mgrmap e7: x(active, since 1.00607s)
2024-04-20T12:13:11.618 INFO:teuthology.orchestra.run.smithi135.stdout:/usr/bin/ceph: stdout {
2024-04-20T12:13:11.618 INFO:teuthology.orchestra.run.smithi135.stdout:/usr/bin/ceph: stdout "mgrmap_epoch": 7,
2024-04-20T12:13:11.618 INFO:teuthology.orchestra.run.smithi135.stdout:/usr/bin/ceph: stdout "initialized": true
2024-04-20T12:13:11.618 INFO:teuthology.orchestra.run.smithi135.stdout:/usr/bin/ceph: stdout }
2024-04-20T12:13:11.618 INFO:teuthology.orchestra.run.smithi135.stdout:/usr/bin/ceph: stderr
2024-04-20T12:13:05.391+0000 7f713afbd700 1 Processor -- start
2024-04-20T12:13:11.618 INFO:teuthology.orchestra.run.smithi135.stdout:/usr/bin/ceph: stderr
2024-04-20T12:13:05.391+0000 7f713afbd700 1 -- start start
2024-04-20T12:13:11.618 INFO:teuthology.orchestra.run.smithi135.stdout:/usr/bin/ceph: stderr
2024-04-20T12:13:05.391+0000 7f713afbd700 1 --2- >> [v2:172.21.15.135:3300/0,v1:172.21.15.135:6789/0] conn(0x7f7134107590 0x7f71341079b0 unknown :-1 s=NONE pgs=0 cs=0 l=0 rev1=0 crypto rx=0 tx=0 comp rx=0 tx=0).connect
2024-04-20T12:13:11.618 INFO:teuthology.orchestra.run.smithi135.stdout:/usr/bin/ceph: stderr
2024-04-20T12:13:05.391+0000 7f713afbd700 1 -- --> [v2:172.21.15.135:3300/0,v1:172.21.15.135:6789/0] -- mon_getmap magic: 0 -- 0x7f7134107f80 con 0x7f7134107590
2024-04-20T12:13:11.619 INFO:teuthology.orchestra.run.smithi135.stdout:/usr/bin/ceph: stderr
2024-04-20T12:13:05.391+0000 7f7138d59700 1 --2- >> [v2:172.21.15.135:3300/0,v1:172.21.15.135:6789/0] conn(0x7f7134107590 0x7f71341079b0 unknown :-1 s=BANNER_CONNECTING pgs=0 cs=0 l=0 rev1=0 crypto rx=0 tx=0 comp rx=0 tx=0)._handle_peer_banner_payload supported=3 required=0
2024-04-20T12:13:11.619 INFO:teuthology.orchestra.run.smithi135.stdout:/usr/bin/ceph: stderr
2024-04-20T12:13:05.391+0000 7f7138d59700 1 --2- >> [v2:172.21.15.135:3300/0,v1:172.21.15.135:6789/0] conn(0x7f7134107590 0x7f71341079b0 unknown :-1 s=HELLO_CONNECTING pgs=0 cs=0 l=0 rev1=1 crypto rx=0 tx=0 comp rx=0 tx=0).handle_hello peer v2:172.21.15.135:3300/0 says I am v2:172.21.15.135:54320/0 (socket says 172.21.15.135:54320)
2024-04-20T12:13:11.619 INFO:teuthology.orchestra.run.smithi135.stdout:/usr/bin/ceph: stderr
2024-04-20T12:13:05.391+0000 7f7138d59700 1 -- 172.21.15.135:0/2789335706 learned_addr learned my addr 172.21.15.135:0/2789335706 (peer_addr_for_me v2:172.21.15.135:0/0)
2024-04-20T12:13:11.619 INFO:teuthology.orchestra.run.smithi135.stdout:/usr/bin/ceph: stderr
2024-04-20T12:13:05.392+0000 7f7138d59700 1 -- 172.21.15.135:0/2789335706 --> [v2:172.21.15.135:3300/0,v1:172.21.15.135:6789/0] -- mon_subscribe({config=0+,monmap=0+}) -- 0x7f7134108790 con 0x7f7134107590
2024-04-20T12:13:11.619 INFO:teuthology.orchestra.run.smithi135.stdout:/usr/bin/ceph: stderr
2024-04-20T12:13:05.392+0000 7f7138d59700 1 --2- 172.21.15.135:0/2789335706 >> [v2:172.21.15.135:3300/0,v1:172.21.15.135:6789/0] conn(0x7f7134107590 0x7f71341079b0 secure :-1 s=READY pgs=28 cs=0 l=1 rev1=1 crypto rx=0x7f71280098a0 tx=0x7f7128009bb0 comp rx=0 tx=0).ready entity=mon.0 client_cookie=967837db0358613 server_cookie=0 in_seq=0 out_seq=0
2024-04-20T12:13:11.619 INFO:teuthology.orchestra.run.smithi135.stdout:/usr/bin/ceph: stderr
2024-04-20T12:13:05.392+0000 7f71337fe700 1 -- 172.21.15.135:0/2789335706 <== mon.0 v2:172.21.15.135:3300/0 1 ==== mon_map magic: 0 ==== 205+0+0 (secure 0 0 0) 0x7f7128004160 con 0x7f7134107590
2024-04-20T12:13:11.619 INFO:teuthology.orchestra.run.smithi135.stdout:/usr/bin/ceph: stderr
2024-04-20T12:13:05.392+0000 7f71337fe700 1 -- 172.21.15.135:0/2789335706 <== mon.0 v2:172.21.15.135:3300/0 2 ==== config(27 keys) ==== 1109+0+0 (secure 0 0 0) 0x7f7128004300 con 0x7f7134107590
2024-04-20T12:13:11.619 INFO:teuthology.orchestra.run.smithi135.stdout:/usr/bin/ceph: stderr
2024-04-20T12:13:05.392+0000 7f71337fe700 1 -- 172.21.15.135:0/2789335706 <== mon.0 v2:172.21.15.135:3300/0 3 ==== mon_map magic: 0 ==== 205+0+0 (secure 0 0 0) 0x7f7128011b50 con 0x7f7134107590
2024-04-20T12:13:11.619 INFO:teuthology.orchestra.run.smithi135.stdout:/usr/bin/ceph: stderr
2024-04-20T12:13:05.393+0000 7f713afbd700 1 -- 172.21.15.135:0/2789335706 >> [v2:172.21.15.135:3300/0,v1:172.21.15.135:6789/0] conn(0x7f7134107590 msgr2=0x7f71341079b0 secure :-1 s=STATE_CONNECTION_ESTABLISHED l=1).mark_down
2024-04-20T12:13:11.619 INFO:teuthology.orchestra.run.smithi135.stdout:/usr/bin/ceph: stderr
2024-04-20T12:13:05.393+0000 7f713afbd700 1 --2- 172.21.15.135:0/2789335706 >> [v2:172.21.15.135:3300/0,v1:172.21.15.135:6789/0] conn(0x7f7134107590 0x7f71341079b0 secure :-1 s=READY pgs=28 cs=0 l=1 rev1=1 crypto rx=0x7f71280098a0 tx=0x7f7128009bb0 comp rx=0 tx=0).stop
2024-04-20T12:13:11.619 INFO:teuthology.orchestra.run.smithi135.stdout:/usr/bin/ceph: stderr
2024-04-20T12:13:05.393+0000 7f713afbd700 1 -- 172.21.15.135:0/2789335706 shutdown_connections
2024-04-20T12:13:11.619 INFO:teuthology.orchestra.run.smithi135.stdout:/usr/bin/ceph: stderr
2024-04-20T12:13:05.393+0000 7f713afbd700 1 --2- 172.21.15.135:0/2789335706 >> [v2:172.21.15.135:3300/0,v1:172.21.15.135:6789/0] conn(0x7f7134107590 0x7f71341079b0 unknown :-1 s=CLOSED pgs=28 cs=0 l=1 rev1=1 crypto rx=0 tx=0 comp rx=0 tx=0).stop
2024-04-20T12:13:11.619 INFO:teuthology.orchestra.run.smithi135.stdout:/usr/bin/ceph: stderr
2024-04-20T12:13:05.393+0000 7f713afbd700 1 -- 172.21.15.135:0/2789335706 >> 172.21.15.135:0/2789335706 conn(0x7f7134102b90 msgr2=0x7f7134104fb0 unknown :-1 s=STATE_NONE l=0).mark_down
2024-04-20T12:13:11.619 INFO:teuthology.orchestra.run.smithi135.stdout:/usr/bin/ceph: stderr
2024-04-20T12:13:05.393+0000 7f713afbd700 1 -- 172.21.15.135:0/2789335706 shutdown_connections
2024-04-20T12:13:11.619 INFO:teuthology.orchestra.run.smithi135.stdout:/usr/bin/ceph: stderr
2024-04-20T12:13:05.393+0000 7f713afbd700 1 -- 172.21.15.135:0/2789335706 wait complete.
2024-04-20T12:13:11.619 INFO:teuthology.orchestra.run.smithi135.stdout:/usr/bin/ceph: stderr
2024-04-20T12:13:05.394+0000 7f713afbd700 1 Processor -- start
2024-04-20T12:13:11.620 INFO:teuthology.orchestra.run.smithi135.stdout:/usr/bin/ceph: stderr
2024-04-20T12:13:05.394+0000 7f713afbd700 1 -- start start
2024-04-20T12:13:11.620 INFO:teuthology.orchestra.run.smithi135.stdout:/usr/bin/ceph: stderr
2024-04-20T12:13:05.394+0000 7f713afbd700 1 --2- >> [v2:172.21.15.135:3300/0,v1:172.21.15.135:6789/0] conn(0x7f7134107590 0x7f713407ba70 unknown :-1 s=NONE pgs=0 cs=0 l=1 rev1=0 crypto rx=0 tx=0 comp rx=0 tx=0).connect
2024-04-20T12:13:11.620 INFO:teuthology.orchestra.run.smithi135.stdout:/usr/bin/ceph: stderr
2024-04-20T12:13:05.394+0000 7f713afbd700 1 -- --> [v2:172.21.15.135:3300/0,v1:172.21.15.135:6789/0] -- mon_getmap magic: 0 -- 0x7f713410bb40 con 0x7f7134107590
2024-04-20T12:13:11.620 INFO:teuthology.orchestra.run.smithi135.stdout:/usr/bin/ceph: stderr
2024-04-20T12:13:05.394+0000 7f7138d59700 1 --2- >> [v2:172.21.15.135:3300/0,v1:172.21.15.135:6789/0] conn(0x7f7134107590 0x7f713407ba70 unknown :-1 s=BANNER_CONNECTING pgs=0 cs=0 l=1 rev1=0 crypto rx=0 tx=0 comp rx=0 tx=0)._handle_peer_banner_payload supported=3 required=0
2024-04-20T12:13:11.620 INFO:teuthology.orchestra.run.smithi135.stdout:/usr/bin/ceph: stderr
2024-04-20T12:13:05.394+0000 7f7138d59700 1 --2- >> [v2:172.21.15.135:3300/0,v1:172.21.15.135:6789/0] conn(0x7f7134107590 0x7f713407ba70 unknown :-1 s=HELLO_CONNECTING pgs=0 cs=0 l=1 rev1=1 crypto rx=0 tx=0 comp rx=0 tx=0).handle_hello peer v2:172.21.15.135:3300/0 says I am v2:172.21.15.135:54336/0 (socket says 172.21.15.135:54336)
2024-04-20T12:13:11.620 INFO:teuthology.orchestra.run.smithi135.stdout:/usr/bin/ceph: stderr
2024-04-20T12:13:05.395+0000 7f7138d59700 1 -- 172.21.15.135:0/3374495654 learned_addr learned my addr 172.21.15.135:0/3374495654 (peer_addr_for_me v2:172.21.15.135:0/0)
2024-04-20T12:13:11.620 INFO:teuthology.orchestra.run.smithi135.stdout:/usr/bin/ceph: stderr
2024-04-20T12:13:05.395+0000 7f7138d59700 1 -- 172.21.15.135:0/3374495654 --> [v2:172.21.15.135:3300/0,v1:172.21.15.135:6789/0] -- mon_subscribe({config=0+,monmap=0+}) -- 0x7f713419f430 con 0x7f7134107590
2024-04-20T12:13:11.620 INFO:teuthology.orchestra.run.smithi135.stdout:/usr/bin/ceph: stderr
2024-04-20T12:13:05.395+0000 7f7138d59700 1 --2- 172.21.15.135:0/3374495654 >> [v2:172.21.15.135:3300/0,v1:172.21.15.135:6789/0] conn(0x7f7134107590 0x7f713407ba70 secure :-1 s=READY pgs=29 cs=0 l=1 rev1=1 crypto rx=0x7f7128011850 tx=0x7f7128011c10 comp rx=0 tx=0).ready entity=mon.0 client_cookie=0 server_cookie=0 in_seq=0 out_seq=0
2024-04-20T12:13:11.620 INFO:teuthology.orchestra.run.smithi135.stdout:/usr/bin/ceph: stderr
2024-04-20T12:13:05.395+0000 7f7131ffb700 1 -- 172.21.15.135:0/3374495654 <== mon.0 v2:172.21.15.135:3300/0 1 ==== mon_map magic: 0 ==== 205+0+0 (secure 0 0 0) 0x7f7128003af0 con 0x7f7134107590
2024-04-20T12:13:11.620 INFO:teuthology.orchestra.run.smithi135.stdout:/usr/bin/ceph: stderr
2024-04-20T12:13:05.395+0000 7f7131ffb700 1 -- 172.21.15.135:0/3374495654 <== mon.0 v2:172.21.15.135:3300/0 2 ==== config(27 keys) ==== 1109+0+0 (secure 0 0 0) 0x7f7128020070 con 0x7f7134107590
2024-04-20T12:13:11.620 INFO:teuthology.orchestra.run.smithi135.stdout:/usr/bin/ceph: stderr
2024-04-20T12:13:05.395+0000 7f713afbd700 1 -- 172.21.15.135:0/3374495654 --> [v2:172.21.15.135:3300/0,v1:172.21.15.135:6789/0] -- mon_subscribe({mgrmap=0+}) -- 0x7f713419f600 con 0x7f7134107590
2024-04-20T12:13:11.620 INFO:teuthology.orchestra.run.smithi135.stdout:/usr/bin/ceph: stderr
2024-04-20T12:13:05.395+0000 7f7131ffb700 1 -- 172.21.15.135:0/3374495654 <== mon.0 v2:172.21.15.135:3300/0 3 ==== mon_map magic: 0 ==== 205+0+0 (secure 0 0 0) 0x7f71280195a0 con 0x7f7134107590
2024-04-20T12:13:11.620 INFO:teuthology.orchestra.run.smithi135.stdout:/usr/bin/ceph: stderr
2024-04-20T12:13:05.395+0000 7f713afbd700 1 -- 172.21.15.135:0/3374495654 --> [v2:172.21.15.135:3300/0,v1:172.21.15.135:6789/0] -- mon_subscribe({osdmap=0}) -- 0x7f713419f9a0 con 0x7f7134107590
2024-04-20T12:13:11.620 INFO:teuthology.orchestra.run.smithi135.stdout:/usr/bin/ceph: stderr
2024-04-20T12:13:05.396+0000 7f7131ffb700 1 -- 172.21.15.135:0/3374495654 <== mon.0 v2:172.21.15.135:3300/0 4 ==== mgrmap(e 5) ==== 46558+0+0 (secure 0 0 0) 0x7f71280198a0 con 0x7f7134107590
2024-04-20T12:13:11.620 INFO:teuthology.orchestra.run.smithi135.stdout:/usr/bin/ceph: stderr
2024-04-20T12:13:05.396+0000 7f7131ffb700 1 --2- 172.21.15.135:0/3374495654 >> [v2:172.21.15.135:6800/469891744,v1:172.21.15.135:6801/469891744] conn(0x7f71240395b0 0x7f712403ba70 unknown :-1 s=NONE pgs=0 cs=0 l=1 rev1=0 crypto rx=0 tx=0 comp rx=0 tx=0).connect
2024-04-20T12:13:11.621 INFO:teuthology.orchestra.run.smithi135.stdout:/usr/bin/ceph: stderr
2024-04-20T12:13:05.396+0000 7f7131ffb700 1 -- 172.21.15.135:0/3374495654 --> [v2:172.21.15.135:6800/469891744,v1:172.21.15.135:6801/469891744] -- command(tid 0: {"prefix": "get_command_descriptions"}) -- 0x7f712403c180 con 0x7f71240395b0
2024-04-20T12:13:11.621 INFO:teuthology.orchestra.run.smithi135.stdout:/usr/bin/ceph: stderr
2024-04-20T12:13:05.396+0000 7f7131ffb700 1 -- 172.21.15.135:0/3374495654 <== mon.0 v2:172.21.15.135:3300/0 5 ==== osd_map(1..1 src has 1..1) ==== 725+0+0 (secure 0 0 0) 0x7f7128011e00 con 0x7f7134107590
2024-04-20T12:13:11.621 INFO:teuthology.orchestra.run.smithi135.stdout:/usr/bin/ceph: stderr
2024-04-20T12:13:05.396+0000 7f7133fff700 1 -- 172.21.15.135:0/3374495654 >> [v2:172.21.15.135:6800/469891744,v1:172.21.15.135:6801/469891744] conn(0x7f71240395b0 msgr2=0x7f712403ba70 unknown :-1 s=STATE_CONNECTING_RE l=1).process reconnect failed to v2:172.21.15.135:6800/469891744
2024-04-20T12:13:11.621 INFO:teuthology.orchestra.run.smithi135.stdout:/usr/bin/ceph: stderr
2024-04-20T12:13:05.397+0000 7f7133fff700 1 --2- 172.21.15.135:0/3374495654 >> [v2:172.21.15.135:6800/469891744,v1:172.21.15.135:6801/469891744] conn(0x7f71240395b0 0x7f712403ba70 unknown :-1 s=START_CONNECT pgs=0 cs=0 l=1 rev1=0 crypto rx=0 tx=0 comp rx=0 tx=0)._fault waiting 0.200000
2024-04-20T12:13:11.621 INFO:teuthology.orchestra.run.smithi135.stdout:/usr/bin/ceph: stderr
2024-04-20T12:13:05.598+0000 7f7133fff700 1 -- 172.21.15.135:0/3374495654 >> [v2:172.21.15.135:6800/469891744,v1:172.21.15.135:6801/469891744] conn(0x7f71240395b0 msgr2=0x7f712403ba70 unknown :-1 s=STATE_CONNECTING_RE l=1).process reconnect failed to v2:172.21.15.135:6800/469891744
2024-04-20T12:13:11.621 INFO:teuthology.orchestra.run.smithi135.stdout:/usr/bin/ceph: stderr
2024-04-20T12:13:05.598+0000 7f7133fff700 1 --2- 172.21.15.135:0/3374495654 >> [v2:172.21.15.135:6800/469891744,v1:172.21.15.135:6801/469891744] conn(0x7f71240395b0 0x7f712403ba70 unknown :-1 s=START_CONNECT pgs=0 cs=0 l=1 rev1=0 crypto rx=0 tx=0 comp rx=0 tx=0)._fault waiting 0.400000
2024-04-20T12:13:11.621 INFO:teuthology.orchestra.run.smithi135.stdout:/usr/bin/ceph: stderr
2024-04-20T12:13:05.999+0000 7f7133fff700 1 -- 172.21.15.135:0/3374495654 >> [v2:172.21.15.135:6800/469891744,v1:172.21.15.135:6801/469891744] conn(0x7f71240395b0 msgr2=0x7f712403ba70 unknown :-1 s=STATE_CONNECTING_RE l=1).process reconnect failed to v2:172.21.15.135:6800/469891744
2024-04-20T12:13:11.621 INFO:teuthology.orchestra.run.smithi135.stdout:/usr/bin/ceph: stderr
2024-04-20T12:13:05.999+0000 7f7133fff700 1 --2- 172.21.15.135:0/3374495654 >> [v2:172.21.15.135:6800/469891744,v1:172.21.15.135:6801/469891744] conn(0x7f71240395b0 0x7f712403ba70 unknown :-1 s=START_CONNECT pgs=0 cs=0 l=1 rev1=0 crypto rx=0 tx=0 comp rx=0 tx=0)._fault waiting 0.800000
2024-04-20T12:13:11.621 INFO:teuthology.orchestra.run.smithi135.stdout:/usr/bin/ceph: stderr
2024-04-20T12:13:06.800+0000 7f7133fff700 1 -- 172.21.15.135:0/3374495654 >> [v2:172.21.15.135:6800/469891744,v1:172.21.15.135:6801/469891744] conn(0x7f71240395b0 msgr2=0x7f712403ba70 unknown :-1 s=STATE_CONNECTING_RE l=1).process reconnect failed to v2:172.21.15.135:6800/469891744
2024-04-20T12:13:11.621 INFO:teuthology.orchestra.run.smithi135.stdout:/usr/bin/ceph: stderr
2024-04-20T12:13:06.800+0000 7f7133fff700 1 --2- 172.21.15.135:0/3374495654 >> [v2:172.21.15.135:6800/469891744,v1:172.21.15.135:6801/469891744] conn(0x7f71240395b0 0x7f712403ba70 unknown :-1 s=START_CONNECT pgs=0 cs=0 l=1 rev1=0 crypto rx=0 tx=0 comp rx=0 tx=0)._fault waiting 1.600000
2024-04-20T12:13:11.621 INFO:teuthology.orchestra.run.smithi135.stdout:/usr/bin/ceph: stderr
2024-04-20T12:13:08.401+0000 7f7133fff700 1 -- 172.21.15.135:0/3374495654 >> [v2:172.21.15.135:6800/469891744,v1:172.21.15.135:6801/469891744] conn(0x7f71240395b0 msgr2=0x7f712403ba70 unknown :-1 s=STATE_CONNECTING_RE l=1).process reconnect failed to v2:172.21.15.135:6800/469891744
2024-04-20T12:13:11.621 INFO:teuthology.orchestra.run.smithi135.stdout:/usr/bin/ceph: stderr
2024-04-20T12:13:08.401+0000 7f7133fff700 1 --2- 172.21.15.135:0/3374495654 >> [v2:172.21.15.135:6800/469891744,v1:172.21.15.135:6801/469891744] conn(0x7f71240395b0 0x7f712403ba70 unknown :-1 s=START_CONNECT pgs=0 cs=0 l=1 rev1=0 crypto rx=0 tx=0 comp rx=0 tx=0)._fault waiting 3.200000
2024-04-20T12:13:11.622 INFO:teuthology.orchestra.run.smithi135.stdout:/usr/bin/ceph: stderr
2024-04-20T12:13:10.063+0000 7f7131ffb700 1 -- 172.21.15.135:0/3374495654 <== mon.0 v2:172.21.15.135:3300/0 6 ==== mgrmap(e 6) ==== 46325+0+0 (secure 0 0 0) 0x7f712802bd00 con 0x7f7134107590
2024-04-20T12:13:11.622 INFO:teuthology.orchestra.run.smithi135.stdout:/usr/bin/ceph: stderr
2024-04-20T12:13:10.063+0000 7f7131ffb700 1 -- 172.21.15.135:0/3374495654 >> [v2:172.21.15.135:6800/469891744,v1:172.21.15.135:6801/469891744] conn(0x7f71240395b0 msgr2=0x7f712403ba70 unknown :-1 s=STATE_CONNECTING l=1).mark_down
2024-04-20T12:13:11.622 INFO:teuthology.orchestra.run.smithi135.stdout:/usr/bin/ceph: stderr
2024-04-20T12:13:10.063+0000 7f7131ffb700 1 --2- 172.21.15.135:0/3374495654 >> [v2:172.21.15.135:6800/469891744,v1:172.21.15.135:6801/469891744] conn(0x7f71240395b0 0x7f712403ba70 unknown :-1 s=START_CONNECT pgs=0 cs=0 l=1 rev1=0 crypto rx=0 tx=0 comp rx=0 tx=0).stop
2024-04-20T12:13:11.622 INFO:teuthology.orchestra.run.smithi135.stdout:/usr/bin/ceph: stderr
2024-04-20T12:13:11.064+0000 7f7131ffb700 1 -- 172.21.15.135:0/3374495654 <== mon.0 v2:172.21.15.135:3300/0 7 ==== mgrmap(e 7) ==== 46452+0+0 (secure 0 0 0) 0x7f712804f270 con 0x7f7134107590
2024-04-20T12:13:11.622 INFO:teuthology.orchestra.run.smithi135.stdout:/usr/bin/ceph: stderr
2024-04-20T12:13:11.064+0000 7f7131ffb700 1 --2- 172.21.15.135:0/3374495654 >> [v2:172.21.15.135:6800/2178168771,v1:172.21.15.135:6801/2178168771] conn(0x7f712403cea0 0x7f712403f290 unknown :-1 s=NONE pgs=0 cs=0 l=1 rev1=0 crypto rx=0 tx=0 comp rx=0 tx=0).connect
2024-04-20T12:13:11.622 INFO:teuthology.orchestra.run.smithi135.stdout:/usr/bin/ceph: stderr
2024-04-20T12:13:11.065+0000 7f7131ffb700 1 -- 172.21.15.135:0/3374495654 --> [v2:172.21.15.135:6800/2178168771,v1:172.21.15.135:6801/2178168771] -- command(tid 0: {"prefix": "get_command_descriptions"}) -- 0x7f712403c180 con 0x7f712403cea0
2024-04-20T12:13:11.622 INFO:teuthology.orchestra.run.smithi135.stdout:/usr/bin/ceph: stderr
2024-04-20T12:13:11.065+0000 7f7133fff700 1 --2- 172.21.15.135:0/3374495654 >> [v2:172.21.15.135:6800/2178168771,v1:172.21.15.135:6801/2178168771] conn(0x7f712403cea0 0x7f712403f290 unknown :-1 s=BANNER_CONNECTING pgs=0 cs=0 l=1 rev1=0 crypto rx=0 tx=0 comp rx=0 tx=0)._handle_peer_banner_payload supported=3 required=0
2024-04-20T12:13:11.622 INFO:teuthology.orchestra.run.smithi135.stdout:/usr/bin/ceph: stderr
