2024-04-20T12:13:38.486 INFO:teuthology.orchestra.run.smithi135.stdout:/usr/bin/ceph: stderr
2024-04-20T12:13:32.086+0000 7f4292f26700 1 --2- >> [v2:172.21.15.135:3300/0,v1:172.21.15.135:6789/0] conn(0x7f428c1086b0 0x7f428c108ad0 unknown :-1 s=NONE pgs=0 cs=0 l=0 rev1=0 crypto rx=0 tx=0 comp rx=0 tx=0).connect
2024-04-20T12:13:38.486 INFO:teuthology.orchestra.run.smithi135.stdout:/usr/bin/ceph: stderr
2024-04-20T12:13:32.086+0000 7f4292f26700 1 -- --> [v2:172.21.15.135:3300/0,v1:172.21.15.135:6789/0] -- mon_getmap magic: 0 -- 0x7f428c1090a0 con 0x7f428c1086b0
2024-04-20T12:13:38.486 INFO:teuthology.orchestra.run.smithi135.stdout:/usr/bin/ceph: stderr
2024-04-20T12:13:32.087+0000 7f4290cc2700 1 --2- >> [v2:172.21.15.135:3300/0,v1:172.21.15.135:6789/0] conn(0x7f428c1086b0 0x7f428c108ad0 unknown :-1 s=BANNER_CONNECTING pgs=0 cs=0 l=0 rev1=0 crypto rx=0 tx=0 comp rx=0 tx=0)._handle_peer_banner_payload supported=3 required=0
2024-04-20T12:13:38.486 INFO:teuthology.orchestra.run.smithi135.stdout:/usr/bin/ceph: stderr
2024-04-20T12:13:32.087+0000 7f4290cc2700 1 --2- >> [v2:172.21.15.135:3300/0,v1:172.21.15.135:6789/0] conn(0x7f428c1086b0 0x7f428c108ad0 unknown :-1 s=HELLO_CONNECTING pgs=0 cs=0 l=0 rev1=1 crypto rx=0 tx=0 comp rx=0 tx=0).handle_hello peer v2:172.21.15.135:3300/0 says I am v2:172.21.15.135:38488/0 (socket says 172.21.15.135:38488)
2024-04-20T12:13:38.486 INFO:teuthology.orchestra.run.smithi135.stdout:/usr/bin/ceph: stderr
2024-04-20T12:13:32.087+0000 7f4290cc2700 1 -- 172.21.15.135:0/3797027856 learned_addr learned my addr 172.21.15.135:0/3797027856 (peer_addr_for_me v2:172.21.15.135:0/0)
2024-04-20T12:13:38.486 INFO:teuthology.orchestra.run.smithi135.stdout:/usr/bin/ceph: stderr
2024-04-20T12:13:32.087+0000 7f4290cc2700 1 -- 172.21.15.135:0/3797027856 --> [v2:172.21.15.135:3300/0,v1:172.21.15.135:6789/0] -- mon_subscribe({config=0+,monmap=0+}) -- 0x7f428c109860 con 0x7f428c1086b0
2024-04-20T12:13:38.486 INFO:teuthology.orchestra.run.smithi135.stdout:/usr/bin/ceph: stderr
2024-04-20T12:13:32.087+0000 7f4290cc2700 1 --2- 172.21.15.135:0/3797027856 >> [v2:172.21.15.135:3300/0,v1:172.21.15.135:6789/0] conn(0x7f428c1086b0 0x7f428c108ad0 secure :-1 s=READY pgs=61 cs=0 l=1 rev1=1 crypto rx=0x7f42800098a0 tx=0x7f4280009bb0 comp rx=0 tx=0).ready entity=mon.0 client_cookie=9c9ee21a93a39901 server_cookie=0 in_seq=0 out_seq=0
2024-04-20T12:13:38.486 INFO:teuthology.orchestra.run.smithi135.stdout:/usr/bin/ceph: stderr
2024-04-20T12:13:32.087+0000 7f428b7fe700 1 -- 172.21.15.135:0/3797027856 <== mon.0 v2:172.21.15.135:3300/0 1 ==== mon_map magic: 0 ==== 205+0+0 (secure 0 0 0) 0x7f4280004160 con 0x7f428c1086b0
2024-04-20T12:13:38.486 INFO:teuthology.orchestra.run.smithi135.stdout:/usr/bin/ceph: stderr
2024-04-20T12:13:32.087+0000 7f428b7fe700 1 -- 172.21.15.135:0/3797027856 <== mon.0 v2:172.21.15.135:3300/0 2 ==== config(27 keys) ==== 1140+0+0 (secure 0 0 0) 0x7f4280004300 con 0x7f428c1086b0
2024-04-20T12:13:38.486 INFO:teuthology.orchestra.run.smithi135.stdout:/usr/bin/ceph: stderr
2024-04-20T12:13:32.087+0000 7f428b7fe700 1 -- 172.21.15.135:0/3797027856 <== mon.0 v2:172.21.15.135:3300/0 3 ==== mon_map magic: 0 ==== 205+0+0 (secure 0 0 0) 0x7f4280011b20 con 0x7f428c1086b0
2024-04-20T12:13:38.486 INFO:teuthology.orchestra.run.smithi135.stdout:/usr/bin/ceph: stderr
2024-04-20T12:13:32.088+0000 7f4292f26700 1 -- 172.21.15.135:0/3797027856 >> [v2:172.21.15.135:3300/0,v1:172.21.15.135:6789/0] conn(0x7f428c1086b0 msgr2=0x7f428c108ad0 secure :-1 s=STATE_CONNECTION_ESTABLISHED l=1).mark_down
2024-04-20T12:13:38.486 INFO:teuthology.orchestra.run.smithi135.stdout:/usr/bin/ceph: stderr
2024-04-20T12:13:32.088+0000 7f4292f26700 1 --2- 172.21.15.135:0/3797027856 >> [v2:172.21.15.135:3300/0,v1:172.21.15.135:6789/0] conn(0x7f428c1086b0 0x7f428c108ad0 secure :-1 s=READY pgs=61 cs=0 l=1 rev1=1 crypto rx=0x7f42800098a0 tx=0x7f4280009bb0 comp rx=0 tx=0).stop
2024-04-20T12:13:38.487 INFO:teuthology.orchestra.run.smithi135.stdout:/usr/bin/ceph: stderr
2024-04-20T12:13:32.088+0000 7f4292f26700 1 -- 172.21.15.135:0/3797027856 shutdown_connections
2024-04-20T12:13:38.487 INFO:teuthology.orchestra.run.smithi135.stdout:/usr/bin/ceph: stderr
2024-04-20T12:13:32.088+0000 7f4292f26700 1 --2- 172.21.15.135:0/3797027856 >> [v2:172.21.15.135:3300/0,v1:172.21.15.135:6789/0] conn(0x7f428c1086b0 0x7f428c108ad0 unknown :-1 s=CLOSED pgs=61 cs=0 l=1 rev1=1 crypto rx=0 tx=0 comp rx=0 tx=0).stop
2024-04-20T12:13:38.487 INFO:teuthology.orchestra.run.smithi135.stdout:/usr/bin/ceph: stderr
2024-04-20T12:13:32.088+0000 7f4292f26700 1 -- 172.21.15.135:0/3797027856 >> 172.21.15.135:0/3797027856 conn(0x7f428c103cb0 msgr2=0x7f428c1060d0 unknown :-1 s=STATE_NONE l=0).mark_down
2024-04-20T12:13:38.487 INFO:teuthology.orchestra.run.smithi135.stdout:/usr/bin/ceph: stderr
2024-04-20T12:13:32.088+0000 7f4292f26700 1 -- 172.21.15.135:0/3797027856 shutdown_connections
2024-04-20T12:13:38.487 INFO:teuthology.orchestra.run.smithi135.stdout:/usr/bin/ceph: stderr
2024-04-20T12:13:32.088+0000 7f4292f26700 1 -- 172.21.15.135:0/3797027856 wait complete.
2024-04-20T12:13:38.487 INFO:teuthology.orchestra.run.smithi135.stdout:/usr/bin/ceph: stderr
2024-04-20T12:13:32.089+0000 7f4292f26700 1 Processor -- start
2024-04-20T12:13:38.487 INFO:teuthology.orchestra.run.smithi135.stdout:/usr/bin/ceph: stderr
2024-04-20T12:13:32.089+0000 7f4292f26700 1 -- start start
2024-04-20T12:13:38.487 INFO:teuthology.orchestra.run.smithi135.stdout:/usr/bin/ceph: stderr
2024-04-20T12:13:32.089+0000 7f4292f26700 1 --2- >> [v2:172.21.15.135:3300/0,v1:172.21.15.135:6789/0] conn(0x7f428c1086b0 0x7f428c19e820 unknown :-1 s=NONE pgs=0 cs=0 l=1 rev1=0 crypto rx=0 tx=0 comp rx=0 tx=0).connect
2024-04-20T12:13:38.487 INFO:teuthology.orchestra.run.smithi135.stdout:/usr/bin/ceph: stderr
2024-04-20T12:13:32.089+0000 7f4292f26700 1 -- --> [v2:172.21.15.135:3300/0,v1:172.21.15.135:6789/0] -- mon_getmap magic: 0 -- 0x7f428c10cc10 con 0x7f428c1086b0
2024-04-20T12:13:38.487 INFO:teuthology.orchestra.run.smithi135.stdout:/usr/bin/ceph: stderr
2024-04-20T12:13:32.089+0000 7f4290cc2700 1 --2- >> [v2:172.21.15.135:3300/0,v1:172.21.15.135:6789/0] conn(0x7f428c1086b0 0x7f428c19e820 unknown :-1 s=BANNER_CONNECTING pgs=0 cs=0 l=1 rev1=0 crypto rx=0 tx=0 comp rx=0 tx=0)._handle_peer_banner_payload supported=3 required=0
2024-04-20T12:13:38.487 INFO:teuthology.orchestra.run.smithi135.stdout:/usr/bin/ceph: stderr
2024-04-20T12:13:32.089+0000 7f4290cc2700 1 --2- >> [v2:172.21.15.135:3300/0,v1:172.21.15.135:6789/0] conn(0x7f428c1086b0 0x7f428c19e820 unknown :-1 s=HELLO_CONNECTING pgs=0 cs=0 l=1 rev1=1 crypto rx=0 tx=0 comp rx=0 tx=0).handle_hello peer v2:172.21.15.135:3300/0 says I am v2:172.21.15.135:38502/0 (socket says 172.21.15.135:38502)
2024-04-20T12:13:38.487 INFO:teuthology.orchestra.run.smithi135.stdout:/usr/bin/ceph: stderr
2024-04-20T12:13:32.089+0000 7f4290cc2700 1 -- 172.21.15.135:0/2587154486 learned_addr learned my addr 172.21.15.135:0/2587154486 (peer_addr_for_me v2:172.21.15.135:0/0)
2024-04-20T12:13:38.487 INFO:teuthology.orchestra.run.smithi135.stdout:/usr/bin/ceph: stderr
2024-04-20T12:13:32.089+0000 7f4290cc2700 1 -- 172.21.15.135:0/2587154486 --> [v2:172.21.15.135:3300/0,v1:172.21.15.135:6789/0] -- mon_subscribe({config=0+,monmap=0+}) -- 0x7f428c19ed60 con 0x7f428c1086b0
2024-04-20T12:13:38.487 INFO:teuthology.orchestra.run.smithi135.stdout:/usr/bin/ceph: stderr
2024-04-20T12:13:32.090+0000 7f4290cc2700 1 --2- 172.21.15.135:0/2587154486 >> [v2:172.21.15.135:3300/0,v1:172.21.15.135:6789/0] conn(0x7f428c1086b0 0x7f428c19e820 secure :-1 s=READY pgs=62 cs=0 l=1 rev1=1 crypto rx=0x7f42800116a0 tx=0x7f4280011ba0 comp rx=0 tx=0).ready entity=mon.0 client_cookie=0 server_cookie=0 in_seq=0 out_seq=0
2024-04-20T12:13:38.487 INFO:teuthology.orchestra.run.smithi135.stdout:/usr/bin/ceph: stderr
2024-04-20T12:13:32.090+0000 7f4289ffb700 1 -- 172.21.15.135:0/2587154486 <== mon.0 v2:172.21.15.135:3300/0 1 ==== mon_map magic: 0 ==== 205+0+0 (secure 0 0 0) 0x7f4280003a40 con 0x7f428c1086b0
2024-04-20T12:13:38.487 INFO:teuthology.orchestra.run.smithi135.stdout:/usr/bin/ceph: stderr
2024-04-20T12:13:32.090+0000 7f4292f26700 1 -- 172.21.15.135:0/2587154486 --> [v2:172.21.15.135:3300/0,v1:172.21.15.135:6789/0] -- mon_subscribe({mgrmap=0+}) -- 0x7f428c19eff0 con 0x7f428c1086b0
2024-04-20T12:13:38.488 INFO:teuthology.orchestra.run.smithi135.stdout:/usr/bin/ceph: stderr
2024-04-20T12:13:32.090+0000 7f4289ffb700 1 -- 172.21.15.135:0/2587154486 <== mon.0 v2:172.21.15.135:3300/0 2 ==== config(27 keys) ==== 1140+0+0 (secure 0 0 0) 0x7f4280003be0 con 0x7f428c1086b0
2024-04-20T12:13:38.488 INFO:teuthology.orchestra.run.smithi135.stdout:/usr/bin/ceph: stderr
2024-04-20T12:13:32.090+0000 7f4289ffb700 1 -- 172.21.15.135:0/2587154486 <== mon.0 v2:172.21.15.135:3300/0 3 ==== mon_map magic: 0 ==== 205+0+0 (secure 0 0 0) 0x7f428001a720 con 0x7f428c1086b0
2024-04-20T12:13:38.488 INFO:teuthology.orchestra.run.smithi135.stdout:/usr/bin/ceph: stderr
2024-04-20T12:13:32.090+0000 7f4292f26700 1 -- 172.21.15.135:0/2587154486 --> [v2:172.21.15.135:3300/0,v1:172.21.15.135:6789/0] -- mon_subscribe({osdmap=0}) -- 0x7f428c19f450 con 0x7f428c1086b0
2024-04-20T12:13:38.488 INFO:teuthology.orchestra.run.smithi135.stdout:/usr/bin/ceph: stderr
2024-04-20T12:13:32.091+0000 7f4289ffb700 1 -- 172.21.15.135:0/2587154486 <== mon.0 v2:172.21.15.135:3300/0 4 ==== mgrmap(e 9) ==== 46571+0+0 (secure 0 0 0) 0x7f428001aa20 con 0x7f428c1086b0
2024-04-20T12:13:38.488 INFO:teuthology.orchestra.run.smithi135.stdout:/usr/bin/ceph: stderr
2024-04-20T12:13:32.091+0000 7f4289ffb700 1 --2- 172.21.15.135:0/2587154486 >> [v2:172.21.15.135:6800/2178168771,v1:172.21.15.135:6801/2178168771] conn(0x7f427c0395b0 0x7f427c03ba70 unknown :-1 s=NONE pgs=0 cs=0 l=1 rev1=0 crypto rx=0 tx=0 comp rx=0 tx=0).connect
2024-04-20T12:13:38.488 INFO:teuthology.orchestra.run.smithi135.stdout:/usr/bin/ceph: stderr
2024-04-20T12:13:32.091+0000 7f4289ffb700 1 -- 172.21.15.135:0/2587154486 --> [v2:172.21.15.135:6800/2178168771,v1:172.21.15.135:6801/2178168771] -- command(tid 0: {"prefix": "get_command_descriptions"}) -- 0x7f427c03c180 con 0x7f427c0395b0
2024-04-20T12:13:38.488 INFO:teuthology.orchestra.run.smithi135.stdout:/usr/bin/ceph: stderr
2024-04-20T12:13:32.091+0000 7f4289ffb700 1 -- 172.21.15.135:0/2587154486 <== mon.0 v2:172.21.15.135:3300/0 5 ==== osd_map(2..2 src has 1..2) ==== 940+0+0 (secure 0 0 0) 0x7f428004ed20 con 0x7f428c1086b0
2024-04-20T12:13:38.488 INFO:teuthology.orchestra.run.smithi135.stdout:/usr/bin/ceph: stderr
2024-04-20T12:13:32.091+0000 7f428bfff700 1 -- 172.21.15.135:0/2587154486 >> [v2:172.21.15.135:6800/2178168771,v1:172.21.15.135:6801/2178168771] conn(0x7f427c0395b0 msgr2=0x7f427c03ba70 unknown :-1 s=STATE_CONNECTING_RE l=1).process reconnect failed to v2:172.21.15.135:6800/2178168771
2024-04-20T12:13:38.488 INFO:teuthology.orchestra.run.smithi135.stdout:/usr/bin/ceph: stderr
2024-04-20T12:13:32.091+0000 7f428bfff700 1 --2- 172.21.15.135:0/2587154486 >> [v2:172.21.15.135:6800/2178168771,v1:172.21.15.135:6801/2178168771] conn(0x7f427c0395b0 0x7f427c03ba70 unknown :-1 s=START_CONNECT pgs=0 cs=0 l=1 rev1=0 crypto rx=0 tx=0 comp rx=0 tx=0)._fault waiting 0.200000
2024-04-20T12:13:38.488 INFO:teuthology.orchestra.run.smithi135.stdout:/usr/bin/ceph: stderr
2024-04-20T12:13:32.292+0000 7f428bfff700 1 -- 172.21.15.135:0/2587154486 >> [v2:172.21.15.135:6800/2178168771,v1:172.21.15.135:6801/2178168771] conn(0x7f427c0395b0 msgr2=0x7f427c03ba70 unknown :-1 s=STATE_CONNECTING_RE l=1).process reconnect failed to v2:172.21.15.135:6800/2178168771
2024-04-20T12:13:38.488 INFO:teuthology.orchestra.run.smithi135.stdout:/usr/bin/ceph: stderr
2024-04-20T12:13:32.292+0000 7f428bfff700 1 --2- 172.21.15.135:0/2587154486 >> [v2:172.21.15.135:6800/2178168771,v1:172.21.15.135:6801/2178168771] conn(0x7f427c0395b0 0x7f427c03ba70 unknown :-1 s=START_CONNECT pgs=0 cs=0 l=1 rev1=0 crypto rx=0 tx=0 comp rx=0 tx=0)._fault waiting 0.400000
2024-04-20T12:13:38.488 INFO:teuthology.orchestra.run.smithi135.stdout:/usr/bin/ceph: stderr
2024-04-20T12:13:32.693+0000 7f428bfff700 1 -- 172.21.15.135:0/2587154486 >> [v2:172.21.15.135:6800/2178168771,v1:172.21.15.135:6801/2178168771] conn(0x7f427c0395b0 msgr2=0x7f427c03ba70 unknown :-1 s=STATE_CONNECTING_RE l=1).process reconnect failed to v2:172.21.15.135:6800/2178168771
2024-04-20T12:13:38.488 INFO:teuthology.orchestra.run.smithi135.stdout:/usr/bin/ceph: stderr
2024-04-20T12:13:32.693+0000 7f428bfff700 1 --2- 172.21.15.135:0/2587154486 >> [v2:172.21.15.135:6800/2178168771,v1:172.21.15.135:6801/2178168771] conn(0x7f427c0395b0 0x7f427c03ba70 unknown :-1 s=START_CONNECT pgs=0 cs=0 l=1 rev1=0 crypto rx=0 tx=0 comp rx=0 tx=0)._fault waiting 0.800000
2024-04-20T12:13:38.488 INFO:teuthology.orchestra.run.smithi135.stdout:/usr/bin/ceph: stderr
2024-04-20T12:13:33.494+0000 7f428bfff700 1 -- 172.21.15.135:0/2587154486 >> [v2:172.21.15.135:6800/2178168771,v1:172.21.15.135:6801/2178168771] conn(0x7f427c0395b0 msgr2=0x7f427c03ba70 unknown :-1 s=STATE_CONNECTING_RE l=1).process reconnect failed to v2:172.21.15.135:6800/2178168771
2024-04-20T12:13:38.488 INFO:teuthology.orchestra.run.smithi135.stdout:/usr/bin/ceph: stderr
2024-04-20T12:13:33.494+0000 7f428bfff700 1 --2- 172.21.15.135:0/2587154486 >> [v2:172.21.15.135:6800/2178168771,v1:172.21.15.135:6801/2178168771] conn(0x7f427c0395b0 0x7f427c03ba70 unknown :-1 s=START_CONNECT pgs=0 cs=0 l=1 rev1=0 crypto rx=0 tx=0 comp rx=0 tx=0)._fault waiting 1.600000
2024-04-20T12:13:38.488 INFO:teuthology.orchestra.run.smithi135.stdout:/usr/bin/ceph: stderr
2024-04-20T12:13:35.095+0000 7f428bfff700 1 -- 172.21.15.135:0/2587154486 >> [v2:172.21.15.135:6800/2178168771,v1:172.21.15.135:6801/2178168771] conn(0x7f427c0395b0 msgr2=0x7f427c03ba70 unknown :-1 s=STATE_CONNECTING_RE l=1).process reconnect failed to v2:172.21.15.135:6800/2178168771
2024-04-20T12:13:38.489 INFO:teuthology.orchestra.run.smithi135.stdout:/usr/bin/ceph: stderr
2024-04-20T12:13:35.095+0000 7f428bfff700 1 --2- 172.21.15.135:0/2587154486 >> [v2:172.21.15.135:6800/2178168771,v1:172.21.15.135:6801/2178168771] conn(0x7f427c0395b0 0x7f427c03ba70 unknown :-1 s=START_CONNECT pgs=0 cs=0 l=1 rev1=0 crypto rx=0 tx=0 comp rx=0 tx=0)._fault waiting 3.200000
2024-04-20T12:13:38.489 INFO:teuthology.orchestra.run.smithi135.stdout:/usr/bin/ceph: stderr
2024-04-20T12:13:36.720+0000 7f4289ffb700 1 -- 172.21.15.135:0/2587154486 <== mon.0 v2:172.21.15.135:3300/0 6 ==== mgrmap(e 10) ==== 46338+0+0 (secure 0 0 0) 0x7f428002d910 con 0x7f428c1086b0
2024-04-20T12:13:38.489 INFO:teuthology.orchestra.run.smithi135.stdout:/usr/bin/ceph: stderr
2024-04-20T12:13:36.720+0000 7f4289ffb700 1 -- 172.21.15.135:0/2587154486 >> [v2:172.21.15.135:6800/2178168771,v1:172.21.15.135:6801/2178168771] conn(0x7f427c0395b0 msgr2=0x7f427c03ba70 unknown :-1 s=STATE_CONNECTING l=1).mark_down
2024-04-20T12:13:38.489 INFO:teuthology.orchestra.run.smithi135.stdout:/usr/bin/ceph: stderr
2024-04-20T12:13:36.720+0000 7f4289ffb700 1 --2- 172.21.15.135:0/2587154486 >> [v2:172.21.15.135:6800/2178168771,v1:172.21.15.135:6801/2178168771] conn(0x7f427c0395b0 0x7f427c03ba70 unknown :-1 s=START_CONNECT pgs=0 cs=0 l=1 rev1=0 crypto rx=0 tx=0 comp rx=0 tx=0).stop
2024-04-20T12:13:38.489 INFO:teuthology.orchestra.run.smithi135.stdout:/usr/bin/ceph: stderr
2024-04-20T12:13:37.722+0000 7f4289ffb700 1 -- 172.21.15.135:0/2587154486 <== mon.0 v2:172.21.15.135:3300/0 7 ==== mgrmap(e 11) ==== 46465+0+0 (secure 0 0 0) 0x7f428004fc20 con 0x7f428c1086b0
2024-04-20T12:13:38.489 INFO:teuthology.orchestra.run.smithi135.stdout:/usr/bin/ceph: stderr
2024-04-20T12:13:37.722+0000 7f4289ffb700 1 --2- 172.21.15.135:0/2587154486 >> [v2:172.21.15.135:6800/3831149339,v1:172.21.15.135:6801/3831149339] conn(0x7f427c03cfe0 0x7f427c03f3d0 unknown :-1 s=NONE pgs=0 cs=0 l=1 rev1=0 crypto rx=0 tx=0 comp rx=0 tx=0).connect
2024-04-20T12:13:38.489 INFO:teuthology.orchestra.run.smithi135.stdout:/usr/bin/ceph: stderr
2024-04-20T12:13:37.722+0000 7f4289ffb700 1 -- 172.21.15.135:0/2587154486 --> [v2:172.21.15.135:6800/3831149339,v1:172.21.15.135:6801/3831149339] -- command(tid 0: {"prefix": "get_command_descriptions"}) -- 0x7f4280012ec0 con 0x7f427c03cfe0
2024-04-20T12:13:38.489 INFO:teuthology.orchestra.run.smithi135.stdout:/usr/bin/ceph: stderr
2024-04-20T12:13:37.723+0000 7f428bfff700 1 --2- 172.21.15.135:0/2587154486 >> [v2:172.21.15.135:6800/3831149339,v1:172.21.15.135:6801/3831149339] conn(0x7f427c03cfe0 0x7f427c03f3d0 unknown :-1 s=BANNER_CONNECTING pgs=0 cs=0 l=1 rev1=0 crypto rx=0 tx=0 comp rx=0 tx=0)._handle_peer_banner_payload supported=3 required=0
2024-04-20T12:13:38.489 INFO:teuthology.orchestra.run.smithi135.stdout:/usr/bin/ceph: stderr
2024-04-20T12:13:37.724+0000 7f428bfff700 1 --2- 172.21.15.135:0/2587154486 >> [v2:172.21.15.135:6800/3831149339,v1:172.21.15.135:6801/3831149339] conn(0x7f427c03cfe0 0x7f427c03f3d0 secure :-1 s=READY pgs=1 cs=0 l=1 rev1=1 crypto rx=0x7f4278003a10 tx=0x7f42780092b0 comp rx=0 tx=0).ready entity=mgr.14152 client_cookie=0 server_cookie=0 in_seq=0 out_seq=0
2024-04-20T12:13:38.489 INFO:teuthology.orchestra.run.smithi135.stdout:/usr/bin/ceph: stderr
2024-04-20T12:13:37.724+0000 7f4289ffb700 1 -- 172.21.15.135:0/2587154486 <== mgr.14152 v2:172.21.15.135:6800/3831149339 1 ==== command_reply(tid 0: 0 ) ==== 8+0+7774 (secure 0 0 0) 0x7f4280012ec0 con 0x7f427c03cfe0
2024-04-20T12:13:38.489 INFO:teuthology.orchestra.run.smithi135.stdout:/usr/bin/ceph: stderr
2024-04-20T12:13:37.732+0000 7f4292f26700 1 -- 172.21.15.135:0/2587154486 --> [v2:172.21.15.135:6800/3831149339,v1:172.21.15.135:6801/3831149339] -- command(tid 1: {"prefix": "mgr_status"}) -- 0x7f428c10ca60 con 0x7f427c03cfe0
2024-04-20T12:13:38.489 INFO:teuthology.orchestra.run.smithi135.stdout:/usr/bin/ceph: stderr
2024-04-20T12:13:37.732+0000 7f4289ffb700 1 -- 172.21.15.135:0/2587154486 <== mgr.14152 v2:172.21.15.135:6800/3831149339 2 ==== command_reply(tid 1: 0 ) ==== 8+0+52 (secure 0 0 0) 0x7f428c10ca60 con 0x7f427c03cfe0
2024-04-20T12:13:38.489 INFO:teuthology.orchestra.run.smithi135.stdout:/usr/bin/ceph: stderr
2024-04-20T12:13:37.733+0000 7f4292f26700 1 -- 172.21.15.135:0/2587154486 >> [v2:172.21.15.135:6800/3831149339,v1:172.21.15.135:6801/3831149339] conn(0x7f427c03cfe0 msgr2=0x7f427c03f3d0 secure :-1 s=STATE_CONNECTION_ESTABLISHED l=1).mark_down
2024-04-20T12:13:38.489 INFO:teuthology.orchestra.run.smithi135.stdout:/usr/bin/ceph: stderr
2024-04-20T12:13:37.733+0000 7f4292f26700 1 --2- 172.21.15.135:0/2587154486 >> [v2:172.21.15.135:6800/3831149339,v1:172.21.15.135:6801/3831149339] conn(0x7f427c03cfe0 0x7f427c03f3d0 secure :-1 s=READY pgs=1 cs=0 l=1 rev1=1 crypto rx=0x7f4278003a10 tx=0x7f42780092b0 comp rx=0 tx=0).stop
2024-04-20T12:13:38.490 INFO:teuthology.orchestra.run.smithi135.stdout:/usr/bin/ceph: stderr
2024-04-20T12:13:37.733+0000 7f4292f26700 1 -- 172.21.15.135:0/2587154486 >> [v2:172.21.15.135:3300/0,v1:172.21.15.135:6789/0] conn(0x7f428c1086b0 msgr2=0x7f428c19e820 secure :-1 s=STATE_CONNECTION_ESTABLISHED l=1).mark_down
2024-04-20T12:13:38.490 INFO:teuthology.orchestra.run.smithi135.stdout:/usr/bin/ceph: stderr
2024-04-20T12:13:37.733+0000 7f4292f26700 1 --2- 172.21.15.135:0/2587154486 >> [v2:172.21.15.135:3300/0,v1:172.21.15.135:6789/0] conn(0x7f428c1086b0 0x7f428c19e820 secure :-1 s=READY pgs=62 cs=0 l=1 rev1=1 crypto rx=0x7f42800116a0 tx=0x7f4280011ba0 comp rx=0 tx=0).stop
2024-04-20T12:13:38.490 INFO:teuthology.orchestra.run.smithi135.stdout:/usr/bin/ceph: stderr
2024-04-20T12:13:37.733+0000 7f4292f26700 1 -- 172.21.15.135:0/2587154486 shutdown_connections
2024-04-20T12:13:38.490 INFO:teuthology.orchestra.run.smithi135.stdout:/usr/bin/ceph: stderr
2024-04-20T12:13:37.733+0000 7f4292f26700 1 --2- 172.21.15.135:0/2587154486 >> [v2:172.21.15.135:6800/3831149339,v1:172.21.15.135:6801/3831149339] conn(0x7f427c03cfe0 0x7f427c03f3d0 unknown :-1 s=CLOSED pgs=1 cs=0 l=1 rev1=1 crypto rx=0 tx=0 comp rx=0 tx=0).stop
2024-04-20T12:13:38.490 INFO:teuthology.orchestra.run.smithi135.stdout:/usr/bin/ceph: stderr
2024-04-20T12:13:37.733+0000 7f4292f26700 1 --2- 172.21.15.135:0/2587154486 >> [v2:172.21.15.135:3300/0,v1:172.21.15.135:6789/0] conn(0x7f428c1086b0 0x7f428c19e820 unknown :-1 s=CLOSED pgs=62 cs=0 l=1 rev1=1 crypto rx=0 tx=0 comp rx=0 tx=0).stop
2024-04-20T12:13:38.490 INFO:teuthology.orchestra.run.smithi135.stdout:/usr/bin/ceph: stderr
2024-04-20T12:13:37.733+0000 7f4292f26700 1 --2- 172.21.15.135:0/2587154486 >> [v2:172.21.15.135:6800/2178168771,v1:172.21.15.135:6801/2178168771] conn(0x7f427c0395b0 0x7f427c03ba70 unknown :-1 s=CLOSED pgs=0 cs=0 l=1 rev1=0 crypto rx=0 tx=0 comp rx=0 tx=0).stop
2024-04-20T12:13:38.490 INFO:teuthology.orchestra.run.smithi135.stdout:/usr/bin/ceph: stderr
2024-04-20T12:13:37.733+0000 7f4292f26700 1 -- 172.21.15.135:0/2587154486 >> 172.21.15.135:0/2587154486 conn(0x7f428c103cb0 msgr2=0x7f428c104730 unknown :-1 s=STATE_NONE l=0).mark_down
2024-04-20T12:13:38.490 INFO:teuthology.orchestra.run.smithi135.stdout:/usr/bin/ceph: stderr
2024-04-20T12:13:37.733+0000 7f4292f26700 1 -- 172.21.15.135:0/2587154486 shutdown_connections
2024-04-20T12:13:38.490 INFO:teuthology.orchestra.run.smithi135.stdout:/usr/bin/ceph: stderr
2024-04-20T12:13:37.733+0000 7f4292f26700 1 -- 172.21.15.135:0/2587154486 wait complete.
2024-04-20T12:13:38.490 INFO:teuthology.orchestra.run.smithi135.stdout:mgr epoch 9 is available
2024-04-20T12:13:38.490 INFO:teuthology.orchestra.run.smithi135.stdout:Generating a dashboard self-signed certificate...
2024-04-20T12:13:38.864 INFO:journalctl@ceph.mon.a.smithi135.stdout:Apr 20 12:13:38 smithi135 ceph-mon[18264]: [20/Apr/2024:12:13:37] ENGINE Bus STARTING
2024-04-20T12:13:38.864 INFO:journalctl@ceph.mon.a.smithi135.stdout:Apr 20 12:13:38 smithi135 ceph-mon[18264]: [20/Apr/2024:12:13:37] ENGINE Serving on http://172.21.15.135:8765
2024-04-20T12:13:38.864 INFO:journalctl@ceph.mon.a.smithi135.stdout:Apr 20 12:13:38 smithi135 ceph-mon[18264]: from='client.14156 -' entity='client.admin' cmd=[{"prefix": "get_command_descriptions"}]: dispatch
2024-04-20T12:13:38.864 INFO:journalctl@ceph.mon.a.smithi135.stdout:Apr 20 12:13:38 smithi135 ceph-mon[18264]: from='client.14156 -' entity='client.admin' cmd=[{"prefix": "mgr_status"}]: dispatch
2024-04-20T12:13:38.864 INFO:journalctl@ceph.mon.a.smithi135.stdout:Apr 20 12:13:38 smithi135 ceph-mon[18264]: [20/Apr/2024:12:13:37] ENGINE Serving on https://172.21.15.135:7150
2024-04-20T12:13:38.864 INFO:journalctl@ceph.mon.a.smithi135.stdout:Apr 20 12:13:38 smithi135 ceph-mon[18264]: [20/Apr/2024:12:13:37] ENGINE Bus STARTED
2024-04-20T12:13:39.756 INFO:teuthology.orchestra.run.smithi135.stdout:/usr/bin/ceph: stdout Self-signed certificate created
2024-04-20T12:13:39.757 INFO:teuthology.orchestra.run.smithi135.stdout:/usr/bin/ceph: stderr
2024-04-20T12:13:38.948+0000 7fa44a7a6700 1 Processor -- start
2024-04-20T12:13:39.757 INFO:teuthology.orchestra.run.smithi135.stdout:/usr/bin/ceph: stderr
2024-04-20T12:13:38.948+0000 7fa44a7a6700 1 -- start start
2024-04-20T12:13:39.757 INFO:teuthology.orchestra.run.smithi135.stdout:/usr/bin/ceph: stderr
2024-04-20T12:13:38.948+0000 7fa44a7a6700 1 --2- >> [v2:172.21.15.135:3300/0,v1:172.21.15.135:6789/0] conn(0x7fa444108bb0 0x7fa444108fd0 unknown :-1 s=NONE pgs=0 cs=0 l=0 rev1=0 crypto rx=0 tx=0 comp rx=0 tx=0).connect
2024-04-20T12:13:39.757 INFO:teuthology.orchestra.run.smithi135.stdout:/usr/bin/ceph: stderr
2024-04-20T12:13:38.948+0000 7fa44a7a6700 1 -- --> [v2:172.21.15.135:3300/0,v1:172.21.15.135:6789/0] -- mon_getmap magic: 0 -- 0x7fa4441095a0 con 0x7fa444108bb0
2024-04-20T12:13:39.757 INFO:teuthology.orchestra.run.smithi135.stdout:/usr/bin/ceph: stderr
2024-04-20T12:13:38.949+0000 7fa443fff700 1 --2- >> [v2:172.21.15.135:3300/0,v1:172.21.15.135:6789/0] conn(0x7fa444108bb0 0x7fa444108fd0 unknown :-1 s=BANNER_CONNECTING pgs=0 cs=0 l=0 rev1=0 crypto rx=0 tx=0 comp rx=0 tx=0)._handle_peer_banner_payload supported=3 required=0
2024-04-20T12:13:39.757 INFO:teuthology.orchestra.run.smithi135.stdout:/usr/bin/ceph: stderr
2024-04-20T12:13:38.949+0000 7fa443fff700 1 --2- >> [v2:172.21.15.135:3300/0,v1:172.21.15.135:6789/0] conn(0x7fa444108bb0 0x7fa444108fd0 unknown :-1 s=HELLO_CONNECTING pgs=0 cs=0 l=0 rev1=1 crypto rx=0 tx=0 comp rx=0 tx=0).handle_hello peer v2:172.21.15.135:3300/0 says I am v2:172.21.15.135:38594/0 (socket says 172.21.15.135:38594)
2024-04-20T12:13:39.757 INFO:teuthology.orchestra.run.smithi135.stdout:/usr/bin/ceph: stderr
2024-04-20T12:13:38.949+0000 7fa443fff700 1 -- 172.21.15.135:0/1314115268 learned_addr learned my addr 172.21.15.135:0/1314115268 (peer_addr_for_me v2:172.21.15.135:0/0)
2024-04-20T12:13:39.757 INFO:teuthology.orchestra.run.smithi135.stdout:/usr/bin/ceph: stderr
2024-04-20T12:13:38.949+0000 7fa443fff700 1 -- 172.21.15.135:0/1314115268 --> [v2:172.21.15.135:3300/0,v1:172.21.15.135:6789/0] -- mon_subscribe({config=0+,monmap=0+}) -- 0x7fa444107860 con 0x7fa444108bb0
2024-04-20T12:13:39.757 INFO:teuthology.orchestra.run.smithi135.stdout:/usr/bin/ceph: stderr
2024-04-20T12:13:38.949+0000 7fa443fff700 1 --2- 172.21.15.135:0/1314115268 >> [v2:172.21.15.135:3300/0,v1:172.21.15.135:6789/0] conn(0x7fa444108bb0 0x7fa444108fd0 secure :-1 s=READY pgs=70 cs=0 l=1 rev1=1 crypto rx=0x7fa4340098a0 tx=0x7fa434009bb0 comp rx=0 tx=0).ready entity=mon.0 client_cookie=7c2be037d86d3fcd server_cookie=0 in_seq=0 out_seq=0
2024-04-20T12:13:39.757 INFO:teuthology.orchestra.run.smithi135.stdout:/usr/bin/ceph: stderr
2024-04-20T12:13:38.949+0000 7fa442ffd700 1 -- 172.21.15.135:0/1314115268 <== mon.0 v2:172.21.15.135:3300/0 1 ==== mon_map magic: 0 ==== 205+0+0 (secure 0 0 0) 0x7fa434004160 con 0x7fa444108bb0
2024-04-20T12:13:39.757 INFO:teuthology.orchestra.run.smithi135.stdout:/usr/bin/ceph: stderr
2024-04-20T12:13:38.949+0000 7fa442ffd700 1 -- 172.21.15.135:0/1314115268 <== mon.0 v2:172.21.15.135:3300/0 2 ==== config(27 keys) ==== 1140+0+0 (secure 0 0 0) 0x7fa434004300 con 0x7fa444108bb0
2024-04-20T12:13:39.757 INFO:teuthology.orchestra.run.smithi135.stdout:/usr/bin/ceph: stderr
2024-04-20T12:13:38.949+0000 7fa442ffd700 1 -- 172.21.15.135:0/1314115268 <== mon.0 v2:172.21.15.135:3300/0 3 ==== mon_map magic: 0 ==== 205+0+0 (secure 0 0 0) 0x7fa434011b20 con 0x7fa444108bb0
2024-04-20T12:13:39.757 INFO:teuthology.orchestra.run.smithi135.stdout:/usr/bin/ceph: stderr
2024-04-20T12:13:38.950+0000 7fa44a7a6700 1 -- 172.21.15.135:0/1314115268 >> [v2:172.21.15.135:3300/0,v1:172.21.15.135:6789/0] conn(0x7fa444108bb0 msgr2=0x7fa444108fd0 secure :-1 s=STATE_CONNECTION_ESTABLISHED l=1).mark_down
2024-04-20T12:13:39.758 INFO:teuthology.orchestra.run.smithi135.stdout:/usr/bin/ceph: stderr
2024-04-20T12:13:38.950+0000 7fa44a7a6700 1 --2- 172.21.15.135:0/1314115268 >> [v2:172.21.15.135:3300/0,v1:172.21.15.135:6789/0] conn(0x7fa444108bb0 0x7fa444108fd0 secure :-1 s=READY pgs=70 cs=0 l=1 rev1=1 crypto rx=0x7fa4340098a0 tx=0x7fa434009bb0 comp rx=0 tx=0).stop
2024-04-20T12:13:39.758 INFO:teuthology.orchestra.run.smithi135.stdout:/usr/bin/ceph: stderr
2024-04-20T12:13:38.950+0000 7fa44a7a6700 1 -- 172.21.15.135:0/1314115268 shutdown_connections
2024-04-20T12:13:39.758 INFO:teuthology.orchestra.run.smithi135.stdout:/usr/bin/ceph: stderr
2024-04-20T12:13:38.950+0000 7fa44a7a6700 1 --2- 172.21.15.135:0/1314115268 >> [v2:172.21.15.135:3300/0,v1:172.21.15.135:6789/0] conn(0x7fa444108bb0 0x7fa444108fd0 unknown :-1 s=CLOSED pgs=70 cs=0 l=1 rev1=1 crypto rx=0 tx=0 comp rx=0 tx=0).stop
2024-04-20T12:13:39.758 INFO:teuthology.orchestra.run.smithi135.stdout:/usr/bin/ceph: stderr
2024-04-20T12:13:38.950+0000 7fa44a7a6700 1 -- 172.21.15.135:0/1314115268 >> 172.21.15.135:0/1314115268 conn(0x7fa444102370 msgr2=0x7fa444104790 unknown :-1 s=STATE_NONE l=0).mark_down
2024-04-20T12:13:39.758 INFO:teuthology.orchestra.run.smithi135.stdout:/usr/bin/ceph: stderr
2024-04-20T12:13:38.950+0000 7fa44a7a6700 1 -- 172.21.15.135:0/1314115268 shutdown_connections
2024-04-20T12:13:39.758 INFO:teuthology.orchestra.run.smithi135.stdout:/usr/bin/ceph: stderr
2024-04-20T12:13:38.950+0000 7fa44a7a6700 1 -- 172.21.15.135:0/1314115268 wait complete.
2024-04-20T12:13:39.758 INFO:teuthology.orchestra.run.smithi135.stdout:/usr/bin/ceph: stderr
2024-04-20T12:13:38.951+0000 7fa44a7a6700 1 Processor -- start
2024-04-20T12:13:39.758 INFO:teuthology.orchestra.run.smithi135.stdout:/usr/bin/ceph: stderr
2024-04-20T12:13:38.951+0000 7fa44a7a6700 1 -- start start
2024-04-20T12:13:39.758 INFO:teuthology.orchestra.run.smithi135.stdout:/usr/bin/ceph: stderr
2024-04-20T12:13:38.951+0000 7fa44a7a6700 1 --2- >> [v2:172.21.15.135:3300/0,v1:172.21.15.135:6789/0] conn(0x7fa444108bb0 0x7fa44419b560 unknown :-1 s=NONE pgs=0 cs=0 l=1 rev1=0 crypto rx=0 tx=0 comp rx=0 tx=0).connect
2024-04-20T12:13:39.758 INFO:teuthology.orchestra.run.smithi135.stdout:/usr/bin/ceph: stderr
2024-04-20T12:13:38.951+0000 7fa44a7a6700 1 -- --> [v2:172.21.15.135:3300/0,v1:172.21.15.135:6789/0] -- mon_getmap magic: 0 -- 0x7fa44410bc20 con 0x7fa444108bb0
2024-04-20T12:13:39.758 INFO:teuthology.orchestra.run.smithi135.stdout:/usr/bin/ceph: stderr
2024-04-20T12:13:38.951+0000 7fa443fff700 1 --2- >> [v2:172.21.15.135:3300/0,v1:172.21.15.135:6789/0] conn(0x7fa444108bb0 0x7fa44419b560 unknown :-1 s=BANNER_CONNECTING pgs=0 cs=0 l=1 rev1=0 crypto rx=0 tx=0 comp rx=0 tx=0)._handle_peer_banner_payload supported=3 required=0
2024-04-20T12:13:39.758 INFO:teuthology.orchestra.run.smithi135.stdout:/usr/bin/ceph: stderr
2024-04-20T12:13:38.951+0000 7fa443fff700 1 --2- >> [v2:172.21.15.135:3300/0,v1:172.21.15.135:6789/0] conn(0x7fa444108bb0 0x7fa44419b560 unknown :-1 s=HELLO_CONNECTING pgs=0 cs=0 l=1 rev1=1 crypto rx=0 tx=0 comp rx=0 tx=0).handle_hello peer v2:172.21.15.135:3300/0 says I am v2:172.21.15.135:38606/0 (socket says 172.21.15.135:38606)
2024-04-20T12:13:39.758 INFO:teuthology.orchestra.run.smithi135.stdout:/usr/bin/ceph: stderr
2024-04-20T12:13:38.951+0000 7fa443fff700 1 -- 172.21.15.135:0/1552517113 learned_addr learned my addr 172.21.15.135:0/1552517113 (peer_addr_for_me v2:172.21.15.135:0/0)
2024-04-20T12:13:39.759 INFO:teuthology.orchestra.run.smithi135.stdout:/usr/bin/ceph: stderr
2024-04-20T12:13:38.951+0000 7fa443fff700 1 -- 172.21.15.135:0/1552517113 --> [v2:172.21.15.135:3300/0,v1:172.21.15.135:6789/0] -- mon_subscribe({config=0+,monmap=0+}) -- 0x7fa44419baa0 con 0x7fa444108bb0
2024-04-20T12:13:39.759 INFO:teuthology.orchestra.run.smithi135.stdout:/usr/bin/ceph: stderr
2024-04-20T12:13:38.952+0000 7fa443fff700 1 --2- 172.21.15.135:0/1552517113 >> [v2:172.21.15.135:3300/0,v1:172.21.15.135:6789/0] conn(0x7fa444108bb0 0x7fa44419b560 secure :-1 s=READY pgs=71 cs=0 l=1 rev1=1 crypto rx=0x7fa434000c00 tx=0x7fa434011c10 comp rx=0 tx=0).ready entity=mon.0 client_cookie=0 server_cookie=0 in_seq=0 out_seq=0
2024-04-20T12:13:39.759 INFO:teuthology.orchestra.run.smithi135.stdout:/usr/bin/ceph: stderr
2024-04-20T12:13:38.952+0000 7fa4417fa700 1 -- 172.21.15.135:0/1552517113 <== mon.0 v2:172.21.15.135:3300/0 1 ==== mon_map magic: 0 ==== 205+0+0 (secure 0 0 0) 0x7fa434003b60 con 0x7fa444108bb0
2024-04-20T12:13:39.759 INFO:teuthology.orchestra.run.smithi135.stdout:/usr/bin/ceph: stderr
2024-04-20T12:13:38.952+0000 7fa4417fa700 1 -- 172.21.15.135:0/1552517113 <== mon.0 v2:172.21.15.135:3300/0 2 ==== config(27 keys) ==== 1140+0+0 (secure 0 0 0) 0x7fa43401a910 con 0x7fa444108bb0
2024-04-20T12:13:39.759 INFO:teuthology.orchestra.run.smithi135.stdout:/usr/bin/ceph: stderr
2024-04-20T12:13:38.952+0000 7fa44a7a6700 1 -- 172.21.15.135:0/1552517113 --> [v2:172.21.15.135:3300/0,v1:172.21.15.135:6789/0] -- mon_subscribe({mgrmap=0+}) -- 0x7fa44419bd30 con 0x7fa444108bb0
2024-04-20T12:13:39.759 INFO:teuthology.orchestra.run.smithi135.stdout:/usr/bin/ceph: stderr
2024-04-20T12:13:38.952+0000 7fa4417fa700 1 -- 172.21.15.135:0/1552517113 <== mon.0 v2:172.21.15.135:3300/0 3 ==== mon_map magic: 0 ==== 205+0+0 (secure 0 0 0) 0x7fa434024930 con 0x7fa444108bb0
2024-04-20T12:13:39.759 INFO:teuthology.orchestra.run.smithi135.stdout:/usr/bin/ceph: stderr
2024-04-20T12:13:38.952+0000 7fa44a7a6700 1 -- 172.21.15.135:0/1552517113 --> [v2:172.21.15.135:3300/0,v1:172.21.15.135:6789/0] -- mon_subscribe({osdmap=0}) -- 0x7fa44419c190 con 0x7fa444108bb0
2024-04-20T12:13:39.759 INFO:teuthology.orchestra.run.smithi135.stdout:/usr/bin/ceph: stderr
2024-04-20T12:13:38.953+0000 7fa4417fa700 1 -- 172.21.15.135:0/1552517113 <== mon.0 v2:172.21.15.135:3300/0 4 ==== mgrmap(e 12) ==== 46571+0+0 (secure 0 0 0) 0x7fa434022020 con 0x7fa444108bb0
2024-04-20T12:13:39.759 INFO:teuthology.orchestra.run.smithi135.stdout:/usr/bin/ceph: stderr
2024-04-20T12:13:38.953+0000 7fa4417fa700 1 --2- 172.21.15.135:0/1552517113 >> [v2:172.21.15.135:6800/3831149339,v1:172.21.15.135:6801/3831149339] conn(0x7fa42c039600 0x7fa42c03bac0 unknown :-1 s=NONE pgs=0 cs=0 l=1 rev1=0 crypto rx=0 tx=0 comp rx=0 tx=0).connect
2024-04-20T12:13:39.759 INFO:teuthology.orchestra.run.smithi135.stdout:/usr/bin/ceph: stderr
2024-04-20T12:13:38.953+0000 7fa4417fa700 1 -- 172.21.15.135:0/1552517113 <== mon.0 v2:172.21.15.135:3300/0 5 ==== osd_map(3..3 src has 1..3) ==== 1155+0+0 (secure 0 0 0) 0x7fa43404da40 con 0x7fa444108bb0
2024-04-20T12:13:39.759 INFO:teuthology.orchestra.run.smithi135.stdout:/usr/bin/ceph: stderr
2024-04-20T12:13:38.953+0000 7fa44a7a6700 1 -- 172.21.15.135:0/1552517113 --> [v2:172.21.15.135:3300/0,v1:172.21.15.135:6789/0] -- mon_command({"prefix": "get_command_descriptions"} v 0) -- 0x7fa4440640b0 con 0x7fa444108bb0
2024-04-20T12:13:39.759 INFO:teuthology.orchestra.run.smithi135.stdout:/usr/bin/ceph: stderr
2024-04-20T12:13:38.953+0000 7fa4437fe700 1 --2- 172.21.15.135:0/1552517113 >> [v2:172.21.15.135:6800/3831149339,v1:172.21.15.135:6801/3831149339] conn(0x7fa42c039600 0x7fa42c03bac0 unknown :-1 s=BANNER_CONNECTING pgs=0 cs=0 l=1 rev1=0 crypto rx=0 tx=0 comp rx=0 tx=0)._handle_peer_banner_payload supported=3 required=0
2024-04-20T12:13:39.759 INFO:teuthology.orchestra.run.smithi135.stdout:/usr/bin/ceph: stderr
2024-04-20T12:13:38.953+0000 7fa4437fe700 1 --2- 172.21.15.135:0/1552517113 >> [v2:172.21.15.135:6800/3831149339,v1:172.21.15.135:6801/3831149339] conn(0x7fa42c039600 0x7fa42c03bac0 secure :-1 s=READY pgs=7 cs=0 l=1 rev1=1 crypto rx=0x7fa438006fd0 tx=0x7fa438006e40 comp rx=0 tx=0).ready entity=mgr.14152 client_cookie=0 server_cookie=0 in_seq=0 out_seq=0
2024-04-20T12:13:39.760 INFO:teuthology.orchestra.run.smithi135.stdout:/usr/bin/ceph: stderr
2024-04-20T12:13:38.958+0000 7fa4417fa700 1 -- 172.21.15.135:0/1552517113 <== mon.0 v2:172.21.15.135:3300/0 6 ==== mon_command_ack([{"prefix": "get_command_descriptions"}]=0 v0) ==== 72+0+188381 (secure 0 0 0) 0x7fa434021d80 con 0x7fa444108bb0
2024-04-20T12:13:39.760 INFO:teuthology.orchestra.run.smithi135.stdout:/usr/bin/ceph: stderr
2024-04-20T12:13:39.166+0000 7fa44a7a6700 1 -- 172.21.15.135:0/1552517113 --> [v2:172.21.15.135:6800/3831149339,v1:172.21.15.135:6801/3831149339] -- mgr_command(tid 0: {"prefix": "dashboard create-self-signed-cert", "target": ["mon-mgr", ""]}) -- 0x7fa444103590 con 0x7fa42c039600
2024-04-20T12:13:39.760 INFO:teuthology.orchestra.run.smithi135.stdout:/usr/bin/ceph: stderr
2024-04-20T12:13:39.247+0000 7fa4417fa700 1 -- 172.21.15.135:0/1552517113 <== mgr.14152 v2:172.21.15.135:6800/3831149339 1 ==== mgr_command_reply(tid 0: 0 ) ==== 8+0+32 (secure 0 0 0) 0x7fa444103590 con 0x7fa42c039600
2024-04-20T12:13:39.760 INFO:teuthology.orchestra.run.smithi135.stdout:/usr/bin/ceph: stderr
2024-04-20T12:13:39.249+0000 7fa44a7a6700 1 -- 172.21.15.135:0/1552517113 >> [v2:172.21.15.135:6800/3831149339,v1:172.21.15.135:6801/3831149339] conn(0x7fa42c039600 msgr2=0x7fa42c03bac0 secure :-1 s=STATE_CONNECTION_ESTABLISHED l=1).mark_down
2024-04-20T12:13:39.760 INFO:teuthology.orchestra.run.smithi135.stdout:/usr/bin/ceph: stderr
2024-04-20T12:13:39.249+0000 7fa44a7a6700 1 --2- 172.21.15.135:0/1552517113 >> [v2:172.21.15.135:6800/3831149339,v1:172.21.15.135:6801/3831149339] conn(0x7fa42c039600 0x7fa42c03bac0 secure :-1 s=READY pgs=7 cs=0 l=1 rev1=1 crypto rx=0x7fa438006fd0 tx=0x7fa438006e40 comp rx=0 tx=0).stop
2024-04-20T12:13:39.760 INFO:teuthology.orchestra.run.smithi135.stdout:/usr/bin/ceph: stderr
2024-04-20T12:13:39.249+0000 7fa44a7a6700 1 -- 172.21.15.135:0/1552517113 >> [v2:172.21.15.135:3300/0,v1:172.21.15.135:6789/0] conn(0x7fa444108bb0 msgr2=0x7fa44419b560 secure :-1 s=STATE_CONNECTION_ESTABLISHED l=1).mark_down
2024-04-20T12:13:39.760 INFO:teuthology.orchestra.run.smithi135.stdout:/usr/bin/ceph: stderr
2024-04-20T12:13:39.249+0000 7fa44a7a6700 1 --2- 172.21.15.135:0/1552517113 >> [v2:172.21.15.135:3300/0,v1:172.21.15.135:6789/0] conn(0x7fa444108bb0 0x7fa44419b560 secure :-1 s=READY pgs=71 cs=0 l=1 rev1=1 crypto rx=0x7fa434000c00 tx=0x7fa434011c10 comp rx=0 tx=0).stop
2024-04-20T12:13:39.760 INFO:teuthology.orchestra.run.smithi135.stdout:/usr/bin/ceph: stderr
2024-04-20T12:13:39.249+0000 7fa44a7a6700 1 -- 172.21.15.135:0/1552517113 shutdown_connections
2024-04-20T12:13:39.760 INFO:teuthology.orchestra.run.smithi135.stdout:/usr/bin/ceph: stderr
2024-04-20T12:13:39.249+0000 7fa44a7a6700 1 --2- 172.21.15.135:0/1552517113 >> [v2:172.21.15.135:6800/3831149339,v1:172.21.15.135:6801/3831149339] conn(0x7fa42c039600 0x7fa42c03bac0 unknown :-1 s=CLOSED pgs=7 cs=0 l=1 rev1=1 crypto rx=0 tx=0 comp rx=0 tx=0).stop
2024-04-20T12:13:39.760 INFO:teuthology.orchestra.run.smithi135.stdout:/usr/bin/ceph: stderr
2024-04-20T12:13:39.249+0000 7fa44a7a6700 1 --2- 172.21.15.135:0/1552517113 >> [v2:172.21.15.135:3300/0,v1:172.21.15.135:6789/0] conn(0x7fa444108bb0 0x7fa44419b560 unknown :-1 s=CLOSED pgs=71 cs=0 l=1 rev1=1 crypto rx=0 tx=0 comp rx=0 tx=0).stop
2024-04-20T12:13:39.760 INFO:teuthology.orchestra.run.smithi135.stdout:/usr/bin/ceph: stderr
2024-04-20T12:13:39.250+0000 7fa44a7a6700 1 -- 172.21.15.135:0/1552517113 >> 172.21.15.135:0/1552517113 conn(0x7fa444102370 msgr2=0x7fa444102e80 unknown :-1 s=STATE_NONE l=0).mark_down
2024-04-20T12:13:39.760 INFO:teuthology.orchestra.run.smithi135.stdout:/usr/bin/ceph: stderr
2024-04-20T12:13:39.250+0000 7fa44a7a6700 1 -- 172.21.15.135:0/1552517113 shutdown_connections
2024-04-20T12:13:39.760 INFO:teuthology.orchestra.run.smithi135.stdout:/usr/bin/ceph: stderr
2024-04-20T12:13:39.250+0000 7fa44a7a6700 1 -- 172.21.15.135:0/1552517113 wait complete.
2024-04-20T12:13:39.760 INFO:teuthology.orchestra.run.smithi135.stdout:Creating initial admin user...
2024-04-20T12:13:40.076 INFO:journalctl@ceph.mon.a.smithi135.stdout:Apr 20 12:13:39 smithi135 ceph-mon[18264]: mgrmap e12: x(active, since 2s)
2024-04-20T12:13:40.076 INFO:journalctl@ceph.mon.a.smithi135.stdout:Apr 20 12:13:39 smithi135 ceph-mon[18264]: from='mgr.14152 172.21.15.135:0/3396020504' entity='mgr.x'
2024-04-20T12:13:40.076 INFO:journalctl@ceph.mon.a.smithi135.stdout:Apr 20 12:13:39 smithi135 ceph-mon[18264]: from='mgr.14152 172.21.15.135:0/3396020504' entity='mgr.x'
2024-04-20T12:13:40.076 INFO:journalctl@ceph.mon.a.smithi135.stdout:Apr 20 12:13:39 smithi135 ceph-mon[18264]: from='mgr.14152 172.21.15.135:0/3396020504' entity='mgr.x'
2024-04-20T12:13:41.113 INFO:journalctl@ceph.mon.a.smithi135.stdout:Apr 20 12:13:40 smithi135 ceph-mon[18264]: from='client.14164 -' entity='client.admin' cmd=[{"prefix": "dashboard create-self-signed-cert", "target": ["mon-mgr", ""]}]: dispatch
2024-04-20T12:13:41.114 INFO:journalctl@ceph.mon.a.smithi135.stdout:Apr 20 12:13:40 smithi135 ceph-mon[18264]: from='mgr.14152 172.21.15.135:0/3396020504' entity='mgr.x'
2024-04-20T12:13:41.281 INFO:teuthology.orchestra.run.smithi135.stdout:/usr/bin/ceph: stdout {"username": "admin", "password": "$2b$12$vCx8IFGzTG7THtmrd473Fe40bz41izolapM3bKeharK.5HWKv2FXO", "roles": ["administrator"], "name": null, "email": null, "lastUpdate": 1713615220, "enabled": true, "pwdExpirationDate": null, "pwdUpdateRequired": true}
2024-04-20T12:13:41.281 INFO:teuthology.orchestra.run.smithi135.stdout:/usr/bin/ceph: stderr
2024-04-20T12:13:40.179+0000 7f904e6bc700 1 Processor -- start
2024-04-20T12:13:41.281 INFO:teuthology.orchestra.run.smithi135.stdout:/usr/bin/ceph: stderr
2024-04-20T12:13:40.179+0000 7f904e6bc700 1 -- start start
2024-04-20T12:13:41.281 INFO:teuthology.orchestra.run.smithi135.stdout:/usr/bin/ceph: stderr
2024-04-20T12:13:40.180+0000 7f904e6bc700 1 --2- >> [v2:172.21.15.135:3300/0,v1:172.21.15.135:6789/0] conn(0x7f9048109ca0 0x7f904810a0c0 unknown :-1 s=NONE pgs=0 cs=0 l=0 rev1=0 crypto rx=0 tx=0 comp rx=0 tx=0).connect
2024-04-20T12:13:41.282 INFO:teuthology.orchestra.run.smithi135.stdout:/usr/bin/ceph: stderr
2024-04-20T12:13:40.180+0000 7f904e6bc700 1 -- --> [v2:172.21.15.135:3300/0,v1:172.21.15.135:6789/0] -- mon_getmap magic: 0 -- 0x7f904810a690 con 0x7f9048109ca0
2024-04-20T12:13:41.282 INFO:teuthology.orchestra.run.smithi135.stdout:/usr/bin/ceph: stderr
2024-04-20T12:13:40.180+0000 7f9047fff700 1 --2- >> [v2:172.21.15.135:3300/0,v1:172.21.15.135:6789/0] conn(0x7f9048109ca0 0x7f904810a0c0 unknown :-1 s=BANNER_CONNECTING pgs=0 cs=0 l=0 rev1=0 crypto rx=0 tx=0 comp rx=0 tx=0)._handle_peer_banner_payload supported=3 required=0
2024-04-20T12:13:41.282 INFO:teuthology.orchestra.run.smithi135.stdout:/usr/bin/ceph: stderr
2024-04-20T12:13:40.180+0000 7f9047fff700 1 --2- >> [v2:172.21.15.135:3300/0,v1:172.21.15.135:6789/0] conn(0x7f9048109ca0 0x7f904810a0c0 unknown :-1 s=HELLO_CONNECTING pgs=0 cs=0 l=0 rev1=1 crypto rx=0 tx=0 comp rx=0 tx=0).handle_hello peer v2:172.21.15.135:3300/0 says I am v2:172.21.15.135:38620/0 (socket says 172.21.15.135:38620)
2024-04-20T12:13:41.282 INFO:teuthology.orchestra.run.smithi135.stdout:/usr/bin/ceph: stderr
2024-04-20T12:13:40.180+0000 7f9047fff700 1 -- 172.21.15.135:0/1399610673 learned_addr learned my addr 172.21.15.135:0/1399610673 (peer_addr_for_me v2:172.21.15.135:0/0)
2024-04-20T12:13:41.282 INFO:teuthology.orchestra.run.smithi135.stdout:/usr/bin/ceph: stderr
2024-04-20T12:13:40.180+0000 7f9047fff700 1 -- 172.21.15.135:0/1399610673 --> [v2:172.21.15.135:3300/0,v1:172.21.15.135:6789/0] -- mon_subscribe({config=0+,monmap=0+}) -- 0x7f904810a810 con 0x7f9048109ca0
2024-04-20T12:13:41.282 INFO:teuthology.orchestra.run.smithi135.stdout:/usr/bin/ceph: stderr
2024-04-20T12:13:40.180+0000 7f9047fff700 1 --2- 172.21.15.135:0/1399610673 >> [v2:172.21.15.135:3300/0,v1:172.21.15.135:6789/0] conn(0x7f9048109ca0 0x7f904810a0c0 secure :-1 s=READY pgs=72 cs=0 l=1 rev1=1 crypto rx=0x7f90380098a0 tx=0x7f9038009bb0 comp rx=0 tx=0).ready entity=mon.0 client_cookie=dcae194ce14c3df server_cookie=0 in_seq=0 out_seq=0
2024-04-20T12:13:41.282 INFO:teuthology.orchestra.run.smithi135.stdout:/usr/bin/ceph: stderr
2024-04-20T12:13:40.180+0000 7f9046ffd700 1 -- 172.21.15.135:0/1399610673 <== mon.0 v2:172.21.15.135:3300/0 1 ==== mon_map magic: 0 ==== 205+0+0 (secure 0 0 0) 0x7f9038004160 con 0x7f9048109ca0
2024-04-20T12:13:41.282 INFO:teuthology.orchestra.run.smithi135.stdout:/usr/bin/ceph: stderr
2024-04-20T12:13:40.180+0000 7f9046ffd700 1 -- 172.21.15.135:0/1399610673 <== mon.0 v2:172.21.15.135:3300/0 2 ==== config(27 keys) ==== 1140+0+0 (secure 0 0 0) 0x7f9038004300 con 0x7f9048109ca0
2024-04-20T12:13:41.282 INFO:teuthology.orchestra.run.smithi135.stdout:/usr/bin/ceph: stderr
2024-04-20T12:13:40.180+0000 7f9046ffd700 1 -- 172.21.15.135:0/1399610673 <== mon.0 v2:172.21.15.135:3300/0 3 ==== mon_map magic: 0 ==== 205+0+0 (secure 0 0 0) 0x7f9038011b20 con 0x7f9048109ca0
2024-04-20T12:13:41.282 INFO:teuthology.orchestra.run.smithi135.stdout:/usr/bin/ceph: stderr
2024-04-20T12:13:40.181+0000 7f904e6bc700 1 -- 172.21.15.135:0/1399610673 >> [v2:172.21.15.135:3300/0,v1:172.21.15.135:6789/0] conn(0x7f9048109ca0 msgr2=0x7f904810a0c0 secure :-1 s=STATE_CONNECTION_ESTABLISHED l=1).mark_down
2024-04-20T12:13:41.282 INFO:teuthology.orchestra.run.smithi135.stdout:/usr/bin/ceph: stderr
2024-04-20T12:13:40.181+0000 7f904e6bc700 1 --2- 172.21.15.135:0/1399610673 >> [v2:172.21.15.135:3300/0,v1:172.21.15.135:6789/0] conn(0x7f9048109ca0 0x7f904810a0c0 secure :-1 s=READY pgs=72 cs=0 l=1 rev1=1 crypto rx=0x7f90380098a0 tx=0x7f9038009bb0 comp rx=0 tx=0).stop
2024-04-20T12:13:41.282 INFO:teuthology.orchestra.run.smithi135.stdout:/usr/bin/ceph: stderr
2024-04-20T12:13:40.181+0000 7f904e6bc700 1 -- 172.21.15.135:0/1399610673 shutdown_connections
2024-04-20T12:13:41.282 INFO:teuthology.orchestra.run.smithi135.stdout:/usr/bin/ceph: stderr
2024-04-20T12:13:40.181+0000 7f904e6bc700 1 --2- 172.21.15.135:0/1399610673 >> [v2:172.21.15.135:3300/0,v1:172.21.15.135:6789/0] conn(0x7f9048109ca0 0x7f904810a0c0 unknown :-1 s=CLOSED pgs=72 cs=0 l=1 rev1=1 crypto rx=0 tx=0 comp rx=0 tx=0).stop
2024-04-20T12:13:41.283 INFO:teuthology.orchestra.run.smithi135.stdout:/usr/bin/ceph: stderr
2024-04-20T12:13:40.181+0000 7f904e6bc700 1 -- 172.21.15.135:0/1399610673 >> 172.21.15.135:0/1399610673 conn(0x7f90481023c0 msgr2=0x7f90481047e0 unknown :-1 s=STATE_NONE l=0).mark_down
2024-04-20T12:13:41.283 INFO:teuthology.orchestra.run.smithi135.stdout:/usr/bin/ceph: stderr
2024-04-20T12:13:40.181+0000 7f904e6bc700 1 -- 172.21.15.135:0/1399610673 shutdown_connections
2024-04-20T12:13:41.283 INFO:teuthology.orchestra.run.smithi135.stdout:/usr/bin/ceph: stderr
2024-04-20T12:13:40.181+0000 7f904e6bc700 1 -- 172.21.15.135:0/1399610673 wait complete.
2024-04-20T12:13:41.283 INFO:teuthology.orchestra.run.smithi135.stdout:/usr/bin/ceph: stderr
2024-04-20T12:13:40.181+0000 7f904e6bc700 1 Processor -- start
2024-04-20T12:13:41.283 INFO:teuthology.orchestra.run.smithi135.stdout:/usr/bin/ceph: stderr
2024-04-20T12:13:40.182+0000 7f904e6bc700 1 -- start start
2024-04-20T12:13:41.283 INFO:teuthology.orchestra.run.smithi135.stdout:/usr/bin/ceph: stderr
2024-04-20T12:13:40.182+0000 7f904e6bc700 1 --2- >> [v2:172.21.15.135:3300/0,v1:172.21.15.135:6789/0] conn(0x7f9048109ca0 0x7f904819c5d0 unknown :-1 s=NONE pgs=0 cs=0 l=1 rev1=0 crypto rx=0 tx=0 comp rx=0 tx=0).connect
2024-04-20T12:13:41.283 INFO:teuthology.orchestra.run.smithi135.stdout:/usr/bin/ceph: stderr
2024-04-20T12:13:40.182+0000 7f904e6bc700 1 -- --> [v2:172.21.15.135:3300/0,v1:172.21.15.135:6789/0] -- mon_getmap magic: 0 -- 0x7f90481075b0 con 0x7f9048109ca0
2024-04-20T12:13:41.283 INFO:teuthology.orchestra.run.smithi135.stdout:/usr/bin/ceph: stderr
2024-04-20T12:13:40.182+0000 7f9047fff700 1 --2- >> [v2:172.21.15.135:3300/0,v1:172.21.15.135:6789/0] conn(0x7f9048109ca0 0x7f904819c5d0 unknown :-1 s=BANNER_CONNECTING pgs=0 cs=0 l=1 rev1=0 crypto rx=0 tx=0 comp rx=0 tx=0)._handle_peer_banner_payload supported=3 required=0
2024-04-20T12:13:41.283 INFO:teuthology.orchestra.run.smithi135.stdout:/usr/bin/ceph: stderr
2024-04-20T12:13:40.182+0000 7f9047fff700 1 --2- >> [v2:172.21.15.135:3300/0,v1:172.21.15.135:6789/0] conn(0x7f9048109ca0 0x7f904819c5d0 unknown :-1 s=HELLO_CONNECTING pgs=0 cs=0 l=1 rev1=1 crypto rx=0 tx=0 comp rx=0 tx=0).handle_hello peer v2:172.21.15.135:3300/0 says I am v2:172.21.15.135:38628/0 (socket says 172.21.15.135:38628)
2024-04-20T12:13:41.283 INFO:teuthology.orchestra.run.smithi135.stdout:/usr/bin/ceph: stderr
2024-04-20T12:13:40.182+0000 7f9047fff700 1 -- 172.21.15.135:0/4265203949 learned_addr learned my addr 172.21.15.135:0/4265203949 (peer_addr_for_me v2:172.21.15.135:0/0)
2024-04-20T12:13:41.283 INFO:teuthology.orchestra.run.smithi135.stdout:/usr/bin/ceph: stderr
2024-04-20T12:13:40.182+0000 7f9047fff700 1 -- 172.21.15.135:0/4265203949 --> [v2:172.21.15.135:3300/0,v1:172.21.15.135:6789/0] -- mon_subscribe({config=0+,monmap=0+}) -- 0x7f904819cb10 con 0x7f9048109ca0
2024-04-20T12:13:41.283 INFO:teuthology.orchestra.run.smithi135.stdout:/usr/bin/ceph: stderr
2024-04-20T12:13:40.182+0000 7f9047fff700 1 --2- 172.21.15.135:0/4265203949 >> [v2:172.21.15.135:3300/0,v1:172.21.15.135:6789/0] conn(0x7f9048109ca0 0x7f904819c5d0 secure :-1 s=READY pgs=73 cs=0 l=1 rev1=1 crypto rx=0x7f90380116a0 tx=0x7f9038011ba0 comp rx=0 tx=0).ready entity=mon.0 client_cookie=0 server_cookie=0 in_seq=0 out_seq=0
2024-04-20T12:13:41.283 INFO:teuthology.orchestra.run.smithi135.stdout:/usr/bin/ceph: stderr
2024-04-20T12:13:40.182+0000 7f90457fa700 1 -- 172.21.15.135:0/4265203949 <== mon.0 v2:172.21.15.135:3300/0 1 ==== mon_map magic: 0 ==== 205+0+0 (secure 0 0 0) 0x7f9038003a40 con 0x7f9048109ca0
2024-04-20T12:13:41.284 INFO:teuthology.orchestra.run.smithi135.stdout:/usr/bin/ceph: stderr
2024-04-20T12:13:40.182+0000 7f90457fa700 1 -- 172.21.15.135:0/4265203949 <== mon.0 v2:172.21.15.135:3300/0 2 ==== config(27 keys) ==== 1140+0+0 (secure 0 0 0) 0x7f9038003be0 con 0x7f9048109ca0
2024-04-20T12:13:41.284 INFO:teuthology.orchestra.run.smithi135.stdout:/usr/bin/ceph: stderr
2024-04-20T12:13:40.182+0000 7f90457fa700 1 -- 172.21.15.135:0/4265203949 <== mon.0 v2:172.21.15.135:3300/0 3 ==== mon_map magic: 0 ==== 205+0+0 (secure 0 0 0) 0x7f903801a720 con 0x7f9048109ca0
2024-04-20T12:13:41.284 INFO:teuthology.orchestra.run.smithi135.stdout:/usr/bin/ceph: stderr
2024-04-20T12:13:40.183+0000 7f904e6bc700 1 -- 172.21.15.135:0/4265203949 --> [v2:172.21.15.135:3300/0,v1:172.21.15.135:6789/0] -- mon_subscribe({mgrmap=0+}) -- 0x7f904819ce00 con 0x7f9048109ca0
2024-04-20T12:13:41.284 INFO:teuthology.orchestra.run.smithi135.stdout:/usr/bin/ceph: stderr
2024-04-20T12:13:40.183+0000 7f904e6bc700 1 -- 172.21.15.135:0/4265203949 --> [v2:172.21.15.135:3300/0,v1:172.21.15.135:6789/0] -- mon_subscribe({osdmap=0}) -- 0x7f904819fa90 con 0x7f9048109ca0
2024-04-20T12:13:41.284 INFO:teuthology.orchestra.run.smithi135.stdout:/usr/bin/ceph: stderr
2024-04-20T12:13:40.183+0000 7f90457fa700 1 -- 172.21.15.135:0/4265203949 <== mon.0 v2:172.21.15.135:3300/0 4 ==== mgrmap(e 12) ==== 46571+0+0 (secure 0 0 0) 0x7f9038024aa0 con 0x7f9048109ca0
2024-04-20T12:13:41.284 INFO:teuthology.orchestra.run.smithi135.stdout:/usr/bin/ceph: stderr
2024-04-20T12:13:40.184+0000 7f90457fa700 1 --2- 172.21.15.135:0/4265203949 >> [v2:172.21.15.135:6800/3831149339,v1:172.21.15.135:6801/3831149339] conn(0x7f90300395b0 0x7f903003ba70 unknown :-1 s=NONE pgs=0 cs=0 l=1 rev1=0 crypto rx=0 tx=0 comp rx=0 tx=0).connect
2024-04-20T12:13:41.284 INFO:teuthology.orchestra.run.smithi135.stdout:/usr/bin/ceph: stderr
