2024-04-20T12:13:00.992 INFO:teuthology.orchestra.run.smithi135.stdout:/usr/bin/ceph: stdout },
2024-04-20T12:13:00.992 INFO:teuthology.orchestra.run.smithi135.stdout:/usr/bin/ceph: stdout "osdmap": {
2024-04-20T12:13:00.992 INFO:teuthology.orchestra.run.smithi135.stdout:/usr/bin/ceph: stdout "epoch": 1,
2024-04-20T12:13:00.992 INFO:teuthology.orchestra.run.smithi135.stdout:/usr/bin/ceph: stdout "num_osds": 0,
2024-04-20T12:13:00.992 INFO:teuthology.orchestra.run.smithi135.stdout:/usr/bin/ceph: stdout "num_up_osds": 0,
2024-04-20T12:13:00.992 INFO:teuthology.orchestra.run.smithi135.stdout:/usr/bin/ceph: stdout "osd_up_since": 0,
2024-04-20T12:13:01.000 INFO:teuthology.orchestra.run.smithi135.stdout:/usr/bin/ceph: stdout "num_in_osds": 0,
2024-04-20T12:13:01.000 INFO:teuthology.orchestra.run.smithi135.stdout:/usr/bin/ceph: stdout "osd_in_since": 0,
2024-04-20T12:13:01.001 INFO:teuthology.orchestra.run.smithi135.stdout:/usr/bin/ceph: stdout "num_remapped_pgs": 0
2024-04-20T12:13:01.001 INFO:teuthology.orchestra.run.smithi135.stdout:/usr/bin/ceph: stdout },
2024-04-20T12:13:01.001 INFO:teuthology.orchestra.run.smithi135.stdout:/usr/bin/ceph: stdout "pgmap": {
2024-04-20T12:13:01.001 INFO:teuthology.orchestra.run.smithi135.stdout:/usr/bin/ceph: stdout "pgs_by_state": [],
2024-04-20T12:13:01.001 INFO:teuthology.orchestra.run.smithi135.stdout:/usr/bin/ceph: stdout "num_pgs": 0,
2024-04-20T12:13:01.001 INFO:teuthology.orchestra.run.smithi135.stdout:/usr/bin/ceph: stdout "num_pools": 0,
2024-04-20T12:13:01.001 INFO:teuthology.orchestra.run.smithi135.stdout:/usr/bin/ceph: stdout "num_objects": 0,
2024-04-20T12:13:01.001 INFO:teuthology.orchestra.run.smithi135.stdout:/usr/bin/ceph: stdout "data_bytes": 0,
2024-04-20T12:13:01.001 INFO:teuthology.orchestra.run.smithi135.stdout:/usr/bin/ceph: stdout "bytes_used": 0,
2024-04-20T12:13:01.001 INFO:teuthology.orchestra.run.smithi135.stdout:/usr/bin/ceph: stdout "bytes_avail": 0,
2024-04-20T12:13:01.001 INFO:teuthology.orchestra.run.smithi135.stdout:/usr/bin/ceph: stdout "bytes_total": 0
2024-04-20T12:13:01.001 INFO:teuthology.orchestra.run.smithi135.stdout:/usr/bin/ceph: stdout },
2024-04-20T12:13:01.001 INFO:teuthology.orchestra.run.smithi135.stdout:/usr/bin/ceph: stdout "fsmap": {
2024-04-20T12:13:01.001 INFO:teuthology.orchestra.run.smithi135.stdout:/usr/bin/ceph: stdout "epoch": 1,
2024-04-20T12:13:01.002 INFO:teuthology.orchestra.run.smithi135.stdout:/usr/bin/ceph: stdout "by_rank": [],
2024-04-20T12:13:01.002 INFO:teuthology.orchestra.run.smithi135.stdout:/usr/bin/ceph: stdout "up:standby": 0
2024-04-20T12:13:01.002 INFO:teuthology.orchestra.run.smithi135.stdout:/usr/bin/ceph: stdout },
2024-04-20T12:13:01.002 INFO:teuthology.orchestra.run.smithi135.stdout:/usr/bin/ceph: stdout "mgrmap": {
2024-04-20T12:13:01.002 INFO:teuthology.orchestra.run.smithi135.stdout:/usr/bin/ceph: stdout "available": true,
2024-04-20T12:13:01.002 INFO:teuthology.orchestra.run.smithi135.stdout:/usr/bin/ceph: stdout "num_standbys": 0,
2024-04-20T12:13:01.002 INFO:teuthology.orchestra.run.smithi135.stdout:/usr/bin/ceph: stdout "modules": [
2024-04-20T12:13:01.002 INFO:teuthology.orchestra.run.smithi135.stdout:/usr/bin/ceph: stdout "iostat",
2024-04-20T12:13:01.002 INFO:teuthology.orchestra.run.smithi135.stdout:/usr/bin/ceph: stdout "nfs",
2024-04-20T12:13:01.002 INFO:teuthology.orchestra.run.smithi135.stdout:/usr/bin/ceph: stdout "restful"
2024-04-20T12:13:01.002 INFO:teuthology.orchestra.run.smithi135.stdout:/usr/bin/ceph: stdout ],
2024-04-20T12:13:01.002 INFO:teuthology.orchestra.run.smithi135.stdout:/usr/bin/ceph: stdout "services": {}
2024-04-20T12:13:01.002 INFO:teuthology.orchestra.run.smithi135.stdout:/usr/bin/ceph: stdout },
2024-04-20T12:13:01.002 INFO:teuthology.orchestra.run.smithi135.stdout:/usr/bin/ceph: stdout "servicemap": {
2024-04-20T12:13:01.002 INFO:teuthology.orchestra.run.smithi135.stdout:/usr/bin/ceph: stdout "epoch": 1,
2024-04-20T12:13:01.003 INFO:teuthology.orchestra.run.smithi135.stdout:/usr/bin/ceph: stdout "modified": "2024-04-20T12:12:43.366771+0000",
2024-04-20T12:13:01.003 INFO:teuthology.orchestra.run.smithi135.stdout:/usr/bin/ceph: stdout "services": {}
2024-04-20T12:13:01.003 INFO:teuthology.orchestra.run.smithi135.stdout:/usr/bin/ceph: stdout },
2024-04-20T12:13:01.003 INFO:teuthology.orchestra.run.smithi135.stdout:/usr/bin/ceph: stdout "progress_events": {}
2024-04-20T12:13:01.003 INFO:teuthology.orchestra.run.smithi135.stdout:/usr/bin/ceph: stdout }
2024-04-20T12:13:01.003 INFO:teuthology.orchestra.run.smithi135.stdout:/usr/bin/ceph: stderr
2024-04-20T12:13:00.150+0000 7f7c92b9d700 1 Processor -- start
2024-04-20T12:13:01.003 INFO:teuthology.orchestra.run.smithi135.stdout:/usr/bin/ceph: stderr
2024-04-20T12:13:00.150+0000 7f7c92b9d700 1 -- start start
2024-04-20T12:13:01.003 INFO:teuthology.orchestra.run.smithi135.stdout:/usr/bin/ceph: stderr
2024-04-20T12:13:00.150+0000 7f7c92b9d700 1 --2- >> [v2:172.21.15.135:3300/0,v1:172.21.15.135:6789/0] conn(0x7f7c8c107590 0x7f7c8c1079b0 unknown :-1 s=NONE pgs=0 cs=0 l=0 rev1=0 crypto rx=0 tx=0 comp rx=0 tx=0).connect
2024-04-20T12:13:01.003 INFO:teuthology.orchestra.run.smithi135.stdout:/usr/bin/ceph: stderr
2024-04-20T12:13:00.150+0000 7f7c92b9d700 1 -- --> [v2:172.21.15.135:3300/0,v1:172.21.15.135:6789/0] -- mon_getmap magic: 0 -- 0x7f7c8c107f80 con 0x7f7c8c107590
2024-04-20T12:13:01.003 INFO:teuthology.orchestra.run.smithi135.stdout:/usr/bin/ceph: stderr
2024-04-20T12:13:00.151+0000 7f7c90939700 1 --2- >> [v2:172.21.15.135:3300/0,v1:172.21.15.135:6789/0] conn(0x7f7c8c107590 0x7f7c8c1079b0 unknown :-1 s=BANNER_CONNECTING pgs=0 cs=0 l=0 rev1=0 crypto rx=0 tx=0 comp rx=0 tx=0)._handle_peer_banner_payload supported=3 required=0
2024-04-20T12:13:01.003 INFO:teuthology.orchestra.run.smithi135.stdout:/usr/bin/ceph: stderr
2024-04-20T12:13:00.151+0000 7f7c90939700 1 --2- >> [v2:172.21.15.135:3300/0,v1:172.21.15.135:6789/0] conn(0x7f7c8c107590 0x7f7c8c1079b0 unknown :-1 s=HELLO_CONNECTING pgs=0 cs=0 l=0 rev1=1 crypto rx=0 tx=0 comp rx=0 tx=0).handle_hello peer v2:172.21.15.135:3300/0 says I am v2:172.21.15.135:40008/0 (socket says 172.21.15.135:40008)
2024-04-20T12:13:01.003 INFO:teuthology.orchestra.run.smithi135.stdout:/usr/bin/ceph: stderr
2024-04-20T12:13:00.151+0000 7f7c90939700 1 -- 172.21.15.135:0/3775029770 learned_addr learned my addr 172.21.15.135:0/3775029770 (peer_addr_for_me v2:172.21.15.135:0/0)
2024-04-20T12:13:01.003 INFO:teuthology.orchestra.run.smithi135.stdout:/usr/bin/ceph: stderr
2024-04-20T12:13:00.151+0000 7f7c90939700 1 -- 172.21.15.135:0/3775029770 --> [v2:172.21.15.135:3300/0,v1:172.21.15.135:6789/0] -- mon_subscribe({config=0+,monmap=0+}) -- 0x7f7c8c108790 con 0x7f7c8c107590
2024-04-20T12:13:01.003 INFO:teuthology.orchestra.run.smithi135.stdout:/usr/bin/ceph: stderr
2024-04-20T12:13:00.151+0000 7f7c90939700 1 --2- 172.21.15.135:0/3775029770 >> [v2:172.21.15.135:3300/0,v1:172.21.15.135:6789/0] conn(0x7f7c8c107590 0x7f7c8c1079b0 secure :-1 s=READY pgs=18 cs=0 l=1 rev1=1 crypto rx=0x7f7c84009e80 tx=0x7f7c8400b330 comp rx=0 tx=0).ready entity=mon.0 client_cookie=e4b156c35aac9a15 server_cookie=0 in_seq=0 out_seq=0
2024-04-20T12:13:01.004 INFO:teuthology.orchestra.run.smithi135.stdout:/usr/bin/ceph: stderr
2024-04-20T12:13:00.151+0000 7f7c8b7fe700 1 -- 172.21.15.135:0/3775029770 <== mon.0 v2:172.21.15.135:3300/0 1 ==== mon_map magic: 0 ==== 205+0+0 (secure 0 0 0) 0x7f7c84017070 con 0x7f7c8c107590
2024-04-20T12:13:01.004 INFO:teuthology.orchestra.run.smithi135.stdout:/usr/bin/ceph: stderr
2024-04-20T12:13:00.151+0000 7f7c8b7fe700 1 -- 172.21.15.135:0/3775029770 <== mon.0 v2:172.21.15.135:3300/0 2 ==== config(27 keys) ==== 1109+0+0 (secure 0 0 0) 0x7f7c8400b8c0 con 0x7f7c8c107590
2024-04-20T12:13:01.004 INFO:teuthology.orchestra.run.smithi135.stdout:/usr/bin/ceph: stderr
2024-04-20T12:13:00.151+0000 7f7c8b7fe700 1 -- 172.21.15.135:0/3775029770 <== mon.0 v2:172.21.15.135:3300/0 3 ==== mon_map magic: 0 ==== 205+0+0 (secure 0 0 0) 0x7f7c840045c0 con 0x7f7c8c107590
2024-04-20T12:13:01.004 INFO:teuthology.orchestra.run.smithi135.stdout:/usr/bin/ceph: stderr
2024-04-20T12:13:00.152+0000 7f7c92b9d700 1 -- 172.21.15.135:0/3775029770 >> [v2:172.21.15.135:3300/0,v1:172.21.15.135:6789/0] conn(0x7f7c8c107590 msgr2=0x7f7c8c1079b0 secure :-1 s=STATE_CONNECTION_ESTABLISHED l=1).mark_down
2024-04-20T12:13:01.004 INFO:teuthology.orchestra.run.smithi135.stdout:/usr/bin/ceph: stderr
2024-04-20T12:13:00.152+0000 7f7c92b9d700 1 --2- 172.21.15.135:0/3775029770 >> [v2:172.21.15.135:3300/0,v1:172.21.15.135:6789/0] conn(0x7f7c8c107590 0x7f7c8c1079b0 secure :-1 s=READY pgs=18 cs=0 l=1 rev1=1 crypto rx=0x7f7c84009e80 tx=0x7f7c8400b330 comp rx=0 tx=0).stop
2024-04-20T12:13:01.004 INFO:teuthology.orchestra.run.smithi135.stdout:/usr/bin/ceph: stderr
2024-04-20T12:13:00.152+0000 7f7c92b9d700 1 -- 172.21.15.135:0/3775029770 shutdown_connections
2024-04-20T12:13:01.004 INFO:teuthology.orchestra.run.smithi135.stdout:/usr/bin/ceph: stderr
2024-04-20T12:13:00.152+0000 7f7c92b9d700 1 --2- 172.21.15.135:0/3775029770 >> [v2:172.21.15.135:3300/0,v1:172.21.15.135:6789/0] conn(0x7f7c8c107590 0x7f7c8c1079b0 unknown :-1 s=CLOSED pgs=18 cs=0 l=1 rev1=1 crypto rx=0 tx=0 comp rx=0 tx=0).stop
2024-04-20T12:13:01.004 INFO:teuthology.orchestra.run.smithi135.stdout:/usr/bin/ceph: stderr
2024-04-20T12:13:00.152+0000 7f7c92b9d700 1 -- 172.21.15.135:0/3775029770 >> 172.21.15.135:0/3775029770 conn(0x7f7c8c102b70 msgr2=0x7f7c8c104f90 unknown :-1 s=STATE_NONE l=0).mark_down
2024-04-20T12:13:01.004 INFO:teuthology.orchestra.run.smithi135.stdout:/usr/bin/ceph: stderr
2024-04-20T12:13:00.152+0000 7f7c92b9d700 1 -- 172.21.15.135:0/3775029770 shutdown_connections
2024-04-20T12:13:01.004 INFO:teuthology.orchestra.run.smithi135.stdout:/usr/bin/ceph: stderr
2024-04-20T12:13:00.152+0000 7f7c92b9d700 1 -- 172.21.15.135:0/3775029770 wait complete.
2024-04-20T12:13:01.004 INFO:teuthology.orchestra.run.smithi135.stdout:/usr/bin/ceph: stderr
2024-04-20T12:13:00.152+0000 7f7c92b9d700 1 Processor -- start
2024-04-20T12:13:01.004 INFO:teuthology.orchestra.run.smithi135.stdout:/usr/bin/ceph: stderr
2024-04-20T12:13:00.152+0000 7f7c92b9d700 1 -- start start
2024-04-20T12:13:01.004 INFO:teuthology.orchestra.run.smithi135.stdout:/usr/bin/ceph: stderr
2024-04-20T12:13:00.153+0000 7f7c92b9d700 1 --2- >> [v2:172.21.15.135:3300/0,v1:172.21.15.135:6789/0] conn(0x7f7c8c107590 0x7f7c8c192740 unknown :-1 s=NONE pgs=0 cs=0 l=1 rev1=0 crypto rx=0 tx=0 comp rx=0 tx=0).connect
2024-04-20T12:13:01.005 INFO:teuthology.orchestra.run.smithi135.stdout:/usr/bin/ceph: stderr
2024-04-20T12:13:00.153+0000 7f7c92b9d700 1 -- --> [v2:172.21.15.135:3300/0,v1:172.21.15.135:6789/0] -- mon_getmap magic: 0 -- 0x7f7c8c10bb40 con 0x7f7c8c107590
2024-04-20T12:13:01.005 INFO:teuthology.orchestra.run.smithi135.stdout:/usr/bin/ceph: stderr
2024-04-20T12:13:00.153+0000 7f7c90939700 1 --2- >> [v2:172.21.15.135:3300/0,v1:172.21.15.135:6789/0] conn(0x7f7c8c107590 0x7f7c8c192740 unknown :-1 s=BANNER_CONNECTING pgs=0 cs=0 l=1 rev1=0 crypto rx=0 tx=0 comp rx=0 tx=0)._handle_peer_banner_payload supported=3 required=0
2024-04-20T12:13:01.005 INFO:teuthology.orchestra.run.smithi135.stdout:/usr/bin/ceph: stderr
2024-04-20T12:13:00.153+0000 7f7c90939700 1 --2- >> [v2:172.21.15.135:3300/0,v1:172.21.15.135:6789/0] conn(0x7f7c8c107590 0x7f7c8c192740 unknown :-1 s=HELLO_CONNECTING pgs=0 cs=0 l=1 rev1=1 crypto rx=0 tx=0 comp rx=0 tx=0).handle_hello peer v2:172.21.15.135:3300/0 says I am v2:172.21.15.135:40016/0 (socket says 172.21.15.135:40016)
2024-04-20T12:13:01.005 INFO:teuthology.orchestra.run.smithi135.stdout:/usr/bin/ceph: stderr
2024-04-20T12:13:00.153+0000 7f7c90939700 1 -- 172.21.15.135:0/2888437741 learned_addr learned my addr 172.21.15.135:0/2888437741 (peer_addr_for_me v2:172.21.15.135:0/0)
2024-04-20T12:13:01.005 INFO:teuthology.orchestra.run.smithi135.stdout:/usr/bin/ceph: stderr
2024-04-20T12:13:00.153+0000 7f7c90939700 1 -- 172.21.15.135:0/2888437741 --> [v2:172.21.15.135:3300/0,v1:172.21.15.135:6789/0] -- mon_subscribe({config=0+,monmap=0+}) -- 0x7f7c8c192c80 con 0x7f7c8c107590
2024-04-20T12:13:01.005 INFO:teuthology.orchestra.run.smithi135.stdout:/usr/bin/ceph: stderr
2024-04-20T12:13:00.153+0000 7f7c90939700 1 --2- 172.21.15.135:0/2888437741 >> [v2:172.21.15.135:3300/0,v1:172.21.15.135:6789/0] conn(0x7f7c8c107590 0x7f7c8c192740 secure :-1 s=READY pgs=19 cs=0 l=1 rev1=1 crypto rx=0x7f7c84009e50 tx=0x7f7c8400bd30 comp rx=0 tx=0).ready entity=mon.0 client_cookie=0 server_cookie=0 in_seq=0 out_seq=0
2024-04-20T12:13:01.005 INFO:teuthology.orchestra.run.smithi135.stdout:/usr/bin/ceph: stderr
2024-04-20T12:13:00.153+0000 7f7c89ffb700 1 -- 172.21.15.135:0/2888437741 <== mon.0 v2:172.21.15.135:3300/0 1 ==== mon_map magic: 0 ==== 205+0+0 (secure 0 0 0) 0x7f7c84020020 con 0x7f7c8c107590
2024-04-20T12:13:01.005 INFO:teuthology.orchestra.run.smithi135.stdout:/usr/bin/ceph: stderr
2024-04-20T12:13:00.153+0000 7f7c89ffb700 1 -- 172.21.15.135:0/2888437741 <== mon.0 v2:172.21.15.135:3300/0 2 ==== config(27 keys) ==== 1109+0+0 (secure 0 0 0) 0x7f7c84003b50 con 0x7f7c8c107590
2024-04-20T12:13:01.005 INFO:teuthology.orchestra.run.smithi135.stdout:/usr/bin/ceph: stderr
2024-04-20T12:13:00.153+0000 7f7c92b9d700 1 -- 172.21.15.135:0/2888437741 --> [v2:172.21.15.135:3300/0,v1:172.21.15.135:6789/0] -- mon_subscribe({mgrmap=0+}) -- 0x7f7c8c190e70 con 0x7f7c8c107590
2024-04-20T12:13:01.005 INFO:teuthology.orchestra.run.smithi135.stdout:/usr/bin/ceph: stderr
2024-04-20T12:13:00.153+0000 7f7c89ffb700 1 -- 172.21.15.135:0/2888437741 <== mon.0 v2:172.21.15.135:3300/0 3 ==== mon_map magic: 0 ==== 205+0+0 (secure 0 0 0) 0x7f7c84017040 con 0x7f7c8c107590
2024-04-20T12:13:01.005 INFO:teuthology.orchestra.run.smithi135.stdout:/usr/bin/ceph: stderr
2024-04-20T12:13:00.153+0000 7f7c92b9d700 1 -- 172.21.15.135:0/2888437741 --> [v2:172.21.15.135:3300/0,v1:172.21.15.135:6789/0] -- mon_subscribe({osdmap=0}) -- 0x7f7c8c1913b0 con 0x7f7c8c107590
2024-04-20T12:13:01.005 INFO:teuthology.orchestra.run.smithi135.stdout:/usr/bin/ceph: stderr
2024-04-20T12:13:00.154+0000 7f7c89ffb700 1 -- 172.21.15.135:0/2888437741 <== mon.0 v2:172.21.15.135:3300/0 4 ==== mgrmap(e 4) ==== 46547+0+0 (secure 0 0 0) 0x7f7c84023020 con 0x7f7c8c107590
2024-04-20T12:13:01.005 INFO:teuthology.orchestra.run.smithi135.stdout:/usr/bin/ceph: stderr
2024-04-20T12:13:00.154+0000 7f7c89ffb700 1 --2- 172.21.15.135:0/2888437741 >> [v2:172.21.15.135:6800/469891744,v1:172.21.15.135:6801/469891744] conn(0x7f7c78039510 0x7f7c7803b9d0 unknown :-1 s=NONE pgs=0 cs=0 l=1 rev1=0 crypto rx=0 tx=0 comp rx=0 tx=0).connect
2024-04-20T12:13:01.005 INFO:teuthology.orchestra.run.smithi135.stdout:/usr/bin/ceph: stderr
2024-04-20T12:13:00.154+0000 7f7c89ffb700 1 -- 172.21.15.135:0/2888437741 <== mon.0 v2:172.21.15.135:3300/0 5 ==== osd_map(1..1 src has 1..1) ==== 725+0+0 (secure 0 0 0) 0x7f7c8400f050 con 0x7f7c8c107590
2024-04-20T12:13:01.006 INFO:teuthology.orchestra.run.smithi135.stdout:/usr/bin/ceph: stderr
2024-04-20T12:13:00.154+0000 7f7c8bfff700 1 --2- 172.21.15.135:0/2888437741 >> [v2:172.21.15.135:6800/469891744,v1:172.21.15.135:6801/469891744] conn(0x7f7c78039510 0x7f7c7803b9d0 unknown :-1 s=BANNER_CONNECTING pgs=0 cs=0 l=1 rev1=0 crypto rx=0 tx=0 comp rx=0 tx=0)._handle_peer_banner_payload supported=3 required=0
2024-04-20T12:13:01.006 INFO:teuthology.orchestra.run.smithi135.stdout:/usr/bin/ceph: stderr
2024-04-20T12:13:00.154+0000 7f7c92b9d700 1 -- 172.21.15.135:0/2888437741 --> [v2:172.21.15.135:3300/0,v1:172.21.15.135:6789/0] -- mon_command({"prefix": "get_command_descriptions"} v 0) -- 0x7f7c8c0640b0 con 0x7f7c8c107590
2024-04-20T12:13:01.006 INFO:teuthology.orchestra.run.smithi135.stdout:/usr/bin/ceph: stderr
2024-04-20T12:13:00.155+0000 7f7c8bfff700 1 --2- 172.21.15.135:0/2888437741 >> [v2:172.21.15.135:6800/469891744,v1:172.21.15.135:6801/469891744] conn(0x7f7c78039510 0x7f7c7803b9d0 secure :-1 s=READY pgs=6 cs=0 l=1 rev1=1 crypto rx=0x7f7c74006fd0 tx=0x7f7c74006e40 comp rx=0 tx=0).ready entity=mgr.14100 client_cookie=0 server_cookie=0 in_seq=0 out_seq=0
2024-04-20T12:13:01.006 INFO:teuthology.orchestra.run.smithi135.stdout:/usr/bin/ceph: stderr
2024-04-20T12:13:00.160+0000 7f7c89ffb700 1 -- 172.21.15.135:0/2888437741 <== mon.0 v2:172.21.15.135:3300/0 6 ==== mon_command_ack([{"prefix": "get_command_descriptions"}]=0 v0) ==== 72+0+188381 (secure 0 0 0) 0x7f7c8402a020 con 0x7f7c8c107590
2024-04-20T12:13:01.006 INFO:teuthology.orchestra.run.smithi135.stdout:/usr/bin/ceph: stderr
2024-04-20T12:13:00.438+0000 7f7c92b9d700 1 -- 172.21.15.135:0/2888437741 --> [v2:172.21.15.135:3300/0,v1:172.21.15.135:6789/0] -- mon_command({"prefix": "status", "format": "json-pretty"} v 0) -- 0x7f7c8c196490 con 0x7f7c8c107590
2024-04-20T12:13:01.006 INFO:teuthology.orchestra.run.smithi135.stdout:/usr/bin/ceph: stderr
2024-04-20T12:13:00.438+0000 7f7c89ffb700 1 -- 172.21.15.135:0/2888437741 <== mon.0 v2:172.21.15.135:3300/0 7 ==== mon_command_ack([{"prefix": "status", "format": "json-pretty"}]=0 v0) ==== 79+0+1239 (secure 0 0 0) 0x7f7c8401b730 con 0x7f7c8c107590
2024-04-20T12:13:01.006 INFO:teuthology.orchestra.run.smithi135.stdout:/usr/bin/ceph: stderr
2024-04-20T12:13:00.440+0000 7f7c92b9d700 1 -- 172.21.15.135:0/2888437741 >> [v2:172.21.15.135:6800/469891744,v1:172.21.15.135:6801/469891744] conn(0x7f7c78039510 msgr2=0x7f7c7803b9d0 secure :-1 s=STATE_CONNECTION_ESTABLISHED l=1).mark_down
2024-04-20T12:13:01.006 INFO:teuthology.orchestra.run.smithi135.stdout:/usr/bin/ceph: stderr
2024-04-20T12:13:00.440+0000 7f7c92b9d700 1 --2- 172.21.15.135:0/2888437741 >> [v2:172.21.15.135:6800/469891744,v1:172.21.15.135:6801/469891744] conn(0x7f7c78039510 0x7f7c7803b9d0 secure :-1 s=READY pgs=6 cs=0 l=1 rev1=1 crypto rx=0x7f7c74006fd0 tx=0x7f7c74006e40 comp rx=0 tx=0).stop
2024-04-20T12:13:01.006 INFO:teuthology.orchestra.run.smithi135.stdout:/usr/bin/ceph: stderr
2024-04-20T12:13:00.440+0000 7f7c92b9d700 1 -- 172.21.15.135:0/2888437741 >> [v2:172.21.15.135:3300/0,v1:172.21.15.135:6789/0] conn(0x7f7c8c107590 msgr2=0x7f7c8c192740 secure :-1 s=STATE_CONNECTION_ESTABLISHED l=1).mark_down
2024-04-20T12:13:01.006 INFO:teuthology.orchestra.run.smithi135.stdout:/usr/bin/ceph: stderr
2024-04-20T12:13:00.440+0000 7f7c92b9d700 1 --2- 172.21.15.135:0/2888437741 >> [v2:172.21.15.135:3300/0,v1:172.21.15.135:6789/0] conn(0x7f7c8c107590 0x7f7c8c192740 secure :-1 s=READY pgs=19 cs=0 l=1 rev1=1 crypto rx=0x7f7c84009e50 tx=0x7f7c8400bd30 comp rx=0 tx=0).stop
2024-04-20T12:13:01.006 INFO:teuthology.orchestra.run.smithi135.stdout:/usr/bin/ceph: stderr
2024-04-20T12:13:00.440+0000 7f7c92b9d700 1 -- 172.21.15.135:0/2888437741 shutdown_connections
2024-04-20T12:13:01.006 INFO:teuthology.orchestra.run.smithi135.stdout:/usr/bin/ceph: stderr
2024-04-20T12:13:00.440+0000 7f7c92b9d700 1 --2- 172.21.15.135:0/2888437741 >> [v2:172.21.15.135:6800/469891744,v1:172.21.15.135:6801/469891744] conn(0x7f7c78039510 0x7f7c7803b9d0 unknown :-1 s=CLOSED pgs=6 cs=0 l=1 rev1=1 crypto rx=0 tx=0 comp rx=0 tx=0).stop
2024-04-20T12:13:01.006 INFO:teuthology.orchestra.run.smithi135.stdout:/usr/bin/ceph: stderr
2024-04-20T12:13:00.440+0000 7f7c92b9d700 1 --2- 172.21.15.135:0/2888437741 >> [v2:172.21.15.135:3300/0,v1:172.21.15.135:6789/0] conn(0x7f7c8c107590 0x7f7c8c192740 unknown :-1 s=CLOSED pgs=19 cs=0 l=1 rev1=1 crypto rx=0 tx=0 comp rx=0 tx=0).stop
2024-04-20T12:13:01.007 INFO:teuthology.orchestra.run.smithi135.stdout:/usr/bin/ceph: stderr
2024-04-20T12:13:00.440+0000 7f7c92b9d700 1 -- 172.21.15.135:0/2888437741 >> 172.21.15.135:0/2888437741 conn(0x7f7c8c102b70 msgr2=0x7f7c8c103a30 unknown :-1 s=STATE_NONE l=0).mark_down
2024-04-20T12:13:01.007 INFO:teuthology.orchestra.run.smithi135.stdout:/usr/bin/ceph: stderr
2024-04-20T12:13:00.441+0000 7f7c92b9d700 1 -- 172.21.15.135:0/2888437741 shutdown_connections
2024-04-20T12:13:01.007 INFO:teuthology.orchestra.run.smithi135.stdout:/usr/bin/ceph: stderr
2024-04-20T12:13:00.441+0000 7f7c92b9d700 1 -- 172.21.15.135:0/2888437741 wait complete.
2024-04-20T12:13:01.007 INFO:teuthology.orchestra.run.smithi135.stdout:mgr is available
2024-04-20T12:13:01.574 INFO:journalctl@ceph.mon.a.smithi135.stdout:Apr 20 12:13:01 smithi135 ceph-mon[18264]: from='client.? 172.21.15.135:0/2888437741' entity='client.admin' cmd=[{"prefix": "status", "format": "json-pretty"}]: dispatch
2024-04-20T12:13:02.120 INFO:teuthology.orchestra.run.smithi135.stdout:/usr/bin/ceph: stdout
2024-04-20T12:13:02.120 INFO:teuthology.orchestra.run.smithi135.stdout:/usr/bin/ceph: stdout [global]
2024-04-20T12:13:02.120 INFO:teuthology.orchestra.run.smithi135.stdout:/usr/bin/ceph: stdout fsid = 22180be8-ff0f-11ee-bc92-c7b262605968
2024-04-20T12:13:02.120 INFO:teuthology.orchestra.run.smithi135.stdout:/usr/bin/ceph: stdout mon_osd_allow_pg_remap = true
2024-04-20T12:13:02.120 INFO:teuthology.orchestra.run.smithi135.stdout:/usr/bin/ceph: stdout mon_osd_allow_primary_affinity = true
2024-04-20T12:13:02.120 INFO:teuthology.orchestra.run.smithi135.stdout:/usr/bin/ceph: stdout mon_warn_on_no_sortbitwise = false
2024-04-20T12:13:02.120 INFO:teuthology.orchestra.run.smithi135.stdout:/usr/bin/ceph: stdout osd_crush_chooseleaf_type = 0
2024-04-20T12:13:02.120 INFO:teuthology.orchestra.run.smithi135.stdout:/usr/bin/ceph: stdout
2024-04-20T12:13:02.120 INFO:teuthology.orchestra.run.smithi135.stdout:/usr/bin/ceph: stdout [mgr]
2024-04-20T12:13:02.120 INFO:teuthology.orchestra.run.smithi135.stdout:/usr/bin/ceph: stdout mgr/telemetry/nag = false
2024-04-20T12:13:02.120 INFO:teuthology.orchestra.run.smithi135.stdout:/usr/bin/ceph: stdout
2024-04-20T12:13:02.120 INFO:teuthology.orchestra.run.smithi135.stdout:/usr/bin/ceph: stdout [osd]
2024-04-20T12:13:02.120 INFO:teuthology.orchestra.run.smithi135.stdout:/usr/bin/ceph: stdout mon_osd_backfillfull_ratio = 0.85
2024-04-20T12:13:02.120 INFO:teuthology.orchestra.run.smithi135.stdout:/usr/bin/ceph: stdout mon_osd_full_ratio = 0.9
2024-04-20T12:13:02.121 INFO:teuthology.orchestra.run.smithi135.stdout:/usr/bin/ceph: stdout mon_osd_nearfull_ratio = 0.8
2024-04-20T12:13:02.121 INFO:teuthology.orchestra.run.smithi135.stdout:/usr/bin/ceph: stdout osd_map_max_advance = 10
2024-04-20T12:13:02.121 INFO:teuthology.orchestra.run.smithi135.stdout:/usr/bin/ceph: stdout osd_sloppy_crc = true
2024-04-20T12:13:02.121 INFO:teuthology.orchestra.run.smithi135.stdout:/usr/bin/ceph: stderr
2024-04-20T12:13:01.371+0000 7f3caddfe700 1 Processor -- start
2024-04-20T12:13:02.121 INFO:teuthology.orchestra.run.smithi135.stdout:/usr/bin/ceph: stderr
2024-04-20T12:13:01.371+0000 7f3caddfe700 1 -- start start
2024-04-20T12:13:02.121 INFO:teuthology.orchestra.run.smithi135.stdout:/usr/bin/ceph: stderr
2024-04-20T12:13:01.371+0000 7f3caddfe700 1 --2- >> [v2:172.21.15.135:3300/0,v1:172.21.15.135:6789/0] conn(0x7f3ca8106960 0x7f3ca8106d80 unknown :-1 s=NONE pgs=0 cs=0 l=0 rev1=0 crypto rx=0 tx=0 comp rx=0 tx=0).connect
2024-04-20T12:13:02.121 INFO:teuthology.orchestra.run.smithi135.stdout:/usr/bin/ceph: stderr
2024-04-20T12:13:01.371+0000 7f3caddfe700 1 -- --> [v2:172.21.15.135:3300/0,v1:172.21.15.135:6789/0] -- mon_getmap magic: 0 -- 0x7f3ca8107350 con 0x7f3ca8106960
2024-04-20T12:13:02.121 INFO:teuthology.orchestra.run.smithi135.stdout:/usr/bin/ceph: stderr
2024-04-20T12:13:01.372+0000 7f3ca77fe700 1 --2- >> [v2:172.21.15.135:3300/0,v1:172.21.15.135:6789/0] conn(0x7f3ca8106960 0x7f3ca8106d80 unknown :-1 s=BANNER_CONNECTING pgs=0 cs=0 l=0 rev1=0 crypto rx=0 tx=0 comp rx=0 tx=0)._handle_peer_banner_payload supported=3 required=0
2024-04-20T12:13:02.121 INFO:teuthology.orchestra.run.smithi135.stdout:/usr/bin/ceph: stderr
2024-04-20T12:13:01.372+0000 7f3ca77fe700 1 --2- >> [v2:172.21.15.135:3300/0,v1:172.21.15.135:6789/0] conn(0x7f3ca8106960 0x7f3ca8106d80 unknown :-1 s=HELLO_CONNECTING pgs=0 cs=0 l=0 rev1=1 crypto rx=0 tx=0 comp rx=0 tx=0).handle_hello peer v2:172.21.15.135:3300/0 says I am v2:172.21.15.135:54240/0 (socket says 172.21.15.135:54240)
2024-04-20T12:13:02.121 INFO:teuthology.orchestra.run.smithi135.stdout:/usr/bin/ceph: stderr
2024-04-20T12:13:01.372+0000 7f3ca77fe700 1 -- 172.21.15.135:0/3280286724 learned_addr learned my addr 172.21.15.135:0/3280286724 (peer_addr_for_me v2:172.21.15.135:0/0)
2024-04-20T12:13:02.121 INFO:teuthology.orchestra.run.smithi135.stdout:/usr/bin/ceph: stderr
2024-04-20T12:13:01.372+0000 7f3ca77fe700 1 -- 172.21.15.135:0/3280286724 --> [v2:172.21.15.135:3300/0,v1:172.21.15.135:6789/0] -- mon_subscribe({config=0+,monmap=0+}) -- 0x7f3ca8109940 con 0x7f3ca8106960
2024-04-20T12:13:02.121 INFO:teuthology.orchestra.run.smithi135.stdout:/usr/bin/ceph: stderr
2024-04-20T12:13:01.372+0000 7f3ca77fe700 1 --2- 172.21.15.135:0/3280286724 >> [v2:172.21.15.135:3300/0,v1:172.21.15.135:6789/0] conn(0x7f3ca8106960 0x7f3ca8106d80 secure :-1 s=READY pgs=20 cs=0 l=1 rev1=1 crypto rx=0x7f3c980098a0 tx=0x7f3c98009bb0 comp rx=0 tx=0).ready entity=mon.0 client_cookie=ebfa2ab0ba2c6cb5 server_cookie=0 in_seq=0 out_seq=0
2024-04-20T12:13:02.121 INFO:teuthology.orchestra.run.smithi135.stdout:/usr/bin/ceph: stderr
2024-04-20T12:13:01.372+0000 7f3ca67fc700 1 -- 172.21.15.135:0/3280286724 <== mon.0 v2:172.21.15.135:3300/0 1 ==== mon_map magic: 0 ==== 205+0+0 (secure 0 0 0) 0x7f3c98004160 con 0x7f3ca8106960
2024-04-20T12:13:02.121 INFO:teuthology.orchestra.run.smithi135.stdout:/usr/bin/ceph: stderr
2024-04-20T12:13:01.372+0000 7f3ca67fc700 1 -- 172.21.15.135:0/3280286724 <== mon.0 v2:172.21.15.135:3300/0 2 ==== config(27 keys) ==== 1109+0+0 (secure 0 0 0) 0x7f3c98004300 con 0x7f3ca8106960
2024-04-20T12:13:02.121 INFO:teuthology.orchestra.run.smithi135.stdout:/usr/bin/ceph: stderr
2024-04-20T12:13:01.372+0000 7f3ca67fc700 1 -- 172.21.15.135:0/3280286724 <== mon.0 v2:172.21.15.135:3300/0 3 ==== mon_map magic: 0 ==== 205+0+0 (secure 0 0 0) 0x7f3c98011b50 con 0x7f3ca8106960
2024-04-20T12:13:02.122 INFO:teuthology.orchestra.run.smithi135.stdout:/usr/bin/ceph: stderr
2024-04-20T12:13:01.373+0000 7f3caddfe700 1 -- 172.21.15.135:0/3280286724 >> [v2:172.21.15.135:3300/0,v1:172.21.15.135:6789/0] conn(0x7f3ca8106960 msgr2=0x7f3ca8106d80 secure :-1 s=STATE_CONNECTION_ESTABLISHED l=1).mark_down
2024-04-20T12:13:02.122 INFO:teuthology.orchestra.run.smithi135.stdout:/usr/bin/ceph: stderr
2024-04-20T12:13:01.373+0000 7f3caddfe700 1 --2- 172.21.15.135:0/3280286724 >> [v2:172.21.15.135:3300/0,v1:172.21.15.135:6789/0] conn(0x7f3ca8106960 0x7f3ca8106d80 secure :-1 s=READY pgs=20 cs=0 l=1 rev1=1 crypto rx=0x7f3c980098a0 tx=0x7f3c98009bb0 comp rx=0 tx=0).stop
2024-04-20T12:13:02.122 INFO:teuthology.orchestra.run.smithi135.stdout:/usr/bin/ceph: stderr
2024-04-20T12:13:01.373+0000 7f3caddfe700 1 -- 172.21.15.135:0/3280286724 shutdown_connections
2024-04-20T12:13:02.122 INFO:teuthology.orchestra.run.smithi135.stdout:/usr/bin/ceph: stderr
2024-04-20T12:13:01.373+0000 7f3caddfe700 1 --2- 172.21.15.135:0/3280286724 >> [v2:172.21.15.135:3300/0,v1:172.21.15.135:6789/0] conn(0x7f3ca8106960 0x7f3ca8106d80 unknown :-1 s=CLOSED pgs=20 cs=0 l=1 rev1=1 crypto rx=0 tx=0 comp rx=0 tx=0).stop
2024-04-20T12:13:02.122 INFO:teuthology.orchestra.run.smithi135.stdout:/usr/bin/ceph: stderr
2024-04-20T12:13:01.373+0000 7f3caddfe700 1 -- 172.21.15.135:0/3280286724 >> 172.21.15.135:0/3280286724 conn(0x7f3ca81022e0 msgr2=0x7f3ca8104700 unknown :-1 s=STATE_NONE l=0).mark_down
2024-04-20T12:13:02.122 INFO:teuthology.orchestra.run.smithi135.stdout:/usr/bin/ceph: stderr
2024-04-20T12:13:01.373+0000 7f3caddfe700 1 -- 172.21.15.135:0/3280286724 shutdown_connections
2024-04-20T12:13:02.122 INFO:teuthology.orchestra.run.smithi135.stdout:/usr/bin/ceph: stderr
2024-04-20T12:13:01.373+0000 7f3caddfe700 1 -- 172.21.15.135:0/3280286724 wait complete.
2024-04-20T12:13:02.122 INFO:teuthology.orchestra.run.smithi135.stdout:/usr/bin/ceph: stderr
2024-04-20T12:13:01.374+0000 7f3caddfe700 1 Processor -- start
2024-04-20T12:13:02.122 INFO:teuthology.orchestra.run.smithi135.stdout:/usr/bin/ceph: stderr
2024-04-20T12:13:01.374+0000 7f3caddfe700 1 -- start start
2024-04-20T12:13:02.122 INFO:teuthology.orchestra.run.smithi135.stdout:/usr/bin/ceph: stderr
2024-04-20T12:13:01.374+0000 7f3caddfe700 1 --2- >> [v2:172.21.15.135:3300/0,v1:172.21.15.135:6789/0] conn(0x7f3ca8106960 0x7f3ca819c6f0 unknown :-1 s=NONE pgs=0 cs=0 l=1 rev1=0 crypto rx=0 tx=0 comp rx=0 tx=0).connect
2024-04-20T12:13:02.122 INFO:teuthology.orchestra.run.smithi135.stdout:/usr/bin/ceph: stderr
2024-04-20T12:13:01.374+0000 7f3caddfe700 1 -- --> [v2:172.21.15.135:3300/0,v1:172.21.15.135:6789/0] -- mon_getmap magic: 0 -- 0x7f3ca810ccf0 con 0x7f3ca8106960
2024-04-20T12:13:02.122 INFO:teuthology.orchestra.run.smithi135.stdout:/usr/bin/ceph: stderr
2024-04-20T12:13:01.374+0000 7f3ca77fe700 1 --2- >> [v2:172.21.15.135:3300/0,v1:172.21.15.135:6789/0] conn(0x7f3ca8106960 0x7f3ca819c6f0 unknown :-1 s=BANNER_CONNECTING pgs=0 cs=0 l=1 rev1=0 crypto rx=0 tx=0 comp rx=0 tx=0)._handle_peer_banner_payload supported=3 required=0
2024-04-20T12:13:02.122 INFO:teuthology.orchestra.run.smithi135.stdout:/usr/bin/ceph: stderr
2024-04-20T12:13:01.374+0000 7f3ca77fe700 1 --2- >> [v2:172.21.15.135:3300/0,v1:172.21.15.135:6789/0] conn(0x7f3ca8106960 0x7f3ca819c6f0 unknown :-1 s=HELLO_CONNECTING pgs=0 cs=0 l=1 rev1=1 crypto rx=0 tx=0 comp rx=0 tx=0).handle_hello peer v2:172.21.15.135:3300/0 says I am v2:172.21.15.135:54248/0 (socket says 172.21.15.135:54248)
2024-04-20T12:13:02.122 INFO:teuthology.orchestra.run.smithi135.stdout:/usr/bin/ceph: stderr
2024-04-20T12:13:01.374+0000 7f3ca77fe700 1 -- 172.21.15.135:0/4059656528 learned_addr learned my addr 172.21.15.135:0/4059656528 (peer_addr_for_me v2:172.21.15.135:0/0)
2024-04-20T12:13:02.122 INFO:teuthology.orchestra.run.smithi135.stdout:/usr/bin/ceph: stderr
2024-04-20T12:13:01.374+0000 7f3ca77fe700 1 -- 172.21.15.135:0/4059656528 --> [v2:172.21.15.135:3300/0,v1:172.21.15.135:6789/0] -- mon_subscribe({config=0+,monmap=0+}) -- 0x7f3ca819cc30 con 0x7f3ca8106960
2024-04-20T12:13:02.123 INFO:teuthology.orchestra.run.smithi135.stdout:/usr/bin/ceph: stderr
2024-04-20T12:13:01.374+0000 7f3ca77fe700 1 --2- 172.21.15.135:0/4059656528 >> [v2:172.21.15.135:3300/0,v1:172.21.15.135:6789/0] conn(0x7f3ca8106960 0x7f3ca819c6f0 secure :-1 s=READY pgs=21 cs=0 l=1 rev1=1 crypto rx=0x7f3c98011850 tx=0x7f3c98011c10 comp rx=0 tx=0).ready entity=mon.0 client_cookie=0 server_cookie=0 in_seq=0 out_seq=0
2024-04-20T12:13:02.123 INFO:teuthology.orchestra.run.smithi135.stdout:/usr/bin/ceph: stderr
2024-04-20T12:13:01.375+0000 7f3ca4ff9700 1 -- 172.21.15.135:0/4059656528 <== mon.0 v2:172.21.15.135:3300/0 1 ==== mon_map magic: 0 ==== 205+0+0 (secure 0 0 0) 0x7f3c98003af0 con 0x7f3ca8106960
2024-04-20T12:13:02.123 INFO:teuthology.orchestra.run.smithi135.stdout:/usr/bin/ceph: stderr
2024-04-20T12:13:01.375+0000 7f3ca4ff9700 1 -- 172.21.15.135:0/4059656528 <== mon.0 v2:172.21.15.135:3300/0 2 ==== config(27 keys) ==== 1109+0+0 (secure 0 0 0) 0x7f3c98020070 con 0x7f3ca8106960
2024-04-20T12:13:02.123 INFO:teuthology.orchestra.run.smithi135.stdout:/usr/bin/ceph: stderr
2024-04-20T12:13:01.375+0000 7f3caddfe700 1 -- 172.21.15.135:0/4059656528 --> [v2:172.21.15.135:3300/0,v1:172.21.15.135:6789/0] -- mon_subscribe({mgrmap=0+}) -- 0x7f3ca819cec0 con 0x7f3ca8106960
2024-04-20T12:13:02.123 INFO:teuthology.orchestra.run.smithi135.stdout:/usr/bin/ceph: stderr
2024-04-20T12:13:01.375+0000 7f3ca4ff9700 1 -- 172.21.15.135:0/4059656528 <== mon.0 v2:172.21.15.135:3300/0 3 ==== mon_map magic: 0 ==== 205+0+0 (secure 0 0 0) 0x7f3c980195a0 con 0x7f3ca8106960
2024-04-20T12:13:02.123 INFO:teuthology.orchestra.run.smithi135.stdout:/usr/bin/ceph: stderr
2024-04-20T12:13:01.375+0000 7f3caddfe700 1 -- 172.21.15.135:0/4059656528 --> [v2:172.21.15.135:3300/0,v1:172.21.15.135:6789/0] -- mon_subscribe({osdmap=0}) -- 0x7f3ca819fbb0 con 0x7f3ca8106960
2024-04-20T12:13:02.123 INFO:teuthology.orchestra.run.smithi135.stdout:/usr/bin/ceph: stderr
2024-04-20T12:13:01.376+0000 7f3ca4ff9700 1 -- 172.21.15.135:0/4059656528 <== mon.0 v2:172.21.15.135:3300/0 4 ==== mgrmap(e 4) ==== 46547+0+0 (secure 0 0 0) 0x7f3c980198a0 con 0x7f3ca8106960
2024-04-20T12:13:02.123 INFO:teuthology.orchestra.run.smithi135.stdout:/usr/bin/ceph: stderr
2024-04-20T12:13:01.376+0000 7f3caddfe700 1 -- 172.21.15.135:0/4059656528 --> [v2:172.21.15.135:3300/0,v1:172.21.15.135:6789/0] -- mon_command({"prefix": "get_command_descriptions"} v 0) -- 0x7f3ca80640b0 con 0x7f3ca8106960
2024-04-20T12:13:02.123 INFO:teuthology.orchestra.run.smithi135.stdout:/usr/bin/ceph: stderr
2024-04-20T12:13:01.376+0000 7f3ca4ff9700 1 --2- 172.21.15.135:0/4059656528 >> [v2:172.21.15.135:6800/469891744,v1:172.21.15.135:6801/469891744] conn(0x7f3c90039560 0x7f3c9003ba20 unknown :-1 s=NONE pgs=0 cs=0 l=1 rev1=0 crypto rx=0 tx=0 comp rx=0 tx=0).connect
2024-04-20T12:13:02.123 INFO:teuthology.orchestra.run.smithi135.stdout:/usr/bin/ceph: stderr
2024-04-20T12:13:01.376+0000 7f3ca4ff9700 1 -- 172.21.15.135:0/4059656528 <== mon.0 v2:172.21.15.135:3300/0 5 ==== osd_map(1..1 src has 1..1) ==== 725+0+0 (secure 0 0 0) 0x7f3c98011e00 con 0x7f3ca8106960
2024-04-20T12:13:02.123 INFO:teuthology.orchestra.run.smithi135.stdout:/usr/bin/ceph: stderr
2024-04-20T12:13:01.376+0000 7f3ca6ffd700 1 --2- 172.21.15.135:0/4059656528 >> [v2:172.21.15.135:6800/469891744,v1:172.21.15.135:6801/469891744] conn(0x7f3c90039560 0x7f3c9003ba20 unknown :-1 s=BANNER_CONNECTING pgs=0 cs=0 l=1 rev1=0 crypto rx=0 tx=0 comp rx=0 tx=0)._handle_peer_banner_payload supported=3 required=0
2024-04-20T12:13:02.123 INFO:teuthology.orchestra.run.smithi135.stdout:/usr/bin/ceph: stderr
2024-04-20T12:13:01.376+0000 7f3ca6ffd700 1 --2- 172.21.15.135:0/4059656528 >> [v2:172.21.15.135:6800/469891744,v1:172.21.15.135:6801/469891744] conn(0x7f3c90039560 0x7f3c9003ba20 secure :-1 s=READY pgs=7 cs=0 l=1 rev1=1 crypto rx=0x7f3c9c006fd0 tx=0x7f3c9c006e40 comp rx=0 tx=0).ready entity=mgr.14100 client_cookie=0 server_cookie=0 in_seq=0 out_seq=0
2024-04-20T12:13:02.124 INFO:teuthology.orchestra.run.smithi135.stdout:/usr/bin/ceph: stderr
2024-04-20T12:13:01.381+0000 7f3ca4ff9700 1 -- 172.21.15.135:0/4059656528 <== mon.0 v2:172.21.15.135:3300/0 6 ==== mon_command_ack([{"prefix": "get_command_descriptions"}]=0 v0) ==== 72+0+188381 (secure 0 0 0) 0x7f3c98003c90 con 0x7f3ca8106960
2024-04-20T12:13:02.124 INFO:teuthology.orchestra.run.smithi135.stdout:/usr/bin/ceph: stderr
2024-04-20T12:13:01.574+0000 7f3caddfe700 1 -- 172.21.15.135:0/4059656528 --> [v2:172.21.15.135:3300/0,v1:172.21.15.135:6789/0] -- mon_command({"prefix": "config assimilate-conf"} v 0) -- 0x7f3ca81a12c0 con 0x7f3ca8106960
2024-04-20T12:13:02.124 INFO:teuthology.orchestra.run.smithi135.stdout:/usr/bin/ceph: stderr
2024-04-20T12:13:01.575+0000 7f3ca4ff9700 1 -- 172.21.15.135:0/4059656528 <== mon.0 v2:172.21.15.135:3300/0 7 ==== mon_command_ack([{"prefix": "config assimilate-conf"}]=0 v3) ==== 70+0+373 (secure 0 0 0) 0x7f3c98023530 con 0x7f3ca8106960
2024-04-20T12:13:02.124 INFO:teuthology.orchestra.run.smithi135.stdout:/usr/bin/ceph: stderr
2024-04-20T12:13:01.578+0000 7f3caddfe700 1 -- 172.21.15.135:0/4059656528 >> [v2:172.21.15.135:6800/469891744,v1:172.21.15.135:6801/469891744] conn(0x7f3c90039560 msgr2=0x7f3c9003ba20 secure :-1 s=STATE_CONNECTION_ESTABLISHED l=1).mark_down
2024-04-20T12:13:02.124 INFO:teuthology.orchestra.run.smithi135.stdout:/usr/bin/ceph: stderr
2024-04-20T12:13:01.578+0000 7f3caddfe700 1 --2- 172.21.15.135:0/4059656528 >> [v2:172.21.15.135:6800/469891744,v1:172.21.15.135:6801/469891744] conn(0x7f3c90039560 0x7f3c9003ba20 secure :-1 s=READY pgs=7 cs=0 l=1 rev1=1 crypto rx=0x7f3c9c006fd0 tx=0x7f3c9c006e40 comp rx=0 tx=0).stop
2024-04-20T12:13:02.124 INFO:teuthology.orchestra.run.smithi135.stdout:/usr/bin/ceph: stderr
2024-04-20T12:13:01.578+0000 7f3caddfe700 1 -- 172.21.15.135:0/4059656528 >> [v2:172.21.15.135:3300/0,v1:172.21.15.135:6789/0] conn(0x7f3ca8106960 msgr2=0x7f3ca819c6f0 secure :-1 s=STATE_CONNECTION_ESTABLISHED l=1).mark_down
2024-04-20T12:13:02.124 INFO:teuthology.orchestra.run.smithi135.stdout:/usr/bin/ceph: stderr
2024-04-20T12:13:01.578+0000 7f3caddfe700 1 --2- 172.21.15.135:0/4059656528 >> [v2:172.21.15.135:3300/0,v1:172.21.15.135:6789/0] conn(0x7f3ca8106960 0x7f3ca819c6f0 secure :-1 s=READY pgs=21 cs=0 l=1 rev1=1 crypto rx=0x7f3c98011850 tx=0x7f3c98011c10 comp rx=0 tx=0).stop
2024-04-20T12:13:02.124 INFO:teuthology.orchestra.run.smithi135.stdout:/usr/bin/ceph: stderr
2024-04-20T12:13:01.578+0000 7f3caddfe700 1 -- 172.21.15.135:0/4059656528 shutdown_connections
2024-04-20T12:13:02.124 INFO:teuthology.orchestra.run.smithi135.stdout:/usr/bin/ceph: stderr
2024-04-20T12:13:01.578+0000 7f3caddfe700 1 --2- 172.21.15.135:0/4059656528 >> [v2:172.21.15.135:6800/469891744,v1:172.21.15.135:6801/469891744] conn(0x7f3c90039560 0x7f3c9003ba20 unknown :-1 s=CLOSED pgs=7 cs=0 l=1 rev1=1 crypto rx=0 tx=0 comp rx=0 tx=0).stop
2024-04-20T12:13:02.124 INFO:teuthology.orchestra.run.smithi135.stdout:/usr/bin/ceph: stderr
2024-04-20T12:13:01.578+0000 7f3caddfe700 1 --2- 172.21.15.135:0/4059656528 >> [v2:172.21.15.135:3300/0,v1:172.21.15.135:6789/0] conn(0x7f3ca8106960 0x7f3ca819c6f0 unknown :-1 s=CLOSED pgs=21 cs=0 l=1 rev1=1 crypto rx=0 tx=0 comp rx=0 tx=0).stop
2024-04-20T12:13:02.124 INFO:teuthology.orchestra.run.smithi135.stdout:/usr/bin/ceph: stderr
2024-04-20T12:13:01.578+0000 7f3caddfe700 1 -- 172.21.15.135:0/4059656528 >> 172.21.15.135:0/4059656528 conn(0x7f3ca81022e0 msgr2=0x7f3ca8102eb0 unknown :-1 s=STATE_NONE l=0).mark_down
2024-04-20T12:13:02.124 INFO:teuthology.orchestra.run.smithi135.stdout:/usr/bin/ceph: stderr
2024-04-20T12:13:01.578+0000 7f3caddfe700 1 -- 172.21.15.135:0/4059656528 shutdown_connections
2024-04-20T12:13:02.124 INFO:teuthology.orchestra.run.smithi135.stdout:/usr/bin/ceph: stderr
2024-04-20T12:13:01.578+0000 7f3caddfe700 1 -- 172.21.15.135:0/4059656528 wait complete.
2024-04-20T12:13:02.124 INFO:teuthology.orchestra.run.smithi135.stdout:Enabling cephadm module...
2024-04-20T12:13:02.440 INFO:journalctl@ceph.mon.a.smithi135.stdout:Apr 20 12:13:02 smithi135 ceph-mon[18264]: from='client.? 172.21.15.135:0/4059656528' entity='client.admin' cmd=[{"prefix": "config assimilate-conf"}]: dispatch
2024-04-20T12:13:03.467 INFO:journalctl@ceph.mon.a.smithi135.stdout:Apr 20 12:13:03 smithi135 ceph-mon[18264]: from='client.? 172.21.15.135:0/2361507188' entity='client.admin' cmd=[{"prefix": "mgr module enable", "module": "cephadm"}]: dispatch
2024-04-20T12:13:03.468 INFO:journalctl@ceph.mgr.x.smithi135.stdout:Apr 20 12:13:03 smithi135 ceph-22180be8-ff0f-11ee-bc92-c7b262605968-mgr-x[18492]: ignoring --setuser ceph since I am not root
2024-04-20T12:13:03.468 INFO:journalctl@ceph.mgr.x.smithi135.stdout:Apr 20 12:13:03 smithi135 ceph-22180be8-ff0f-11ee-bc92-c7b262605968-mgr-x[18492]: ignoring --setgroup ceph since I am not root
2024-04-20T12:13:03.468 INFO:journalctl@ceph.mgr.x.smithi135.stdout:Apr 20 12:13:03 smithi135 ceph-22180be8-ff0f-11ee-bc92-c7b262605968-mgr-x[18492]:
2024-04-20T12:13:03.350+0000 7f4ee4917200 -1 mgr[py] Module balancer has missing NOTIFY_TYPES member
2024-04-20T12:13:03.744 INFO:journalctl@ceph.mgr.x.smithi135.stdout:Apr 20 12:13:03 smithi135 ceph-22180be8-ff0f-11ee-bc92-c7b262605968-mgr-x[18492]:
2024-04-20T12:13:03.535+0000 7f4ee4917200 -1 mgr[py] Module orchestrator has missing NOTIFY_TYPES member
2024-04-20T12:13:03.745 INFO:journalctl@ceph.mgr.x.smithi135.stdout:Apr 20 12:13:03 smithi135 ceph-22180be8-ff0f-11ee-bc92-c7b262605968-mgr-x[18492]:
2024-04-20T12:13:03.637+0000 7f4ee4917200 -1 mgr[py] Module snap_schedule has missing NOTIFY_TYPES member
2024-04-20T12:13:03.752 INFO:teuthology.orchestra.run.smithi135.stdout:/usr/bin/ceph: stderr
2024-04-20T12:13:02.540+0000 7fad780c8700 1 Processor -- start
2024-04-20T12:13:03.752 INFO:teuthology.orchestra.run.smithi135.stdout:/usr/bin/ceph: stderr
2024-04-20T12:13:02.540+0000 7fad780c8700 1 -- start start
2024-04-20T12:13:03.752 INFO:teuthology.orchestra.run.smithi135.stdout:/usr/bin/ceph: stderr
2024-04-20T12:13:02.540+0000 7fad780c8700 1 --2- >> [v2:172.21.15.135:3300/0,v1:172.21.15.135:6789/0] conn(0x7fad70106f70 0x7fad70107390 unknown :-1 s=NONE pgs=0 cs=0 l=0 rev1=0 crypto rx=0 tx=0 comp rx=0 tx=0).connect
2024-04-20T12:13:03.752 INFO:teuthology.orchestra.run.smithi135.stdout:/usr/bin/ceph: stderr
2024-04-20T12:13:02.540+0000 7fad780c8700 1 -- --> [v2:172.21.15.135:3300/0,v1:172.21.15.135:6789/0] -- mon_getmap magic: 0 -- 0x7fad7007be50 con 0x7fad70106f70
2024-04-20T12:13:03.752 INFO:teuthology.orchestra.run.smithi135.stdout:/usr/bin/ceph: stderr
2024-04-20T12:13:02.540+0000 7fad75e64700 1 --2- >> [v2:172.21.15.135:3300/0,v1:172.21.15.135:6789/0] conn(0x7fad70106f70 0x7fad70107390 unknown :-1 s=BANNER_CONNECTING pgs=0 cs=0 l=0 rev1=0 crypto rx=0 tx=0 comp rx=0 tx=0)._handle_peer_banner_payload supported=3 required=0
2024-04-20T12:13:03.753 INFO:teuthology.orchestra.run.smithi135.stdout:/usr/bin/ceph: stderr
2024-04-20T12:13:02.540+0000 7fad75e64700 1 --2- >> [v2:172.21.15.135:3300/0,v1:172.21.15.135:6789/0] conn(0x7fad70106f70 0x7fad70107390 unknown :-1 s=HELLO_CONNECTING pgs=0 cs=0 l=0 rev1=1 crypto rx=0 tx=0 comp rx=0 tx=0).handle_hello peer v2:172.21.15.135:3300/0 says I am v2:172.21.15.135:54254/0 (socket says 172.21.15.135:54254)
2024-04-20T12:13:03.753 INFO:teuthology.orchestra.run.smithi135.stdout:/usr/bin/ceph: stderr
2024-04-20T12:13:02.540+0000 7fad75e64700 1 -- 172.21.15.135:0/605929113 learned_addr learned my addr 172.21.15.135:0/605929113 (peer_addr_for_me v2:172.21.15.135:0/0)
2024-04-20T12:13:03.753 INFO:teuthology.orchestra.run.smithi135.stdout:/usr/bin/ceph: stderr
2024-04-20T12:13:02.541+0000 7fad75e64700 1 -- 172.21.15.135:0/605929113 --> [v2:172.21.15.135:3300/0,v1:172.21.15.135:6789/0] -- mon_subscribe({config=0+,monmap=0+}) -- 0x7fad701078d0 con 0x7fad70106f70
2024-04-20T12:13:03.753 INFO:teuthology.orchestra.run.smithi135.stdout:/usr/bin/ceph: stderr
2024-04-20T12:13:02.541+0000 7fad75e64700 1 --2- 172.21.15.135:0/605929113 >> [v2:172.21.15.135:3300/0,v1:172.21.15.135:6789/0] conn(0x7fad70106f70 0x7fad70107390 secure :-1 s=READY pgs=22 cs=0 l=1 rev1=1 crypto rx=0x7fad6c0098a0 tx=0x7fad6c009bb0 comp rx=0 tx=0).ready entity=mon.0 client_cookie=58e8f0d0e69481c server_cookie=0 in_seq=0 out_seq=0
2024-04-20T12:13:03.753 INFO:teuthology.orchestra.run.smithi135.stdout:/usr/bin/ceph: stderr
2024-04-20T12:13:02.541+0000 7fad74e62700 1 -- 172.21.15.135:0/605929113 <== mon.0 v2:172.21.15.135:3300/0 1 ==== mon_map magic: 0 ==== 205+0+0 (secure 0 0 0) 0x7fad6c004160 con 0x7fad70106f70
2024-04-20T12:13:03.753 INFO:teuthology.orchestra.run.smithi135.stdout:/usr/bin/ceph: stderr
2024-04-20T12:13:02.541+0000 7fad74e62700 1 -- 172.21.15.135:0/605929113 <== mon.0 v2:172.21.15.135:3300/0 2 ==== config(27 keys) ==== 1109+0+0 (secure 0 0 0) 0x7fad6c004300 con 0x7fad70106f70
2024-04-20T12:13:03.753 INFO:teuthology.orchestra.run.smithi135.stdout:/usr/bin/ceph: stderr
2024-04-20T12:13:02.541+0000 7fad74e62700 1 -- 172.21.15.135:0/605929113 <== mon.0 v2:172.21.15.135:3300/0 3 ==== mon_map magic: 0 ==== 205+0+0 (secure 0 0 0) 0x7fad6c011b50 con 0x7fad70106f70
2024-04-20T12:13:03.753 INFO:teuthology.orchestra.run.smithi135.stdout:/usr/bin/ceph: stderr
2024-04-20T12:13:02.541+0000 7fad780c8700 1 -- 172.21.15.135:0/605929113 >> [v2:172.21.15.135:3300/0,v1:172.21.15.135:6789/0] conn(0x7fad70106f70 msgr2=0x7fad70107390 secure :-1 s=STATE_CONNECTION_ESTABLISHED l=1).mark_down
2024-04-20T12:13:03.753 INFO:teuthology.orchestra.run.smithi135.stdout:/usr/bin/ceph: stderr
2024-04-20T12:13:02.541+0000 7fad780c8700 1 --2- 172.21.15.135:0/605929113 >> [v2:172.21.15.135:3300/0,v1:172.21.15.135:6789/0] conn(0x7fad70106f70 0x7fad70107390 secure :-1 s=READY pgs=22 cs=0 l=1 rev1=1 crypto rx=0x7fad6c0098a0 tx=0x7fad6c009bb0 comp rx=0 tx=0).stop
2024-04-20T12:13:03.753 INFO:teuthology.orchestra.run.smithi135.stdout:/usr/bin/ceph: stderr
2024-04-20T12:13:02.541+0000 7fad780c8700 1 -- 172.21.15.135:0/605929113 shutdown_connections
2024-04-20T12:13:03.753 INFO:teuthology.orchestra.run.smithi135.stdout:/usr/bin/ceph: stderr
2024-04-20T12:13:02.541+0000 7fad780c8700 1 --2- 172.21.15.135:0/605929113 >> [v2:172.21.15.135:3300/0,v1:172.21.15.135:6789/0] conn(0x7fad70106f70 0x7fad70107390 unknown :-1 s=CLOSED pgs=22 cs=0 l=1 rev1=1 crypto rx=0 tx=0 comp rx=0 tx=0).stop
2024-04-20T12:13:03.753 INFO:teuthology.orchestra.run.smithi135.stdout:/usr/bin/ceph: stderr
2024-04-20T12:13:02.542+0000 7fad780c8700 1 -- 172.21.15.135:0/605929113 >> 172.21.15.135:0/605929113 conn(0x7fad70102bb0 msgr2=0x7fad70104fd0 unknown :-1 s=STATE_NONE l=0).mark_down
2024-04-20T12:13:03.753 INFO:teuthology.orchestra.run.smithi135.stdout:/usr/bin/ceph: stderr
2024-04-20T12:13:02.542+0000 7fad780c8700 1 -- 172.21.15.135:0/605929113 shutdown_connections
2024-04-20T12:13:03.753 INFO:teuthology.orchestra.run.smithi135.stdout:/usr/bin/ceph: stderr
2024-04-20T12:13:02.542+0000 7fad780c8700 1 -- 172.21.15.135:0/605929113 wait complete.
2024-04-20T12:13:03.753 INFO:teuthology.orchestra.run.smithi135.stdout:/usr/bin/ceph: stderr
2024-04-20T12:13:02.542+0000 7fad780c8700 1 Processor -- start
2024-04-20T12:13:03.753 INFO:teuthology.orchestra.run.smithi135.stdout:/usr/bin/ceph: stderr
2024-04-20T12:13:02.542+0000 7fad780c8700 1 -- start start
2024-04-20T12:13:03.754 INFO:teuthology.orchestra.run.smithi135.stdout:/usr/bin/ceph: stderr
2024-04-20T12:13:02.542+0000 7fad780c8700 1 --2- >> [v2:172.21.15.135:3300/0,v1:172.21.15.135:6789/0] conn(0x7fad70106f70 0x7fad7019e830 unknown :-1 s=NONE pgs=0 cs=0 l=1 rev1=0 crypto rx=0 tx=0 comp rx=0 tx=0).connect
2024-04-20T12:13:03.754 INFO:teuthology.orchestra.run.smithi135.stdout:/usr/bin/ceph: stderr
2024-04-20T12:13:02.542+0000 7fad780c8700 1 -- --> [v2:172.21.15.135:3300/0,v1:172.21.15.135:6789/0] -- mon_getmap magic: 0 -- 0x7fad70108960 con 0x7fad70106f70
2024-04-20T12:13:03.754 INFO:teuthology.orchestra.run.smithi135.stdout:/usr/bin/ceph: stderr
2024-04-20T12:13:02.542+0000 7fad75e64700 1 --2- >> [v2:172.21.15.135:3300/0,v1:172.21.15.135:6789/0] conn(0x7fad70106f70 0x7fad7019e830 unknown :-1 s=BANNER_CONNECTING pgs=0 cs=0 l=1 rev1=0 crypto rx=0 tx=0 comp rx=0 tx=0)._handle_peer_banner_payload supported=3 required=0
2024-04-20T12:13:03.754 INFO:teuthology.orchestra.run.smithi135.stdout:/usr/bin/ceph: stderr
2024-04-20T12:13:02.542+0000 7fad75e64700 1 --2- >> [v2:172.21.15.135:3300/0,v1:172.21.15.135:6789/0] conn(0x7fad70106f70 0x7fad7019e830 unknown :-1 s=HELLO_CONNECTING pgs=0 cs=0 l=1 rev1=1 crypto rx=0 tx=0 comp rx=0 tx=0).handle_hello peer v2:172.21.15.135:3300/0 says I am v2:172.21.15.135:54266/0 (socket says 172.21.15.135:54266)
2024-04-20T12:13:03.754 INFO:teuthology.orchestra.run.smithi135.stdout:/usr/bin/ceph: stderr
2024-04-20T12:13:02.542+0000 7fad75e64700 1 -- 172.21.15.135:0/2361507188 learned_addr learned my addr 172.21.15.135:0/2361507188 (peer_addr_for_me v2:172.21.15.135:0/0)
2024-04-20T12:13:03.754 INFO:teuthology.orchestra.run.smithi135.stdout:/usr/bin/ceph: stderr
2024-04-20T12:13:02.543+0000 7fad75e64700 1 -- 172.21.15.135:0/2361507188 --> [v2:172.21.15.135:3300/0,v1:172.21.15.135:6789/0] -- mon_subscribe({config=0+,monmap=0+}) -- 0x7fad7019ed70 con 0x7fad70106f70
2024-04-20T12:13:03.754 INFO:teuthology.orchestra.run.smithi135.stdout:/usr/bin/ceph: stderr
2024-04-20T12:13:02.543+0000 7fad75e64700 1 --2- 172.21.15.135:0/2361507188 >> [v2:172.21.15.135:3300/0,v1:172.21.15.135:6789/0] conn(0x7fad70106f70 0x7fad7019e830 secure :-1 s=READY pgs=23 cs=0 l=1 rev1=1 crypto rx=0x7fad6c011b60 tx=0x7fad6c011c40 comp rx=0 tx=0).ready entity=mon.0 client_cookie=0 server_cookie=0 in_seq=0 out_seq=0
2024-04-20T12:13:03.754 INFO:teuthology.orchestra.run.smithi135.stdout:/usr/bin/ceph: stderr
2024-04-20T12:13:02.543+0000 7fad66ffd700 1 -- 172.21.15.135:0/2361507188 <== mon.0 v2:172.21.15.135:3300/0 1 ==== mon_map magic: 0 ==== 205+0+0 (secure 0 0 0) 0x7fad6c003b20 con 0x7fad70106f70
2024-04-20T12:13:03.754 INFO:teuthology.orchestra.run.smithi135.stdout:/usr/bin/ceph: stderr
2024-04-20T12:13:02.543+0000 7fad66ffd700 1 -- 172.21.15.135:0/2361507188 <== mon.0 v2:172.21.15.135:3300/0 2 ==== config(27 keys) ==== 1109+0+0 (secure 0 0 0) 0x7fad6c003cc0 con 0x7fad70106f70
2024-04-20T12:13:03.754 INFO:teuthology.orchestra.run.smithi135.stdout:/usr/bin/ceph: stderr
2024-04-20T12:13:02.543+0000 7fad66ffd700 1 -- 172.21.15.135:0/2361507188 <== mon.0 v2:172.21.15.135:3300/0 3 ==== mon_map magic: 0 ==== 205+0+0 (secure 0 0 0) 0x7fad6c024840 con 0x7fad70106f70
2024-04-20T12:13:03.754 INFO:teuthology.orchestra.run.smithi135.stdout:/usr/bin/ceph: stderr
2024-04-20T12:13:02.543+0000 7fad780c8700 1 -- 172.21.15.135:0/2361507188 --> [v2:172.21.15.135:3300/0,v1:172.21.15.135:6789/0] -- mon_subscribe({mgrmap=0+}) -- 0x7fad7019f000 con 0x7fad70106f70
2024-04-20T12:13:03.754 INFO:teuthology.orchestra.run.smithi135.stdout:/usr/bin/ceph: stderr
2024-04-20T12:13:02.543+0000 7fad780c8700 1 -- 172.21.15.135:0/2361507188 --> [v2:172.21.15.135:3300/0,v1:172.21.15.135:6789/0] -- mon_subscribe({osdmap=0}) -- 0x7fad701a1cf0 con 0x7fad70106f70
2024-04-20T12:13:03.754 INFO:teuthology.orchestra.run.smithi135.stdout:/usr/bin/ceph: stderr
2024-04-20T12:13:02.544+0000 7fad66ffd700 1 -- 172.21.15.135:0/2361507188 <== mon.0 v2:172.21.15.135:3300/0 4 ==== mgrmap(e 4) ==== 46547+0+0 (secure 0 0 0) 0x7fad6c022020 con 0x7fad70106f70
2024-04-20T12:13:03.754 INFO:teuthology.orchestra.run.smithi135.stdout:/usr/bin/ceph: stderr
2024-04-20T12:13:02.544+0000 7fad780c8700 1 -- 172.21.15.135:0/2361507188 --> [v2:172.21.15.135:3300/0,v1:172.21.15.135:6789/0] -- mon_command({"prefix": "get_command_descriptions"} v 0) -- 0x7fad700640b0 con 0x7fad70106f70
2024-04-20T12:13:03.755 INFO:teuthology.orchestra.run.smithi135.stdout:/usr/bin/ceph: stderr
2024-04-20T12:13:02.544+0000 7fad66ffd700 1 --2- 172.21.15.135:0/2361507188 >> [v2:172.21.15.135:6800/469891744,v1:172.21.15.135:6801/469891744] conn(0x7fad5c0395b0 0x7fad5c03ba70 unknown :-1 s=NONE pgs=0 cs=0 l=1 rev1=0 crypto rx=0 tx=0 comp rx=0 tx=0).connect
