2024-04-20T12:35:04.090+0000 7fd02f200700 1 -- 172.21.15.112:0/2689187850 >> [v2:172.21.15.112:3300/0,v1:172.21.15.112:6789/0] conn(0x7fd02807ce00 msgr2=0x7fd02810bce0 secure :-1 s=STATE_CONNECTION_ESTABLISHED l=1).mark_down
2024-04-20T12:35:05.119 INFO:teuthology.orchestra.run.smithi112.stdout:/usr/bin/ceph: stderr
2024-04-20T12:35:04.090+0000 7fd02f200700 1 --2- 172.21.15.112:0/2689187850 >> [v2:172.21.15.112:3300/0,v1:172.21.15.112:6789/0] conn(0x7fd02807ce00 0x7fd02810bce0 secure :-1 s=READY pgs=22 cs=0 l=1 rev1=1 crypto rx=0x7fd01c0098e0 tx=0x7fd01c009250 comp rx=0 tx=0).stop
2024-04-20T12:35:05.119 INFO:teuthology.orchestra.run.smithi112.stdout:/usr/bin/ceph: stderr
2024-04-20T12:35:04.090+0000 7fd02f200700 1 -- 172.21.15.112:0/2689187850 shutdown_connections
2024-04-20T12:35:05.119 INFO:teuthology.orchestra.run.smithi112.stdout:/usr/bin/ceph: stderr
2024-04-20T12:35:04.090+0000 7fd02f200700 1 --2- 172.21.15.112:0/2689187850 >> [v2:172.21.15.112:3300/0,v1:172.21.15.112:6789/0] conn(0x7fd02807ce00 0x7fd02810bce0 unknown :-1 s=CLOSED pgs=22 cs=0 l=1 rev1=1 crypto rx=0 tx=0 comp rx=0 tx=0).stop
2024-04-20T12:35:05.119 INFO:teuthology.orchestra.run.smithi112.stdout:/usr/bin/ceph: stderr
2024-04-20T12:35:04.090+0000 7fd02f200700 1 -- 172.21.15.112:0/2689187850 >> 172.21.15.112:0/2689187850 conn(0x7fd028078330 msgr2=0x7fd02807a740 unknown :-1 s=STATE_NONE l=0).mark_down
2024-04-20T12:35:05.119 INFO:teuthology.orchestra.run.smithi112.stdout:/usr/bin/ceph: stderr
2024-04-20T12:35:04.090+0000 7fd02f200700 1 -- 172.21.15.112:0/2689187850 shutdown_connections
2024-04-20T12:35:05.119 INFO:teuthology.orchestra.run.smithi112.stdout:/usr/bin/ceph: stderr
2024-04-20T12:35:04.091+0000 7fd02f200700 1 -- 172.21.15.112:0/2689187850 wait complete.
2024-04-20T12:35:05.119 INFO:teuthology.orchestra.run.smithi112.stdout:/usr/bin/ceph: stderr
2024-04-20T12:35:04.091+0000 7fd02f200700 1 Processor -- start
2024-04-20T12:35:05.120 INFO:teuthology.orchestra.run.smithi112.stdout:/usr/bin/ceph: stderr
2024-04-20T12:35:04.091+0000 7fd02f200700 1 -- start start
2024-04-20T12:35:05.120 INFO:teuthology.orchestra.run.smithi112.stdout:/usr/bin/ceph: stderr
2024-04-20T12:35:04.092+0000 7fd02f200700 1 --2- >> [v2:172.21.15.112:3300/0,v1:172.21.15.112:6789/0] conn(0x7fd02807ce00 0x7fd028117a90 unknown :-1 s=NONE pgs=0 cs=0 l=1 rev1=0 crypto rx=0 tx=0 comp rx=0 tx=0).connect
2024-04-20T12:35:05.120 INFO:teuthology.orchestra.run.smithi112.stdout:/usr/bin/ceph: stderr
2024-04-20T12:35:04.092+0000 7fd02f200700 1 -- --> [v2:172.21.15.112:3300/0,v1:172.21.15.112:6789/0] -- mon_getmap magic: 0 v1 -- 0x7fd028117fd0 con 0x7fd02807ce00
2024-04-20T12:35:05.120 INFO:teuthology.orchestra.run.smithi112.stdout:/usr/bin/ceph: stderr
2024-04-20T12:35:04.092+0000 7fd02de00700 1 --2- >> [v2:172.21.15.112:3300/0,v1:172.21.15.112:6789/0] conn(0x7fd02807ce00 0x7fd028117a90 unknown :-1 s=BANNER_CONNECTING pgs=0 cs=0 l=1 rev1=0 crypto rx=0 tx=0 comp rx=0 tx=0)._handle_peer_banner_payload supported=3 required=0
2024-04-20T12:35:05.120 INFO:teuthology.orchestra.run.smithi112.stdout:/usr/bin/ceph: stderr
2024-04-20T12:35:04.092+0000 7fd02de00700 1 --2- >> [v2:172.21.15.112:3300/0,v1:172.21.15.112:6789/0] conn(0x7fd02807ce00 0x7fd028117a90 unknown :-1 s=HELLO_CONNECTING pgs=0 cs=0 l=1 rev1=1 crypto rx=0 tx=0 comp rx=0 tx=0).handle_hello peer v2:172.21.15.112:3300/0 says I am v2:172.21.15.112:46086/0 (socket says 172.21.15.112:46086)
2024-04-20T12:35:05.120 INFO:teuthology.orchestra.run.smithi112.stdout:/usr/bin/ceph: stderr
2024-04-20T12:35:04.092+0000 7fd02de00700 1 -- 172.21.15.112:0/3492323479 learned_addr learned my addr 172.21.15.112:0/3492323479 (peer_addr_for_me v2:172.21.15.112:0/0)
2024-04-20T12:35:05.120 INFO:teuthology.orchestra.run.smithi112.stdout:/usr/bin/ceph: stderr
2024-04-20T12:35:04.092+0000 7fd02de00700 1 -- 172.21.15.112:0/3492323479 --> [v2:172.21.15.112:3300/0,v1:172.21.15.112:6789/0] -- mon_subscribe({config=0+,monmap=0+}) v3 -- 0x7fd01c0094f0 con 0x7fd02807ce00
2024-04-20T12:35:05.120 INFO:teuthology.orchestra.run.smithi112.stdout:/usr/bin/ceph: stderr
2024-04-20T12:35:04.093+0000 7fd02de00700 1 --2- 172.21.15.112:0/3492323479 >> [v2:172.21.15.112:3300/0,v1:172.21.15.112:6789/0] conn(0x7fd02807ce00 0x7fd028117a90 secure :-1 s=READY pgs=23 cs=0 l=1 rev1=1 crypto rx=0x7fd01c006b00 tx=0x7fd01c009250 comp rx=0 tx=0).ready entity=mon.0 client_cookie=0 server_cookie=0 in_seq=0 out_seq=0
2024-04-20T12:35:05.120 INFO:teuthology.orchestra.run.smithi112.stdout:/usr/bin/ceph: stderr
2024-04-20T12:35:04.093+0000 7fd022000700 1 -- 172.21.15.112:0/3492323479 <== mon.0 v2:172.21.15.112:3300/0 1 ==== mon_map magic: 0 v1 ==== 229+0+0 (secure 0 0 0) 0x7fd01c0107c0 con 0x7fd02807ce00
2024-04-20T12:35:05.121 INFO:teuthology.orchestra.run.smithi112.stdout:/usr/bin/ceph: stderr
2024-04-20T12:35:04.093+0000 7fd022000700 1 -- 172.21.15.112:0/3492323479 <== mon.0 v2:172.21.15.112:3300/0 2 ==== config(27 keys) v1 ==== 1044+0+0 (secure 0 0 0) 0x7fd01c010db0 con 0x7fd02807ce00
2024-04-20T12:35:05.121 INFO:teuthology.orchestra.run.smithi112.stdout:/usr/bin/ceph: stderr
2024-04-20T12:35:04.093+0000 7fd022000700 1 -- 172.21.15.112:0/3492323479 <== mon.0 v2:172.21.15.112:3300/0 3 ==== mon_map magic: 0 v1 ==== 229+0+0 (secure 0 0 0) 0x7fd01c01acf0 con 0x7fd02807ce00
2024-04-20T12:35:05.121 INFO:teuthology.orchestra.run.smithi112.stdout:/usr/bin/ceph: stderr
2024-04-20T12:35:04.093+0000 7fd02f200700 1 -- 172.21.15.112:0/3492323479 --> [v2:172.21.15.112:3300/0,v1:172.21.15.112:6789/0] -- mon_subscribe({mgrmap=0+}) v3 -- 0x7fd0281181d0 con 0x7fd02807ce00
2024-04-20T12:35:05.121 INFO:teuthology.orchestra.run.smithi112.stdout:/usr/bin/ceph: stderr
2024-04-20T12:35:04.093+0000 7fd02f200700 1 -- 172.21.15.112:0/3492323479 --> [v2:172.21.15.112:3300/0,v1:172.21.15.112:6789/0] -- mon_subscribe({osdmap=0}) v3 -- 0x7fd028118d40 con 0x7fd02807ce00
2024-04-20T12:35:05.121 INFO:teuthology.orchestra.run.smithi112.stdout:/usr/bin/ceph: stderr
2024-04-20T12:35:04.094+0000 7fd022000700 1 -- 172.21.15.112:0/3492323479 <== mon.0 v2:172.21.15.112:3300/0 4 ==== mgrmap(e 4) v1 ==== 43365+0+0 (secure 0 0 0) 0x7fd01c010920 con 0x7fd02807ce00
2024-04-20T12:35:05.121 INFO:teuthology.orchestra.run.smithi112.stdout:/usr/bin/ceph: stderr
2024-04-20T12:35:04.094+0000 7fd02f200700 1 -- 172.21.15.112:0/3492323479 --> [v2:172.21.15.112:3300/0,v1:172.21.15.112:6789/0] -- mon_command({"prefix": "get_command_descriptions"} v 0) v1 -- 0x7fd02805f5f0 con 0x7fd02807ce00
2024-04-20T12:35:05.121 INFO:teuthology.orchestra.run.smithi112.stdout:/usr/bin/ceph: stderr
2024-04-20T12:35:04.095+0000 7fd022000700 1 --2- 172.21.15.112:0/3492323479 >> [v2:172.21.15.112:6800/3367442052,v1:172.21.15.112:6801/3367442052] conn(0x7fd010036740 0x7fd010038bf0 unknown :-1 s=NONE pgs=0 cs=0 l=1 rev1=0 crypto rx=0 tx=0 comp rx=0 tx=0).connect
2024-04-20T12:35:05.121 INFO:teuthology.orchestra.run.smithi112.stdout:/usr/bin/ceph: stderr
2024-04-20T12:35:04.095+0000 7fd022000700 1 -- 172.21.15.112:0/3492323479 <== mon.0 v2:172.21.15.112:3300/0 5 ==== osd_map(1..1 src has 1..1) v4 ==== 721+0+0 (secure 0 0 0) 0x7fd01c04a590 con 0x7fd02807ce00
2024-04-20T12:35:05.121 INFO:teuthology.orchestra.run.smithi112.stdout:/usr/bin/ceph: stderr
2024-04-20T12:35:04.095+0000 7fd02d400700 1 --2- 172.21.15.112:0/3492323479 >> [v2:172.21.15.112:6800/3367442052,v1:172.21.15.112:6801/3367442052] conn(0x7fd010036740 0x7fd010038bf0 unknown :-1 s=BANNER_CONNECTING pgs=0 cs=0 l=1 rev1=0 crypto rx=0 tx=0 comp rx=0 tx=0)._handle_peer_banner_payload supported=3 required=0
2024-04-20T12:35:05.121 INFO:teuthology.orchestra.run.smithi112.stdout:/usr/bin/ceph: stderr
2024-04-20T12:35:04.096+0000 7fd02d400700 1 --2- 172.21.15.112:0/3492323479 >> [v2:172.21.15.112:6800/3367442052,v1:172.21.15.112:6801/3367442052] conn(0x7fd010036740 0x7fd010038bf0 secure :-1 s=READY pgs=8 cs=0 l=1 rev1=1 crypto rx=0x7fd014009990 tx=0x7fd014006e40 comp rx=0 tx=0).ready entity=mgr.14100 client_cookie=0 server_cookie=0 in_seq=0 out_seq=0
2024-04-20T12:35:05.122 INFO:teuthology.orchestra.run.smithi112.stdout:/usr/bin/ceph: stderr
2024-04-20T12:35:04.100+0000 7fd022000700 1 -- 172.21.15.112:0/3492323479 <== mon.0 v2:172.21.15.112:3300/0 6 ==== mon_command_ack([{"prefix": "get_command_descriptions"}]=0 v0) v1 ==== 72+0+176702 (secure 0 0 0) 0x7fd01c010bd0 con 0x7fd02807ce00
2024-04-20T12:35:05.122 INFO:teuthology.orchestra.run.smithi112.stdout:/usr/bin/ceph: stderr
2024-04-20T12:35:04.364+0000 7fd02f200700 1 -- 172.21.15.112:0/3492323479 --> [v2:172.21.15.112:3300/0,v1:172.21.15.112:6789/0] -- mon_command({"prefix": "mgr module enable", "module": "cephadm"} v 0) v1 -- 0x7fd02804bed0 con 0x7fd02807ce00
2024-04-20T12:35:05.122 INFO:teuthology.orchestra.run.smithi112.stdout:/usr/bin/ceph: stderr
2024-04-20T12:35:04.422+0000 7fd022000700 1 -- 172.21.15.112:0/3492323479 <== mon.0 v2:172.21.15.112:3300/0 7 ==== mgrmap(e 5) v1 ==== 43376+0+0 (secure 0 0 0) 0x7fd01c016ce0 con 0x7fd02807ce00
2024-04-20T12:35:05.122 INFO:teuthology.orchestra.run.smithi112.stdout:/usr/bin/ceph: stderr
2024-04-20T12:35:04.424+0000 7fd022000700 1 -- 172.21.15.112:0/3492323479 <== mon.0 v2:172.21.15.112:3300/0 8 ==== mon_command_ack([{"prefix": "mgr module enable", "module": "cephadm"}]=0 v5) v1 ==== 86+0+0 (secure 0 0 0) 0x7fd01c02b740 con 0x7fd02807ce00
2024-04-20T12:35:05.122 INFO:teuthology.orchestra.run.smithi112.stdout:/usr/bin/ceph: stderr
2024-04-20T12:35:04.427+0000 7fd02f200700 1 -- 172.21.15.112:0/3492323479 >> [v2:172.21.15.112:6800/3367442052,v1:172.21.15.112:6801/3367442052] conn(0x7fd010036740 msgr2=0x7fd010038bf0 secure :-1 s=STATE_CONNECTION_ESTABLISHED l=1).mark_down
2024-04-20T12:35:05.122 INFO:teuthology.orchestra.run.smithi112.stdout:/usr/bin/ceph: stderr
2024-04-20T12:35:04.427+0000 7fd02f200700 1 --2- 172.21.15.112:0/3492323479 >> [v2:172.21.15.112:6800/3367442052,v1:172.21.15.112:6801/3367442052] conn(0x7fd010036740 0x7fd010038bf0 secure :-1 s=READY pgs=8 cs=0 l=1 rev1=1 crypto rx=0x7fd014009990 tx=0x7fd014006e40 comp rx=0 tx=0).stop
2024-04-20T12:35:05.122 INFO:teuthology.orchestra.run.smithi112.stdout:/usr/bin/ceph: stderr
2024-04-20T12:35:04.427+0000 7fd02f200700 1 -- 172.21.15.112:0/3492323479 >> [v2:172.21.15.112:3300/0,v1:172.21.15.112:6789/0] conn(0x7fd02807ce00 msgr2=0x7fd028117a90 secure :-1 s=STATE_CONNECTION_ESTABLISHED l=1).mark_down
2024-04-20T12:35:05.122 INFO:teuthology.orchestra.run.smithi112.stdout:/usr/bin/ceph: stderr
2024-04-20T12:35:04.427+0000 7fd02f200700 1 --2- 172.21.15.112:0/3492323479 >> [v2:172.21.15.112:3300/0,v1:172.21.15.112:6789/0] conn(0x7fd02807ce00 0x7fd028117a90 secure :-1 s=READY pgs=23 cs=0 l=1 rev1=1 crypto rx=0x7fd01c006b00 tx=0x7fd01c009250 comp rx=0 tx=0).stop
2024-04-20T12:35:05.122 INFO:teuthology.orchestra.run.smithi112.stdout:/usr/bin/ceph: stderr
2024-04-20T12:35:04.427+0000 7fd02f200700 1 -- 172.21.15.112:0/3492323479 shutdown_connections
2024-04-20T12:35:05.122 INFO:teuthology.orchestra.run.smithi112.stdout:/usr/bin/ceph: stderr
2024-04-20T12:35:04.427+0000 7fd02f200700 1 --2- 172.21.15.112:0/3492323479 >> [v2:172.21.15.112:6800/3367442052,v1:172.21.15.112:6801/3367442052] conn(0x7fd010036740 0x7fd010038bf0 unknown :-1 s=CLOSED pgs=8 cs=0 l=1 rev1=1 crypto rx=0 tx=0 comp rx=0 tx=0).stop
2024-04-20T12:35:05.122 INFO:teuthology.orchestra.run.smithi112.stdout:/usr/bin/ceph: stderr
2024-04-20T12:35:04.427+0000 7fd02f200700 1 --2- 172.21.15.112:0/3492323479 >> [v2:172.21.15.112:3300/0,v1:172.21.15.112:6789/0] conn(0x7fd02807ce00 0x7fd028117a90 unknown :-1 s=CLOSED pgs=23 cs=0 l=1 rev1=1 crypto rx=0 tx=0 comp rx=0 tx=0).stop
2024-04-20T12:35:05.123 INFO:teuthology.orchestra.run.smithi112.stdout:/usr/bin/ceph: stderr
2024-04-20T12:35:04.427+0000 7fd02f200700 1 -- 172.21.15.112:0/3492323479 >> 172.21.15.112:0/3492323479 conn(0x7fd028078330 msgr2=0x7fd028079e80 unknown :-1 s=STATE_NONE l=0).mark_down
2024-04-20T12:35:05.123 INFO:teuthology.orchestra.run.smithi112.stdout:/usr/bin/ceph: stderr
2024-04-20T12:35:04.428+0000 7fd02f200700 1 -- 172.21.15.112:0/3492323479 shutdown_connections
2024-04-20T12:35:05.123 INFO:teuthology.orchestra.run.smithi112.stdout:/usr/bin/ceph: stderr
2024-04-20T12:35:04.428+0000 7fd02f200700 1 -- 172.21.15.112:0/3492323479 wait complete.
2024-04-20T12:35:05.535 INFO:journalctl@ceph.mon.smithi112.smithi112.stdout:Apr 20 12:35:05 smithi112 ceph-mon[15655]: from='client.? 172.21.15.112:0/3492323479' entity='client.admin' cmd='[{"prefix": "mgr module enable", "module": "cephadm"}]': finished
2024-04-20T12:35:05.535 INFO:journalctl@ceph.mon.smithi112.smithi112.stdout:Apr 20 12:35:05 smithi112 ceph-mon[15655]: mgrmap e5: smithi112.kslahg(active, since 6s)
2024-04-20T12:35:06.562 INFO:journalctl@ceph.mon.smithi112.smithi112.stdout:Apr 20 12:35:06 smithi112 ceph-mon[15655]: from='client.? 172.21.15.112:0/4259851549' entity='client.admin' cmd=[{"prefix": "mgr stat"}]: dispatch
2024-04-20T12:35:06.576 INFO:teuthology.orchestra.run.smithi112.stdout:/usr/bin/ceph: stdout {
2024-04-20T12:35:06.576 INFO:teuthology.orchestra.run.smithi112.stdout:/usr/bin/ceph: stdout "epoch": 5,
2024-04-20T12:35:06.576 INFO:teuthology.orchestra.run.smithi112.stdout:/usr/bin/ceph: stdout "available": true,
2024-04-20T12:35:06.577 INFO:teuthology.orchestra.run.smithi112.stdout:/usr/bin/ceph: stdout "active_name": "smithi112.kslahg",
2024-04-20T12:35:06.577 INFO:teuthology.orchestra.run.smithi112.stdout:/usr/bin/ceph: stdout "num_standby": 0
2024-04-20T12:35:06.577 INFO:teuthology.orchestra.run.smithi112.stdout:/usr/bin/ceph: stdout }
2024-04-20T12:35:06.577 INFO:teuthology.orchestra.run.smithi112.stdout:/usr/bin/ceph: stderr
2024-04-20T12:35:05.687+0000 7fda4da00700 1 Processor -- start
2024-04-20T12:35:06.577 INFO:teuthology.orchestra.run.smithi112.stdout:/usr/bin/ceph: stderr
2024-04-20T12:35:05.687+0000 7fda4da00700 1 -- start start
2024-04-20T12:35:06.577 INFO:teuthology.orchestra.run.smithi112.stdout:/usr/bin/ceph: stderr
2024-04-20T12:35:05.688+0000 7fda4da00700 1 --2- >> [v2:172.21.15.112:3300/0,v1:172.21.15.112:6789/0] conn(0x7fda48077ab0 0x7fda48076150 unknown :-1 s=NONE pgs=0 cs=0 l=0 rev1=0 crypto rx=0 tx=0 comp rx=0 tx=0).connect
2024-04-20T12:35:06.577 INFO:teuthology.orchestra.run.smithi112.stdout:/usr/bin/ceph: stderr
2024-04-20T12:35:05.688+0000 7fda4da00700 1 -- --> [v2:172.21.15.112:3300/0,v1:172.21.15.112:6789/0] -- mon_getmap magic: 0 v1 -- 0x7fda48077ec0 con 0x7fda48077ab0
2024-04-20T12:35:06.577 INFO:teuthology.orchestra.run.smithi112.stdout:/usr/bin/ceph: stderr
2024-04-20T12:35:05.688+0000 7fda46a00700 1 --2- >> [v2:172.21.15.112:3300/0,v1:172.21.15.112:6789/0] conn(0x7fda48077ab0 0x7fda48076150 unknown :-1 s=BANNER_CONNECTING pgs=0 cs=0 l=0 rev1=0 crypto rx=0 tx=0 comp rx=0 tx=0)._handle_peer_banner_payload supported=3 required=0
2024-04-20T12:35:06.577 INFO:teuthology.orchestra.run.smithi112.stdout:/usr/bin/ceph: stderr
2024-04-20T12:35:05.688+0000 7fda46a00700 1 --2- >> [v2:172.21.15.112:3300/0,v1:172.21.15.112:6789/0] conn(0x7fda48077ab0 0x7fda48076150 unknown :-1 s=HELLO_CONNECTING pgs=0 cs=0 l=0 rev1=1 crypto rx=0 tx=0 comp rx=0 tx=0).handle_hello peer v2:172.21.15.112:3300/0 says I am v2:172.21.15.112:46106/0 (socket says 172.21.15.112:46106)
2024-04-20T12:35:06.577 INFO:teuthology.orchestra.run.smithi112.stdout:/usr/bin/ceph: stderr
2024-04-20T12:35:05.688+0000 7fda46a00700 1 -- 172.21.15.112:0/128143079 learned_addr learned my addr 172.21.15.112:0/128143079 (peer_addr_for_me v2:172.21.15.112:0/0)
2024-04-20T12:35:06.577 INFO:teuthology.orchestra.run.smithi112.stdout:/usr/bin/ceph: stderr
2024-04-20T12:35:05.689+0000 7fda46a00700 1 -- 172.21.15.112:0/128143079 --> [v2:172.21.15.112:3300/0,v1:172.21.15.112:6789/0] -- mon_subscribe({config=0+,monmap=0+}) v3 -- 0x7fda48078000 con 0x7fda48077ab0
2024-04-20T12:35:06.577 INFO:teuthology.orchestra.run.smithi112.stdout:/usr/bin/ceph: stderr
2024-04-20T12:35:05.689+0000 7fda46a00700 1 --2- 172.21.15.112:0/128143079 >> [v2:172.21.15.112:3300/0,v1:172.21.15.112:6789/0] conn(0x7fda48077ab0 0x7fda48076150 secure :-1 s=READY pgs=26 cs=0 l=1 rev1=1 crypto rx=0x7fda380098e0 tx=0x7fda38009250 comp rx=0 tx=0).ready entity=mon.0 client_cookie=8a3ad67190c06aa4 server_cookie=0 in_seq=0 out_seq=0
2024-04-20T12:35:06.577 INFO:teuthology.orchestra.run.smithi112.stdout:/usr/bin/ceph: stderr
2024-04-20T12:35:05.689+0000 7fda45600700 1 -- 172.21.15.112:0/128143079 <== mon.0 v2:172.21.15.112:3300/0 1 ==== mon_map magic: 0 v1 ==== 229+0+0 (secure 0 0 0) 0x7fda3800b8f0 con 0x7fda48077ab0
2024-04-20T12:35:06.577 INFO:teuthology.orchestra.run.smithi112.stdout:/usr/bin/ceph: stderr
2024-04-20T12:35:05.689+0000 7fda45600700 1 -- 172.21.15.112:0/128143079 <== mon.0 v2:172.21.15.112:3300/0 2 ==== config(27 keys) v1 ==== 1044+0+0 (secure 0 0 0) 0x7fda38011420 con 0x7fda48077ab0
2024-04-20T12:35:06.578 INFO:teuthology.orchestra.run.smithi112.stdout:/usr/bin/ceph: stderr
2024-04-20T12:35:05.689+0000 7fda45600700 1 -- 172.21.15.112:0/128143079 <== mon.0 v2:172.21.15.112:3300/0 3 ==== mon_map magic: 0 v1 ==== 229+0+0 (secure 0 0 0) 0x7fda38010540 con 0x7fda48077ab0
2024-04-20T12:35:06.578 INFO:teuthology.orchestra.run.smithi112.stdout:/usr/bin/ceph: stderr
2024-04-20T12:35:05.690+0000 7fda4da00700 1 -- 172.21.15.112:0/128143079 >> [v2:172.21.15.112:3300/0,v1:172.21.15.112:6789/0] conn(0x7fda48077ab0 msgr2=0x7fda48076150 secure :-1 s=STATE_CONNECTION_ESTABLISHED l=1).mark_down
2024-04-20T12:35:06.578 INFO:teuthology.orchestra.run.smithi112.stdout:/usr/bin/ceph: stderr
2024-04-20T12:35:05.690+0000 7fda4da00700 1 --2- 172.21.15.112:0/128143079 >> [v2:172.21.15.112:3300/0,v1:172.21.15.112:6789/0] conn(0x7fda48077ab0 0x7fda48076150 secure :-1 s=READY pgs=26 cs=0 l=1 rev1=1 crypto rx=0x7fda380098e0 tx=0x7fda38009250 comp rx=0 tx=0).stop
2024-04-20T12:35:06.578 INFO:teuthology.orchestra.run.smithi112.stdout:/usr/bin/ceph: stderr
2024-04-20T12:35:05.690+0000 7fda4da00700 1 -- 172.21.15.112:0/128143079 shutdown_connections
2024-04-20T12:35:06.578 INFO:teuthology.orchestra.run.smithi112.stdout:/usr/bin/ceph: stderr
2024-04-20T12:35:05.690+0000 7fda4da00700 1 --2- 172.21.15.112:0/128143079 >> [v2:172.21.15.112:3300/0,v1:172.21.15.112:6789/0] conn(0x7fda48077ab0 0x7fda48076150 unknown :-1 s=CLOSED pgs=26 cs=0 l=1 rev1=1 crypto rx=0 tx=0 comp rx=0 tx=0).stop
2024-04-20T12:35:06.578 INFO:teuthology.orchestra.run.smithi112.stdout:/usr/bin/ceph: stderr
2024-04-20T12:35:05.690+0000 7fda4da00700 1 -- 172.21.15.112:0/128143079 >> 172.21.15.112:0/128143079 conn(0x7fda480fe0b0 msgr2=0x7fda48100500 unknown :-1 s=STATE_NONE l=0).mark_down
2024-04-20T12:35:06.578 INFO:teuthology.orchestra.run.smithi112.stdout:/usr/bin/ceph: stderr
2024-04-20T12:35:05.690+0000 7fda4da00700 1 -- 172.21.15.112:0/128143079 shutdown_connections
2024-04-20T12:35:06.578 INFO:teuthology.orchestra.run.smithi112.stdout:/usr/bin/ceph: stderr
2024-04-20T12:35:05.691+0000 7fda4da00700 1 -- 172.21.15.112:0/128143079 wait complete.
2024-04-20T12:35:06.578 INFO:teuthology.orchestra.run.smithi112.stdout:/usr/bin/ceph: stderr
2024-04-20T12:35:05.691+0000 7fda4da00700 1 Processor -- start
2024-04-20T12:35:06.578 INFO:teuthology.orchestra.run.smithi112.stdout:/usr/bin/ceph: stderr
2024-04-20T12:35:05.692+0000 7fda4da00700 1 -- start start
2024-04-20T12:35:06.578 INFO:teuthology.orchestra.run.smithi112.stdout:/usr/bin/ceph: stderr
2024-04-20T12:35:05.692+0000 7fda4da00700 1 --2- >> [v2:172.21.15.112:3300/0,v1:172.21.15.112:6789/0] conn(0x7fda48077ab0 0x7fda48113a00 unknown :-1 s=NONE pgs=0 cs=0 l=1 rev1=0 crypto rx=0 tx=0 comp rx=0 tx=0).connect
2024-04-20T12:35:06.578 INFO:teuthology.orchestra.run.smithi112.stdout:/usr/bin/ceph: stderr
2024-04-20T12:35:05.692+0000 7fda4da00700 1 -- --> [v2:172.21.15.112:3300/0,v1:172.21.15.112:6789/0] -- mon_getmap magic: 0 v1 -- 0x7fda48113f40 con 0x7fda48077ab0
2024-04-20T12:35:06.578 INFO:teuthology.orchestra.run.smithi112.stdout:/usr/bin/ceph: stderr
2024-04-20T12:35:05.692+0000 7fda46a00700 1 --2- >> [v2:172.21.15.112:3300/0,v1:172.21.15.112:6789/0] conn(0x7fda48077ab0 0x7fda48113a00 unknown :-1 s=BANNER_CONNECTING pgs=0 cs=0 l=1 rev1=0 crypto rx=0 tx=0 comp rx=0 tx=0)._handle_peer_banner_payload supported=3 required=0
2024-04-20T12:35:06.579 INFO:teuthology.orchestra.run.smithi112.stdout:/usr/bin/ceph: stderr
2024-04-20T12:35:05.692+0000 7fda46a00700 1 --2- >> [v2:172.21.15.112:3300/0,v1:172.21.15.112:6789/0] conn(0x7fda48077ab0 0x7fda48113a00 unknown :-1 s=HELLO_CONNECTING pgs=0 cs=0 l=1 rev1=1 crypto rx=0 tx=0 comp rx=0 tx=0).handle_hello peer v2:172.21.15.112:3300/0 says I am v2:172.21.15.112:46122/0 (socket says 172.21.15.112:46122)
2024-04-20T12:35:06.579 INFO:teuthology.orchestra.run.smithi112.stdout:/usr/bin/ceph: stderr
2024-04-20T12:35:05.692+0000 7fda46a00700 1 -- 172.21.15.112:0/4259851549 learned_addr learned my addr 172.21.15.112:0/4259851549 (peer_addr_for_me v2:172.21.15.112:0/0)
2024-04-20T12:35:06.579 INFO:teuthology.orchestra.run.smithi112.stdout:/usr/bin/ceph: stderr
2024-04-20T12:35:05.693+0000 7fda46a00700 1 -- 172.21.15.112:0/4259851549 --> [v2:172.21.15.112:3300/0,v1:172.21.15.112:6789/0] -- mon_subscribe({config=0+,monmap=0+}) v3 -- 0x7fda380094f0 con 0x7fda48077ab0
2024-04-20T12:35:06.579 INFO:teuthology.orchestra.run.smithi112.stdout:/usr/bin/ceph: stderr
2024-04-20T12:35:05.693+0000 7fda46a00700 1 --2- 172.21.15.112:0/4259851549 >> [v2:172.21.15.112:3300/0,v1:172.21.15.112:6789/0] conn(0x7fda48077ab0 0x7fda48113a00 secure :-1 s=READY pgs=27 cs=0 l=1 rev1=1 crypto rx=0x7fda38011db0 tx=0x7fda38009250 comp rx=0 tx=0).ready entity=mon.0 client_cookie=0 server_cookie=0 in_seq=0 out_seq=0
2024-04-20T12:35:06.579 INFO:teuthology.orchestra.run.smithi112.stdout:/usr/bin/ceph: stderr
2024-04-20T12:35:05.693+0000 7fda3ea00700 1 -- 172.21.15.112:0/4259851549 <== mon.0 v2:172.21.15.112:3300/0 1 ==== mon_map magic: 0 v1 ==== 229+0+0 (secure 0 0 0) 0x7fda380107b0 con 0x7fda48077ab0
2024-04-20T12:35:06.579 INFO:teuthology.orchestra.run.smithi112.stdout:/usr/bin/ceph: stderr
2024-04-20T12:35:05.694+0000 7fda3ea00700 1 -- 172.21.15.112:0/4259851549 <== mon.0 v2:172.21.15.112:3300/0 2 ==== config(27 keys) v1 ==== 1044+0+0 (secure 0 0 0) 0x7fda38010da0 con 0x7fda48077ab0
2024-04-20T12:35:06.579 INFO:teuthology.orchestra.run.smithi112.stdout:/usr/bin/ceph: stderr
2024-04-20T12:35:05.694+0000 7fda4da00700 1 -- 172.21.15.112:0/4259851549 --> [v2:172.21.15.112:3300/0,v1:172.21.15.112:6789/0] -- mon_subscribe({mgrmap=0+}) v3 -- 0x7fda48114140 con 0x7fda48077ab0
2024-04-20T12:35:06.579 INFO:teuthology.orchestra.run.smithi112.stdout:/usr/bin/ceph: stderr
2024-04-20T12:35:05.694+0000 7fda4da00700 1 -- 172.21.15.112:0/4259851549 --> [v2:172.21.15.112:3300/0,v1:172.21.15.112:6789/0] -- mon_subscribe({osdmap=0}) v3 -- 0x7fda48114cb0 con 0x7fda48077ab0
2024-04-20T12:35:06.579 INFO:teuthology.orchestra.run.smithi112.stdout:/usr/bin/ceph: stderr
2024-04-20T12:35:05.694+0000 7fda3ea00700 1 -- 172.21.15.112:0/4259851549 <== mon.0 v2:172.21.15.112:3300/0 3 ==== mon_map magic: 0 v1 ==== 229+0+0 (secure 0 0 0) 0x7fda3801ad60 con 0x7fda48077ab0
2024-04-20T12:35:06.579 INFO:teuthology.orchestra.run.smithi112.stdout:/usr/bin/ceph: stderr
2024-04-20T12:35:05.695+0000 7fda3ea00700 1 -- 172.21.15.112:0/4259851549 <== mon.0 v2:172.21.15.112:3300/0 4 ==== mgrmap(e 5) v1 ==== 43376+0+0 (secure 0 0 0) 0x7fda3802e440 con 0x7fda48077ab0
2024-04-20T12:35:06.579 INFO:teuthology.orchestra.run.smithi112.stdout:/usr/bin/ceph: stderr
2024-04-20T12:35:05.695+0000 7fda4da00700 1 -- 172.21.15.112:0/4259851549 --> [v2:172.21.15.112:3300/0,v1:172.21.15.112:6789/0] -- mon_command({"prefix": "get_command_descriptions"} v 0) v1 -- 0x7fda280052e0 con 0x7fda48077ab0
2024-04-20T12:35:06.579 INFO:teuthology.orchestra.run.smithi112.stdout:/usr/bin/ceph: stderr
2024-04-20T12:35:05.695+0000 7fda3ea00700 1 --2- 172.21.15.112:0/4259851549 >> [v2:172.21.15.112:6800/3367442052,v1:172.21.15.112:6801/3367442052] conn(0x7fda2c0367e0 0x7fda2c038c90 unknown :-1 s=NONE pgs=0 cs=0 l=1 rev1=0 crypto rx=0 tx=0 comp rx=0 tx=0).connect
2024-04-20T12:35:06.579 INFO:teuthology.orchestra.run.smithi112.stdout:/usr/bin/ceph: stderr
2024-04-20T12:35:05.695+0000 7fda3ea00700 1 -- 172.21.15.112:0/4259851549 <== mon.0 v2:172.21.15.112:3300/0 5 ==== osd_map(1..1 src has 1..1) v4 ==== 721+0+0 (secure 0 0 0) 0x7fda3804ae60 con 0x7fda48077ab0
2024-04-20T12:35:06.579 INFO:teuthology.orchestra.run.smithi112.stdout:/usr/bin/ceph: stderr
2024-04-20T12:35:05.695+0000 7fda46000700 1 -- 172.21.15.112:0/4259851549 >> [v2:172.21.15.112:6800/3367442052,v1:172.21.15.112:6801/3367442052] conn(0x7fda2c0367e0 msgr2=0x7fda2c038c90 unknown :-1 s=STATE_CONNECTING_RE l=1).process reconnect failed to v2:172.21.15.112:6800/3367442052
2024-04-20T12:35:06.579 INFO:teuthology.orchestra.run.smithi112.stdout:/usr/bin/ceph: stderr
2024-04-20T12:35:05.695+0000 7fda46000700 1 --2- 172.21.15.112:0/4259851549 >> [v2:172.21.15.112:6800/3367442052,v1:172.21.15.112:6801/3367442052] conn(0x7fda2c0367e0 0x7fda2c038c90 unknown :-1 s=START_CONNECT pgs=0 cs=0 l=1 rev1=0 crypto rx=0 tx=0 comp rx=0 tx=0)._fault waiting 0.200000
2024-04-20T12:35:06.580 INFO:teuthology.orchestra.run.smithi112.stdout:/usr/bin/ceph: stderr
2024-04-20T12:35:05.700+0000 7fda3ea00700 1 -- 172.21.15.112:0/4259851549 <== mon.0 v2:172.21.15.112:3300/0 6 ==== mon_command_ack([{"prefix": "get_command_descriptions"}]=0 v0) v1 ==== 72+0+176702 (secure 0 0 0) 0x7fda38018350 con 0x7fda48077ab0
2024-04-20T12:35:06.580 INFO:teuthology.orchestra.run.smithi112.stdout:/usr/bin/ceph: stderr
2024-04-20T12:35:05.896+0000 7fda46000700 1 -- 172.21.15.112:0/4259851549 >> [v2:172.21.15.112:6800/3367442052,v1:172.21.15.112:6801/3367442052] conn(0x7fda2c0367e0 msgr2=0x7fda2c038c90 unknown :-1 s=STATE_CONNECTING_RE l=1).process reconnect failed to v2:172.21.15.112:6800/3367442052
2024-04-20T12:35:06.580 INFO:teuthology.orchestra.run.smithi112.stdout:/usr/bin/ceph: stderr
2024-04-20T12:35:05.896+0000 7fda46000700 1 --2- 172.21.15.112:0/4259851549 >> [v2:172.21.15.112:6800/3367442052,v1:172.21.15.112:6801/3367442052] conn(0x7fda2c0367e0 0x7fda2c038c90 unknown :-1 s=START_CONNECT pgs=0 cs=0 l=1 rev1=0 crypto rx=0 tx=0 comp rx=0 tx=0)._fault waiting 0.400000
2024-04-20T12:35:06.580 INFO:teuthology.orchestra.run.smithi112.stdout:/usr/bin/ceph: stderr
2024-04-20T12:35:05.951+0000 7fda4da00700 1 -- 172.21.15.112:0/4259851549 --> [v2:172.21.15.112:3300/0,v1:172.21.15.112:6789/0] -- mon_command({"prefix": "mgr stat"} v 0) v1 -- 0x7fda28005da0 con 0x7fda48077ab0
2024-04-20T12:35:06.580 INFO:teuthology.orchestra.run.smithi112.stdout:/usr/bin/ceph: stderr
2024-04-20T12:35:05.951+0000 7fda3ea00700 1 -- 172.21.15.112:0/4259851549 <== mon.0 v2:172.21.15.112:3300/0 7 ==== mon_command_ack([{"prefix": "mgr stat"}]=0 v5) v1 ==== 56+0+103 (secure 0 0 0) 0x7fda3802cb80 con 0x7fda48077ab0
2024-04-20T12:35:06.580 INFO:teuthology.orchestra.run.smithi112.stdout:/usr/bin/ceph: stderr
2024-04-20T12:35:05.954+0000 7fda4da00700 1 -- 172.21.15.112:0/4259851549 >> [v2:172.21.15.112:6800/3367442052,v1:172.21.15.112:6801/3367442052] conn(0x7fda2c0367e0 msgr2=0x7fda2c038c90 unknown :-1 s=STATE_CONNECTING l=1).mark_down
2024-04-20T12:35:06.580 INFO:teuthology.orchestra.run.smithi112.stdout:/usr/bin/ceph: stderr
2024-04-20T12:35:05.954+0000 7fda4da00700 1 --2- 172.21.15.112:0/4259851549 >> [v2:172.21.15.112:6800/3367442052,v1:172.21.15.112:6801/3367442052] conn(0x7fda2c0367e0 0x7fda2c038c90 unknown :-1 s=START_CONNECT pgs=0 cs=0 l=1 rev1=0 crypto rx=0 tx=0 comp rx=0 tx=0).stop
2024-04-20T12:35:06.580 INFO:teuthology.orchestra.run.smithi112.stdout:/usr/bin/ceph: stderr
2024-04-20T12:35:05.954+0000 7fda4da00700 1 -- 172.21.15.112:0/4259851549 >> [v2:172.21.15.112:3300/0,v1:172.21.15.112:6789/0] conn(0x7fda48077ab0 msgr2=0x7fda48113a00 secure :-1 s=STATE_CONNECTION_ESTABLISHED l=1).mark_down
2024-04-20T12:35:06.580 INFO:teuthology.orchestra.run.smithi112.stdout:/usr/bin/ceph: stderr
2024-04-20T12:35:05.954+0000 7fda4da00700 1 --2- 172.21.15.112:0/4259851549 >> [v2:172.21.15.112:3300/0,v1:172.21.15.112:6789/0] conn(0x7fda48077ab0 0x7fda48113a00 secure :-1 s=READY pgs=27 cs=0 l=1 rev1=1 crypto rx=0x7fda38011db0 tx=0x7fda38009250 comp rx=0 tx=0).stop
2024-04-20T12:35:06.580 INFO:teuthology.orchestra.run.smithi112.stdout:/usr/bin/ceph: stderr
2024-04-20T12:35:05.954+0000 7fda4da00700 1 -- 172.21.15.112:0/4259851549 shutdown_connections
2024-04-20T12:35:06.580 INFO:teuthology.orchestra.run.smithi112.stdout:/usr/bin/ceph: stderr
2024-04-20T12:35:05.954+0000 7fda4da00700 1 --2- 172.21.15.112:0/4259851549 >> [v2:172.21.15.112:6800/3367442052,v1:172.21.15.112:6801/3367442052] conn(0x7fda2c0367e0 0x7fda2c038c90 unknown :-1 s=CLOSED pgs=0 cs=0 l=1 rev1=0 crypto rx=0 tx=0 comp rx=0 tx=0).stop
2024-04-20T12:35:06.580 INFO:teuthology.orchestra.run.smithi112.stdout:/usr/bin/ceph: stderr
2024-04-20T12:35:05.954+0000 7fda4da00700 1 --2- 172.21.15.112:0/4259851549 >> [v2:172.21.15.112:3300/0,v1:172.21.15.112:6789/0] conn(0x7fda48077ab0 0x7fda48113a00 unknown :-1 s=CLOSED pgs=27 cs=0 l=1 rev1=1 crypto rx=0 tx=0 comp rx=0 tx=0).stop
2024-04-20T12:35:06.581 INFO:teuthology.orchestra.run.smithi112.stdout:/usr/bin/ceph: stderr
2024-04-20T12:35:05.954+0000 7fda4da00700 1 -- 172.21.15.112:0/4259851549 >> 172.21.15.112:0/4259851549 conn(0x7fda480fe0b0 msgr2=0x7fda480feed0 unknown :-1 s=STATE_NONE l=0).mark_down
2024-04-20T12:35:06.581 INFO:teuthology.orchestra.run.smithi112.stdout:/usr/bin/ceph: stderr
2024-04-20T12:35:05.955+0000 7fda4da00700 1 -- 172.21.15.112:0/4259851549 shutdown_connections
2024-04-20T12:35:06.581 INFO:teuthology.orchestra.run.smithi112.stdout:/usr/bin/ceph: stderr
2024-04-20T12:35:05.955+0000 7fda4da00700 1 -- 172.21.15.112:0/4259851549 wait complete.
2024-04-20T12:35:06.581 INFO:teuthology.orchestra.run.smithi112.stdout:Waiting for the mgr to restart...
2024-04-20T12:35:06.581 INFO:teuthology.orchestra.run.smithi112.stdout:Waiting for mgr epoch 5...
2024-04-20T12:35:13.129 INFO:journalctl@ceph.mon.smithi112.smithi112.stdout:Apr 20 12:35:12 smithi112 ceph-mon[15655]: Active manager daemon smithi112.kslahg restarted
2024-04-20T12:35:13.129 INFO:journalctl@ceph.mon.smithi112.smithi112.stdout:Apr 20 12:35:12 smithi112 ceph-mon[15655]: Activating manager daemon smithi112.kslahg
2024-04-20T12:35:13.129 INFO:journalctl@ceph.mon.smithi112.smithi112.stdout:Apr 20 12:35:12 smithi112 ceph-mon[15655]: osdmap e2: 0 total, 0 up, 0 in
2024-04-20T12:35:13.129 INFO:journalctl@ceph.mon.smithi112.smithi112.stdout:Apr 20 12:35:12 smithi112 ceph-mon[15655]: mgrmap e6: smithi112.kslahg(active, starting, since 0.00901542s)
2024-04-20T12:35:13.129 INFO:journalctl@ceph.mon.smithi112.smithi112.stdout:Apr 20 12:35:12 smithi112 ceph-mon[15655]: from='mgr.14120 172.21.15.112:0/729876977' entity='mgr.smithi112.kslahg' cmd=[{"prefix": "mon metadata", "id": "smithi112"}]: dispatch
2024-04-20T12:35:13.129 INFO:journalctl@ceph.mon.smithi112.smithi112.stdout:Apr 20 12:35:12 smithi112 ceph-mon[15655]: from='mgr.14120 172.21.15.112:0/729876977' entity='mgr.smithi112.kslahg' cmd=[{"prefix": "mgr metadata", "who": "smithi112.kslahg", "id": "smithi112.kslahg"}]: dispatch
2024-04-20T12:35:13.129 INFO:journalctl@ceph.mon.smithi112.smithi112.stdout:Apr 20 12:35:12 smithi112 ceph-mon[15655]: from='mgr.14120 172.21.15.112:0/729876977' entity='mgr.smithi112.kslahg' cmd=[{"prefix": "mds metadata"}]: dispatch
2024-04-20T12:35:13.129 INFO:journalctl@ceph.mon.smithi112.smithi112.stdout:Apr 20 12:35:12 smithi112 ceph-mon[15655]: from='mgr.14120 172.21.15.112:0/729876977' entity='mgr.smithi112.kslahg' cmd=[{"prefix": "osd metadata"}]: dispatch
2024-04-20T12:35:13.129 INFO:journalctl@ceph.mon.smithi112.smithi112.stdout:Apr 20 12:35:12 smithi112 ceph-mon[15655]: from='mgr.14120 172.21.15.112:0/729876977' entity='mgr.smithi112.kslahg' cmd=[{"prefix": "mon metadata"}]: dispatch
2024-04-20T12:35:13.129 INFO:journalctl@ceph.mon.smithi112.smithi112.stdout:Apr 20 12:35:12 smithi112 ceph-mon[15655]: Manager daemon smithi112.kslahg is now available
2024-04-20T12:35:13.130 INFO:journalctl@ceph.mon.smithi112.smithi112.stdout:Apr 20 12:35:12 smithi112 ceph-mon[15655]: from='mgr.14120 172.21.15.112:0/729876977' entity='mgr.smithi112.kslahg'
2024-04-20T12:35:14.128 INFO:journalctl@ceph.mon.smithi112.smithi112.stdout:Apr 20 12:35:13 smithi112 ceph-mon[15655]: Found migration_current of "None". Setting to last migration.
2024-04-20T12:35:14.129 INFO:journalctl@ceph.mon.smithi112.smithi112.stdout:Apr 20 12:35:13 smithi112 ceph-mon[15655]: from='mgr.14120 172.21.15.112:0/729876977' entity='mgr.smithi112.kslahg'
2024-04-20T12:35:14.129 INFO:journalctl@ceph.mon.smithi112.smithi112.stdout:Apr 20 12:35:13 smithi112 ceph-mon[15655]: from='mgr.14120 172.21.15.112:0/729876977' entity='mgr.smithi112.kslahg' cmd=[{"prefix": "config dump", "format": "json"}]: dispatch
2024-04-20T12:35:14.129 INFO:journalctl@ceph.mon.smithi112.smithi112.stdout:Apr 20 12:35:13 smithi112 ceph-mon[15655]: from='mgr.14120 172.21.15.112:0/729876977' entity='mgr.smithi112.kslahg' cmd=[{"prefix": "config dump", "format": "json"}]: dispatch
2024-04-20T12:35:14.129 INFO:journalctl@ceph.mon.smithi112.smithi112.stdout:Apr 20 12:35:13 smithi112 ceph-mon[15655]: from='mgr.14120 172.21.15.112:0/729876977' entity='mgr.smithi112.kslahg' cmd=[{"prefix": "config dump", "format": "json"}]: dispatch
2024-04-20T12:35:14.129 INFO:journalctl@ceph.mon.smithi112.smithi112.stdout:Apr 20 12:35:13 smithi112 ceph-mon[15655]: from='mgr.14120 172.21.15.112:0/729876977' entity='mgr.smithi112.kslahg' cmd=[{"prefix":"config rm","who":"mgr","name":"mgr/rbd_support/smithi112.kslahg/mirror_snapshot_schedule"}]: dispatch
2024-04-20T12:35:14.129 INFO:journalctl@ceph.mon.smithi112.smithi112.stdout:Apr 20 12:35:13 smithi112 ceph-mon[15655]: from='mgr.14120 172.21.15.112:0/729876977' entity='mgr.smithi112.kslahg' cmd=[{"prefix":"config rm","who":"mgr","name":"mgr/rbd_support/smithi112.kslahg/trash_purge_schedule"}]: dispatch
2024-04-20T12:35:14.129 INFO:journalctl@ceph.mon.smithi112.smithi112.stdout:Apr 20 12:35:13 smithi112 ceph-mon[15655]: [20/Apr/2024:12:35:13] ENGINE Bus STARTING
2024-04-20T12:35:14.129 INFO:journalctl@ceph.mon.smithi112.smithi112.stdout:Apr 20 12:35:13 smithi112 ceph-mon[15655]: [20/Apr/2024:12:35:13] ENGINE Serving on https://172.21.15.112:7150
2024-04-20T12:35:14.129 INFO:journalctl@ceph.mon.smithi112.smithi112.stdout:Apr 20 12:35:13 smithi112 ceph-mon[15655]: [20/Apr/2024:12:35:13] ENGINE Bus STARTED
2024-04-20T12:35:14.129 INFO:journalctl@ceph.mon.smithi112.smithi112.stdout:Apr 20 12:35:13 smithi112 ceph-mon[15655]: from='mgr.14120 172.21.15.112:0/729876977' entity='mgr.smithi112.kslahg'
2024-04-20T12:35:14.129 INFO:journalctl@ceph.mon.smithi112.smithi112.stdout:Apr 20 12:35:13 smithi112 ceph-mon[15655]: from='mgr.14120 172.21.15.112:0/729876977' entity='mgr.smithi112.kslahg' cmd=[{"prefix": "config dump", "format": "json"}]: dispatch
2024-04-20T12:35:14.129 INFO:journalctl@ceph.mon.smithi112.smithi112.stdout:Apr 20 12:35:13 smithi112 ceph-mon[15655]: mgrmap e7: smithi112.kslahg(active, since 1.01742s)
2024-04-20T12:35:14.454 INFO:teuthology.orchestra.run.smithi112.stdout:/usr/bin/ceph: stdout {
2024-04-20T12:35:14.454 INFO:teuthology.orchestra.run.smithi112.stdout:/usr/bin/ceph: stdout "mgrmap_epoch": 7,
2024-04-20T12:35:14.454 INFO:teuthology.orchestra.run.smithi112.stdout:/usr/bin/ceph: stdout "initialized": true
2024-04-20T12:35:14.454 INFO:teuthology.orchestra.run.smithi112.stdout:/usr/bin/ceph: stdout }
2024-04-20T12:35:14.454 INFO:teuthology.orchestra.run.smithi112.stdout:/usr/bin/ceph: stderr
2024-04-20T12:35:07.142+0000 7f8e8b000700 1 Processor -- start
2024-04-20T12:35:14.454 INFO:teuthology.orchestra.run.smithi112.stdout:/usr/bin/ceph: stderr
2024-04-20T12:35:07.142+0000 7f8e8b000700 1 -- start start
2024-04-20T12:35:14.454 INFO:teuthology.orchestra.run.smithi112.stdout:/usr/bin/ceph: stderr
2024-04-20T12:35:07.142+0000 7f8e8b000700 1 --2- >> [v2:172.21.15.112:3300/0,v1:172.21.15.112:6789/0] conn(0x7f8e84101820 0x7f8e84101c30 unknown :-1 s=NONE pgs=0 cs=0 l=0 rev1=0 crypto rx=0 tx=0 comp rx=0 tx=0).connect
2024-04-20T12:35:14.455 INFO:teuthology.orchestra.run.smithi112.stdout:/usr/bin/ceph: stderr
2024-04-20T12:35:07.142+0000 7f8e8b000700 1 -- --> [v2:172.21.15.112:3300/0,v1:172.21.15.112:6789/0] -- mon_getmap magic: 0 v1 -- 0x7f8e84102170 con 0x7f8e84101820
2024-04-20T12:35:14.455 INFO:teuthology.orchestra.run.smithi112.stdout:/usr/bin/ceph: stderr
2024-04-20T12:35:07.143+0000 7f8e83e00700 1 --2- >> [v2:172.21.15.112:3300/0,v1:172.21.15.112:6789/0] conn(0x7f8e84101820 0x7f8e84101c30 unknown :-1 s=BANNER_CONNECTING pgs=0 cs=0 l=0 rev1=0 crypto rx=0 tx=0 comp rx=0 tx=0)._handle_peer_banner_payload supported=3 required=0
2024-04-20T12:35:14.455 INFO:teuthology.orchestra.run.smithi112.stdout:/usr/bin/ceph: stderr
2024-04-20T12:35:07.143+0000 7f8e83e00700 1 --2- >> [v2:172.21.15.112:3300/0,v1:172.21.15.112:6789/0] conn(0x7f8e84101820 0x7f8e84101c30 unknown :-1 s=HELLO_CONNECTING pgs=0 cs=0 l=0 rev1=1 crypto rx=0 tx=0 comp rx=0 tx=0).handle_hello peer v2:172.21.15.112:3300/0 says I am v2:172.21.15.112:46126/0 (socket says 172.21.15.112:46126)
2024-04-20T12:35:14.455 INFO:teuthology.orchestra.run.smithi112.stdout:/usr/bin/ceph: stderr
2024-04-20T12:35:07.143+0000 7f8e83e00700 1 -- 172.21.15.112:0/3749243719 learned_addr learned my addr 172.21.15.112:0/3749243719 (peer_addr_for_me v2:172.21.15.112:0/0)
2024-04-20T12:35:14.455 INFO:teuthology.orchestra.run.smithi112.stdout:/usr/bin/ceph: stderr
2024-04-20T12:35:07.143+0000 7f8e83e00700 1 -- 172.21.15.112:0/3749243719 --> [v2:172.21.15.112:3300/0,v1:172.21.15.112:6789/0] -- mon_subscribe({config=0+,monmap=0+}) v3 -- 0x7f8e841022b0 con 0x7f8e84101820
2024-04-20T12:35:14.455 INFO:teuthology.orchestra.run.smithi112.stdout:/usr/bin/ceph: stderr
2024-04-20T12:35:07.143+0000 7f8e83e00700 1 --2- 172.21.15.112:0/3749243719 >> [v2:172.21.15.112:3300/0,v1:172.21.15.112:6789/0] conn(0x7f8e84101820 0x7f8e84101c30 secure :-1 s=READY pgs=28 cs=0 l=1 rev1=1 crypto rx=0x7f8e740098e0 tx=0x7f8e74009250 comp rx=0 tx=0).ready entity=mon.0 client_cookie=6dd7e7b53bfc93f server_cookie=0 in_seq=0 out_seq=0
2024-04-20T12:35:14.455 INFO:teuthology.orchestra.run.smithi112.stdout:/usr/bin/ceph: stderr
2024-04-20T12:35:07.144+0000 7f8e82a00700 1 -- 172.21.15.112:0/3749243719 <== mon.0 v2:172.21.15.112:3300/0 1 ==== mon_map magic: 0 v1 ==== 229+0+0 (secure 0 0 0) 0x7f8e7400b860 con 0x7f8e84101820
2024-04-20T12:35:14.455 INFO:teuthology.orchestra.run.smithi112.stdout:/usr/bin/ceph: stderr
2024-04-20T12:35:07.144+0000 7f8e82a00700 1 -- 172.21.15.112:0/3749243719 <== mon.0 v2:172.21.15.112:3300/0 2 ==== config(27 keys) v1 ==== 1044+0+0 (secure 0 0 0) 0x7f8e7400be50 con 0x7f8e84101820
2024-04-20T12:35:14.455 INFO:teuthology.orchestra.run.smithi112.stdout:/usr/bin/ceph: stderr
2024-04-20T12:35:07.144+0000 7f8e82a00700 1 -- 172.21.15.112:0/3749243719 <== mon.0 v2:172.21.15.112:3300/0 3 ==== mon_map magic: 0 v1 ==== 229+0+0 (secure 0 0 0) 0x7f8e74010380 con 0x7f8e84101820
2024-04-20T12:35:14.455 INFO:teuthology.orchestra.run.smithi112.stdout:/usr/bin/ceph: stderr
2024-04-20T12:35:07.144+0000 7f8e8b000700 1 -- 172.21.15.112:0/3749243719 >> [v2:172.21.15.112:3300/0,v1:172.21.15.112:6789/0] conn(0x7f8e84101820 msgr2=0x7f8e84101c30 secure :-1 s=STATE_CONNECTION_ESTABLISHED l=1).mark_down
2024-04-20T12:35:14.455 INFO:teuthology.orchestra.run.smithi112.stdout:/usr/bin/ceph: stderr
2024-04-20T12:35:07.144+0000 7f8e8b000700 1 --2- 172.21.15.112:0/3749243719 >> [v2:172.21.15.112:3300/0,v1:172.21.15.112:6789/0] conn(0x7f8e84101820 0x7f8e84101c30 secure :-1 s=READY pgs=28 cs=0 l=1 rev1=1 crypto rx=0x7f8e740098e0 tx=0x7f8e74009250 comp rx=0 tx=0).stop
2024-04-20T12:35:14.455 INFO:teuthology.orchestra.run.smithi112.stdout:/usr/bin/ceph: stderr
2024-04-20T12:35:07.145+0000 7f8e8b000700 1 -- 172.21.15.112:0/3749243719 shutdown_connections
2024-04-20T12:35:14.455 INFO:teuthology.orchestra.run.smithi112.stdout:/usr/bin/ceph: stderr
2024-04-20T12:35:07.145+0000 7f8e8b000700 1 --2- 172.21.15.112:0/3749243719 >> [v2:172.21.15.112:3300/0,v1:172.21.15.112:6789/0] conn(0x7f8e84101820 0x7f8e84101c30 unknown :-1 s=CLOSED pgs=28 cs=0 l=1 rev1=1 crypto rx=0 tx=0 comp rx=0 tx=0).stop
2024-04-20T12:35:14.455 INFO:teuthology.orchestra.run.smithi112.stdout:/usr/bin/ceph: stderr
2024-04-20T12:35:07.145+0000 7f8e8b000700 1 -- 172.21.15.112:0/3749243719 >> 172.21.15.112:0/3749243719 conn(0x7f8e840fcf80 msgr2=0x7f8e840ff3b0 unknown :-1 s=STATE_NONE l=0).mark_down
2024-04-20T12:35:14.455 INFO:teuthology.orchestra.run.smithi112.stdout:/usr/bin/ceph: stderr
2024-04-20T12:35:07.145+0000 7f8e8b000700 1 -- 172.21.15.112:0/3749243719 shutdown_connections
2024-04-20T12:35:14.456 INFO:teuthology.orchestra.run.smithi112.stdout:/usr/bin/ceph: stderr
2024-04-20T12:35:07.145+0000 7f8e8b000700 1 -- 172.21.15.112:0/3749243719 wait complete.
2024-04-20T12:35:14.456 INFO:teuthology.orchestra.run.smithi112.stdout:/usr/bin/ceph: stderr
2024-04-20T12:35:07.146+0000 7f8e8b000700 1 Processor -- start
2024-04-20T12:35:14.456 INFO:teuthology.orchestra.run.smithi112.stdout:/usr/bin/ceph: stderr
2024-04-20T12:35:07.146+0000 7f8e8b000700 1 -- start start
2024-04-20T12:35:14.456 INFO:teuthology.orchestra.run.smithi112.stdout:/usr/bin/ceph: stderr
2024-04-20T12:35:07.146+0000 7f8e8b000700 1 --2- >> [v2:172.21.15.112:3300/0,v1:172.21.15.112:6789/0] conn(0x7f8e84101820 0x7f8e84113970 unknown :-1 s=NONE pgs=0 cs=0 l=1 rev1=0 crypto rx=0 tx=0 comp rx=0 tx=0).connect
2024-04-20T12:35:14.456 INFO:teuthology.orchestra.run.smithi112.stdout:/usr/bin/ceph: stderr
2024-04-20T12:35:07.146+0000 7f8e8b000700 1 -- --> [v2:172.21.15.112:3300/0,v1:172.21.15.112:6789/0] -- mon_getmap magic: 0 v1 -- 0x7f8e84113eb0 con 0x7f8e84101820
2024-04-20T12:35:14.456 INFO:teuthology.orchestra.run.smithi112.stdout:/usr/bin/ceph: stderr
2024-04-20T12:35:07.146+0000 7f8e83e00700 1 --2- >> [v2:172.21.15.112:3300/0,v1:172.21.15.112:6789/0] conn(0x7f8e84101820 0x7f8e84113970 unknown :-1 s=BANNER_CONNECTING pgs=0 cs=0 l=1 rev1=0 crypto rx=0 tx=0 comp rx=0 tx=0)._handle_peer_banner_payload supported=3 required=0
2024-04-20T12:35:14.461 INFO:teuthology.orchestra.run.smithi112.stdout:/usr/bin/ceph: stderr
2024-04-20T12:35:07.146+0000 7f8e83e00700 1 --2- >> [v2:172.21.15.112:3300/0,v1:172.21.15.112:6789/0] conn(0x7f8e84101820 0x7f8e84113970 unknown :-1 s=HELLO_CONNECTING pgs=0 cs=0 l=1 rev1=1 crypto rx=0 tx=0 comp rx=0 tx=0).handle_hello peer v2:172.21.15.112:3300/0 says I am v2:172.21.15.112:46132/0 (socket says 172.21.15.112:46132)
2024-04-20T12:35:14.461 INFO:teuthology.orchestra.run.smithi112.stdout:/usr/bin/ceph: stderr
2024-04-20T12:35:07.146+0000 7f8e83e00700 1 -- 172.21.15.112:0/2133444189 learned_addr learned my addr 172.21.15.112:0/2133444189 (peer_addr_for_me v2:172.21.15.112:0/0)
2024-04-20T12:35:14.461 INFO:teuthology.orchestra.run.smithi112.stdout:/usr/bin/ceph: stderr
2024-04-20T12:35:07.147+0000 7f8e83e00700 1 -- 172.21.15.112:0/2133444189 --> [v2:172.21.15.112:3300/0,v1:172.21.15.112:6789/0] -- mon_subscribe({config=0+,monmap=0+}) v3 -- 0x7f8e740094f0 con 0x7f8e84101820
2024-04-20T12:35:14.461 INFO:teuthology.orchestra.run.smithi112.stdout:/usr/bin/ceph: stderr
2024-04-20T12:35:07.147+0000 7f8e83e00700 1 --2- 172.21.15.112:0/2133444189 >> [v2:172.21.15.112:3300/0,v1:172.21.15.112:6789/0] conn(0x7f8e84101820 0x7f8e84113970 secure :-1 s=READY pgs=29 cs=0 l=1 rev1=1 crypto rx=0x7f8e7400ba90 tx=0x7f8e74009250 comp rx=0 tx=0).ready entity=mon.0 client_cookie=0 server_cookie=0 in_seq=0 out_seq=0
2024-04-20T12:35:14.461 INFO:teuthology.orchestra.run.smithi112.stdout:/usr/bin/ceph: stderr
2024-04-20T12:35:07.147+0000 7f8e7be00700 1 -- 172.21.15.112:0/2133444189 <== mon.0 v2:172.21.15.112:3300/0 1 ==== mon_map magic: 0 v1 ==== 229+0+0 (secure 0 0 0) 0x7f8e740107c0 con 0x7f8e84101820
2024-04-20T12:35:14.461 INFO:teuthology.orchestra.run.smithi112.stdout:/usr/bin/ceph: stderr
2024-04-20T12:35:07.147+0000 7f8e7be00700 1 -- 172.21.15.112:0/2133444189 <== mon.0 v2:172.21.15.112:3300/0 2 ==== config(27 keys) v1 ==== 1044+0+0 (secure 0 0 0) 0x7f8e74010db0 con 0x7f8e84101820
2024-04-20T12:35:14.461 INFO:teuthology.orchestra.run.smithi112.stdout:/usr/bin/ceph: stderr
2024-04-20T12:35:07.147+0000 7f8e8b000700 1 -- 172.21.15.112:0/2133444189 --> [v2:172.21.15.112:3300/0,v1:172.21.15.112:6789/0] -- mon_subscribe({mgrmap=0+}) v3 -- 0x7f8e841140b0 con 0x7f8e84101820
2024-04-20T12:35:14.461 INFO:teuthology.orchestra.run.smithi112.stdout:/usr/bin/ceph: stderr
2024-04-20T12:35:07.147+0000 7f8e7be00700 1 -- 172.21.15.112:0/2133444189 <== mon.0 v2:172.21.15.112:3300/0 3 ==== mon_map magic: 0 v1 ==== 229+0+0 (secure 0 0 0) 0x7f8e7401add0 con 0x7f8e84101820
2024-04-20T12:35:14.461 INFO:teuthology.orchestra.run.smithi112.stdout:/usr/bin/ceph: stderr
2024-04-20T12:35:07.147+0000 7f8e8b000700 1 -- 172.21.15.112:0/2133444189 --> [v2:172.21.15.112:3300/0,v1:172.21.15.112:6789/0] -- mon_subscribe({osdmap=0}) v3 -- 0x7f8e84114c20 con 0x7f8e84101820
2024-04-20T12:35:14.461 INFO:teuthology.orchestra.run.smithi112.stdout:/usr/bin/ceph: stderr
2024-04-20T12:35:07.148+0000 7f8e7be00700 1 -- 172.21.15.112:0/2133444189 <== mon.0 v2:172.21.15.112:3300/0 4 ==== mgrmap(e 5) v1 ==== 43376+0+0 (secure 0 0 0) 0x7f8e7402e440 con 0x7f8e84101820
2024-04-20T12:35:14.462 INFO:teuthology.orchestra.run.smithi112.stdout:/usr/bin/ceph: stderr
2024-04-20T12:35:07.149+0000 7f8e7be00700 1 --2- 172.21.15.112:0/2133444189 >> [v2:172.21.15.112:6800/3367442052,v1:172.21.15.112:6801/3367442052] conn(0x7f8e680367e0 0x7f8e68038c90 unknown :-1 s=NONE pgs=0 cs=0 l=1 rev1=0 crypto rx=0 tx=0 comp rx=0 tx=0).connect
2024-04-20T12:35:14.462 INFO:teuthology.orchestra.run.smithi112.stdout:/usr/bin/ceph: stderr
2024-04-20T12:35:07.149+0000 7f8e8b000700 1 -- 172.21.15.112:0/2133444189 --> [v2:172.21.15.112:6800/3367442052,v1:172.21.15.112:6801/3367442052] -- command(tid 0: {"prefix": "get_command_descriptions"}) v1 -- 0x7f8e8405f5f0 con 0x7f8e680367e0
2024-04-20T12:35:14.462 INFO:teuthology.orchestra.run.smithi112.stdout:/usr/bin/ceph: stderr
2024-04-20T12:35:07.149+0000 7f8e7be00700 1 -- 172.21.15.112:0/2133444189 <== mon.0 v2:172.21.15.112:3300/0 5 ==== osd_map(1..1 src has 1..1) v4 ==== 721+0+0 (secure 0 0 0) 0x7f8e7404a6a0 con 0x7f8e84101820
2024-04-20T12:35:14.462 INFO:teuthology.orchestra.run.smithi112.stdout:/usr/bin/ceph: stderr
2024-04-20T12:35:07.149+0000 7f8e83400700 1 -- 172.21.15.112:0/2133444189 >> [v2:172.21.15.112:6800/3367442052,v1:172.21.15.112:6801/3367442052] conn(0x7f8e680367e0 msgr2=0x7f8e68038c90 unknown :-1 s=STATE_CONNECTING_RE l=1).process reconnect failed to v2:172.21.15.112:6800/3367442052
2024-04-20T12:35:14.462 INFO:teuthology.orchestra.run.smithi112.stdout:/usr/bin/ceph: stderr
2024-04-20T12:35:07.149+0000 7f8e83400700 1 --2- 172.21.15.112:0/2133444189 >> [v2:172.21.15.112:6800/3367442052,v1:172.21.15.112:6801/3367442052] conn(0x7f8e680367e0 0x7f8e68038c90 unknown :-1 s=START_CONNECT pgs=0 cs=0 l=1 rev1=0 crypto rx=0 tx=0 comp rx=0 tx=0)._fault waiting 0.200000
2024-04-20T12:35:14.462 INFO:teuthology.orchestra.run.smithi112.stdout:/usr/bin/ceph: stderr
2024-04-20T12:35:07.350+0000 7f8e83400700 1 -- 172.21.15.112:0/2133444189 >> [v2:172.21.15.112:6800/3367442052,v1:172.21.15.112:6801/3367442052] conn(0x7f8e680367e0 msgr2=0x7f8e68038c90 unknown :-1 s=STATE_CONNECTING_RE l=1).process reconnect failed to v2:172.21.15.112:6800/3367442052
2024-04-20T12:35:14.462 INFO:teuthology.orchestra.run.smithi112.stdout:/usr/bin/ceph: stderr
2024-04-20T12:35:07.350+0000 7f8e83400700 1 --2- 172.21.15.112:0/2133444189 >> [v2:172.21.15.112:6800/3367442052,v1:172.21.15.112:6801/3367442052] conn(0x7f8e680367e0 0x7f8e68038c90 unknown :-1 s=START_CONNECT pgs=0 cs=0 l=1 rev1=0 crypto rx=0 tx=0 comp rx=0 tx=0)._fault waiting 0.400000
2024-04-20T12:35:14.462 INFO:teuthology.orchestra.run.smithi112.stdout:/usr/bin/ceph: stderr
2024-04-20T12:35:07.751+0000 7f8e83400700 1 -- 172.21.15.112:0/2133444189 >> [v2:172.21.15.112:6800/3367442052,v1:172.21.15.112:6801/3367442052] conn(0x7f8e680367e0 msgr2=0x7f8e68038c90 unknown :-1 s=STATE_CONNECTING_RE l=1).process reconnect failed to v2:172.21.15.112:6800/3367442052
2024-04-20T12:35:14.462 INFO:teuthology.orchestra.run.smithi112.stdout:/usr/bin/ceph: stderr
2024-04-20T12:35:07.751+0000 7f8e83400700 1 --2- 172.21.15.112:0/2133444189 >> [v2:172.21.15.112:6800/3367442052,v1:172.21.15.112:6801/3367442052] conn(0x7f8e680367e0 0x7f8e68038c90 unknown :-1 s=START_CONNECT pgs=0 cs=0 l=1 rev1=0 crypto rx=0 tx=0 comp rx=0 tx=0)._fault waiting 0.800000
2024-04-20T12:35:14.462 INFO:teuthology.orchestra.run.smithi112.stdout:/usr/bin/ceph: stderr
2024-04-20T12:35:08.552+0000 7f8e83400700 1 -- 172.21.15.112:0/2133444189 >> [v2:172.21.15.112:6800/3367442052,v1:172.21.15.112:6801/3367442052] conn(0x7f8e680367e0 msgr2=0x7f8e68038c90 unknown :-1 s=STATE_CONNECTING_RE l=1).process reconnect failed to v2:172.21.15.112:6800/3367442052
2024-04-20T12:35:14.462 INFO:teuthology.orchestra.run.smithi112.stdout:/usr/bin/ceph: stderr
2024-04-20T12:35:08.552+0000 7f8e83400700 1 --2- 172.21.15.112:0/2133444189 >> [v2:172.21.15.112:6800/3367442052,v1:172.21.15.112:6801/3367442052] conn(0x7f8e680367e0 0x7f8e68038c90 unknown :-1 s=START_CONNECT pgs=0 cs=0 l=1 rev1=0 crypto rx=0 tx=0 comp rx=0 tx=0)._fault waiting 1.600000
2024-04-20T12:35:14.462 INFO:teuthology.orchestra.run.smithi112.stdout:/usr/bin/ceph: stderr
2024-04-20T12:35:10.154+0000 7f8e83400700 1 -- 172.21.15.112:0/2133444189 >> [v2:172.21.15.112:6800/3367442052,v1:172.21.15.112:6801/3367442052] conn(0x7f8e680367e0 msgr2=0x7f8e68038c90 unknown :-1 s=STATE_CONNECTING_RE l=1).process reconnect failed to v2:172.21.15.112:6800/3367442052
2024-04-20T12:35:14.462 INFO:teuthology.orchestra.run.smithi112.stdout:/usr/bin/ceph: stderr
