2024-04-20T12:35:33.401 INFO:teuthology.orchestra.run.smithi112.stdout:/usr/bin/ceph: stderr
2024-04-20T12:35:31.919+0000 7fd764c00700 1 -- 172.21.15.112:0/1661098898 <== mon.0 v2:172.21.15.112:3300/0 3 ==== mon_map magic: 0 v1 ==== 229+0+0 (secure 0 0 0) 0x7fd75c01ad40 con 0x7fd768076b40
2024-04-20T12:35:33.401 INFO:teuthology.orchestra.run.smithi112.stdout:/usr/bin/ceph: stderr
2024-04-20T12:35:31.919+0000 7fd76f400700 1 -- 172.21.15.112:0/1661098898 --> [v2:172.21.15.112:3300/0,v1:172.21.15.112:6789/0] -- mon_subscribe({mgrmap=0+}) v3 -- 0x7fd768101460 con 0x7fd768076b40
2024-04-20T12:35:33.401 INFO:teuthology.orchestra.run.smithi112.stdout:/usr/bin/ceph: stderr
2024-04-20T12:35:31.919+0000 7fd76f400700 1 -- 172.21.15.112:0/1661098898 --> [v2:172.21.15.112:3300/0,v1:172.21.15.112:6789/0] -- mon_subscribe({osdmap=0}) v3 -- 0x7fd768101950 con 0x7fd768076b40
2024-04-20T12:35:33.402 INFO:teuthology.orchestra.run.smithi112.stdout:/usr/bin/ceph: stderr
2024-04-20T12:35:31.920+0000 7fd764c00700 1 -- 172.21.15.112:0/1661098898 <== mon.0 v2:172.21.15.112:3300/0 4 ==== mgrmap(e 8) v1 ==== 43376+0+0 (secure 0 0 0) 0x7fd75c01a650 con 0x7fd768076b40
2024-04-20T12:35:33.402 INFO:teuthology.orchestra.run.smithi112.stdout:/usr/bin/ceph: stderr
2024-04-20T12:35:31.920+0000 7fd76f400700 1 -- 172.21.15.112:0/1661098898 --> [v2:172.21.15.112:3300/0,v1:172.21.15.112:6789/0] -- mon_command({"prefix": "get_command_descriptions"} v 0) v1 -- 0x7fd76804bed0 con 0x7fd768076b40
2024-04-20T12:35:33.402 INFO:teuthology.orchestra.run.smithi112.stdout:/usr/bin/ceph: stderr
2024-04-20T12:35:31.921+0000 7fd764c00700 1 --2- 172.21.15.112:0/1661098898 >> [v2:172.21.15.112:6800/1783403480,v1:172.21.15.112:6801/1783403480] conn(0x7fd750036870 0x7fd750038d20 unknown :-1 s=NONE pgs=0 cs=0 l=1 rev1=0 crypto rx=0 tx=0 comp rx=0 tx=0).connect
2024-04-20T12:35:33.402 INFO:teuthology.orchestra.run.smithi112.stdout:/usr/bin/ceph: stderr
2024-04-20T12:35:31.921+0000 7fd764c00700 1 -- 172.21.15.112:0/1661098898 <== mon.0 v2:172.21.15.112:3300/0 5 ==== osd_map(2..2 src has 1..2) v4 ==== 936+0+0 (secure 0 0 0) 0x7fd75c04a440 con 0x7fd768076b40
2024-04-20T12:35:33.402 INFO:teuthology.orchestra.run.smithi112.stdout:/usr/bin/ceph: stderr
2024-04-20T12:35:31.921+0000 7fd767e00700 1 --2- 172.21.15.112:0/1661098898 >> [v2:172.21.15.112:6800/1783403480,v1:172.21.15.112:6801/1783403480] conn(0x7fd750036870 0x7fd750038d20 unknown :-1 s=BANNER_CONNECTING pgs=0 cs=0 l=1 rev1=0 crypto rx=0 tx=0 comp rx=0 tx=0)._handle_peer_banner_payload supported=3 required=0
2024-04-20T12:35:33.402 INFO:teuthology.orchestra.run.smithi112.stdout:/usr/bin/ceph: stderr
2024-04-20T12:35:31.922+0000 7fd767e00700 1 --2- 172.21.15.112:0/1661098898 >> [v2:172.21.15.112:6800/1783403480,v1:172.21.15.112:6801/1783403480] conn(0x7fd750036870 0x7fd750038d20 secure :-1 s=READY pgs=15 cs=0 l=1 rev1=1 crypto rx=0x7fd754009990 tx=0x7fd754006e40 comp rx=0 tx=0).ready entity=mgr.14120 client_cookie=0 server_cookie=0 in_seq=0 out_seq=0
2024-04-20T12:35:33.402 INFO:teuthology.orchestra.run.smithi112.stdout:/usr/bin/ceph: stderr
2024-04-20T12:35:31.927+0000 7fd764c00700 1 -- 172.21.15.112:0/1661098898 <== mon.0 v2:172.21.15.112:3300/0 6 ==== mon_command_ack([{"prefix": "get_command_descriptions"}]=0 v0) v1 ==== 72+0+176702 (secure 0 0 0) 0x7fd75c01a430 con 0x7fd768076b40
2024-04-20T12:35:33.403 INFO:teuthology.orchestra.run.smithi112.stdout:/usr/bin/ceph: stderr
2024-04-20T12:35:32.162+0000 7fd76f400700 1 -- 172.21.15.112:0/1661098898 --> [v2:172.21.15.112:6800/1783403480,v1:172.21.15.112:6801/1783403480] -- mgr_command(tid 0: {"prefix": "orch apply", "service_type": "prometheus", "target": ["mon-mgr", ""]}) v1 -- 0x7fd768102180 con 0x7fd750036870
2024-04-20T12:35:33.403 INFO:teuthology.orchestra.run.smithi112.stdout:/usr/bin/ceph: stderr
2024-04-20T12:35:32.169+0000 7fd764c00700 1 -- 172.21.15.112:0/1661098898 <== mgr.14120 v2:172.21.15.112:6800/1783403480 1 ==== mgr_command_reply(tid 0: 0 ) v1 ==== 8+0+31 (secure 0 0 0) 0x7fd768102180 con 0x7fd750036870
2024-04-20T12:35:33.403 INFO:teuthology.orchestra.run.smithi112.stdout:/usr/bin/ceph: stderr
2024-04-20T12:35:32.171+0000 7fd76f400700 1 -- 172.21.15.112:0/1661098898 >> [v2:172.21.15.112:6800/1783403480,v1:172.21.15.112:6801/1783403480] conn(0x7fd750036870 msgr2=0x7fd750038d20 secure :-1 s=STATE_CONNECTION_ESTABLISHED l=1).mark_down
2024-04-20T12:35:33.403 INFO:teuthology.orchestra.run.smithi112.stdout:/usr/bin/ceph: stderr
2024-04-20T12:35:32.171+0000 7fd76f400700 1 --2- 172.21.15.112:0/1661098898 >> [v2:172.21.15.112:6800/1783403480,v1:172.21.15.112:6801/1783403480] conn(0x7fd750036870 0x7fd750038d20 secure :-1 s=READY pgs=15 cs=0 l=1 rev1=1 crypto rx=0x7fd754009990 tx=0x7fd754006e40 comp rx=0 tx=0).stop
2024-04-20T12:35:33.403 INFO:teuthology.orchestra.run.smithi112.stdout:/usr/bin/ceph: stderr
2024-04-20T12:35:32.172+0000 7fd76f400700 1 -- 172.21.15.112:0/1661098898 >> [v2:172.21.15.112:3300/0,v1:172.21.15.112:6789/0] conn(0x7fd768076b40 msgr2=0x7fd768102eb0 secure :-1 s=STATE_CONNECTION_ESTABLISHED l=1).mark_down
2024-04-20T12:35:33.403 INFO:teuthology.orchestra.run.smithi112.stdout:/usr/bin/ceph: stderr
2024-04-20T12:35:32.172+0000 7fd76f400700 1 --2- 172.21.15.112:0/1661098898 >> [v2:172.21.15.112:3300/0,v1:172.21.15.112:6789/0] conn(0x7fd768076b40 0x7fd768102eb0 secure :-1 s=READY pgs=54 cs=0 l=1 rev1=1 crypto rx=0x7fd75c011e90 tx=0x7fd75c009250 comp rx=0 tx=0).stop
2024-04-20T12:35:33.403 INFO:teuthology.orchestra.run.smithi112.stdout:/usr/bin/ceph: stderr
2024-04-20T12:35:32.172+0000 7fd76f400700 1 -- 172.21.15.112:0/1661098898 shutdown_connections
2024-04-20T12:35:33.403 INFO:teuthology.orchestra.run.smithi112.stdout:/usr/bin/ceph: stderr
2024-04-20T12:35:32.172+0000 7fd76f400700 1 --2- 172.21.15.112:0/1661098898 >> [v2:172.21.15.112:6800/1783403480,v1:172.21.15.112:6801/1783403480] conn(0x7fd750036870 0x7fd750038d20 unknown :-1 s=CLOSED pgs=15 cs=0 l=1 rev1=1 crypto rx=0 tx=0 comp rx=0 tx=0).stop
2024-04-20T12:35:33.403 INFO:teuthology.orchestra.run.smithi112.stdout:/usr/bin/ceph: stderr
2024-04-20T12:35:32.172+0000 7fd76f400700 1 --2- 172.21.15.112:0/1661098898 >> [v2:172.21.15.112:3300/0,v1:172.21.15.112:6789/0] conn(0x7fd768076b40 0x7fd768102eb0 unknown :-1 s=CLOSED pgs=54 cs=0 l=1 rev1=1 crypto rx=0 tx=0 comp rx=0 tx=0).stop
2024-04-20T12:35:33.403 INFO:teuthology.orchestra.run.smithi112.stdout:/usr/bin/ceph: stderr
2024-04-20T12:35:32.172+0000 7fd76f400700 1 -- 172.21.15.112:0/1661098898 >> 172.21.15.112:0/1661098898 conn(0x7fd7680fd050 msgr2=0x7fd7680fdc10 unknown :-1 s=STATE_NONE l=0).mark_down
2024-04-20T12:35:33.403 INFO:teuthology.orchestra.run.smithi112.stdout:/usr/bin/ceph: stderr
2024-04-20T12:35:32.172+0000 7fd76f400700 1 -- 172.21.15.112:0/1661098898 shutdown_connections
2024-04-20T12:35:33.403 INFO:teuthology.orchestra.run.smithi112.stdout:/usr/bin/ceph: stderr
2024-04-20T12:35:32.172+0000 7fd76f400700 1 -- 172.21.15.112:0/1661098898 wait complete.
2024-04-20T12:35:33.404 INFO:teuthology.orchestra.run.smithi112.stdout:Deploying grafana service with default placement...
2024-04-20T12:35:34.628 INFO:journalctl@ceph.mon.smithi112.smithi112.stdout:Apr 20 12:35:34 smithi112 ceph-mon[15655]: pgmap v3: 0 pgs: ; 0 B data, 0 B used, 0 B / 0 B avail
2024-04-20T12:35:34.628 INFO:journalctl@ceph.mon.smithi112.smithi112.stdout:Apr 20 12:35:34 smithi112 ceph-mon[15655]: from='mgr.14120 172.21.15.112:0/729876977' entity='mgr.smithi112.kslahg'
2024-04-20T12:35:34.628 INFO:journalctl@ceph.mon.smithi112.smithi112.stdout:Apr 20 12:35:34 smithi112 ceph-mon[15655]: from='mgr.14120 172.21.15.112:0/729876977' entity='mgr.smithi112.kslahg'
2024-04-20T12:35:35.011 INFO:teuthology.orchestra.run.smithi112.stdout:/usr/bin/ceph: stdout Scheduled grafana update...
2024-04-20T12:35:35.012 INFO:teuthology.orchestra.run.smithi112.stdout:/usr/bin/ceph: stderr
2024-04-20T12:35:34.020+0000 7f90e5200700 1 Processor -- start
2024-04-20T12:35:35.012 INFO:teuthology.orchestra.run.smithi112.stdout:/usr/bin/ceph: stderr
2024-04-20T12:35:34.020+0000 7f90e5200700 1 -- start start
2024-04-20T12:35:35.012 INFO:teuthology.orchestra.run.smithi112.stdout:/usr/bin/ceph: stderr
2024-04-20T12:35:34.020+0000 7f90e5200700 1 --2- >> [v2:172.21.15.112:3300/0,v1:172.21.15.112:6789/0] conn(0x7f90e0077af0 0x7f90e0076190 unknown :-1 s=NONE pgs=0 cs=0 l=0 rev1=0 crypto rx=0 tx=0 comp rx=0 tx=0).connect
2024-04-20T12:35:35.012 INFO:teuthology.orchestra.run.smithi112.stdout:/usr/bin/ceph: stderr
2024-04-20T12:35:34.020+0000 7f90e5200700 1 -- --> [v2:172.21.15.112:3300/0,v1:172.21.15.112:6789/0] -- mon_getmap magic: 0 v1 -- 0x7f90e0077f00 con 0x7f90e0077af0
2024-04-20T12:35:35.012 INFO:teuthology.orchestra.run.smithi112.stdout:/usr/bin/ceph: stderr
2024-04-20T12:35:34.021+0000 7f90dde00700 1 --2- >> [v2:172.21.15.112:3300/0,v1:172.21.15.112:6789/0] conn(0x7f90e0077af0 0x7f90e0076190 unknown :-1 s=BANNER_CONNECTING pgs=0 cs=0 l=0 rev1=0 crypto rx=0 tx=0 comp rx=0 tx=0)._handle_peer_banner_payload supported=3 required=0
2024-04-20T12:35:35.012 INFO:teuthology.orchestra.run.smithi112.stdout:/usr/bin/ceph: stderr
2024-04-20T12:35:34.021+0000 7f90dde00700 1 --2- >> [v2:172.21.15.112:3300/0,v1:172.21.15.112:6789/0] conn(0x7f90e0077af0 0x7f90e0076190 unknown :-1 s=HELLO_CONNECTING pgs=0 cs=0 l=0 rev1=1 crypto rx=0 tx=0 comp rx=0 tx=0).handle_hello peer v2:172.21.15.112:3300/0 says I am v2:172.21.15.112:59598/0 (socket says 172.21.15.112:59598)
2024-04-20T12:35:35.012 INFO:teuthology.orchestra.run.smithi112.stdout:/usr/bin/ceph: stderr
2024-04-20T12:35:34.021+0000 7f90dde00700 1 -- 172.21.15.112:0/3354908125 learned_addr learned my addr 172.21.15.112:0/3354908125 (peer_addr_for_me v2:172.21.15.112:0/0)
2024-04-20T12:35:35.012 INFO:teuthology.orchestra.run.smithi112.stdout:/usr/bin/ceph: stderr
2024-04-20T12:35:34.021+0000 7f90dde00700 1 -- 172.21.15.112:0/3354908125 --> [v2:172.21.15.112:3300/0,v1:172.21.15.112:6789/0] -- mon_subscribe({config=0+,monmap=0+}) v3 -- 0x7f90e0078040 con 0x7f90e0077af0
2024-04-20T12:35:35.012 INFO:teuthology.orchestra.run.smithi112.stdout:/usr/bin/ceph: stderr
2024-04-20T12:35:34.021+0000 7f90dde00700 1 --2- 172.21.15.112:0/3354908125 >> [v2:172.21.15.112:3300/0,v1:172.21.15.112:6789/0] conn(0x7f90e0077af0 0x7f90e0076190 secure :-1 s=READY pgs=55 cs=0 l=1 rev1=1 crypto rx=0x7f90d00098e0 tx=0x7f90d0009250 comp rx=0 tx=0).ready entity=mon.0 client_cookie=fc38d364fc9d9f0c server_cookie=0 in_seq=0 out_seq=0
2024-04-20T12:35:35.012 INFO:teuthology.orchestra.run.smithi112.stdout:/usr/bin/ceph: stderr
2024-04-20T12:35:34.022+0000 7f90dca00700 1 -- 172.21.15.112:0/3354908125 <== mon.0 v2:172.21.15.112:3300/0 1 ==== mon_map magic: 0 v1 ==== 229+0+0 (secure 0 0 0) 0x7f90d000b8f0 con 0x7f90e0077af0
2024-04-20T12:35:35.012 INFO:teuthology.orchestra.run.smithi112.stdout:/usr/bin/ceph: stderr
2024-04-20T12:35:34.022+0000 7f90dca00700 1 -- 172.21.15.112:0/3354908125 <== mon.0 v2:172.21.15.112:3300/0 2 ==== config(27 keys) v1 ==== 1109+0+0 (secure 0 0 0) 0x7f90d0011420 con 0x7f90e0077af0
2024-04-20T12:35:35.012 INFO:teuthology.orchestra.run.smithi112.stdout:/usr/bin/ceph: stderr
2024-04-20T12:35:34.022+0000 7f90dca00700 1 -- 172.21.15.112:0/3354908125 <== mon.0 v2:172.21.15.112:3300/0 3 ==== mon_map magic: 0 v1 ==== 229+0+0 (secure 0 0 0) 0x7f90d0010540 con 0x7f90e0077af0
2024-04-20T12:35:35.012 INFO:teuthology.orchestra.run.smithi112.stdout:/usr/bin/ceph: stderr
2024-04-20T12:35:34.022+0000 7f90e5200700 1 -- 172.21.15.112:0/3354908125 >> [v2:172.21.15.112:3300/0,v1:172.21.15.112:6789/0] conn(0x7f90e0077af0 msgr2=0x7f90e0076190 secure :-1 s=STATE_CONNECTION_ESTABLISHED l=1).mark_down
2024-04-20T12:35:35.012 INFO:teuthology.orchestra.run.smithi112.stdout:/usr/bin/ceph: stderr
2024-04-20T12:35:34.022+0000 7f90e5200700 1 --2- 172.21.15.112:0/3354908125 >> [v2:172.21.15.112:3300/0,v1:172.21.15.112:6789/0] conn(0x7f90e0077af0 0x7f90e0076190 secure :-1 s=READY pgs=55 cs=0 l=1 rev1=1 crypto rx=0x7f90d00098e0 tx=0x7f90d0009250 comp rx=0 tx=0).stop
2024-04-20T12:35:35.013 INFO:teuthology.orchestra.run.smithi112.stdout:/usr/bin/ceph: stderr
2024-04-20T12:35:34.022+0000 7f90e5200700 1 -- 172.21.15.112:0/3354908125 shutdown_connections
2024-04-20T12:35:35.013 INFO:teuthology.orchestra.run.smithi112.stdout:/usr/bin/ceph: stderr
2024-04-20T12:35:34.022+0000 7f90e5200700 1 --2- 172.21.15.112:0/3354908125 >> [v2:172.21.15.112:3300/0,v1:172.21.15.112:6789/0] conn(0x7f90e0077af0 0x7f90e0076190 unknown :-1 s=CLOSED pgs=55 cs=0 l=1 rev1=1 crypto rx=0 tx=0 comp rx=0 tx=0).stop
2024-04-20T12:35:35.013 INFO:teuthology.orchestra.run.smithi112.stdout:/usr/bin/ceph: stderr
2024-04-20T12:35:34.022+0000 7f90e5200700 1 -- 172.21.15.112:0/3354908125 >> 172.21.15.112:0/3354908125 conn(0x7f90e00fe100 msgr2=0x7f90e0100530 unknown :-1 s=STATE_NONE l=0).mark_down
2024-04-20T12:35:35.013 INFO:teuthology.orchestra.run.smithi112.stdout:/usr/bin/ceph: stderr
2024-04-20T12:35:34.022+0000 7f90e5200700 1 -- 172.21.15.112:0/3354908125 shutdown_connections
2024-04-20T12:35:35.013 INFO:teuthology.orchestra.run.smithi112.stdout:/usr/bin/ceph: stderr
2024-04-20T12:35:34.023+0000 7f90e5200700 1 -- 172.21.15.112:0/3354908125 wait complete.
2024-04-20T12:35:35.013 INFO:teuthology.orchestra.run.smithi112.stdout:/usr/bin/ceph: stderr
2024-04-20T12:35:34.023+0000 7f90e5200700 1 Processor -- start
2024-04-20T12:35:35.013 INFO:teuthology.orchestra.run.smithi112.stdout:/usr/bin/ceph: stderr
2024-04-20T12:35:34.023+0000 7f90e5200700 1 -- start start
2024-04-20T12:35:35.013 INFO:teuthology.orchestra.run.smithi112.stdout:/usr/bin/ceph: stderr
2024-04-20T12:35:34.024+0000 7f90e5200700 1 --2- >> [v2:172.21.15.112:3300/0,v1:172.21.15.112:6789/0] conn(0x7f90e0077af0 0x7f90e0113990 unknown :-1 s=NONE pgs=0 cs=0 l=1 rev1=0 crypto rx=0 tx=0 comp rx=0 tx=0).connect
2024-04-20T12:35:35.013 INFO:teuthology.orchestra.run.smithi112.stdout:/usr/bin/ceph: stderr
2024-04-20T12:35:34.024+0000 7f90e5200700 1 -- --> [v2:172.21.15.112:3300/0,v1:172.21.15.112:6789/0] -- mon_getmap magic: 0 v1 -- 0x7f90e0113ed0 con 0x7f90e0077af0
2024-04-20T12:35:35.013 INFO:teuthology.orchestra.run.smithi112.stdout:/usr/bin/ceph: stderr
2024-04-20T12:35:34.024+0000 7f90dde00700 1 --2- >> [v2:172.21.15.112:3300/0,v1:172.21.15.112:6789/0] conn(0x7f90e0077af0 0x7f90e0113990 unknown :-1 s=BANNER_CONNECTING pgs=0 cs=0 l=1 rev1=0 crypto rx=0 tx=0 comp rx=0 tx=0)._handle_peer_banner_payload supported=3 required=0
2024-04-20T12:35:35.013 INFO:teuthology.orchestra.run.smithi112.stdout:/usr/bin/ceph: stderr
2024-04-20T12:35:34.024+0000 7f90dde00700 1 --2- >> [v2:172.21.15.112:3300/0,v1:172.21.15.112:6789/0] conn(0x7f90e0077af0 0x7f90e0113990 unknown :-1 s=HELLO_CONNECTING pgs=0 cs=0 l=1 rev1=1 crypto rx=0 tx=0 comp rx=0 tx=0).handle_hello peer v2:172.21.15.112:3300/0 says I am v2:172.21.15.112:59606/0 (socket says 172.21.15.112:59606)
2024-04-20T12:35:35.013 INFO:teuthology.orchestra.run.smithi112.stdout:/usr/bin/ceph: stderr
2024-04-20T12:35:34.024+0000 7f90dde00700 1 -- 172.21.15.112:0/1714808291 learned_addr learned my addr 172.21.15.112:0/1714808291 (peer_addr_for_me v2:172.21.15.112:0/0)
2024-04-20T12:35:35.013 INFO:teuthology.orchestra.run.smithi112.stdout:/usr/bin/ceph: stderr
2024-04-20T12:35:34.024+0000 7f90dde00700 1 -- 172.21.15.112:0/1714808291 --> [v2:172.21.15.112:3300/0,v1:172.21.15.112:6789/0] -- mon_subscribe({config=0+,monmap=0+}) v3 -- 0x7f90d00094f0 con 0x7f90e0077af0
2024-04-20T12:35:35.013 INFO:teuthology.orchestra.run.smithi112.stdout:/usr/bin/ceph: stderr
2024-04-20T12:35:34.025+0000 7f90dde00700 1 --2- 172.21.15.112:0/1714808291 >> [v2:172.21.15.112:3300/0,v1:172.21.15.112:6789/0] conn(0x7f90e0077af0 0x7f90e0113990 secure :-1 s=READY pgs=56 cs=0 l=1 rev1=1 crypto rx=0x7f90d00094c0 tx=0x7f90d0009250 comp rx=0 tx=0).ready entity=mon.0 client_cookie=0 server_cookie=0 in_seq=0 out_seq=0
2024-04-20T12:35:35.013 INFO:teuthology.orchestra.run.smithi112.stdout:/usr/bin/ceph: stderr
2024-04-20T12:35:34.025+0000 7f90d6000700 1 -- 172.21.15.112:0/1714808291 <== mon.0 v2:172.21.15.112:3300/0 1 ==== mon_map magic: 0 v1 ==== 229+0+0 (secure 0 0 0) 0x7f90d000bd60 con 0x7f90e0077af0
2024-04-20T12:35:35.014 INFO:teuthology.orchestra.run.smithi112.stdout:/usr/bin/ceph: stderr
2024-04-20T12:35:34.025+0000 7f90d6000700 1 -- 172.21.15.112:0/1714808291 <== mon.0 v2:172.21.15.112:3300/0 2 ==== config(27 keys) v1 ==== 1109+0+0 (secure 0 0 0) 0x7f90d000bec0 con 0x7f90e0077af0
2024-04-20T12:35:35.014 INFO:teuthology.orchestra.run.smithi112.stdout:/usr/bin/ceph: stderr
2024-04-20T12:35:34.025+0000 7f90e5200700 1 -- 172.21.15.112:0/1714808291 --> [v2:172.21.15.112:3300/0,v1:172.21.15.112:6789/0] -- mon_subscribe({mgrmap=0+}) v3 -- 0x7f90e01140d0 con 0x7f90e0077af0
2024-04-20T12:35:35.014 INFO:teuthology.orchestra.run.smithi112.stdout:/usr/bin/ceph: stderr
2024-04-20T12:35:34.025+0000 7f90d6000700 1 -- 172.21.15.112:0/1714808291 <== mon.0 v2:172.21.15.112:3300/0 3 ==== mon_map magic: 0 v1 ==== 229+0+0 (secure 0 0 0) 0x7f90d001ac80 con 0x7f90e0077af0
2024-04-20T12:35:35.014 INFO:teuthology.orchestra.run.smithi112.stdout:/usr/bin/ceph: stderr
2024-04-20T12:35:34.025+0000 7f90e5200700 1 -- 172.21.15.112:0/1714808291 --> [v2:172.21.15.112:3300/0,v1:172.21.15.112:6789/0] -- mon_subscribe({osdmap=0}) v3 -- 0x7f90e0114c40 con 0x7f90e0077af0
2024-04-20T12:35:35.014 INFO:teuthology.orchestra.run.smithi112.stdout:/usr/bin/ceph: stderr
2024-04-20T12:35:34.027+0000 7f90d6000700 1 -- 172.21.15.112:0/1714808291 <== mon.0 v2:172.21.15.112:3300/0 4 ==== mgrmap(e 8) v1 ==== 43376+0+0 (secure 0 0 0) 0x7f90d001a530 con 0x7f90e0077af0
2024-04-20T12:35:35.014 INFO:teuthology.orchestra.run.smithi112.stdout:/usr/bin/ceph: stderr
2024-04-20T12:35:34.026+0000 7f90e5200700 1 -- 172.21.15.112:0/1714808291 --> [v2:172.21.15.112:3300/0,v1:172.21.15.112:6789/0] -- mon_command({"prefix": "get_command_descriptions"} v 0) v1 -- 0x7f90e005f5f0 con 0x7f90e0077af0
2024-04-20T12:35:35.014 INFO:teuthology.orchestra.run.smithi112.stdout:/usr/bin/ceph: stderr
2024-04-20T12:35:34.027+0000 7f90d6000700 1 --2- 172.21.15.112:0/1714808291 >> [v2:172.21.15.112:6800/1783403480,v1:172.21.15.112:6801/1783403480] conn(0x7f90c4036870 0x7f90c4038d20 unknown :-1 s=NONE pgs=0 cs=0 l=1 rev1=0 crypto rx=0 tx=0 comp rx=0 tx=0).connect
2024-04-20T12:35:35.014 INFO:teuthology.orchestra.run.smithi112.stdout:/usr/bin/ceph: stderr
2024-04-20T12:35:34.027+0000 7f90d6000700 1 -- 172.21.15.112:0/1714808291 <== mon.0 v2:172.21.15.112:3300/0 5 ==== osd_map(2..2 src has 1..2) v4 ==== 936+0+0 (secure 0 0 0) 0x7f90d0049de0 con 0x7f90e0077af0
2024-04-20T12:35:35.014 INFO:teuthology.orchestra.run.smithi112.stdout:/usr/bin/ceph: stderr
2024-04-20T12:35:34.027+0000 7f90dd400700 1 --2- 172.21.15.112:0/1714808291 >> [v2:172.21.15.112:6800/1783403480,v1:172.21.15.112:6801/1783403480] conn(0x7f90c4036870 0x7f90c4038d20 unknown :-1 s=BANNER_CONNECTING pgs=0 cs=0 l=1 rev1=0 crypto rx=0 tx=0 comp rx=0 tx=0)._handle_peer_banner_payload supported=3 required=0
2024-04-20T12:35:35.014 INFO:teuthology.orchestra.run.smithi112.stdout:/usr/bin/ceph: stderr
2024-04-20T12:35:34.028+0000 7f90dd400700 1 --2- 172.21.15.112:0/1714808291 >> [v2:172.21.15.112:6800/1783403480,v1:172.21.15.112:6801/1783403480] conn(0x7f90c4036870 0x7f90c4038d20 secure :-1 s=READY pgs=16 cs=0 l=1 rev1=1 crypto rx=0x7f90cc009990 tx=0x7f90cc006e40 comp rx=0 tx=0).ready entity=mgr.14120 client_cookie=0 server_cookie=0 in_seq=0 out_seq=0
2024-04-20T12:35:35.014 INFO:teuthology.orchestra.run.smithi112.stdout:/usr/bin/ceph: stderr
2024-04-20T12:35:34.032+0000 7f90d6000700 1 -- 172.21.15.112:0/1714808291 <== mon.0 v2:172.21.15.112:3300/0 6 ==== mon_command_ack([{"prefix": "get_command_descriptions"}]=0 v0) v1 ==== 72+0+176702 (secure 0 0 0) 0x7f90d0018cd0 con 0x7f90e0077af0
2024-04-20T12:35:35.014 INFO:teuthology.orchestra.run.smithi112.stdout:/usr/bin/ceph: stderr
2024-04-20T12:35:34.262+0000 7f90e5200700 1 -- 172.21.15.112:0/1714808291 --> [v2:172.21.15.112:6800/1783403480,v1:172.21.15.112:6801/1783403480] -- mgr_command(tid 0: {"prefix": "orch apply", "service_type": "grafana", "target": ["mon-mgr", ""]}) v1 -- 0x7f90e0078040 con 0x7f90c4036870
2024-04-20T12:35:35.015 INFO:teuthology.orchestra.run.smithi112.stdout:/usr/bin/ceph: stderr
2024-04-20T12:35:34.272+0000 7f90d6000700 1 -- 172.21.15.112:0/1714808291 <== mgr.14120 v2:172.21.15.112:6800/1783403480 1 ==== mgr_command_reply(tid 0: 0 ) v1 ==== 8+0+28 (secure 0 0 0) 0x7f90e0078040 con 0x7f90c4036870
2024-04-20T12:35:35.015 INFO:teuthology.orchestra.run.smithi112.stdout:/usr/bin/ceph: stderr
2024-04-20T12:35:34.275+0000 7f90e5200700 1 -- 172.21.15.112:0/1714808291 >> [v2:172.21.15.112:6800/1783403480,v1:172.21.15.112:6801/1783403480] conn(0x7f90c4036870 msgr2=0x7f90c4038d20 secure :-1 s=STATE_CONNECTION_ESTABLISHED l=1).mark_down
2024-04-20T12:35:35.015 INFO:teuthology.orchestra.run.smithi112.stdout:/usr/bin/ceph: stderr
2024-04-20T12:35:34.275+0000 7f90e5200700 1 --2- 172.21.15.112:0/1714808291 >> [v2:172.21.15.112:6800/1783403480,v1:172.21.15.112:6801/1783403480] conn(0x7f90c4036870 0x7f90c4038d20 secure :-1 s=READY pgs=16 cs=0 l=1 rev1=1 crypto rx=0x7f90cc009990 tx=0x7f90cc006e40 comp rx=0 tx=0).stop
2024-04-20T12:35:35.015 INFO:teuthology.orchestra.run.smithi112.stdout:/usr/bin/ceph: stderr
2024-04-20T12:35:34.275+0000 7f90e5200700 1 -- 172.21.15.112:0/1714808291 >> [v2:172.21.15.112:3300/0,v1:172.21.15.112:6789/0] conn(0x7f90e0077af0 msgr2=0x7f90e0113990 secure :-1 s=STATE_CONNECTION_ESTABLISHED l=1).mark_down
2024-04-20T12:35:35.015 INFO:teuthology.orchestra.run.smithi112.stdout:/usr/bin/ceph: stderr
2024-04-20T12:35:34.275+0000 7f90e5200700 1 --2- 172.21.15.112:0/1714808291 >> [v2:172.21.15.112:3300/0,v1:172.21.15.112:6789/0] conn(0x7f90e0077af0 0x7f90e0113990 secure :-1 s=READY pgs=56 cs=0 l=1 rev1=1 crypto rx=0x7f90d00094c0 tx=0x7f90d0009250 comp rx=0 tx=0).stop
2024-04-20T12:35:35.015 INFO:teuthology.orchestra.run.smithi112.stdout:/usr/bin/ceph: stderr
2024-04-20T12:35:34.275+0000 7f90e5200700 1 -- 172.21.15.112:0/1714808291 shutdown_connections
2024-04-20T12:35:35.015 INFO:teuthology.orchestra.run.smithi112.stdout:/usr/bin/ceph: stderr
2024-04-20T12:35:34.275+0000 7f90e5200700 1 --2- 172.21.15.112:0/1714808291 >> [v2:172.21.15.112:6800/1783403480,v1:172.21.15.112:6801/1783403480] conn(0x7f90c4036870 0x7f90c4038d20 unknown :-1 s=CLOSED pgs=16 cs=0 l=1 rev1=1 crypto rx=0 tx=0 comp rx=0 tx=0).stop
2024-04-20T12:35:35.015 INFO:teuthology.orchestra.run.smithi112.stdout:/usr/bin/ceph: stderr
2024-04-20T12:35:34.275+0000 7f90e5200700 1 --2- 172.21.15.112:0/1714808291 >> [v2:172.21.15.112:3300/0,v1:172.21.15.112:6789/0] conn(0x7f90e0077af0 0x7f90e0113990 unknown :-1 s=CLOSED pgs=56 cs=0 l=1 rev1=1 crypto rx=0 tx=0 comp rx=0 tx=0).stop
2024-04-20T12:35:35.015 INFO:teuthology.orchestra.run.smithi112.stdout:/usr/bin/ceph: stderr
2024-04-20T12:35:34.275+0000 7f90e5200700 1 -- 172.21.15.112:0/1714808291 >> 172.21.15.112:0/1714808291 conn(0x7f90e00fe100 msgr2=0x7f90e00fed40 unknown :-1 s=STATE_NONE l=0).mark_down
2024-04-20T12:35:35.015 INFO:teuthology.orchestra.run.smithi112.stdout:/usr/bin/ceph: stderr
2024-04-20T12:35:34.275+0000 7f90e5200700 1 -- 172.21.15.112:0/1714808291 shutdown_connections
2024-04-20T12:35:35.015 INFO:teuthology.orchestra.run.smithi112.stdout:/usr/bin/ceph: stderr
2024-04-20T12:35:34.276+0000 7f90e5200700 1 -- 172.21.15.112:0/1714808291 wait complete.
2024-04-20T12:35:35.016 INFO:teuthology.orchestra.run.smithi112.stdout:Deploying node-exporter service with default placement...
2024-04-20T12:35:35.576 INFO:journalctl@ceph.mon.smithi112.smithi112.stdout:Apr 20 12:35:35 smithi112 ceph-mon[15655]: from='client.14150 -' entity='client.admin' cmd=[{"prefix": "orch apply", "service_type": "grafana", "target": ["mon-mgr", ""]}]: dispatch
2024-04-20T12:35:35.576 INFO:journalctl@ceph.mon.smithi112.smithi112.stdout:Apr 20 12:35:35 smithi112 ceph-mon[15655]: Saving service grafana spec with placement count:1
2024-04-20T12:35:35.576 INFO:journalctl@ceph.mon.smithi112.smithi112.stdout:Apr 20 12:35:35 smithi112 ceph-mon[15655]: from='mgr.14120 172.21.15.112:0/729876977' entity='mgr.smithi112.kslahg'
2024-04-20T12:35:36.541 INFO:journalctl@ceph.mon.smithi112.smithi112.stdout:Apr 20 12:35:36 smithi112 ceph-mon[15655]: pgmap v4: 0 pgs: ; 0 B data, 0 B used, 0 B / 0 B avail
2024-04-20T12:35:36.541 INFO:journalctl@ceph.mon.smithi112.smithi112.stdout:Apr 20 12:35:36 smithi112 ceph-mon[15655]: from='mgr.14120 172.21.15.112:0/729876977' entity='mgr.smithi112.kslahg'
2024-04-20T12:35:37.109 INFO:teuthology.orchestra.run.smithi112.stdout:/usr/bin/ceph: stdout Scheduled node-exporter update...
2024-04-20T12:35:37.109 INFO:teuthology.orchestra.run.smithi112.stdout:/usr/bin/ceph: stderr
2024-04-20T12:35:35.640+0000 7f3863200700 1 Processor -- start
2024-04-20T12:35:37.109 INFO:teuthology.orchestra.run.smithi112.stdout:/usr/bin/ceph: stderr
2024-04-20T12:35:35.640+0000 7f3863200700 1 -- start start
2024-04-20T12:35:37.109 INFO:teuthology.orchestra.run.smithi112.stdout:/usr/bin/ceph: stderr
2024-04-20T12:35:35.641+0000 7f3863200700 1 --2- >> [v2:172.21.15.112:3300/0,v1:172.21.15.112:6789/0] conn(0x7f385c077ad0 0x7f385c076170 unknown :-1 s=NONE pgs=0 cs=0 l=0 rev1=0 crypto rx=0 tx=0 comp rx=0 tx=0).connect
2024-04-20T12:35:37.109 INFO:teuthology.orchestra.run.smithi112.stdout:/usr/bin/ceph: stderr
2024-04-20T12:35:35.641+0000 7f3863200700 1 -- --> [v2:172.21.15.112:3300/0,v1:172.21.15.112:6789/0] -- mon_getmap magic: 0 v1 -- 0x7f385c077ee0 con 0x7f385c077ad0
2024-04-20T12:35:37.109 INFO:teuthology.orchestra.run.smithi112.stdout:/usr/bin/ceph: stderr
2024-04-20T12:35:35.641+0000 7f385be00700 1 --2- >> [v2:172.21.15.112:3300/0,v1:172.21.15.112:6789/0] conn(0x7f385c077ad0 0x7f385c076170 unknown :-1 s=BANNER_CONNECTING pgs=0 cs=0 l=0 rev1=0 crypto rx=0 tx=0 comp rx=0 tx=0)._handle_peer_banner_payload supported=3 required=0
2024-04-20T12:35:37.109 INFO:teuthology.orchestra.run.smithi112.stdout:/usr/bin/ceph: stderr
2024-04-20T12:35:35.641+0000 7f385be00700 1 --2- >> [v2:172.21.15.112:3300/0,v1:172.21.15.112:6789/0] conn(0x7f385c077ad0 0x7f385c076170 unknown :-1 s=HELLO_CONNECTING pgs=0 cs=0 l=0 rev1=1 crypto rx=0 tx=0 comp rx=0 tx=0).handle_hello peer v2:172.21.15.112:3300/0 says I am v2:172.21.15.112:59614/0 (socket says 172.21.15.112:59614)
2024-04-20T12:35:37.109 INFO:teuthology.orchestra.run.smithi112.stdout:/usr/bin/ceph: stderr
2024-04-20T12:35:35.641+0000 7f385be00700 1 -- 172.21.15.112:0/155712927 learned_addr learned my addr 172.21.15.112:0/155712927 (peer_addr_for_me v2:172.21.15.112:0/0)
2024-04-20T12:35:37.109 INFO:teuthology.orchestra.run.smithi112.stdout:/usr/bin/ceph: stderr
2024-04-20T12:35:35.642+0000 7f385be00700 1 -- 172.21.15.112:0/155712927 --> [v2:172.21.15.112:3300/0,v1:172.21.15.112:6789/0] -- mon_subscribe({config=0+,monmap=0+}) v3 -- 0x7f385c078020 con 0x7f385c077ad0
2024-04-20T12:35:37.109 INFO:teuthology.orchestra.run.smithi112.stdout:/usr/bin/ceph: stderr
2024-04-20T12:35:35.642+0000 7f385be00700 1 --2- 172.21.15.112:0/155712927 >> [v2:172.21.15.112:3300/0,v1:172.21.15.112:6789/0] conn(0x7f385c077ad0 0x7f385c076170 secure :-1 s=READY pgs=57 cs=0 l=1 rev1=1 crypto rx=0x7f384c0098e0 tx=0x7f384c009250 comp rx=0 tx=0).ready entity=mon.0 client_cookie=f0f0a0b0c7cd947 server_cookie=0 in_seq=0 out_seq=0
2024-04-20T12:35:37.114 INFO:teuthology.orchestra.run.smithi112.stdout:/usr/bin/ceph: stderr
2024-04-20T12:35:35.642+0000 7f385aa00700 1 -- 172.21.15.112:0/155712927 <== mon.0 v2:172.21.15.112:3300/0 1 ==== mon_map magic: 0 v1 ==== 229+0+0 (secure 0 0 0) 0x7f384c00b8f0 con 0x7f385c077ad0
2024-04-20T12:35:37.114 INFO:teuthology.orchestra.run.smithi112.stdout:/usr/bin/ceph: stderr
2024-04-20T12:35:35.642+0000 7f385aa00700 1 -- 172.21.15.112:0/155712927 <== mon.0 v2:172.21.15.112:3300/0 2 ==== config(27 keys) v1 ==== 1109+0+0 (secure 0 0 0) 0x7f384c011420 con 0x7f385c077ad0
2024-04-20T12:35:37.114 INFO:teuthology.orchestra.run.smithi112.stdout:/usr/bin/ceph: stderr
2024-04-20T12:35:35.642+0000 7f385aa00700 1 -- 172.21.15.112:0/155712927 <== mon.0 v2:172.21.15.112:3300/0 3 ==== mon_map magic: 0 v1 ==== 229+0+0 (secure 0 0 0) 0x7f384c010540 con 0x7f385c077ad0
2024-04-20T12:35:37.114 INFO:teuthology.orchestra.run.smithi112.stdout:/usr/bin/ceph: stderr
2024-04-20T12:35:35.643+0000 7f3863200700 1 -- 172.21.15.112:0/155712927 >> [v2:172.21.15.112:3300/0,v1:172.21.15.112:6789/0] conn(0x7f385c077ad0 msgr2=0x7f385c076170 secure :-1 s=STATE_CONNECTION_ESTABLISHED l=1).mark_down
2024-04-20T12:35:37.114 INFO:teuthology.orchestra.run.smithi112.stdout:/usr/bin/ceph: stderr
2024-04-20T12:35:35.643+0000 7f3863200700 1 --2- 172.21.15.112:0/155712927 >> [v2:172.21.15.112:3300/0,v1:172.21.15.112:6789/0] conn(0x7f385c077ad0 0x7f385c076170 secure :-1 s=READY pgs=57 cs=0 l=1 rev1=1 crypto rx=0x7f384c0098e0 tx=0x7f384c009250 comp rx=0 tx=0).stop
2024-04-20T12:35:37.115 INFO:teuthology.orchestra.run.smithi112.stdout:/usr/bin/ceph: stderr
2024-04-20T12:35:35.643+0000 7f3863200700 1 -- 172.21.15.112:0/155712927 shutdown_connections
2024-04-20T12:35:37.115 INFO:teuthology.orchestra.run.smithi112.stdout:/usr/bin/ceph: stderr
2024-04-20T12:35:35.643+0000 7f3863200700 1 --2- 172.21.15.112:0/155712927 >> [v2:172.21.15.112:3300/0,v1:172.21.15.112:6789/0] conn(0x7f385c077ad0 0x7f385c076170 unknown :-1 s=CLOSED pgs=57 cs=0 l=1 rev1=1 crypto rx=0 tx=0 comp rx=0 tx=0).stop
2024-04-20T12:35:37.115 INFO:teuthology.orchestra.run.smithi112.stdout:/usr/bin/ceph: stderr
2024-04-20T12:35:35.643+0000 7f3863200700 1 -- 172.21.15.112:0/155712927 >> 172.21.15.112:0/155712927 conn(0x7f385c0fe0e0 msgr2=0x7f385c100510 unknown :-1 s=STATE_NONE l=0).mark_down
2024-04-20T12:35:37.115 INFO:teuthology.orchestra.run.smithi112.stdout:/usr/bin/ceph: stderr
2024-04-20T12:35:35.643+0000 7f3863200700 1 -- 172.21.15.112:0/155712927 shutdown_connections
2024-04-20T12:35:37.115 INFO:teuthology.orchestra.run.smithi112.stdout:/usr/bin/ceph: stderr
2024-04-20T12:35:35.643+0000 7f3863200700 1 -- 172.21.15.112:0/155712927 wait complete.
2024-04-20T12:35:37.115 INFO:teuthology.orchestra.run.smithi112.stdout:/usr/bin/ceph: stderr
2024-04-20T12:35:35.644+0000 7f3863200700 1 Processor -- start
2024-04-20T12:35:37.115 INFO:teuthology.orchestra.run.smithi112.stdout:/usr/bin/ceph: stderr
2024-04-20T12:35:35.645+0000 7f3863200700 1 -- start start
2024-04-20T12:35:37.115 INFO:teuthology.orchestra.run.smithi112.stdout:/usr/bin/ceph: stderr
2024-04-20T12:35:35.645+0000 7f3863200700 1 --2- >> [v2:172.21.15.112:3300/0,v1:172.21.15.112:6789/0] conn(0x7f385c077ad0 0x7f385c113990 unknown :-1 s=NONE pgs=0 cs=0 l=1 rev1=0 crypto rx=0 tx=0 comp rx=0 tx=0).connect
2024-04-20T12:35:37.115 INFO:teuthology.orchestra.run.smithi112.stdout:/usr/bin/ceph: stderr
2024-04-20T12:35:35.645+0000 7f3863200700 1 -- --> [v2:172.21.15.112:3300/0,v1:172.21.15.112:6789/0] -- mon_getmap magic: 0 v1 -- 0x7f385c113ed0 con 0x7f385c077ad0
2024-04-20T12:35:37.115 INFO:teuthology.orchestra.run.smithi112.stdout:/usr/bin/ceph: stderr
2024-04-20T12:35:35.645+0000 7f385be00700 1 --2- >> [v2:172.21.15.112:3300/0,v1:172.21.15.112:6789/0] conn(0x7f385c077ad0 0x7f385c113990 unknown :-1 s=BANNER_CONNECTING pgs=0 cs=0 l=1 rev1=0 crypto rx=0 tx=0 comp rx=0 tx=0)._handle_peer_banner_payload supported=3 required=0
2024-04-20T12:35:37.115 INFO:teuthology.orchestra.run.smithi112.stdout:/usr/bin/ceph: stderr
2024-04-20T12:35:35.645+0000 7f385be00700 1 --2- >> [v2:172.21.15.112:3300/0,v1:172.21.15.112:6789/0] conn(0x7f385c077ad0 0x7f385c113990 unknown :-1 s=HELLO_CONNECTING pgs=0 cs=0 l=1 rev1=1 crypto rx=0 tx=0 comp rx=0 tx=0).handle_hello peer v2:172.21.15.112:3300/0 says I am v2:172.21.15.112:59616/0 (socket says 172.21.15.112:59616)
2024-04-20T12:35:37.115 INFO:teuthology.orchestra.run.smithi112.stdout:/usr/bin/ceph: stderr
2024-04-20T12:35:35.645+0000 7f385be00700 1 -- 172.21.15.112:0/3382971349 learned_addr learned my addr 172.21.15.112:0/3382971349 (peer_addr_for_me v2:172.21.15.112:0/0)
2024-04-20T12:35:37.115 INFO:teuthology.orchestra.run.smithi112.stdout:/usr/bin/ceph: stderr
2024-04-20T12:35:35.646+0000 7f385be00700 1 -- 172.21.15.112:0/3382971349 --> [v2:172.21.15.112:3300/0,v1:172.21.15.112:6789/0] -- mon_subscribe({config=0+,monmap=0+}) v3 -- 0x7f384c0094f0 con 0x7f385c077ad0
2024-04-20T12:35:37.115 INFO:teuthology.orchestra.run.smithi112.stdout:/usr/bin/ceph: stderr
2024-04-20T12:35:35.646+0000 7f385be00700 1 --2- 172.21.15.112:0/3382971349 >> [v2:172.21.15.112:3300/0,v1:172.21.15.112:6789/0] conn(0x7f385c077ad0 0x7f385c113990 secure :-1 s=READY pgs=58 cs=0 l=1 rev1=1 crypto rx=0x7f384c011e90 tx=0x7f384c009250 comp rx=0 tx=0).ready entity=mon.0 client_cookie=0 server_cookie=0 in_seq=0 out_seq=0
2024-04-20T12:35:37.115 INFO:teuthology.orchestra.run.smithi112.stdout:/usr/bin/ceph: stderr
2024-04-20T12:35:35.646+0000 7f3853e00700 1 -- 172.21.15.112:0/3382971349 <== mon.0 v2:172.21.15.112:3300/0 1 ==== mon_map magic: 0 v1 ==== 229+0+0 (secure 0 0 0) 0x7f384c00bd60 con 0x7f385c077ad0
2024-04-20T12:35:37.115 INFO:teuthology.orchestra.run.smithi112.stdout:/usr/bin/ceph: stderr
2024-04-20T12:35:35.646+0000 7f3853e00700 1 -- 172.21.15.112:0/3382971349 <== mon.0 v2:172.21.15.112:3300/0 2 ==== config(27 keys) v1 ==== 1109+0+0 (secure 0 0 0) 0x7f384c00bec0 con 0x7f385c077ad0
2024-04-20T12:35:37.116 INFO:teuthology.orchestra.run.smithi112.stdout:/usr/bin/ceph: stderr
2024-04-20T12:35:35.646+0000 7f3853e00700 1 -- 172.21.15.112:0/3382971349 <== mon.0 v2:172.21.15.112:3300/0 3 ==== mon_map magic: 0 v1 ==== 229+0+0 (secure 0 0 0) 0x7f384c01abe0 con 0x7f385c077ad0
2024-04-20T12:35:37.116 INFO:teuthology.orchestra.run.smithi112.stdout:/usr/bin/ceph: stderr
2024-04-20T12:35:35.646+0000 7f3863200700 1 -- 172.21.15.112:0/3382971349 --> [v2:172.21.15.112:3300/0,v1:172.21.15.112:6789/0] -- mon_subscribe({mgrmap=0+}) v3 -- 0x7f385c1140d0 con 0x7f385c077ad0
2024-04-20T12:35:37.116 INFO:teuthology.orchestra.run.smithi112.stdout:/usr/bin/ceph: stderr
2024-04-20T12:35:35.646+0000 7f3863200700 1 -- 172.21.15.112:0/3382971349 --> [v2:172.21.15.112:3300/0,v1:172.21.15.112:6789/0] -- mon_subscribe({osdmap=0}) v3 -- 0x7f385c114c40 con 0x7f385c077ad0
2024-04-20T12:35:37.116 INFO:teuthology.orchestra.run.smithi112.stdout:/usr/bin/ceph: stderr
2024-04-20T12:35:35.648+0000 7f3853e00700 1 -- 172.21.15.112:0/3382971349 <== mon.0 v2:172.21.15.112:3300/0 4 ==== mgrmap(e 8) v1 ==== 43376+0+0 (secure 0 0 0) 0x7f384c0193c0 con 0x7f385c077ad0
2024-04-20T12:35:37.116 INFO:teuthology.orchestra.run.smithi112.stdout:/usr/bin/ceph: stderr
2024-04-20T12:35:35.648+0000 7f3863200700 1 -- 172.21.15.112:0/3382971349 --> [v2:172.21.15.112:3300/0,v1:172.21.15.112:6789/0] -- mon_command({"prefix": "get_command_descriptions"} v 0) v1 -- 0x7f385c05f5f0 con 0x7f385c077ad0
2024-04-20T12:35:37.116 INFO:teuthology.orchestra.run.smithi112.stdout:/usr/bin/ceph: stderr
2024-04-20T12:35:35.648+0000 7f3853e00700 1 --2- 172.21.15.112:0/3382971349 >> [v2:172.21.15.112:6800/1783403480,v1:172.21.15.112:6801/1783403480] conn(0x7f38400368c0 0x7f3840038d70 unknown :-1 s=NONE pgs=0 cs=0 l=1 rev1=0 crypto rx=0 tx=0 comp rx=0 tx=0).connect
2024-04-20T12:35:37.116 INFO:teuthology.orchestra.run.smithi112.stdout:/usr/bin/ceph: stderr
2024-04-20T12:35:35.648+0000 7f3853e00700 1 -- 172.21.15.112:0/3382971349 <== mon.0 v2:172.21.15.112:3300/0 5 ==== osd_map(2..2 src has 1..2) v4 ==== 936+0+0 (secure 0 0 0) 0x7f384c04a5e0 con 0x7f385c077ad0
2024-04-20T12:35:37.116 INFO:teuthology.orchestra.run.smithi112.stdout:/usr/bin/ceph: stderr
2024-04-20T12:35:35.649+0000 7f385b400700 1 --2- 172.21.15.112:0/3382971349 >> [v2:172.21.15.112:6800/1783403480,v1:172.21.15.112:6801/1783403480] conn(0x7f38400368c0 0x7f3840038d70 unknown :-1 s=BANNER_CONNECTING pgs=0 cs=0 l=1 rev1=0 crypto rx=0 tx=0 comp rx=0 tx=0)._handle_peer_banner_payload supported=3 required=0
2024-04-20T12:35:37.116 INFO:teuthology.orchestra.run.smithi112.stdout:/usr/bin/ceph: stderr
2024-04-20T12:35:35.649+0000 7f385b400700 1 --2- 172.21.15.112:0/3382971349 >> [v2:172.21.15.112:6800/1783403480,v1:172.21.15.112:6801/1783403480] conn(0x7f38400368c0 0x7f3840038d70 secure :-1 s=READY pgs=17 cs=0 l=1 rev1=1 crypto rx=0x7f3848009990 tx=0x7f3848006e40 comp rx=0 tx=0).ready entity=mgr.14120 client_cookie=0 server_cookie=0 in_seq=0 out_seq=0
2024-04-20T12:35:37.116 INFO:teuthology.orchestra.run.smithi112.stdout:/usr/bin/ceph: stderr
2024-04-20T12:35:35.653+0000 7f3853e00700 1 -- 172.21.15.112:0/3382971349 <== mon.0 v2:172.21.15.112:3300/0 6 ==== mon_command_ack([{"prefix": "get_command_descriptions"}]=0 v0) v1 ==== 72+0+176702 (secure 0 0 0) 0x7f384c022930 con 0x7f385c077ad0
2024-04-20T12:35:37.116 INFO:teuthology.orchestra.run.smithi112.stdout:/usr/bin/ceph: stderr
2024-04-20T12:35:35.883+0000 7f3863200700 1 -- 172.21.15.112:0/3382971349 --> [v2:172.21.15.112:6800/1783403480,v1:172.21.15.112:6801/1783403480] -- mgr_command(tid 0: {"prefix": "orch apply", "service_type": "node-exporter", "target": ["mon-mgr", ""]}) v1 -- 0x7f385c0ff500 con 0x7f38400368c0
2024-04-20T12:35:37.116 INFO:teuthology.orchestra.run.smithi112.stdout:/usr/bin/ceph: stderr
2024-04-20T12:35:35.892+0000 7f3853e00700 1 -- 172.21.15.112:0/3382971349 <== mgr.14120 v2:172.21.15.112:6800/1783403480 1 ==== mgr_command_reply(tid 0: 0 ) v1 ==== 8+0+34 (secure 0 0 0) 0x7f385c0ff500 con 0x7f38400368c0
2024-04-20T12:35:37.116 INFO:teuthology.orchestra.run.smithi112.stdout:/usr/bin/ceph: stderr
2024-04-20T12:35:35.894+0000 7f3863200700 1 -- 172.21.15.112:0/3382971349 >> [v2:172.21.15.112:6800/1783403480,v1:172.21.15.112:6801/1783403480] conn(0x7f38400368c0 msgr2=0x7f3840038d70 secure :-1 s=STATE_CONNECTION_ESTABLISHED l=1).mark_down
2024-04-20T12:35:37.116 INFO:teuthology.orchestra.run.smithi112.stdout:/usr/bin/ceph: stderr
2024-04-20T12:35:35.894+0000 7f3863200700 1 --2- 172.21.15.112:0/3382971349 >> [v2:172.21.15.112:6800/1783403480,v1:172.21.15.112:6801/1783403480] conn(0x7f38400368c0 0x7f3840038d70 secure :-1 s=READY pgs=17 cs=0 l=1 rev1=1 crypto rx=0x7f3848009990 tx=0x7f3848006e40 comp rx=0 tx=0).stop
2024-04-20T12:35:37.116 INFO:teuthology.orchestra.run.smithi112.stdout:/usr/bin/ceph: stderr
2024-04-20T12:35:35.894+0000 7f3863200700 1 -- 172.21.15.112:0/3382971349 >> [v2:172.21.15.112:3300/0,v1:172.21.15.112:6789/0] conn(0x7f385c077ad0 msgr2=0x7f385c113990 secure :-1 s=STATE_CONNECTION_ESTABLISHED l=1).mark_down
2024-04-20T12:35:37.117 INFO:teuthology.orchestra.run.smithi112.stdout:/usr/bin/ceph: stderr
2024-04-20T12:35:35.894+0000 7f3863200700 1 --2- 172.21.15.112:0/3382971349 >> [v2:172.21.15.112:3300/0,v1:172.21.15.112:6789/0] conn(0x7f385c077ad0 0x7f385c113990 secure :-1 s=READY pgs=58 cs=0 l=1 rev1=1 crypto rx=0x7f384c011e90 tx=0x7f384c009250 comp rx=0 tx=0).stop
2024-04-20T12:35:37.117 INFO:teuthology.orchestra.run.smithi112.stdout:/usr/bin/ceph: stderr
2024-04-20T12:35:35.895+0000 7f3863200700 1 -- 172.21.15.112:0/3382971349 shutdown_connections
2024-04-20T12:35:37.117 INFO:teuthology.orchestra.run.smithi112.stdout:/usr/bin/ceph: stderr
2024-04-20T12:35:35.895+0000 7f3863200700 1 --2- 172.21.15.112:0/3382971349 >> [v2:172.21.15.112:6800/1783403480,v1:172.21.15.112:6801/1783403480] conn(0x7f38400368c0 0x7f3840038d70 unknown :-1 s=CLOSED pgs=17 cs=0 l=1 rev1=1 crypto rx=0 tx=0 comp rx=0 tx=0).stop
2024-04-20T12:35:37.117 INFO:teuthology.orchestra.run.smithi112.stdout:/usr/bin/ceph: stderr
2024-04-20T12:35:35.895+0000 7f3863200700 1 --2- 172.21.15.112:0/3382971349 >> [v2:172.21.15.112:3300/0,v1:172.21.15.112:6789/0] conn(0x7f385c077ad0 0x7f385c113990 unknown :-1 s=CLOSED pgs=58 cs=0 l=1 rev1=1 crypto rx=0 tx=0 comp rx=0 tx=0).stop
2024-04-20T12:35:37.117 INFO:teuthology.orchestra.run.smithi112.stdout:/usr/bin/ceph: stderr
2024-04-20T12:35:35.895+0000 7f3863200700 1 -- 172.21.15.112:0/3382971349 >> 172.21.15.112:0/3382971349 conn(0x7f385c0fe0e0 msgr2=0x7f385c0fed30 unknown :-1 s=STATE_NONE l=0).mark_down
2024-04-20T12:35:37.117 INFO:teuthology.orchestra.run.smithi112.stdout:/usr/bin/ceph: stderr
2024-04-20T12:35:35.895+0000 7f3863200700 1 -- 172.21.15.112:0/3382971349 shutdown_connections
2024-04-20T12:35:37.117 INFO:teuthology.orchestra.run.smithi112.stdout:/usr/bin/ceph: stderr
2024-04-20T12:35:35.895+0000 7f3863200700 1 -- 172.21.15.112:0/3382971349 wait complete.
2024-04-20T12:35:37.117 INFO:teuthology.orchestra.run.smithi112.stdout:Deploying alertmanager service with default placement...
2024-04-20T12:35:37.628 INFO:journalctl@ceph.mon.smithi112.smithi112.stdout:Apr 20 12:35:37 smithi112 ceph-mon[15655]: from='client.14152 -' entity='client.admin' cmd=[{"prefix": "orch apply", "service_type": "node-exporter", "target": ["mon-mgr", ""]}]: dispatch
2024-04-20T12:35:37.628 INFO:journalctl@ceph.mon.smithi112.smithi112.stdout:Apr 20 12:35:37 smithi112 ceph-mon[15655]: Saving service node-exporter spec with placement *
2024-04-20T12:35:38.505 INFO:journalctl@ceph.mon.smithi112.smithi112.stdout:Apr 20 12:35:38 smithi112 ceph-mon[15655]: pgmap v5: 0 pgs: ; 0 B data, 0 B used, 0 B / 0 B avail
2024-04-20T12:35:38.506 INFO:journalctl@ceph.mon.smithi112.smithi112.stdout:Apr 20 12:35:38 smithi112 ceph-mon[15655]: from='mgr.14120 172.21.15.112:0/729876977' entity='mgr.smithi112.kslahg'
2024-04-20T12:35:38.817 INFO:teuthology.orchestra.run.smithi112.stdout:/usr/bin/ceph: stdout Scheduled alertmanager update...
2024-04-20T12:35:38.817 INFO:teuthology.orchestra.run.smithi112.stdout:/usr/bin/ceph: stderr
2024-04-20T12:35:37.939+0000 7f513e400700 1 Processor -- start
2024-04-20T12:35:38.817 INFO:teuthology.orchestra.run.smithi112.stdout:/usr/bin/ceph: stderr
2024-04-20T12:35:37.939+0000 7f513e400700 1 -- start start
2024-04-20T12:35:38.817 INFO:teuthology.orchestra.run.smithi112.stdout:/usr/bin/ceph: stderr
2024-04-20T12:35:37.940+0000 7f513e400700 1 --2- >> [v2:172.21.15.112:3300/0,v1:172.21.15.112:6789/0] conn(0x7f5138077ad0 0x7f5138076170 unknown :-1 s=NONE pgs=0 cs=0 l=0 rev1=0 crypto rx=0 tx=0 comp rx=0 tx=0).connect
2024-04-20T12:35:38.817 INFO:teuthology.orchestra.run.smithi112.stdout:/usr/bin/ceph: stderr
2024-04-20T12:35:37.940+0000 7f513e400700 1 -- --> [v2:172.21.15.112:3300/0,v1:172.21.15.112:6789/0] -- mon_getmap magic: 0 v1 -- 0x7f5138077ee0 con 0x7f5138077ad0
2024-04-20T12:35:38.817 INFO:teuthology.orchestra.run.smithi112.stdout:/usr/bin/ceph: stderr
2024-04-20T12:35:37.940+0000 7f513d000700 1 --2- >> [v2:172.21.15.112:3300/0,v1:172.21.15.112:6789/0] conn(0x7f5138077ad0 0x7f5138076170 unknown :-1 s=BANNER_CONNECTING pgs=0 cs=0 l=0 rev1=0 crypto rx=0 tx=0 comp rx=0 tx=0)._handle_peer_banner_payload supported=3 required=0
2024-04-20T12:35:38.817 INFO:teuthology.orchestra.run.smithi112.stdout:/usr/bin/ceph: stderr
2024-04-20T12:35:37.940+0000 7f513d000700 1 --2- >> [v2:172.21.15.112:3300/0,v1:172.21.15.112:6789/0] conn(0x7f5138077ad0 0x7f5138076170 unknown :-1 s=HELLO_CONNECTING pgs=0 cs=0 l=0 rev1=1 crypto rx=0 tx=0 comp rx=0 tx=0).handle_hello peer v2:172.21.15.112:3300/0 says I am v2:172.21.15.112:59620/0 (socket says 172.21.15.112:59620)
2024-04-20T12:35:38.817 INFO:teuthology.orchestra.run.smithi112.stdout:/usr/bin/ceph: stderr
2024-04-20T12:35:37.940+0000 7f513d000700 1 -- 172.21.15.112:0/410910006 learned_addr learned my addr 172.21.15.112:0/410910006 (peer_addr_for_me v2:172.21.15.112:0/0)
2024-04-20T12:35:38.817 INFO:teuthology.orchestra.run.smithi112.stdout:/usr/bin/ceph: stderr
2024-04-20T12:35:37.941+0000 7f513d000700 1 -- 172.21.15.112:0/410910006 --> [v2:172.21.15.112:3300/0,v1:172.21.15.112:6789/0] -- mon_subscribe({config=0+,monmap=0+}) v3 -- 0x7f5138078020 con 0x7f5138077ad0
2024-04-20T12:35:38.817 INFO:teuthology.orchestra.run.smithi112.stdout:/usr/bin/ceph: stderr
2024-04-20T12:35:37.941+0000 7f513d000700 1 --2- 172.21.15.112:0/410910006 >> [v2:172.21.15.112:3300/0,v1:172.21.15.112:6789/0] conn(0x7f5138077ad0 0x7f5138076170 secure :-1 s=READY pgs=59 cs=0 l=1 rev1=1 crypto rx=0x7f51200098e0 tx=0x7f5120009250 comp rx=0 tx=0).ready entity=mon.0 client_cookie=a6a5cba583254678 server_cookie=0 in_seq=0 out_seq=0
2024-04-20T12:35:38.817 INFO:teuthology.orchestra.run.smithi112.stdout:/usr/bin/ceph: stderr
2024-04-20T12:35:37.941+0000 7f5137e00700 1 -- 172.21.15.112:0/410910006 <== mon.0 v2:172.21.15.112:3300/0 1 ==== mon_map magic: 0 v1 ==== 229+0+0 (secure 0 0 0) 0x7f512000b8f0 con 0x7f5138077ad0
2024-04-20T12:35:38.817 INFO:teuthology.orchestra.run.smithi112.stdout:/usr/bin/ceph: stderr
2024-04-20T12:35:37.941+0000 7f5137e00700 1 -- 172.21.15.112:0/410910006 <== mon.0 v2:172.21.15.112:3300/0 2 ==== config(27 keys) v1 ==== 1109+0+0 (secure 0 0 0) 0x7f5120011420 con 0x7f5138077ad0
2024-04-20T12:35:38.822 INFO:teuthology.orchestra.run.smithi112.stdout:/usr/bin/ceph: stderr
2024-04-20T12:35:37.941+0000 7f5137e00700 1 -- 172.21.15.112:0/410910006 <== mon.0 v2:172.21.15.112:3300/0 3 ==== mon_map magic: 0 v1 ==== 229+0+0 (secure 0 0 0) 0x7f5120010540 con 0x7f5138077ad0
2024-04-20T12:35:38.822 INFO:teuthology.orchestra.run.smithi112.stdout:/usr/bin/ceph: stderr
2024-04-20T12:35:37.942+0000 7f513e400700 1 -- 172.21.15.112:0/410910006 >> [v2:172.21.15.112:3300/0,v1:172.21.15.112:6789/0] conn(0x7f5138077ad0 msgr2=0x7f5138076170 secure :-1 s=STATE_CONNECTION_ESTABLISHED l=1).mark_down
2024-04-20T12:35:38.822 INFO:teuthology.orchestra.run.smithi112.stdout:/usr/bin/ceph: stderr
2024-04-20T12:35:37.942+0000 7f513e400700 1 --2- 172.21.15.112:0/410910006 >> [v2:172.21.15.112:3300/0,v1:172.21.15.112:6789/0] conn(0x7f5138077ad0 0x7f5138076170 secure :-1 s=READY pgs=59 cs=0 l=1 rev1=1 crypto rx=0x7f51200098e0 tx=0x7f5120009250 comp rx=0 tx=0).stop
2024-04-20T12:35:38.822 INFO:teuthology.orchestra.run.smithi112.stdout:/usr/bin/ceph: stderr
2024-04-20T12:35:37.942+0000 7f513e400700 1 -- 172.21.15.112:0/410910006 shutdown_connections
2024-04-20T12:35:38.823 INFO:teuthology.orchestra.run.smithi112.stdout:/usr/bin/ceph: stderr
2024-04-20T12:35:37.942+0000 7f513e400700 1 --2- 172.21.15.112:0/410910006 >> [v2:172.21.15.112:3300/0,v1:172.21.15.112:6789/0] conn(0x7f5138077ad0 0x7f5138076170 unknown :-1 s=CLOSED pgs=59 cs=0 l=1 rev1=1 crypto rx=0 tx=0 comp rx=0 tx=0).stop
2024-04-20T12:35:38.823 INFO:teuthology.orchestra.run.smithi112.stdout:/usr/bin/ceph: stderr
2024-04-20T12:35:37.942+0000 7f513e400700 1 -- 172.21.15.112:0/410910006 >> 172.21.15.112:0/410910006 conn(0x7f51380fdf20 msgr2=0x7f5138100330 unknown :-1 s=STATE_NONE l=0).mark_down
2024-04-20T12:35:38.823 INFO:teuthology.orchestra.run.smithi112.stdout:/usr/bin/ceph: stderr
2024-04-20T12:35:37.942+0000 7f513e400700 1 -- 172.21.15.112:0/410910006 shutdown_connections
2024-04-20T12:35:38.823 INFO:teuthology.orchestra.run.smithi112.stdout:/usr/bin/ceph: stderr
2024-04-20T12:35:37.942+0000 7f513e400700 1 -- 172.21.15.112:0/410910006 wait complete.
2024-04-20T12:35:38.823 INFO:teuthology.orchestra.run.smithi112.stdout:/usr/bin/ceph: stderr
2024-04-20T12:35:37.943+0000 7f513e400700 1 Processor -- start
2024-04-20T12:35:38.823 INFO:teuthology.orchestra.run.smithi112.stdout:/usr/bin/ceph: stderr
2024-04-20T12:35:37.943+0000 7f513e400700 1 -- start start
2024-04-20T12:35:38.823 INFO:teuthology.orchestra.run.smithi112.stdout:/usr/bin/ceph: stderr
2024-04-20T12:35:37.944+0000 7f513e400700 1 --2- >> [v2:172.21.15.112:3300/0,v1:172.21.15.112:6789/0] conn(0x7f5138077ad0 0x7f51381137c0 unknown :-1 s=NONE pgs=0 cs=0 l=1 rev1=0 crypto rx=0 tx=0 comp rx=0 tx=0).connect
2024-04-20T12:35:38.823 INFO:teuthology.orchestra.run.smithi112.stdout:/usr/bin/ceph: stderr
2024-04-20T12:35:37.944+0000 7f513e400700 1 -- --> [v2:172.21.15.112:3300/0,v1:172.21.15.112:6789/0] -- mon_getmap magic: 0 v1 -- 0x7f5138113d00 con 0x7f5138077ad0
2024-04-20T12:35:38.823 INFO:teuthology.orchestra.run.smithi112.stdout:/usr/bin/ceph: stderr
2024-04-20T12:35:37.944+0000 7f513d000700 1 --2- >> [v2:172.21.15.112:3300/0,v1:172.21.15.112:6789/0] conn(0x7f5138077ad0 0x7f51381137c0 unknown :-1 s=BANNER_CONNECTING pgs=0 cs=0 l=1 rev1=0 crypto rx=0 tx=0 comp rx=0 tx=0)._handle_peer_banner_payload supported=3 required=0
2024-04-20T12:35:38.823 INFO:teuthology.orchestra.run.smithi112.stdout:/usr/bin/ceph: stderr
2024-04-20T12:35:37.944+0000 7f513d000700 1 --2- >> [v2:172.21.15.112:3300/0,v1:172.21.15.112:6789/0] conn(0x7f5138077ad0 0x7f51381137c0 unknown :-1 s=HELLO_CONNECTING pgs=0 cs=0 l=1 rev1=1 crypto rx=0 tx=0 comp rx=0 tx=0).handle_hello peer v2:172.21.15.112:3300/0 says I am v2:172.21.15.112:59628/0 (socket says 172.21.15.112:59628)
2024-04-20T12:35:38.823 INFO:teuthology.orchestra.run.smithi112.stdout:/usr/bin/ceph: stderr
2024-04-20T12:35:37.944+0000 7f513d000700 1 -- 172.21.15.112:0/3648073131 learned_addr learned my addr 172.21.15.112:0/3648073131 (peer_addr_for_me v2:172.21.15.112:0/0)
2024-04-20T12:35:38.823 INFO:teuthology.orchestra.run.smithi112.stdout:/usr/bin/ceph: stderr
2024-04-20T12:35:37.944+0000 7f513d000700 1 -- 172.21.15.112:0/3648073131 --> [v2:172.21.15.112:3300/0,v1:172.21.15.112:6789/0] -- mon_subscribe({config=0+,monmap=0+}) v3 -- 0x7f51200094f0 con 0x7f5138077ad0
2024-04-20T12:35:38.824 INFO:teuthology.orchestra.run.smithi112.stdout:/usr/bin/ceph: stderr
2024-04-20T12:35:37.944+0000 7f513d000700 1 --2- 172.21.15.112:0/3648073131 >> [v2:172.21.15.112:3300/0,v1:172.21.15.112:6789/0] conn(0x7f5138077ad0 0x7f51381137c0 secure :-1 s=READY pgs=60 cs=0 l=1 rev1=1 crypto rx=0x7f5120011cf0 tx=0x7f5120009250 comp rx=0 tx=0).ready entity=mon.0 client_cookie=0 server_cookie=0 in_seq=0 out_seq=0
2024-04-20T12:35:38.824 INFO:teuthology.orchestra.run.smithi112.stdout:/usr/bin/ceph: stderr
2024-04-20T12:35:37.945+0000 7f5135600700 1 -- 172.21.15.112:0/3648073131 <== mon.0 v2:172.21.15.112:3300/0 1 ==== mon_map magic: 0 v1 ==== 229+0+0 (secure 0 0 0) 0x7f512000beb0 con 0x7f5138077ad0
2024-04-20T12:35:38.824 INFO:teuthology.orchestra.run.smithi112.stdout:/usr/bin/ceph: stderr
2024-04-20T12:35:37.945+0000 7f5135600700 1 -- 172.21.15.112:0/3648073131 <== mon.0 v2:172.21.15.112:3300/0 2 ==== config(27 keys) v1 ==== 1109+0+0 (secure 0 0 0) 0x7f5120010c80 con 0x7f5138077ad0
