2024-04-20T21:18:58.253+0000 7fdf13e00700 1 -- --> [v2:172.21.15.62:3300/0,v1:172.21.15.62:6789/0] -- mon_getmap magic: 0 v1 -- 0x7fdf1419bdb0 con 0x7fdf14105920
2024-04-20T21:18:59.603 INFO:teuthology.orchestra.run.smithi062.stdout:/usr/bin/ceph: stderr
2024-04-20T21:18:58.254+0000 7fdf12a00700 1 --2- >> [v2:172.21.15.62:3300/0,v1:172.21.15.62:6789/0] conn(0x7fdf14105920 0x7fdf1419b870 unknown :-1 s=BANNER_CONNECTING pgs=0 cs=0 l=1 rev1=0 crypto rx=0 tx=0 comp rx=0 tx=0)._handle_peer_banner_payload supported=3 required=0
2024-04-20T21:18:59.603 INFO:teuthology.orchestra.run.smithi062.stdout:/usr/bin/ceph: stderr
2024-04-20T21:18:58.254+0000 7fdf12a00700 1 --2- >> [v2:172.21.15.62:3300/0,v1:172.21.15.62:6789/0] conn(0x7fdf14105920 0x7fdf1419b870 unknown :-1 s=HELLO_CONNECTING pgs=0 cs=0 l=1 rev1=1 crypto rx=0 tx=0 comp rx=0 tx=0).handle_hello peer v2:172.21.15.62:3300/0 says I am v2:172.21.15.62:35040/0 (socket says 172.21.15.62:35040)
2024-04-20T21:18:59.603 INFO:teuthology.orchestra.run.smithi062.stdout:/usr/bin/ceph: stderr
2024-04-20T21:18:58.254+0000 7fdf12a00700 1 -- 172.21.15.62:0/3510570449 learned_addr learned my addr 172.21.15.62:0/3510570449 (peer_addr_for_me v2:172.21.15.62:0/0)
2024-04-20T21:18:59.603 INFO:teuthology.orchestra.run.smithi062.stdout:/usr/bin/ceph: stderr
2024-04-20T21:18:58.254+0000 7fdf12a00700 1 -- 172.21.15.62:0/3510570449 --> [v2:172.21.15.62:3300/0,v1:172.21.15.62:6789/0] -- mon_subscribe({config=0+,monmap=0+}) v3 -- 0x7fdf04009550 con 0x7fdf14105920
2024-04-20T21:18:59.603 INFO:teuthology.orchestra.run.smithi062.stdout:/usr/bin/ceph: stderr
2024-04-20T21:18:58.254+0000 7fdf12a00700 1 --2- 172.21.15.62:0/3510570449 >> [v2:172.21.15.62:3300/0,v1:172.21.15.62:6789/0] conn(0x7fdf14105920 0x7fdf1419b870 secure :-1 s=READY pgs=42 cs=0 l=1 rev1=1 crypto rx=0x7fdf04000c00 tx=0x7fdf04011ab0 comp rx=0 tx=0).ready entity=mon.0 client_cookie=0 server_cookie=0 in_seq=0 out_seq=0
2024-04-20T21:18:59.603 INFO:teuthology.orchestra.run.smithi062.stdout:/usr/bin/ceph: stderr
2024-04-20T21:18:58.255+0000 7fdf18a00700 1 -- 172.21.15.62:0/3510570449 <== mon.0 v2:172.21.15.62:3300/0 1 ==== mon_map magic: 0 v1 ==== 229+0+0 (secure 0 0 0) 0x7fdf04003b90 con 0x7fdf14105920
2024-04-20T21:18:59.603 INFO:teuthology.orchestra.run.smithi062.stdout:/usr/bin/ceph: stderr
2024-04-20T21:18:58.255+0000 7fdf18a00700 1 -- 172.21.15.62:0/3510570449 <== mon.0 v2:172.21.15.62:3300/0 2 ==== config(27 keys) v1 ==== 1037+0+0 (secure 0 0 0) 0x7fdf040248b0 con 0x7fdf14105920
2024-04-20T21:18:59.603 INFO:teuthology.orchestra.run.smithi062.stdout:/usr/bin/ceph: stderr
2024-04-20T21:18:58.255+0000 7fdf13e00700 1 -- 172.21.15.62:0/3510570449 --> [v2:172.21.15.62:3300/0,v1:172.21.15.62:6789/0] -- mon_subscribe({mgrmap=0+}) v3 -- 0x7fdf1419bfb0 con 0x7fdf14105920
2024-04-20T21:18:59.603 INFO:teuthology.orchestra.run.smithi062.stdout:/usr/bin/ceph: stderr
2024-04-20T21:18:58.255+0000 7fdf18a00700 1 -- 172.21.15.62:0/3510570449 <== mon.0 v2:172.21.15.62:3300/0 3 ==== mon_map magic: 0 v1 ==== 229+0+0 (secure 0 0 0) 0x7fdf0401a8e0 con 0x7fdf14105920
2024-04-20T21:18:59.603 INFO:teuthology.orchestra.run.smithi062.stdout:/usr/bin/ceph: stderr
2024-04-20T21:18:58.255+0000 7fdf13e00700 1 -- 172.21.15.62:0/3510570449 --> [v2:172.21.15.62:3300/0,v1:172.21.15.62:6789/0] -- mon_subscribe({osdmap=0}) v3 -- 0x7fdf1419c3d0 con 0x7fdf14105920
2024-04-20T21:18:59.603 INFO:teuthology.orchestra.run.smithi062.stdout:/usr/bin/ceph: stderr
2024-04-20T21:18:58.256+0000 7fdf13e00700 1 -- 172.21.15.62:0/3510570449 --> [v2:172.21.15.62:3300/0,v1:172.21.15.62:6789/0] -- mon_command({"prefix": "get_command_descriptions"} v 0) v1 -- 0x7fdef4005320 con 0x7fdf14105920
2024-04-20T21:18:59.603 INFO:teuthology.orchestra.run.smithi062.stdout:/usr/bin/ceph: stderr
2024-04-20T21:18:58.256+0000 7fdf18a00700 1 -- 172.21.15.62:0/3510570449 <== mon.0 v2:172.21.15.62:3300/0 4 ==== mgrmap(e 8) v1 ==== 45084+0+0 (secure 0 0 0) 0x7fdf0401ab50 con 0x7fdf14105920
2024-04-20T21:18:59.604 INFO:teuthology.orchestra.run.smithi062.stdout:/usr/bin/ceph: stderr
2024-04-20T21:18:58.256+0000 7fdf18a00700 1 --2- 172.21.15.62:0/3510570449 >> [v2:172.21.15.62:6800/4147738586,v1:172.21.15.62:6801/4147738586] conn(0x7fdef8038440 0x7fdef803a8f0 unknown :-1 s=NONE pgs=0 cs=0 l=1 rev1=0 crypto rx=0 tx=0 comp rx=0 tx=0).connect
2024-04-20T21:18:59.604 INFO:teuthology.orchestra.run.smithi062.stdout:/usr/bin/ceph: stderr
2024-04-20T21:18:58.256+0000 7fdf18a00700 1 -- 172.21.15.62:0/3510570449 <== mon.0 v2:172.21.15.62:3300/0 5 ==== osd_map(2..2 src has 1..2) v4 ==== 940+0+0 (secure 0 0 0) 0x7fdf0404c440 con 0x7fdf14105920
2024-04-20T21:18:59.604 INFO:teuthology.orchestra.run.smithi062.stdout:/usr/bin/ceph: stderr
2024-04-20T21:18:58.257+0000 7fdf12000700 1 --2- 172.21.15.62:0/3510570449 >> [v2:172.21.15.62:6800/4147738586,v1:172.21.15.62:6801/4147738586] conn(0x7fdef8038440 0x7fdef803a8f0 unknown :-1 s=BANNER_CONNECTING pgs=0 cs=0 l=1 rev1=0 crypto rx=0 tx=0 comp rx=0 tx=0)._handle_peer_banner_payload supported=3 required=0
2024-04-20T21:18:59.604 INFO:teuthology.orchestra.run.smithi062.stdout:/usr/bin/ceph: stderr
2024-04-20T21:18:58.257+0000 7fdf12000700 1 --2- 172.21.15.62:0/3510570449 >> [v2:172.21.15.62:6800/4147738586,v1:172.21.15.62:6801/4147738586] conn(0x7fdef8038440 0x7fdef803a8f0 secure :-1 s=READY pgs=9 cs=0 l=1 rev1=1 crypto rx=0x7fdf00006fd0 tx=0x7fdf00006e40 comp rx=0 tx=0).ready entity=mgr.14120 client_cookie=0 server_cookie=0 in_seq=0 out_seq=0
2024-04-20T21:18:59.604 INFO:teuthology.orchestra.run.smithi062.stdout:/usr/bin/ceph: stderr
2024-04-20T21:18:58.262+0000 7fdf18a00700 1 -- 172.21.15.62:0/3510570449 <== mon.0 v2:172.21.15.62:3300/0 6 ==== mon_command_ack([{"prefix": "get_command_descriptions"}]=0 v0) v1 ==== 72+0+177933 (secure 0 0 0) 0x7fdf0401ae00 con 0x7fdf14105920
2024-04-20T21:18:59.604 INFO:teuthology.orchestra.run.smithi062.stdout:/usr/bin/ceph: stderr
2024-04-20T21:18:58.484+0000 7fdf13e00700 1 -- 172.21.15.62:0/3510570449 --> [v2:172.21.15.62:6800/4147738586,v1:172.21.15.62:6801/4147738586] -- mgr_command(tid 0: {"prefix": "cephadm generate-key", "target": ["mon-mgr", ""]}) v1 -- 0x7fdef4000bf0 con 0x7fdef8038440
2024-04-20T21:18:59.604 INFO:teuthology.orchestra.run.smithi062.stdout:/usr/bin/ceph: stderr
2024-04-20T21:18:58.909+0000 7fdf18a00700 1 -- 172.21.15.62:0/3510570449 <== mgr.14120 v2:172.21.15.62:6800/4147738586 1 ==== mgr_command_reply(tid 0: 0 ) v1 ==== 8+0+0 (secure 0 0 0) 0x7fdef4000bf0 con 0x7fdef8038440
2024-04-20T21:18:59.604 INFO:teuthology.orchestra.run.smithi062.stdout:/usr/bin/ceph: stderr
2024-04-20T21:18:58.912+0000 7fdf13e00700 1 -- 172.21.15.62:0/3510570449 >> [v2:172.21.15.62:6800/4147738586,v1:172.21.15.62:6801/4147738586] conn(0x7fdef8038440 msgr2=0x7fdef803a8f0 secure :-1 s=STATE_CONNECTION_ESTABLISHED l=1).mark_down
2024-04-20T21:18:59.604 INFO:teuthology.orchestra.run.smithi062.stdout:/usr/bin/ceph: stderr
2024-04-20T21:18:58.912+0000 7fdf13e00700 1 --2- 172.21.15.62:0/3510570449 >> [v2:172.21.15.62:6800/4147738586,v1:172.21.15.62:6801/4147738586] conn(0x7fdef8038440 0x7fdef803a8f0 secure :-1 s=READY pgs=9 cs=0 l=1 rev1=1 crypto rx=0x7fdf00006fd0 tx=0x7fdf00006e40 comp rx=0 tx=0).stop
2024-04-20T21:18:59.604 INFO:teuthology.orchestra.run.smithi062.stdout:/usr/bin/ceph: stderr
2024-04-20T21:18:58.912+0000 7fdf13e00700 1 -- 172.21.15.62:0/3510570449 >> [v2:172.21.15.62:3300/0,v1:172.21.15.62:6789/0] conn(0x7fdf14105920 msgr2=0x7fdf1419b870 secure :-1 s=STATE_CONNECTION_ESTABLISHED l=1).mark_down
2024-04-20T21:18:59.604 INFO:teuthology.orchestra.run.smithi062.stdout:/usr/bin/ceph: stderr
2024-04-20T21:18:58.912+0000 7fdf13e00700 1 --2- 172.21.15.62:0/3510570449 >> [v2:172.21.15.62:3300/0,v1:172.21.15.62:6789/0] conn(0x7fdf14105920 0x7fdf1419b870 secure :-1 s=READY pgs=42 cs=0 l=1 rev1=1 crypto rx=0x7fdf04000c00 tx=0x7fdf04011ab0 comp rx=0 tx=0).stop
2024-04-20T21:18:59.605 INFO:teuthology.orchestra.run.smithi062.stdout:/usr/bin/ceph: stderr
2024-04-20T21:18:58.912+0000 7fdf13e00700 1 -- 172.21.15.62:0/3510570449 shutdown_connections
2024-04-20T21:18:59.605 INFO:teuthology.orchestra.run.smithi062.stdout:/usr/bin/ceph: stderr
2024-04-20T21:18:58.912+0000 7fdf13e00700 1 --2- 172.21.15.62:0/3510570449 >> [v2:172.21.15.62:6800/4147738586,v1:172.21.15.62:6801/4147738586] conn(0x7fdef8038440 0x7fdef803a8f0 unknown :-1 s=CLOSED pgs=9 cs=0 l=1 rev1=1 crypto rx=0 tx=0 comp rx=0 tx=0).stop
2024-04-20T21:18:59.605 INFO:teuthology.orchestra.run.smithi062.stdout:/usr/bin/ceph: stderr
2024-04-20T21:18:58.912+0000 7fdf13e00700 1 --2- 172.21.15.62:0/3510570449 >> [v2:172.21.15.62:3300/0,v1:172.21.15.62:6789/0] conn(0x7fdf14105920 0x7fdf1419b870 unknown :-1 s=CLOSED pgs=42 cs=0 l=1 rev1=1 crypto rx=0 tx=0 comp rx=0 tx=0).stop
2024-04-20T21:18:59.605 INFO:teuthology.orchestra.run.smithi062.stdout:/usr/bin/ceph: stderr
2024-04-20T21:18:58.912+0000 7fdf13e00700 1 -- 172.21.15.62:0/3510570449 >> 172.21.15.62:0/3510570449 conn(0x7fdf14100fb0 msgr2=0x7fdf14102690 unknown :-1 s=STATE_NONE l=0).mark_down
2024-04-20T21:18:59.605 INFO:teuthology.orchestra.run.smithi062.stdout:/usr/bin/ceph: stderr
2024-04-20T21:18:58.912+0000 7fdf13e00700 1 -- 172.21.15.62:0/3510570449 shutdown_connections
2024-04-20T21:18:59.605 INFO:teuthology.orchestra.run.smithi062.stdout:/usr/bin/ceph: stderr
2024-04-20T21:18:58.912+0000 7fdf13e00700 1 -- 172.21.15.62:0/3510570449 wait complete.
2024-04-20T21:19:00.189 INFO:journalctl@ceph.mon.smithi062.smithi062.stdout:Apr 20 21:18:59 smithi062 ceph-mon[16221]: from='client.14136 -' entity='client.admin' cmd=[{"prefix": "cephadm generate-key", "target": ["mon-mgr", ""]}]: dispatch
2024-04-20T21:19:00.189 INFO:journalctl@ceph.mon.smithi062.smithi062.stdout:Apr 20 21:18:59 smithi062 ceph-mon[16221]: Generating ssh key...
2024-04-20T21:19:00.189 INFO:journalctl@ceph.mon.smithi062.smithi062.stdout:Apr 20 21:18:59 smithi062 ceph-mon[16221]: from='mgr.14120 172.21.15.62:0/292923938' entity='mgr.smithi062.rqxuxi'
2024-04-20T21:19:00.189 INFO:journalctl@ceph.mon.smithi062.smithi062.stdout:Apr 20 21:18:59 smithi062 ceph-mon[16221]: from='mgr.14120 172.21.15.62:0/292923938' entity='mgr.smithi062.rqxuxi'
2024-04-20T21:19:01.090 INFO:teuthology.orchestra.run.smithi062.stdout:/usr/bin/ceph: stdout ssh-rsa AAAAB3NzaC1yc2EAAAADAQABAAABgQDo8heeGJn1ioyL6p7G0QD0cZdLrSEmX4SZLE4ugWVEC27Z0Qz92rrI+1HFetWULR62uaVx+NYWQq5JT9vyo3fZ9YJaZg4phajNPqKoccbpD0WPkARZBDll4aknfmqPRWbIBPVJZI1/gYX7bXT7/D18I7BeX84zh0P6U9oEGTzpwv3AEWaFS9lki3pR9cw/NE4K3C8G7J6vydxs0TWudV4c9/VxFloHcN+/lZqzvgT4tiD6iVORvmTiUcVa7jfhdNMx7gewmP9ijoKtHomik2Hx6ymiYJLybw+yWW+Rut/aTIX1RcUkZ7F/hjd0hv5PgrpzAsJZezLp72hG3tS3WNaxqEjp7ao/FzaQ6zMgh4XvOUDiGT3B+bF7LYTVyDCRJTh/D0GUwsdPmVV71SAeY4F9aPF3M78y0Jn4QhS8AKSIAx5Fl+3TEQqarEZRfFVcUnPJ6DBUWdZysHoOTM+zYJWZL2TMPDZgmv0VPlQvJlkHT1vjP/Lqjzuao1kwQO3bdeU= ceph-61ae3628-ff5b-11ee-bc93-c7b262605968
2024-04-20T21:19:01.091 INFO:teuthology.orchestra.run.smithi062.stdout:/usr/bin/ceph: stderr
2024-04-20T21:19:00.188+0000 7f9db9200700 1 Processor -- start
2024-04-20T21:19:01.091 INFO:teuthology.orchestra.run.smithi062.stdout:/usr/bin/ceph: stderr
2024-04-20T21:19:00.189+0000 7f9db9200700 1 -- start start
2024-04-20T21:19:01.091 INFO:teuthology.orchestra.run.smithi062.stdout:/usr/bin/ceph: stderr
2024-04-20T21:19:00.189+0000 7f9db9200700 1 --2- >> [v2:172.21.15.62:3300/0,v1:172.21.15.62:6789/0] conn(0x7f9db4104810 0x7f9db4104c20 unknown :-1 s=NONE pgs=0 cs=0 l=0 rev1=0 crypto rx=0 tx=0 comp rx=0 tx=0).connect
2024-04-20T21:19:01.091 INFO:teuthology.orchestra.run.smithi062.stdout:/usr/bin/ceph: stderr
2024-04-20T21:19:00.189+0000 7f9db9200700 1 -- --> [v2:172.21.15.62:3300/0,v1:172.21.15.62:6789/0] -- mon_getmap magic: 0 v1 -- 0x7f9db4105160 con 0x7f9db4104810
2024-04-20T21:19:01.091 INFO:teuthology.orchestra.run.smithi062.stdout:/usr/bin/ceph: stderr
2024-04-20T21:19:00.190+0000 7f9db3400700 1 --2- >> [v2:172.21.15.62:3300/0,v1:172.21.15.62:6789/0] conn(0x7f9db4104810 0x7f9db4104c20 unknown :-1 s=BANNER_CONNECTING pgs=0 cs=0 l=0 rev1=0 crypto rx=0 tx=0 comp rx=0 tx=0)._handle_peer_banner_payload supported=3 required=0
2024-04-20T21:19:01.091 INFO:teuthology.orchestra.run.smithi062.stdout:/usr/bin/ceph: stderr
2024-04-20T21:19:00.190+0000 7f9db3400700 1 --2- >> [v2:172.21.15.62:3300/0,v1:172.21.15.62:6789/0] conn(0x7f9db4104810 0x7f9db4104c20 unknown :-1 s=HELLO_CONNECTING pgs=0 cs=0 l=0 rev1=1 crypto rx=0 tx=0 comp rx=0 tx=0).handle_hello peer v2:172.21.15.62:3300/0 says I am v2:172.21.15.62:35056/0 (socket says 172.21.15.62:35056)
2024-04-20T21:19:01.092 INFO:teuthology.orchestra.run.smithi062.stdout:/usr/bin/ceph: stderr
2024-04-20T21:19:00.190+0000 7f9db3400700 1 -- 172.21.15.62:0/2707389274 learned_addr learned my addr 172.21.15.62:0/2707389274 (peer_addr_for_me v2:172.21.15.62:0/0)
2024-04-20T21:19:01.093 INFO:teuthology.orchestra.run.smithi062.stdout:/usr/bin/ceph: stderr
2024-04-20T21:19:00.190+0000 7f9db3400700 1 -- 172.21.15.62:0/2707389274 --> [v2:172.21.15.62:3300/0,v1:172.21.15.62:6789/0] -- mon_subscribe({config=0+,monmap=0+}) v3 -- 0x7f9db41052a0 con 0x7f9db4104810
2024-04-20T21:19:01.093 INFO:teuthology.orchestra.run.smithi062.stdout:/usr/bin/ceph: stderr
2024-04-20T21:19:00.191+0000 7f9db3400700 1 --2- 172.21.15.62:0/2707389274 >> [v2:172.21.15.62:3300/0,v1:172.21.15.62:6789/0] conn(0x7f9db4104810 0x7f9db4104c20 secure :-1 s=READY pgs=43 cs=0 l=1 rev1=1 crypto rx=0x7f9da400bb40 tx=0x7f9da400be50 comp rx=0 tx=0).ready entity=mon.0 client_cookie=e0180f6416d856e8 server_cookie=0 in_seq=0 out_seq=0
2024-04-20T21:19:01.093 INFO:teuthology.orchestra.run.smithi062.stdout:/usr/bin/ceph: stderr
2024-04-20T21:19:00.191+0000 7f9db2000700 1 -- 172.21.15.62:0/2707389274 <== mon.0 v2:172.21.15.62:3300/0 1 ==== mon_map magic: 0 v1 ==== 229+0+0 (secure 0 0 0) 0x7f9da400dc00 con 0x7f9db4104810
2024-04-20T21:19:01.093 INFO:teuthology.orchestra.run.smithi062.stdout:/usr/bin/ceph: stderr
2024-04-20T21:19:00.191+0000 7f9db2000700 1 -- 172.21.15.62:0/2707389274 <== mon.0 v2:172.21.15.62:3300/0 2 ==== config(27 keys) v1 ==== 1037+0+0 (secure 0 0 0) 0x7f9da40044a0 con 0x7f9db4104810
2024-04-20T21:19:01.093 INFO:teuthology.orchestra.run.smithi062.stdout:/usr/bin/ceph: stderr
2024-04-20T21:19:00.191+0000 7f9db2000700 1 -- 172.21.15.62:0/2707389274 <== mon.0 v2:172.21.15.62:3300/0 3 ==== mon_map magic: 0 v1 ==== 229+0+0 (secure 0 0 0) 0x7f9da4010470 con 0x7f9db4104810
2024-04-20T21:19:01.093 INFO:teuthology.orchestra.run.smithi062.stdout:/usr/bin/ceph: stderr
2024-04-20T21:19:00.192+0000 7f9db9200700 1 -- 172.21.15.62:0/2707389274 >> [v2:172.21.15.62:3300/0,v1:172.21.15.62:6789/0] conn(0x7f9db4104810 msgr2=0x7f9db4104c20 secure :-1 s=STATE_CONNECTION_ESTABLISHED l=1).mark_down
2024-04-20T21:19:01.093 INFO:teuthology.orchestra.run.smithi062.stdout:/usr/bin/ceph: stderr
2024-04-20T21:19:00.192+0000 7f9db9200700 1 --2- 172.21.15.62:0/2707389274 >> [v2:172.21.15.62:3300/0,v1:172.21.15.62:6789/0] conn(0x7f9db4104810 0x7f9db4104c20 secure :-1 s=READY pgs=43 cs=0 l=1 rev1=1 crypto rx=0x7f9da400bb40 tx=0x7f9da400be50 comp rx=0 tx=0).stop
2024-04-20T21:19:01.093 INFO:teuthology.orchestra.run.smithi062.stdout:/usr/bin/ceph: stderr
2024-04-20T21:19:00.192+0000 7f9db9200700 1 -- 172.21.15.62:0/2707389274 shutdown_connections
2024-04-20T21:19:01.093 INFO:teuthology.orchestra.run.smithi062.stdout:/usr/bin/ceph: stderr
2024-04-20T21:19:00.192+0000 7f9db9200700 1 --2- 172.21.15.62:0/2707389274 >> [v2:172.21.15.62:3300/0,v1:172.21.15.62:6789/0] conn(0x7f9db4104810 0x7f9db4104c20 unknown :-1 s=CLOSED pgs=43 cs=0 l=1 rev1=1 crypto rx=0 tx=0 comp rx=0 tx=0).stop
2024-04-20T21:19:01.093 INFO:teuthology.orchestra.run.smithi062.stdout:/usr/bin/ceph: stderr
2024-04-20T21:19:00.192+0000 7f9db9200700 1 -- 172.21.15.62:0/2707389274 >> 172.21.15.62:0/2707389274 conn(0x7f9db40ffe80 msgr2=0x7f9db4102290 unknown :-1 s=STATE_NONE l=0).mark_down
2024-04-20T21:19:01.093 INFO:teuthology.orchestra.run.smithi062.stdout:/usr/bin/ceph: stderr
2024-04-20T21:19:00.192+0000 7f9db9200700 1 -- 172.21.15.62:0/2707389274 shutdown_connections
2024-04-20T21:19:01.093 INFO:teuthology.orchestra.run.smithi062.stdout:/usr/bin/ceph: stderr
2024-04-20T21:19:00.192+0000 7f9db9200700 1 -- 172.21.15.62:0/2707389274 wait complete.
2024-04-20T21:19:01.096 INFO:teuthology.orchestra.run.smithi062.stdout:/usr/bin/ceph: stderr
2024-04-20T21:19:00.193+0000 7f9db9200700 1 Processor -- start
2024-04-20T21:19:01.096 INFO:teuthology.orchestra.run.smithi062.stdout:/usr/bin/ceph: stderr
2024-04-20T21:19:00.193+0000 7f9db9200700 1 -- start start
2024-04-20T21:19:01.096 INFO:teuthology.orchestra.run.smithi062.stdout:/usr/bin/ceph: stderr
2024-04-20T21:19:00.194+0000 7f9db9200700 1 --2- >> [v2:172.21.15.62:3300/0,v1:172.21.15.62:6789/0] conn(0x7f9db4104810 0x7f9db419b860 unknown :-1 s=NONE pgs=0 cs=0 l=1 rev1=0 crypto rx=0 tx=0 comp rx=0 tx=0).connect
2024-04-20T21:19:01.096 INFO:teuthology.orchestra.run.smithi062.stdout:/usr/bin/ceph: stderr
2024-04-20T21:19:00.194+0000 7f9db9200700 1 -- --> [v2:172.21.15.62:3300/0,v1:172.21.15.62:6789/0] -- mon_getmap magic: 0 v1 -- 0x7f9db419bda0 con 0x7f9db4104810
2024-04-20T21:19:01.096 INFO:teuthology.orchestra.run.smithi062.stdout:/usr/bin/ceph: stderr
2024-04-20T21:19:00.194+0000 7f9db3400700 1 --2- >> [v2:172.21.15.62:3300/0,v1:172.21.15.62:6789/0] conn(0x7f9db4104810 0x7f9db419b860 unknown :-1 s=BANNER_CONNECTING pgs=0 cs=0 l=1 rev1=0 crypto rx=0 tx=0 comp rx=0 tx=0)._handle_peer_banner_payload supported=3 required=0
2024-04-20T21:19:01.096 INFO:teuthology.orchestra.run.smithi062.stdout:/usr/bin/ceph: stderr
2024-04-20T21:19:00.194+0000 7f9db3400700 1 --2- >> [v2:172.21.15.62:3300/0,v1:172.21.15.62:6789/0] conn(0x7f9db4104810 0x7f9db419b860 unknown :-1 s=HELLO_CONNECTING pgs=0 cs=0 l=1 rev1=1 crypto rx=0 tx=0 comp rx=0 tx=0).handle_hello peer v2:172.21.15.62:3300/0 says I am v2:172.21.15.62:35064/0 (socket says 172.21.15.62:35064)
2024-04-20T21:19:01.096 INFO:teuthology.orchestra.run.smithi062.stdout:/usr/bin/ceph: stderr
2024-04-20T21:19:00.194+0000 7f9db3400700 1 -- 172.21.15.62:0/856652372 learned_addr learned my addr 172.21.15.62:0/856652372 (peer_addr_for_me v2:172.21.15.62:0/0)
2024-04-20T21:19:01.096 INFO:teuthology.orchestra.run.smithi062.stdout:/usr/bin/ceph: stderr
2024-04-20T21:19:00.194+0000 7f9db3400700 1 -- 172.21.15.62:0/856652372 --> [v2:172.21.15.62:3300/0,v1:172.21.15.62:6789/0] -- mon_subscribe({config=0+,monmap=0+}) v3 -- 0x7f9da400b7f0 con 0x7f9db4104810
2024-04-20T21:19:01.096 INFO:teuthology.orchestra.run.smithi062.stdout:/usr/bin/ceph: stderr
2024-04-20T21:19:00.195+0000 7f9db3400700 1 --2- 172.21.15.62:0/856652372 >> [v2:172.21.15.62:3300/0,v1:172.21.15.62:6789/0] conn(0x7f9db4104810 0x7f9db419b860 secure :-1 s=READY pgs=44 cs=0 l=1 rev1=1 crypto rx=0x7f9da40046d0 tx=0x7f9da4003d70 comp rx=0 tx=0).ready entity=mon.0 client_cookie=0 server_cookie=0 in_seq=0 out_seq=0
2024-04-20T21:19:01.096 INFO:teuthology.orchestra.run.smithi062.stdout:/usr/bin/ceph: stderr
2024-04-20T21:19:00.195+0000 7f9dabe00700 1 -- 172.21.15.62:0/856652372 <== mon.0 v2:172.21.15.62:3300/0 1 ==== mon_map magic: 0 v1 ==== 229+0+0 (secure 0 0 0) 0x7f9da40042a0 con 0x7f9db4104810
2024-04-20T21:19:01.096 INFO:teuthology.orchestra.run.smithi062.stdout:/usr/bin/ceph: stderr
2024-04-20T21:19:00.195+0000 7f9dabe00700 1 -- 172.21.15.62:0/856652372 <== mon.0 v2:172.21.15.62:3300/0 2 ==== config(27 keys) v1 ==== 1037+0+0 (secure 0 0 0) 0x7f9da4010b50 con 0x7f9db4104810
2024-04-20T21:19:01.096 INFO:teuthology.orchestra.run.smithi062.stdout:/usr/bin/ceph: stderr
2024-04-20T21:19:00.195+0000 7f9dabe00700 1 -- 172.21.15.62:0/856652372 <== mon.0 v2:172.21.15.62:3300/0 3 ==== mon_map magic: 0 v1 ==== 229+0+0 (secure 0 0 0) 0x7f9da4021ae0 con 0x7f9db4104810
2024-04-20T21:19:01.097 INFO:teuthology.orchestra.run.smithi062.stdout:/usr/bin/ceph: stderr
2024-04-20T21:19:00.195+0000 7f9db9200700 1 -- 172.21.15.62:0/856652372 --> [v2:172.21.15.62:3300/0,v1:172.21.15.62:6789/0] -- mon_subscribe({mgrmap=0+}) v3 -- 0x7f9db419bfa0 con 0x7f9db4104810
2024-04-20T21:19:01.097 INFO:teuthology.orchestra.run.smithi062.stdout:/usr/bin/ceph: stderr
2024-04-20T21:19:00.195+0000 7f9db9200700 1 -- 172.21.15.62:0/856652372 --> [v2:172.21.15.62:3300/0,v1:172.21.15.62:6789/0] -- mon_subscribe({osdmap=0}) v3 -- 0x7f9db419c360 con 0x7f9db4104810
2024-04-20T21:19:01.097 INFO:teuthology.orchestra.run.smithi062.stdout:/usr/bin/ceph: stderr
2024-04-20T21:19:00.196+0000 7f9dabe00700 1 -- 172.21.15.62:0/856652372 <== mon.0 v2:172.21.15.62:3300/0 4 ==== mgrmap(e 8) v1 ==== 45084+0+0 (secure 0 0 0) 0x7f9da4010cc0 con 0x7f9db4104810
2024-04-20T21:19:01.097 INFO:teuthology.orchestra.run.smithi062.stdout:/usr/bin/ceph: stderr
2024-04-20T21:19:00.196+0000 7f9da9600700 1 -- 172.21.15.62:0/856652372 --> [v2:172.21.15.62:3300/0,v1:172.21.15.62:6789/0] -- mon_command({"prefix": "get_command_descriptions"} v 0) v1 -- 0x7f9db4062380 con 0x7f9db4104810
2024-04-20T21:19:01.097 INFO:teuthology.orchestra.run.smithi062.stdout:/usr/bin/ceph: stderr
2024-04-20T21:19:00.197+0000 7f9dabe00700 1 --2- 172.21.15.62:0/856652372 >> [v2:172.21.15.62:6800/4147738586,v1:172.21.15.62:6801/4147738586] conn(0x7f9d980383f0 0x7f9d9803a8a0 unknown :-1 s=NONE pgs=0 cs=0 l=1 rev1=0 crypto rx=0 tx=0 comp rx=0 tx=0).connect
2024-04-20T21:19:01.097 INFO:teuthology.orchestra.run.smithi062.stdout:/usr/bin/ceph: stderr
2024-04-20T21:19:00.197+0000 7f9dabe00700 1 -- 172.21.15.62:0/856652372 <== mon.0 v2:172.21.15.62:3300/0 5 ==== osd_map(2..2 src has 1..2) v4 ==== 940+0+0 (secure 0 0 0) 0x7f9da404c4a0 con 0x7f9db4104810
2024-04-20T21:19:01.097 INFO:teuthology.orchestra.run.smithi062.stdout:/usr/bin/ceph: stderr
2024-04-20T21:19:00.197+0000 7f9db2a00700 1 --2- 172.21.15.62:0/856652372 >> [v2:172.21.15.62:6800/4147738586,v1:172.21.15.62:6801/4147738586] conn(0x7f9d980383f0 0x7f9d9803a8a0 unknown :-1 s=BANNER_CONNECTING pgs=0 cs=0 l=1 rev1=0 crypto rx=0 tx=0 comp rx=0 tx=0)._handle_peer_banner_payload supported=3 required=0
2024-04-20T21:19:01.097 INFO:teuthology.orchestra.run.smithi062.stdout:/usr/bin/ceph: stderr
2024-04-20T21:19:00.198+0000 7f9db2a00700 1 --2- 172.21.15.62:0/856652372 >> [v2:172.21.15.62:6800/4147738586,v1:172.21.15.62:6801/4147738586] conn(0x7f9d980383f0 0x7f9d9803a8a0 secure :-1 s=READY pgs=10 cs=0 l=1 rev1=1 crypto rx=0x7f9da0006fd0 tx=0x7f9da0006e40 comp rx=0 tx=0).ready entity=mgr.14120 client_cookie=0 server_cookie=0 in_seq=0 out_seq=0
2024-04-20T21:19:01.097 INFO:teuthology.orchestra.run.smithi062.stdout:/usr/bin/ceph: stderr
2024-04-20T21:19:00.202+0000 7f9dabe00700 1 -- 172.21.15.62:0/856652372 <== mon.0 v2:172.21.15.62:3300/0 6 ==== mon_command_ack([{"prefix": "get_command_descriptions"}]=0 v0) v1 ==== 72+0+177933 (secure 0 0 0) 0x7f9da400f5b0 con 0x7f9db4104810
2024-04-20T21:19:01.099 INFO:teuthology.orchestra.run.smithi062.stdout:/usr/bin/ceph: stderr
2024-04-20T21:19:00.422+0000 7f9da9600700 1 -- 172.21.15.62:0/856652372 --> [v2:172.21.15.62:6800/4147738586,v1:172.21.15.62:6801/4147738586] -- mgr_command(tid 0: {"prefix": "cephadm get-pub-key", "target": ["mon-mgr", ""]}) v1 -- 0x7f9db4106680 con 0x7f9d980383f0
2024-04-20T21:19:01.099 INFO:teuthology.orchestra.run.smithi062.stdout:/usr/bin/ceph: stderr
2024-04-20T21:19:00.424+0000 7f9dabe00700 1 -- 172.21.15.62:0/856652372 <== mgr.14120 v2:172.21.15.62:6800/4147738586 1 ==== mgr_command_reply(tid 0: 0 ) v1 ==== 8+0+595 (secure 0 0 0) 0x7f9db4106680 con 0x7f9d980383f0
2024-04-20T21:19:01.099 INFO:teuthology.orchestra.run.smithi062.stdout:/usr/bin/ceph: stderr
2024-04-20T21:19:00.427+0000 7f9da9600700 1 -- 172.21.15.62:0/856652372 >> [v2:172.21.15.62:6800/4147738586,v1:172.21.15.62:6801/4147738586] conn(0x7f9d980383f0 msgr2=0x7f9d9803a8a0 secure :-1 s=STATE_CONNECTION_ESTABLISHED l=1).mark_down
2024-04-20T21:19:01.099 INFO:teuthology.orchestra.run.smithi062.stdout:/usr/bin/ceph: stderr
2024-04-20T21:19:00.427+0000 7f9da9600700 1 --2- 172.21.15.62:0/856652372 >> [v2:172.21.15.62:6800/4147738586,v1:172.21.15.62:6801/4147738586] conn(0x7f9d980383f0 0x7f9d9803a8a0 secure :-1 s=READY pgs=10 cs=0 l=1 rev1=1 crypto rx=0x7f9da0006fd0 tx=0x7f9da0006e40 comp rx=0 tx=0).stop
2024-04-20T21:19:01.099 INFO:teuthology.orchestra.run.smithi062.stdout:/usr/bin/ceph: stderr
2024-04-20T21:19:00.427+0000 7f9da9600700 1 -- 172.21.15.62:0/856652372 >> [v2:172.21.15.62:3300/0,v1:172.21.15.62:6789/0] conn(0x7f9db4104810 msgr2=0x7f9db419b860 secure :-1 s=STATE_CONNECTION_ESTABLISHED l=1).mark_down
2024-04-20T21:19:01.099 INFO:teuthology.orchestra.run.smithi062.stdout:/usr/bin/ceph: stderr
2024-04-20T21:19:00.427+0000 7f9da9600700 1 --2- 172.21.15.62:0/856652372 >> [v2:172.21.15.62:3300/0,v1:172.21.15.62:6789/0] conn(0x7f9db4104810 0x7f9db419b860 secure :-1 s=READY pgs=44 cs=0 l=1 rev1=1 crypto rx=0x7f9da40046d0 tx=0x7f9da4003d70 comp rx=0 tx=0).stop
2024-04-20T21:19:01.099 INFO:teuthology.orchestra.run.smithi062.stdout:/usr/bin/ceph: stderr
2024-04-20T21:19:00.427+0000 7f9da9600700 1 -- 172.21.15.62:0/856652372 shutdown_connections
2024-04-20T21:19:01.099 INFO:teuthology.orchestra.run.smithi062.stdout:/usr/bin/ceph: stderr
2024-04-20T21:19:00.427+0000 7f9da9600700 1 --2- 172.21.15.62:0/856652372 >> [v2:172.21.15.62:6800/4147738586,v1:172.21.15.62:6801/4147738586] conn(0x7f9d980383f0 0x7f9d9803a8a0 unknown :-1 s=CLOSED pgs=10 cs=0 l=1 rev1=1 crypto rx=0 tx=0 comp rx=0 tx=0).stop
2024-04-20T21:19:01.099 INFO:teuthology.orchestra.run.smithi062.stdout:/usr/bin/ceph: stderr
2024-04-20T21:19:00.427+0000 7f9da9600700 1 --2- 172.21.15.62:0/856652372 >> [v2:172.21.15.62:3300/0,v1:172.21.15.62:6789/0] conn(0x7f9db4104810 0x7f9db419b860 unknown :-1 s=CLOSED pgs=44 cs=0 l=1 rev1=1 crypto rx=0 tx=0 comp rx=0 tx=0).stop
2024-04-20T21:19:01.099 INFO:teuthology.orchestra.run.smithi062.stdout:/usr/bin/ceph: stderr
2024-04-20T21:19:00.427+0000 7f9da9600700 1 -- 172.21.15.62:0/856652372 >> 172.21.15.62:0/856652372 conn(0x7f9db40ffe80 msgr2=0x7f9db4192690 unknown :-1 s=STATE_NONE l=0).mark_down
2024-04-20T21:19:01.100 INFO:teuthology.orchestra.run.smithi062.stdout:/usr/bin/ceph: stderr
2024-04-20T21:19:00.427+0000 7f9da9600700 1 -- 172.21.15.62:0/856652372 shutdown_connections
2024-04-20T21:19:01.100 INFO:teuthology.orchestra.run.smithi062.stdout:/usr/bin/ceph: stderr
2024-04-20T21:19:00.427+0000 7f9da9600700 1 -- 172.21.15.62:0/856652372 wait complete.
2024-04-20T21:19:01.100 INFO:teuthology.orchestra.run.smithi062.stdout:Wrote public SSH key to /home/ubuntu/cephtest/ceph.pub
2024-04-20T21:19:01.100 INFO:teuthology.orchestra.run.smithi062.stdout:Adding key to root@localhost authorized_keys...
2024-04-20T21:19:01.104 INFO:teuthology.orchestra.run.smithi062.stdout:Adding host smithi062...
2024-04-20T21:19:01.398 INFO:journalctl@ceph.mon.smithi062.smithi062.stdout:Apr 20 21:19:01 smithi062 ceph-mon[16221]: from='client.14138 -' entity='client.admin' cmd=[{"prefix": "cephadm get-pub-key", "target": ["mon-mgr", ""]}]: dispatch
2024-04-20T21:19:02.930 INFO:journalctl@ceph.mon.smithi062.smithi062.stdout:Apr 20 21:19:02 smithi062 ceph-mon[16221]: from='client.14140 -' entity='client.admin' cmd=[{"prefix": "orch host add", "hostname": "smithi062", "addr": "172.21.15.62", "target": ["mon-mgr", ""]}]: dispatch
2024-04-20T21:19:04.535 INFO:journalctl@ceph.mon.smithi062.smithi062.stdout:Apr 20 21:19:04 smithi062 ceph-mon[16221]: Deploying cephadm binary to smithi062
2024-04-20T21:19:06.955 INFO:teuthology.orchestra.run.smithi062.stdout:/usr/bin/ceph: stdout Added host 'smithi062' with addr '172.21.15.62'
2024-04-20T21:19:06.956 INFO:teuthology.orchestra.run.smithi062.stdout:/usr/bin/ceph: stderr
2024-04-20T21:19:01.699+0000 7ff936000700 1 Processor -- start
2024-04-20T21:19:06.956 INFO:teuthology.orchestra.run.smithi062.stdout:/usr/bin/ceph: stderr
2024-04-20T21:19:01.699+0000 7ff936000700 1 -- start start
2024-04-20T21:19:06.956 INFO:teuthology.orchestra.run.smithi062.stdout:/usr/bin/ceph: stderr
2024-04-20T21:19:01.700+0000 7ff936000700 1 --2- >> [v2:172.21.15.62:3300/0,v1:172.21.15.62:6789/0] conn(0x7ff93007be10 0x7ff93007a310 unknown :-1 s=NONE pgs=0 cs=0 l=0 rev1=0 crypto rx=0 tx=0 comp rx=0 tx=0).connect
2024-04-20T21:19:06.956 INFO:teuthology.orchestra.run.smithi062.stdout:/usr/bin/ceph: stderr
2024-04-20T21:19:01.700+0000 7ff936000700 1 -- --> [v2:172.21.15.62:3300/0,v1:172.21.15.62:6789/0] -- mon_getmap magic: 0 v1 -- 0x7ff93007a850 con 0x7ff93007be10
2024-04-20T21:19:06.956 INFO:teuthology.orchestra.run.smithi062.stdout:/usr/bin/ceph: stderr
2024-04-20T21:19:01.700+0000 7ff934c00700 1 --2- >> [v2:172.21.15.62:3300/0,v1:172.21.15.62:6789/0] conn(0x7ff93007be10 0x7ff93007a310 unknown :-1 s=BANNER_CONNECTING pgs=0 cs=0 l=0 rev1=0 crypto rx=0 tx=0 comp rx=0 tx=0)._handle_peer_banner_payload supported=3 required=0
2024-04-20T21:19:06.957 INFO:teuthology.orchestra.run.smithi062.stdout:/usr/bin/ceph: stderr
2024-04-20T21:19:01.700+0000 7ff934c00700 1 --2- >> [v2:172.21.15.62:3300/0,v1:172.21.15.62:6789/0] conn(0x7ff93007be10 0x7ff93007a310 unknown :-1 s=HELLO_CONNECTING pgs=0 cs=0 l=0 rev1=1 crypto rx=0 tx=0 comp rx=0 tx=0).handle_hello peer v2:172.21.15.62:3300/0 says I am v2:172.21.15.62:33370/0 (socket says 172.21.15.62:33370)
2024-04-20T21:19:06.957 INFO:teuthology.orchestra.run.smithi062.stdout:/usr/bin/ceph: stderr
2024-04-20T21:19:01.700+0000 7ff934c00700 1 -- 172.21.15.62:0/585837503 learned_addr learned my addr 172.21.15.62:0/585837503 (peer_addr_for_me v2:172.21.15.62:0/0)
2024-04-20T21:19:06.957 INFO:teuthology.orchestra.run.smithi062.stdout:/usr/bin/ceph: stderr
2024-04-20T21:19:01.701+0000 7ff934c00700 1 -- 172.21.15.62:0/585837503 --> [v2:172.21.15.62:3300/0,v1:172.21.15.62:6789/0] -- mon_subscribe({config=0+,monmap=0+}) v3 -- 0x7ff93007a990 con 0x7ff93007be10
2024-04-20T21:19:06.957 INFO:teuthology.orchestra.run.smithi062.stdout:/usr/bin/ceph: stderr
2024-04-20T21:19:01.701+0000 7ff934c00700 1 --2- 172.21.15.62:0/585837503 >> [v2:172.21.15.62:3300/0,v1:172.21.15.62:6789/0] conn(0x7ff93007be10 0x7ff93007a310 secure :-1 s=READY pgs=45 cs=0 l=1 rev1=1 crypto rx=0x7ff9240098a0 tx=0x7ff924009bb0 comp rx=0 tx=0).ready entity=mon.0 client_cookie=757b8e5b2f91b9b4 server_cookie=0 in_seq=0 out_seq=0
2024-04-20T21:19:06.957 INFO:teuthology.orchestra.run.smithi062.stdout:/usr/bin/ceph: stderr
2024-04-20T21:19:01.701+0000 7ff92f400700 1 -- 172.21.15.62:0/585837503 <== mon.0 v2:172.21.15.62:3300/0 1 ==== mon_map magic: 0 v1 ==== 229+0+0 (secure 0 0 0) 0x7ff924004180 con 0x7ff93007be10
2024-04-20T21:19:06.958 INFO:teuthology.orchestra.run.smithi062.stdout:/usr/bin/ceph: stderr
2024-04-20T21:19:01.701+0000 7ff92f400700 1 -- 172.21.15.62:0/585837503 <== mon.0 v2:172.21.15.62:3300/0 2 ==== config(27 keys) v1 ==== 1037+0+0 (secure 0 0 0) 0x7ff9240042e0 con 0x7ff93007be10
2024-04-20T21:19:06.958 INFO:teuthology.orchestra.run.smithi062.stdout:/usr/bin/ceph: stderr
2024-04-20T21:19:01.701+0000 7ff92f400700 1 -- 172.21.15.62:0/585837503 <== mon.0 v2:172.21.15.62:3300/0 3 ==== mon_map magic: 0 v1 ==== 229+0+0 (secure 0 0 0) 0x7ff924011a50 con 0x7ff93007be10
2024-04-20T21:19:06.958 INFO:teuthology.orchestra.run.smithi062.stdout:/usr/bin/ceph: stderr
2024-04-20T21:19:01.702+0000 7ff936000700 1 -- 172.21.15.62:0/585837503 >> [v2:172.21.15.62:3300/0,v1:172.21.15.62:6789/0] conn(0x7ff93007be10 msgr2=0x7ff93007a310 secure :-1 s=STATE_CONNECTION_ESTABLISHED l=1).mark_down
2024-04-20T21:19:06.959 INFO:teuthology.orchestra.run.smithi062.stdout:/usr/bin/ceph: stderr
2024-04-20T21:19:01.702+0000 7ff936000700 1 --2- 172.21.15.62:0/585837503 >> [v2:172.21.15.62:3300/0,v1:172.21.15.62:6789/0] conn(0x7ff93007be10 0x7ff93007a310 secure :-1 s=READY pgs=45 cs=0 l=1 rev1=1 crypto rx=0x7ff9240098a0 tx=0x7ff924009bb0 comp rx=0 tx=0).stop
2024-04-20T21:19:06.959 INFO:teuthology.orchestra.run.smithi062.stdout:/usr/bin/ceph: stderr
2024-04-20T21:19:01.702+0000 7ff936000700 1 -- 172.21.15.62:0/585837503 shutdown_connections
2024-04-20T21:19:06.959 INFO:teuthology.orchestra.run.smithi062.stdout:/usr/bin/ceph: stderr
2024-04-20T21:19:01.702+0000 7ff936000700 1 --2- 172.21.15.62:0/585837503 >> [v2:172.21.15.62:3300/0,v1:172.21.15.62:6789/0] conn(0x7ff93007be10 0x7ff93007a310 unknown :-1 s=CLOSED pgs=45 cs=0 l=1 rev1=1 crypto rx=0 tx=0 comp rx=0 tx=0).stop
2024-04-20T21:19:06.960 INFO:teuthology.orchestra.run.smithi062.stdout:/usr/bin/ceph: stderr
2024-04-20T21:19:01.702+0000 7ff936000700 1 -- 172.21.15.62:0/585837503 >> 172.21.15.62:0/585837503 conn(0x7ff930100fa0 msgr2=0x7ff9301033b0 unknown :-1 s=STATE_NONE l=0).mark_down
2024-04-20T21:19:06.960 INFO:teuthology.orchestra.run.smithi062.stdout:/usr/bin/ceph: stderr
2024-04-20T21:19:01.702+0000 7ff936000700 1 -- 172.21.15.62:0/585837503 shutdown_connections
2024-04-20T21:19:06.960 INFO:teuthology.orchestra.run.smithi062.stdout:/usr/bin/ceph: stderr
2024-04-20T21:19:01.702+0000 7ff936000700 1 -- 172.21.15.62:0/585837503 wait complete.
2024-04-20T21:19:06.963 INFO:teuthology.orchestra.run.smithi062.stdout:/usr/bin/ceph: stderr
2024-04-20T21:19:01.703+0000 7ff936000700 1 Processor -- start
2024-04-20T21:19:06.963 INFO:teuthology.orchestra.run.smithi062.stdout:/usr/bin/ceph: stderr
2024-04-20T21:19:01.703+0000 7ff936000700 1 -- start start
2024-04-20T21:19:06.963 INFO:teuthology.orchestra.run.smithi062.stdout:/usr/bin/ceph: stderr
2024-04-20T21:19:01.704+0000 7ff936000700 1 --2- >> [v2:172.21.15.62:3300/0,v1:172.21.15.62:6789/0] conn(0x7ff93007be10 0x7ff93019b8c0 unknown :-1 s=NONE pgs=0 cs=0 l=1 rev1=0 crypto rx=0 tx=0 comp rx=0 tx=0).connect
2024-04-20T21:19:06.963 INFO:teuthology.orchestra.run.smithi062.stdout:/usr/bin/ceph: stderr
2024-04-20T21:19:01.704+0000 7ff936000700 1 -- --> [v2:172.21.15.62:3300/0,v1:172.21.15.62:6789/0] -- mon_getmap magic: 0 v1 -- 0x7ff93019be00 con 0x7ff93007be10
2024-04-20T21:19:06.963 INFO:teuthology.orchestra.run.smithi062.stdout:/usr/bin/ceph: stderr
2024-04-20T21:19:01.704+0000 7ff934c00700 1 --2- >> [v2:172.21.15.62:3300/0,v1:172.21.15.62:6789/0] conn(0x7ff93007be10 0x7ff93019b8c0 unknown :-1 s=BANNER_CONNECTING pgs=0 cs=0 l=1 rev1=0 crypto rx=0 tx=0 comp rx=0 tx=0)._handle_peer_banner_payload supported=3 required=0
2024-04-20T21:19:06.963 INFO:teuthology.orchestra.run.smithi062.stdout:/usr/bin/ceph: stderr
2024-04-20T21:19:01.704+0000 7ff934c00700 1 --2- >> [v2:172.21.15.62:3300/0,v1:172.21.15.62:6789/0] conn(0x7ff93007be10 0x7ff93019b8c0 unknown :-1 s=HELLO_CONNECTING pgs=0 cs=0 l=1 rev1=1 crypto rx=0 tx=0 comp rx=0 tx=0).handle_hello peer v2:172.21.15.62:3300/0 says I am v2:172.21.15.62:33382/0 (socket says 172.21.15.62:33382)
2024-04-20T21:19:06.963 INFO:teuthology.orchestra.run.smithi062.stdout:/usr/bin/ceph: stderr
2024-04-20T21:19:01.704+0000 7ff934c00700 1 -- 172.21.15.62:0/3499913527 learned_addr learned my addr 172.21.15.62:0/3499913527 (peer_addr_for_me v2:172.21.15.62:0/0)
2024-04-20T21:19:06.963 INFO:teuthology.orchestra.run.smithi062.stdout:/usr/bin/ceph: stderr
2024-04-20T21:19:01.704+0000 7ff934c00700 1 -- 172.21.15.62:0/3499913527 --> [v2:172.21.15.62:3300/0,v1:172.21.15.62:6789/0] -- mon_subscribe({config=0+,monmap=0+}) v3 -- 0x7ff924009550 con 0x7ff93007be10
2024-04-20T21:19:06.963 INFO:teuthology.orchestra.run.smithi062.stdout:/usr/bin/ceph: stderr
2024-04-20T21:19:01.705+0000 7ff934c00700 1 --2- 172.21.15.62:0/3499913527 >> [v2:172.21.15.62:3300/0,v1:172.21.15.62:6789/0] conn(0x7ff93007be10 0x7ff93019b8c0 secure :-1 s=READY pgs=46 cs=0 l=1 rev1=1 crypto rx=0x7ff924006af0 tx=0x7ff924011a90 comp rx=0 tx=0).ready entity=mon.0 client_cookie=0 server_cookie=0 in_seq=0 out_seq=0
2024-04-20T21:19:06.963 INFO:teuthology.orchestra.run.smithi062.stdout:/usr/bin/ceph: stderr
2024-04-20T21:19:01.705+0000 7ff92d600700 1 -- 172.21.15.62:0/3499913527 <== mon.0 v2:172.21.15.62:3300/0 1 ==== mon_map magic: 0 v1 ==== 229+0+0 (secure 0 0 0) 0x7ff924003b90 con 0x7ff93007be10
2024-04-20T21:19:06.964 INFO:teuthology.orchestra.run.smithi062.stdout:/usr/bin/ceph: stderr
2024-04-20T21:19:01.705+0000 7ff92d600700 1 -- 172.21.15.62:0/3499913527 <== mon.0 v2:172.21.15.62:3300/0 2 ==== config(27 keys) v1 ==== 1037+0+0 (secure 0 0 0) 0x7ff92401a8a0 con 0x7ff93007be10
2024-04-20T21:19:06.964 INFO:teuthology.orchestra.run.smithi062.stdout:/usr/bin/ceph: stderr
2024-04-20T21:19:01.705+0000 7ff936000700 1 -- 172.21.15.62:0/3499913527 --> [v2:172.21.15.62:3300/0,v1:172.21.15.62:6789/0] -- mon_subscribe({mgrmap=0+}) v3 -- 0x7ff93019c000 con 0x7ff93007be10
2024-04-20T21:19:06.964 INFO:teuthology.orchestra.run.smithi062.stdout:/usr/bin/ceph: stderr
2024-04-20T21:19:01.705+0000 7ff92d600700 1 -- 172.21.15.62:0/3499913527 <== mon.0 v2:172.21.15.62:3300/0 3 ==== mon_map magic: 0 v1 ==== 229+0+0 (secure 0 0 0) 0x7ff924019880 con 0x7ff93007be10
2024-04-20T21:19:06.964 INFO:teuthology.orchestra.run.smithi062.stdout:/usr/bin/ceph: stderr
2024-04-20T21:19:01.705+0000 7ff936000700 1 -- 172.21.15.62:0/3499913527 --> [v2:172.21.15.62:3300/0,v1:172.21.15.62:6789/0] -- mon_subscribe({osdmap=0}) v3 -- 0x7ff93019c420 con 0x7ff93007be10
2024-04-20T21:19:06.964 INFO:teuthology.orchestra.run.smithi062.stdout:/usr/bin/ceph: stderr
2024-04-20T21:19:01.706+0000 7ff936000700 1 -- 172.21.15.62:0/3499913527 --> [v2:172.21.15.62:3300/0,v1:172.21.15.62:6789/0] -- mon_command({"prefix": "get_command_descriptions"} v 0) v1 -- 0x7ff930062380 con 0x7ff93007be10
2024-04-20T21:19:06.964 INFO:teuthology.orchestra.run.smithi062.stdout:/usr/bin/ceph: stderr
2024-04-20T21:19:01.706+0000 7ff92d600700 1 -- 172.21.15.62:0/3499913527 <== mon.0 v2:172.21.15.62:3300/0 4 ==== mgrmap(e 8) v1 ==== 45084+0+0 (secure 0 0 0) 0x7ff92401aa10 con 0x7ff93007be10
2024-04-20T21:19:06.965 INFO:teuthology.orchestra.run.smithi062.stdout:/usr/bin/ceph: stderr
2024-04-20T21:19:01.707+0000 7ff92d600700 1 --2- 172.21.15.62:0/3499913527 >> [v2:172.21.15.62:6800/4147738586,v1:172.21.15.62:6801/4147738586] conn(0x7ff9180383b0 0x7ff91803a860 unknown :-1 s=NONE pgs=0 cs=0 l=1 rev1=0 crypto rx=0 tx=0 comp rx=0 tx=0).connect
2024-04-20T21:19:06.965 INFO:teuthology.orchestra.run.smithi062.stdout:/usr/bin/ceph: stderr
2024-04-20T21:19:01.707+0000 7ff92d600700 1 -- 172.21.15.62:0/3499913527 <== mon.0 v2:172.21.15.62:3300/0 5 ==== osd_map(2..2 src has 1..2) v4 ==== 940+0+0 (secure 0 0 0) 0x7ff92404c790 con 0x7ff93007be10
2024-04-20T21:19:06.965 INFO:teuthology.orchestra.run.smithi062.stdout:/usr/bin/ceph: stderr
2024-04-20T21:19:01.707+0000 7ff92fe00700 1 --2- 172.21.15.62:0/3499913527 >> [v2:172.21.15.62:6800/4147738586,v1:172.21.15.62:6801/4147738586] conn(0x7ff9180383b0 0x7ff91803a860 unknown :-1 s=BANNER_CONNECTING pgs=0 cs=0 l=1 rev1=0 crypto rx=0 tx=0 comp rx=0 tx=0)._handle_peer_banner_payload supported=3 required=0
2024-04-20T21:19:06.965 INFO:teuthology.orchestra.run.smithi062.stdout:/usr/bin/ceph: stderr
2024-04-20T21:19:01.708+0000 7ff92fe00700 1 --2- 172.21.15.62:0/3499913527 >> [v2:172.21.15.62:6800/4147738586,v1:172.21.15.62:6801/4147738586] conn(0x7ff9180383b0 0x7ff91803a860 secure :-1 s=READY pgs=11 cs=0 l=1 rev1=1 crypto rx=0x7ff920006fd0 tx=0x7ff920006e40 comp rx=0 tx=0).ready entity=mgr.14120 client_cookie=0 server_cookie=0 in_seq=0 out_seq=0
2024-04-20T21:19:06.965 INFO:teuthology.orchestra.run.smithi062.stdout:/usr/bin/ceph: stderr
2024-04-20T21:19:01.713+0000 7ff92d600700 1 -- 172.21.15.62:0/3499913527 <== mon.0 v2:172.21.15.62:3300/0 6 ==== mon_command_ack([{"prefix": "get_command_descriptions"}]=0 v0) v1 ==== 72+0+177933 (secure 0 0 0) 0x7ff924018530 con 0x7ff93007be10
2024-04-20T21:19:06.966 INFO:teuthology.orchestra.run.smithi062.stdout:/usr/bin/ceph: stderr
2024-04-20T21:19:01.938+0000 7ff936000700 1 -- 172.21.15.62:0/3499913527 --> [v2:172.21.15.62:6800/4147738586,v1:172.21.15.62:6801/4147738586] -- mgr_command(tid 0: {"prefix": "orch host add", "hostname": "smithi062", "addr": "172.21.15.62", "target": ["mon-mgr", ""]}) v1 -- 0x7ff930103280 con 0x7ff9180383b0
2024-04-20T21:19:06.966 INFO:teuthology.orchestra.run.smithi062.stdout:/usr/bin/ceph: stderr
2024-04-20T21:19:06.247+0000 7ff92d600700 1 -- 172.21.15.62:0/3499913527 <== mgr.14120 v2:172.21.15.62:6800/4147738586 1 ==== mgr_command_reply(tid 0: 0 ) v1 ==== 8+0+48 (secure 0 0 0) 0x7ff930103280 con 0x7ff9180383b0
2024-04-20T21:19:06.966 INFO:teuthology.orchestra.run.smithi062.stdout:/usr/bin/ceph: stderr
2024-04-20T21:19:06.251+0000 7ff936000700 1 -- 172.21.15.62:0/3499913527 >> [v2:172.21.15.62:6800/4147738586,v1:172.21.15.62:6801/4147738586] conn(0x7ff9180383b0 msgr2=0x7ff91803a860 secure :-1 s=STATE_CONNECTION_ESTABLISHED l=1).mark_down
2024-04-20T21:19:06.966 INFO:teuthology.orchestra.run.smithi062.stdout:/usr/bin/ceph: stderr
2024-04-20T21:19:06.251+0000 7ff936000700 1 --2- 172.21.15.62:0/3499913527 >> [v2:172.21.15.62:6800/4147738586,v1:172.21.15.62:6801/4147738586] conn(0x7ff9180383b0 0x7ff91803a860 secure :-1 s=READY pgs=11 cs=0 l=1 rev1=1 crypto rx=0x7ff920006fd0 tx=0x7ff920006e40 comp rx=0 tx=0).stop
2024-04-20T21:19:06.967 INFO:teuthology.orchestra.run.smithi062.stdout:/usr/bin/ceph: stderr
2024-04-20T21:19:06.251+0000 7ff936000700 1 -- 172.21.15.62:0/3499913527 >> [v2:172.21.15.62:3300/0,v1:172.21.15.62:6789/0] conn(0x7ff93007be10 msgr2=0x7ff93019b8c0 secure :-1 s=STATE_CONNECTION_ESTABLISHED l=1).mark_down
2024-04-20T21:19:06.967 INFO:teuthology.orchestra.run.smithi062.stdout:/usr/bin/ceph: stderr
2024-04-20T21:19:06.251+0000 7ff936000700 1 --2- 172.21.15.62:0/3499913527 >> [v2:172.21.15.62:3300/0,v1:172.21.15.62:6789/0] conn(0x7ff93007be10 0x7ff93019b8c0 secure :-1 s=READY pgs=46 cs=0 l=1 rev1=1 crypto rx=0x7ff924006af0 tx=0x7ff924011a90 comp rx=0 tx=0).stop
2024-04-20T21:19:06.967 INFO:teuthology.orchestra.run.smithi062.stdout:/usr/bin/ceph: stderr
2024-04-20T21:19:06.251+0000 7ff936000700 1 -- 172.21.15.62:0/3499913527 shutdown_connections
2024-04-20T21:19:06.967 INFO:teuthology.orchestra.run.smithi062.stdout:/usr/bin/ceph: stderr
2024-04-20T21:19:06.251+0000 7ff936000700 1 --2- 172.21.15.62:0/3499913527 >> [v2:172.21.15.62:6800/4147738586,v1:172.21.15.62:6801/4147738586] conn(0x7ff9180383b0 0x7ff91803a860 unknown :-1 s=CLOSED pgs=11 cs=0 l=1 rev1=1 crypto rx=0 tx=0 comp rx=0 tx=0).stop
2024-04-20T21:19:06.967 INFO:teuthology.orchestra.run.smithi062.stdout:/usr/bin/ceph: stderr
2024-04-20T21:19:06.251+0000 7ff936000700 1 --2- 172.21.15.62:0/3499913527 >> [v2:172.21.15.62:3300/0,v1:172.21.15.62:6789/0] conn(0x7ff93007be10 0x7ff93019b8c0 unknown :-1 s=CLOSED pgs=46 cs=0 l=1 rev1=1 crypto rx=0 tx=0 comp rx=0 tx=0).stop
2024-04-20T21:19:06.967 INFO:teuthology.orchestra.run.smithi062.stdout:/usr/bin/ceph: stderr
2024-04-20T21:19:06.251+0000 7ff936000700 1 -- 172.21.15.62:0/3499913527 >> 172.21.15.62:0/3499913527 conn(0x7ff930100fa0 msgr2=0x7ff930102660 unknown :-1 s=STATE_NONE l=0).mark_down
2024-04-20T21:19:06.968 INFO:teuthology.orchestra.run.smithi062.stdout:/usr/bin/ceph: stderr
2024-04-20T21:19:06.252+0000 7ff936000700 1 -- 172.21.15.62:0/3499913527 shutdown_connections
2024-04-20T21:19:06.968 INFO:teuthology.orchestra.run.smithi062.stdout:/usr/bin/ceph: stderr
2024-04-20T21:19:06.252+0000 7ff936000700 1 -- 172.21.15.62:0/3499913527 wait complete.
2024-04-20T21:19:06.968 INFO:teuthology.orchestra.run.smithi062.stdout:Deploying mon service with default placement...
2024-04-20T21:19:07.514 INFO:journalctl@ceph.mon.smithi062.smithi062.stdout:Apr 20 21:19:07 smithi062 ceph-mon[16221]: from='mgr.14120 172.21.15.62:0/292923938' entity='mgr.smithi062.rqxuxi'
2024-04-20T21:19:07.514 INFO:journalctl@ceph.mon.smithi062.smithi062.stdout:Apr 20 21:19:07 smithi062 ceph-mon[16221]: Added host smithi062
2024-04-20T21:19:07.514 INFO:journalctl@ceph.mon.smithi062.smithi062.stdout:Apr 20 21:19:07 smithi062 ceph-mon[16221]: from='mgr.14120 172.21.15.62:0/292923938' entity='mgr.smithi062.rqxuxi' cmd=[{"prefix": "config dump", "format": "json"}]: dispatch
2024-04-20T21:19:09.221 INFO:teuthology.orchestra.run.smithi062.stdout:/usr/bin/ceph: stdout Scheduled mon update...
2024-04-20T21:19:09.221 INFO:teuthology.orchestra.run.smithi062.stdout:/usr/bin/ceph: stderr
2024-04-20T21:19:07.802+0000 7f4529000700 1 Processor -- start
2024-04-20T21:19:09.221 INFO:teuthology.orchestra.run.smithi062.stdout:/usr/bin/ceph: stderr
2024-04-20T21:19:07.803+0000 7f4529000700 1 -- start start
2024-04-20T21:19:09.221 INFO:teuthology.orchestra.run.smithi062.stdout:/usr/bin/ceph: stderr
2024-04-20T21:19:07.803+0000 7f4529000700 1 --2- >> [v2:172.21.15.62:3300/0,v1:172.21.15.62:6789/0] conn(0x7f4524107d00 0x7f4524108110 unknown :-1 s=NONE pgs=0 cs=0 l=0 rev1=0 crypto rx=0 tx=0 comp rx=0 tx=0).connect
2024-04-20T21:19:09.221 INFO:teuthology.orchestra.run.smithi062.stdout:/usr/bin/ceph: stderr
2024-04-20T21:19:07.803+0000 7f4529000700 1 -- --> [v2:172.21.15.62:3300/0,v1:172.21.15.62:6789/0] -- mon_getmap magic: 0 v1 -- 0x7f4524108650 con 0x7f4524107d00
2024-04-20T21:19:09.221 INFO:teuthology.orchestra.run.smithi062.stdout:/usr/bin/ceph: stderr
2024-04-20T21:19:07.804+0000 7f4521e00700 1 --2- >> [v2:172.21.15.62:3300/0,v1:172.21.15.62:6789/0] conn(0x7f4524107d00 0x7f4524108110 unknown :-1 s=BANNER_CONNECTING pgs=0 cs=0 l=0 rev1=0 crypto rx=0 tx=0 comp rx=0 tx=0)._handle_peer_banner_payload supported=3 required=0
2024-04-20T21:19:09.221 INFO:teuthology.orchestra.run.smithi062.stdout:/usr/bin/ceph: stderr
2024-04-20T21:19:07.804+0000 7f4521e00700 1 --2- >> [v2:172.21.15.62:3300/0,v1:172.21.15.62:6789/0] conn(0x7f4524107d00 0x7f4524108110 unknown :-1 s=HELLO_CONNECTING pgs=0 cs=0 l=0 rev1=1 crypto rx=0 tx=0 comp rx=0 tx=0).handle_hello peer v2:172.21.15.62:3300/0 says I am v2:172.21.15.62:33384/0 (socket says 172.21.15.62:33384)
2024-04-20T21:19:09.221 INFO:teuthology.orchestra.run.smithi062.stdout:/usr/bin/ceph: stderr
2024-04-20T21:19:07.804+0000 7f4521e00700 1 -- 172.21.15.62:0/3397782824 learned_addr learned my addr 172.21.15.62:0/3397782824 (peer_addr_for_me v2:172.21.15.62:0/0)
2024-04-20T21:19:09.221 INFO:teuthology.orchestra.run.smithi062.stdout:/usr/bin/ceph: stderr
2024-04-20T21:19:07.805+0000 7f4521e00700 1 -- 172.21.15.62:0/3397782824 --> [v2:172.21.15.62:3300/0,v1:172.21.15.62:6789/0] -- mon_subscribe({config=0+,monmap=0+}) v3 -- 0x7f4524108790 con 0x7f4524107d00
2024-04-20T21:19:09.221 INFO:teuthology.orchestra.run.smithi062.stdout:/usr/bin/ceph: stderr
2024-04-20T21:19:07.805+0000 7f4521e00700 1 --2- 172.21.15.62:0/3397782824 >> [v2:172.21.15.62:3300/0,v1:172.21.15.62:6789/0] conn(0x7f4524107d00 0x7f4524108110 secure :-1 s=READY pgs=47 cs=0 l=1 rev1=1 crypto rx=0x7f45140098a0 tx=0x7f4514009bb0 comp rx=0 tx=0).ready entity=mon.0 client_cookie=5a32c2120bfcb252 server_cookie=0 in_seq=0 out_seq=0
2024-04-20T21:19:09.221 INFO:teuthology.orchestra.run.smithi062.stdout:/usr/bin/ceph: stderr
2024-04-20T21:19:07.805+0000 7f4520a00700 1 -- 172.21.15.62:0/3397782824 <== mon.0 v2:172.21.15.62:3300/0 1 ==== mon_map magic: 0 v1 ==== 229+0+0 (secure 0 0 0) 0x7f4514004180 con 0x7f4524107d00
2024-04-20T21:19:09.221 INFO:teuthology.orchestra.run.smithi062.stdout:/usr/bin/ceph: stderr
2024-04-20T21:19:07.805+0000 7f4520a00700 1 -- 172.21.15.62:0/3397782824 <== mon.0 v2:172.21.15.62:3300/0 2 ==== config(27 keys) v1 ==== 1037+0+0 (secure 0 0 0) 0x7f45140042e0 con 0x7f4524107d00
2024-04-20T21:19:09.222 INFO:teuthology.orchestra.run.smithi062.stdout:/usr/bin/ceph: stderr
2024-04-20T21:19:07.805+0000 7f4520a00700 1 -- 172.21.15.62:0/3397782824 <== mon.0 v2:172.21.15.62:3300/0 3 ==== mon_map magic: 0 v1 ==== 229+0+0 (secure 0 0 0) 0x7f4514011a50 con 0x7f4524107d00
2024-04-20T21:19:09.222 INFO:teuthology.orchestra.run.smithi062.stdout:/usr/bin/ceph: stderr
2024-04-20T21:19:07.806+0000 7f4529000700 1 -- 172.21.15.62:0/3397782824 >> [v2:172.21.15.62:3300/0,v1:172.21.15.62:6789/0] conn(0x7f4524107d00 msgr2=0x7f4524108110 secure :-1 s=STATE_CONNECTION_ESTABLISHED l=1).mark_down
2024-04-20T21:19:09.222 INFO:teuthology.orchestra.run.smithi062.stdout:/usr/bin/ceph: stderr
2024-04-20T21:19:07.806+0000 7f4529000700 1 --2- 172.21.15.62:0/3397782824 >> [v2:172.21.15.62:3300/0,v1:172.21.15.62:6789/0] conn(0x7f4524107d00 0x7f4524108110 secure :-1 s=READY pgs=47 cs=0 l=1 rev1=1 crypto rx=0x7f45140098a0 tx=0x7f4514009bb0 comp rx=0 tx=0).stop
2024-04-20T21:19:09.222 INFO:teuthology.orchestra.run.smithi062.stdout:/usr/bin/ceph: stderr
2024-04-20T21:19:07.806+0000 7f4529000700 1 -- 172.21.15.62:0/3397782824 shutdown_connections
2024-04-20T21:19:09.222 INFO:teuthology.orchestra.run.smithi062.stdout:/usr/bin/ceph: stderr
2024-04-20T21:19:07.806+0000 7f4529000700 1 --2- 172.21.15.62:0/3397782824 >> [v2:172.21.15.62:3300/0,v1:172.21.15.62:6789/0] conn(0x7f4524107d00 0x7f4524108110 unknown :-1 s=CLOSED pgs=47 cs=0 l=1 rev1=1 crypto rx=0 tx=0 comp rx=0 tx=0).stop
2024-04-20T21:19:09.222 INFO:teuthology.orchestra.run.smithi062.stdout:/usr/bin/ceph: stderr
2024-04-20T21:19:07.806+0000 7f4529000700 1 -- 172.21.15.62:0/3397782824 >> 172.21.15.62:0/3397782824 conn(0x7f452407b220 msgr2=0x7f452407b640 unknown :-1 s=STATE_NONE l=0).mark_down
2024-04-20T21:19:09.222 INFO:teuthology.orchestra.run.smithi062.stdout:/usr/bin/ceph: stderr
2024-04-20T21:19:07.806+0000 7f4529000700 1 -- 172.21.15.62:0/3397782824 shutdown_connections
2024-04-20T21:19:09.222 INFO:teuthology.orchestra.run.smithi062.stdout:/usr/bin/ceph: stderr
2024-04-20T21:19:07.807+0000 7f4529000700 1 -- 172.21.15.62:0/3397782824 wait complete.
2024-04-20T21:19:09.222 INFO:teuthology.orchestra.run.smithi062.stdout:/usr/bin/ceph: stderr
2024-04-20T21:19:07.808+0000 7f4529000700 1 Processor -- start
2024-04-20T21:19:09.222 INFO:teuthology.orchestra.run.smithi062.stdout:/usr/bin/ceph: stderr
2024-04-20T21:19:07.808+0000 7f4529000700 1 -- start start
2024-04-20T21:19:09.222 INFO:teuthology.orchestra.run.smithi062.stdout:/usr/bin/ceph: stderr
2024-04-20T21:19:07.808+0000 7f4529000700 1 --2- >> [v2:172.21.15.62:3300/0,v1:172.21.15.62:6789/0] conn(0x7f4524107d00 0x7f452419ba70 unknown :-1 s=NONE pgs=0 cs=0 l=1 rev1=0 crypto rx=0 tx=0 comp rx=0 tx=0).connect
2024-04-20T21:19:09.222 INFO:teuthology.orchestra.run.smithi062.stdout:/usr/bin/ceph: stderr
