2024-04-20T21:18:54.636 INFO:teuthology.orchestra.run.smithi062.stdout:/usr/bin/ceph: stderr
2024-04-20T21:18:47.057+0000 7f9a15200700 1 -- 172.21.15.62:0/4205982559 >> [v2:172.21.15.62:6800/871423274,v1:172.21.15.62:6801/871423274] conn(0x7f99f80383f0 msgr2=0x7f99f803a8a0 unknown :-1 s=STATE_CONNECTING_RE l=1).process reconnect failed to v2:172.21.15.62:6800/871423274
2024-04-20T21:18:54.636 INFO:teuthology.orchestra.run.smithi062.stdout:/usr/bin/ceph: stderr
2024-04-20T21:18:47.057+0000 7f9a15200700 1 --2- 172.21.15.62:0/4205982559 >> [v2:172.21.15.62:6800/871423274,v1:172.21.15.62:6801/871423274] conn(0x7f99f80383f0 0x7f99f803a8a0 unknown :-1 s=START_CONNECT pgs=0 cs=0 l=1 rev1=0 crypto rx=0 tx=0 comp rx=0 tx=0)._fault waiting 0.400000
2024-04-20T21:18:54.636 INFO:teuthology.orchestra.run.smithi062.stdout:/usr/bin/ceph: stderr
2024-04-20T21:18:47.458+0000 7f9a15200700 1 -- 172.21.15.62:0/4205982559 >> [v2:172.21.15.62:6800/871423274,v1:172.21.15.62:6801/871423274] conn(0x7f99f80383f0 msgr2=0x7f99f803a8a0 unknown :-1 s=STATE_CONNECTING_RE l=1).process reconnect failed to v2:172.21.15.62:6800/871423274
2024-04-20T21:18:54.636 INFO:teuthology.orchestra.run.smithi062.stdout:/usr/bin/ceph: stderr
2024-04-20T21:18:47.458+0000 7f9a15200700 1 --2- 172.21.15.62:0/4205982559 >> [v2:172.21.15.62:6800/871423274,v1:172.21.15.62:6801/871423274] conn(0x7f99f80383f0 0x7f99f803a8a0 unknown :-1 s=START_CONNECT pgs=0 cs=0 l=1 rev1=0 crypto rx=0 tx=0 comp rx=0 tx=0)._fault waiting 0.800000
2024-04-20T21:18:54.636 INFO:teuthology.orchestra.run.smithi062.stdout:/usr/bin/ceph: stderr
2024-04-20T21:18:48.259+0000 7f9a15200700 1 -- 172.21.15.62:0/4205982559 >> [v2:172.21.15.62:6800/871423274,v1:172.21.15.62:6801/871423274] conn(0x7f99f80383f0 msgr2=0x7f99f803a8a0 unknown :-1 s=STATE_CONNECTING_RE l=1).process reconnect failed to v2:172.21.15.62:6800/871423274
2024-04-20T21:18:54.636 INFO:teuthology.orchestra.run.smithi062.stdout:/usr/bin/ceph: stderr
2024-04-20T21:18:48.259+0000 7f9a15200700 1 --2- 172.21.15.62:0/4205982559 >> [v2:172.21.15.62:6800/871423274,v1:172.21.15.62:6801/871423274] conn(0x7f99f80383f0 0x7f99f803a8a0 unknown :-1 s=START_CONNECT pgs=0 cs=0 l=1 rev1=0 crypto rx=0 tx=0 comp rx=0 tx=0)._fault waiting 1.600000
2024-04-20T21:18:54.636 INFO:teuthology.orchestra.run.smithi062.stdout:/usr/bin/ceph: stderr
2024-04-20T21:18:49.861+0000 7f9a15200700 1 -- 172.21.15.62:0/4205982559 >> [v2:172.21.15.62:6800/871423274,v1:172.21.15.62:6801/871423274] conn(0x7f99f80383f0 msgr2=0x7f99f803a8a0 unknown :-1 s=STATE_CONNECTING_RE l=1).process reconnect failed to v2:172.21.15.62:6800/871423274
2024-04-20T21:18:54.636 INFO:teuthology.orchestra.run.smithi062.stdout:/usr/bin/ceph: stderr
2024-04-20T21:18:49.861+0000 7f9a15200700 1 --2- 172.21.15.62:0/4205982559 >> [v2:172.21.15.62:6800/871423274,v1:172.21.15.62:6801/871423274] conn(0x7f99f80383f0 0x7f99f803a8a0 unknown :-1 s=START_CONNECT pgs=0 cs=0 l=1 rev1=0 crypto rx=0 tx=0 comp rx=0 tx=0)._fault waiting 3.200000
2024-04-20T21:18:54.636 INFO:teuthology.orchestra.run.smithi062.stdout:/usr/bin/ceph: stderr
2024-04-20T21:18:52.996+0000 7f9a0e000700 1 -- 172.21.15.62:0/4205982559 <== mon.0 v2:172.21.15.62:3300/0 6 ==== mgrmap(e 6) v1 ==== 44851+0+0 (secure 0 0 0) 0x7f9a0402d910 con 0x7f9a1007acc0
2024-04-20T21:18:54.636 INFO:teuthology.orchestra.run.smithi062.stdout:/usr/bin/ceph: stderr
2024-04-20T21:18:52.996+0000 7f9a0e000700 1 -- 172.21.15.62:0/4205982559 >> [v2:172.21.15.62:6800/871423274,v1:172.21.15.62:6801/871423274] conn(0x7f99f80383f0 msgr2=0x7f99f803a8a0 unknown :-1 s=STATE_CONNECTING l=1).mark_down
2024-04-20T21:18:54.636 INFO:teuthology.orchestra.run.smithi062.stdout:/usr/bin/ceph: stderr
2024-04-20T21:18:52.996+0000 7f9a0e000700 1 --2- 172.21.15.62:0/4205982559 >> [v2:172.21.15.62:6800/871423274,v1:172.21.15.62:6801/871423274] conn(0x7f99f80383f0 0x7f99f803a8a0 unknown :-1 s=START_CONNECT pgs=0 cs=0 l=1 rev1=0 crypto rx=0 tx=0 comp rx=0 tx=0).stop
2024-04-20T21:18:54.636 INFO:teuthology.orchestra.run.smithi062.stdout:/usr/bin/ceph: stderr
2024-04-20T21:18:53.999+0000 7f9a0e000700 1 -- 172.21.15.62:0/4205982559 <== mon.0 v2:172.21.15.62:3300/0 7 ==== mgrmap(e 7) v1 ==== 44978+0+0 (secure 0 0 0) 0x7f9a0404d530 con 0x7f9a1007acc0
2024-04-20T21:18:54.637 INFO:teuthology.orchestra.run.smithi062.stdout:/usr/bin/ceph: stderr
2024-04-20T21:18:53.999+0000 7f9a0e000700 1 --2- 172.21.15.62:0/4205982559 >> [v2:172.21.15.62:6800/4147738586,v1:172.21.15.62:6801/4147738586] conn(0x7f99f803bb10 0x7f99f803def0 unknown :-1 s=NONE pgs=0 cs=0 l=1 rev1=0 crypto rx=0 tx=0 comp rx=0 tx=0).connect
2024-04-20T21:18:54.637 INFO:teuthology.orchestra.run.smithi062.stdout:/usr/bin/ceph: stderr
2024-04-20T21:18:53.999+0000 7f9a0e000700 1 -- 172.21.15.62:0/4205982559 --> [v2:172.21.15.62:6800/4147738586,v1:172.21.15.62:6801/4147738586] -- command(tid 0: {"prefix": "get_command_descriptions"}) v1 -- 0x7f9a10062380 con 0x7f99f803bb10
2024-04-20T21:18:54.637 INFO:teuthology.orchestra.run.smithi062.stdout:/usr/bin/ceph: stderr
2024-04-20T21:18:54.000+0000 7f9a15200700 1 --2- 172.21.15.62:0/4205982559 >> [v2:172.21.15.62:6800/4147738586,v1:172.21.15.62:6801/4147738586] conn(0x7f99f803bb10 0x7f99f803def0 unknown :-1 s=BANNER_CONNECTING pgs=0 cs=0 l=1 rev1=0 crypto rx=0 tx=0 comp rx=0 tx=0)._handle_peer_banner_payload supported=3 required=0
2024-04-20T21:18:54.637 INFO:teuthology.orchestra.run.smithi062.stdout:/usr/bin/ceph: stderr
2024-04-20T21:18:54.002+0000 7f9a15200700 1 --2- 172.21.15.62:0/4205982559 >> [v2:172.21.15.62:6800/4147738586,v1:172.21.15.62:6801/4147738586] conn(0x7f99f803bb10 0x7f99f803def0 secure :-1 s=READY pgs=1 cs=0 l=1 rev1=1 crypto rx=0x7f99fc003a10 tx=0x7f99fc009290 comp rx=0 tx=0).ready entity=mgr.14120 client_cookie=0 server_cookie=0 in_seq=0 out_seq=0
2024-04-20T21:18:54.637 INFO:teuthology.orchestra.run.smithi062.stdout:/usr/bin/ceph: stderr
2024-04-20T21:18:54.002+0000 7f9a0e000700 1 -- 172.21.15.62:0/4205982559 <== mgr.14120 v2:172.21.15.62:6800/4147738586 1 ==== command_reply(tid 0: 0 ) v1 ==== 8+0+6910 (secure 0 0 0) 0x7f9a10062380 con 0x7f99f803bb10
2024-04-20T21:18:54.637 INFO:teuthology.orchestra.run.smithi062.stdout:/usr/bin/ceph: stderr
2024-04-20T21:18:54.010+0000 7f9a18600700 1 -- 172.21.15.62:0/4205982559 --> [v2:172.21.15.62:6800/4147738586,v1:172.21.15.62:6801/4147738586] -- command(tid 1: {"prefix": "mgr_status"}) v1 -- 0x7f9a1019cd50 con 0x7f99f803bb10
2024-04-20T21:18:54.637 INFO:teuthology.orchestra.run.smithi062.stdout:/usr/bin/ceph: stderr
2024-04-20T21:18:54.011+0000 7f9a0e000700 1 -- 172.21.15.62:0/4205982559 <== mgr.14120 v2:172.21.15.62:6800/4147738586 2 ==== command_reply(tid 1: 0 ) v1 ==== 8+0+51 (secure 0 0 0) 0x7f9a1019cd50 con 0x7f99f803bb10
2024-04-20T21:18:54.637 INFO:teuthology.orchestra.run.smithi062.stdout:/usr/bin/ceph: stderr
2024-04-20T21:18:54.011+0000 7f9a18600700 1 -- 172.21.15.62:0/4205982559 >> [v2:172.21.15.62:6800/4147738586,v1:172.21.15.62:6801/4147738586] conn(0x7f99f803bb10 msgr2=0x7f99f803def0 secure :-1 s=STATE_CONNECTION_ESTABLISHED l=1).mark_down
2024-04-20T21:18:54.637 INFO:teuthology.orchestra.run.smithi062.stdout:/usr/bin/ceph: stderr
2024-04-20T21:18:54.011+0000 7f9a18600700 1 --2- 172.21.15.62:0/4205982559 >> [v2:172.21.15.62:6800/4147738586,v1:172.21.15.62:6801/4147738586] conn(0x7f99f803bb10 0x7f99f803def0 secure :-1 s=READY pgs=1 cs=0 l=1 rev1=1 crypto rx=0x7f99fc003a10 tx=0x7f99fc009290 comp rx=0 tx=0).stop
2024-04-20T21:18:54.637 INFO:teuthology.orchestra.run.smithi062.stdout:/usr/bin/ceph: stderr
2024-04-20T21:18:54.011+0000 7f9a18600700 1 -- 172.21.15.62:0/4205982559 >> [v2:172.21.15.62:3300/0,v1:172.21.15.62:6789/0] conn(0x7f9a1007acc0 msgr2=0x7f9a1019ba10 secure :-1 s=STATE_CONNECTION_ESTABLISHED l=1).mark_down
2024-04-20T21:18:54.637 INFO:teuthology.orchestra.run.smithi062.stdout:/usr/bin/ceph: stderr
2024-04-20T21:18:54.011+0000 7f9a18600700 1 --2- 172.21.15.62:0/4205982559 >> [v2:172.21.15.62:3300/0,v1:172.21.15.62:6789/0] conn(0x7f9a1007acc0 0x7f9a1019ba10 secure :-1 s=READY pgs=29 cs=0 l=1 rev1=1 crypto rx=0x7f9a04000c00 tx=0x7f9a040047c0 comp rx=0 tx=0).stop
2024-04-20T21:18:54.637 INFO:teuthology.orchestra.run.smithi062.stdout:/usr/bin/ceph: stderr
2024-04-20T21:18:54.012+0000 7f9a18600700 1 -- 172.21.15.62:0/4205982559 shutdown_connections
2024-04-20T21:18:54.637 INFO:teuthology.orchestra.run.smithi062.stdout:/usr/bin/ceph: stderr
2024-04-20T21:18:54.012+0000 7f9a18600700 1 --2- 172.21.15.62:0/4205982559 >> [v2:172.21.15.62:6800/4147738586,v1:172.21.15.62:6801/4147738586] conn(0x7f99f803bb10 0x7f99f803def0 unknown :-1 s=CLOSED pgs=1 cs=0 l=1 rev1=1 crypto rx=0 tx=0 comp rx=0 tx=0).stop
2024-04-20T21:18:54.637 INFO:teuthology.orchestra.run.smithi062.stdout:/usr/bin/ceph: stderr
2024-04-20T21:18:54.012+0000 7f9a18600700 1 --2- 172.21.15.62:0/4205982559 >> [v2:172.21.15.62:3300/0,v1:172.21.15.62:6789/0] conn(0x7f9a1007acc0 0x7f9a1019ba10 unknown :-1 s=CLOSED pgs=29 cs=0 l=1 rev1=1 crypto rx=0 tx=0 comp rx=0 tx=0).stop
2024-04-20T21:18:54.638 INFO:teuthology.orchestra.run.smithi062.stdout:/usr/bin/ceph: stderr
2024-04-20T21:18:54.012+0000 7f9a18600700 1 --2- 172.21.15.62:0/4205982559 >> [v2:172.21.15.62:6800/871423274,v1:172.21.15.62:6801/871423274] conn(0x7f99f80383f0 0x7f99f803a8a0 unknown :-1 s=CLOSED pgs=0 cs=0 l=1 rev1=0 crypto rx=0 tx=0 comp rx=0 tx=0).stop
2024-04-20T21:18:54.638 INFO:teuthology.orchestra.run.smithi062.stdout:/usr/bin/ceph: stderr
2024-04-20T21:18:54.012+0000 7f9a18600700 1 -- 172.21.15.62:0/4205982559 >> 172.21.15.62:0/4205982559 conn(0x7f9a10101110 msgr2=0x7f9a10101ef0 unknown :-1 s=STATE_NONE l=0).mark_down
2024-04-20T21:18:54.638 INFO:teuthology.orchestra.run.smithi062.stdout:/usr/bin/ceph: stderr
2024-04-20T21:18:54.012+0000 7f9a18600700 1 -- 172.21.15.62:0/4205982559 shutdown_connections
2024-04-20T21:18:54.638 INFO:teuthology.orchestra.run.smithi062.stdout:/usr/bin/ceph: stderr
2024-04-20T21:18:54.012+0000 7f9a18600700 1 -- 172.21.15.62:0/4205982559 wait complete.
2024-04-20T21:18:54.638 INFO:teuthology.orchestra.run.smithi062.stdout:mgr epoch 5 is available
2024-04-20T21:18:54.638 INFO:teuthology.orchestra.run.smithi062.stdout:Setting orchestrator backend to cephadm...
2024-04-20T21:18:55.205 INFO:journalctl@ceph.mon.smithi062.smithi062.stdout:Apr 20 21:18:55 smithi062 ceph-mon[16221]: [20/Apr/2024:21:18:53] ENGINE Bus STARTING
2024-04-20T21:18:55.205 INFO:journalctl@ceph.mon.smithi062.smithi062.stdout:Apr 20 21:18:55 smithi062 ceph-mon[16221]: from='client.14124 -' entity='client.admin' cmd=[{"prefix": "get_command_descriptions"}]: dispatch
2024-04-20T21:18:55.205 INFO:journalctl@ceph.mon.smithi062.smithi062.stdout:Apr 20 21:18:55 smithi062 ceph-mon[16221]: from='client.14124 -' entity='client.admin' cmd=[{"prefix": "mgr_status"}]: dispatch
2024-04-20T21:18:55.206 INFO:journalctl@ceph.mon.smithi062.smithi062.stdout:Apr 20 21:18:55 smithi062 ceph-mon[16221]: [20/Apr/2024:21:18:54] ENGINE Serving on http://172.21.15.62:8765
2024-04-20T21:18:55.206 INFO:journalctl@ceph.mon.smithi062.smithi062.stdout:Apr 20 21:18:55 smithi062 ceph-mon[16221]: from='mgr.14120 172.21.15.62:0/292923938' entity='mgr.smithi062.rqxuxi' cmd=[{"prefix": "config dump", "format": "json"}]: dispatch
2024-04-20T21:18:56.153 INFO:journalctl@ceph.mon.smithi062.smithi062.stdout:Apr 20 21:18:56 smithi062 ceph-mon[16221]: [20/Apr/2024:21:18:54] ENGINE Serving on https://172.21.15.62:7150
2024-04-20T21:18:56.154 INFO:journalctl@ceph.mon.smithi062.smithi062.stdout:Apr 20 21:18:56 smithi062 ceph-mon[16221]: [20/Apr/2024:21:18:54] ENGINE Bus STARTED
2024-04-20T21:18:56.154 INFO:journalctl@ceph.mon.smithi062.smithi062.stdout:Apr 20 21:18:56 smithi062 ceph-mon[16221]: mgrmap e8: smithi062.rqxuxi(active, since 2s)
2024-04-20T21:18:56.154 INFO:journalctl@ceph.mon.smithi062.smithi062.stdout:Apr 20 21:18:56 smithi062 ceph-mon[16221]: from='mgr.14120 172.21.15.62:0/292923938' entity='mgr.smithi062.rqxuxi'
2024-04-20T21:18:56.154 INFO:journalctl@ceph.mon.smithi062.smithi062.stdout:Apr 20 21:18:56 smithi062 ceph-mon[16221]: from='mgr.14120 172.21.15.62:0/292923938' entity='mgr.smithi062.rqxuxi' cmd=[{"prefix": "config dump", "format": "json"}]: dispatch
2024-04-20T21:18:56.166 INFO:teuthology.orchestra.run.smithi062.stdout:/usr/bin/ceph: stderr
2024-04-20T21:18:55.205+0000 7f8d34800700 1 Processor -- start
2024-04-20T21:18:56.167 INFO:teuthology.orchestra.run.smithi062.stdout:/usr/bin/ceph: stderr
2024-04-20T21:18:55.205+0000 7f8d34800700 1 -- start start
2024-04-20T21:18:56.167 INFO:teuthology.orchestra.run.smithi062.stdout:/usr/bin/ceph: stderr
2024-04-20T21:18:55.206+0000 7f8d34800700 1 --2- >> [v2:172.21.15.62:3300/0,v1:172.21.15.62:6789/0] conn(0x7f8d2c106610 0x7f8d2c1089f0 unknown :-1 s=NONE pgs=0 cs=0 l=0 rev1=0 crypto rx=0 tx=0 comp rx=0 tx=0).connect
2024-04-20T21:18:56.167 INFO:teuthology.orchestra.run.smithi062.stdout:/usr/bin/ceph: stderr
2024-04-20T21:18:55.206+0000 7f8d34800700 1 -- --> [v2:172.21.15.62:3300/0,v1:172.21.15.62:6789/0] -- mon_getmap magic: 0 v1 -- 0x7f8d2c074510 con 0x7f8d2c106610
2024-04-20T21:18:56.167 INFO:teuthology.orchestra.run.smithi062.stdout:/usr/bin/ceph: stderr
2024-04-20T21:18:55.207+0000 7f8d31e00700 1 --2- >> [v2:172.21.15.62:3300/0,v1:172.21.15.62:6789/0] conn(0x7f8d2c106610 0x7f8d2c1089f0 unknown :-1 s=BANNER_CONNECTING pgs=0 cs=0 l=0 rev1=0 crypto rx=0 tx=0 comp rx=0 tx=0)._handle_peer_banner_payload supported=3 required=0
2024-04-20T21:18:56.169 INFO:teuthology.orchestra.run.smithi062.stdout:/usr/bin/ceph: stderr
2024-04-20T21:18:55.207+0000 7f8d31e00700 1 --2- >> [v2:172.21.15.62:3300/0,v1:172.21.15.62:6789/0] conn(0x7f8d2c106610 0x7f8d2c1089f0 unknown :-1 s=HELLO_CONNECTING pgs=0 cs=0 l=0 rev1=1 crypto rx=0 tx=0 comp rx=0 tx=0).handle_hello peer v2:172.21.15.62:3300/0 says I am v2:172.21.15.62:34998/0 (socket says 172.21.15.62:34998)
2024-04-20T21:18:56.169 INFO:teuthology.orchestra.run.smithi062.stdout:/usr/bin/ceph: stderr
2024-04-20T21:18:55.207+0000 7f8d31e00700 1 -- 172.21.15.62:0/736997132 learned_addr learned my addr 172.21.15.62:0/736997132 (peer_addr_for_me v2:172.21.15.62:0/0)
2024-04-20T21:18:56.169 INFO:teuthology.orchestra.run.smithi062.stdout:/usr/bin/ceph: stderr
2024-04-20T21:18:55.207+0000 7f8d31e00700 1 -- 172.21.15.62:0/736997132 --> [v2:172.21.15.62:3300/0,v1:172.21.15.62:6789/0] -- mon_subscribe({config=0+,monmap=0+}) v3 -- 0x7f8d2c074650 con 0x7f8d2c106610
2024-04-20T21:18:56.169 INFO:teuthology.orchestra.run.smithi062.stdout:/usr/bin/ceph: stderr
2024-04-20T21:18:55.208+0000 7f8d31e00700 1 --2- 172.21.15.62:0/736997132 >> [v2:172.21.15.62:3300/0,v1:172.21.15.62:6789/0] conn(0x7f8d2c106610 0x7f8d2c1089f0 secure :-1 s=READY pgs=37 cs=0 l=1 rev1=1 crypto rx=0x7f8d200098a0 tx=0x7f8d20009bb0 comp rx=0 tx=0).ready entity=mon.0 client_cookie=447b4f616544e1e1 server_cookie=0 in_seq=0 out_seq=0
2024-04-20T21:18:56.169 INFO:teuthology.orchestra.run.smithi062.stdout:/usr/bin/ceph: stderr
2024-04-20T21:18:55.208+0000 7f8d30a00700 1 -- 172.21.15.62:0/736997132 <== mon.0 v2:172.21.15.62:3300/0 1 ==== mon_map magic: 0 v1 ==== 229+0+0 (secure 0 0 0) 0x7f8d20004180 con 0x7f8d2c106610
2024-04-20T21:18:56.169 INFO:teuthology.orchestra.run.smithi062.stdout:/usr/bin/ceph: stderr
2024-04-20T21:18:55.208+0000 7f8d30a00700 1 -- 172.21.15.62:0/736997132 <== mon.0 v2:172.21.15.62:3300/0 2 ==== config(27 keys) v1 ==== 1037+0+0 (secure 0 0 0) 0x7f8d200042e0 con 0x7f8d2c106610
2024-04-20T21:18:56.169 INFO:teuthology.orchestra.run.smithi062.stdout:/usr/bin/ceph: stderr
2024-04-20T21:18:55.208+0000 7f8d30a00700 1 -- 172.21.15.62:0/736997132 <== mon.0 v2:172.21.15.62:3300/0 3 ==== mon_map magic: 0 v1 ==== 229+0+0 (secure 0 0 0) 0x7f8d20011a50 con 0x7f8d2c106610
2024-04-20T21:18:56.169 INFO:teuthology.orchestra.run.smithi062.stdout:/usr/bin/ceph: stderr
2024-04-20T21:18:55.209+0000 7f8d34800700 1 -- 172.21.15.62:0/736997132 >> [v2:172.21.15.62:3300/0,v1:172.21.15.62:6789/0] conn(0x7f8d2c106610 msgr2=0x7f8d2c1089f0 secure :-1 s=STATE_CONNECTION_ESTABLISHED l=1).mark_down
2024-04-20T21:18:56.169 INFO:teuthology.orchestra.run.smithi062.stdout:/usr/bin/ceph: stderr
2024-04-20T21:18:55.209+0000 7f8d34800700 1 --2- 172.21.15.62:0/736997132 >> [v2:172.21.15.62:3300/0,v1:172.21.15.62:6789/0] conn(0x7f8d2c106610 0x7f8d2c1089f0 secure :-1 s=READY pgs=37 cs=0 l=1 rev1=1 crypto rx=0x7f8d200098a0 tx=0x7f8d20009bb0 comp rx=0 tx=0).stop
2024-04-20T21:18:56.169 INFO:teuthology.orchestra.run.smithi062.stdout:/usr/bin/ceph: stderr
2024-04-20T21:18:55.209+0000 7f8d34800700 1 -- 172.21.15.62:0/736997132 shutdown_connections
2024-04-20T21:18:56.169 INFO:teuthology.orchestra.run.smithi062.stdout:/usr/bin/ceph: stderr
2024-04-20T21:18:55.209+0000 7f8d34800700 1 --2- 172.21.15.62:0/736997132 >> [v2:172.21.15.62:3300/0,v1:172.21.15.62:6789/0] conn(0x7f8d2c106610 0x7f8d2c1089f0 unknown :-1 s=CLOSED pgs=37 cs=0 l=1 rev1=1 crypto rx=0 tx=0 comp rx=0 tx=0).stop
2024-04-20T21:18:56.169 INFO:teuthology.orchestra.run.smithi062.stdout:/usr/bin/ceph: stderr
2024-04-20T21:18:55.209+0000 7f8d34800700 1 -- 172.21.15.62:0/736997132 >> 172.21.15.62:0/736997132 conn(0x7f8d2c100070 msgr2=0x7f8d2c102480 unknown :-1 s=STATE_NONE l=0).mark_down
2024-04-20T21:18:56.169 INFO:teuthology.orchestra.run.smithi062.stdout:/usr/bin/ceph: stderr
2024-04-20T21:18:55.209+0000 7f8d34800700 1 -- 172.21.15.62:0/736997132 shutdown_connections
2024-04-20T21:18:56.171 INFO:teuthology.orchestra.run.smithi062.stdout:/usr/bin/ceph: stderr
2024-04-20T21:18:55.209+0000 7f8d34800700 1 -- 172.21.15.62:0/736997132 wait complete.
2024-04-20T21:18:56.171 INFO:teuthology.orchestra.run.smithi062.stdout:/usr/bin/ceph: stderr
2024-04-20T21:18:55.210+0000 7f8d34800700 1 Processor -- start
2024-04-20T21:18:56.171 INFO:teuthology.orchestra.run.smithi062.stdout:/usr/bin/ceph: stderr
2024-04-20T21:18:55.210+0000 7f8d34800700 1 -- start start
2024-04-20T21:18:56.171 INFO:teuthology.orchestra.run.smithi062.stdout:/usr/bin/ceph: stderr
2024-04-20T21:18:55.211+0000 7f8d34800700 1 --2- >> [v2:172.21.15.62:3300/0,v1:172.21.15.62:6789/0] conn(0x7f8d2c106610 0x7f8d2c19ba30 unknown :-1 s=NONE pgs=0 cs=0 l=1 rev1=0 crypto rx=0 tx=0 comp rx=0 tx=0).connect
2024-04-20T21:18:56.171 INFO:teuthology.orchestra.run.smithi062.stdout:/usr/bin/ceph: stderr
2024-04-20T21:18:55.211+0000 7f8d34800700 1 -- --> [v2:172.21.15.62:3300/0,v1:172.21.15.62:6789/0] -- mon_getmap magic: 0 v1 -- 0x7f8d2c19bf70 con 0x7f8d2c106610
2024-04-20T21:18:56.171 INFO:teuthology.orchestra.run.smithi062.stdout:/usr/bin/ceph: stderr
2024-04-20T21:18:55.211+0000 7f8d31e00700 1 --2- >> [v2:172.21.15.62:3300/0,v1:172.21.15.62:6789/0] conn(0x7f8d2c106610 0x7f8d2c19ba30 unknown :-1 s=BANNER_CONNECTING pgs=0 cs=0 l=1 rev1=0 crypto rx=0 tx=0 comp rx=0 tx=0)._handle_peer_banner_payload supported=3 required=0
2024-04-20T21:18:56.172 INFO:teuthology.orchestra.run.smithi062.stdout:/usr/bin/ceph: stderr
2024-04-20T21:18:55.211+0000 7f8d31e00700 1 --2- >> [v2:172.21.15.62:3300/0,v1:172.21.15.62:6789/0] conn(0x7f8d2c106610 0x7f8d2c19ba30 unknown :-1 s=HELLO_CONNECTING pgs=0 cs=0 l=1 rev1=1 crypto rx=0 tx=0 comp rx=0 tx=0).handle_hello peer v2:172.21.15.62:3300/0 says I am v2:172.21.15.62:35008/0 (socket says 172.21.15.62:35008)
2024-04-20T21:18:56.172 INFO:teuthology.orchestra.run.smithi062.stdout:/usr/bin/ceph: stderr
2024-04-20T21:18:55.211+0000 7f8d31e00700 1 -- 172.21.15.62:0/2249694423 learned_addr learned my addr 172.21.15.62:0/2249694423 (peer_addr_for_me v2:172.21.15.62:0/0)
2024-04-20T21:18:56.172 INFO:teuthology.orchestra.run.smithi062.stdout:/usr/bin/ceph: stderr
2024-04-20T21:18:55.211+0000 7f8d31e00700 1 -- 172.21.15.62:0/2249694423 --> [v2:172.21.15.62:3300/0,v1:172.21.15.62:6789/0] -- mon_subscribe({config=0+,monmap=0+}) v3 -- 0x7f8d20009550 con 0x7f8d2c106610
2024-04-20T21:18:56.172 INFO:teuthology.orchestra.run.smithi062.stdout:/usr/bin/ceph: stderr
2024-04-20T21:18:55.212+0000 7f8d31e00700 1 --2- 172.21.15.62:0/2249694423 >> [v2:172.21.15.62:3300/0,v1:172.21.15.62:6789/0] conn(0x7f8d2c106610 0x7f8d2c19ba30 secure :-1 s=READY pgs=38 cs=0 l=1 rev1=1 crypto rx=0x7f8d20000c00 tx=0x7f8d20011ab0 comp rx=0 tx=0).ready entity=mon.0 client_cookie=0 server_cookie=0 in_seq=0 out_seq=0
2024-04-20T21:18:56.172 INFO:teuthology.orchestra.run.smithi062.stdout:/usr/bin/ceph: stderr
2024-04-20T21:18:55.212+0000 7f8d26a00700 1 -- 172.21.15.62:0/2249694423 <== mon.0 v2:172.21.15.62:3300/0 1 ==== mon_map magic: 0 v1 ==== 229+0+0 (secure 0 0 0) 0x7f8d20003b90 con 0x7f8d2c106610
2024-04-20T21:18:56.172 INFO:teuthology.orchestra.run.smithi062.stdout:/usr/bin/ceph: stderr
2024-04-20T21:18:55.212+0000 7f8d26a00700 1 -- 172.21.15.62:0/2249694423 <== mon.0 v2:172.21.15.62:3300/0 2 ==== config(27 keys) v1 ==== 1037+0+0 (secure 0 0 0) 0x7f8d200248b0 con 0x7f8d2c106610
2024-04-20T21:18:56.172 INFO:teuthology.orchestra.run.smithi062.stdout:/usr/bin/ceph: stderr
2024-04-20T21:18:55.212+0000 7f8d34800700 1 -- 172.21.15.62:0/2249694423 --> [v2:172.21.15.62:3300/0,v1:172.21.15.62:6789/0] -- mon_subscribe({mgrmap=0+}) v3 -- 0x7f8d2c19c170 con 0x7f8d2c106610
2024-04-20T21:18:56.172 INFO:teuthology.orchestra.run.smithi062.stdout:/usr/bin/ceph: stderr
2024-04-20T21:18:55.212+0000 7f8d26a00700 1 -- 172.21.15.62:0/2249694423 <== mon.0 v2:172.21.15.62:3300/0 3 ==== mon_map magic: 0 v1 ==== 229+0+0 (secure 0 0 0) 0x7f8d2001a8e0 con 0x7f8d2c106610
2024-04-20T21:18:56.172 INFO:teuthology.orchestra.run.smithi062.stdout:/usr/bin/ceph: stderr
2024-04-20T21:18:55.212+0000 7f8d34800700 1 -- 172.21.15.62:0/2249694423 --> [v2:172.21.15.62:3300/0,v1:172.21.15.62:6789/0] -- mon_subscribe({osdmap=0}) v3 -- 0x7f8d2c19c590 con 0x7f8d2c106610
2024-04-20T21:18:56.172 INFO:teuthology.orchestra.run.smithi062.stdout:/usr/bin/ceph: stderr
2024-04-20T21:18:55.213+0000 7f8d26a00700 1 -- 172.21.15.62:0/2249694423 <== mon.0 v2:172.21.15.62:3300/0 4 ==== mgrmap(e 8) v1 ==== 45084+0+0 (secure 0 0 0) 0x7f8d20024a20 con 0x7f8d2c106610
2024-04-20T21:18:56.174 INFO:teuthology.orchestra.run.smithi062.stdout:/usr/bin/ceph: stderr
2024-04-20T21:18:55.213+0000 7f8d34800700 1 -- 172.21.15.62:0/2249694423 --> [v2:172.21.15.62:3300/0,v1:172.21.15.62:6789/0] -- mon_command({"prefix": "get_command_descriptions"} v 0) v1 -- 0x7f8d2c062380 con 0x7f8d2c106610
2024-04-20T21:18:56.174 INFO:teuthology.orchestra.run.smithi062.stdout:/usr/bin/ceph: stderr
2024-04-20T21:18:55.214+0000 7f8d26a00700 1 --2- 172.21.15.62:0/2249694423 >> [v2:172.21.15.62:6800/4147738586,v1:172.21.15.62:6801/4147738586] conn(0x7f8d14038440 0x7f8d1403a8f0 unknown :-1 s=NONE pgs=0 cs=0 l=1 rev1=0 crypto rx=0 tx=0 comp rx=0 tx=0).connect
2024-04-20T21:18:56.174 INFO:teuthology.orchestra.run.smithi062.stdout:/usr/bin/ceph: stderr
2024-04-20T21:18:55.214+0000 7f8d26a00700 1 -- 172.21.15.62:0/2249694423 <== mon.0 v2:172.21.15.62:3300/0 5 ==== osd_map(2..2 src has 1..2) v4 ==== 940+0+0 (secure 0 0 0) 0x7f8d2004c3a0 con 0x7f8d2c106610
2024-04-20T21:18:56.174 INFO:teuthology.orchestra.run.smithi062.stdout:/usr/bin/ceph: stderr
2024-04-20T21:18:55.214+0000 7f8d31400700 1 --2- 172.21.15.62:0/2249694423 >> [v2:172.21.15.62:6800/4147738586,v1:172.21.15.62:6801/4147738586] conn(0x7f8d14038440 0x7f8d1403a8f0 unknown :-1 s=BANNER_CONNECTING pgs=0 cs=0 l=1 rev1=0 crypto rx=0 tx=0 comp rx=0 tx=0)._handle_peer_banner_payload supported=3 required=0
2024-04-20T21:18:56.174 INFO:teuthology.orchestra.run.smithi062.stdout:/usr/bin/ceph: stderr
2024-04-20T21:18:55.215+0000 7f8d31400700 1 --2- 172.21.15.62:0/2249694423 >> [v2:172.21.15.62:6800/4147738586,v1:172.21.15.62:6801/4147738586] conn(0x7f8d14038440 0x7f8d1403a8f0 secure :-1 s=READY pgs=7 cs=0 l=1 rev1=1 crypto rx=0x7f8d1c006fd0 tx=0x7f8d1c006e40 comp rx=0 tx=0).ready entity=mgr.14120 client_cookie=0 server_cookie=0 in_seq=0 out_seq=0
2024-04-20T21:18:56.174 INFO:teuthology.orchestra.run.smithi062.stdout:/usr/bin/ceph: stderr
2024-04-20T21:18:55.219+0000 7f8d26a00700 1 -- 172.21.15.62:0/2249694423 <== mon.0 v2:172.21.15.62:3300/0 6 ==== mon_command_ack([{"prefix": "get_command_descriptions"}]=0 v0) v1 ==== 72+0+177933 (secure 0 0 0) 0x7f8d200189a0 con 0x7f8d2c106610
2024-04-20T21:18:56.174 INFO:teuthology.orchestra.run.smithi062.stdout:/usr/bin/ceph: stderr
2024-04-20T21:18:55.444+0000 7f8d34800700 1 -- 172.21.15.62:0/2249694423 --> [v2:172.21.15.62:6800/4147738586,v1:172.21.15.62:6801/4147738586] -- mgr_command(tid 0: {"prefix": "orch set backend", "module_name": "cephadm", "target": ["mon-mgr", ""]}) v1 -- 0x7f8d2c102330 con 0x7f8d14038440
2024-04-20T21:18:56.175 INFO:teuthology.orchestra.run.smithi062.stdout:/usr/bin/ceph: stderr
2024-04-20T21:18:55.461+0000 7f8d26a00700 1 -- 172.21.15.62:0/2249694423 <== mgr.14120 v2:172.21.15.62:6800/4147738586 1 ==== mgr_command_reply(tid 0: 0 ) v1 ==== 8+0+0 (secure 0 0 0) 0x7f8d2c102330 con 0x7f8d14038440
2024-04-20T21:18:56.175 INFO:teuthology.orchestra.run.smithi062.stdout:/usr/bin/ceph: stderr
2024-04-20T21:18:55.465+0000 7f8d34800700 1 -- 172.21.15.62:0/2249694423 >> [v2:172.21.15.62:6800/4147738586,v1:172.21.15.62:6801/4147738586] conn(0x7f8d14038440 msgr2=0x7f8d1403a8f0 secure :-1 s=STATE_CONNECTION_ESTABLISHED l=1).mark_down
2024-04-20T21:18:56.175 INFO:teuthology.orchestra.run.smithi062.stdout:/usr/bin/ceph: stderr
2024-04-20T21:18:55.465+0000 7f8d34800700 1 --2- 172.21.15.62:0/2249694423 >> [v2:172.21.15.62:6800/4147738586,v1:172.21.15.62:6801/4147738586] conn(0x7f8d14038440 0x7f8d1403a8f0 secure :-1 s=READY pgs=7 cs=0 l=1 rev1=1 crypto rx=0x7f8d1c006fd0 tx=0x7f8d1c006e40 comp rx=0 tx=0).stop
2024-04-20T21:18:56.175 INFO:teuthology.orchestra.run.smithi062.stdout:/usr/bin/ceph: stderr
2024-04-20T21:18:55.465+0000 7f8d34800700 1 -- 172.21.15.62:0/2249694423 >> [v2:172.21.15.62:3300/0,v1:172.21.15.62:6789/0] conn(0x7f8d2c106610 msgr2=0x7f8d2c19ba30 secure :-1 s=STATE_CONNECTION_ESTABLISHED l=1).mark_down
2024-04-20T21:18:56.175 INFO:teuthology.orchestra.run.smithi062.stdout:/usr/bin/ceph: stderr
2024-04-20T21:18:55.465+0000 7f8d34800700 1 --2- 172.21.15.62:0/2249694423 >> [v2:172.21.15.62:3300/0,v1:172.21.15.62:6789/0] conn(0x7f8d2c106610 0x7f8d2c19ba30 secure :-1 s=READY pgs=38 cs=0 l=1 rev1=1 crypto rx=0x7f8d20000c00 tx=0x7f8d20011ab0 comp rx=0 tx=0).stop
2024-04-20T21:18:56.175 INFO:teuthology.orchestra.run.smithi062.stdout:/usr/bin/ceph: stderr
2024-04-20T21:18:55.465+0000 7f8d34800700 1 -- 172.21.15.62:0/2249694423 shutdown_connections
2024-04-20T21:18:56.175 INFO:teuthology.orchestra.run.smithi062.stdout:/usr/bin/ceph: stderr
2024-04-20T21:18:55.465+0000 7f8d34800700 1 --2- 172.21.15.62:0/2249694423 >> [v2:172.21.15.62:6800/4147738586,v1:172.21.15.62:6801/4147738586] conn(0x7f8d14038440 0x7f8d1403a8f0 unknown :-1 s=CLOSED pgs=7 cs=0 l=1 rev1=1 crypto rx=0 tx=0 comp rx=0 tx=0).stop
2024-04-20T21:18:56.175 INFO:teuthology.orchestra.run.smithi062.stdout:/usr/bin/ceph: stderr
2024-04-20T21:18:55.465+0000 7f8d34800700 1 --2- 172.21.15.62:0/2249694423 >> [v2:172.21.15.62:3300/0,v1:172.21.15.62:6789/0] conn(0x7f8d2c106610 0x7f8d2c19ba30 unknown :-1 s=CLOSED pgs=38 cs=0 l=1 rev1=1 crypto rx=0 tx=0 comp rx=0 tx=0).stop
2024-04-20T21:18:56.175 INFO:teuthology.orchestra.run.smithi062.stdout:/usr/bin/ceph: stderr
2024-04-20T21:18:55.465+0000 7f8d34800700 1 -- 172.21.15.62:0/2249694423 >> 172.21.15.62:0/2249694423 conn(0x7f8d2c100070 msgr2=0x7f8d2c101710 unknown :-1 s=STATE_NONE l=0).mark_down
2024-04-20T21:18:56.175 INFO:teuthology.orchestra.run.smithi062.stdout:/usr/bin/ceph: stderr
2024-04-20T21:18:55.466+0000 7f8d34800700 1 -- 172.21.15.62:0/2249694423 shutdown_connections
2024-04-20T21:18:56.175 INFO:teuthology.orchestra.run.smithi062.stdout:/usr/bin/ceph: stderr
2024-04-20T21:18:55.466+0000 7f8d34800700 1 -- 172.21.15.62:0/2249694423 wait complete.
2024-04-20T21:18:57.382 INFO:journalctl@ceph.mon.smithi062.smithi062.stdout:Apr 20 21:18:57 smithi062 ceph-mon[16221]: from='client.14132 -' entity='client.admin' cmd=[{"prefix": "orch set backend", "module_name": "cephadm", "target": ["mon-mgr", ""]}]: dispatch
2024-04-20T21:18:57.642 INFO:teuthology.orchestra.run.smithi062.stdout:/usr/bin/ceph: stdout value unchanged
2024-04-20T21:18:57.643 INFO:teuthology.orchestra.run.smithi062.stdout:/usr/bin/ceph: stderr
2024-04-20T21:18:56.775+0000 7f5baec00700 1 Processor -- start
2024-04-20T21:18:57.644 INFO:teuthology.orchestra.run.smithi062.stdout:/usr/bin/ceph: stderr
2024-04-20T21:18:56.775+0000 7f5baec00700 1 -- start start
2024-04-20T21:18:57.644 INFO:teuthology.orchestra.run.smithi062.stdout:/usr/bin/ceph: stderr
2024-04-20T21:18:56.776+0000 7f5baec00700 1 --2- >> [v2:172.21.15.62:3300/0,v1:172.21.15.62:6789/0] conn(0x7f5ba8074490 0x7f5ba81086a0 unknown :-1 s=NONE pgs=0 cs=0 l=0 rev1=0 crypto rx=0 tx=0 comp rx=0 tx=0).connect
2024-04-20T21:18:57.644 INFO:teuthology.orchestra.run.smithi062.stdout:/usr/bin/ceph: stderr
2024-04-20T21:18:56.776+0000 7f5baec00700 1 -- --> [v2:172.21.15.62:3300/0,v1:172.21.15.62:6789/0] -- mon_getmap magic: 0 v1 -- 0x7f5ba8108be0 con 0x7f5ba8074490
2024-04-20T21:18:57.644 INFO:teuthology.orchestra.run.smithi062.stdout:/usr/bin/ceph: stderr
2024-04-20T21:18:56.776+0000 7f5ba7e00700 1 --2- >> [v2:172.21.15.62:3300/0,v1:172.21.15.62:6789/0] conn(0x7f5ba8074490 0x7f5ba81086a0 unknown :-1 s=BANNER_CONNECTING pgs=0 cs=0 l=0 rev1=0 crypto rx=0 tx=0 comp rx=0 tx=0)._handle_peer_banner_payload supported=3 required=0
2024-04-20T21:18:57.644 INFO:teuthology.orchestra.run.smithi062.stdout:/usr/bin/ceph: stderr
2024-04-20T21:18:56.776+0000 7f5ba7e00700 1 --2- >> [v2:172.21.15.62:3300/0,v1:172.21.15.62:6789/0] conn(0x7f5ba8074490 0x7f5ba81086a0 unknown :-1 s=HELLO_CONNECTING pgs=0 cs=0 l=0 rev1=1 crypto rx=0 tx=0 comp rx=0 tx=0).handle_hello peer v2:172.21.15.62:3300/0 says I am v2:172.21.15.62:35014/0 (socket says 172.21.15.62:35014)
2024-04-20T21:18:57.644 INFO:teuthology.orchestra.run.smithi062.stdout:/usr/bin/ceph: stderr
2024-04-20T21:18:56.776+0000 7f5ba7e00700 1 -- 172.21.15.62:0/1888489036 learned_addr learned my addr 172.21.15.62:0/1888489036 (peer_addr_for_me v2:172.21.15.62:0/0)
2024-04-20T21:18:57.644 INFO:teuthology.orchestra.run.smithi062.stdout:/usr/bin/ceph: stderr
2024-04-20T21:18:56.777+0000 7f5ba7e00700 1 -- 172.21.15.62:0/1888489036 --> [v2:172.21.15.62:3300/0,v1:172.21.15.62:6789/0] -- mon_subscribe({config=0+,monmap=0+}) v3 -- 0x7f5ba8108d20 con 0x7f5ba8074490
2024-04-20T21:18:57.644 INFO:teuthology.orchestra.run.smithi062.stdout:/usr/bin/ceph: stderr
2024-04-20T21:18:56.777+0000 7f5ba7e00700 1 --2- 172.21.15.62:0/1888489036 >> [v2:172.21.15.62:3300/0,v1:172.21.15.62:6789/0] conn(0x7f5ba8074490 0x7f5ba81086a0 secure :-1 s=READY pgs=39 cs=0 l=1 rev1=1 crypto rx=0x7f5b980098a0 tx=0x7f5b98009bb0 comp rx=0 tx=0).ready entity=mon.0 client_cookie=ed014fe12e44ff48 server_cookie=0 in_seq=0 out_seq=0
2024-04-20T21:18:57.644 INFO:teuthology.orchestra.run.smithi062.stdout:/usr/bin/ceph: stderr
2024-04-20T21:18:56.777+0000 7f5ba6a00700 1 -- 172.21.15.62:0/1888489036 <== mon.0 v2:172.21.15.62:3300/0 1 ==== mon_map magic: 0 v1 ==== 229+0+0 (secure 0 0 0) 0x7f5b98004180 con 0x7f5ba8074490
2024-04-20T21:18:57.644 INFO:teuthology.orchestra.run.smithi062.stdout:/usr/bin/ceph: stderr
2024-04-20T21:18:56.777+0000 7f5ba6a00700 1 -- 172.21.15.62:0/1888489036 <== mon.0 v2:172.21.15.62:3300/0 2 ==== config(27 keys) v1 ==== 1037+0+0 (secure 0 0 0) 0x7f5b980042e0 con 0x7f5ba8074490
2024-04-20T21:18:57.648 INFO:teuthology.orchestra.run.smithi062.stdout:/usr/bin/ceph: stderr
2024-04-20T21:18:56.777+0000 7f5ba6a00700 1 -- 172.21.15.62:0/1888489036 <== mon.0 v2:172.21.15.62:3300/0 3 ==== mon_map magic: 0 v1 ==== 229+0+0 (secure 0 0 0) 0x7f5b98011a50 con 0x7f5ba8074490
2024-04-20T21:18:57.648 INFO:teuthology.orchestra.run.smithi062.stdout:/usr/bin/ceph: stderr
2024-04-20T21:18:56.778+0000 7f5baec00700 1 -- 172.21.15.62:0/1888489036 >> [v2:172.21.15.62:3300/0,v1:172.21.15.62:6789/0] conn(0x7f5ba8074490 msgr2=0x7f5ba81086a0 secure :-1 s=STATE_CONNECTION_ESTABLISHED l=1).mark_down
2024-04-20T21:18:57.648 INFO:teuthology.orchestra.run.smithi062.stdout:/usr/bin/ceph: stderr
2024-04-20T21:18:56.778+0000 7f5baec00700 1 --2- 172.21.15.62:0/1888489036 >> [v2:172.21.15.62:3300/0,v1:172.21.15.62:6789/0] conn(0x7f5ba8074490 0x7f5ba81086a0 secure :-1 s=READY pgs=39 cs=0 l=1 rev1=1 crypto rx=0x7f5b980098a0 tx=0x7f5b98009bb0 comp rx=0 tx=0).stop
2024-04-20T21:18:57.648 INFO:teuthology.orchestra.run.smithi062.stdout:/usr/bin/ceph: stderr
2024-04-20T21:18:56.778+0000 7f5baec00700 1 -- 172.21.15.62:0/1888489036 shutdown_connections
2024-04-20T21:18:57.648 INFO:teuthology.orchestra.run.smithi062.stdout:/usr/bin/ceph: stderr
2024-04-20T21:18:56.778+0000 7f5baec00700 1 --2- 172.21.15.62:0/1888489036 >> [v2:172.21.15.62:3300/0,v1:172.21.15.62:6789/0] conn(0x7f5ba8074490 0x7f5ba81086a0 unknown :-1 s=CLOSED pgs=39 cs=0 l=1 rev1=1 crypto rx=0 tx=0 comp rx=0 tx=0).stop
2024-04-20T21:18:57.648 INFO:teuthology.orchestra.run.smithi062.stdout:/usr/bin/ceph: stderr
2024-04-20T21:18:56.778+0000 7f5baec00700 1 -- 172.21.15.62:0/1888489036 >> 172.21.15.62:0/1888489036 conn(0x7f5ba8100070 msgr2=0x7f5ba8102480 unknown :-1 s=STATE_NONE l=0).mark_down
2024-04-20T21:18:57.648 INFO:teuthology.orchestra.run.smithi062.stdout:/usr/bin/ceph: stderr
2024-04-20T21:18:56.778+0000 7f5baec00700 1 -- 172.21.15.62:0/1888489036 shutdown_connections
2024-04-20T21:18:57.648 INFO:teuthology.orchestra.run.smithi062.stdout:/usr/bin/ceph: stderr
2024-04-20T21:18:56.779+0000 7f5baec00700 1 -- 172.21.15.62:0/1888489036 wait complete.
2024-04-20T21:18:57.649 INFO:teuthology.orchestra.run.smithi062.stdout:/usr/bin/ceph: stderr
2024-04-20T21:18:56.780+0000 7f5baec00700 1 Processor -- start
2024-04-20T21:18:57.649 INFO:teuthology.orchestra.run.smithi062.stdout:/usr/bin/ceph: stderr
2024-04-20T21:18:56.780+0000 7f5baec00700 1 -- start start
2024-04-20T21:18:57.649 INFO:teuthology.orchestra.run.smithi062.stdout:/usr/bin/ceph: stderr
2024-04-20T21:18:56.780+0000 7f5baec00700 1 --2- >> [v2:172.21.15.62:3300/0,v1:172.21.15.62:6789/0] conn(0x7f5ba819ba30 0x7f5ba819be40 unknown :-1 s=NONE pgs=0 cs=0 l=1 rev1=0 crypto rx=0 tx=0 comp rx=0 tx=0).connect
2024-04-20T21:18:57.649 INFO:teuthology.orchestra.run.smithi062.stdout:/usr/bin/ceph: stderr
2024-04-20T21:18:56.780+0000 7f5baec00700 1 -- --> [v2:172.21.15.62:3300/0,v1:172.21.15.62:6789/0] -- mon_getmap magic: 0 v1 -- 0x7f5ba819c380 con 0x7f5ba819ba30
2024-04-20T21:18:57.649 INFO:teuthology.orchestra.run.smithi062.stdout:/usr/bin/ceph: stderr
2024-04-20T21:18:56.780+0000 7f5ba7e00700 1 --2- >> [v2:172.21.15.62:3300/0,v1:172.21.15.62:6789/0] conn(0x7f5ba819ba30 0x7f5ba819be40 unknown :-1 s=BANNER_CONNECTING pgs=0 cs=0 l=1 rev1=0 crypto rx=0 tx=0 comp rx=0 tx=0)._handle_peer_banner_payload supported=3 required=0
2024-04-20T21:18:57.649 INFO:teuthology.orchestra.run.smithi062.stdout:/usr/bin/ceph: stderr
2024-04-20T21:18:56.780+0000 7f5ba7e00700 1 --2- >> [v2:172.21.15.62:3300/0,v1:172.21.15.62:6789/0] conn(0x7f5ba819ba30 0x7f5ba819be40 unknown :-1 s=HELLO_CONNECTING pgs=0 cs=0 l=1 rev1=1 crypto rx=0 tx=0 comp rx=0 tx=0).handle_hello peer v2:172.21.15.62:3300/0 says I am v2:172.21.15.62:35024/0 (socket says 172.21.15.62:35024)
2024-04-20T21:18:57.649 INFO:teuthology.orchestra.run.smithi062.stdout:/usr/bin/ceph: stderr
2024-04-20T21:18:56.780+0000 7f5ba7e00700 1 -- 172.21.15.62:0/2141807989 learned_addr learned my addr 172.21.15.62:0/2141807989 (peer_addr_for_me v2:172.21.15.62:0/0)
2024-04-20T21:18:57.649 INFO:teuthology.orchestra.run.smithi062.stdout:/usr/bin/ceph: stderr
2024-04-20T21:18:56.781+0000 7f5ba7e00700 1 -- 172.21.15.62:0/2141807989 --> [v2:172.21.15.62:3300/0,v1:172.21.15.62:6789/0] -- mon_subscribe({config=0+,monmap=0+}) v3 -- 0x7f5b98009550 con 0x7f5ba819ba30
2024-04-20T21:18:57.649 INFO:teuthology.orchestra.run.smithi062.stdout:/usr/bin/ceph: stderr
2024-04-20T21:18:56.781+0000 7f5ba7e00700 1 --2- 172.21.15.62:0/2141807989 >> [v2:172.21.15.62:3300/0,v1:172.21.15.62:6789/0] conn(0x7f5ba819ba30 0x7f5ba819be40 secure :-1 s=READY pgs=40 cs=0 l=1 rev1=1 crypto rx=0x7f5b98000c00 tx=0x7f5b98011ab0 comp rx=0 tx=0).ready entity=mon.0 client_cookie=0 server_cookie=0 in_seq=0 out_seq=0
2024-04-20T21:18:57.649 INFO:teuthology.orchestra.run.smithi062.stdout:/usr/bin/ceph: stderr
2024-04-20T21:18:56.781+0000 7f5ba4c00700 1 -- 172.21.15.62:0/2141807989 <== mon.0 v2:172.21.15.62:3300/0 1 ==== mon_map magic: 0 v1 ==== 229+0+0 (secure 0 0 0) 0x7f5b98003b90 con 0x7f5ba819ba30
2024-04-20T21:18:57.649 INFO:teuthology.orchestra.run.smithi062.stdout:/usr/bin/ceph: stderr
2024-04-20T21:18:56.781+0000 7f5ba4c00700 1 -- 172.21.15.62:0/2141807989 <== mon.0 v2:172.21.15.62:3300/0 2 ==== config(27 keys) v1 ==== 1037+0+0 (secure 0 0 0) 0x7f5b980248b0 con 0x7f5ba819ba30
2024-04-20T21:18:57.650 INFO:teuthology.orchestra.run.smithi062.stdout:/usr/bin/ceph: stderr
2024-04-20T21:18:56.781+0000 7f5ba4c00700 1 -- 172.21.15.62:0/2141807989 <== mon.0 v2:172.21.15.62:3300/0 3 ==== mon_map magic: 0 v1 ==== 229+0+0 (secure 0 0 0) 0x7f5b9801a8e0 con 0x7f5ba819ba30
2024-04-20T21:18:57.650 INFO:teuthology.orchestra.run.smithi062.stdout:/usr/bin/ceph: stderr
2024-04-20T21:18:56.781+0000 7f5baec00700 1 -- 172.21.15.62:0/2141807989 --> [v2:172.21.15.62:3300/0,v1:172.21.15.62:6789/0] -- mon_subscribe({mgrmap=0+}) v3 -- 0x7f5ba819c580 con 0x7f5ba819ba30
2024-04-20T21:18:57.650 INFO:teuthology.orchestra.run.smithi062.stdout:/usr/bin/ceph: stderr
2024-04-20T21:18:56.782+0000 7f5baec00700 1 -- 172.21.15.62:0/2141807989 --> [v2:172.21.15.62:3300/0,v1:172.21.15.62:6789/0] -- mon_subscribe({osdmap=0}) v3 -- 0x7f5ba819f1e0 con 0x7f5ba819ba30
2024-04-20T21:18:57.650 INFO:teuthology.orchestra.run.smithi062.stdout:/usr/bin/ceph: stderr
2024-04-20T21:18:56.783+0000 7f5ba4c00700 1 -- 172.21.15.62:0/2141807989 <== mon.0 v2:172.21.15.62:3300/0 4 ==== mgrmap(e 8) v1 ==== 45084+0+0 (secure 0 0 0) 0x7f5b98024a20 con 0x7f5ba819ba30
2024-04-20T21:18:57.650 INFO:teuthology.orchestra.run.smithi062.stdout:/usr/bin/ceph: stderr
2024-04-20T21:18:56.783+0000 7f5baec00700 1 -- 172.21.15.62:0/2141807989 --> [v2:172.21.15.62:3300/0,v1:172.21.15.62:6789/0] -- mon_command({"prefix": "get_command_descriptions"} v 0) v1 -- 0x7f5ba8074490 con 0x7f5ba819ba30
2024-04-20T21:18:57.650 INFO:teuthology.orchestra.run.smithi062.stdout:/usr/bin/ceph: stderr
2024-04-20T21:18:56.783+0000 7f5ba4c00700 1 --2- 172.21.15.62:0/2141807989 >> [v2:172.21.15.62:6800/4147738586,v1:172.21.15.62:6801/4147738586] conn(0x7f5b8c038440 0x7f5b8c03a8f0 unknown :-1 s=NONE pgs=0 cs=0 l=1 rev1=0 crypto rx=0 tx=0 comp rx=0 tx=0).connect
2024-04-20T21:18:57.650 INFO:teuthology.orchestra.run.smithi062.stdout:/usr/bin/ceph: stderr
2024-04-20T21:18:56.783+0000 7f5ba4c00700 1 -- 172.21.15.62:0/2141807989 <== mon.0 v2:172.21.15.62:3300/0 5 ==== osd_map(2..2 src has 1..2) v4 ==== 940+0+0 (secure 0 0 0) 0x7f5b9804c460 con 0x7f5ba819ba30
2024-04-20T21:18:57.650 INFO:teuthology.orchestra.run.smithi062.stdout:/usr/bin/ceph: stderr
2024-04-20T21:18:56.784+0000 7f5ba7400700 1 --2- 172.21.15.62:0/2141807989 >> [v2:172.21.15.62:6800/4147738586,v1:172.21.15.62:6801/4147738586] conn(0x7f5b8c038440 0x7f5b8c03a8f0 unknown :-1 s=BANNER_CONNECTING pgs=0 cs=0 l=1 rev1=0 crypto rx=0 tx=0 comp rx=0 tx=0)._handle_peer_banner_payload supported=3 required=0
2024-04-20T21:18:57.650 INFO:teuthology.orchestra.run.smithi062.stdout:/usr/bin/ceph: stderr
2024-04-20T21:18:56.784+0000 7f5ba7400700 1 --2- 172.21.15.62:0/2141807989 >> [v2:172.21.15.62:6800/4147738586,v1:172.21.15.62:6801/4147738586] conn(0x7f5b8c038440 0x7f5b8c03a8f0 secure :-1 s=READY pgs=8 cs=0 l=1 rev1=1 crypto rx=0x7f5b94006fd0 tx=0x7f5b94006e40 comp rx=0 tx=0).ready entity=mgr.14120 client_cookie=0 server_cookie=0 in_seq=0 out_seq=0
2024-04-20T21:18:57.650 INFO:teuthology.orchestra.run.smithi062.stdout:/usr/bin/ceph: stderr
2024-04-20T21:18:56.789+0000 7f5ba4c00700 1 -- 172.21.15.62:0/2141807989 <== mon.0 v2:172.21.15.62:3300/0 6 ==== mon_command_ack([{"prefix": "get_command_descriptions"}]=0 v0) v1 ==== 72+0+177933 (secure 0 0 0) 0x7f5b980189a0 con 0x7f5ba819ba30
2024-04-20T21:18:57.650 INFO:teuthology.orchestra.run.smithi062.stdout:/usr/bin/ceph: stderr
2024-04-20T21:18:57.014+0000 7f5baec00700 1 -- 172.21.15.62:0/2141807989 --> [v2:172.21.15.62:6800/4147738586,v1:172.21.15.62:6801/4147738586] -- mgr_command(tid 0: {"prefix": "cephadm set-user", "user": "root", "target": ["mon-mgr", ""]}) v1 -- 0x7f5ba8102330 con 0x7f5b8c038440
2024-04-20T21:18:57.650 INFO:teuthology.orchestra.run.smithi062.stdout:/usr/bin/ceph: stderr
2024-04-20T21:18:57.015+0000 7f5ba4c00700 1 -- 172.21.15.62:0/2141807989 <== mgr.14120 v2:172.21.15.62:6800/4147738586 1 ==== mgr_command_reply(tid 0: 0 ) v1 ==== 8+0+16 (secure 0 0 0) 0x7f5ba8102330 con 0x7f5b8c038440
2024-04-20T21:18:57.650 INFO:teuthology.orchestra.run.smithi062.stdout:/usr/bin/ceph: stderr
2024-04-20T21:18:57.018+0000 7f5baec00700 1 -- 172.21.15.62:0/2141807989 >> [v2:172.21.15.62:6800/4147738586,v1:172.21.15.62:6801/4147738586] conn(0x7f5b8c038440 msgr2=0x7f5b8c03a8f0 secure :-1 s=STATE_CONNECTION_ESTABLISHED l=1).mark_down
2024-04-20T21:18:57.651 INFO:teuthology.orchestra.run.smithi062.stdout:/usr/bin/ceph: stderr
2024-04-20T21:18:57.018+0000 7f5baec00700 1 --2- 172.21.15.62:0/2141807989 >> [v2:172.21.15.62:6800/4147738586,v1:172.21.15.62:6801/4147738586] conn(0x7f5b8c038440 0x7f5b8c03a8f0 secure :-1 s=READY pgs=8 cs=0 l=1 rev1=1 crypto rx=0x7f5b94006fd0 tx=0x7f5b94006e40 comp rx=0 tx=0).stop
2024-04-20T21:18:57.651 INFO:teuthology.orchestra.run.smithi062.stdout:/usr/bin/ceph: stderr
2024-04-20T21:18:57.018+0000 7f5baec00700 1 -- 172.21.15.62:0/2141807989 >> [v2:172.21.15.62:3300/0,v1:172.21.15.62:6789/0] conn(0x7f5ba819ba30 msgr2=0x7f5ba819be40 secure :-1 s=STATE_CONNECTION_ESTABLISHED l=1).mark_down
2024-04-20T21:18:57.652 INFO:teuthology.orchestra.run.smithi062.stdout:/usr/bin/ceph: stderr
2024-04-20T21:18:57.018+0000 7f5baec00700 1 --2- 172.21.15.62:0/2141807989 >> [v2:172.21.15.62:3300/0,v1:172.21.15.62:6789/0] conn(0x7f5ba819ba30 0x7f5ba819be40 secure :-1 s=READY pgs=40 cs=0 l=1 rev1=1 crypto rx=0x7f5b98000c00 tx=0x7f5b98011ab0 comp rx=0 tx=0).stop
2024-04-20T21:18:57.652 INFO:teuthology.orchestra.run.smithi062.stdout:/usr/bin/ceph: stderr
2024-04-20T21:18:57.018+0000 7f5baec00700 1 -- 172.21.15.62:0/2141807989 shutdown_connections
2024-04-20T21:18:57.652 INFO:teuthology.orchestra.run.smithi062.stdout:/usr/bin/ceph: stderr
2024-04-20T21:18:57.018+0000 7f5baec00700 1 --2- 172.21.15.62:0/2141807989 >> [v2:172.21.15.62:6800/4147738586,v1:172.21.15.62:6801/4147738586] conn(0x7f5b8c038440 0x7f5b8c03a8f0 unknown :-1 s=CLOSED pgs=8 cs=0 l=1 rev1=1 crypto rx=0 tx=0 comp rx=0 tx=0).stop
2024-04-20T21:18:57.652 INFO:teuthology.orchestra.run.smithi062.stdout:/usr/bin/ceph: stderr
2024-04-20T21:18:57.018+0000 7f5baec00700 1 --2- 172.21.15.62:0/2141807989 >> [v2:172.21.15.62:3300/0,v1:172.21.15.62:6789/0] conn(0x7f5ba819ba30 0x7f5ba819be40 unknown :-1 s=CLOSED pgs=40 cs=0 l=1 rev1=1 crypto rx=0 tx=0 comp rx=0 tx=0).stop
2024-04-20T21:18:57.652 INFO:teuthology.orchestra.run.smithi062.stdout:/usr/bin/ceph: stderr
2024-04-20T21:18:57.018+0000 7f5baec00700 1 -- 172.21.15.62:0/2141807989 >> 172.21.15.62:0/2141807989 conn(0x7f5ba8100070 msgr2=0x7f5ba81016d0 unknown :-1 s=STATE_NONE l=0).mark_down
2024-04-20T21:18:57.652 INFO:teuthology.orchestra.run.smithi062.stdout:/usr/bin/ceph: stderr
2024-04-20T21:18:57.018+0000 7f5baec00700 1 -- 172.21.15.62:0/2141807989 shutdown_connections
2024-04-20T21:18:57.652 INFO:teuthology.orchestra.run.smithi062.stdout:/usr/bin/ceph: stderr
2024-04-20T21:18:57.018+0000 7f5baec00700 1 -- 172.21.15.62:0/2141807989 wait complete.
2024-04-20T21:18:57.652 INFO:teuthology.orchestra.run.smithi062.stdout:Generating ssh key...
2024-04-20T21:18:58.249 INFO:journalctl@ceph.mon.smithi062.smithi062.stdout:Apr 20 21:18:58 smithi062 ceph-mon[16221]: from='client.14134 -' entity='client.admin' cmd=[{"prefix": "cephadm set-user", "user": "root", "target": ["mon-mgr", ""]}]: dispatch
2024-04-20T21:18:59.593 INFO:teuthology.orchestra.run.smithi062.stdout:/usr/bin/ceph: stderr
2024-04-20T21:18:58.248+0000 7fdf13e00700 1 Processor -- start
2024-04-20T21:18:59.599 INFO:teuthology.orchestra.run.smithi062.stdout:/usr/bin/ceph: stderr
2024-04-20T21:18:58.249+0000 7fdf13e00700 1 -- start start
2024-04-20T21:18:59.599 INFO:teuthology.orchestra.run.smithi062.stdout:/usr/bin/ceph: stderr
2024-04-20T21:18:58.249+0000 7fdf13e00700 1 --2- >> [v2:172.21.15.62:3300/0,v1:172.21.15.62:6789/0] conn(0x7fdf14105920 0x7fdf14105d30 unknown :-1 s=NONE pgs=0 cs=0 l=0 rev1=0 crypto rx=0 tx=0 comp rx=0 tx=0).connect
2024-04-20T21:18:59.599 INFO:teuthology.orchestra.run.smithi062.stdout:/usr/bin/ceph: stderr
2024-04-20T21:18:58.249+0000 7fdf13e00700 1 -- --> [v2:172.21.15.62:3300/0,v1:172.21.15.62:6789/0] -- mon_getmap magic: 0 v1 -- 0x7fdf14106270 con 0x7fdf14105920
2024-04-20T21:18:59.599 INFO:teuthology.orchestra.run.smithi062.stdout:/usr/bin/ceph: stderr
2024-04-20T21:18:58.249+0000 7fdf12a00700 1 --2- >> [v2:172.21.15.62:3300/0,v1:172.21.15.62:6789/0] conn(0x7fdf14105920 0x7fdf14105d30 unknown :-1 s=BANNER_CONNECTING pgs=0 cs=0 l=0 rev1=0 crypto rx=0 tx=0 comp rx=0 tx=0)._handle_peer_banner_payload supported=3 required=0
2024-04-20T21:18:59.599 INFO:teuthology.orchestra.run.smithi062.stdout:/usr/bin/ceph: stderr
2024-04-20T21:18:58.250+0000 7fdf12a00700 1 --2- >> [v2:172.21.15.62:3300/0,v1:172.21.15.62:6789/0] conn(0x7fdf14105920 0x7fdf14105d30 unknown :-1 s=HELLO_CONNECTING pgs=0 cs=0 l=0 rev1=1 crypto rx=0 tx=0 comp rx=0 tx=0).handle_hello peer v2:172.21.15.62:3300/0 says I am v2:172.21.15.62:35030/0 (socket says 172.21.15.62:35030)
2024-04-20T21:18:59.599 INFO:teuthology.orchestra.run.smithi062.stdout:/usr/bin/ceph: stderr
2024-04-20T21:18:58.250+0000 7fdf12a00700 1 -- 172.21.15.62:0/3609324851 learned_addr learned my addr 172.21.15.62:0/3609324851 (peer_addr_for_me v2:172.21.15.62:0/0)
2024-04-20T21:18:59.599 INFO:teuthology.orchestra.run.smithi062.stdout:/usr/bin/ceph: stderr
2024-04-20T21:18:58.250+0000 7fdf12a00700 1 -- 172.21.15.62:0/3609324851 --> [v2:172.21.15.62:3300/0,v1:172.21.15.62:6789/0] -- mon_subscribe({config=0+,monmap=0+}) v3 -- 0x7fdf141063b0 con 0x7fdf14105920
2024-04-20T21:18:59.599 INFO:teuthology.orchestra.run.smithi062.stdout:/usr/bin/ceph: stderr
2024-04-20T21:18:58.250+0000 7fdf12a00700 1 --2- 172.21.15.62:0/3609324851 >> [v2:172.21.15.62:3300/0,v1:172.21.15.62:6789/0] conn(0x7fdf14105920 0x7fdf14105d30 secure :-1 s=READY pgs=41 cs=0 l=1 rev1=1 crypto rx=0x7fdf040098a0 tx=0x7fdf04009bb0 comp rx=0 tx=0).ready entity=mon.0 client_cookie=2540c7d46afbe8ca server_cookie=0 in_seq=0 out_seq=0
2024-04-20T21:18:59.599 INFO:teuthology.orchestra.run.smithi062.stdout:/usr/bin/ceph: stderr
2024-04-20T21:18:58.251+0000 7fdf11600700 1 -- 172.21.15.62:0/3609324851 <== mon.0 v2:172.21.15.62:3300/0 1 ==== mon_map magic: 0 v1 ==== 229+0+0 (secure 0 0 0) 0x7fdf04004180 con 0x7fdf14105920
2024-04-20T21:18:59.599 INFO:teuthology.orchestra.run.smithi062.stdout:/usr/bin/ceph: stderr
2024-04-20T21:18:58.251+0000 7fdf11600700 1 -- 172.21.15.62:0/3609324851 <== mon.0 v2:172.21.15.62:3300/0 2 ==== config(27 keys) v1 ==== 1037+0+0 (secure 0 0 0) 0x7fdf040042e0 con 0x7fdf14105920
2024-04-20T21:18:59.600 INFO:teuthology.orchestra.run.smithi062.stdout:/usr/bin/ceph: stderr
2024-04-20T21:18:58.251+0000 7fdf11600700 1 -- 172.21.15.62:0/3609324851 <== mon.0 v2:172.21.15.62:3300/0 3 ==== mon_map magic: 0 v1 ==== 229+0+0 (secure 0 0 0) 0x7fdf04011a50 con 0x7fdf14105920
2024-04-20T21:18:59.600 INFO:teuthology.orchestra.run.smithi062.stdout:/usr/bin/ceph: stderr
2024-04-20T21:18:58.251+0000 7fdf13e00700 1 -- 172.21.15.62:0/3609324851 >> [v2:172.21.15.62:3300/0,v1:172.21.15.62:6789/0] conn(0x7fdf14105920 msgr2=0x7fdf14105d30 secure :-1 s=STATE_CONNECTION_ESTABLISHED l=1).mark_down
2024-04-20T21:18:59.600 INFO:teuthology.orchestra.run.smithi062.stdout:/usr/bin/ceph: stderr
2024-04-20T21:18:58.251+0000 7fdf13e00700 1 --2- 172.21.15.62:0/3609324851 >> [v2:172.21.15.62:3300/0,v1:172.21.15.62:6789/0] conn(0x7fdf14105920 0x7fdf14105d30 secure :-1 s=READY pgs=41 cs=0 l=1 rev1=1 crypto rx=0x7fdf040098a0 tx=0x7fdf04009bb0 comp rx=0 tx=0).stop
2024-04-20T21:18:59.600 INFO:teuthology.orchestra.run.smithi062.stdout:/usr/bin/ceph: stderr
2024-04-20T21:18:58.252+0000 7fdf13e00700 1 -- 172.21.15.62:0/3609324851 shutdown_connections
2024-04-20T21:18:59.600 INFO:teuthology.orchestra.run.smithi062.stdout:/usr/bin/ceph: stderr
2024-04-20T21:18:58.252+0000 7fdf13e00700 1 --2- 172.21.15.62:0/3609324851 >> [v2:172.21.15.62:3300/0,v1:172.21.15.62:6789/0] conn(0x7fdf14105920 0x7fdf14105d30 unknown :-1 s=CLOSED pgs=41 cs=0 l=1 rev1=1 crypto rx=0 tx=0 comp rx=0 tx=0).stop
2024-04-20T21:18:59.602 INFO:teuthology.orchestra.run.smithi062.stdout:/usr/bin/ceph: stderr
2024-04-20T21:18:58.252+0000 7fdf13e00700 1 -- 172.21.15.62:0/3609324851 >> 172.21.15.62:0/3609324851 conn(0x7fdf14100fb0 msgr2=0x7fdf141033c0 unknown :-1 s=STATE_NONE l=0).mark_down
2024-04-20T21:18:59.602 INFO:teuthology.orchestra.run.smithi062.stdout:/usr/bin/ceph: stderr
2024-04-20T21:18:58.252+0000 7fdf13e00700 1 -- 172.21.15.62:0/3609324851 shutdown_connections
2024-04-20T21:18:59.602 INFO:teuthology.orchestra.run.smithi062.stdout:/usr/bin/ceph: stderr
2024-04-20T21:18:58.252+0000 7fdf13e00700 1 -- 172.21.15.62:0/3609324851 wait complete.
2024-04-20T21:18:59.602 INFO:teuthology.orchestra.run.smithi062.stdout:/usr/bin/ceph: stderr
2024-04-20T21:18:58.253+0000 7fdf13e00700 1 Processor -- start
2024-04-20T21:18:59.602 INFO:teuthology.orchestra.run.smithi062.stdout:/usr/bin/ceph: stderr
2024-04-20T21:18:58.253+0000 7fdf13e00700 1 -- start start
2024-04-20T21:18:59.602 INFO:teuthology.orchestra.run.smithi062.stdout:/usr/bin/ceph: stderr
2024-04-20T21:18:58.253+0000 7fdf13e00700 1 --2- >> [v2:172.21.15.62:3300/0,v1:172.21.15.62:6789/0] conn(0x7fdf14105920 0x7fdf1419b870 unknown :-1 s=NONE pgs=0 cs=0 l=1 rev1=0 crypto rx=0 tx=0 comp rx=0 tx=0).connect
2024-04-20T21:18:59.602 INFO:teuthology.orchestra.run.smithi062.stdout:/usr/bin/ceph: stderr
