2024-04-20T21:19:39.990+0000 7ff3e0200700 1 --2- 172.21.15.62:0/3893762662 >> [v2:172.21.15.62:6800/831506538,v1:172.21.15.62:6801/831506538] conn(0x7ff3c0038440 0x7ff3c003a8f0 unknown :-1 s=CLOSED pgs=8 cs=0 l=1 rev1=1 crypto rx=0 tx=0 comp rx=0 tx=0).stop
2024-04-20T21:19:40.779 INFO:teuthology.orchestra.run.smithi062.stdout:/usr/bin/ceph: stderr
2024-04-20T21:19:39.990+0000 7ff3e0200700 1 --2- 172.21.15.62:0/3893762662 >> [v2:172.21.15.62:3300/0,v1:172.21.15.62:6789/0] conn(0x7ff3d8106650 0x7ff3d8199840 unknown :-1 s=CLOSED pgs=85 cs=0 l=1 rev1=1 crypto rx=0 tx=0 comp rx=0 tx=0).stop
2024-04-20T21:19:40.779 INFO:teuthology.orchestra.run.smithi062.stdout:/usr/bin/ceph: stderr
2024-04-20T21:19:39.990+0000 7ff3e0200700 1 -- 172.21.15.62:0/3893762662 >> 172.21.15.62:0/3893762662 conn(0x7ff3d8100070 msgr2=0x7ff3d8101780 unknown :-1 s=STATE_NONE l=0).mark_down
2024-04-20T21:19:40.779 INFO:teuthology.orchestra.run.smithi062.stdout:/usr/bin/ceph: stderr
2024-04-20T21:19:39.990+0000 7ff3e0200700 1 -- 172.21.15.62:0/3893762662 shutdown_connections
2024-04-20T21:19:40.779 INFO:teuthology.orchestra.run.smithi062.stdout:/usr/bin/ceph: stderr
2024-04-20T21:19:39.991+0000 7ff3e0200700 1 -- 172.21.15.62:0/3893762662 wait complete.
2024-04-20T21:19:40.779 INFO:teuthology.orchestra.run.smithi062.stdout:Fetching dashboard port number...
2024-04-20T21:19:41.035 INFO:journalctl@ceph.mon.smithi062.smithi062.stdout:Apr 20 21:19:40 smithi062 ceph-mon[16221]: from='client.14178 -' entity='client.admin' cmd=[{"prefix": "dashboard ac-user-create", "username": "admin", "rolename": "administrator", "force_password": true, "pwd_update_required": true, "target": ["mon-mgr", ""]}]: dispatch
2024-04-20T21:19:41.035 INFO:journalctl@ceph.mon.smithi062.smithi062.stdout:Apr 20 21:19:40 smithi062 ceph-mon[16221]: from='mgr.14164 172.21.15.62:0/570876096' entity='mgr.smithi062.rqxuxi'
2024-04-20T21:19:42.286 INFO:journalctl@ceph.mon.smithi062.smithi062.stdout:Apr 20 21:19:41 smithi062 ceph-mon[16221]: mgrmap e13: smithi062.rqxuxi(active, since 6s)
2024-04-20T21:19:42.757 INFO:teuthology.orchestra.run.smithi062.stdout:/usr/bin/ceph: stdout 8443
2024-04-20T21:19:42.758 INFO:teuthology.orchestra.run.smithi062.stdout:/usr/bin/ceph: stderr
2024-04-20T21:19:41.853+0000 7fc04b200700 1 Processor -- start
2024-04-20T21:19:42.758 INFO:teuthology.orchestra.run.smithi062.stdout:/usr/bin/ceph: stderr
2024-04-20T21:19:41.854+0000 7fc04b200700 1 -- start start
2024-04-20T21:19:42.758 INFO:teuthology.orchestra.run.smithi062.stdout:/usr/bin/ceph: stderr
2024-04-20T21:19:41.854+0000 7fc04b200700 1 --2- >> [v2:172.21.15.62:3300/0,v1:172.21.15.62:6789/0] conn(0x7fc04c104840 0x7fc04c104c50 unknown :-1 s=NONE pgs=0 cs=0 l=0 rev1=0 crypto rx=0 tx=0 comp rx=0 tx=0).connect
2024-04-20T21:19:42.758 INFO:teuthology.orchestra.run.smithi062.stdout:/usr/bin/ceph: stderr
2024-04-20T21:19:41.854+0000 7fc04b200700 1 -- --> [v2:172.21.15.62:3300/0,v1:172.21.15.62:6789/0] -- mon_getmap magic: 0 v1 -- 0x7fc04c105190 con 0x7fc04c104840
2024-04-20T21:19:42.758 INFO:teuthology.orchestra.run.smithi062.stdout:/usr/bin/ceph: stderr
2024-04-20T21:19:41.854+0000 7fc049e00700 1 --2- >> [v2:172.21.15.62:3300/0,v1:172.21.15.62:6789/0] conn(0x7fc04c104840 0x7fc04c104c50 unknown :-1 s=BANNER_CONNECTING pgs=0 cs=0 l=0 rev1=0 crypto rx=0 tx=0 comp rx=0 tx=0)._handle_peer_banner_payload supported=3 required=0
2024-04-20T21:19:42.758 INFO:teuthology.orchestra.run.smithi062.stdout:/usr/bin/ceph: stderr
2024-04-20T21:19:41.855+0000 7fc049e00700 1 --2- >> [v2:172.21.15.62:3300/0,v1:172.21.15.62:6789/0] conn(0x7fc04c104840 0x7fc04c104c50 unknown :-1 s=HELLO_CONNECTING pgs=0 cs=0 l=0 rev1=1 crypto rx=0 tx=0 comp rx=0 tx=0).handle_hello peer v2:172.21.15.62:3300/0 says I am v2:172.21.15.62:40088/0 (socket says 172.21.15.62:40088)
2024-04-20T21:19:42.758 INFO:teuthology.orchestra.run.smithi062.stdout:/usr/bin/ceph: stderr
2024-04-20T21:19:41.855+0000 7fc049e00700 1 -- 172.21.15.62:0/1873981820 learned_addr learned my addr 172.21.15.62:0/1873981820 (peer_addr_for_me v2:172.21.15.62:0/0)
2024-04-20T21:19:42.758 INFO:teuthology.orchestra.run.smithi062.stdout:/usr/bin/ceph: stderr
2024-04-20T21:19:41.855+0000 7fc049e00700 1 -- 172.21.15.62:0/1873981820 --> [v2:172.21.15.62:3300/0,v1:172.21.15.62:6789/0] -- mon_subscribe({config=0+,monmap=0+}) v3 -- 0x7fc04c1052d0 con 0x7fc04c104840
2024-04-20T21:19:42.758 INFO:teuthology.orchestra.run.smithi062.stdout:/usr/bin/ceph: stderr
2024-04-20T21:19:41.855+0000 7fc049e00700 1 --2- 172.21.15.62:0/1873981820 >> [v2:172.21.15.62:3300/0,v1:172.21.15.62:6789/0] conn(0x7fc04c104840 0x7fc04c104c50 secure :-1 s=READY pgs=86 cs=0 l=1 rev1=1 crypto rx=0x7fc03c0098a0 tx=0x7fc03c009bb0 comp rx=0 tx=0).ready entity=mon.0 client_cookie=ea1d411a24c8e1cb server_cookie=0 in_seq=0 out_seq=0
2024-04-20T21:19:42.758 INFO:teuthology.orchestra.run.smithi062.stdout:/usr/bin/ceph: stderr
2024-04-20T21:19:41.856+0000 7fc049400700 1 -- 172.21.15.62:0/1873981820 <== mon.0 v2:172.21.15.62:3300/0 1 ==== mon_map magic: 0 v1 ==== 229+0+0 (secure 0 0 0) 0x7fc03c004180 con 0x7fc04c104840
2024-04-20T21:19:42.758 INFO:teuthology.orchestra.run.smithi062.stdout:/usr/bin/ceph: stderr
2024-04-20T21:19:41.856+0000 7fc049400700 1 -- 172.21.15.62:0/1873981820 <== mon.0 v2:172.21.15.62:3300/0 2 ==== config(27 keys) v1 ==== 1101+0+0 (secure 0 0 0) 0x7fc03c0042e0 con 0x7fc04c104840
2024-04-20T21:19:42.758 INFO:teuthology.orchestra.run.smithi062.stdout:/usr/bin/ceph: stderr
2024-04-20T21:19:41.856+0000 7fc049400700 1 -- 172.21.15.62:0/1873981820 <== mon.0 v2:172.21.15.62:3300/0 3 ==== mon_map magic: 0 v1 ==== 229+0+0 (secure 0 0 0) 0x7fc03c011af0 con 0x7fc04c104840
2024-04-20T21:19:42.758 INFO:teuthology.orchestra.run.smithi062.stdout:/usr/bin/ceph: stderr
2024-04-20T21:19:41.856+0000 7fc04b200700 1 -- 172.21.15.62:0/1873981820 >> [v2:172.21.15.62:3300/0,v1:172.21.15.62:6789/0] conn(0x7fc04c104840 msgr2=0x7fc04c104c50 secure :-1 s=STATE_CONNECTION_ESTABLISHED l=1).mark_down
2024-04-20T21:19:42.759 INFO:teuthology.orchestra.run.smithi062.stdout:/usr/bin/ceph: stderr
2024-04-20T21:19:41.856+0000 7fc04b200700 1 --2- 172.21.15.62:0/1873981820 >> [v2:172.21.15.62:3300/0,v1:172.21.15.62:6789/0] conn(0x7fc04c104840 0x7fc04c104c50 secure :-1 s=READY pgs=86 cs=0 l=1 rev1=1 crypto rx=0x7fc03c0098a0 tx=0x7fc03c009bb0 comp rx=0 tx=0).stop
2024-04-20T21:19:42.759 INFO:teuthology.orchestra.run.smithi062.stdout:/usr/bin/ceph: stderr
2024-04-20T21:19:41.857+0000 7fc04b200700 1 -- 172.21.15.62:0/1873981820 shutdown_connections
2024-04-20T21:19:42.759 INFO:teuthology.orchestra.run.smithi062.stdout:/usr/bin/ceph: stderr
2024-04-20T21:19:41.857+0000 7fc04b200700 1 --2- 172.21.15.62:0/1873981820 >> [v2:172.21.15.62:3300/0,v1:172.21.15.62:6789/0] conn(0x7fc04c104840 0x7fc04c104c50 unknown :-1 s=CLOSED pgs=86 cs=0 l=1 rev1=1 crypto rx=0 tx=0 comp rx=0 tx=0).stop
2024-04-20T21:19:42.759 INFO:teuthology.orchestra.run.smithi062.stdout:/usr/bin/ceph: stderr
2024-04-20T21:19:41.857+0000 7fc04b200700 1 -- 172.21.15.62:0/1873981820 >> 172.21.15.62:0/1873981820 conn(0x7fc04c0ffeb0 msgr2=0x7fc04c1022c0 unknown :-1 s=STATE_NONE l=0).mark_down
2024-04-20T21:19:42.759 INFO:teuthology.orchestra.run.smithi062.stdout:/usr/bin/ceph: stderr
2024-04-20T21:19:41.857+0000 7fc04b200700 1 -- 172.21.15.62:0/1873981820 shutdown_connections
2024-04-20T21:19:42.759 INFO:teuthology.orchestra.run.smithi062.stdout:/usr/bin/ceph: stderr
2024-04-20T21:19:41.857+0000 7fc04b200700 1 -- 172.21.15.62:0/1873981820 wait complete.
2024-04-20T21:19:42.759 INFO:teuthology.orchestra.run.smithi062.stdout:/usr/bin/ceph: stderr
2024-04-20T21:19:41.858+0000 7fc04b200700 1 Processor -- start
2024-04-20T21:19:42.759 INFO:teuthology.orchestra.run.smithi062.stdout:/usr/bin/ceph: stderr
2024-04-20T21:19:41.858+0000 7fc04b200700 1 -- start start
2024-04-20T21:19:42.759 INFO:teuthology.orchestra.run.smithi062.stdout:/usr/bin/ceph: stderr
2024-04-20T21:19:41.858+0000 7fc04b200700 1 --2- >> [v2:172.21.15.62:3300/0,v1:172.21.15.62:6789/0] conn(0x7fc04c104840 0x7fc04c18fa20 unknown :-1 s=NONE pgs=0 cs=0 l=1 rev1=0 crypto rx=0 tx=0 comp rx=0 tx=0).connect
2024-04-20T21:19:42.759 INFO:teuthology.orchestra.run.smithi062.stdout:/usr/bin/ceph: stderr
2024-04-20T21:19:41.859+0000 7fc04b200700 1 -- --> [v2:172.21.15.62:3300/0,v1:172.21.15.62:6789/0] -- mon_getmap magic: 0 v1 -- 0x7fc04c18ff60 con 0x7fc04c104840
2024-04-20T21:19:42.759 INFO:teuthology.orchestra.run.smithi062.stdout:/usr/bin/ceph: stderr
2024-04-20T21:19:41.859+0000 7fc049e00700 1 --2- >> [v2:172.21.15.62:3300/0,v1:172.21.15.62:6789/0] conn(0x7fc04c104840 0x7fc04c18fa20 unknown :-1 s=BANNER_CONNECTING pgs=0 cs=0 l=1 rev1=0 crypto rx=0 tx=0 comp rx=0 tx=0)._handle_peer_banner_payload supported=3 required=0
2024-04-20T21:19:42.759 INFO:teuthology.orchestra.run.smithi062.stdout:/usr/bin/ceph: stderr
2024-04-20T21:19:41.859+0000 7fc049e00700 1 --2- >> [v2:172.21.15.62:3300/0,v1:172.21.15.62:6789/0] conn(0x7fc04c104840 0x7fc04c18fa20 unknown :-1 s=HELLO_CONNECTING pgs=0 cs=0 l=1 rev1=1 crypto rx=0 tx=0 comp rx=0 tx=0).handle_hello peer v2:172.21.15.62:3300/0 says I am v2:172.21.15.62:40100/0 (socket says 172.21.15.62:40100)
2024-04-20T21:19:42.759 INFO:teuthology.orchestra.run.smithi062.stdout:/usr/bin/ceph: stderr
2024-04-20T21:19:41.859+0000 7fc049e00700 1 -- 172.21.15.62:0/762577529 learned_addr learned my addr 172.21.15.62:0/762577529 (peer_addr_for_me v2:172.21.15.62:0/0)
2024-04-20T21:19:42.759 INFO:teuthology.orchestra.run.smithi062.stdout:/usr/bin/ceph: stderr
2024-04-20T21:19:41.859+0000 7fc049e00700 1 -- 172.21.15.62:0/762577529 --> [v2:172.21.15.62:3300/0,v1:172.21.15.62:6789/0] -- mon_subscribe({config=0+,monmap=0+}) v3 -- 0x7fc03c009550 con 0x7fc04c104840
2024-04-20T21:19:42.760 INFO:teuthology.orchestra.run.smithi062.stdout:/usr/bin/ceph: stderr
2024-04-20T21:19:41.859+0000 7fc049e00700 1 --2- 172.21.15.62:0/762577529 >> [v2:172.21.15.62:3300/0,v1:172.21.15.62:6789/0] conn(0x7fc04c104840 0x7fc04c18fa20 secure :-1 s=READY pgs=87 cs=0 l=1 rev1=1 crypto rx=0x7fc03c011ad0 tx=0x7fc03c011bb0 comp rx=0 tx=0).ready entity=mon.0 client_cookie=0 server_cookie=0 in_seq=0 out_seq=0
2024-04-20T21:19:42.760 INFO:teuthology.orchestra.run.smithi062.stdout:/usr/bin/ceph: stderr
2024-04-20T21:19:41.860+0000 7fc042a00700 1 -- 172.21.15.62:0/762577529 <== mon.0 v2:172.21.15.62:3300/0 1 ==== mon_map magic: 0 v1 ==== 229+0+0 (secure 0 0 0) 0x7fc03c003ab0 con 0x7fc04c104840
2024-04-20T21:19:42.760 INFO:teuthology.orchestra.run.smithi062.stdout:/usr/bin/ceph: stderr
2024-04-20T21:19:41.860+0000 7fc042a00700 1 -- 172.21.15.62:0/762577529 <== mon.0 v2:172.21.15.62:3300/0 2 ==== config(27 keys) v1 ==== 1101+0+0 (secure 0 0 0) 0x7fc03c003c10 con 0x7fc04c104840
2024-04-20T21:19:42.760 INFO:teuthology.orchestra.run.smithi062.stdout:/usr/bin/ceph: stderr
2024-04-20T21:19:41.860+0000 7fc042a00700 1 -- 172.21.15.62:0/762577529 <== mon.0 v2:172.21.15.62:3300/0 3 ==== mon_map magic: 0 v1 ==== 229+0+0 (secure 0 0 0) 0x7fc03c0198e0 con 0x7fc04c104840
2024-04-20T21:19:42.760 INFO:teuthology.orchestra.run.smithi062.stdout:/usr/bin/ceph: stderr
2024-04-20T21:19:41.860+0000 7fc04b200700 1 -- 172.21.15.62:0/762577529 --> [v2:172.21.15.62:3300/0,v1:172.21.15.62:6789/0] -- mon_subscribe({mgrmap=0+}) v3 -- 0x7fc04c18e070 con 0x7fc04c104840
2024-04-20T21:19:42.760 INFO:teuthology.orchestra.run.smithi062.stdout:/usr/bin/ceph: stderr
2024-04-20T21:19:41.860+0000 7fc04b200700 1 -- 172.21.15.62:0/762577529 --> [v2:172.21.15.62:3300/0,v1:172.21.15.62:6789/0] -- mon_subscribe({osdmap=0}) v3 -- 0x7fc04c18e490 con 0x7fc04c104840
2024-04-20T21:19:42.760 INFO:teuthology.orchestra.run.smithi062.stdout:/usr/bin/ceph: stderr
2024-04-20T21:19:41.861+0000 7fc042a00700 1 -- 172.21.15.62:0/762577529 <== mon.0 v2:172.21.15.62:3300/0 4 ==== mgrmap(e 13) v1 ==== 45140+0+0 (secure 0 0 0) 0x7fc03c019b50 con 0x7fc04c104840
2024-04-20T21:19:42.760 INFO:teuthology.orchestra.run.smithi062.stdout:/usr/bin/ceph: stderr
2024-04-20T21:19:41.861+0000 7fc04b200700 1 -- 172.21.15.62:0/762577529 --> [v2:172.21.15.62:3300/0,v1:172.21.15.62:6789/0] -- mon_command({"prefix": "get_command_descriptions"} v 0) v1 -- 0x7fc04c062380 con 0x7fc04c104840
2024-04-20T21:19:42.760 INFO:teuthology.orchestra.run.smithi062.stdout:/usr/bin/ceph: stderr
2024-04-20T21:19:41.862+0000 7fc042a00700 1 --2- 172.21.15.62:0/762577529 >> [v2:172.21.15.62:6800/831506538,v1:172.21.15.62:6801/831506538] conn(0x7fc030038530 0x7fc03003a9e0 unknown :-1 s=NONE pgs=0 cs=0 l=1 rev1=0 crypto rx=0 tx=0 comp rx=0 tx=0).connect
2024-04-20T21:19:42.760 INFO:teuthology.orchestra.run.smithi062.stdout:/usr/bin/ceph: stderr
2024-04-20T21:19:41.862+0000 7fc042a00700 1 -- 172.21.15.62:0/762577529 <== mon.0 v2:172.21.15.62:3300/0 5 ==== osd_map(3..3 src has 1..3) v4 ==== 1155+0+0 (secure 0 0 0) 0x7fc03c04c420 con 0x7fc04c104840
2024-04-20T21:19:42.760 INFO:teuthology.orchestra.run.smithi062.stdout:/usr/bin/ceph: stderr
2024-04-20T21:19:41.862+0000 7fc043e00700 1 --2- 172.21.15.62:0/762577529 >> [v2:172.21.15.62:6800/831506538,v1:172.21.15.62:6801/831506538] conn(0x7fc030038530 0x7fc03003a9e0 unknown :-1 s=BANNER_CONNECTING pgs=0 cs=0 l=1 rev1=0 crypto rx=0 tx=0 comp rx=0 tx=0)._handle_peer_banner_payload supported=3 required=0
2024-04-20T21:19:42.760 INFO:teuthology.orchestra.run.smithi062.stdout:/usr/bin/ceph: stderr
2024-04-20T21:19:41.863+0000 7fc043e00700 1 --2- 172.21.15.62:0/762577529 >> [v2:172.21.15.62:6800/831506538,v1:172.21.15.62:6801/831506538] conn(0x7fc030038530 0x7fc03003a9e0 secure :-1 s=READY pgs=9 cs=0 l=1 rev1=1 crypto rx=0x7fc034006fd0 tx=0x7fc034006e40 comp rx=0 tx=0).ready entity=mgr.14164 client_cookie=0 server_cookie=0 in_seq=0 out_seq=0
2024-04-20T21:19:42.760 INFO:teuthology.orchestra.run.smithi062.stdout:/usr/bin/ceph: stderr
2024-04-20T21:19:41.867+0000 7fc042a00700 1 -- 172.21.15.62:0/762577529 <== mon.0 v2:172.21.15.62:3300/0 6 ==== mon_command_ack([{"prefix": "get_command_descriptions"}]=0 v0) v1 ==== 72+0+177933 (secure 0 0 0) 0x7fc03c01a430 con 0x7fc04c104840
2024-04-20T21:19:42.760 INFO:teuthology.orchestra.run.smithi062.stdout:/usr/bin/ceph: stderr
2024-04-20T21:19:42.094+0000 7fc04b200700 1 -- 172.21.15.62:0/762577529 --> [v2:172.21.15.62:3300/0,v1:172.21.15.62:6789/0] -- mon_command({"prefix": "config get", "who": "mgr", "key": "mgr/dashboard/ssl_server_port"} v 0) v1 -- 0x7fc04c1066f0 con 0x7fc04c104840
2024-04-20T21:19:42.761 INFO:teuthology.orchestra.run.smithi062.stdout:/usr/bin/ceph: stderr
2024-04-20T21:19:42.095+0000 7fc042a00700 1 -- 172.21.15.62:0/762577529 <== mon.0 v2:172.21.15.62:3300/0 7 ==== mon_command_ack([{"prefix": "config get", "who": "mgr", "key": "mgr/dashboard/ssl_server_port"}]=0 v8) v1 ==== 112+0+5 (secure 0 0 0) 0x7fc03c010380 con 0x7fc04c104840
2024-04-20T21:19:42.761 INFO:teuthology.orchestra.run.smithi062.stdout:/usr/bin/ceph: stderr
2024-04-20T21:19:42.098+0000 7fc04b200700 1 -- 172.21.15.62:0/762577529 >> [v2:172.21.15.62:6800/831506538,v1:172.21.15.62:6801/831506538] conn(0x7fc030038530 msgr2=0x7fc03003a9e0 secure :-1 s=STATE_CONNECTION_ESTABLISHED l=1).mark_down
2024-04-20T21:19:42.761 INFO:teuthology.orchestra.run.smithi062.stdout:/usr/bin/ceph: stderr
2024-04-20T21:19:42.098+0000 7fc04b200700 1 --2- 172.21.15.62:0/762577529 >> [v2:172.21.15.62:6800/831506538,v1:172.21.15.62:6801/831506538] conn(0x7fc030038530 0x7fc03003a9e0 secure :-1 s=READY pgs=9 cs=0 l=1 rev1=1 crypto rx=0x7fc034006fd0 tx=0x7fc034006e40 comp rx=0 tx=0).stop
2024-04-20T21:19:42.761 INFO:teuthology.orchestra.run.smithi062.stdout:/usr/bin/ceph: stderr
2024-04-20T21:19:42.098+0000 7fc04b200700 1 -- 172.21.15.62:0/762577529 >> [v2:172.21.15.62:3300/0,v1:172.21.15.62:6789/0] conn(0x7fc04c104840 msgr2=0x7fc04c18fa20 secure :-1 s=STATE_CONNECTION_ESTABLISHED l=1).mark_down
2024-04-20T21:19:42.761 INFO:teuthology.orchestra.run.smithi062.stdout:/usr/bin/ceph: stderr
2024-04-20T21:19:42.098+0000 7fc04b200700 1 --2- 172.21.15.62:0/762577529 >> [v2:172.21.15.62:3300/0,v1:172.21.15.62:6789/0] conn(0x7fc04c104840 0x7fc04c18fa20 secure :-1 s=READY pgs=87 cs=0 l=1 rev1=1 crypto rx=0x7fc03c011ad0 tx=0x7fc03c011bb0 comp rx=0 tx=0).stop
2024-04-20T21:19:42.761 INFO:teuthology.orchestra.run.smithi062.stdout:/usr/bin/ceph: stderr
2024-04-20T21:19:42.098+0000 7fc04b200700 1 -- 172.21.15.62:0/762577529 shutdown_connections
2024-04-20T21:19:42.761 INFO:teuthology.orchestra.run.smithi062.stdout:/usr/bin/ceph: stderr
2024-04-20T21:19:42.098+0000 7fc04b200700 1 --2- 172.21.15.62:0/762577529 >> [v2:172.21.15.62:6800/831506538,v1:172.21.15.62:6801/831506538] conn(0x7fc030038530 0x7fc03003a9e0 unknown :-1 s=CLOSED pgs=9 cs=0 l=1 rev1=1 crypto rx=0 tx=0 comp rx=0 tx=0).stop
2024-04-20T21:19:42.761 INFO:teuthology.orchestra.run.smithi062.stdout:/usr/bin/ceph: stderr
2024-04-20T21:19:42.098+0000 7fc04b200700 1 --2- 172.21.15.62:0/762577529 >> [v2:172.21.15.62:3300/0,v1:172.21.15.62:6789/0] conn(0x7fc04c104840 0x7fc04c18fa20 unknown :-1 s=CLOSED pgs=87 cs=0 l=1 rev1=1 crypto rx=0 tx=0 comp rx=0 tx=0).stop
2024-04-20T21:19:42.761 INFO:teuthology.orchestra.run.smithi062.stdout:/usr/bin/ceph: stderr
2024-04-20T21:19:42.098+0000 7fc04b200700 1 -- 172.21.15.62:0/762577529 >> 172.21.15.62:0/762577529 conn(0x7fc04c0ffeb0 msgr2=0x7fc04c074030 unknown :-1 s=STATE_NONE l=0).mark_down
2024-04-20T21:19:42.761 INFO:teuthology.orchestra.run.smithi062.stdout:/usr/bin/ceph: stderr
2024-04-20T21:19:42.098+0000 7fc04b200700 1 -- 172.21.15.62:0/762577529 shutdown_connections
2024-04-20T21:19:42.761 INFO:teuthology.orchestra.run.smithi062.stdout:/usr/bin/ceph: stderr
2024-04-20T21:19:42.098+0000 7fc04b200700 1 -- 172.21.15.62:0/762577529 wait complete.
2024-04-20T21:19:42.795 INFO:teuthology.orchestra.run.smithi062.stdout:Non-zero exit code 1 from systemctl is-enabled firewalld.service
2024-04-20T21:19:42.795 INFO:teuthology.orchestra.run.smithi062.stdout:systemctl: stdout disabled
2024-04-20T21:19:42.822 INFO:teuthology.orchestra.run.smithi062.stdout:Non-zero exit code 3 from systemctl is-active firewalld.service
2024-04-20T21:19:42.823 INFO:teuthology.orchestra.run.smithi062.stdout:systemctl: stdout inactive
2024-04-20T21:19:42.823 INFO:teuthology.orchestra.run.smithi062.stdout:firewalld.service is not enabled
2024-04-20T21:19:42.823 INFO:teuthology.orchestra.run.smithi062.stdout:Not possible to open ports <[8443]>. firewalld.service is not available
2024-04-20T21:19:42.831 INFO:teuthology.orchestra.run.smithi062.stdout:Ceph Dashboard is now available at:
2024-04-20T21:19:42.831 INFO:teuthology.orchestra.run.smithi062.stdout:
2024-04-20T21:19:42.831 INFO:teuthology.orchestra.run.smithi062.stdout: URL: https://smithi062.front.sepia.ceph.com:8443/
2024-04-20T21:19:42.831 INFO:teuthology.orchestra.run.smithi062.stdout: User: admin
2024-04-20T21:19:42.831 INFO:teuthology.orchestra.run.smithi062.stdout: Password: 3og7iexgcn
2024-04-20T21:19:42.831 INFO:teuthology.orchestra.run.smithi062.stdout:
2024-04-20T21:19:42.832 INFO:teuthology.orchestra.run.smithi062.stdout:Saving cluster configuration to /var/lib/ceph/61ae3628-ff5b-11ee-bc93-c7b262605968/config directory
2024-04-20T21:19:42.834 INFO:teuthology.orchestra.run.smithi062.stdout:Enabling autotune for osd_memory_target
2024-04-20T21:19:43.285 INFO:journalctl@ceph.mon.smithi062.smithi062.stdout:Apr 20 21:19:42 smithi062 ceph-mon[16221]: from='client.? 172.21.15.62:0/762577529' entity='client.admin' cmd=[{"prefix": "config get", "who": "mgr", "key": "mgr/dashboard/ssl_server_port"}]: dispatch
2024-04-20T21:19:44.417 INFO:teuthology.orchestra.run.smithi062.stdout:/usr/bin/ceph: stderr
2024-04-20T21:19:43.463+0000 7fcf1ae00700 1 Processor -- start
2024-04-20T21:19:44.417 INFO:teuthology.orchestra.run.smithi062.stdout:/usr/bin/ceph: stderr
2024-04-20T21:19:43.463+0000 7fcf1ae00700 1 -- start start
2024-04-20T21:19:44.418 INFO:teuthology.orchestra.run.smithi062.stdout:/usr/bin/ceph: stderr
2024-04-20T21:19:43.464+0000 7fcf1ae00700 1 --2- >> [v2:172.21.15.62:3300/0,v1:172.21.15.62:6789/0] conn(0x7fcf14107d10 0x7fcf14108120 unknown :-1 s=NONE pgs=0 cs=0 l=0 rev1=0 crypto rx=0 tx=0 comp rx=0 tx=0).connect
2024-04-20T21:19:44.418 INFO:teuthology.orchestra.run.smithi062.stdout:/usr/bin/ceph: stderr
2024-04-20T21:19:43.464+0000 7fcf1ae00700 1 -- --> [v2:172.21.15.62:3300/0,v1:172.21.15.62:6789/0] -- mon_getmap magic: 0 v1 -- 0x7fcf14108660 con 0x7fcf14107d10
2024-04-20T21:19:44.418 INFO:teuthology.orchestra.run.smithi062.stdout:/usr/bin/ceph: stderr
2024-04-20T21:19:43.464+0000 7fcf13e00700 1 --2- >> [v2:172.21.15.62:3300/0,v1:172.21.15.62:6789/0] conn(0x7fcf14107d10 0x7fcf14108120 unknown :-1 s=BANNER_CONNECTING pgs=0 cs=0 l=0 rev1=0 crypto rx=0 tx=0 comp rx=0 tx=0)._handle_peer_banner_payload supported=3 required=0
2024-04-20T21:19:44.418 INFO:teuthology.orchestra.run.smithi062.stdout:/usr/bin/ceph: stderr
2024-04-20T21:19:43.464+0000 7fcf13e00700 1 --2- >> [v2:172.21.15.62:3300/0,v1:172.21.15.62:6789/0] conn(0x7fcf14107d10 0x7fcf14108120 unknown :-1 s=HELLO_CONNECTING pgs=0 cs=0 l=0 rev1=1 crypto rx=0 tx=0 comp rx=0 tx=0).handle_hello peer v2:172.21.15.62:3300/0 says I am v2:172.21.15.62:40108/0 (socket says 172.21.15.62:40108)
2024-04-20T21:19:44.418 INFO:teuthology.orchestra.run.smithi062.stdout:/usr/bin/ceph: stderr
2024-04-20T21:19:43.464+0000 7fcf13e00700 1 -- 172.21.15.62:0/2901106052 learned_addr learned my addr 172.21.15.62:0/2901106052 (peer_addr_for_me v2:172.21.15.62:0/0)
2024-04-20T21:19:44.418 INFO:teuthology.orchestra.run.smithi062.stdout:/usr/bin/ceph: stderr
2024-04-20T21:19:43.465+0000 7fcf13e00700 1 -- 172.21.15.62:0/2901106052 --> [v2:172.21.15.62:3300/0,v1:172.21.15.62:6789/0] -- mon_subscribe({config=0+,monmap=0+}) v3 -- 0x7fcf141087a0 con 0x7fcf14107d10
2024-04-20T21:19:44.418 INFO:teuthology.orchestra.run.smithi062.stdout:/usr/bin/ceph: stderr
2024-04-20T21:19:43.465+0000 7fcf13e00700 1 --2- 172.21.15.62:0/2901106052 >> [v2:172.21.15.62:3300/0,v1:172.21.15.62:6789/0] conn(0x7fcf14107d10 0x7fcf14108120 secure :-1 s=READY pgs=88 cs=0 l=1 rev1=1 crypto rx=0x7fcf040098a0 tx=0x7fcf04009bb0 comp rx=0 tx=0).ready entity=mon.0 client_cookie=c5ca1ddf99b95c7a server_cookie=0 in_seq=0 out_seq=0
2024-04-20T21:19:44.418 INFO:teuthology.orchestra.run.smithi062.stdout:/usr/bin/ceph: stderr
2024-04-20T21:19:43.465+0000 7fcf12a00700 1 -- 172.21.15.62:0/2901106052 <== mon.0 v2:172.21.15.62:3300/0 1 ==== mon_map magic: 0 v1 ==== 229+0+0 (secure 0 0 0) 0x7fcf04004180 con 0x7fcf14107d10
2024-04-20T21:19:44.418 INFO:teuthology.orchestra.run.smithi062.stdout:/usr/bin/ceph: stderr
2024-04-20T21:19:43.465+0000 7fcf12a00700 1 -- 172.21.15.62:0/2901106052 <== mon.0 v2:172.21.15.62:3300/0 2 ==== config(27 keys) v1 ==== 1101+0+0 (secure 0 0 0) 0x7fcf040042e0 con 0x7fcf14107d10
2024-04-20T21:19:44.418 INFO:teuthology.orchestra.run.smithi062.stdout:/usr/bin/ceph: stderr
2024-04-20T21:19:43.465+0000 7fcf12a00700 1 -- 172.21.15.62:0/2901106052 <== mon.0 v2:172.21.15.62:3300/0 3 ==== mon_map magic: 0 v1 ==== 229+0+0 (secure 0 0 0) 0x7fcf04011af0 con 0x7fcf14107d10
2024-04-20T21:19:44.418 INFO:teuthology.orchestra.run.smithi062.stdout:/usr/bin/ceph: stderr
2024-04-20T21:19:43.466+0000 7fcf1ae00700 1 -- 172.21.15.62:0/2901106052 >> [v2:172.21.15.62:3300/0,v1:172.21.15.62:6789/0] conn(0x7fcf14107d10 msgr2=0x7fcf14108120 secure :-1 s=STATE_CONNECTION_ESTABLISHED l=1).mark_down
2024-04-20T21:19:44.418 INFO:teuthology.orchestra.run.smithi062.stdout:/usr/bin/ceph: stderr
2024-04-20T21:19:43.466+0000 7fcf1ae00700 1 --2- 172.21.15.62:0/2901106052 >> [v2:172.21.15.62:3300/0,v1:172.21.15.62:6789/0] conn(0x7fcf14107d10 0x7fcf14108120 secure :-1 s=READY pgs=88 cs=0 l=1 rev1=1 crypto rx=0x7fcf040098a0 tx=0x7fcf04009bb0 comp rx=0 tx=0).stop
2024-04-20T21:19:44.419 INFO:teuthology.orchestra.run.smithi062.stdout:/usr/bin/ceph: stderr
2024-04-20T21:19:43.466+0000 7fcf1ae00700 1 -- 172.21.15.62:0/2901106052 shutdown_connections
2024-04-20T21:19:44.419 INFO:teuthology.orchestra.run.smithi062.stdout:/usr/bin/ceph: stderr
2024-04-20T21:19:43.466+0000 7fcf1ae00700 1 --2- 172.21.15.62:0/2901106052 >> [v2:172.21.15.62:3300/0,v1:172.21.15.62:6789/0] conn(0x7fcf14107d10 0x7fcf14108120 unknown :-1 s=CLOSED pgs=88 cs=0 l=1 rev1=1 crypto rx=0 tx=0 comp rx=0 tx=0).stop
2024-04-20T21:19:44.419 INFO:teuthology.orchestra.run.smithi062.stdout:/usr/bin/ceph: stderr
2024-04-20T21:19:43.466+0000 7fcf1ae00700 1 -- 172.21.15.62:0/2901106052 >> 172.21.15.62:0/2901106052 conn(0x7fcf14103570 msgr2=0x7fcf14105950 unknown :-1 s=STATE_NONE l=0).mark_down
2024-04-20T21:19:44.419 INFO:teuthology.orchestra.run.smithi062.stdout:/usr/bin/ceph: stderr
2024-04-20T21:19:43.466+0000 7fcf1ae00700 1 -- 172.21.15.62:0/2901106052 shutdown_connections
2024-04-20T21:19:44.419 INFO:teuthology.orchestra.run.smithi062.stdout:/usr/bin/ceph: stderr
2024-04-20T21:19:43.466+0000 7fcf1ae00700 1 -- 172.21.15.62:0/2901106052 wait complete.
2024-04-20T21:19:44.419 INFO:teuthology.orchestra.run.smithi062.stdout:/usr/bin/ceph: stderr
2024-04-20T21:19:43.467+0000 7fcf1ae00700 1 Processor -- start
2024-04-20T21:19:44.419 INFO:teuthology.orchestra.run.smithi062.stdout:/usr/bin/ceph: stderr
2024-04-20T21:19:43.467+0000 7fcf1ae00700 1 -- start start
2024-04-20T21:19:44.419 INFO:teuthology.orchestra.run.smithi062.stdout:/usr/bin/ceph: stderr
2024-04-20T21:19:43.468+0000 7fcf1ae00700 1 --2- >> [v2:172.21.15.62:3300/0,v1:172.21.15.62:6789/0] conn(0x7fcf14107d10 0x7fcf1419ba40 unknown :-1 s=NONE pgs=0 cs=0 l=1 rev1=0 crypto rx=0 tx=0 comp rx=0 tx=0).connect
2024-04-20T21:19:44.419 INFO:teuthology.orchestra.run.smithi062.stdout:/usr/bin/ceph: stderr
2024-04-20T21:19:43.468+0000 7fcf1ae00700 1 -- --> [v2:172.21.15.62:3300/0,v1:172.21.15.62:6789/0] -- mon_getmap magic: 0 v1 -- 0x7fcf1419bf80 con 0x7fcf14107d10
2024-04-20T21:19:44.419 INFO:teuthology.orchestra.run.smithi062.stdout:/usr/bin/ceph: stderr
2024-04-20T21:19:43.468+0000 7fcf13e00700 1 --2- >> [v2:172.21.15.62:3300/0,v1:172.21.15.62:6789/0] conn(0x7fcf14107d10 0x7fcf1419ba40 unknown :-1 s=BANNER_CONNECTING pgs=0 cs=0 l=1 rev1=0 crypto rx=0 tx=0 comp rx=0 tx=0)._handle_peer_banner_payload supported=3 required=0
2024-04-20T21:19:44.419 INFO:teuthology.orchestra.run.smithi062.stdout:/usr/bin/ceph: stderr
2024-04-20T21:19:43.468+0000 7fcf13e00700 1 --2- >> [v2:172.21.15.62:3300/0,v1:172.21.15.62:6789/0] conn(0x7fcf14107d10 0x7fcf1419ba40 unknown :-1 s=HELLO_CONNECTING pgs=0 cs=0 l=1 rev1=1 crypto rx=0 tx=0 comp rx=0 tx=0).handle_hello peer v2:172.21.15.62:3300/0 says I am v2:172.21.15.62:40112/0 (socket says 172.21.15.62:40112)
2024-04-20T21:19:44.419 INFO:teuthology.orchestra.run.smithi062.stdout:/usr/bin/ceph: stderr
2024-04-20T21:19:43.468+0000 7fcf13e00700 1 -- 172.21.15.62:0/1786195899 learned_addr learned my addr 172.21.15.62:0/1786195899 (peer_addr_for_me v2:172.21.15.62:0/0)
2024-04-20T21:19:44.419 INFO:teuthology.orchestra.run.smithi062.stdout:/usr/bin/ceph: stderr
2024-04-20T21:19:43.468+0000 7fcf13e00700 1 -- 172.21.15.62:0/1786195899 --> [v2:172.21.15.62:3300/0,v1:172.21.15.62:6789/0] -- mon_subscribe({config=0+,monmap=0+}) v3 -- 0x7fcf04009550 con 0x7fcf14107d10
2024-04-20T21:19:44.419 INFO:teuthology.orchestra.run.smithi062.stdout:/usr/bin/ceph: stderr
2024-04-20T21:19:43.469+0000 7fcf13e00700 1 --2- 172.21.15.62:0/1786195899 >> [v2:172.21.15.62:3300/0,v1:172.21.15.62:6789/0] conn(0x7fcf14107d10 0x7fcf1419ba40 secure :-1 s=READY pgs=89 cs=0 l=1 rev1=1 crypto rx=0x7fcf04011ad0 tx=0x7fcf04011bb0 comp rx=0 tx=0).ready entity=mon.0 client_cookie=0 server_cookie=0 in_seq=0 out_seq=0
2024-04-20T21:19:44.420 INFO:teuthology.orchestra.run.smithi062.stdout:/usr/bin/ceph: stderr
2024-04-20T21:19:43.469+0000 7fcf10c00700 1 -- 172.21.15.62:0/1786195899 <== mon.0 v2:172.21.15.62:3300/0 1 ==== mon_map magic: 0 v1 ==== 229+0+0 (secure 0 0 0) 0x7fcf04003ab0 con 0x7fcf14107d10
2024-04-20T21:19:44.420 INFO:teuthology.orchestra.run.smithi062.stdout:/usr/bin/ceph: stderr
2024-04-20T21:19:43.469+0000 7fcf10c00700 1 -- 172.21.15.62:0/1786195899 <== mon.0 v2:172.21.15.62:3300/0 2 ==== config(27 keys) v1 ==== 1101+0+0 (secure 0 0 0) 0x7fcf04003c10 con 0x7fcf14107d10
2024-04-20T21:19:44.420 INFO:teuthology.orchestra.run.smithi062.stdout:/usr/bin/ceph: stderr
2024-04-20T21:19:43.469+0000 7fcf1ae00700 1 -- 172.21.15.62:0/1786195899 --> [v2:172.21.15.62:3300/0,v1:172.21.15.62:6789/0] -- mon_subscribe({mgrmap=0+}) v3 -- 0x7fcf1419c180 con 0x7fcf14107d10
2024-04-20T21:19:44.420 INFO:teuthology.orchestra.run.smithi062.stdout:/usr/bin/ceph: stderr
2024-04-20T21:19:43.469+0000 7fcf10c00700 1 -- 172.21.15.62:0/1786195899 <== mon.0 v2:172.21.15.62:3300/0 3 ==== mon_map magic: 0 v1 ==== 229+0+0 (secure 0 0 0) 0x7fcf040198e0 con 0x7fcf14107d10
2024-04-20T21:19:44.420 INFO:teuthology.orchestra.run.smithi062.stdout:/usr/bin/ceph: stderr
2024-04-20T21:19:43.469+0000 7fcf1ae00700 1 -- 172.21.15.62:0/1786195899 --> [v2:172.21.15.62:3300/0,v1:172.21.15.62:6789/0] -- mon_subscribe({osdmap=0}) v3 -- 0x7fcf1419c5a0 con 0x7fcf14107d10
2024-04-20T21:19:44.420 INFO:teuthology.orchestra.run.smithi062.stdout:/usr/bin/ceph: stderr
2024-04-20T21:19:43.470+0000 7fcf10c00700 1 -- 172.21.15.62:0/1786195899 <== mon.0 v2:172.21.15.62:3300/0 4 ==== mgrmap(e 13) v1 ==== 45140+0+0 (secure 0 0 0) 0x7fcf04019b50 con 0x7fcf14107d10
2024-04-20T21:19:44.420 INFO:teuthology.orchestra.run.smithi062.stdout:/usr/bin/ceph: stderr
2024-04-20T21:19:43.470+0000 7fcf1ae00700 1 -- 172.21.15.62:0/1786195899 --> [v2:172.21.15.62:3300/0,v1:172.21.15.62:6789/0] -- mon_command({"prefix": "get_command_descriptions"} v 0) v1 -- 0x7fcf14062380 con 0x7fcf14107d10
2024-04-20T21:19:44.420 INFO:teuthology.orchestra.run.smithi062.stdout:/usr/bin/ceph: stderr
2024-04-20T21:19:43.471+0000 7fcf10c00700 1 --2- 172.21.15.62:0/1786195899 >> [v2:172.21.15.62:6800/831506538,v1:172.21.15.62:6801/831506538] conn(0x7fcef8038530 0x7fcef803a9e0 unknown :-1 s=NONE pgs=0 cs=0 l=1 rev1=0 crypto rx=0 tx=0 comp rx=0 tx=0).connect
2024-04-20T21:19:44.420 INFO:teuthology.orchestra.run.smithi062.stdout:/usr/bin/ceph: stderr
2024-04-20T21:19:43.471+0000 7fcf10c00700 1 -- 172.21.15.62:0/1786195899 <== mon.0 v2:172.21.15.62:3300/0 5 ==== osd_map(3..3 src has 1..3) v4 ==== 1155+0+0 (secure 0 0 0) 0x7fcf0404c350 con 0x7fcf14107d10
2024-04-20T21:19:44.420 INFO:teuthology.orchestra.run.smithi062.stdout:/usr/bin/ceph: stderr
2024-04-20T21:19:43.471+0000 7fcf13400700 1 --2- 172.21.15.62:0/1786195899 >> [v2:172.21.15.62:6800/831506538,v1:172.21.15.62:6801/831506538] conn(0x7fcef8038530 0x7fcef803a9e0 unknown :-1 s=BANNER_CONNECTING pgs=0 cs=0 l=1 rev1=0 crypto rx=0 tx=0 comp rx=0 tx=0)._handle_peer_banner_payload supported=3 required=0
2024-04-20T21:19:44.420 INFO:teuthology.orchestra.run.smithi062.stdout:/usr/bin/ceph: stderr
2024-04-20T21:19:43.472+0000 7fcf13400700 1 --2- 172.21.15.62:0/1786195899 >> [v2:172.21.15.62:6800/831506538,v1:172.21.15.62:6801/831506538] conn(0x7fcef8038530 0x7fcef803a9e0 secure :-1 s=READY pgs=10 cs=0 l=1 rev1=1 crypto rx=0x7fcf00006fd0 tx=0x7fcf00006e40 comp rx=0 tx=0).ready entity=mgr.14164 client_cookie=0 server_cookie=0 in_seq=0 out_seq=0
2024-04-20T21:19:44.420 INFO:teuthology.orchestra.run.smithi062.stdout:/usr/bin/ceph: stderr
2024-04-20T21:19:43.476+0000 7fcf10c00700 1 -- 172.21.15.62:0/1786195899 <== mon.0 v2:172.21.15.62:3300/0 6 ==== mon_command_ack([{"prefix": "get_command_descriptions"}]=0 v0) v1 ==== 72+0+177933 (secure 0 0 0) 0x7fcf0401a430 con 0x7fcf14107d10
2024-04-20T21:19:44.420 INFO:teuthology.orchestra.run.smithi062.stdout:/usr/bin/ceph: stderr
2024-04-20T21:19:43.697+0000 7fcf1ae00700 1 -- 172.21.15.62:0/1786195899 --> [v2:172.21.15.62:3300/0,v1:172.21.15.62:6789/0] -- mon_command([{prefix=config set, name=osd_memory_target_autotune}] v 0) v1 -- 0x7fcf1419f470 con 0x7fcf14107d10
2024-04-20T21:19:44.420 INFO:teuthology.orchestra.run.smithi062.stdout:/usr/bin/ceph: stderr
2024-04-20T21:19:43.698+0000 7fcf10c00700 1 -- 172.21.15.62:0/1786195899 <== mon.0 v2:172.21.15.62:3300/0 7 ==== mon_command_ack([{prefix=config set, name=osd_memory_target_autotune}]=0 v8)=0 v8) v1 ==== 127+0+0 (secure 0 0 0) 0x7fcf04018350 con 0x7fcf14107d10
2024-04-20T21:19:44.421 INFO:teuthology.orchestra.run.smithi062.stdout:/usr/bin/ceph: stderr
2024-04-20T21:19:43.702+0000 7fcf1ae00700 1 -- 172.21.15.62:0/1786195899 >> [v2:172.21.15.62:6800/831506538,v1:172.21.15.62:6801/831506538] conn(0x7fcef8038530 msgr2=0x7fcef803a9e0 secure :-1 s=STATE_CONNECTION_ESTABLISHED l=1).mark_down
2024-04-20T21:19:44.421 INFO:teuthology.orchestra.run.smithi062.stdout:/usr/bin/ceph: stderr
2024-04-20T21:19:43.702+0000 7fcf1ae00700 1 --2- 172.21.15.62:0/1786195899 >> [v2:172.21.15.62:6800/831506538,v1:172.21.15.62:6801/831506538] conn(0x7fcef8038530 0x7fcef803a9e0 secure :-1 s=READY pgs=10 cs=0 l=1 rev1=1 crypto rx=0x7fcf00006fd0 tx=0x7fcf00006e40 comp rx=0 tx=0).stop
2024-04-20T21:19:44.421 INFO:teuthology.orchestra.run.smithi062.stdout:/usr/bin/ceph: stderr
2024-04-20T21:19:43.702+0000 7fcf1ae00700 1 -- 172.21.15.62:0/1786195899 >> [v2:172.21.15.62:3300/0,v1:172.21.15.62:6789/0] conn(0x7fcf14107d10 msgr2=0x7fcf1419ba40 secure :-1 s=STATE_CONNECTION_ESTABLISHED l=1).mark_down
2024-04-20T21:19:44.421 INFO:teuthology.orchestra.run.smithi062.stdout:/usr/bin/ceph: stderr
2024-04-20T21:19:43.702+0000 7fcf1ae00700 1 --2- 172.21.15.62:0/1786195899 >> [v2:172.21.15.62:3300/0,v1:172.21.15.62:6789/0] conn(0x7fcf14107d10 0x7fcf1419ba40 secure :-1 s=READY pgs=89 cs=0 l=1 rev1=1 crypto rx=0x7fcf04011ad0 tx=0x7fcf04011bb0 comp rx=0 tx=0).stop
2024-04-20T21:19:44.421 INFO:teuthology.orchestra.run.smithi062.stdout:/usr/bin/ceph: stderr
2024-04-20T21:19:43.702+0000 7fcf1ae00700 1 -- 172.21.15.62:0/1786195899 shutdown_connections
2024-04-20T21:19:44.421 INFO:teuthology.orchestra.run.smithi062.stdout:/usr/bin/ceph: stderr
2024-04-20T21:19:43.702+0000 7fcf1ae00700 1 --2- 172.21.15.62:0/1786195899 >> [v2:172.21.15.62:6800/831506538,v1:172.21.15.62:6801/831506538] conn(0x7fcef8038530 0x7fcef803a9e0 unknown :-1 s=CLOSED pgs=10 cs=0 l=1 rev1=1 crypto rx=0 tx=0 comp rx=0 tx=0).stop
2024-04-20T21:19:44.421 INFO:teuthology.orchestra.run.smithi062.stdout:/usr/bin/ceph: stderr
2024-04-20T21:19:43.702+0000 7fcf1ae00700 1 --2- 172.21.15.62:0/1786195899 >> [v2:172.21.15.62:3300/0,v1:172.21.15.62:6789/0] conn(0x7fcf14107d10 0x7fcf1419ba40 unknown :-1 s=CLOSED pgs=89 cs=0 l=1 rev1=1 crypto rx=0 tx=0 comp rx=0 tx=0).stop
2024-04-20T21:19:44.421 INFO:teuthology.orchestra.run.smithi062.stdout:/usr/bin/ceph: stderr
2024-04-20T21:19:43.702+0000 7fcf1ae00700 1 -- 172.21.15.62:0/1786195899 >> 172.21.15.62:0/1786195899 conn(0x7fcf14103570 msgr2=0x7fcf14105320 unknown :-1 s=STATE_NONE l=0).mark_down
2024-04-20T21:19:44.421 INFO:teuthology.orchestra.run.smithi062.stdout:/usr/bin/ceph: stderr
2024-04-20T21:19:43.702+0000 7fcf1ae00700 1 -- 172.21.15.62:0/1786195899 shutdown_connections
2024-04-20T21:19:44.421 INFO:teuthology.orchestra.run.smithi062.stdout:/usr/bin/ceph: stderr
2024-04-20T21:19:43.702+0000 7fcf1ae00700 1 -- 172.21.15.62:0/1786195899 wait complete.
2024-04-20T21:19:46.130 INFO:teuthology.orchestra.run.smithi062.stdout:/usr/bin/ceph: stderr
2024-04-20T21:19:45.161+0000 7f4560800700 1 Processor -- start
2024-04-20T21:19:46.130 INFO:teuthology.orchestra.run.smithi062.stdout:/usr/bin/ceph: stderr
2024-04-20T21:19:45.162+0000 7f4560800700 1 -- start start
2024-04-20T21:19:46.131 INFO:teuthology.orchestra.run.smithi062.stdout:/usr/bin/ceph: stderr
2024-04-20T21:19:45.162+0000 7f4560800700 1 --2- >> [v2:172.21.15.62:3300/0,v1:172.21.15.62:6789/0] conn(0x7f4558107d00 0x7f4558108110 unknown :-1 s=NONE pgs=0 cs=0 l=0 rev1=0 crypto rx=0 tx=0 comp rx=0 tx=0).connect
2024-04-20T21:19:46.131 INFO:teuthology.orchestra.run.smithi062.stdout:/usr/bin/ceph: stderr
2024-04-20T21:19:45.162+0000 7f4560800700 1 -- --> [v2:172.21.15.62:3300/0,v1:172.21.15.62:6789/0] -- mon_getmap magic: 0 v1 -- 0x7f4558108650 con 0x7f4558107d00
2024-04-20T21:19:46.131 INFO:teuthology.orchestra.run.smithi062.stdout:/usr/bin/ceph: stderr
2024-04-20T21:19:45.162+0000 7f455de00700 1 --2- >> [v2:172.21.15.62:3300/0,v1:172.21.15.62:6789/0] conn(0x7f4558107d00 0x7f4558108110 unknown :-1 s=BANNER_CONNECTING pgs=0 cs=0 l=0 rev1=0 crypto rx=0 tx=0 comp rx=0 tx=0)._handle_peer_banner_payload supported=3 required=0
2024-04-20T21:19:46.131 INFO:teuthology.orchestra.run.smithi062.stdout:/usr/bin/ceph: stderr
2024-04-20T21:19:45.162+0000 7f455de00700 1 --2- >> [v2:172.21.15.62:3300/0,v1:172.21.15.62:6789/0] conn(0x7f4558107d00 0x7f4558108110 unknown :-1 s=HELLO_CONNECTING pgs=0 cs=0 l=0 rev1=1 crypto rx=0 tx=0 comp rx=0 tx=0).handle_hello peer v2:172.21.15.62:3300/0 says I am v2:172.21.15.62:40128/0 (socket says 172.21.15.62:40128)
2024-04-20T21:19:46.131 INFO:teuthology.orchestra.run.smithi062.stdout:/usr/bin/ceph: stderr
2024-04-20T21:19:45.163+0000 7f455de00700 1 -- 172.21.15.62:0/1652940413 learned_addr learned my addr 172.21.15.62:0/1652940413 (peer_addr_for_me v2:172.21.15.62:0/0)
2024-04-20T21:19:46.132 INFO:teuthology.orchestra.run.smithi062.stdout:/usr/bin/ceph: stderr
2024-04-20T21:19:45.163+0000 7f455de00700 1 -- 172.21.15.62:0/1652940413 --> [v2:172.21.15.62:3300/0,v1:172.21.15.62:6789/0] -- mon_subscribe({config=0+,monmap=0+}) v3 -- 0x7f4558108790 con 0x7f4558107d00
2024-04-20T21:19:46.132 INFO:teuthology.orchestra.run.smithi062.stdout:/usr/bin/ceph: stderr
2024-04-20T21:19:45.163+0000 7f455de00700 1 --2- 172.21.15.62:0/1652940413 >> [v2:172.21.15.62:3300/0,v1:172.21.15.62:6789/0] conn(0x7f4558107d00 0x7f4558108110 secure :-1 s=READY pgs=90 cs=0 l=1 rev1=1 crypto rx=0x7f454c0098a0 tx=0x7f454c009bb0 comp rx=0 tx=0).ready entity=mon.0 client_cookie=400b2b98ba8aebdf server_cookie=0 in_seq=0 out_seq=0
2024-04-20T21:19:46.132 INFO:teuthology.orchestra.run.smithi062.stdout:/usr/bin/ceph: stderr
2024-04-20T21:19:45.163+0000 7f455ca00700 1 -- 172.21.15.62:0/1652940413 <== mon.0 v2:172.21.15.62:3300/0 1 ==== mon_map magic: 0 v1 ==== 229+0+0 (secure 0 0 0) 0x7f454c004180 con 0x7f4558107d00
2024-04-20T21:19:46.132 INFO:teuthology.orchestra.run.smithi062.stdout:/usr/bin/ceph: stderr
2024-04-20T21:19:45.164+0000 7f455ca00700 1 -- 172.21.15.62:0/1652940413 <== mon.0 v2:172.21.15.62:3300/0 2 ==== config(27 keys) v1 ==== 1101+0+0 (secure 0 0 0) 0x7f454c0042e0 con 0x7f4558107d00
2024-04-20T21:19:46.132 INFO:teuthology.orchestra.run.smithi062.stdout:/usr/bin/ceph: stderr
2024-04-20T21:19:45.164+0000 7f455ca00700 1 -- 172.21.15.62:0/1652940413 <== mon.0 v2:172.21.15.62:3300/0 3 ==== mon_map magic: 0 v1 ==== 229+0+0 (secure 0 0 0) 0x7f454c011af0 con 0x7f4558107d00
2024-04-20T21:19:46.132 INFO:teuthology.orchestra.run.smithi062.stdout:/usr/bin/ceph: stderr
2024-04-20T21:19:45.164+0000 7f4560800700 1 -- 172.21.15.62:0/1652940413 >> [v2:172.21.15.62:3300/0,v1:172.21.15.62:6789/0] conn(0x7f4558107d00 msgr2=0x7f4558108110 secure :-1 s=STATE_CONNECTION_ESTABLISHED l=1).mark_down
2024-04-20T21:19:46.133 INFO:teuthology.orchestra.run.smithi062.stdout:/usr/bin/ceph: stderr
2024-04-20T21:19:45.164+0000 7f4560800700 1 --2- 172.21.15.62:0/1652940413 >> [v2:172.21.15.62:3300/0,v1:172.21.15.62:6789/0] conn(0x7f4558107d00 0x7f4558108110 secure :-1 s=READY pgs=90 cs=0 l=1 rev1=1 crypto rx=0x7f454c0098a0 tx=0x7f454c009bb0 comp rx=0 tx=0).stop
2024-04-20T21:19:46.133 INFO:teuthology.orchestra.run.smithi062.stdout:/usr/bin/ceph: stderr
2024-04-20T21:19:45.164+0000 7f4560800700 1 -- 172.21.15.62:0/1652940413 shutdown_connections
2024-04-20T21:19:46.134 INFO:teuthology.orchestra.run.smithi062.stdout:/usr/bin/ceph: stderr
2024-04-20T21:19:45.164+0000 7f4560800700 1 --2- 172.21.15.62:0/1652940413 >> [v2:172.21.15.62:3300/0,v1:172.21.15.62:6789/0] conn(0x7f4558107d00 0x7f4558108110 unknown :-1 s=CLOSED pgs=90 cs=0 l=1 rev1=1 crypto rx=0 tx=0 comp rx=0 tx=0).stop
2024-04-20T21:19:46.134 INFO:teuthology.orchestra.run.smithi062.stdout:/usr/bin/ceph: stderr
2024-04-20T21:19:45.164+0000 7f4560800700 1 -- 172.21.15.62:0/1652940413 >> 172.21.15.62:0/1652940413 conn(0x7f455807b220 msgr2=0x7f455807b640 unknown :-1 s=STATE_NONE l=0).mark_down
2024-04-20T21:19:46.134 INFO:teuthology.orchestra.run.smithi062.stdout:/usr/bin/ceph: stderr
2024-04-20T21:19:45.164+0000 7f4560800700 1 -- 172.21.15.62:0/1652940413 shutdown_connections
2024-04-20T21:19:46.134 INFO:teuthology.orchestra.run.smithi062.stdout:/usr/bin/ceph: stderr
2024-04-20T21:19:45.165+0000 7f4560800700 1 -- 172.21.15.62:0/1652940413 wait complete.
2024-04-20T21:19:46.134 INFO:teuthology.orchestra.run.smithi062.stdout:/usr/bin/ceph: stderr
2024-04-20T21:19:45.166+0000 7f4560800700 1 Processor -- start
2024-04-20T21:19:46.134 INFO:teuthology.orchestra.run.smithi062.stdout:/usr/bin/ceph: stderr
2024-04-20T21:19:45.166+0000 7f4560800700 1 -- start start
2024-04-20T21:19:46.134 INFO:teuthology.orchestra.run.smithi062.stdout:/usr/bin/ceph: stderr
2024-04-20T21:19:45.166+0000 7f4560800700 1 --2- >> [v2:172.21.15.62:3300/0,v1:172.21.15.62:6789/0] conn(0x7f4558107d00 0x7f455819bab0 unknown :-1 s=NONE pgs=0 cs=0 l=1 rev1=0 crypto rx=0 tx=0 comp rx=0 tx=0).connect
2024-04-20T21:19:46.134 INFO:teuthology.orchestra.run.smithi062.stdout:/usr/bin/ceph: stderr
2024-04-20T21:19:45.166+0000 7f4560800700 1 -- --> [v2:172.21.15.62:3300/0,v1:172.21.15.62:6789/0] -- mon_getmap magic: 0 v1 -- 0x7f455819bff0 con 0x7f4558107d00
2024-04-20T21:19:46.136 INFO:teuthology.orchestra.run.smithi062.stdout:/usr/bin/ceph: stderr
2024-04-20T21:19:45.167+0000 7f455de00700 1 --2- >> [v2:172.21.15.62:3300/0,v1:172.21.15.62:6789/0] conn(0x7f4558107d00 0x7f455819bab0 unknown :-1 s=BANNER_CONNECTING pgs=0 cs=0 l=1 rev1=0 crypto rx=0 tx=0 comp rx=0 tx=0)._handle_peer_banner_payload supported=3 required=0
2024-04-20T21:19:46.136 INFO:teuthology.orchestra.run.smithi062.stdout:/usr/bin/ceph: stderr
2024-04-20T21:19:45.167+0000 7f455de00700 1 --2- >> [v2:172.21.15.62:3300/0,v1:172.21.15.62:6789/0] conn(0x7f4558107d00 0x7f455819bab0 unknown :-1 s=HELLO_CONNECTING pgs=0 cs=0 l=1 rev1=1 crypto rx=0 tx=0 comp rx=0 tx=0).handle_hello peer v2:172.21.15.62:3300/0 says I am v2:172.21.15.62:40132/0 (socket says 172.21.15.62:40132)
2024-04-20T21:19:46.136 INFO:teuthology.orchestra.run.smithi062.stdout:/usr/bin/ceph: stderr
2024-04-20T21:19:45.167+0000 7f455de00700 1 -- 172.21.15.62:0/3394098836 learned_addr learned my addr 172.21.15.62:0/3394098836 (peer_addr_for_me v2:172.21.15.62:0/0)
2024-04-20T21:19:46.136 INFO:teuthology.orchestra.run.smithi062.stdout:/usr/bin/ceph: stderr
2024-04-20T21:19:45.167+0000 7f455de00700 1 -- 172.21.15.62:0/3394098836 --> [v2:172.21.15.62:3300/0,v1:172.21.15.62:6789/0] -- mon_subscribe({config=0+,monmap=0+}) v3 -- 0x7f454c009550 con 0x7f4558107d00
2024-04-20T21:19:46.136 INFO:teuthology.orchestra.run.smithi062.stdout:/usr/bin/ceph: stderr
2024-04-20T21:19:45.168+0000 7f455de00700 1 --2- 172.21.15.62:0/3394098836 >> [v2:172.21.15.62:3300/0,v1:172.21.15.62:6789/0] conn(0x7f4558107d00 0x7f455819bab0 secure :-1 s=READY pgs=91 cs=0 l=1 rev1=1 crypto rx=0x7f454c011ad0 tx=0x7f454c011bb0 comp rx=0 tx=0).ready entity=mon.0 client_cookie=0 server_cookie=0 in_seq=0 out_seq=0
2024-04-20T21:19:46.136 INFO:teuthology.orchestra.run.smithi062.stdout:/usr/bin/ceph: stderr
2024-04-20T21:19:45.168+0000 7f4552a00700 1 -- 172.21.15.62:0/3394098836 <== mon.0 v2:172.21.15.62:3300/0 1 ==== mon_map magic: 0 v1 ==== 229+0+0 (secure 0 0 0) 0x7f454c003ab0 con 0x7f4558107d00
2024-04-20T21:19:46.136 INFO:teuthology.orchestra.run.smithi062.stdout:/usr/bin/ceph: stderr
2024-04-20T21:19:45.168+0000 7f4552a00700 1 -- 172.21.15.62:0/3394098836 <== mon.0 v2:172.21.15.62:3300/0 2 ==== config(27 keys) v1 ==== 1101+0+0 (secure 0 0 0) 0x7f454c003c10 con 0x7f4558107d00
2024-04-20T21:19:46.136 INFO:teuthology.orchestra.run.smithi062.stdout:/usr/bin/ceph: stderr
2024-04-20T21:19:45.168+0000 7f4560800700 1 -- 172.21.15.62:0/3394098836 --> [v2:172.21.15.62:3300/0,v1:172.21.15.62:6789/0] -- mon_subscribe({mgrmap=0+}) v3 -- 0x7f455819c1f0 con 0x7f4558107d00
2024-04-20T21:19:46.136 INFO:teuthology.orchestra.run.smithi062.stdout:/usr/bin/ceph: stderr
2024-04-20T21:19:45.168+0000 7f4552a00700 1 -- 172.21.15.62:0/3394098836 <== mon.0 v2:172.21.15.62:3300/0 3 ==== mon_map magic: 0 v1 ==== 229+0+0 (secure 0 0 0) 0x7f454c0198e0 con 0x7f4558107d00
2024-04-20T21:19:46.136 INFO:teuthology.orchestra.run.smithi062.stdout:/usr/bin/ceph: stderr
2024-04-20T21:19:45.168+0000 7f4560800700 1 -- 172.21.15.62:0/3394098836 --> [v2:172.21.15.62:3300/0,v1:172.21.15.62:6789/0] -- mon_subscribe({osdmap=0}) v3 -- 0x7f455819c610 con 0x7f4558107d00
2024-04-20T21:19:46.136 INFO:teuthology.orchestra.run.smithi062.stdout:/usr/bin/ceph: stderr
2024-04-20T21:19:45.169+0000 7f4552a00700 1 -- 172.21.15.62:0/3394098836 <== mon.0 v2:172.21.15.62:3300/0 4 ==== mgrmap(e 13) v1 ==== 45140+0+0 (secure 0 0 0) 0x7f454c019b50 con 0x7f4558107d00
2024-04-20T21:19:46.138 INFO:teuthology.orchestra.run.smithi062.stdout:/usr/bin/ceph: stderr
2024-04-20T21:19:45.169+0000 7f4560800700 1 -- 172.21.15.62:0/3394098836 --> [v2:172.21.15.62:3300/0,v1:172.21.15.62:6789/0] -- mon_command({"prefix": "get_command_descriptions"} v 0) v1 -- 0x7f4558062380 con 0x7f4558107d00
2024-04-20T21:19:46.138 INFO:teuthology.orchestra.run.smithi062.stdout:/usr/bin/ceph: stderr
2024-04-20T21:19:45.170+0000 7f4552a00700 1 --2- 172.21.15.62:0/3394098836 >> [v2:172.21.15.62:6800/831506538,v1:172.21.15.62:6801/831506538] conn(0x7f4540038530 0x7f454003a9e0 unknown :-1 s=NONE pgs=0 cs=0 l=1 rev1=0 crypto rx=0 tx=0 comp rx=0 tx=0).connect
2024-04-20T21:19:46.138 INFO:teuthology.orchestra.run.smithi062.stdout:/usr/bin/ceph: stderr
2024-04-20T21:19:45.170+0000 7f4552a00700 1 -- 172.21.15.62:0/3394098836 <== mon.0 v2:172.21.15.62:3300/0 5 ==== osd_map(3..3 src has 1..3) v4 ==== 1155+0+0 (secure 0 0 0) 0x7f454c04c610 con 0x7f4558107d00
2024-04-20T21:19:46.138 INFO:teuthology.orchestra.run.smithi062.stdout:/usr/bin/ceph: stderr
2024-04-20T21:19:45.170+0000 7f455d400700 1 --2- 172.21.15.62:0/3394098836 >> [v2:172.21.15.62:6800/831506538,v1:172.21.15.62:6801/831506538] conn(0x7f4540038530 0x7f454003a9e0 unknown :-1 s=BANNER_CONNECTING pgs=0 cs=0 l=1 rev1=0 crypto rx=0 tx=0 comp rx=0 tx=0)._handle_peer_banner_payload supported=3 required=0
2024-04-20T21:19:46.138 INFO:teuthology.orchestra.run.smithi062.stdout:/usr/bin/ceph: stderr
2024-04-20T21:19:45.171+0000 7f455d400700 1 --2- 172.21.15.62:0/3394098836 >> [v2:172.21.15.62:6800/831506538,v1:172.21.15.62:6801/831506538] conn(0x7f4540038530 0x7f454003a9e0 secure :-1 s=READY pgs=11 cs=0 l=1 rev1=1 crypto rx=0x7f4548006fd0 tx=0x7f4548006e40 comp rx=0 tx=0).ready entity=mgr.14164 client_cookie=0 server_cookie=0 in_seq=0 out_seq=0
2024-04-20T21:19:46.138 INFO:teuthology.orchestra.run.smithi062.stdout:/usr/bin/ceph: stderr
2024-04-20T21:19:45.175+0000 7f4552a00700 1 -- 172.21.15.62:0/3394098836 <== mon.0 v2:172.21.15.62:3300/0 6 ==== mon_command_ack([{"prefix": "get_command_descriptions"}]=0 v0) v1 ==== 72+0+177933 (secure 0 0 0) 0x7f454c02b300 con 0x7f4558107d00
2024-04-20T21:19:46.138 INFO:teuthology.orchestra.run.smithi062.stdout:/usr/bin/ceph: stderr
2024-04-20T21:19:45.517+0000 7f4560800700 1 -- 172.21.15.62:0/3394098836 --> [v2:172.21.15.62:3300/0,v1:172.21.15.62:6789/0] -- mon_command([{prefix=config-key set, key=mgr/dashboard/cluster/status}] v 0) v1 -- 0x7f455819f470 con 0x7f4558107d00
2024-04-20T21:19:46.138 INFO:teuthology.orchestra.run.smithi062.stdout:/usr/bin/ceph: stderr
2024-04-20T21:19:45.523+0000 7f4552a00700 1 -- 172.21.15.62:0/3394098836 <== mon.0 v2:172.21.15.62:3300/0 7 ==== mon_command_ack([{prefix=config-key set, key=mgr/dashboard/cluster/status}]=0 set mgr/dashboard/cluster/status v34)=0 set mgr/dashboard/cluster/status v34) v1 ==== 153+0+0 (secure 0 0 0) 0x7f454c010b70 con 0x7f4558107d00
2024-04-20T21:19:46.139 INFO:teuthology.orchestra.run.smithi062.stdout:/usr/bin/ceph: stderr
2024-04-20T21:19:45.525+0000 7f4560800700 1 -- 172.21.15.62:0/3394098836 >> [v2:172.21.15.62:6800/831506538,v1:172.21.15.62:6801/831506538] conn(0x7f4540038530 msgr2=0x7f454003a9e0 secure :-1 s=STATE_CONNECTION_ESTABLISHED l=1).mark_down
2024-04-20T21:19:46.139 INFO:teuthology.orchestra.run.smithi062.stdout:/usr/bin/ceph: stderr
2024-04-20T21:19:45.525+0000 7f4560800700 1 --2- 172.21.15.62:0/3394098836 >> [v2:172.21.15.62:6800/831506538,v1:172.21.15.62:6801/831506538] conn(0x7f4540038530 0x7f454003a9e0 secure :-1 s=READY pgs=11 cs=0 l=1 rev1=1 crypto rx=0x7f4548006fd0 tx=0x7f4548006e40 comp rx=0 tx=0).stop
2024-04-20T21:19:46.139 INFO:teuthology.orchestra.run.smithi062.stdout:/usr/bin/ceph: stderr
2024-04-20T21:19:45.525+0000 7f4560800700 1 -- 172.21.15.62:0/3394098836 >> [v2:172.21.15.62:3300/0,v1:172.21.15.62:6789/0] conn(0x7f4558107d00 msgr2=0x7f455819bab0 secure :-1 s=STATE_CONNECTION_ESTABLISHED l=1).mark_down
2024-04-20T21:19:46.139 INFO:teuthology.orchestra.run.smithi062.stdout:/usr/bin/ceph: stderr
2024-04-20T21:19:45.525+0000 7f4560800700 1 --2- 172.21.15.62:0/3394098836 >> [v2:172.21.15.62:3300/0,v1:172.21.15.62:6789/0] conn(0x7f4558107d00 0x7f455819bab0 secure :-1 s=READY pgs=91 cs=0 l=1 rev1=1 crypto rx=0x7f454c011ad0 tx=0x7f454c011bb0 comp rx=0 tx=0).stop
2024-04-20T21:19:46.139 INFO:teuthology.orchestra.run.smithi062.stdout:/usr/bin/ceph: stderr
2024-04-20T21:19:45.525+0000 7f4560800700 1 -- 172.21.15.62:0/3394098836 shutdown_connections
2024-04-20T21:19:46.140 INFO:teuthology.orchestra.run.smithi062.stdout:/usr/bin/ceph: stderr
2024-04-20T21:19:45.525+0000 7f4560800700 1 --2- 172.21.15.62:0/3394098836 >> [v2:172.21.15.62:6800/831506538,v1:172.21.15.62:6801/831506538] conn(0x7f4540038530 0x7f454003a9e0 unknown :-1 s=CLOSED pgs=11 cs=0 l=1 rev1=1 crypto rx=0 tx=0 comp rx=0 tx=0).stop
2024-04-20T21:19:46.140 INFO:teuthology.orchestra.run.smithi062.stdout:/usr/bin/ceph: stderr
2024-04-20T21:19:45.525+0000 7f4560800700 1 --2- 172.21.15.62:0/3394098836 >> [v2:172.21.15.62:3300/0,v1:172.21.15.62:6789/0] conn(0x7f4558107d00 0x7f455819bab0 unknown :-1 s=CLOSED pgs=91 cs=0 l=1 rev1=1 crypto rx=0 tx=0 comp rx=0 tx=0).stop
2024-04-20T21:19:46.140 INFO:teuthology.orchestra.run.smithi062.stdout:/usr/bin/ceph: stderr
