2024-04-20T21:18:44.285 INFO:journalctl@ceph.mon.smithi062.smithi062.stdout:Apr 20 21:18:44 smithi062 ceph-mon[16221]: from='client.? 172.21.15.62:0/3641939557' entity='client.admin' cmd=[{"prefix": "mgr module enable", "module": "cephadm"}]: dispatch
2024-04-20T21:18:44.672 INFO:teuthology.orchestra.run.smithi062.stdout:/usr/bin/ceph: stderr
2024-04-20T21:18:43.714+0000 7f2839400700 1 Processor -- start
2024-04-20T21:18:44.672 INFO:teuthology.orchestra.run.smithi062.stdout:/usr/bin/ceph: stderr
2024-04-20T21:18:43.714+0000 7f2839400700 1 -- start start
2024-04-20T21:18:44.672 INFO:teuthology.orchestra.run.smithi062.stdout:/usr/bin/ceph: stderr
2024-04-20T21:18:43.714+0000 7f2839400700 1 --2- >> [v2:172.21.15.62:3300/0,v1:172.21.15.62:6789/0] conn(0x7f2834107d00 0x7f2834108110 unknown :-1 s=NONE pgs=0 cs=0 l=0 rev1=0 crypto rx=0 tx=0 comp rx=0 tx=0).connect
2024-04-20T21:18:44.672 INFO:teuthology.orchestra.run.smithi062.stdout:/usr/bin/ceph: stderr
2024-04-20T21:18:43.715+0000 7f2839400700 1 -- --> [v2:172.21.15.62:3300/0,v1:172.21.15.62:6789/0] -- mon_getmap magic: 0 v1 -- 0x7f2834108650 con 0x7f2834107d00
2024-04-20T21:18:44.672 INFO:teuthology.orchestra.run.smithi062.stdout:/usr/bin/ceph: stderr
2024-04-20T21:18:43.715+0000 7f2832800700 1 --2- >> [v2:172.21.15.62:3300/0,v1:172.21.15.62:6789/0] conn(0x7f2834107d00 0x7f2834108110 unknown :-1 s=BANNER_CONNECTING pgs=0 cs=0 l=0 rev1=0 crypto rx=0 tx=0 comp rx=0 tx=0)._handle_peer_banner_payload supported=3 required=0
2024-04-20T21:18:44.672 INFO:teuthology.orchestra.run.smithi062.stdout:/usr/bin/ceph: stderr
2024-04-20T21:18:43.715+0000 7f2832800700 1 --2- >> [v2:172.21.15.62:3300/0,v1:172.21.15.62:6789/0] conn(0x7f2834107d00 0x7f2834108110 unknown :-1 s=HELLO_CONNECTING pgs=0 cs=0 l=0 rev1=1 crypto rx=0 tx=0 comp rx=0 tx=0).handle_hello peer v2:172.21.15.62:3300/0 says I am v2:172.21.15.62:48062/0 (socket says 172.21.15.62:48062)
2024-04-20T21:18:44.672 INFO:teuthology.orchestra.run.smithi062.stdout:/usr/bin/ceph: stderr
2024-04-20T21:18:43.715+0000 7f2832800700 1 -- 172.21.15.62:0/1890939344 learned_addr learned my addr 172.21.15.62:0/1890939344 (peer_addr_for_me v2:172.21.15.62:0/0)
2024-04-20T21:18:44.672 INFO:teuthology.orchestra.run.smithi062.stdout:/usr/bin/ceph: stderr
2024-04-20T21:18:43.715+0000 7f2832800700 1 -- 172.21.15.62:0/1890939344 --> [v2:172.21.15.62:3300/0,v1:172.21.15.62:6789/0] -- mon_subscribe({config=0+,monmap=0+}) v3 -- 0x7f2834108790 con 0x7f2834107d00
2024-04-20T21:18:44.672 INFO:teuthology.orchestra.run.smithi062.stdout:/usr/bin/ceph: stderr
2024-04-20T21:18:43.716+0000 7f2832800700 1 --2- 172.21.15.62:0/1890939344 >> [v2:172.21.15.62:3300/0,v1:172.21.15.62:6789/0] conn(0x7f2834107d00 0x7f2834108110 secure :-1 s=READY pgs=22 cs=0 l=1 rev1=1 crypto rx=0x7f28240098a0 tx=0x7f2824009bb0 comp rx=0 tx=0).ready entity=mon.0 client_cookie=4fc87cfc27ea6d47 server_cookie=0 in_seq=0 out_seq=0
2024-04-20T21:18:44.673 INFO:teuthology.orchestra.run.smithi062.stdout:/usr/bin/ceph: stderr
2024-04-20T21:18:43.716+0000 7f2831400700 1 -- 172.21.15.62:0/1890939344 <== mon.0 v2:172.21.15.62:3300/0 1 ==== mon_map magic: 0 v1 ==== 229+0+0 (secure 0 0 0) 0x7f2824004180 con 0x7f2834107d00
2024-04-20T21:18:44.673 INFO:teuthology.orchestra.run.smithi062.stdout:/usr/bin/ceph: stderr
2024-04-20T21:18:43.716+0000 7f2831400700 1 -- 172.21.15.62:0/1890939344 <== mon.0 v2:172.21.15.62:3300/0 2 ==== config(27 keys) v1 ==== 1037+0+0 (secure 0 0 0) 0x7f28240042e0 con 0x7f2834107d00
2024-04-20T21:18:44.673 INFO:teuthology.orchestra.run.smithi062.stdout:/usr/bin/ceph: stderr
2024-04-20T21:18:43.716+0000 7f2831400700 1 -- 172.21.15.62:0/1890939344 <== mon.0 v2:172.21.15.62:3300/0 3 ==== mon_map magic: 0 v1 ==== 229+0+0 (secure 0 0 0) 0x7f2824011a50 con 0x7f2834107d00
2024-04-20T21:18:44.673 INFO:teuthology.orchestra.run.smithi062.stdout:/usr/bin/ceph: stderr
2024-04-20T21:18:43.717+0000 7f2839400700 1 -- 172.21.15.62:0/1890939344 >> [v2:172.21.15.62:3300/0,v1:172.21.15.62:6789/0] conn(0x7f2834107d00 msgr2=0x7f2834108110 secure :-1 s=STATE_CONNECTION_ESTABLISHED l=1).mark_down
2024-04-20T21:18:44.673 INFO:teuthology.orchestra.run.smithi062.stdout:/usr/bin/ceph: stderr
2024-04-20T21:18:43.717+0000 7f2839400700 1 --2- 172.21.15.62:0/1890939344 >> [v2:172.21.15.62:3300/0,v1:172.21.15.62:6789/0] conn(0x7f2834107d00 0x7f2834108110 secure :-1 s=READY pgs=22 cs=0 l=1 rev1=1 crypto rx=0x7f28240098a0 tx=0x7f2824009bb0 comp rx=0 tx=0).stop
2024-04-20T21:18:44.673 INFO:teuthology.orchestra.run.smithi062.stdout:/usr/bin/ceph: stderr
2024-04-20T21:18:43.717+0000 7f2839400700 1 -- 172.21.15.62:0/1890939344 shutdown_connections
2024-04-20T21:18:44.673 INFO:teuthology.orchestra.run.smithi062.stdout:/usr/bin/ceph: stderr
2024-04-20T21:18:43.717+0000 7f2839400700 1 --2- 172.21.15.62:0/1890939344 >> [v2:172.21.15.62:3300/0,v1:172.21.15.62:6789/0] conn(0x7f2834107d00 0x7f2834108110 unknown :-1 s=CLOSED pgs=22 cs=0 l=1 rev1=1 crypto rx=0 tx=0 comp rx=0 tx=0).stop
2024-04-20T21:18:44.673 INFO:teuthology.orchestra.run.smithi062.stdout:/usr/bin/ceph: stderr
2024-04-20T21:18:43.717+0000 7f2839400700 1 -- 172.21.15.62:0/1890939344 >> 172.21.15.62:0/1890939344 conn(0x7f283407b220 msgr2=0x7f283407b620 unknown :-1 s=STATE_NONE l=0).mark_down
2024-04-20T21:18:44.673 INFO:teuthology.orchestra.run.smithi062.stdout:/usr/bin/ceph: stderr
2024-04-20T21:18:43.717+0000 7f2839400700 1 -- 172.21.15.62:0/1890939344 shutdown_connections
2024-04-20T21:18:44.673 INFO:teuthology.orchestra.run.smithi062.stdout:/usr/bin/ceph: stderr
2024-04-20T21:18:43.717+0000 7f2839400700 1 -- 172.21.15.62:0/1890939344 wait complete.
2024-04-20T21:18:44.673 INFO:teuthology.orchestra.run.smithi062.stdout:/usr/bin/ceph: stderr
2024-04-20T21:18:43.718+0000 7f2839400700 1 Processor -- start
2024-04-20T21:18:44.673 INFO:teuthology.orchestra.run.smithi062.stdout:/usr/bin/ceph: stderr
2024-04-20T21:18:43.719+0000 7f2839400700 1 -- start start
2024-04-20T21:18:44.673 INFO:teuthology.orchestra.run.smithi062.stdout:/usr/bin/ceph: stderr
2024-04-20T21:18:43.719+0000 7f2839400700 1 --2- >> [v2:172.21.15.62:3300/0,v1:172.21.15.62:6789/0] conn(0x7f2834107d00 0x7f283419ba80 unknown :-1 s=NONE pgs=0 cs=0 l=1 rev1=0 crypto rx=0 tx=0 comp rx=0 tx=0).connect
2024-04-20T21:18:44.674 INFO:teuthology.orchestra.run.smithi062.stdout:/usr/bin/ceph: stderr
2024-04-20T21:18:43.719+0000 7f2839400700 1 -- --> [v2:172.21.15.62:3300/0,v1:172.21.15.62:6789/0] -- mon_getmap magic: 0 v1 -- 0x7f283419bfc0 con 0x7f2834107d00
2024-04-20T21:18:44.674 INFO:teuthology.orchestra.run.smithi062.stdout:/usr/bin/ceph: stderr
2024-04-20T21:18:43.719+0000 7f2832800700 1 --2- >> [v2:172.21.15.62:3300/0,v1:172.21.15.62:6789/0] conn(0x7f2834107d00 0x7f283419ba80 unknown :-1 s=BANNER_CONNECTING pgs=0 cs=0 l=1 rev1=0 crypto rx=0 tx=0 comp rx=0 tx=0)._handle_peer_banner_payload supported=3 required=0
2024-04-20T21:18:44.674 INFO:teuthology.orchestra.run.smithi062.stdout:/usr/bin/ceph: stderr
2024-04-20T21:18:43.719+0000 7f2832800700 1 --2- >> [v2:172.21.15.62:3300/0,v1:172.21.15.62:6789/0] conn(0x7f2834107d00 0x7f283419ba80 unknown :-1 s=HELLO_CONNECTING pgs=0 cs=0 l=1 rev1=1 crypto rx=0 tx=0 comp rx=0 tx=0).handle_hello peer v2:172.21.15.62:3300/0 says I am v2:172.21.15.62:48076/0 (socket says 172.21.15.62:48076)
2024-04-20T21:18:44.674 INFO:teuthology.orchestra.run.smithi062.stdout:/usr/bin/ceph: stderr
2024-04-20T21:18:43.719+0000 7f2832800700 1 -- 172.21.15.62:0/3641939557 learned_addr learned my addr 172.21.15.62:0/3641939557 (peer_addr_for_me v2:172.21.15.62:0/0)
2024-04-20T21:18:44.674 INFO:teuthology.orchestra.run.smithi062.stdout:/usr/bin/ceph: stderr
2024-04-20T21:18:43.720+0000 7f2832800700 1 -- 172.21.15.62:0/3641939557 --> [v2:172.21.15.62:3300/0,v1:172.21.15.62:6789/0] -- mon_subscribe({config=0+,monmap=0+}) v3 -- 0x7f2824009550 con 0x7f2834107d00
2024-04-20T21:18:44.674 INFO:teuthology.orchestra.run.smithi062.stdout:/usr/bin/ceph: stderr
2024-04-20T21:18:43.720+0000 7f2832800700 1 --2- 172.21.15.62:0/3641939557 >> [v2:172.21.15.62:3300/0,v1:172.21.15.62:6789/0] conn(0x7f2834107d00 0x7f283419ba80 secure :-1 s=READY pgs=23 cs=0 l=1 rev1=1 crypto rx=0x7f2824003de0 tx=0x7f2824011ab0 comp rx=0 tx=0).ready entity=mon.0 client_cookie=0 server_cookie=0 in_seq=0 out_seq=0
2024-04-20T21:18:44.674 INFO:teuthology.orchestra.run.smithi062.stdout:/usr/bin/ceph: stderr
2024-04-20T21:18:43.720+0000 7f282b400700 1 -- 172.21.15.62:0/3641939557 <== mon.0 v2:172.21.15.62:3300/0 1 ==== mon_map magic: 0 v1 ==== 229+0+0 (secure 0 0 0) 0x7f2824003930 con 0x7f2834107d00
2024-04-20T21:18:44.674 INFO:teuthology.orchestra.run.smithi062.stdout:/usr/bin/ceph: stderr
2024-04-20T21:18:43.720+0000 7f282b400700 1 -- 172.21.15.62:0/3641939557 <== mon.0 v2:172.21.15.62:3300/0 2 ==== config(27 keys) v1 ==== 1037+0+0 (secure 0 0 0) 0x7f2824003a90 con 0x7f2834107d00
2024-04-20T21:18:44.674 INFO:teuthology.orchestra.run.smithi062.stdout:/usr/bin/ceph: stderr
2024-04-20T21:18:43.720+0000 7f282b400700 1 -- 172.21.15.62:0/3641939557 <== mon.0 v2:172.21.15.62:3300/0 3 ==== mon_map magic: 0 v1 ==== 229+0+0 (secure 0 0 0) 0x7f2824019730 con 0x7f2834107d00
2024-04-20T21:18:44.674 INFO:teuthology.orchestra.run.smithi062.stdout:/usr/bin/ceph: stderr
2024-04-20T21:18:43.720+0000 7f2839400700 1 -- 172.21.15.62:0/3641939557 --> [v2:172.21.15.62:3300/0,v1:172.21.15.62:6789/0] -- mon_subscribe({mgrmap=0+}) v3 -- 0x7f283419c1c0 con 0x7f2834107d00
2024-04-20T21:18:44.674 INFO:teuthology.orchestra.run.smithi062.stdout:/usr/bin/ceph: stderr
2024-04-20T21:18:43.721+0000 7f2839400700 1 -- 172.21.15.62:0/3641939557 --> [v2:172.21.15.62:3300/0,v1:172.21.15.62:6789/0] -- mon_subscribe({osdmap=0}) v3 -- 0x7f283419c5e0 con 0x7f2834107d00
2024-04-20T21:18:44.674 INFO:teuthology.orchestra.run.smithi062.stdout:/usr/bin/ceph: stderr
2024-04-20T21:18:43.722+0000 7f282b400700 1 -- 172.21.15.62:0/3641939557 <== mon.0 v2:172.21.15.62:3300/0 4 ==== mgrmap(e 4) v1 ==== 45073+0+0 (secure 0 0 0) 0x7f2824019960 con 0x7f2834107d00
2024-04-20T21:18:44.675 INFO:teuthology.orchestra.run.smithi062.stdout:/usr/bin/ceph: stderr
2024-04-20T21:18:43.722+0000 7f2839400700 1 -- 172.21.15.62:0/3641939557 --> [v2:172.21.15.62:3300/0,v1:172.21.15.62:6789/0] -- mon_command({"prefix": "get_command_descriptions"} v 0) v1 -- 0x7f2834062380 con 0x7f2834107d00
2024-04-20T21:18:44.675 INFO:teuthology.orchestra.run.smithi062.stdout:/usr/bin/ceph: stderr
2024-04-20T21:18:43.722+0000 7f282b400700 1 --2- 172.21.15.62:0/3641939557 >> [v2:172.21.15.62:6800/871423274,v1:172.21.15.62:6801/871423274] conn(0x7f28180383f0 0x7f281803a8a0 unknown :-1 s=NONE pgs=0 cs=0 l=1 rev1=0 crypto rx=0 tx=0 comp rx=0 tx=0).connect
2024-04-20T21:18:44.675 INFO:teuthology.orchestra.run.smithi062.stdout:/usr/bin/ceph: stderr
2024-04-20T21:18:43.722+0000 7f282b400700 1 -- 172.21.15.62:0/3641939557 <== mon.0 v2:172.21.15.62:3300/0 5 ==== osd_map(1..1 src has 1..1) v4 ==== 725+0+0 (secure 0 0 0) 0x7f282404c0a0 con 0x7f2834107d00
2024-04-20T21:18:44.675 INFO:teuthology.orchestra.run.smithi062.stdout:/usr/bin/ceph: stderr
2024-04-20T21:18:43.722+0000 7f2831e00700 1 --2- 172.21.15.62:0/3641939557 >> [v2:172.21.15.62:6800/871423274,v1:172.21.15.62:6801/871423274] conn(0x7f28180383f0 0x7f281803a8a0 unknown :-1 s=BANNER_CONNECTING pgs=0 cs=0 l=1 rev1=0 crypto rx=0 tx=0 comp rx=0 tx=0)._handle_peer_banner_payload supported=3 required=0
2024-04-20T21:18:44.675 INFO:teuthology.orchestra.run.smithi062.stdout:/usr/bin/ceph: stderr
2024-04-20T21:18:43.723+0000 7f2831e00700 1 --2- 172.21.15.62:0/3641939557 >> [v2:172.21.15.62:6800/871423274,v1:172.21.15.62:6801/871423274] conn(0x7f28180383f0 0x7f281803a8a0 secure :-1 s=READY pgs=8 cs=0 l=1 rev1=1 crypto rx=0x7f2820006fd0 tx=0x7f2820006e40 comp rx=0 tx=0).ready entity=mgr.14100 client_cookie=0 server_cookie=0 in_seq=0 out_seq=0
2024-04-20T21:18:44.675 INFO:teuthology.orchestra.run.smithi062.stdout:/usr/bin/ceph: stderr
2024-04-20T21:18:43.728+0000 7f282b400700 1 -- 172.21.15.62:0/3641939557 <== mon.0 v2:172.21.15.62:3300/0 6 ==== mon_command_ack([{"prefix": "get_command_descriptions"}]=0 v0) v1 ==== 72+0+177933 (secure 0 0 0) 0x7f2824010770 con 0x7f2834107d00
2024-04-20T21:18:44.675 INFO:teuthology.orchestra.run.smithi062.stdout:/usr/bin/ceph: stderr
2024-04-20T21:18:44.007+0000 7f2839400700 1 -- 172.21.15.62:0/3641939557 --> [v2:172.21.15.62:3300/0,v1:172.21.15.62:6789/0] -- mon_command({"prefix": "mgr module enable", "module": "cephadm"} v 0) v1 -- 0x7f2834109b70 con 0x7f2834107d00
2024-04-20T21:18:44.675 INFO:teuthology.orchestra.run.smithi062.stdout:/usr/bin/ceph: stderr
2024-04-20T21:18:44.064+0000 7f282b400700 1 -- 172.21.15.62:0/3641939557 <== mon.0 v2:172.21.15.62:3300/0 7 ==== mgrmap(e 5) v1 ==== 45084+0+0 (secure 0 0 0) 0x7f282401a430 con 0x7f2834107d00
2024-04-20T21:18:44.675 INFO:teuthology.orchestra.run.smithi062.stdout:/usr/bin/ceph: stderr
2024-04-20T21:18:44.066+0000 7f282b400700 1 -- 172.21.15.62:0/3641939557 <== mon.0 v2:172.21.15.62:3300/0 8 ==== mon_command_ack([{"prefix": "mgr module enable", "module": "cephadm"}]=0 v5) v1 ==== 86+0+0 (secure 0 0 0) 0x7f282401a950 con 0x7f2834107d00
2024-04-20T21:18:44.675 INFO:teuthology.orchestra.run.smithi062.stdout:/usr/bin/ceph: stderr
2024-04-20T21:18:44.069+0000 7f2839400700 1 -- 172.21.15.62:0/3641939557 >> [v2:172.21.15.62:6800/871423274,v1:172.21.15.62:6801/871423274] conn(0x7f28180383f0 msgr2=0x7f281803a8a0 secure :-1 s=STATE_CONNECTION_ESTABLISHED l=1).mark_down
2024-04-20T21:18:44.675 INFO:teuthology.orchestra.run.smithi062.stdout:/usr/bin/ceph: stderr
2024-04-20T21:18:44.069+0000 7f2839400700 1 --2- 172.21.15.62:0/3641939557 >> [v2:172.21.15.62:6800/871423274,v1:172.21.15.62:6801/871423274] conn(0x7f28180383f0 0x7f281803a8a0 secure :-1 s=READY pgs=8 cs=0 l=1 rev1=1 crypto rx=0x7f2820006fd0 tx=0x7f2820006e40 comp rx=0 tx=0).stop
2024-04-20T21:18:44.675 INFO:teuthology.orchestra.run.smithi062.stdout:/usr/bin/ceph: stderr
2024-04-20T21:18:44.069+0000 7f2839400700 1 -- 172.21.15.62:0/3641939557 >> [v2:172.21.15.62:3300/0,v1:172.21.15.62:6789/0] conn(0x7f2834107d00 msgr2=0x7f283419ba80 secure :-1 s=STATE_CONNECTION_ESTABLISHED l=1).mark_down
2024-04-20T21:18:44.675 INFO:teuthology.orchestra.run.smithi062.stdout:/usr/bin/ceph: stderr
2024-04-20T21:18:44.069+0000 7f2839400700 1 --2- 172.21.15.62:0/3641939557 >> [v2:172.21.15.62:3300/0,v1:172.21.15.62:6789/0] conn(0x7f2834107d00 0x7f283419ba80 secure :-1 s=READY pgs=23 cs=0 l=1 rev1=1 crypto rx=0x7f2824003de0 tx=0x7f2824011ab0 comp rx=0 tx=0).stop
2024-04-20T21:18:44.675 INFO:teuthology.orchestra.run.smithi062.stdout:/usr/bin/ceph: stderr
2024-04-20T21:18:44.069+0000 7f2839400700 1 -- 172.21.15.62:0/3641939557 shutdown_connections
2024-04-20T21:18:44.676 INFO:teuthology.orchestra.run.smithi062.stdout:/usr/bin/ceph: stderr
2024-04-20T21:18:44.069+0000 7f2839400700 1 --2- 172.21.15.62:0/3641939557 >> [v2:172.21.15.62:6800/871423274,v1:172.21.15.62:6801/871423274] conn(0x7f28180383f0 0x7f281803a8a0 unknown :-1 s=CLOSED pgs=8 cs=0 l=1 rev1=1 crypto rx=0 tx=0 comp rx=0 tx=0).stop
2024-04-20T21:18:44.676 INFO:teuthology.orchestra.run.smithi062.stdout:/usr/bin/ceph: stderr
2024-04-20T21:18:44.069+0000 7f2839400700 1 --2- 172.21.15.62:0/3641939557 >> [v2:172.21.15.62:3300/0,v1:172.21.15.62:6789/0] conn(0x7f2834107d00 0x7f283419ba80 unknown :-1 s=CLOSED pgs=23 cs=0 l=1 rev1=1 crypto rx=0 tx=0 comp rx=0 tx=0).stop
2024-04-20T21:18:44.676 INFO:teuthology.orchestra.run.smithi062.stdout:/usr/bin/ceph: stderr
2024-04-20T21:18:44.069+0000 7f2839400700 1 -- 172.21.15.62:0/3641939557 >> 172.21.15.62:0/3641939557 conn(0x7f283407b220 msgr2=0x7f28341060e0 unknown :-1 s=STATE_NONE l=0).mark_down
2024-04-20T21:18:44.676 INFO:teuthology.orchestra.run.smithi062.stdout:/usr/bin/ceph: stderr
2024-04-20T21:18:44.070+0000 7f2839400700 1 -- 172.21.15.62:0/3641939557 shutdown_connections
2024-04-20T21:18:44.676 INFO:teuthology.orchestra.run.smithi062.stdout:/usr/bin/ceph: stderr
2024-04-20T21:18:44.070+0000 7f2839400700 1 -- 172.21.15.62:0/3641939557 wait complete.
2024-04-20T21:18:45.329 INFO:journalctl@ceph.mon.smithi062.smithi062.stdout:Apr 20 21:18:45 smithi062 ceph-mon[16221]: from='client.? 172.21.15.62:0/3641939557' entity='client.admin' cmd='[{"prefix": "mgr module enable", "module": "cephadm"}]': finished
2024-04-20T21:18:45.329 INFO:journalctl@ceph.mon.smithi062.smithi062.stdout:Apr 20 21:18:45 smithi062 ceph-mon[16221]: mgrmap e5: smithi062.rqxuxi(active, since 5s)
2024-04-20T21:18:46.257 INFO:journalctl@ceph.mon.smithi062.smithi062.stdout:Apr 20 21:18:46 smithi062 ceph-mon[16221]: from='client.? 172.21.15.62:0/3029712865' entity='client.admin' cmd=[{"prefix": "mgr stat"}]: dispatch
2024-04-20T21:18:46.269 INFO:teuthology.orchestra.run.smithi062.stdout:/usr/bin/ceph: stdout {
2024-04-20T21:18:46.269 INFO:teuthology.orchestra.run.smithi062.stdout:/usr/bin/ceph: stdout "epoch": 5,
2024-04-20T21:18:46.270 INFO:teuthology.orchestra.run.smithi062.stdout:/usr/bin/ceph: stdout "available": true,
2024-04-20T21:18:46.270 INFO:teuthology.orchestra.run.smithi062.stdout:/usr/bin/ceph: stdout "active_name": "smithi062.rqxuxi",
2024-04-20T21:18:46.270 INFO:teuthology.orchestra.run.smithi062.stdout:/usr/bin/ceph: stdout "num_standby": 0
2024-04-20T21:18:46.270 INFO:teuthology.orchestra.run.smithi062.stdout:/usr/bin/ceph: stdout }
2024-04-20T21:18:46.270 INFO:teuthology.orchestra.run.smithi062.stdout:/usr/bin/ceph: stderr
2024-04-20T21:18:45.329+0000 7f75a4600700 1 Processor -- start
2024-04-20T21:18:46.270 INFO:teuthology.orchestra.run.smithi062.stdout:/usr/bin/ceph: stderr
2024-04-20T21:18:45.330+0000 7f75a4600700 1 -- start start
2024-04-20T21:18:46.270 INFO:teuthology.orchestra.run.smithi062.stdout:/usr/bin/ceph: stderr
2024-04-20T21:18:45.330+0000 7f75a4600700 1 --2- >> [v2:172.21.15.62:3300/0,v1:172.21.15.62:6789/0] conn(0x7f759c105b10 0x7f759c105f20 unknown :-1 s=NONE pgs=0 cs=0 l=0 rev1=0 crypto rx=0 tx=0 comp rx=0 tx=0).connect
2024-04-20T21:18:46.270 INFO:teuthology.orchestra.run.smithi062.stdout:/usr/bin/ceph: stderr
2024-04-20T21:18:45.330+0000 7f75a4600700 1 -- --> [v2:172.21.15.62:3300/0,v1:172.21.15.62:6789/0] -- mon_getmap magic: 0 v1 -- 0x7f759c106460 con 0x7f759c105b10
2024-04-20T21:18:46.270 INFO:teuthology.orchestra.run.smithi062.stdout:/usr/bin/ceph: stderr
2024-04-20T21:18:45.331+0000 7f75a1c00700 1 --2- >> [v2:172.21.15.62:3300/0,v1:172.21.15.62:6789/0] conn(0x7f759c105b10 0x7f759c105f20 unknown :-1 s=BANNER_CONNECTING pgs=0 cs=0 l=0 rev1=0 crypto rx=0 tx=0 comp rx=0 tx=0)._handle_peer_banner_payload supported=3 required=0
2024-04-20T21:18:46.270 INFO:teuthology.orchestra.run.smithi062.stdout:/usr/bin/ceph: stderr
2024-04-20T21:18:45.331+0000 7f75a1c00700 1 --2- >> [v2:172.21.15.62:3300/0,v1:172.21.15.62:6789/0] conn(0x7f759c105b10 0x7f759c105f20 unknown :-1 s=HELLO_CONNECTING pgs=0 cs=0 l=0 rev1=1 crypto rx=0 tx=0 comp rx=0 tx=0).handle_hello peer v2:172.21.15.62:3300/0 says I am v2:172.21.15.62:48092/0 (socket says 172.21.15.62:48092)
2024-04-20T21:18:46.270 INFO:teuthology.orchestra.run.smithi062.stdout:/usr/bin/ceph: stderr
2024-04-20T21:18:45.331+0000 7f75a1c00700 1 -- 172.21.15.62:0/4235075096 learned_addr learned my addr 172.21.15.62:0/4235075096 (peer_addr_for_me v2:172.21.15.62:0/0)
2024-04-20T21:18:46.270 INFO:teuthology.orchestra.run.smithi062.stdout:/usr/bin/ceph: stderr
2024-04-20T21:18:45.331+0000 7f75a1c00700 1 -- 172.21.15.62:0/4235075096 --> [v2:172.21.15.62:3300/0,v1:172.21.15.62:6789/0] -- mon_subscribe({config=0+,monmap=0+}) v3 -- 0x7f759c1065a0 con 0x7f759c105b10
2024-04-20T21:18:46.270 INFO:teuthology.orchestra.run.smithi062.stdout:/usr/bin/ceph: stderr
2024-04-20T21:18:45.332+0000 7f75a1c00700 1 --2- 172.21.15.62:0/4235075096 >> [v2:172.21.15.62:3300/0,v1:172.21.15.62:6789/0] conn(0x7f759c105b10 0x7f759c105f20 secure :-1 s=READY pgs=26 cs=0 l=1 rev1=1 crypto rx=0x7f75900098a0 tx=0x7f7590009bb0 comp rx=0 tx=0).ready entity=mon.0 client_cookie=13f8ca6a957f586c server_cookie=0 in_seq=0 out_seq=0
2024-04-20T21:18:46.271 INFO:teuthology.orchestra.run.smithi062.stdout:/usr/bin/ceph: stderr
2024-04-20T21:18:45.332+0000 7f759be00700 1 -- 172.21.15.62:0/4235075096 <== mon.0 v2:172.21.15.62:3300/0 1 ==== mon_map magic: 0 v1 ==== 229+0+0 (secure 0 0 0) 0x7f7590004180 con 0x7f759c105b10
2024-04-20T21:18:46.271 INFO:teuthology.orchestra.run.smithi062.stdout:/usr/bin/ceph: stderr
2024-04-20T21:18:45.332+0000 7f759be00700 1 -- 172.21.15.62:0/4235075096 <== mon.0 v2:172.21.15.62:3300/0 2 ==== config(27 keys) v1 ==== 1037+0+0 (secure 0 0 0) 0x7f75900042e0 con 0x7f759c105b10
2024-04-20T21:18:46.271 INFO:teuthology.orchestra.run.smithi062.stdout:/usr/bin/ceph: stderr
2024-04-20T21:18:45.332+0000 7f759be00700 1 -- 172.21.15.62:0/4235075096 <== mon.0 v2:172.21.15.62:3300/0 3 ==== mon_map magic: 0 v1 ==== 229+0+0 (secure 0 0 0) 0x7f7590011a50 con 0x7f759c105b10
2024-04-20T21:18:46.271 INFO:teuthology.orchestra.run.smithi062.stdout:/usr/bin/ceph: stderr
2024-04-20T21:18:45.333+0000 7f75a4600700 1 -- 172.21.15.62:0/4235075096 >> [v2:172.21.15.62:3300/0,v1:172.21.15.62:6789/0] conn(0x7f759c105b10 msgr2=0x7f759c105f20 secure :-1 s=STATE_CONNECTION_ESTABLISHED l=1).mark_down
2024-04-20T21:18:46.271 INFO:teuthology.orchestra.run.smithi062.stdout:/usr/bin/ceph: stderr
2024-04-20T21:18:45.333+0000 7f75a4600700 1 --2- 172.21.15.62:0/4235075096 >> [v2:172.21.15.62:3300/0,v1:172.21.15.62:6789/0] conn(0x7f759c105b10 0x7f759c105f20 secure :-1 s=READY pgs=26 cs=0 l=1 rev1=1 crypto rx=0x7f75900098a0 tx=0x7f7590009bb0 comp rx=0 tx=0).stop
2024-04-20T21:18:46.271 INFO:teuthology.orchestra.run.smithi062.stdout:/usr/bin/ceph: stderr
2024-04-20T21:18:45.333+0000 7f75a4600700 1 -- 172.21.15.62:0/4235075096 shutdown_connections
2024-04-20T21:18:46.271 INFO:teuthology.orchestra.run.smithi062.stdout:/usr/bin/ceph: stderr
2024-04-20T21:18:45.333+0000 7f75a4600700 1 --2- 172.21.15.62:0/4235075096 >> [v2:172.21.15.62:3300/0,v1:172.21.15.62:6789/0] conn(0x7f759c105b10 0x7f759c105f20 unknown :-1 s=CLOSED pgs=26 cs=0 l=1 rev1=1 crypto rx=0 tx=0 comp rx=0 tx=0).stop
2024-04-20T21:18:46.271 INFO:teuthology.orchestra.run.smithi062.stdout:/usr/bin/ceph: stderr
2024-04-20T21:18:45.333+0000 7f75a4600700 1 -- 172.21.15.62:0/4235075096 >> 172.21.15.62:0/4235075096 conn(0x7f759c101160 msgr2=0x7f759c103590 unknown :-1 s=STATE_NONE l=0).mark_down
2024-04-20T21:18:46.271 INFO:teuthology.orchestra.run.smithi062.stdout:/usr/bin/ceph: stderr
2024-04-20T21:18:45.333+0000 7f75a4600700 1 -- 172.21.15.62:0/4235075096 shutdown_connections
2024-04-20T21:18:46.271 INFO:teuthology.orchestra.run.smithi062.stdout:/usr/bin/ceph: stderr
2024-04-20T21:18:45.333+0000 7f75a4600700 1 -- 172.21.15.62:0/4235075096 wait complete.
2024-04-20T21:18:46.271 INFO:teuthology.orchestra.run.smithi062.stdout:/usr/bin/ceph: stderr
2024-04-20T21:18:45.334+0000 7f75a4600700 1 Processor -- start
2024-04-20T21:18:46.271 INFO:teuthology.orchestra.run.smithi062.stdout:/usr/bin/ceph: stderr
2024-04-20T21:18:45.334+0000 7f75a4600700 1 -- start start
2024-04-20T21:18:46.271 INFO:teuthology.orchestra.run.smithi062.stdout:/usr/bin/ceph: stderr
2024-04-20T21:18:45.335+0000 7f75a4600700 1 --2- >> [v2:172.21.15.62:3300/0,v1:172.21.15.62:6789/0] conn(0x7f759c105b10 0x7f759c07ab30 unknown :-1 s=NONE pgs=0 cs=0 l=1 rev1=0 crypto rx=0 tx=0 comp rx=0 tx=0).connect
2024-04-20T21:18:46.271 INFO:teuthology.orchestra.run.smithi062.stdout:/usr/bin/ceph: stderr
2024-04-20T21:18:45.335+0000 7f75a4600700 1 -- --> [v2:172.21.15.62:3300/0,v1:172.21.15.62:6789/0] -- mon_getmap magic: 0 v1 -- 0x7f759c07b070 con 0x7f759c105b10
2024-04-20T21:18:46.272 INFO:teuthology.orchestra.run.smithi062.stdout:/usr/bin/ceph: stderr
2024-04-20T21:18:45.335+0000 7f75a1c00700 1 --2- >> [v2:172.21.15.62:3300/0,v1:172.21.15.62:6789/0] conn(0x7f759c105b10 0x7f759c07ab30 unknown :-1 s=BANNER_CONNECTING pgs=0 cs=0 l=1 rev1=0 crypto rx=0 tx=0 comp rx=0 tx=0)._handle_peer_banner_payload supported=3 required=0
2024-04-20T21:18:46.272 INFO:teuthology.orchestra.run.smithi062.stdout:/usr/bin/ceph: stderr
2024-04-20T21:18:45.335+0000 7f75a1c00700 1 --2- >> [v2:172.21.15.62:3300/0,v1:172.21.15.62:6789/0] conn(0x7f759c105b10 0x7f759c07ab30 unknown :-1 s=HELLO_CONNECTING pgs=0 cs=0 l=1 rev1=1 crypto rx=0 tx=0 comp rx=0 tx=0).handle_hello peer v2:172.21.15.62:3300/0 says I am v2:172.21.15.62:48096/0 (socket says 172.21.15.62:48096)
2024-04-20T21:18:46.272 INFO:teuthology.orchestra.run.smithi062.stdout:/usr/bin/ceph: stderr
2024-04-20T21:18:45.335+0000 7f75a1c00700 1 -- 172.21.15.62:0/3029712865 learned_addr learned my addr 172.21.15.62:0/3029712865 (peer_addr_for_me v2:172.21.15.62:0/0)
2024-04-20T21:18:46.272 INFO:teuthology.orchestra.run.smithi062.stdout:/usr/bin/ceph: stderr
2024-04-20T21:18:45.335+0000 7f75a1c00700 1 -- 172.21.15.62:0/3029712865 --> [v2:172.21.15.62:3300/0,v1:172.21.15.62:6789/0] -- mon_subscribe({config=0+,monmap=0+}) v3 -- 0x7f7590009550 con 0x7f759c105b10
2024-04-20T21:18:46.272 INFO:teuthology.orchestra.run.smithi062.stdout:/usr/bin/ceph: stderr
2024-04-20T21:18:45.336+0000 7f75a1c00700 1 --2- 172.21.15.62:0/3029712865 >> [v2:172.21.15.62:3300/0,v1:172.21.15.62:6789/0] conn(0x7f759c105b10 0x7f759c07ab30 secure :-1 s=READY pgs=27 cs=0 l=1 rev1=1 crypto rx=0x7f7590000c00 tx=0x7f7590011ab0 comp rx=0 tx=0).ready entity=mon.0 client_cookie=0 server_cookie=0 in_seq=0 out_seq=0
2024-04-20T21:18:46.272 INFO:teuthology.orchestra.run.smithi062.stdout:/usr/bin/ceph: stderr
2024-04-20T21:18:45.336+0000 7f759a000700 1 -- 172.21.15.62:0/3029712865 <== mon.0 v2:172.21.15.62:3300/0 1 ==== mon_map magic: 0 v1 ==== 229+0+0 (secure 0 0 0) 0x7f7590003b90 con 0x7f759c105b10
2024-04-20T21:18:46.272 INFO:teuthology.orchestra.run.smithi062.stdout:/usr/bin/ceph: stderr
2024-04-20T21:18:45.336+0000 7f759a000700 1 -- 172.21.15.62:0/3029712865 <== mon.0 v2:172.21.15.62:3300/0 2 ==== config(27 keys) v1 ==== 1037+0+0 (secure 0 0 0) 0x7f75900248b0 con 0x7f759c105b10
2024-04-20T21:18:46.272 INFO:teuthology.orchestra.run.smithi062.stdout:/usr/bin/ceph: stderr
2024-04-20T21:18:45.336+0000 7f75a4600700 1 -- 172.21.15.62:0/3029712865 --> [v2:172.21.15.62:3300/0,v1:172.21.15.62:6789/0] -- mon_subscribe({mgrmap=0+}) v3 -- 0x7f759c079180 con 0x7f759c105b10
2024-04-20T21:18:46.272 INFO:teuthology.orchestra.run.smithi062.stdout:/usr/bin/ceph: stderr
2024-04-20T21:18:45.336+0000 7f759a000700 1 -- 172.21.15.62:0/3029712865 <== mon.0 v2:172.21.15.62:3300/0 3 ==== mon_map magic: 0 v1 ==== 229+0+0 (secure 0 0 0) 0x7f759001a8e0 con 0x7f759c105b10
2024-04-20T21:18:46.272 INFO:teuthology.orchestra.run.smithi062.stdout:/usr/bin/ceph: stderr
2024-04-20T21:18:45.336+0000 7f75a4600700 1 -- 172.21.15.62:0/3029712865 --> [v2:172.21.15.62:3300/0,v1:172.21.15.62:6789/0] -- mon_subscribe({osdmap=0}) v3 -- 0x7f759c0795a0 con 0x7f759c105b10
2024-04-20T21:18:46.272 INFO:teuthology.orchestra.run.smithi062.stdout:/usr/bin/ceph: stderr
2024-04-20T21:18:45.337+0000 7f75a4600700 1 -- 172.21.15.62:0/3029712865 --> [v2:172.21.15.62:3300/0,v1:172.21.15.62:6789/0] -- mon_command({"prefix": "get_command_descriptions"} v 0) v1 -- 0x7f759c062380 con 0x7f759c105b10
2024-04-20T21:18:46.272 INFO:teuthology.orchestra.run.smithi062.stdout:/usr/bin/ceph: stderr
2024-04-20T21:18:45.337+0000 7f759a000700 1 -- 172.21.15.62:0/3029712865 <== mon.0 v2:172.21.15.62:3300/0 4 ==== mgrmap(e 5) v1 ==== 45084+0+0 (secure 0 0 0) 0x7f7590024440 con 0x7f759c105b10
2024-04-20T21:18:46.272 INFO:teuthology.orchestra.run.smithi062.stdout:/usr/bin/ceph: stderr
2024-04-20T21:18:45.338+0000 7f759a000700 1 --2- 172.21.15.62:0/3029712865 >> [v2:172.21.15.62:6800/871423274,v1:172.21.15.62:6801/871423274] conn(0x7f7584038440 0x7f758403a8f0 unknown :-1 s=NONE pgs=0 cs=0 l=1 rev1=0 crypto rx=0 tx=0 comp rx=0 tx=0).connect
2024-04-20T21:18:46.273 INFO:teuthology.orchestra.run.smithi062.stdout:/usr/bin/ceph: stderr
2024-04-20T21:18:45.338+0000 7f759a000700 1 -- 172.21.15.62:0/3029712865 <== mon.0 v2:172.21.15.62:3300/0 5 ==== osd_map(1..1 src has 1..1) v4 ==== 725+0+0 (secure 0 0 0) 0x7f759004c0b0 con 0x7f759c105b10
2024-04-20T21:18:46.273 INFO:teuthology.orchestra.run.smithi062.stdout:/usr/bin/ceph: stderr
2024-04-20T21:18:45.338+0000 7f75a1200700 1 -- 172.21.15.62:0/3029712865 >> [v2:172.21.15.62:6800/871423274,v1:172.21.15.62:6801/871423274] conn(0x7f7584038440 msgr2=0x7f758403a8f0 unknown :-1 s=STATE_CONNECTING_RE l=1).process reconnect failed to v2:172.21.15.62:6800/871423274
2024-04-20T21:18:46.273 INFO:teuthology.orchestra.run.smithi062.stdout:/usr/bin/ceph: stderr
2024-04-20T21:18:45.338+0000 7f75a1200700 1 --2- 172.21.15.62:0/3029712865 >> [v2:172.21.15.62:6800/871423274,v1:172.21.15.62:6801/871423274] conn(0x7f7584038440 0x7f758403a8f0 unknown :-1 s=START_CONNECT pgs=0 cs=0 l=1 rev1=0 crypto rx=0 tx=0 comp rx=0 tx=0)._fault waiting 0.200000
2024-04-20T21:18:46.273 INFO:teuthology.orchestra.run.smithi062.stdout:/usr/bin/ceph: stderr
2024-04-20T21:18:45.343+0000 7f759a000700 1 -- 172.21.15.62:0/3029712865 <== mon.0 v2:172.21.15.62:3300/0 6 ==== mon_command_ack([{"prefix": "get_command_descriptions"}]=0 v0) v1 ==== 72+0+177933 (secure 0 0 0) 0x7f759007e720 con 0x7f759c105b10
2024-04-20T21:18:46.273 INFO:teuthology.orchestra.run.smithi062.stdout:/usr/bin/ceph: stderr
2024-04-20T21:18:45.539+0000 7f75a1200700 1 -- 172.21.15.62:0/3029712865 >> [v2:172.21.15.62:6800/871423274,v1:172.21.15.62:6801/871423274] conn(0x7f7584038440 msgr2=0x7f758403a8f0 unknown :-1 s=STATE_CONNECTING_RE l=1).process reconnect failed to v2:172.21.15.62:6800/871423274
2024-04-20T21:18:46.273 INFO:teuthology.orchestra.run.smithi062.stdout:/usr/bin/ceph: stderr
2024-04-20T21:18:45.539+0000 7f75a1200700 1 --2- 172.21.15.62:0/3029712865 >> [v2:172.21.15.62:6800/871423274,v1:172.21.15.62:6801/871423274] conn(0x7f7584038440 0x7f758403a8f0 unknown :-1 s=START_CONNECT pgs=0 cs=0 l=1 rev1=0 crypto rx=0 tx=0 comp rx=0 tx=0)._fault waiting 0.400000
2024-04-20T21:18:46.273 INFO:teuthology.orchestra.run.smithi062.stdout:/usr/bin/ceph: stderr
2024-04-20T21:18:45.617+0000 7f75a4600700 1 -- 172.21.15.62:0/3029712865 --> [v2:172.21.15.62:3300/0,v1:172.21.15.62:6789/0] -- mon_command({"prefix": "mgr stat"} v 0) v1 -- 0x7f759c107980 con 0x7f759c105b10
2024-04-20T21:18:46.273 INFO:teuthology.orchestra.run.smithi062.stdout:/usr/bin/ceph: stderr
2024-04-20T21:18:45.618+0000 7f759a000700 1 -- 172.21.15.62:0/3029712865 <== mon.0 v2:172.21.15.62:3300/0 7 ==== mon_command_ack([{"prefix": "mgr stat"}]=0 v5) v1 ==== 56+0+103 (secure 0 0 0) 0x7f75900189a0 con 0x7f759c105b10
2024-04-20T21:18:46.273 INFO:teuthology.orchestra.run.smithi062.stdout:/usr/bin/ceph: stderr
2024-04-20T21:18:45.622+0000 7f75a4600700 1 -- 172.21.15.62:0/3029712865 >> [v2:172.21.15.62:6800/871423274,v1:172.21.15.62:6801/871423274] conn(0x7f7584038440 msgr2=0x7f758403a8f0 unknown :-1 s=STATE_CONNECTING l=1).mark_down
2024-04-20T21:18:46.273 INFO:teuthology.orchestra.run.smithi062.stdout:/usr/bin/ceph: stderr
2024-04-20T21:18:45.622+0000 7f75a4600700 1 --2- 172.21.15.62:0/3029712865 >> [v2:172.21.15.62:6800/871423274,v1:172.21.15.62:6801/871423274] conn(0x7f7584038440 0x7f758403a8f0 unknown :-1 s=START_CONNECT pgs=0 cs=0 l=1 rev1=0 crypto rx=0 tx=0 comp rx=0 tx=0).stop
2024-04-20T21:18:46.273 INFO:teuthology.orchestra.run.smithi062.stdout:/usr/bin/ceph: stderr
2024-04-20T21:18:45.622+0000 7f75a4600700 1 -- 172.21.15.62:0/3029712865 >> [v2:172.21.15.62:3300/0,v1:172.21.15.62:6789/0] conn(0x7f759c105b10 msgr2=0x7f759c07ab30 secure :-1 s=STATE_CONNECTION_ESTABLISHED l=1).mark_down
2024-04-20T21:18:46.273 INFO:teuthology.orchestra.run.smithi062.stdout:/usr/bin/ceph: stderr
2024-04-20T21:18:45.622+0000 7f75a4600700 1 --2- 172.21.15.62:0/3029712865 >> [v2:172.21.15.62:3300/0,v1:172.21.15.62:6789/0] conn(0x7f759c105b10 0x7f759c07ab30 secure :-1 s=READY pgs=27 cs=0 l=1 rev1=1 crypto rx=0x7f7590000c00 tx=0x7f7590011ab0 comp rx=0 tx=0).stop
2024-04-20T21:18:46.273 INFO:teuthology.orchestra.run.smithi062.stdout:/usr/bin/ceph: stderr
2024-04-20T21:18:45.622+0000 7f75a4600700 1 -- 172.21.15.62:0/3029712865 shutdown_connections
2024-04-20T21:18:46.273 INFO:teuthology.orchestra.run.smithi062.stdout:/usr/bin/ceph: stderr
2024-04-20T21:18:45.622+0000 7f75a4600700 1 --2- 172.21.15.62:0/3029712865 >> [v2:172.21.15.62:6800/871423274,v1:172.21.15.62:6801/871423274] conn(0x7f7584038440 0x7f758403a8f0 unknown :-1 s=CLOSED pgs=0 cs=0 l=1 rev1=0 crypto rx=0 tx=0 comp rx=0 tx=0).stop
2024-04-20T21:18:46.274 INFO:teuthology.orchestra.run.smithi062.stdout:/usr/bin/ceph: stderr
2024-04-20T21:18:45.622+0000 7f75a4600700 1 --2- 172.21.15.62:0/3029712865 >> [v2:172.21.15.62:3300/0,v1:172.21.15.62:6789/0] conn(0x7f759c105b10 0x7f759c07ab30 unknown :-1 s=CLOSED pgs=27 cs=0 l=1 rev1=1 crypto rx=0 tx=0 comp rx=0 tx=0).stop
2024-04-20T21:18:46.274 INFO:teuthology.orchestra.run.smithi062.stdout:/usr/bin/ceph: stderr
2024-04-20T21:18:45.622+0000 7f75a4600700 1 -- 172.21.15.62:0/3029712865 >> 172.21.15.62:0/3029712865 conn(0x7f759c101160 msgr2=0x7f759c101f10 unknown :-1 s=STATE_NONE l=0).mark_down
2024-04-20T21:18:46.274 INFO:teuthology.orchestra.run.smithi062.stdout:/usr/bin/ceph: stderr
2024-04-20T21:18:45.623+0000 7f75a4600700 1 -- 172.21.15.62:0/3029712865 shutdown_connections
2024-04-20T21:18:46.274 INFO:teuthology.orchestra.run.smithi062.stdout:/usr/bin/ceph: stderr
2024-04-20T21:18:45.623+0000 7f75a4600700 1 -- 172.21.15.62:0/3029712865 wait complete.
2024-04-20T21:18:46.274 INFO:teuthology.orchestra.run.smithi062.stdout:Waiting for the mgr to restart...
2024-04-20T21:18:46.274 INFO:teuthology.orchestra.run.smithi062.stdout:Waiting for mgr epoch 5...
2024-04-20T21:18:53.286 INFO:journalctl@ceph.mon.smithi062.smithi062.stdout:Apr 20 21:18:53 smithi062 ceph-mon[16221]: Active manager daemon smithi062.rqxuxi restarted
2024-04-20T21:18:53.286 INFO:journalctl@ceph.mon.smithi062.smithi062.stdout:Apr 20 21:18:53 smithi062 ceph-mon[16221]: Activating manager daemon smithi062.rqxuxi
2024-04-20T21:18:53.286 INFO:journalctl@ceph.mon.smithi062.smithi062.stdout:Apr 20 21:18:53 smithi062 ceph-mon[16221]: osdmap e2: 0 total, 0 up, 0 in
2024-04-20T21:18:53.286 INFO:journalctl@ceph.mon.smithi062.smithi062.stdout:Apr 20 21:18:53 smithi062 ceph-mon[16221]: mgrmap e6: smithi062.rqxuxi(active, starting, since 0.00827717s)
2024-04-20T21:18:53.286 INFO:journalctl@ceph.mon.smithi062.smithi062.stdout:Apr 20 21:18:53 smithi062 ceph-mon[16221]: from='mgr.14120 172.21.15.62:0/292923938' entity='mgr.smithi062.rqxuxi' cmd=[{"prefix": "mon metadata", "id": "smithi062"}]: dispatch
2024-04-20T21:18:53.286 INFO:journalctl@ceph.mon.smithi062.smithi062.stdout:Apr 20 21:18:53 smithi062 ceph-mon[16221]: from='mgr.14120 172.21.15.62:0/292923938' entity='mgr.smithi062.rqxuxi' cmd=[{"prefix": "mgr metadata", "who": "smithi062.rqxuxi", "id": "smithi062.rqxuxi"}]: dispatch
2024-04-20T21:18:53.286 INFO:journalctl@ceph.mon.smithi062.smithi062.stdout:Apr 20 21:18:53 smithi062 ceph-mon[16221]: from='mgr.14120 172.21.15.62:0/292923938' entity='mgr.smithi062.rqxuxi' cmd=[{"prefix": "mds metadata"}]: dispatch
2024-04-20T21:18:53.286 INFO:journalctl@ceph.mon.smithi062.smithi062.stdout:Apr 20 21:18:53 smithi062 ceph-mon[16221]: from='mgr.14120 172.21.15.62:0/292923938' entity='mgr.smithi062.rqxuxi' cmd=[{"prefix": "osd metadata"}]: dispatch
2024-04-20T21:18:53.286 INFO:journalctl@ceph.mon.smithi062.smithi062.stdout:Apr 20 21:18:53 smithi062 ceph-mon[16221]: from='mgr.14120 172.21.15.62:0/292923938' entity='mgr.smithi062.rqxuxi' cmd=[{"prefix": "mon metadata"}]: dispatch
2024-04-20T21:18:53.287 INFO:journalctl@ceph.mon.smithi062.smithi062.stdout:Apr 20 21:18:53 smithi062 ceph-mon[16221]: Manager daemon smithi062.rqxuxi is now available
2024-04-20T21:18:53.287 INFO:journalctl@ceph.mon.smithi062.smithi062.stdout:Apr 20 21:18:53 smithi062 ceph-mon[16221]: from='mgr.14120 172.21.15.62:0/292923938' entity='mgr.smithi062.rqxuxi'
2024-04-20T21:18:53.287 INFO:journalctl@ceph.mon.smithi062.smithi062.stdout:Apr 20 21:18:53 smithi062 ceph-mon[16221]: from='mgr.14120 172.21.15.62:0/292923938' entity='mgr.smithi062.rqxuxi'
2024-04-20T21:18:54.285 INFO:journalctl@ceph.mon.smithi062.smithi062.stdout:Apr 20 21:18:54 smithi062 ceph-mon[16221]: Found migration_current of "None". Setting to last migration.
2024-04-20T21:18:54.286 INFO:journalctl@ceph.mon.smithi062.smithi062.stdout:Apr 20 21:18:54 smithi062 ceph-mon[16221]: from='mgr.14120 172.21.15.62:0/292923938' entity='mgr.smithi062.rqxuxi' cmd=[{"prefix": "config dump", "format": "json"}]: dispatch
2024-04-20T21:18:54.286 INFO:journalctl@ceph.mon.smithi062.smithi062.stdout:Apr 20 21:18:54 smithi062 ceph-mon[16221]: from='mgr.14120 172.21.15.62:0/292923938' entity='mgr.smithi062.rqxuxi' cmd=[{"prefix": "config dump", "format": "json"}]: dispatch
2024-04-20T21:18:54.286 INFO:journalctl@ceph.mon.smithi062.smithi062.stdout:Apr 20 21:18:54 smithi062 ceph-mon[16221]: from='mgr.14120 172.21.15.62:0/292923938' entity='mgr.smithi062.rqxuxi' cmd=[{"prefix": "config dump", "format": "json"}]: dispatch
2024-04-20T21:18:54.286 INFO:journalctl@ceph.mon.smithi062.smithi062.stdout:Apr 20 21:18:54 smithi062 ceph-mon[16221]: from='mgr.14120 172.21.15.62:0/292923938' entity='mgr.smithi062.rqxuxi' cmd=[{"prefix":"config rm","who":"mgr","name":"mgr/rbd_support/smithi062.rqxuxi/mirror_snapshot_schedule"}]: dispatch
2024-04-20T21:18:54.286 INFO:journalctl@ceph.mon.smithi062.smithi062.stdout:Apr 20 21:18:54 smithi062 ceph-mon[16221]: from='mgr.14120 172.21.15.62:0/292923938' entity='mgr.smithi062.rqxuxi' cmd=[{"prefix":"config rm","who":"mgr","name":"mgr/rbd_support/smithi062.rqxuxi/trash_purge_schedule"}]: dispatch
2024-04-20T21:18:54.286 INFO:journalctl@ceph.mon.smithi062.smithi062.stdout:Apr 20 21:18:54 smithi062 ceph-mon[16221]: from='mgr.14120 172.21.15.62:0/292923938' entity='mgr.smithi062.rqxuxi'
2024-04-20T21:18:54.286 INFO:journalctl@ceph.mon.smithi062.smithi062.stdout:Apr 20 21:18:54 smithi062 ceph-mon[16221]: from='mgr.14120 172.21.15.62:0/292923938' entity='mgr.smithi062.rqxuxi'
2024-04-20T21:18:54.286 INFO:journalctl@ceph.mon.smithi062.smithi062.stdout:Apr 20 21:18:54 smithi062 ceph-mon[16221]: mgrmap e7: smithi062.rqxuxi(active, since 1.01514s)
2024-04-20T21:18:54.632 INFO:teuthology.orchestra.run.smithi062.stdout:/usr/bin/ceph: stdout {
2024-04-20T21:18:54.632 INFO:teuthology.orchestra.run.smithi062.stdout:/usr/bin/ceph: stdout "mgrmap_epoch": 7,
2024-04-20T21:18:54.633 INFO:teuthology.orchestra.run.smithi062.stdout:/usr/bin/ceph: stdout "initialized": true
2024-04-20T21:18:54.633 INFO:teuthology.orchestra.run.smithi062.stdout:/usr/bin/ceph: stdout }
2024-04-20T21:18:54.633 INFO:teuthology.orchestra.run.smithi062.stdout:/usr/bin/ceph: stderr
2024-04-20T21:18:46.848+0000 7f9a18600700 1 Processor -- start
2024-04-20T21:18:54.633 INFO:teuthology.orchestra.run.smithi062.stdout:/usr/bin/ceph: stderr
2024-04-20T21:18:46.848+0000 7f9a18600700 1 -- start start
2024-04-20T21:18:54.633 INFO:teuthology.orchestra.run.smithi062.stdout:/usr/bin/ceph: stderr
2024-04-20T21:18:46.849+0000 7f9a18600700 1 --2- >> [v2:172.21.15.62:3300/0,v1:172.21.15.62:6789/0] conn(0x7f9a1007acc0 0x7f9a100791c0 unknown :-1 s=NONE pgs=0 cs=0 l=0 rev1=0 crypto rx=0 tx=0 comp rx=0 tx=0).connect
2024-04-20T21:18:54.633 INFO:teuthology.orchestra.run.smithi062.stdout:/usr/bin/ceph: stderr
2024-04-20T21:18:46.849+0000 7f9a18600700 1 -- --> [v2:172.21.15.62:3300/0,v1:172.21.15.62:6789/0] -- mon_getmap magic: 0 v1 -- 0x7f9a10079700 con 0x7f9a1007acc0
2024-04-20T21:18:54.633 INFO:teuthology.orchestra.run.smithi062.stdout:/usr/bin/ceph: stderr
2024-04-20T21:18:46.849+0000 7f9a15c00700 1 --2- >> [v2:172.21.15.62:3300/0,v1:172.21.15.62:6789/0] conn(0x7f9a1007acc0 0x7f9a100791c0 unknown :-1 s=BANNER_CONNECTING pgs=0 cs=0 l=0 rev1=0 crypto rx=0 tx=0 comp rx=0 tx=0)._handle_peer_banner_payload supported=3 required=0
2024-04-20T21:18:54.633 INFO:teuthology.orchestra.run.smithi062.stdout:/usr/bin/ceph: stderr
2024-04-20T21:18:46.849+0000 7f9a15c00700 1 --2- >> [v2:172.21.15.62:3300/0,v1:172.21.15.62:6789/0] conn(0x7f9a1007acc0 0x7f9a100791c0 unknown :-1 s=HELLO_CONNECTING pgs=0 cs=0 l=0 rev1=1 crypto rx=0 tx=0 comp rx=0 tx=0).handle_hello peer v2:172.21.15.62:3300/0 says I am v2:172.21.15.62:48100/0 (socket says 172.21.15.62:48100)
2024-04-20T21:18:54.633 INFO:teuthology.orchestra.run.smithi062.stdout:/usr/bin/ceph: stderr
2024-04-20T21:18:46.849+0000 7f9a15c00700 1 -- 172.21.15.62:0/4053245871 learned_addr learned my addr 172.21.15.62:0/4053245871 (peer_addr_for_me v2:172.21.15.62:0/0)
2024-04-20T21:18:54.633 INFO:teuthology.orchestra.run.smithi062.stdout:/usr/bin/ceph: stderr
2024-04-20T21:18:46.850+0000 7f9a15c00700 1 -- 172.21.15.62:0/4053245871 --> [v2:172.21.15.62:3300/0,v1:172.21.15.62:6789/0] -- mon_subscribe({config=0+,monmap=0+}) v3 -- 0x7f9a10079840 con 0x7f9a1007acc0
2024-04-20T21:18:54.633 INFO:teuthology.orchestra.run.smithi062.stdout:/usr/bin/ceph: stderr
2024-04-20T21:18:46.850+0000 7f9a15c00700 1 --2- 172.21.15.62:0/4053245871 >> [v2:172.21.15.62:3300/0,v1:172.21.15.62:6789/0] conn(0x7f9a1007acc0 0x7f9a100791c0 secure :-1 s=READY pgs=28 cs=0 l=1 rev1=1 crypto rx=0x7f9a040098a0 tx=0x7f9a04009bb0 comp rx=0 tx=0).ready entity=mon.0 client_cookie=643433c82d97fed7 server_cookie=0 in_seq=0 out_seq=0
2024-04-20T21:18:54.633 INFO:teuthology.orchestra.run.smithi062.stdout:/usr/bin/ceph: stderr
2024-04-20T21:18:46.850+0000 7f9a0fe00700 1 -- 172.21.15.62:0/4053245871 <== mon.0 v2:172.21.15.62:3300/0 1 ==== mon_map magic: 0 v1 ==== 229+0+0 (secure 0 0 0) 0x7f9a04004180 con 0x7f9a1007acc0
2024-04-20T21:18:54.633 INFO:teuthology.orchestra.run.smithi062.stdout:/usr/bin/ceph: stderr
2024-04-20T21:18:46.850+0000 7f9a0fe00700 1 -- 172.21.15.62:0/4053245871 <== mon.0 v2:172.21.15.62:3300/0 2 ==== config(27 keys) v1 ==== 1037+0+0 (secure 0 0 0) 0x7f9a040042e0 con 0x7f9a1007acc0
2024-04-20T21:18:54.634 INFO:teuthology.orchestra.run.smithi062.stdout:/usr/bin/ceph: stderr
2024-04-20T21:18:46.850+0000 7f9a0fe00700 1 -- 172.21.15.62:0/4053245871 <== mon.0 v2:172.21.15.62:3300/0 3 ==== mon_map magic: 0 v1 ==== 229+0+0 (secure 0 0 0) 0x7f9a04011a50 con 0x7f9a1007acc0
2024-04-20T21:18:54.634 INFO:teuthology.orchestra.run.smithi062.stdout:/usr/bin/ceph: stderr
2024-04-20T21:18:46.851+0000 7f9a18600700 1 -- 172.21.15.62:0/4053245871 >> [v2:172.21.15.62:3300/0,v1:172.21.15.62:6789/0] conn(0x7f9a1007acc0 msgr2=0x7f9a100791c0 secure :-1 s=STATE_CONNECTION_ESTABLISHED l=1).mark_down
2024-04-20T21:18:54.634 INFO:teuthology.orchestra.run.smithi062.stdout:/usr/bin/ceph: stderr
2024-04-20T21:18:46.851+0000 7f9a18600700 1 --2- 172.21.15.62:0/4053245871 >> [v2:172.21.15.62:3300/0,v1:172.21.15.62:6789/0] conn(0x7f9a1007acc0 0x7f9a100791c0 secure :-1 s=READY pgs=28 cs=0 l=1 rev1=1 crypto rx=0x7f9a040098a0 tx=0x7f9a04009bb0 comp rx=0 tx=0).stop
2024-04-20T21:18:54.634 INFO:teuthology.orchestra.run.smithi062.stdout:/usr/bin/ceph: stderr
2024-04-20T21:18:46.851+0000 7f9a18600700 1 -- 172.21.15.62:0/4053245871 shutdown_connections
2024-04-20T21:18:54.634 INFO:teuthology.orchestra.run.smithi062.stdout:/usr/bin/ceph: stderr
2024-04-20T21:18:46.851+0000 7f9a18600700 1 --2- 172.21.15.62:0/4053245871 >> [v2:172.21.15.62:3300/0,v1:172.21.15.62:6789/0] conn(0x7f9a1007acc0 0x7f9a100791c0 unknown :-1 s=CLOSED pgs=28 cs=0 l=1 rev1=1 crypto rx=0 tx=0 comp rx=0 tx=0).stop
2024-04-20T21:18:54.634 INFO:teuthology.orchestra.run.smithi062.stdout:/usr/bin/ceph: stderr
2024-04-20T21:18:46.851+0000 7f9a18600700 1 -- 172.21.15.62:0/4053245871 >> 172.21.15.62:0/4053245871 conn(0x7f9a10101110 msgr2=0x7f9a10103520 unknown :-1 s=STATE_NONE l=0).mark_down
2024-04-20T21:18:54.634 INFO:teuthology.orchestra.run.smithi062.stdout:/usr/bin/ceph: stderr
2024-04-20T21:18:46.851+0000 7f9a18600700 1 -- 172.21.15.62:0/4053245871 shutdown_connections
2024-04-20T21:18:54.634 INFO:teuthology.orchestra.run.smithi062.stdout:/usr/bin/ceph: stderr
2024-04-20T21:18:46.851+0000 7f9a18600700 1 -- 172.21.15.62:0/4053245871 wait complete.
2024-04-20T21:18:54.634 INFO:teuthology.orchestra.run.smithi062.stdout:/usr/bin/ceph: stderr
2024-04-20T21:18:46.852+0000 7f9a18600700 1 Processor -- start
2024-04-20T21:18:54.634 INFO:teuthology.orchestra.run.smithi062.stdout:/usr/bin/ceph: stderr
2024-04-20T21:18:46.852+0000 7f9a18600700 1 -- start start
2024-04-20T21:18:54.634 INFO:teuthology.orchestra.run.smithi062.stdout:/usr/bin/ceph: stderr
2024-04-20T21:18:46.853+0000 7f9a18600700 1 --2- >> [v2:172.21.15.62:3300/0,v1:172.21.15.62:6789/0] conn(0x7f9a1007acc0 0x7f9a1019ba10 unknown :-1 s=NONE pgs=0 cs=0 l=1 rev1=0 crypto rx=0 tx=0 comp rx=0 tx=0).connect
2024-04-20T21:18:54.634 INFO:teuthology.orchestra.run.smithi062.stdout:/usr/bin/ceph: stderr
2024-04-20T21:18:46.853+0000 7f9a18600700 1 -- --> [v2:172.21.15.62:3300/0,v1:172.21.15.62:6789/0] -- mon_getmap magic: 0 v1 -- 0x7f9a1019bf50 con 0x7f9a1007acc0
2024-04-20T21:18:54.635 INFO:teuthology.orchestra.run.smithi062.stdout:/usr/bin/ceph: stderr
2024-04-20T21:18:46.853+0000 7f9a15c00700 1 --2- >> [v2:172.21.15.62:3300/0,v1:172.21.15.62:6789/0] conn(0x7f9a1007acc0 0x7f9a1019ba10 unknown :-1 s=BANNER_CONNECTING pgs=0 cs=0 l=1 rev1=0 crypto rx=0 tx=0 comp rx=0 tx=0)._handle_peer_banner_payload supported=3 required=0
2024-04-20T21:18:54.635 INFO:teuthology.orchestra.run.smithi062.stdout:/usr/bin/ceph: stderr
2024-04-20T21:18:46.853+0000 7f9a15c00700 1 --2- >> [v2:172.21.15.62:3300/0,v1:172.21.15.62:6789/0] conn(0x7f9a1007acc0 0x7f9a1019ba10 unknown :-1 s=HELLO_CONNECTING pgs=0 cs=0 l=1 rev1=1 crypto rx=0 tx=0 comp rx=0 tx=0).handle_hello peer v2:172.21.15.62:3300/0 says I am v2:172.21.15.62:48110/0 (socket says 172.21.15.62:48110)
2024-04-20T21:18:54.635 INFO:teuthology.orchestra.run.smithi062.stdout:/usr/bin/ceph: stderr
2024-04-20T21:18:46.853+0000 7f9a15c00700 1 -- 172.21.15.62:0/4205982559 learned_addr learned my addr 172.21.15.62:0/4205982559 (peer_addr_for_me v2:172.21.15.62:0/0)
2024-04-20T21:18:54.635 INFO:teuthology.orchestra.run.smithi062.stdout:/usr/bin/ceph: stderr
2024-04-20T21:18:46.853+0000 7f9a15c00700 1 -- 172.21.15.62:0/4205982559 --> [v2:172.21.15.62:3300/0,v1:172.21.15.62:6789/0] -- mon_subscribe({config=0+,monmap=0+}) v3 -- 0x7f9a04009550 con 0x7f9a1007acc0
2024-04-20T21:18:54.635 INFO:teuthology.orchestra.run.smithi062.stdout:/usr/bin/ceph: stderr
2024-04-20T21:18:46.854+0000 7f9a15c00700 1 --2- 172.21.15.62:0/4205982559 >> [v2:172.21.15.62:3300/0,v1:172.21.15.62:6789/0] conn(0x7f9a1007acc0 0x7f9a1019ba10 secure :-1 s=READY pgs=29 cs=0 l=1 rev1=1 crypto rx=0x7f9a04000c00 tx=0x7f9a040047c0 comp rx=0 tx=0).ready entity=mon.0 client_cookie=0 server_cookie=0 in_seq=0 out_seq=0
2024-04-20T21:18:54.635 INFO:teuthology.orchestra.run.smithi062.stdout:/usr/bin/ceph: stderr
2024-04-20T21:18:46.854+0000 7f9a0e000700 1 -- 172.21.15.62:0/4205982559 <== mon.0 v2:172.21.15.62:3300/0 1 ==== mon_map magic: 0 v1 ==== 229+0+0 (secure 0 0 0) 0x7f9a04003a00 con 0x7f9a1007acc0
2024-04-20T21:18:54.635 INFO:teuthology.orchestra.run.smithi062.stdout:/usr/bin/ceph: stderr
2024-04-20T21:18:46.854+0000 7f9a0e000700 1 -- 172.21.15.62:0/4205982559 <== mon.0 v2:172.21.15.62:3300/0 2 ==== config(27 keys) v1 ==== 1037+0+0 (secure 0 0 0) 0x7f9a04003b60 con 0x7f9a1007acc0
2024-04-20T21:18:54.635 INFO:teuthology.orchestra.run.smithi062.stdout:/usr/bin/ceph: stderr
2024-04-20T21:18:46.854+0000 7f9a18600700 1 -- 172.21.15.62:0/4205982559 --> [v2:172.21.15.62:3300/0,v1:172.21.15.62:6789/0] -- mon_subscribe({mgrmap=0+}) v3 -- 0x7f9a1019c150 con 0x7f9a1007acc0
2024-04-20T21:18:54.635 INFO:teuthology.orchestra.run.smithi062.stdout:/usr/bin/ceph: stderr
2024-04-20T21:18:46.854+0000 7f9a0e000700 1 -- 172.21.15.62:0/4205982559 <== mon.0 v2:172.21.15.62:3300/0 3 ==== mon_map magic: 0 v1 ==== 229+0+0 (secure 0 0 0) 0x7f9a0401a800 con 0x7f9a1007acc0
2024-04-20T21:18:54.635 INFO:teuthology.orchestra.run.smithi062.stdout:/usr/bin/ceph: stderr
2024-04-20T21:18:46.854+0000 7f9a18600700 1 -- 172.21.15.62:0/4205982559 --> [v2:172.21.15.62:3300/0,v1:172.21.15.62:6789/0] -- mon_subscribe({osdmap=0}) v3 -- 0x7f9a1019c570 con 0x7f9a1007acc0
2024-04-20T21:18:54.635 INFO:teuthology.orchestra.run.smithi062.stdout:/usr/bin/ceph: stderr
2024-04-20T21:18:46.855+0000 7f9a0e000700 1 -- 172.21.15.62:0/4205982559 <== mon.0 v2:172.21.15.62:3300/0 4 ==== mgrmap(e 5) v1 ==== 45084+0+0 (secure 0 0 0) 0x7f9a04024440 con 0x7f9a1007acc0
2024-04-20T21:18:54.635 INFO:teuthology.orchestra.run.smithi062.stdout:/usr/bin/ceph: stderr
2024-04-20T21:18:46.856+0000 7f9a0e000700 1 --2- 172.21.15.62:0/4205982559 >> [v2:172.21.15.62:6800/871423274,v1:172.21.15.62:6801/871423274] conn(0x7f99f80383f0 0x7f99f803a8a0 unknown :-1 s=NONE pgs=0 cs=0 l=1 rev1=0 crypto rx=0 tx=0 comp rx=0 tx=0).connect
2024-04-20T21:18:54.635 INFO:teuthology.orchestra.run.smithi062.stdout:/usr/bin/ceph: stderr
2024-04-20T21:18:46.856+0000 7f9a18600700 1 -- 172.21.15.62:0/4205982559 --> [v2:172.21.15.62:6800/871423274,v1:172.21.15.62:6801/871423274] -- command(tid 0: {"prefix": "get_command_descriptions"}) v1 -- 0x7f9a10062380 con 0x7f99f80383f0
2024-04-20T21:18:54.635 INFO:teuthology.orchestra.run.smithi062.stdout:/usr/bin/ceph: stderr
2024-04-20T21:18:46.856+0000 7f9a0e000700 1 -- 172.21.15.62:0/4205982559 <== mon.0 v2:172.21.15.62:3300/0 5 ==== osd_map(1..1 src has 1..1) v4 ==== 725+0+0 (secure 0 0 0) 0x7f9a0404c060 con 0x7f9a1007acc0
2024-04-20T21:18:54.635 INFO:teuthology.orchestra.run.smithi062.stdout:/usr/bin/ceph: stderr
2024-04-20T21:18:46.856+0000 7f9a15200700 1 -- 172.21.15.62:0/4205982559 >> [v2:172.21.15.62:6800/871423274,v1:172.21.15.62:6801/871423274] conn(0x7f99f80383f0 msgr2=0x7f99f803a8a0 unknown :-1 s=STATE_CONNECTING_RE l=1).process reconnect failed to v2:172.21.15.62:6800/871423274
2024-04-20T21:18:54.636 INFO:teuthology.orchestra.run.smithi062.stdout:/usr/bin/ceph: stderr
2024-04-20T21:18:46.856+0000 7f9a15200700 1 --2- 172.21.15.62:0/4205982559 >> [v2:172.21.15.62:6800/871423274,v1:172.21.15.62:6801/871423274] conn(0x7f99f80383f0 0x7f99f803a8a0 unknown :-1 s=START_CONNECT pgs=0 cs=0 l=1 rev1=0 crypto rx=0 tx=0 comp rx=0 tx=0)._fault waiting 0.200000
