2024-04-20T21:23:03.756 INFO:teuthology.orchestra.run.smithi022.stdout:/usr/bin/ceph: stderr
2024-04-20T21:23:02.882+0000 7f357fc00700 1 --2- >> [v2:172.21.15.22:3300/0,v1:172.21.15.22:6789/0] conn(0x7f357807de20 0x7f357819e6e0 unknown :-1 s=NONE pgs=0 cs=0 l=1 rev1=0 crypto rx=0 tx=0 comp rx=0 tx=0).connect
2024-04-20T21:23:03.757 INFO:teuthology.orchestra.run.smithi022.stdout:/usr/bin/ceph: stderr
2024-04-20T21:23:02.882+0000 7f357fc00700 1 -- --> [v2:172.21.15.22:3300/0,v1:172.21.15.22:6789/0] -- mon_getmap magic: 0 -- 0x7f357810eb30 con 0x7f357807de20
2024-04-20T21:23:03.757 INFO:teuthology.orchestra.run.smithi022.stdout:/usr/bin/ceph: stderr
2024-04-20T21:23:02.882+0000 7f357d200700 1 --2- >> [v2:172.21.15.22:3300/0,v1:172.21.15.22:6789/0] conn(0x7f357807de20 0x7f357819e6e0 unknown :-1 s=BANNER_CONNECTING pgs=0 cs=0 l=1 rev1=0 crypto rx=0 tx=0 comp rx=0 tx=0)._handle_peer_banner_payload supported=3 required=0
2024-04-20T21:23:03.757 INFO:teuthology.orchestra.run.smithi022.stdout:/usr/bin/ceph: stderr
2024-04-20T21:23:02.883+0000 7f357d200700 1 --2- >> [v2:172.21.15.22:3300/0,v1:172.21.15.22:6789/0] conn(0x7f357807de20 0x7f357819e6e0 unknown :-1 s=HELLO_CONNECTING pgs=0 cs=0 l=1 rev1=1 crypto rx=0 tx=0 comp rx=0 tx=0).handle_hello peer v2:172.21.15.22:3300/0 says I am v2:172.21.15.22:55624/0 (socket says 172.21.15.22:55624)
2024-04-20T21:23:03.758 INFO:teuthology.orchestra.run.smithi022.stdout:/usr/bin/ceph: stderr
2024-04-20T21:23:02.883+0000 7f357d200700 1 -- 172.21.15.22:0/2686050975 learned_addr learned my addr 172.21.15.22:0/2686050975 (peer_addr_for_me v2:172.21.15.22:0/0)
2024-04-20T21:23:03.758 INFO:teuthology.orchestra.run.smithi022.stdout:/usr/bin/ceph: stderr
2024-04-20T21:23:02.883+0000 7f357d200700 1 -- 172.21.15.22:0/2686050975 --> [v2:172.21.15.22:3300/0,v1:172.21.15.22:6789/0] -- mon_subscribe({config=0+,monmap=0+}) -- 0x7f357819ec20 con 0x7f357807de20
2024-04-20T21:23:03.758 INFO:teuthology.orchestra.run.smithi022.stdout:/usr/bin/ceph: stderr
2024-04-20T21:23:02.883+0000 7f357d200700 1 --2- 172.21.15.22:0/2686050975 >> [v2:172.21.15.22:3300/0,v1:172.21.15.22:6789/0] conn(0x7f357807de20 0x7f357819e6e0 secure :-1 s=READY pgs=44 cs=0 l=1 rev1=1 crypto rx=0x7f356c011b60 tx=0x7f356c011c40 comp rx=0 tx=0).ready entity=mon.0 client_cookie=0 server_cookie=0 in_seq=0 out_seq=0
2024-04-20T21:23:03.758 INFO:teuthology.orchestra.run.smithi022.stdout:/usr/bin/ceph: stderr
2024-04-20T21:23:02.884+0000 7f3575600700 1 -- 172.21.15.22:0/2686050975 <== mon.0 v2:172.21.15.22:3300/0 1 ==== mon_map magic: 0 ==== 205+0+0 (secure 0 0 0) 0x7f356c003b20 con 0x7f357807de20
2024-04-20T21:23:03.759 INFO:teuthology.orchestra.run.smithi022.stdout:/usr/bin/ceph: stderr
2024-04-20T21:23:02.884+0000 7f3575600700 1 -- 172.21.15.22:0/2686050975 <== mon.0 v2:172.21.15.22:3300/0 2 ==== config(27 keys) ==== 1109+0+0 (secure 0 0 0) 0x7f356c003cc0 con 0x7f357807de20
2024-04-20T21:23:03.759 INFO:teuthology.orchestra.run.smithi022.stdout:/usr/bin/ceph: stderr
2024-04-20T21:23:02.884+0000 7f357fc00700 1 -- 172.21.15.22:0/2686050975 --> [v2:172.21.15.22:3300/0,v1:172.21.15.22:6789/0] -- mon_subscribe({mgrmap=0+}) -- 0x7f357819eeb0 con 0x7f357807de20
2024-04-20T21:23:03.759 INFO:teuthology.orchestra.run.smithi022.stdout:/usr/bin/ceph: stderr
2024-04-20T21:23:02.884+0000 7f3575600700 1 -- 172.21.15.22:0/2686050975 <== mon.0 v2:172.21.15.22:3300/0 3 ==== mon_map magic: 0 ==== 205+0+0 (secure 0 0 0) 0x7f356c024840 con 0x7f357807de20
2024-04-20T21:23:03.759 INFO:teuthology.orchestra.run.smithi022.stdout:/usr/bin/ceph: stderr
2024-04-20T21:23:02.884+0000 7f357fc00700 1 -- 172.21.15.22:0/2686050975 --> [v2:172.21.15.22:3300/0,v1:172.21.15.22:6789/0] -- mon_subscribe({osdmap=0}) -- 0x7f35781a1ba0 con 0x7f357807de20
2024-04-20T21:23:03.759 INFO:teuthology.orchestra.run.smithi022.stdout:/usr/bin/ceph: stderr
2024-04-20T21:23:02.885+0000 7f3575600700 1 -- 172.21.15.22:0/2686050975 <== mon.0 v2:172.21.15.22:3300/0 4 ==== mgrmap(e 8) ==== 46558+0+0 (secure 0 0 0) 0x7f356c022020 con 0x7f357807de20
2024-04-20T21:23:03.760 INFO:teuthology.orchestra.run.smithi022.stdout:/usr/bin/ceph: stderr
2024-04-20T21:23:02.885+0000 7f357fc00700 1 -- 172.21.15.22:0/2686050975 --> [v2:172.21.15.22:3300/0,v1:172.21.15.22:6789/0] -- mon_command({"prefix": "get_command_descriptions"} v 0) -- 0x7f35780640b0 con 0x7f357807de20
2024-04-20T21:23:03.760 INFO:teuthology.orchestra.run.smithi022.stdout:/usr/bin/ceph: stderr
2024-04-20T21:23:02.886+0000 7f3575600700 1 --2- 172.21.15.22:0/2686050975 >> [v2:172.21.15.22:6800/2098569388,v1:172.21.15.22:6801/2098569388] conn(0x7f3560039600 0x7f356003bac0 unknown :-1 s=NONE pgs=0 cs=0 l=1 rev1=0 crypto rx=0 tx=0 comp rx=0 tx=0).connect
2024-04-20T21:23:03.760 INFO:teuthology.orchestra.run.smithi022.stdout:/usr/bin/ceph: stderr
2024-04-20T21:23:02.886+0000 7f3575600700 1 -- 172.21.15.22:0/2686050975 <== mon.0 v2:172.21.15.22:3300/0 5 ==== osd_map(2..2 src has 1..2) ==== 940+0+0 (secure 0 0 0) 0x7f356c011e00 con 0x7f357807de20
2024-04-20T21:23:03.760 INFO:teuthology.orchestra.run.smithi022.stdout:/usr/bin/ceph: stderr
2024-04-20T21:23:02.886+0000 7f3577e00700 1 --2- 172.21.15.22:0/2686050975 >> [v2:172.21.15.22:6800/2098569388,v1:172.21.15.22:6801/2098569388] conn(0x7f3560039600 0x7f356003bac0 unknown :-1 s=BANNER_CONNECTING pgs=0 cs=0 l=1 rev1=0 crypto rx=0 tx=0 comp rx=0 tx=0)._handle_peer_banner_payload supported=3 required=0
2024-04-20T21:23:03.760 INFO:teuthology.orchestra.run.smithi022.stdout:/usr/bin/ceph: stderr
2024-04-20T21:23:02.887+0000 7f3577e00700 1 --2- 172.21.15.22:0/2686050975 >> [v2:172.21.15.22:6800/2098569388,v1:172.21.15.22:6801/2098569388] conn(0x7f3560039600 0x7f356003bac0 secure :-1 s=READY pgs=10 cs=0 l=1 rev1=1 crypto rx=0x7f3568006fd0 tx=0x7f3568006e40 comp rx=0 tx=0).ready entity=mgr.14120 client_cookie=0 server_cookie=0 in_seq=0 out_seq=0
2024-04-20T21:23:03.761 INFO:teuthology.orchestra.run.smithi022.stdout:/usr/bin/ceph: stderr
2024-04-20T21:23:02.891+0000 7f3575600700 1 -- 172.21.15.22:0/2686050975 <== mon.0 v2:172.21.15.22:3300/0 6 ==== mon_command_ack([{"prefix": "get_command_descriptions"}]=0 v0) ==== 72+0+188381 (secure 0 0 0) 0x7f356c00b3e0 con 0x7f357807de20
2024-04-20T21:23:03.761 INFO:teuthology.orchestra.run.smithi022.stdout:/usr/bin/ceph: stderr
2024-04-20T21:23:03.118+0000 7f357fc00700 1 -- 172.21.15.22:0/2686050975 --> [v2:172.21.15.22:6800/2098569388,v1:172.21.15.22:6801/2098569388] -- mgr_command(tid 0: {"prefix": "cephadm get-pub-key", "target": ["mon-mgr", ""]}) -- 0x7f3578104e50 con 0x7f3560039600
2024-04-20T21:23:03.761 INFO:teuthology.orchestra.run.smithi022.stdout:/usr/bin/ceph: stderr
2024-04-20T21:23:03.120+0000 7f3575600700 1 -- 172.21.15.22:0/2686050975 <== mgr.14120 v2:172.21.15.22:6800/2098569388 1 ==== mgr_command_reply(tid 0: 0 ) ==== 8+0+595 (secure 0 0 0) 0x7f3578104e50 con 0x7f3560039600
2024-04-20T21:23:03.761 INFO:teuthology.orchestra.run.smithi022.stdout:/usr/bin/ceph: stderr
2024-04-20T21:23:03.123+0000 7f357fc00700 1 -- 172.21.15.22:0/2686050975 >> [v2:172.21.15.22:6800/2098569388,v1:172.21.15.22:6801/2098569388] conn(0x7f3560039600 msgr2=0x7f356003bac0 secure :-1 s=STATE_CONNECTION_ESTABLISHED l=1).mark_down
2024-04-20T21:23:03.761 INFO:teuthology.orchestra.run.smithi022.stdout:/usr/bin/ceph: stderr
2024-04-20T21:23:03.123+0000 7f357fc00700 1 --2- 172.21.15.22:0/2686050975 >> [v2:172.21.15.22:6800/2098569388,v1:172.21.15.22:6801/2098569388] conn(0x7f3560039600 0x7f356003bac0 secure :-1 s=READY pgs=10 cs=0 l=1 rev1=1 crypto rx=0x7f3568006fd0 tx=0x7f3568006e40 comp rx=0 tx=0).stop
2024-04-20T21:23:03.762 INFO:teuthology.orchestra.run.smithi022.stdout:/usr/bin/ceph: stderr
2024-04-20T21:23:03.123+0000 7f357fc00700 1 -- 172.21.15.22:0/2686050975 >> [v2:172.21.15.22:3300/0,v1:172.21.15.22:6789/0] conn(0x7f357807de20 msgr2=0x7f357819e6e0 secure :-1 s=STATE_CONNECTION_ESTABLISHED l=1).mark_down
2024-04-20T21:23:03.762 INFO:teuthology.orchestra.run.smithi022.stdout:/usr/bin/ceph: stderr
2024-04-20T21:23:03.123+0000 7f357fc00700 1 --2- 172.21.15.22:0/2686050975 >> [v2:172.21.15.22:3300/0,v1:172.21.15.22:6789/0] conn(0x7f357807de20 0x7f357819e6e0 secure :-1 s=READY pgs=44 cs=0 l=1 rev1=1 crypto rx=0x7f356c011b60 tx=0x7f356c011c40 comp rx=0 tx=0).stop
2024-04-20T21:23:03.762 INFO:teuthology.orchestra.run.smithi022.stdout:/usr/bin/ceph: stderr
2024-04-20T21:23:03.123+0000 7f357fc00700 1 -- 172.21.15.22:0/2686050975 shutdown_connections
2024-04-20T21:23:03.762 INFO:teuthology.orchestra.run.smithi022.stdout:/usr/bin/ceph: stderr
2024-04-20T21:23:03.123+0000 7f357fc00700 1 --2- 172.21.15.22:0/2686050975 >> [v2:172.21.15.22:6800/2098569388,v1:172.21.15.22:6801/2098569388] conn(0x7f3560039600 0x7f356003bac0 unknown :-1 s=CLOSED pgs=10 cs=0 l=1 rev1=1 crypto rx=0 tx=0 comp rx=0 tx=0).stop
2024-04-20T21:23:03.762 INFO:teuthology.orchestra.run.smithi022.stdout:/usr/bin/ceph: stderr
2024-04-20T21:23:03.123+0000 7f357fc00700 1 --2- 172.21.15.22:0/2686050975 >> [v2:172.21.15.22:3300/0,v1:172.21.15.22:6789/0] conn(0x7f357807de20 0x7f357819e6e0 unknown :-1 s=CLOSED pgs=44 cs=0 l=1 rev1=1 crypto rx=0 tx=0 comp rx=0 tx=0).stop
2024-04-20T21:23:03.763 INFO:teuthology.orchestra.run.smithi022.stdout:/usr/bin/ceph: stderr
2024-04-20T21:23:03.123+0000 7f357fc00700 1 -- 172.21.15.22:0/2686050975 >> 172.21.15.22:0/2686050975 conn(0x7f3578103b80 msgr2=0x7f3578104740 unknown :-1 s=STATE_NONE l=0).mark_down
2024-04-20T21:23:03.763 INFO:teuthology.orchestra.run.smithi022.stdout:/usr/bin/ceph: stderr
2024-04-20T21:23:03.123+0000 7f357fc00700 1 -- 172.21.15.22:0/2686050975 shutdown_connections
2024-04-20T21:23:03.763 INFO:teuthology.orchestra.run.smithi022.stdout:/usr/bin/ceph: stderr
2024-04-20T21:23:03.123+0000 7f357fc00700 1 -- 172.21.15.22:0/2686050975 wait complete.
2024-04-20T21:23:03.764 INFO:teuthology.orchestra.run.smithi022.stdout:Wrote public SSH key to /home/ubuntu/cephtest/ceph.pub
2024-04-20T21:23:03.764 INFO:teuthology.orchestra.run.smithi022.stdout:Adding key to root@localhost authorized_keys...
2024-04-20T21:23:03.784 INFO:teuthology.orchestra.run.smithi022.stdout:Adding host smithi022...
2024-04-20T21:23:05.656 INFO:journalctl@ceph.mon.a.smithi022.stdout:Apr 20 21:23:05 smithi022 ceph-mon[16843]: from='client.14140 -' entity='client.admin' cmd=[{"prefix": "orch host add", "hostname": "smithi022", "addr": "172.21.15.22", "target": ["mon-mgr", ""]}]: dispatch
2024-04-20T21:23:06.602 INFO:journalctl@ceph.mon.a.smithi022.stdout:Apr 20 21:23:06 smithi022 ceph-mon[16843]: Deploying cephadm binary to smithi022
2024-04-20T21:23:11.541 INFO:teuthology.orchestra.run.smithi022.stdout:/usr/bin/ceph: stdout Added host 'smithi022' with addr '172.21.15.22'
2024-04-20T21:23:11.541 INFO:teuthology.orchestra.run.smithi022.stdout:/usr/bin/ceph: stderr
2024-04-20T21:23:04.361+0000 7fbfa8a00700 1 Processor -- start
2024-04-20T21:23:11.543 INFO:teuthology.orchestra.run.smithi022.stdout:/usr/bin/ceph: stderr
2024-04-20T21:23:04.362+0000 7fbfa8a00700 1 -- start start
2024-04-20T21:23:11.543 INFO:teuthology.orchestra.run.smithi022.stdout:/usr/bin/ceph: stderr
2024-04-20T21:23:04.362+0000 7fbfa8a00700 1 --2- >> [v2:172.21.15.22:3300/0,v1:172.21.15.22:6789/0] conn(0x7fbfa41085d0 0x7fbfa41089f0 unknown :-1 s=NONE pgs=0 cs=0 l=0 rev1=0 crypto rx=0 tx=0 comp rx=0 tx=0).connect
2024-04-20T21:23:11.543 INFO:teuthology.orchestra.run.smithi022.stdout:/usr/bin/ceph: stderr
2024-04-20T21:23:04.362+0000 7fbfa8a00700 1 -- --> [v2:172.21.15.22:3300/0,v1:172.21.15.22:6789/0] -- mon_getmap magic: 0 -- 0x7fbfa4108fc0 con 0x7fbfa41085d0
2024-04-20T21:23:11.543 INFO:teuthology.orchestra.run.smithi022.stdout:/usr/bin/ceph: stderr
2024-04-20T21:23:04.363+0000 7fbfa1e00700 1 --2- >> [v2:172.21.15.22:3300/0,v1:172.21.15.22:6789/0] conn(0x7fbfa41085d0 0x7fbfa41089f0 unknown :-1 s=BANNER_CONNECTING pgs=0 cs=0 l=0 rev1=0 crypto rx=0 tx=0 comp rx=0 tx=0)._handle_peer_banner_payload supported=3 required=0
2024-04-20T21:23:11.543 INFO:teuthology.orchestra.run.smithi022.stdout:/usr/bin/ceph: stderr
2024-04-20T21:23:04.363+0000 7fbfa1e00700 1 --2- >> [v2:172.21.15.22:3300/0,v1:172.21.15.22:6789/0] conn(0x7fbfa41085d0 0x7fbfa41089f0 unknown :-1 s=HELLO_CONNECTING pgs=0 cs=0 l=0 rev1=1 crypto rx=0 tx=0 comp rx=0 tx=0).handle_hello peer v2:172.21.15.22:3300/0 says I am v2:172.21.15.22:55628/0 (socket says 172.21.15.22:55628)
2024-04-20T21:23:11.543 INFO:teuthology.orchestra.run.smithi022.stdout:/usr/bin/ceph: stderr
2024-04-20T21:23:04.363+0000 7fbfa1e00700 1 -- 172.21.15.22:0/2324907891 learned_addr learned my addr 172.21.15.22:0/2324907891 (peer_addr_for_me v2:172.21.15.22:0/0)
2024-04-20T21:23:11.543 INFO:teuthology.orchestra.run.smithi022.stdout:/usr/bin/ceph: stderr
2024-04-20T21:23:04.364+0000 7fbfa1e00700 1 -- 172.21.15.22:0/2324907891 --> [v2:172.21.15.22:3300/0,v1:172.21.15.22:6789/0] -- mon_subscribe({config=0+,monmap=0+}) -- 0x7fbfa4109730 con 0x7fbfa41085d0
2024-04-20T21:23:11.544 INFO:teuthology.orchestra.run.smithi022.stdout:/usr/bin/ceph: stderr
2024-04-20T21:23:04.364+0000 7fbfa1e00700 1 --2- 172.21.15.22:0/2324907891 >> [v2:172.21.15.22:3300/0,v1:172.21.15.22:6789/0] conn(0x7fbfa41085d0 0x7fbfa41089f0 secure :-1 s=READY pgs=45 cs=0 l=1 rev1=1 crypto rx=0x7fbf940098a0 tx=0x7fbf94009bb0 comp rx=0 tx=0).ready entity=mon.0 client_cookie=cd245bff6799b945 server_cookie=0 in_seq=0 out_seq=0
2024-04-20T21:23:11.544 INFO:teuthology.orchestra.run.smithi022.stdout:/usr/bin/ceph: stderr
2024-04-20T21:23:04.364+0000 7fbfa0a00700 1 -- 172.21.15.22:0/2324907891 <== mon.0 v2:172.21.15.22:3300/0 1 ==== mon_map magic: 0 ==== 205+0+0 (secure 0 0 0) 0x7fbf94004160 con 0x7fbfa41085d0
2024-04-20T21:23:11.544 INFO:teuthology.orchestra.run.smithi022.stdout:/usr/bin/ceph: stderr
2024-04-20T21:23:04.364+0000 7fbfa0a00700 1 -- 172.21.15.22:0/2324907891 <== mon.0 v2:172.21.15.22:3300/0 2 ==== config(27 keys) ==== 1109+0+0 (secure 0 0 0) 0x7fbf94004300 con 0x7fbfa41085d0
2024-04-20T21:23:11.544 INFO:teuthology.orchestra.run.smithi022.stdout:/usr/bin/ceph: stderr
2024-04-20T21:23:04.364+0000 7fbfa0a00700 1 -- 172.21.15.22:0/2324907891 <== mon.0 v2:172.21.15.22:3300/0 3 ==== mon_map magic: 0 ==== 205+0+0 (secure 0 0 0) 0x7fbf94011b50 con 0x7fbfa41085d0
2024-04-20T21:23:11.544 INFO:teuthology.orchestra.run.smithi022.stdout:/usr/bin/ceph: stderr
2024-04-20T21:23:04.365+0000 7fbfa8a00700 1 -- 172.21.15.22:0/2324907891 >> [v2:172.21.15.22:3300/0,v1:172.21.15.22:6789/0] conn(0x7fbfa41085d0 msgr2=0x7fbfa41089f0 secure :-1 s=STATE_CONNECTION_ESTABLISHED l=1).mark_down
2024-04-20T21:23:11.544 INFO:teuthology.orchestra.run.smithi022.stdout:/usr/bin/ceph: stderr
2024-04-20T21:23:04.365+0000 7fbfa8a00700 1 --2- 172.21.15.22:0/2324907891 >> [v2:172.21.15.22:3300/0,v1:172.21.15.22:6789/0] conn(0x7fbfa41085d0 0x7fbfa41089f0 secure :-1 s=READY pgs=45 cs=0 l=1 rev1=1 crypto rx=0x7fbf940098a0 tx=0x7fbf94009bb0 comp rx=0 tx=0).stop
2024-04-20T21:23:11.548 INFO:teuthology.orchestra.run.smithi022.stdout:/usr/bin/ceph: stderr
2024-04-20T21:23:04.365+0000 7fbfa8a00700 1 -- 172.21.15.22:0/2324907891 shutdown_connections
2024-04-20T21:23:11.548 INFO:teuthology.orchestra.run.smithi022.stdout:/usr/bin/ceph: stderr
2024-04-20T21:23:04.365+0000 7fbfa8a00700 1 --2- 172.21.15.22:0/2324907891 >> [v2:172.21.15.22:3300/0,v1:172.21.15.22:6789/0] conn(0x7fbfa41085d0 0x7fbfa41089f0 unknown :-1 s=CLOSED pgs=45 cs=0 l=1 rev1=1 crypto rx=0 tx=0 comp rx=0 tx=0).stop
2024-04-20T21:23:11.548 INFO:teuthology.orchestra.run.smithi022.stdout:/usr/bin/ceph: stderr
2024-04-20T21:23:04.365+0000 7fbfa8a00700 1 -- 172.21.15.22:0/2324907891 >> 172.21.15.22:0/2324907891 conn(0x7fbfa4103bb0 msgr2=0x7fbfa4105fd0 unknown :-1 s=STATE_NONE l=0).mark_down
2024-04-20T21:23:11.548 INFO:teuthology.orchestra.run.smithi022.stdout:/usr/bin/ceph: stderr
2024-04-20T21:23:04.365+0000 7fbfa8a00700 1 -- 172.21.15.22:0/2324907891 shutdown_connections
2024-04-20T21:23:11.548 INFO:teuthology.orchestra.run.smithi022.stdout:/usr/bin/ceph: stderr
2024-04-20T21:23:04.365+0000 7fbfa8a00700 1 -- 172.21.15.22:0/2324907891 wait complete.
2024-04-20T21:23:11.548 INFO:teuthology.orchestra.run.smithi022.stdout:/usr/bin/ceph: stderr
2024-04-20T21:23:04.366+0000 7fbfa8a00700 1 Processor -- start
2024-04-20T21:23:11.548 INFO:teuthology.orchestra.run.smithi022.stdout:/usr/bin/ceph: stderr
2024-04-20T21:23:04.366+0000 7fbfa8a00700 1 -- start start
2024-04-20T21:23:11.548 INFO:teuthology.orchestra.run.smithi022.stdout:/usr/bin/ceph: stderr
2024-04-20T21:23:04.367+0000 7fbfa8a00700 1 --2- >> [v2:172.21.15.22:3300/0,v1:172.21.15.22:6789/0] conn(0x7fbfa41085d0 0x7fbfa419c580 unknown :-1 s=NONE pgs=0 cs=0 l=1 rev1=0 crypto rx=0 tx=0 comp rx=0 tx=0).connect
2024-04-20T21:23:11.548 INFO:teuthology.orchestra.run.smithi022.stdout:/usr/bin/ceph: stderr
2024-04-20T21:23:04.367+0000 7fbfa8a00700 1 -- --> [v2:172.21.15.22:3300/0,v1:172.21.15.22:6789/0] -- mon_getmap magic: 0 -- 0x7fbfa410cae0 con 0x7fbfa41085d0
2024-04-20T21:23:11.548 INFO:teuthology.orchestra.run.smithi022.stdout:/usr/bin/ceph: stderr
2024-04-20T21:23:04.367+0000 7fbfa1e00700 1 --2- >> [v2:172.21.15.22:3300/0,v1:172.21.15.22:6789/0] conn(0x7fbfa41085d0 0x7fbfa419c580 unknown :-1 s=BANNER_CONNECTING pgs=0 cs=0 l=1 rev1=0 crypto rx=0 tx=0 comp rx=0 tx=0)._handle_peer_banner_payload supported=3 required=0
2024-04-20T21:23:11.548 INFO:teuthology.orchestra.run.smithi022.stdout:/usr/bin/ceph: stderr
2024-04-20T21:23:04.367+0000 7fbfa1e00700 1 --2- >> [v2:172.21.15.22:3300/0,v1:172.21.15.22:6789/0] conn(0x7fbfa41085d0 0x7fbfa419c580 unknown :-1 s=HELLO_CONNECTING pgs=0 cs=0 l=1 rev1=1 crypto rx=0 tx=0 comp rx=0 tx=0).handle_hello peer v2:172.21.15.22:3300/0 says I am v2:172.21.15.22:55630/0 (socket says 172.21.15.22:55630)
2024-04-20T21:23:11.548 INFO:teuthology.orchestra.run.smithi022.stdout:/usr/bin/ceph: stderr
2024-04-20T21:23:04.367+0000 7fbfa1e00700 1 -- 172.21.15.22:0/2706448241 learned_addr learned my addr 172.21.15.22:0/2706448241 (peer_addr_for_me v2:172.21.15.22:0/0)
2024-04-20T21:23:11.548 INFO:teuthology.orchestra.run.smithi022.stdout:/usr/bin/ceph: stderr
2024-04-20T21:23:04.367+0000 7fbfa1e00700 1 -- 172.21.15.22:0/2706448241 --> [v2:172.21.15.22:3300/0,v1:172.21.15.22:6789/0] -- mon_subscribe({config=0+,monmap=0+}) -- 0x7fbfa419cac0 con 0x7fbfa41085d0
2024-04-20T21:23:11.549 INFO:teuthology.orchestra.run.smithi022.stdout:/usr/bin/ceph: stderr
2024-04-20T21:23:04.368+0000 7fbfa1e00700 1 --2- 172.21.15.22:0/2706448241 >> [v2:172.21.15.22:3300/0,v1:172.21.15.22:6789/0] conn(0x7fbfa41085d0 0x7fbfa419c580 secure :-1 s=READY pgs=46 cs=0 l=1 rev1=1 crypto rx=0x7fbf94011850 tx=0x7fbf94011c10 comp rx=0 tx=0).ready entity=mon.0 client_cookie=0 server_cookie=0 in_seq=0 out_seq=0
2024-04-20T21:23:11.549 INFO:teuthology.orchestra.run.smithi022.stdout:/usr/bin/ceph: stderr
2024-04-20T21:23:04.368+0000 7fbf9aa00700 1 -- 172.21.15.22:0/2706448241 <== mon.0 v2:172.21.15.22:3300/0 1 ==== mon_map magic: 0 ==== 205+0+0 (secure 0 0 0) 0x7fbf94003af0 con 0x7fbfa41085d0
2024-04-20T21:23:11.549 INFO:teuthology.orchestra.run.smithi022.stdout:/usr/bin/ceph: stderr
2024-04-20T21:23:04.368+0000 7fbf9aa00700 1 -- 172.21.15.22:0/2706448241 <== mon.0 v2:172.21.15.22:3300/0 2 ==== config(27 keys) ==== 1109+0+0 (secure 0 0 0) 0x7fbf94020070 con 0x7fbfa41085d0
2024-04-20T21:23:11.549 INFO:teuthology.orchestra.run.smithi022.stdout:/usr/bin/ceph: stderr
2024-04-20T21:23:04.368+0000 7fbfa8a00700 1 -- 172.21.15.22:0/2706448241 --> [v2:172.21.15.22:3300/0,v1:172.21.15.22:6789/0] -- mon_subscribe({mgrmap=0+}) -- 0x7fbfa419cd50 con 0x7fbfa41085d0
2024-04-20T21:23:11.549 INFO:teuthology.orchestra.run.smithi022.stdout:/usr/bin/ceph: stderr
2024-04-20T21:23:04.368+0000 7fbf9aa00700 1 -- 172.21.15.22:0/2706448241 <== mon.0 v2:172.21.15.22:3300/0 3 ==== mon_map magic: 0 ==== 205+0+0 (secure 0 0 0) 0x7fbf940195a0 con 0x7fbfa41085d0
2024-04-20T21:23:11.549 INFO:teuthology.orchestra.run.smithi022.stdout:/usr/bin/ceph: stderr
2024-04-20T21:23:04.368+0000 7fbfa8a00700 1 -- 172.21.15.22:0/2706448241 --> [v2:172.21.15.22:3300/0,v1:172.21.15.22:6789/0] -- mon_subscribe({osdmap=0}) -- 0x7fbfa419fa40 con 0x7fbfa41085d0
2024-04-20T21:23:11.549 INFO:teuthology.orchestra.run.smithi022.stdout:/usr/bin/ceph: stderr
2024-04-20T21:23:04.369+0000 7fbf9aa00700 1 -- 172.21.15.22:0/2706448241 <== mon.0 v2:172.21.15.22:3300/0 4 ==== mgrmap(e 8) ==== 46558+0+0 (secure 0 0 0) 0x7fbf9401a430 con 0x7fbfa41085d0
2024-04-20T21:23:11.549 INFO:teuthology.orchestra.run.smithi022.stdout:/usr/bin/ceph: stderr
2024-04-20T21:23:04.369+0000 7fbfa8a00700 1 -- 172.21.15.22:0/2706448241 --> [v2:172.21.15.22:3300/0,v1:172.21.15.22:6789/0] -- mon_command({"prefix": "get_command_descriptions"} v 0) -- 0x7fbfa40640b0 con 0x7fbfa41085d0
2024-04-20T21:23:11.549 INFO:teuthology.orchestra.run.smithi022.stdout:/usr/bin/ceph: stderr
2024-04-20T21:23:04.370+0000 7fbf9aa00700 1 --2- 172.21.15.22:0/2706448241 >> [v2:172.21.15.22:6800/2098569388,v1:172.21.15.22:6801/2098569388] conn(0x7fbf88039600 0x7fbf8803bac0 unknown :-1 s=NONE pgs=0 cs=0 l=1 rev1=0 crypto rx=0 tx=0 comp rx=0 tx=0).connect
2024-04-20T21:23:11.549 INFO:teuthology.orchestra.run.smithi022.stdout:/usr/bin/ceph: stderr
2024-04-20T21:23:04.370+0000 7fbf9aa00700 1 -- 172.21.15.22:0/2706448241 <== mon.0 v2:172.21.15.22:3300/0 5 ==== osd_map(2..2 src has 1..2) ==== 940+0+0 (secure 0 0 0) 0x7fbf94011e00 con 0x7fbfa41085d0
2024-04-20T21:23:11.549 INFO:teuthology.orchestra.run.smithi022.stdout:/usr/bin/ceph: stderr
2024-04-20T21:23:04.370+0000 7fbfa1400700 1 --2- 172.21.15.22:0/2706448241 >> [v2:172.21.15.22:6800/2098569388,v1:172.21.15.22:6801/2098569388] conn(0x7fbf88039600 0x7fbf8803bac0 unknown :-1 s=BANNER_CONNECTING pgs=0 cs=0 l=1 rev1=0 crypto rx=0 tx=0 comp rx=0 tx=0)._handle_peer_banner_payload supported=3 required=0
2024-04-20T21:23:11.549 INFO:teuthology.orchestra.run.smithi022.stdout:/usr/bin/ceph: stderr
2024-04-20T21:23:04.371+0000 7fbfa1400700 1 --2- 172.21.15.22:0/2706448241 >> [v2:172.21.15.22:6800/2098569388,v1:172.21.15.22:6801/2098569388] conn(0x7fbf88039600 0x7fbf8803bac0 secure :-1 s=READY pgs=11 cs=0 l=1 rev1=1 crypto rx=0x7fbf90006fd0 tx=0x7fbf90006e40 comp rx=0 tx=0).ready entity=mgr.14120 client_cookie=0 server_cookie=0 in_seq=0 out_seq=0
2024-04-20T21:23:11.549 INFO:teuthology.orchestra.run.smithi022.stdout:/usr/bin/ceph: stderr
2024-04-20T21:23:04.376+0000 7fbf9aa00700 1 -- 172.21.15.22:0/2706448241 <== mon.0 v2:172.21.15.22:3300/0 6 ==== mon_command_ack([{"prefix": "get_command_descriptions"}]=0 v0) ==== 72+0+188381 (secure 0 0 0) 0x7fbf9400e260 con 0x7fbfa41085d0
2024-04-20T21:23:11.550 INFO:teuthology.orchestra.run.smithi022.stdout:/usr/bin/ceph: stderr
2024-04-20T21:23:04.610+0000 7fbfa8a00700 1 -- 172.21.15.22:0/2706448241 --> [v2:172.21.15.22:6800/2098569388,v1:172.21.15.22:6801/2098569388] -- mgr_command(tid 0: {"prefix": "orch host add", "hostname": "smithi022", "addr": "172.21.15.22", "target": ["mon-mgr", ""]}) -- 0x7fbfa4104e90 con 0x7fbf88039600
2024-04-20T21:23:11.550 INFO:teuthology.orchestra.run.smithi022.stdout:/usr/bin/ceph: stderr
2024-04-20T21:23:10.931+0000 7fbf9aa00700 1 -- 172.21.15.22:0/2706448241 <== mgr.14120 v2:172.21.15.22:6800/2098569388 1 ==== mgr_command_reply(tid 0: 0 ) ==== 8+0+48 (secure 0 0 0) 0x7fbfa4104e90 con 0x7fbf88039600
2024-04-20T21:23:11.550 INFO:teuthology.orchestra.run.smithi022.stdout:/usr/bin/ceph: stderr
2024-04-20T21:23:10.935+0000 7fbfa8a00700 1 -- 172.21.15.22:0/2706448241 >> [v2:172.21.15.22:6800/2098569388,v1:172.21.15.22:6801/2098569388] conn(0x7fbf88039600 msgr2=0x7fbf8803bac0 secure :-1 s=STATE_CONNECTION_ESTABLISHED l=1).mark_down
2024-04-20T21:23:11.550 INFO:teuthology.orchestra.run.smithi022.stdout:/usr/bin/ceph: stderr
2024-04-20T21:23:10.935+0000 7fbfa8a00700 1 --2- 172.21.15.22:0/2706448241 >> [v2:172.21.15.22:6800/2098569388,v1:172.21.15.22:6801/2098569388] conn(0x7fbf88039600 0x7fbf8803bac0 secure :-1 s=READY pgs=11 cs=0 l=1 rev1=1 crypto rx=0x7fbf90006fd0 tx=0x7fbf90006e40 comp rx=0 tx=0).stop
2024-04-20T21:23:11.550 INFO:teuthology.orchestra.run.smithi022.stdout:/usr/bin/ceph: stderr
2024-04-20T21:23:10.935+0000 7fbfa8a00700 1 -- 172.21.15.22:0/2706448241 >> [v2:172.21.15.22:3300/0,v1:172.21.15.22:6789/0] conn(0x7fbfa41085d0 msgr2=0x7fbfa419c580 secure :-1 s=STATE_CONNECTION_ESTABLISHED l=1).mark_down
2024-04-20T21:23:11.550 INFO:teuthology.orchestra.run.smithi022.stdout:/usr/bin/ceph: stderr
2024-04-20T21:23:10.935+0000 7fbfa8a00700 1 --2- 172.21.15.22:0/2706448241 >> [v2:172.21.15.22:3300/0,v1:172.21.15.22:6789/0] conn(0x7fbfa41085d0 0x7fbfa419c580 secure :-1 s=READY pgs=46 cs=0 l=1 rev1=1 crypto rx=0x7fbf94011850 tx=0x7fbf94011c10 comp rx=0 tx=0).stop
2024-04-20T21:23:11.550 INFO:teuthology.orchestra.run.smithi022.stdout:/usr/bin/ceph: stderr
2024-04-20T21:23:10.935+0000 7fbfa8a00700 1 -- 172.21.15.22:0/2706448241 shutdown_connections
2024-04-20T21:23:11.550 INFO:teuthology.orchestra.run.smithi022.stdout:/usr/bin/ceph: stderr
2024-04-20T21:23:10.935+0000 7fbfa8a00700 1 --2- 172.21.15.22:0/2706448241 >> [v2:172.21.15.22:6800/2098569388,v1:172.21.15.22:6801/2098569388] conn(0x7fbf88039600 0x7fbf8803bac0 unknown :-1 s=CLOSED pgs=11 cs=0 l=1 rev1=1 crypto rx=0 tx=0 comp rx=0 tx=0).stop
2024-04-20T21:23:11.550 INFO:teuthology.orchestra.run.smithi022.stdout:/usr/bin/ceph: stderr
2024-04-20T21:23:10.935+0000 7fbfa8a00700 1 --2- 172.21.15.22:0/2706448241 >> [v2:172.21.15.22:3300/0,v1:172.21.15.22:6789/0] conn(0x7fbfa41085d0 0x7fbfa419c580 unknown :-1 s=CLOSED pgs=46 cs=0 l=1 rev1=1 crypto rx=0 tx=0 comp rx=0 tx=0).stop
2024-04-20T21:23:11.551 INFO:teuthology.orchestra.run.smithi022.stdout:/usr/bin/ceph: stderr
2024-04-20T21:23:10.935+0000 7fbfa8a00700 1 -- 172.21.15.22:0/2706448241 >> 172.21.15.22:0/2706448241 conn(0x7fbfa4103bb0 msgr2=0x7fbfa4104780 unknown :-1 s=STATE_NONE l=0).mark_down
2024-04-20T21:23:11.551 INFO:teuthology.orchestra.run.smithi022.stdout:/usr/bin/ceph: stderr
2024-04-20T21:23:10.935+0000 7fbfa8a00700 1 -- 172.21.15.22:0/2706448241 shutdown_connections
2024-04-20T21:23:11.551 INFO:teuthology.orchestra.run.smithi022.stdout:/usr/bin/ceph: stderr
2024-04-20T21:23:10.936+0000 7fbfa8a00700 1 -- 172.21.15.22:0/2706448241 wait complete.
2024-04-20T21:23:11.551 INFO:teuthology.orchestra.run.smithi022.stdout:Deploying unmanaged mon service...
2024-04-20T21:23:12.125 INFO:journalctl@ceph.mon.a.smithi022.stdout:Apr 20 21:23:11 smithi022 ceph-mon[16843]: from='mgr.14120 172.21.15.22:0/360531129' entity='mgr.x'
2024-04-20T21:23:12.125 INFO:journalctl@ceph.mon.a.smithi022.stdout:Apr 20 21:23:11 smithi022 ceph-mon[16843]: Added host smithi022
2024-04-20T21:23:12.125 INFO:journalctl@ceph.mon.a.smithi022.stdout:Apr 20 21:23:11 smithi022 ceph-mon[16843]: from='mgr.14120 172.21.15.22:0/360531129' entity='mgr.x' cmd=[{"prefix": "config dump", "format": "json"}]: dispatch
2024-04-20T21:23:13.051 INFO:teuthology.orchestra.run.smithi022.stdout:/usr/bin/ceph: stdout Scheduled mon update...
2024-04-20T21:23:13.051 INFO:teuthology.orchestra.run.smithi022.stdout:/usr/bin/ceph: stderr
2024-04-20T21:23:12.125+0000 7f1ced600700 1 Processor -- start
2024-04-20T21:23:13.052 INFO:teuthology.orchestra.run.smithi022.stdout:/usr/bin/ceph: stderr
2024-04-20T21:23:12.125+0000 7f1ced600700 1 -- start start
2024-04-20T21:23:13.052 INFO:teuthology.orchestra.run.smithi022.stdout:/usr/bin/ceph: stderr
2024-04-20T21:23:12.125+0000 7f1ced600700 1 --2- >> [v2:172.21.15.22:3300/0,v1:172.21.15.22:6789/0] conn(0x7f1ce810f050 0x7f1ce810f470 unknown :-1 s=NONE pgs=0 cs=0 l=0 rev1=0 crypto rx=0 tx=0 comp rx=0 tx=0).connect
2024-04-20T21:23:13.052 INFO:teuthology.orchestra.run.smithi022.stdout:/usr/bin/ceph: stderr
2024-04-20T21:23:12.125+0000 7f1ced600700 1 -- --> [v2:172.21.15.22:3300/0,v1:172.21.15.22:6789/0] -- mon_getmap magic: 0 -- 0x7f1ce810fa40 con 0x7f1ce810f050
2024-04-20T21:23:13.052 INFO:teuthology.orchestra.run.smithi022.stdout:/usr/bin/ceph: stderr
2024-04-20T21:23:12.126+0000 7f1ce6a00700 1 --2- >> [v2:172.21.15.22:3300/0,v1:172.21.15.22:6789/0] conn(0x7f1ce810f050 0x7f1ce810f470 unknown :-1 s=BANNER_CONNECTING pgs=0 cs=0 l=0 rev1=0 crypto rx=0 tx=0 comp rx=0 tx=0)._handle_peer_banner_payload supported=3 required=0
2024-04-20T21:23:13.052 INFO:teuthology.orchestra.run.smithi022.stdout:/usr/bin/ceph: stderr
2024-04-20T21:23:12.126+0000 7f1ce6a00700 1 --2- >> [v2:172.21.15.22:3300/0,v1:172.21.15.22:6789/0] conn(0x7f1ce810f050 0x7f1ce810f470 unknown :-1 s=HELLO_CONNECTING pgs=0 cs=0 l=0 rev1=1 crypto rx=0 tx=0 comp rx=0 tx=0).handle_hello peer v2:172.21.15.22:3300/0 says I am v2:172.21.15.22:55632/0 (socket says 172.21.15.22:55632)
2024-04-20T21:23:13.052 INFO:teuthology.orchestra.run.smithi022.stdout:/usr/bin/ceph: stderr
2024-04-20T21:23:12.126+0000 7f1ce6a00700 1 -- 172.21.15.22:0/3153211823 learned_addr learned my addr 172.21.15.22:0/3153211823 (peer_addr_for_me v2:172.21.15.22:0/0)
2024-04-20T21:23:13.052 INFO:teuthology.orchestra.run.smithi022.stdout:/usr/bin/ceph: stderr
2024-04-20T21:23:12.126+0000 7f1ce6a00700 1 -- 172.21.15.22:0/3153211823 --> [v2:172.21.15.22:3300/0,v1:172.21.15.22:6789/0] -- mon_subscribe({config=0+,monmap=0+}) -- 0x7f1ce810fd70 con 0x7f1ce810f050
2024-04-20T21:23:13.052 INFO:teuthology.orchestra.run.smithi022.stdout:/usr/bin/ceph: stderr
2024-04-20T21:23:12.127+0000 7f1ce6a00700 1 --2- 172.21.15.22:0/3153211823 >> [v2:172.21.15.22:3300/0,v1:172.21.15.22:6789/0] conn(0x7f1ce810f050 0x7f1ce810f470 secure :-1 s=READY pgs=47 cs=0 l=1 rev1=1 crypto rx=0x7f1cd80098a0 tx=0x7f1cd8009bb0 comp rx=0 tx=0).ready entity=mon.0 client_cookie=3263727b7455012f server_cookie=0 in_seq=0 out_seq=0
2024-04-20T21:23:13.052 INFO:teuthology.orchestra.run.smithi022.stdout:/usr/bin/ceph: stderr
2024-04-20T21:23:12.127+0000 7f1ce5600700 1 -- 172.21.15.22:0/3153211823 <== mon.0 v2:172.21.15.22:3300/0 1 ==== mon_map magic: 0 ==== 205+0+0 (secure 0 0 0) 0x7f1cd8004160 con 0x7f1ce810f050
2024-04-20T21:23:13.052 INFO:teuthology.orchestra.run.smithi022.stdout:/usr/bin/ceph: stderr
2024-04-20T21:23:12.127+0000 7f1ce5600700 1 -- 172.21.15.22:0/3153211823 <== mon.0 v2:172.21.15.22:3300/0 2 ==== config(27 keys) ==== 1109+0+0 (secure 0 0 0) 0x7f1cd8004300 con 0x7f1ce810f050
2024-04-20T21:23:13.052 INFO:teuthology.orchestra.run.smithi022.stdout:/usr/bin/ceph: stderr
2024-04-20T21:23:12.127+0000 7f1ce5600700 1 -- 172.21.15.22:0/3153211823 <== mon.0 v2:172.21.15.22:3300/0 3 ==== mon_map magic: 0 ==== 205+0+0 (secure 0 0 0) 0x7f1cd8011b50 con 0x7f1ce810f050
2024-04-20T21:23:13.052 INFO:teuthology.orchestra.run.smithi022.stdout:/usr/bin/ceph: stderr
2024-04-20T21:23:12.128+0000 7f1ced600700 1 -- 172.21.15.22:0/3153211823 >> [v2:172.21.15.22:3300/0,v1:172.21.15.22:6789/0] conn(0x7f1ce810f050 msgr2=0x7f1ce810f470 secure :-1 s=STATE_CONNECTION_ESTABLISHED l=1).mark_down
2024-04-20T21:23:13.052 INFO:teuthology.orchestra.run.smithi022.stdout:/usr/bin/ceph: stderr
2024-04-20T21:23:12.128+0000 7f1ced600700 1 --2- 172.21.15.22:0/3153211823 >> [v2:172.21.15.22:3300/0,v1:172.21.15.22:6789/0] conn(0x7f1ce810f050 0x7f1ce810f470 secure :-1 s=READY pgs=47 cs=0 l=1 rev1=1 crypto rx=0x7f1cd80098a0 tx=0x7f1cd8009bb0 comp rx=0 tx=0).stop
2024-04-20T21:23:13.053 INFO:teuthology.orchestra.run.smithi022.stdout:/usr/bin/ceph: stderr
2024-04-20T21:23:12.128+0000 7f1ced600700 1 -- 172.21.15.22:0/3153211823 shutdown_connections
2024-04-20T21:23:13.053 INFO:teuthology.orchestra.run.smithi022.stdout:/usr/bin/ceph: stderr
2024-04-20T21:23:12.128+0000 7f1ced600700 1 --2- 172.21.15.22:0/3153211823 >> [v2:172.21.15.22:3300/0,v1:172.21.15.22:6789/0] conn(0x7f1ce810f050 0x7f1ce810f470 unknown :-1 s=CLOSED pgs=47 cs=0 l=1 rev1=1 crypto rx=0 tx=0 comp rx=0 tx=0).stop
2024-04-20T21:23:13.053 INFO:teuthology.orchestra.run.smithi022.stdout:/usr/bin/ceph: stderr
2024-04-20T21:23:12.128+0000 7f1ced600700 1 -- 172.21.15.22:0/3153211823 >> 172.21.15.22:0/3153211823 conn(0x7f1ce807ddd0 msgr2=0x7f1ce80801f0 unknown :-1 s=STATE_NONE l=0).mark_down
2024-04-20T21:23:13.053 INFO:teuthology.orchestra.run.smithi022.stdout:/usr/bin/ceph: stderr
2024-04-20T21:23:12.128+0000 7f1ced600700 1 -- 172.21.15.22:0/3153211823 shutdown_connections
2024-04-20T21:23:13.053 INFO:teuthology.orchestra.run.smithi022.stdout:/usr/bin/ceph: stderr
2024-04-20T21:23:12.128+0000 7f1ced600700 1 -- 172.21.15.22:0/3153211823 wait complete.
2024-04-20T21:23:13.053 INFO:teuthology.orchestra.run.smithi022.stdout:/usr/bin/ceph: stderr
2024-04-20T21:23:12.129+0000 7f1ced600700 1 Processor -- start
2024-04-20T21:23:13.053 INFO:teuthology.orchestra.run.smithi022.stdout:/usr/bin/ceph: stderr
2024-04-20T21:23:12.129+0000 7f1ced600700 1 -- start start
2024-04-20T21:23:13.053 INFO:teuthology.orchestra.run.smithi022.stdout:/usr/bin/ceph: stderr
2024-04-20T21:23:12.130+0000 7f1ced600700 1 --2- >> [v2:172.21.15.22:3300/0,v1:172.21.15.22:6789/0] conn(0x7f1ce810f050 0x7f1ce81a2ac0 unknown :-1 s=NONE pgs=0 cs=0 l=1 rev1=0 crypto rx=0 tx=0 comp rx=0 tx=0).connect
2024-04-20T21:23:13.053 INFO:teuthology.orchestra.run.smithi022.stdout:/usr/bin/ceph: stderr
2024-04-20T21:23:12.130+0000 7f1ced600700 1 -- --> [v2:172.21.15.22:3300/0,v1:172.21.15.22:6789/0] -- mon_getmap magic: 0 -- 0x7f1ce8113120 con 0x7f1ce810f050
2024-04-20T21:23:13.053 INFO:teuthology.orchestra.run.smithi022.stdout:/usr/bin/ceph: stderr
2024-04-20T21:23:12.130+0000 7f1ce6a00700 1 --2- >> [v2:172.21.15.22:3300/0,v1:172.21.15.22:6789/0] conn(0x7f1ce810f050 0x7f1ce81a2ac0 unknown :-1 s=BANNER_CONNECTING pgs=0 cs=0 l=1 rev1=0 crypto rx=0 tx=0 comp rx=0 tx=0)._handle_peer_banner_payload supported=3 required=0
2024-04-20T21:23:13.053 INFO:teuthology.orchestra.run.smithi022.stdout:/usr/bin/ceph: stderr
2024-04-20T21:23:12.130+0000 7f1ce6a00700 1 --2- >> [v2:172.21.15.22:3300/0,v1:172.21.15.22:6789/0] conn(0x7f1ce810f050 0x7f1ce81a2ac0 unknown :-1 s=HELLO_CONNECTING pgs=0 cs=0 l=1 rev1=1 crypto rx=0 tx=0 comp rx=0 tx=0).handle_hello peer v2:172.21.15.22:3300/0 says I am v2:172.21.15.22:55634/0 (socket says 172.21.15.22:55634)
2024-04-20T21:23:13.053 INFO:teuthology.orchestra.run.smithi022.stdout:/usr/bin/ceph: stderr
2024-04-20T21:23:12.130+0000 7f1ce6a00700 1 -- 172.21.15.22:0/2577596971 learned_addr learned my addr 172.21.15.22:0/2577596971 (peer_addr_for_me v2:172.21.15.22:0/0)
2024-04-20T21:23:13.053 INFO:teuthology.orchestra.run.smithi022.stdout:/usr/bin/ceph: stderr
2024-04-20T21:23:12.130+0000 7f1ce6a00700 1 -- 172.21.15.22:0/2577596971 --> [v2:172.21.15.22:3300/0,v1:172.21.15.22:6789/0] -- mon_subscribe({config=0+,monmap=0+}) -- 0x7f1ce81a3000 con 0x7f1ce810f050
2024-04-20T21:23:13.053 INFO:teuthology.orchestra.run.smithi022.stdout:/usr/bin/ceph: stderr
2024-04-20T21:23:12.131+0000 7f1ce6a00700 1 --2- 172.21.15.22:0/2577596971 >> [v2:172.21.15.22:3300/0,v1:172.21.15.22:6789/0] conn(0x7f1ce810f050 0x7f1ce81a2ac0 secure :-1 s=READY pgs=48 cs=0 l=1 rev1=1 crypto rx=0x7f1cd8011b60 tx=0x7f1cd8011c40 comp rx=0 tx=0).ready entity=mon.0 client_cookie=0 server_cookie=0 in_seq=0 out_seq=0
2024-04-20T21:23:13.054 INFO:teuthology.orchestra.run.smithi022.stdout:/usr/bin/ceph: stderr
2024-04-20T21:23:12.131+0000 7f1cdf400700 1 -- 172.21.15.22:0/2577596971 <== mon.0 v2:172.21.15.22:3300/0 1 ==== mon_map magic: 0 ==== 205+0+0 (secure 0 0 0) 0x7f1cd8003b20 con 0x7f1ce810f050
2024-04-20T21:23:13.054 INFO:teuthology.orchestra.run.smithi022.stdout:/usr/bin/ceph: stderr
2024-04-20T21:23:12.131+0000 7f1cdf400700 1 -- 172.21.15.22:0/2577596971 <== mon.0 v2:172.21.15.22:3300/0 2 ==== config(27 keys) ==== 1109+0+0 (secure 0 0 0) 0x7f1cd8003cc0 con 0x7f1ce810f050
2024-04-20T21:23:13.054 INFO:teuthology.orchestra.run.smithi022.stdout:/usr/bin/ceph: stderr
2024-04-20T21:23:12.131+0000 7f1cdf400700 1 -- 172.21.15.22:0/2577596971 <== mon.0 v2:172.21.15.22:3300/0 3 ==== mon_map magic: 0 ==== 205+0+0 (secure 0 0 0) 0x7f1cd8024840 con 0x7f1ce810f050
2024-04-20T21:23:13.054 INFO:teuthology.orchestra.run.smithi022.stdout:/usr/bin/ceph: stderr
2024-04-20T21:23:12.131+0000 7f1ced600700 1 -- 172.21.15.22:0/2577596971 --> [v2:172.21.15.22:3300/0,v1:172.21.15.22:6789/0] -- mon_subscribe({mgrmap=0+}) -- 0x7f1ce81a3290 con 0x7f1ce810f050
2024-04-20T21:23:13.054 INFO:teuthology.orchestra.run.smithi022.stdout:/usr/bin/ceph: stderr
2024-04-20T21:23:12.131+0000 7f1ced600700 1 -- 172.21.15.22:0/2577596971 --> [v2:172.21.15.22:3300/0,v1:172.21.15.22:6789/0] -- mon_subscribe({osdmap=0}) -- 0x7f1ce81a5f80 con 0x7f1ce810f050
2024-04-20T21:23:13.054 INFO:teuthology.orchestra.run.smithi022.stdout:/usr/bin/ceph: stderr
2024-04-20T21:23:12.132+0000 7f1cdf400700 1 -- 172.21.15.22:0/2577596971 <== mon.0 v2:172.21.15.22:3300/0 4 ==== mgrmap(e 8) ==== 46558+0+0 (secure 0 0 0) 0x7f1cd8022020 con 0x7f1ce810f050
2024-04-20T21:23:13.054 INFO:teuthology.orchestra.run.smithi022.stdout:/usr/bin/ceph: stderr
2024-04-20T21:23:12.133+0000 7f1ced600700 1 -- 172.21.15.22:0/2577596971 --> [v2:172.21.15.22:3300/0,v1:172.21.15.22:6789/0] -- mon_command({"prefix": "get_command_descriptions"} v 0) -- 0x7f1ce80640b0 con 0x7f1ce810f050
2024-04-20T21:23:13.054 INFO:teuthology.orchestra.run.smithi022.stdout:/usr/bin/ceph: stderr
2024-04-20T21:23:12.133+0000 7f1cdf400700 1 --2- 172.21.15.22:0/2577596971 >> [v2:172.21.15.22:6800/2098569388,v1:172.21.15.22:6801/2098569388] conn(0x7f1ccc039600 0x7f1ccc03bac0 unknown :-1 s=NONE pgs=0 cs=0 l=1 rev1=0 crypto rx=0 tx=0 comp rx=0 tx=0).connect
2024-04-20T21:23:13.054 INFO:teuthology.orchestra.run.smithi022.stdout:/usr/bin/ceph: stderr
2024-04-20T21:23:12.133+0000 7f1cdf400700 1 -- 172.21.15.22:0/2577596971 <== mon.0 v2:172.21.15.22:3300/0 5 ==== osd_map(2..2 src has 1..2) ==== 940+0+0 (secure 0 0 0) 0x7f1cd8011e00 con 0x7f1ce810f050
2024-04-20T21:23:13.056 INFO:teuthology.orchestra.run.smithi022.stdout:/usr/bin/ceph: stderr
2024-04-20T21:23:12.133+0000 7f1ce6000700 1 --2- 172.21.15.22:0/2577596971 >> [v2:172.21.15.22:6800/2098569388,v1:172.21.15.22:6801/2098569388] conn(0x7f1ccc039600 0x7f1ccc03bac0 unknown :-1 s=BANNER_CONNECTING pgs=0 cs=0 l=1 rev1=0 crypto rx=0 tx=0 comp rx=0 tx=0)._handle_peer_banner_payload supported=3 required=0
2024-04-20T21:23:13.056 INFO:teuthology.orchestra.run.smithi022.stdout:/usr/bin/ceph: stderr
2024-04-20T21:23:12.134+0000 7f1ce6000700 1 --2- 172.21.15.22:0/2577596971 >> [v2:172.21.15.22:6800/2098569388,v1:172.21.15.22:6801/2098569388] conn(0x7f1ccc039600 0x7f1ccc03bac0 secure :-1 s=READY pgs=12 cs=0 l=1 rev1=1 crypto rx=0x7f1cd4006fd0 tx=0x7f1cd4006e40 comp rx=0 tx=0).ready entity=mgr.14120 client_cookie=0 server_cookie=0 in_seq=0 out_seq=0
2024-04-20T21:23:13.056 INFO:teuthology.orchestra.run.smithi022.stdout:/usr/bin/ceph: stderr
2024-04-20T21:23:12.139+0000 7f1cdf400700 1 -- 172.21.15.22:0/2577596971 <== mon.0 v2:172.21.15.22:3300/0 6 ==== mon_command_ack([{"prefix": "get_command_descriptions"}]=0 v0) ==== 72+0+188381 (secure 0 0 0) 0x7f1cd804d1a0 con 0x7f1ce810f050
2024-04-20T21:23:13.056 INFO:teuthology.orchestra.run.smithi022.stdout:/usr/bin/ceph: stderr
2024-04-20T21:23:12.387+0000 7f1ced600700 1 -- 172.21.15.22:0/2577596971 --> [v2:172.21.15.22:6800/2098569388,v1:172.21.15.22:6801/2098569388] -- mgr_command(tid 0: {"prefix": "orch apply", "service_type": "mon", "unmanaged": true, "target": ["mon-mgr", ""]}) -- 0x7f1ce807ffd0 con 0x7f1ccc039600
2024-04-20T21:23:13.056 INFO:teuthology.orchestra.run.smithi022.stdout:/usr/bin/ceph: stderr
2024-04-20T21:23:12.394+0000 7f1cdf400700 1 -- 172.21.15.22:0/2577596971 <== mgr.14120 v2:172.21.15.22:6800/2098569388 1 ==== mgr_command_reply(tid 0: 0 ) ==== 8+0+24 (secure 0 0 0) 0x7f1ce807ffd0 con 0x7f1ccc039600
2024-04-20T21:23:13.056 INFO:teuthology.orchestra.run.smithi022.stdout:/usr/bin/ceph: stderr
2024-04-20T21:23:12.396+0000 7f1ced600700 1 -- 172.21.15.22:0/2577596971 >> [v2:172.21.15.22:6800/2098569388,v1:172.21.15.22:6801/2098569388] conn(0x7f1ccc039600 msgr2=0x7f1ccc03bac0 secure :-1 s=STATE_CONNECTION_ESTABLISHED l=1).mark_down
2024-04-20T21:23:13.056 INFO:teuthology.orchestra.run.smithi022.stdout:/usr/bin/ceph: stderr
2024-04-20T21:23:12.397+0000 7f1ced600700 1 --2- 172.21.15.22:0/2577596971 >> [v2:172.21.15.22:6800/2098569388,v1:172.21.15.22:6801/2098569388] conn(0x7f1ccc039600 0x7f1ccc03bac0 secure :-1 s=READY pgs=12 cs=0 l=1 rev1=1 crypto rx=0x7f1cd4006fd0 tx=0x7f1cd4006e40 comp rx=0 tx=0).stop
2024-04-20T21:23:13.056 INFO:teuthology.orchestra.run.smithi022.stdout:/usr/bin/ceph: stderr
2024-04-20T21:23:12.397+0000 7f1ced600700 1 -- 172.21.15.22:0/2577596971 >> [v2:172.21.15.22:3300/0,v1:172.21.15.22:6789/0] conn(0x7f1ce810f050 msgr2=0x7f1ce81a2ac0 secure :-1 s=STATE_CONNECTION_ESTABLISHED l=1).mark_down
2024-04-20T21:23:13.056 INFO:teuthology.orchestra.run.smithi022.stdout:/usr/bin/ceph: stderr
2024-04-20T21:23:12.397+0000 7f1ced600700 1 --2- 172.21.15.22:0/2577596971 >> [v2:172.21.15.22:3300/0,v1:172.21.15.22:6789/0] conn(0x7f1ce810f050 0x7f1ce81a2ac0 secure :-1 s=READY pgs=48 cs=0 l=1 rev1=1 crypto rx=0x7f1cd8011b60 tx=0x7f1cd8011c40 comp rx=0 tx=0).stop
2024-04-20T21:23:13.056 INFO:teuthology.orchestra.run.smithi022.stdout:/usr/bin/ceph: stderr
2024-04-20T21:23:12.397+0000 7f1ced600700 1 -- 172.21.15.22:0/2577596971 shutdown_connections
2024-04-20T21:23:13.057 INFO:teuthology.orchestra.run.smithi022.stdout:/usr/bin/ceph: stderr
2024-04-20T21:23:12.397+0000 7f1ced600700 1 --2- 172.21.15.22:0/2577596971 >> [v2:172.21.15.22:6800/2098569388,v1:172.21.15.22:6801/2098569388] conn(0x7f1ccc039600 0x7f1ccc03bac0 unknown :-1 s=CLOSED pgs=12 cs=0 l=1 rev1=1 crypto rx=0 tx=0 comp rx=0 tx=0).stop
2024-04-20T21:23:13.057 INFO:teuthology.orchestra.run.smithi022.stdout:/usr/bin/ceph: stderr
2024-04-20T21:23:12.397+0000 7f1ced600700 1 --2- 172.21.15.22:0/2577596971 >> [v2:172.21.15.22:3300/0,v1:172.21.15.22:6789/0] conn(0x7f1ce810f050 0x7f1ce81a2ac0 unknown :-1 s=CLOSED pgs=48 cs=0 l=1 rev1=1 crypto rx=0 tx=0 comp rx=0 tx=0).stop
2024-04-20T21:23:13.057 INFO:teuthology.orchestra.run.smithi022.stdout:/usr/bin/ceph: stderr
2024-04-20T21:23:12.397+0000 7f1ced600700 1 -- 172.21.15.22:0/2577596971 >> 172.21.15.22:0/2577596971 conn(0x7f1ce807ddd0 msgr2=0x7f1ce807f8c0 unknown :-1 s=STATE_NONE l=0).mark_down
2024-04-20T21:23:13.057 INFO:teuthology.orchestra.run.smithi022.stdout:/usr/bin/ceph: stderr
2024-04-20T21:23:12.397+0000 7f1ced600700 1 -- 172.21.15.22:0/2577596971 shutdown_connections
2024-04-20T21:23:13.057 INFO:teuthology.orchestra.run.smithi022.stdout:/usr/bin/ceph: stderr
2024-04-20T21:23:12.397+0000 7f1ced600700 1 -- 172.21.15.22:0/2577596971 wait complete.
2024-04-20T21:23:13.057 INFO:teuthology.orchestra.run.smithi022.stdout:Deploying unmanaged mgr service...
2024-04-20T21:23:13.656 INFO:journalctl@ceph.mon.a.smithi022.stdout:Apr 20 21:23:13 smithi022 ceph-mon[16843]: from='client.14142 -' entity='client.admin' cmd=[{"prefix": "orch apply", "service_type": "mon", "unmanaged": true, "target": ["mon-mgr", ""]}]: dispatch
2024-04-20T21:23:13.656 INFO:journalctl@ceph.mon.a.smithi022.stdout:Apr 20 21:23:13 smithi022 ceph-mon[16843]: Saving service mon spec with placement count:5
2024-04-20T21:23:13.657 INFO:journalctl@ceph.mon.a.smithi022.stdout:Apr 20 21:23:13 smithi022 ceph-mon[16843]: from='mgr.14120 172.21.15.22:0/360531129' entity='mgr.x'
2024-04-20T21:23:15.154 INFO:teuthology.orchestra.run.smithi022.stdout:/usr/bin/ceph: stdout Scheduled mgr update...
2024-04-20T21:23:15.155 INFO:teuthology.orchestra.run.smithi022.stdout:/usr/bin/ceph: stderr
2024-04-20T21:23:14.195+0000 7f1343200700 1 Processor -- start
2024-04-20T21:23:15.155 INFO:teuthology.orchestra.run.smithi022.stdout:/usr/bin/ceph: stderr
2024-04-20T21:23:14.196+0000 7f1343200700 1 -- start start
2024-04-20T21:23:15.155 INFO:teuthology.orchestra.run.smithi022.stdout:/usr/bin/ceph: stderr
2024-04-20T21:23:14.196+0000 7f1343200700 1 --2- >> [v2:172.21.15.22:3300/0,v1:172.21.15.22:6789/0] conn(0x7f133c10ff70 0x7f133c110390 unknown :-1 s=NONE pgs=0 cs=0 l=0 rev1=0 crypto rx=0 tx=0 comp rx=0 tx=0).connect
2024-04-20T21:23:15.155 INFO:teuthology.orchestra.run.smithi022.stdout:/usr/bin/ceph: stderr
2024-04-20T21:23:14.196+0000 7f1343200700 1 -- --> [v2:172.21.15.22:3300/0,v1:172.21.15.22:6789/0] -- mon_getmap magic: 0 -- 0x7f133c110960 con 0x7f133c10ff70
2024-04-20T21:23:15.160 INFO:teuthology.orchestra.run.smithi022.stdout:/usr/bin/ceph: stderr
2024-04-20T21:23:14.197+0000 7f1341e00700 1 --2- >> [v2:172.21.15.22:3300/0,v1:172.21.15.22:6789/0] conn(0x7f133c10ff70 0x7f133c110390 unknown :-1 s=BANNER_CONNECTING pgs=0 cs=0 l=0 rev1=0 crypto rx=0 tx=0 comp rx=0 tx=0)._handle_peer_banner_payload supported=3 required=0
2024-04-20T21:23:15.160 INFO:teuthology.orchestra.run.smithi022.stdout:/usr/bin/ceph: stderr
2024-04-20T21:23:14.197+0000 7f1341e00700 1 --2- >> [v2:172.21.15.22:3300/0,v1:172.21.15.22:6789/0] conn(0x7f133c10ff70 0x7f133c110390 unknown :-1 s=HELLO_CONNECTING pgs=0 cs=0 l=0 rev1=1 crypto rx=0 tx=0 comp rx=0 tx=0).handle_hello peer v2:172.21.15.22:3300/0 says I am v2:172.21.15.22:40842/0 (socket says 172.21.15.22:40842)
2024-04-20T21:23:15.160 INFO:teuthology.orchestra.run.smithi022.stdout:/usr/bin/ceph: stderr
2024-04-20T21:23:14.197+0000 7f1341e00700 1 -- 172.21.15.22:0/857872197 learned_addr learned my addr 172.21.15.22:0/857872197 (peer_addr_for_me v2:172.21.15.22:0/0)
2024-04-20T21:23:15.160 INFO:teuthology.orchestra.run.smithi022.stdout:/usr/bin/ceph: stderr
2024-04-20T21:23:14.197+0000 7f1341e00700 1 -- 172.21.15.22:0/857872197 --> [v2:172.21.15.22:3300/0,v1:172.21.15.22:6789/0] -- mon_subscribe({config=0+,monmap=0+}) -- 0x7f133c110ae0 con 0x7f133c10ff70
2024-04-20T21:23:15.160 INFO:teuthology.orchestra.run.smithi022.stdout:/usr/bin/ceph: stderr
2024-04-20T21:23:14.197+0000 7f1341e00700 1 --2- 172.21.15.22:0/857872197 >> [v2:172.21.15.22:3300/0,v1:172.21.15.22:6789/0] conn(0x7f133c10ff70 0x7f133c110390 secure :-1 s=READY pgs=49 cs=0 l=1 rev1=1 crypto rx=0x7f13300098a0 tx=0x7f1330009bb0 comp rx=0 tx=0).ready entity=mon.0 client_cookie=feb9b309284f74ab server_cookie=0 in_seq=0 out_seq=0
2024-04-20T21:23:15.160 INFO:teuthology.orchestra.run.smithi022.stdout:/usr/bin/ceph: stderr
2024-04-20T21:23:14.198+0000 7f1340a00700 1 -- 172.21.15.22:0/857872197 <== mon.0 v2:172.21.15.22:3300/0 1 ==== mon_map magic: 0 ==== 205+0+0 (secure 0 0 0) 0x7f1330004160 con 0x7f133c10ff70
2024-04-20T21:23:15.160 INFO:teuthology.orchestra.run.smithi022.stdout:/usr/bin/ceph: stderr
2024-04-20T21:23:14.198+0000 7f1340a00700 1 -- 172.21.15.22:0/857872197 <== mon.0 v2:172.21.15.22:3300/0 2 ==== config(27 keys) ==== 1109+0+0 (secure 0 0 0) 0x7f1330004300 con 0x7f133c10ff70
2024-04-20T21:23:15.160 INFO:teuthology.orchestra.run.smithi022.stdout:/usr/bin/ceph: stderr
2024-04-20T21:23:14.198+0000 7f1340a00700 1 -- 172.21.15.22:0/857872197 <== mon.0 v2:172.21.15.22:3300/0 3 ==== mon_map magic: 0 ==== 205+0+0 (secure 0 0 0) 0x7f1330011b50 con 0x7f133c10ff70
2024-04-20T21:23:15.160 INFO:teuthology.orchestra.run.smithi022.stdout:/usr/bin/ceph: stderr
2024-04-20T21:23:14.198+0000 7f1343200700 1 -- 172.21.15.22:0/857872197 >> [v2:172.21.15.22:3300/0,v1:172.21.15.22:6789/0] conn(0x7f133c10ff70 msgr2=0x7f133c110390 secure :-1 s=STATE_CONNECTION_ESTABLISHED l=1).mark_down
2024-04-20T21:23:15.160 INFO:teuthology.orchestra.run.smithi022.stdout:/usr/bin/ceph: stderr
2024-04-20T21:23:14.198+0000 7f1343200700 1 --2- 172.21.15.22:0/857872197 >> [v2:172.21.15.22:3300/0,v1:172.21.15.22:6789/0] conn(0x7f133c10ff70 0x7f133c110390 secure :-1 s=READY pgs=49 cs=0 l=1 rev1=1 crypto rx=0x7f13300098a0 tx=0x7f1330009bb0 comp rx=0 tx=0).stop
2024-04-20T21:23:15.160 INFO:teuthology.orchestra.run.smithi022.stdout:/usr/bin/ceph: stderr
2024-04-20T21:23:14.199+0000 7f1343200700 1 -- 172.21.15.22:0/857872197 shutdown_connections
2024-04-20T21:23:15.161 INFO:teuthology.orchestra.run.smithi022.stdout:/usr/bin/ceph: stderr
2024-04-20T21:23:14.199+0000 7f1343200700 1 --2- 172.21.15.22:0/857872197 >> [v2:172.21.15.22:3300/0,v1:172.21.15.22:6789/0] conn(0x7f133c10ff70 0x7f133c110390 unknown :-1 s=CLOSED pgs=49 cs=0 l=1 rev1=1 crypto rx=0 tx=0 comp rx=0 tx=0).stop
2024-04-20T21:23:15.161 INFO:teuthology.orchestra.run.smithi022.stdout:/usr/bin/ceph: stderr
2024-04-20T21:23:14.199+0000 7f1343200700 1 -- 172.21.15.22:0/857872197 >> 172.21.15.22:0/857872197 conn(0x7f133c07dbb0 msgr2=0x7f133c07ffd0 unknown :-1 s=STATE_NONE l=0).mark_down
2024-04-20T21:23:15.161 INFO:teuthology.orchestra.run.smithi022.stdout:/usr/bin/ceph: stderr
2024-04-20T21:23:14.199+0000 7f1343200700 1 -- 172.21.15.22:0/857872197 shutdown_connections
2024-04-20T21:23:15.161 INFO:teuthology.orchestra.run.smithi022.stdout:/usr/bin/ceph: stderr
2024-04-20T21:23:14.199+0000 7f1343200700 1 -- 172.21.15.22:0/857872197 wait complete.
2024-04-20T21:23:15.161 INFO:teuthology.orchestra.run.smithi022.stdout:/usr/bin/ceph: stderr
2024-04-20T21:23:14.200+0000 7f1343200700 1 Processor -- start
2024-04-20T21:23:15.161 INFO:teuthology.orchestra.run.smithi022.stdout:/usr/bin/ceph: stderr
2024-04-20T21:23:14.200+0000 7f1343200700 1 -- start start
2024-04-20T21:23:15.161 INFO:teuthology.orchestra.run.smithi022.stdout:/usr/bin/ceph: stderr
2024-04-20T21:23:14.200+0000 7f1343200700 1 --2- >> [v2:172.21.15.22:3300/0,v1:172.21.15.22:6789/0] conn(0x7f133c10ff70 0x7f133c1a29e0 unknown :-1 s=NONE pgs=0 cs=0 l=1 rev1=0 crypto rx=0 tx=0 comp rx=0 tx=0).connect
2024-04-20T21:23:15.161 INFO:teuthology.orchestra.run.smithi022.stdout:/usr/bin/ceph: stderr
2024-04-20T21:23:14.200+0000 7f1343200700 1 -- --> [v2:172.21.15.22:3300/0,v1:172.21.15.22:6789/0] -- mon_getmap magic: 0 -- 0x7f133c112f00 con 0x7f133c10ff70
2024-04-20T21:23:15.161 INFO:teuthology.orchestra.run.smithi022.stdout:/usr/bin/ceph: stderr
2024-04-20T21:23:14.201+0000 7f1341e00700 1 --2- >> [v2:172.21.15.22:3300/0,v1:172.21.15.22:6789/0] conn(0x7f133c10ff70 0x7f133c1a29e0 unknown :-1 s=BANNER_CONNECTING pgs=0 cs=0 l=1 rev1=0 crypto rx=0 tx=0 comp rx=0 tx=0)._handle_peer_banner_payload supported=3 required=0
2024-04-20T21:23:15.161 INFO:teuthology.orchestra.run.smithi022.stdout:/usr/bin/ceph: stderr
