2024-04-20T21:22:57.828+0000 7efc94a00700 1 -- 172.21.15.22:0/118510269 learned_addr learned my addr 172.21.15.22:0/118510269 (peer_addr_for_me v2:172.21.15.22:0/0)
2024-04-20T21:22:58.765 INFO:teuthology.orchestra.run.smithi022.stdout:/usr/bin/ceph: stderr
2024-04-20T21:22:57.828+0000 7efc94a00700 1 -- 172.21.15.22:0/118510269 --> [v2:172.21.15.22:3300/0,v1:172.21.15.22:6789/0] -- mon_subscribe({config=0+,monmap=0+}) -- 0x7efc9019ece0 con 0x7efc90106e40
2024-04-20T21:22:58.765 INFO:teuthology.orchestra.run.smithi022.stdout:/usr/bin/ceph: stderr
2024-04-20T21:22:57.829+0000 7efc94a00700 1 --2- 172.21.15.22:0/118510269 >> [v2:172.21.15.22:3300/0,v1:172.21.15.22:6789/0] conn(0x7efc90106e40 0x7efc9019e7a0 secure :-1 s=READY pgs=38 cs=0 l=1 rev1=1 crypto rx=0x7efc84011b60 tx=0x7efc84011c40 comp rx=0 tx=0).ready entity=mon.0 client_cookie=0 server_cookie=0 in_seq=0 out_seq=0
2024-04-20T21:22:58.765 INFO:teuthology.orchestra.run.smithi022.stdout:/usr/bin/ceph: stderr
2024-04-20T21:22:57.829+0000 7efc8d600700 1 -- 172.21.15.22:0/118510269 <== mon.0 v2:172.21.15.22:3300/0 1 ==== mon_map magic: 0 ==== 205+0+0 (secure 0 0 0) 0x7efc84003970 con 0x7efc90106e40
2024-04-20T21:22:58.765 INFO:teuthology.orchestra.run.smithi022.stdout:/usr/bin/ceph: stderr
2024-04-20T21:22:57.829+0000 7efc8d600700 1 -- 172.21.15.22:0/118510269 <== mon.0 v2:172.21.15.22:3300/0 2 ==== config(27 keys) ==== 1109+0+0 (secure 0 0 0) 0x7efc84003b10 con 0x7efc90106e40
2024-04-20T21:22:58.765 INFO:teuthology.orchestra.run.smithi022.stdout:/usr/bin/ceph: stderr
2024-04-20T21:22:57.829+0000 7efc8d600700 1 -- 172.21.15.22:0/118510269 <== mon.0 v2:172.21.15.22:3300/0 3 ==== mon_map magic: 0 ==== 205+0+0 (secure 0 0 0) 0x7efc84024610 con 0x7efc90106e40
2024-04-20T21:22:58.765 INFO:teuthology.orchestra.run.smithi022.stdout:/usr/bin/ceph: stderr
2024-04-20T21:22:57.829+0000 7efc97400700 1 -- 172.21.15.22:0/118510269 --> [v2:172.21.15.22:3300/0,v1:172.21.15.22:6789/0] -- mon_subscribe({mgrmap=0+}) -- 0x7efc9019ef70 con 0x7efc90106e40
2024-04-20T21:22:58.765 INFO:teuthology.orchestra.run.smithi022.stdout:/usr/bin/ceph: stderr
2024-04-20T21:22:57.829+0000 7efc97400700 1 -- 172.21.15.22:0/118510269 --> [v2:172.21.15.22:3300/0,v1:172.21.15.22:6789/0] -- mon_subscribe({osdmap=0}) -- 0x7efc901a1c60 con 0x7efc90106e40
2024-04-20T21:22:58.765 INFO:teuthology.orchestra.run.smithi022.stdout:/usr/bin/ceph: stderr
2024-04-20T21:22:57.830+0000 7efc8d600700 1 -- 172.21.15.22:0/118510269 <== mon.0 v2:172.21.15.22:3300/0 4 ==== mgrmap(e 8) ==== 46558+0+0 (secure 0 0 0) 0x7efc8401a9f0 con 0x7efc90106e40
2024-04-20T21:22:58.767 INFO:teuthology.orchestra.run.smithi022.stdout:/usr/bin/ceph: stderr
2024-04-20T21:22:57.830+0000 7efc97400700 1 -- 172.21.15.22:0/118510269 --> [v2:172.21.15.22:3300/0,v1:172.21.15.22:6789/0] -- mon_command({"prefix": "get_command_descriptions"} v 0) -- 0x7efc900640b0 con 0x7efc90106e40
2024-04-20T21:22:58.767 INFO:teuthology.orchestra.run.smithi022.stdout:/usr/bin/ceph: stderr
2024-04-20T21:22:57.831+0000 7efc8d600700 1 --2- 172.21.15.22:0/118510269 >> [v2:172.21.15.22:6800/2098569388,v1:172.21.15.22:6801/2098569388] conn(0x7efc78039600 0x7efc7803bac0 unknown :-1 s=NONE pgs=0 cs=0 l=1 rev1=0 crypto rx=0 tx=0 comp rx=0 tx=0).connect
2024-04-20T21:22:58.767 INFO:teuthology.orchestra.run.smithi022.stdout:/usr/bin/ceph: stderr
2024-04-20T21:22:57.831+0000 7efc8d600700 1 -- 172.21.15.22:0/118510269 <== mon.0 v2:172.21.15.22:3300/0 5 ==== osd_map(2..2 src has 1..2) ==== 940+0+0 (secure 0 0 0) 0x7efc84011e00 con 0x7efc90106e40
2024-04-20T21:22:58.768 INFO:teuthology.orchestra.run.smithi022.stdout:/usr/bin/ceph: stderr
2024-04-20T21:22:57.831+0000 7efc8fe00700 1 --2- 172.21.15.22:0/118510269 >> [v2:172.21.15.22:6800/2098569388,v1:172.21.15.22:6801/2098569388] conn(0x7efc78039600 0x7efc7803bac0 unknown :-1 s=BANNER_CONNECTING pgs=0 cs=0 l=1 rev1=0 crypto rx=0 tx=0 comp rx=0 tx=0)._handle_peer_banner_payload supported=3 required=0
2024-04-20T21:22:58.768 INFO:teuthology.orchestra.run.smithi022.stdout:/usr/bin/ceph: stderr
2024-04-20T21:22:57.832+0000 7efc8fe00700 1 --2- 172.21.15.22:0/118510269 >> [v2:172.21.15.22:6800/2098569388,v1:172.21.15.22:6801/2098569388] conn(0x7efc78039600 0x7efc7803bac0 secure :-1 s=READY pgs=7 cs=0 l=1 rev1=1 crypto rx=0x7efc7c006fd0 tx=0x7efc7c006e40 comp rx=0 tx=0).ready entity=mgr.14120 client_cookie=0 server_cookie=0 in_seq=0 out_seq=0
2024-04-20T21:22:58.768 INFO:teuthology.orchestra.run.smithi022.stdout:/usr/bin/ceph: stderr
2024-04-20T21:22:57.837+0000 7efc8d600700 1 -- 172.21.15.22:0/118510269 <== mon.0 v2:172.21.15.22:3300/0 6 ==== mon_command_ack([{"prefix": "get_command_descriptions"}]=0 v0) ==== 72+0+188381 (secure 0 0 0) 0x7efc8400b3e0 con 0x7efc90106e40
2024-04-20T21:22:58.768 INFO:teuthology.orchestra.run.smithi022.stdout:/usr/bin/ceph: stderr
2024-04-20T21:22:58.090+0000 7efc97400700 1 -- 172.21.15.22:0/118510269 --> [v2:172.21.15.22:6800/2098569388,v1:172.21.15.22:6801/2098569388] -- mgr_command(tid 0: {"prefix": "orch set backend", "module_name": "cephadm", "target": ["mon-mgr", ""]}) -- 0x7efc9002e2d0 con 0x7efc78039600
2024-04-20T21:22:58.768 INFO:teuthology.orchestra.run.smithi022.stdout:/usr/bin/ceph: stderr
2024-04-20T21:22:58.103+0000 7efc8d600700 1 -- 172.21.15.22:0/118510269 <== mgr.14120 v2:172.21.15.22:6800/2098569388 1 ==== mgr_command_reply(tid 0: 0 ) ==== 8+0+0 (secure 0 0 0) 0x7efc9002e2d0 con 0x7efc78039600
2024-04-20T21:22:58.768 INFO:teuthology.orchestra.run.smithi022.stdout:/usr/bin/ceph: stderr
2024-04-20T21:22:58.106+0000 7efc97400700 1 -- 172.21.15.22:0/118510269 >> [v2:172.21.15.22:6800/2098569388,v1:172.21.15.22:6801/2098569388] conn(0x7efc78039600 msgr2=0x7efc7803bac0 secure :-1 s=STATE_CONNECTION_ESTABLISHED l=1).mark_down
2024-04-20T21:22:58.768 INFO:teuthology.orchestra.run.smithi022.stdout:/usr/bin/ceph: stderr
2024-04-20T21:22:58.106+0000 7efc97400700 1 --2- 172.21.15.22:0/118510269 >> [v2:172.21.15.22:6800/2098569388,v1:172.21.15.22:6801/2098569388] conn(0x7efc78039600 0x7efc7803bac0 secure :-1 s=READY pgs=7 cs=0 l=1 rev1=1 crypto rx=0x7efc7c006fd0 tx=0x7efc7c006e40 comp rx=0 tx=0).stop
2024-04-20T21:22:58.768 INFO:teuthology.orchestra.run.smithi022.stdout:/usr/bin/ceph: stderr
2024-04-20T21:22:58.106+0000 7efc97400700 1 -- 172.21.15.22:0/118510269 >> [v2:172.21.15.22:3300/0,v1:172.21.15.22:6789/0] conn(0x7efc90106e40 msgr2=0x7efc9019e7a0 secure :-1 s=STATE_CONNECTION_ESTABLISHED l=1).mark_down
2024-04-20T21:22:58.768 INFO:teuthology.orchestra.run.smithi022.stdout:/usr/bin/ceph: stderr
2024-04-20T21:22:58.106+0000 7efc97400700 1 --2- 172.21.15.22:0/118510269 >> [v2:172.21.15.22:3300/0,v1:172.21.15.22:6789/0] conn(0x7efc90106e40 0x7efc9019e7a0 secure :-1 s=READY pgs=38 cs=0 l=1 rev1=1 crypto rx=0x7efc84011b60 tx=0x7efc84011c40 comp rx=0 tx=0).stop
2024-04-20T21:22:58.768 INFO:teuthology.orchestra.run.smithi022.stdout:/usr/bin/ceph: stderr
2024-04-20T21:22:58.106+0000 7efc97400700 1 -- 172.21.15.22:0/118510269 shutdown_connections
2024-04-20T21:22:58.768 INFO:teuthology.orchestra.run.smithi022.stdout:/usr/bin/ceph: stderr
2024-04-20T21:22:58.106+0000 7efc97400700 1 --2- 172.21.15.22:0/118510269 >> [v2:172.21.15.22:6800/2098569388,v1:172.21.15.22:6801/2098569388] conn(0x7efc78039600 0x7efc7803bac0 unknown :-1 s=CLOSED pgs=7 cs=0 l=1 rev1=1 crypto rx=0 tx=0 comp rx=0 tx=0).stop
2024-04-20T21:22:58.768 INFO:teuthology.orchestra.run.smithi022.stdout:/usr/bin/ceph: stderr
2024-04-20T21:22:58.106+0000 7efc97400700 1 --2- 172.21.15.22:0/118510269 >> [v2:172.21.15.22:3300/0,v1:172.21.15.22:6789/0] conn(0x7efc90106e40 0x7efc9019e7a0 unknown :-1 s=CLOSED pgs=38 cs=0 l=1 rev1=1 crypto rx=0 tx=0 comp rx=0 tx=0).stop
2024-04-20T21:22:58.768 INFO:teuthology.orchestra.run.smithi022.stdout:/usr/bin/ceph: stderr
2024-04-20T21:22:58.106+0000 7efc97400700 1 -- 172.21.15.22:0/118510269 >> 172.21.15.22:0/118510269 conn(0x7efc90102a20 msgr2=0x7efc90195440 unknown :-1 s=STATE_NONE l=0).mark_down
2024-04-20T21:22:58.768 INFO:teuthology.orchestra.run.smithi022.stdout:/usr/bin/ceph: stderr
2024-04-20T21:22:58.107+0000 7efc97400700 1 -- 172.21.15.22:0/118510269 shutdown_connections
2024-04-20T21:22:58.769 INFO:teuthology.orchestra.run.smithi022.stdout:/usr/bin/ceph: stderr
2024-04-20T21:22:58.107+0000 7efc97400700 1 -- 172.21.15.22:0/118510269 wait complete.
2024-04-20T21:23:00.294 INFO:teuthology.orchestra.run.smithi022.stdout:/usr/bin/ceph: stdout value unchanged
2024-04-20T21:23:00.294 INFO:teuthology.orchestra.run.smithi022.stdout:/usr/bin/ceph: stderr
2024-04-20T21:22:59.420+0000 7f138a600700 1 Processor -- start
2024-04-20T21:23:00.294 INFO:teuthology.orchestra.run.smithi022.stdout:/usr/bin/ceph: stderr
2024-04-20T21:22:59.420+0000 7f138a600700 1 -- start start
2024-04-20T21:23:00.294 INFO:teuthology.orchestra.run.smithi022.stdout:/usr/bin/ceph: stderr
2024-04-20T21:22:59.420+0000 7f138a600700 1 --2- >> [v2:172.21.15.22:3300/0,v1:172.21.15.22:6789/0] conn(0x7f1384107480 0x7f13841078a0 unknown :-1 s=NONE pgs=0 cs=0 l=0 rev1=0 crypto rx=0 tx=0 comp rx=0 tx=0).connect
2024-04-20T21:23:00.295 INFO:teuthology.orchestra.run.smithi022.stdout:/usr/bin/ceph: stderr
2024-04-20T21:22:59.421+0000 7f138a600700 1 -- --> [v2:172.21.15.22:3300/0,v1:172.21.15.22:6789/0] -- mon_getmap magic: 0 -- 0x7f1384107e70 con 0x7f1384107480
2024-04-20T21:23:00.295 INFO:teuthology.orchestra.run.smithi022.stdout:/usr/bin/ceph: stderr
2024-04-20T21:22:59.421+0000 7f1383400700 1 --2- >> [v2:172.21.15.22:3300/0,v1:172.21.15.22:6789/0] conn(0x7f1384107480 0x7f13841078a0 unknown :-1 s=BANNER_CONNECTING pgs=0 cs=0 l=0 rev1=0 crypto rx=0 tx=0 comp rx=0 tx=0)._handle_peer_banner_payload supported=3 required=0
2024-04-20T21:23:00.295 INFO:teuthology.orchestra.run.smithi022.stdout:/usr/bin/ceph: stderr
2024-04-20T21:22:59.421+0000 7f1383400700 1 --2- >> [v2:172.21.15.22:3300/0,v1:172.21.15.22:6789/0] conn(0x7f1384107480 0x7f13841078a0 unknown :-1 s=HELLO_CONNECTING pgs=0 cs=0 l=0 rev1=1 crypto rx=0 tx=0 comp rx=0 tx=0).handle_hello peer v2:172.21.15.22:3300/0 says I am v2:172.21.15.22:52434/0 (socket says 172.21.15.22:52434)
2024-04-20T21:23:00.295 INFO:teuthology.orchestra.run.smithi022.stdout:/usr/bin/ceph: stderr
2024-04-20T21:22:59.421+0000 7f1383400700 1 -- 172.21.15.22:0/4155791124 learned_addr learned my addr 172.21.15.22:0/4155791124 (peer_addr_for_me v2:172.21.15.22:0/0)
2024-04-20T21:23:00.295 INFO:teuthology.orchestra.run.smithi022.stdout:/usr/bin/ceph: stderr
2024-04-20T21:22:59.422+0000 7f1383400700 1 -- 172.21.15.22:0/4155791124 --> [v2:172.21.15.22:3300/0,v1:172.21.15.22:6789/0] -- mon_subscribe({config=0+,monmap=0+}) -- 0x7f1384108680 con 0x7f1384107480
2024-04-20T21:23:00.295 INFO:teuthology.orchestra.run.smithi022.stdout:/usr/bin/ceph: stderr
2024-04-20T21:22:59.422+0000 7f1383400700 1 --2- 172.21.15.22:0/4155791124 >> [v2:172.21.15.22:3300/0,v1:172.21.15.22:6789/0] conn(0x7f1384107480 0x7f13841078a0 secure :-1 s=READY pgs=39 cs=0 l=1 rev1=1 crypto rx=0x7f13740098a0 tx=0x7f1374009bb0 comp rx=0 tx=0).ready entity=mon.0 client_cookie=cb74eef72618d995 server_cookie=0 in_seq=0 out_seq=0
2024-04-20T21:23:00.295 INFO:teuthology.orchestra.run.smithi022.stdout:/usr/bin/ceph: stderr
2024-04-20T21:22:59.422+0000 7f1382a00700 1 -- 172.21.15.22:0/4155791124 <== mon.0 v2:172.21.15.22:3300/0 1 ==== mon_map magic: 0 ==== 205+0+0 (secure 0 0 0) 0x7f1374004160 con 0x7f1384107480
2024-04-20T21:23:00.295 INFO:teuthology.orchestra.run.smithi022.stdout:/usr/bin/ceph: stderr
2024-04-20T21:22:59.422+0000 7f1382a00700 1 -- 172.21.15.22:0/4155791124 <== mon.0 v2:172.21.15.22:3300/0 2 ==== config(27 keys) ==== 1109+0+0 (secure 0 0 0) 0x7f1374004300 con 0x7f1384107480
2024-04-20T21:23:00.295 INFO:teuthology.orchestra.run.smithi022.stdout:/usr/bin/ceph: stderr
2024-04-20T21:22:59.422+0000 7f1382a00700 1 -- 172.21.15.22:0/4155791124 <== mon.0 v2:172.21.15.22:3300/0 3 ==== mon_map magic: 0 ==== 205+0+0 (secure 0 0 0) 0x7f1374011b50 con 0x7f1384107480
2024-04-20T21:23:00.295 INFO:teuthology.orchestra.run.smithi022.stdout:/usr/bin/ceph: stderr
2024-04-20T21:22:59.423+0000 7f138a600700 1 -- 172.21.15.22:0/4155791124 >> [v2:172.21.15.22:3300/0,v1:172.21.15.22:6789/0] conn(0x7f1384107480 msgr2=0x7f13841078a0 secure :-1 s=STATE_CONNECTION_ESTABLISHED l=1).mark_down
2024-04-20T21:23:00.295 INFO:teuthology.orchestra.run.smithi022.stdout:/usr/bin/ceph: stderr
2024-04-20T21:22:59.423+0000 7f138a600700 1 --2- 172.21.15.22:0/4155791124 >> [v2:172.21.15.22:3300/0,v1:172.21.15.22:6789/0] conn(0x7f1384107480 0x7f13841078a0 secure :-1 s=READY pgs=39 cs=0 l=1 rev1=1 crypto rx=0x7f13740098a0 tx=0x7f1374009bb0 comp rx=0 tx=0).stop
2024-04-20T21:23:00.295 INFO:teuthology.orchestra.run.smithi022.stdout:/usr/bin/ceph: stderr
2024-04-20T21:22:59.423+0000 7f138a600700 1 -- 172.21.15.22:0/4155791124 shutdown_connections
2024-04-20T21:23:00.295 INFO:teuthology.orchestra.run.smithi022.stdout:/usr/bin/ceph: stderr
2024-04-20T21:22:59.423+0000 7f138a600700 1 --2- 172.21.15.22:0/4155791124 >> [v2:172.21.15.22:3300/0,v1:172.21.15.22:6789/0] conn(0x7f1384107480 0x7f13841078a0 unknown :-1 s=CLOSED pgs=39 cs=0 l=1 rev1=1 crypto rx=0 tx=0 comp rx=0 tx=0).stop
2024-04-20T21:23:00.295 INFO:teuthology.orchestra.run.smithi022.stdout:/usr/bin/ceph: stderr
2024-04-20T21:22:59.423+0000 7f138a600700 1 -- 172.21.15.22:0/4155791124 >> 172.21.15.22:0/4155791124 conn(0x7f1384102a20 msgr2=0x7f1384104e60 unknown :-1 s=STATE_NONE l=0).mark_down
2024-04-20T21:23:00.296 INFO:teuthology.orchestra.run.smithi022.stdout:/usr/bin/ceph: stderr
2024-04-20T21:22:59.423+0000 7f138a600700 1 -- 172.21.15.22:0/4155791124 shutdown_connections
2024-04-20T21:23:00.296 INFO:teuthology.orchestra.run.smithi022.stdout:/usr/bin/ceph: stderr
2024-04-20T21:22:59.424+0000 7f138a600700 1 -- 172.21.15.22:0/4155791124 wait complete.
2024-04-20T21:23:00.296 INFO:teuthology.orchestra.run.smithi022.stdout:/usr/bin/ceph: stderr
2024-04-20T21:22:59.425+0000 7f138a600700 1 Processor -- start
2024-04-20T21:23:00.296 INFO:teuthology.orchestra.run.smithi022.stdout:/usr/bin/ceph: stderr
2024-04-20T21:22:59.425+0000 7f138a600700 1 -- start start
2024-04-20T21:23:00.296 INFO:teuthology.orchestra.run.smithi022.stdout:/usr/bin/ceph: stderr
2024-04-20T21:22:59.425+0000 7f138a600700 1 --2- >> [v2:172.21.15.22:3300/0,v1:172.21.15.22:6789/0] conn(0x7f1384107480 0x7f1384192630 unknown :-1 s=NONE pgs=0 cs=0 l=1 rev1=0 crypto rx=0 tx=0 comp rx=0 tx=0).connect
2024-04-20T21:23:00.296 INFO:teuthology.orchestra.run.smithi022.stdout:/usr/bin/ceph: stderr
2024-04-20T21:22:59.425+0000 7f138a600700 1 -- --> [v2:172.21.15.22:3300/0,v1:172.21.15.22:6789/0] -- mon_getmap magic: 0 -- 0x7f138410ba30 con 0x7f1384107480
2024-04-20T21:23:00.296 INFO:teuthology.orchestra.run.smithi022.stdout:/usr/bin/ceph: stderr
2024-04-20T21:22:59.426+0000 7f1383400700 1 --2- >> [v2:172.21.15.22:3300/0,v1:172.21.15.22:6789/0] conn(0x7f1384107480 0x7f1384192630 unknown :-1 s=BANNER_CONNECTING pgs=0 cs=0 l=1 rev1=0 crypto rx=0 tx=0 comp rx=0 tx=0)._handle_peer_banner_payload supported=3 required=0
2024-04-20T21:23:00.296 INFO:teuthology.orchestra.run.smithi022.stdout:/usr/bin/ceph: stderr
2024-04-20T21:22:59.426+0000 7f1383400700 1 --2- >> [v2:172.21.15.22:3300/0,v1:172.21.15.22:6789/0] conn(0x7f1384107480 0x7f1384192630 unknown :-1 s=HELLO_CONNECTING pgs=0 cs=0 l=1 rev1=1 crypto rx=0 tx=0 comp rx=0 tx=0).handle_hello peer v2:172.21.15.22:3300/0 says I am v2:172.21.15.22:52444/0 (socket says 172.21.15.22:52444)
2024-04-20T21:23:00.296 INFO:teuthology.orchestra.run.smithi022.stdout:/usr/bin/ceph: stderr
2024-04-20T21:22:59.426+0000 7f1383400700 1 -- 172.21.15.22:0/2058284308 learned_addr learned my addr 172.21.15.22:0/2058284308 (peer_addr_for_me v2:172.21.15.22:0/0)
2024-04-20T21:23:00.296 INFO:teuthology.orchestra.run.smithi022.stdout:/usr/bin/ceph: stderr
2024-04-20T21:22:59.426+0000 7f1383400700 1 -- 172.21.15.22:0/2058284308 --> [v2:172.21.15.22:3300/0,v1:172.21.15.22:6789/0] -- mon_subscribe({config=0+,monmap=0+}) -- 0x7f1384192b70 con 0x7f1384107480
2024-04-20T21:23:00.296 INFO:teuthology.orchestra.run.smithi022.stdout:/usr/bin/ceph: stderr
2024-04-20T21:22:59.426+0000 7f1383400700 1 --2- 172.21.15.22:0/2058284308 >> [v2:172.21.15.22:3300/0,v1:172.21.15.22:6789/0] conn(0x7f1384107480 0x7f1384192630 secure :-1 s=READY pgs=40 cs=0 l=1 rev1=1 crypto rx=0x7f1374011850 tx=0x7f1374011c10 comp rx=0 tx=0).ready entity=mon.0 client_cookie=0 server_cookie=0 in_seq=0 out_seq=0
2024-04-20T21:23:00.296 INFO:teuthology.orchestra.run.smithi022.stdout:/usr/bin/ceph: stderr
2024-04-20T21:22:59.427+0000 7f1380c00700 1 -- 172.21.15.22:0/2058284308 <== mon.0 v2:172.21.15.22:3300/0 1 ==== mon_map magic: 0 ==== 205+0+0 (secure 0 0 0) 0x7f1374003af0 con 0x7f1384107480
2024-04-20T21:23:00.296 INFO:teuthology.orchestra.run.smithi022.stdout:/usr/bin/ceph: stderr
2024-04-20T21:22:59.427+0000 7f1380c00700 1 -- 172.21.15.22:0/2058284308 <== mon.0 v2:172.21.15.22:3300/0 2 ==== config(27 keys) ==== 1109+0+0 (secure 0 0 0) 0x7f1374020070 con 0x7f1384107480
2024-04-20T21:23:00.297 INFO:teuthology.orchestra.run.smithi022.stdout:/usr/bin/ceph: stderr
2024-04-20T21:22:59.427+0000 7f1380c00700 1 -- 172.21.15.22:0/2058284308 <== mon.0 v2:172.21.15.22:3300/0 3 ==== mon_map magic: 0 ==== 205+0+0 (secure 0 0 0) 0x7f13740195a0 con 0x7f1384107480
2024-04-20T21:23:00.297 INFO:teuthology.orchestra.run.smithi022.stdout:/usr/bin/ceph: stderr
2024-04-20T21:22:59.427+0000 7f138a600700 1 -- 172.21.15.22:0/2058284308 --> [v2:172.21.15.22:3300/0,v1:172.21.15.22:6789/0] -- mon_subscribe({mgrmap=0+}) -- 0x7f1384190d60 con 0x7f1384107480
2024-04-20T21:23:00.297 INFO:teuthology.orchestra.run.smithi022.stdout:/usr/bin/ceph: stderr
2024-04-20T21:22:59.427+0000 7f138a600700 1 -- 172.21.15.22:0/2058284308 --> [v2:172.21.15.22:3300/0,v1:172.21.15.22:6789/0] -- mon_subscribe({osdmap=0}) -- 0x7f13841912a0 con 0x7f1384107480
2024-04-20T21:23:00.297 INFO:teuthology.orchestra.run.smithi022.stdout:/usr/bin/ceph: stderr
2024-04-20T21:22:59.428+0000 7f1380c00700 1 -- 172.21.15.22:0/2058284308 <== mon.0 v2:172.21.15.22:3300/0 4 ==== mgrmap(e 8) ==== 46558+0+0 (secure 0 0 0) 0x7f1374019850 con 0x7f1384107480
2024-04-20T21:23:00.297 INFO:teuthology.orchestra.run.smithi022.stdout:/usr/bin/ceph: stderr
2024-04-20T21:22:59.428+0000 7f138a600700 1 -- 172.21.15.22:0/2058284308 --> [v2:172.21.15.22:3300/0,v1:172.21.15.22:6789/0] -- mon_command({"prefix": "get_command_descriptions"} v 0) -- 0x7f13840640b0 con 0x7f1384107480
2024-04-20T21:23:00.297 INFO:teuthology.orchestra.run.smithi022.stdout:/usr/bin/ceph: stderr
2024-04-20T21:22:59.429+0000 7f1380c00700 1 --2- 172.21.15.22:0/2058284308 >> [v2:172.21.15.22:6800/2098569388,v1:172.21.15.22:6801/2098569388] conn(0x7f1368039600 0x7f136803bac0 unknown :-1 s=NONE pgs=0 cs=0 l=1 rev1=0 crypto rx=0 tx=0 comp rx=0 tx=0).connect
2024-04-20T21:23:00.297 INFO:teuthology.orchestra.run.smithi022.stdout:/usr/bin/ceph: stderr
2024-04-20T21:22:59.429+0000 7f1380c00700 1 -- 172.21.15.22:0/2058284308 <== mon.0 v2:172.21.15.22:3300/0 5 ==== osd_map(2..2 src has 1..2) ==== 940+0+0 (secure 0 0 0) 0x7f1374011e00 con 0x7f1384107480
2024-04-20T21:23:00.297 INFO:teuthology.orchestra.run.smithi022.stdout:/usr/bin/ceph: stderr
2024-04-20T21:22:59.429+0000 7f137be00700 1 --2- 172.21.15.22:0/2058284308 >> [v2:172.21.15.22:6800/2098569388,v1:172.21.15.22:6801/2098569388] conn(0x7f1368039600 0x7f136803bac0 unknown :-1 s=BANNER_CONNECTING pgs=0 cs=0 l=1 rev1=0 crypto rx=0 tx=0 comp rx=0 tx=0)._handle_peer_banner_payload supported=3 required=0
2024-04-20T21:23:00.297 INFO:teuthology.orchestra.run.smithi022.stdout:/usr/bin/ceph: stderr
2024-04-20T21:22:59.430+0000 7f137be00700 1 --2- 172.21.15.22:0/2058284308 >> [v2:172.21.15.22:6800/2098569388,v1:172.21.15.22:6801/2098569388] conn(0x7f1368039600 0x7f136803bac0 secure :-1 s=READY pgs=8 cs=0 l=1 rev1=1 crypto rx=0x7f136c006fd0 tx=0x7f136c006e40 comp rx=0 tx=0).ready entity=mgr.14120 client_cookie=0 server_cookie=0 in_seq=0 out_seq=0
2024-04-20T21:23:00.297 INFO:teuthology.orchestra.run.smithi022.stdout:/usr/bin/ceph: stderr
2024-04-20T21:22:59.435+0000 7f1380c00700 1 -- 172.21.15.22:0/2058284308 <== mon.0 v2:172.21.15.22:3300/0 6 ==== mon_command_ack([{"prefix": "get_command_descriptions"}]=0 v0) ==== 72+0+188381 (secure 0 0 0) 0x7f137400e260 con 0x7f1384107480
2024-04-20T21:23:00.297 INFO:teuthology.orchestra.run.smithi022.stdout:/usr/bin/ceph: stderr
2024-04-20T21:22:59.669+0000 7f138a600700 1 -- 172.21.15.22:0/2058284308 --> [v2:172.21.15.22:6800/2098569388,v1:172.21.15.22:6801/2098569388] -- mgr_command(tid 0: {"prefix": "cephadm set-user", "user": "root", "target": ["mon-mgr", ""]}) -- 0x7f1384196440 con 0x7f1368039600
2024-04-20T21:23:00.297 INFO:teuthology.orchestra.run.smithi022.stdout:/usr/bin/ceph: stderr
2024-04-20T21:22:59.671+0000 7f1380c00700 1 -- 172.21.15.22:0/2058284308 <== mgr.14120 v2:172.21.15.22:6800/2098569388 1 ==== mgr_command_reply(tid 0: 0 ) ==== 8+0+16 (secure 0 0 0) 0x7f1384196440 con 0x7f1368039600
2024-04-20T21:23:00.297 INFO:teuthology.orchestra.run.smithi022.stdout:/usr/bin/ceph: stderr
2024-04-20T21:22:59.674+0000 7f138a600700 1 -- 172.21.15.22:0/2058284308 >> [v2:172.21.15.22:6800/2098569388,v1:172.21.15.22:6801/2098569388] conn(0x7f1368039600 msgr2=0x7f136803bac0 secure :-1 s=STATE_CONNECTION_ESTABLISHED l=1).mark_down
2024-04-20T21:23:00.298 INFO:teuthology.orchestra.run.smithi022.stdout:/usr/bin/ceph: stderr
2024-04-20T21:22:59.674+0000 7f138a600700 1 --2- 172.21.15.22:0/2058284308 >> [v2:172.21.15.22:6800/2098569388,v1:172.21.15.22:6801/2098569388] conn(0x7f1368039600 0x7f136803bac0 secure :-1 s=READY pgs=8 cs=0 l=1 rev1=1 crypto rx=0x7f136c006fd0 tx=0x7f136c006e40 comp rx=0 tx=0).stop
2024-04-20T21:23:00.298 INFO:teuthology.orchestra.run.smithi022.stdout:/usr/bin/ceph: stderr
2024-04-20T21:22:59.674+0000 7f138a600700 1 -- 172.21.15.22:0/2058284308 >> [v2:172.21.15.22:3300/0,v1:172.21.15.22:6789/0] conn(0x7f1384107480 msgr2=0x7f1384192630 secure :-1 s=STATE_CONNECTION_ESTABLISHED l=1).mark_down
2024-04-20T21:23:00.298 INFO:teuthology.orchestra.run.smithi022.stdout:/usr/bin/ceph: stderr
2024-04-20T21:22:59.674+0000 7f138a600700 1 --2- 172.21.15.22:0/2058284308 >> [v2:172.21.15.22:3300/0,v1:172.21.15.22:6789/0] conn(0x7f1384107480 0x7f1384192630 secure :-1 s=READY pgs=40 cs=0 l=1 rev1=1 crypto rx=0x7f1374011850 tx=0x7f1374011c10 comp rx=0 tx=0).stop
2024-04-20T21:23:00.298 INFO:teuthology.orchestra.run.smithi022.stdout:/usr/bin/ceph: stderr
2024-04-20T21:22:59.674+0000 7f138a600700 1 -- 172.21.15.22:0/2058284308 shutdown_connections
2024-04-20T21:23:00.298 INFO:teuthology.orchestra.run.smithi022.stdout:/usr/bin/ceph: stderr
2024-04-20T21:22:59.674+0000 7f138a600700 1 --2- 172.21.15.22:0/2058284308 >> [v2:172.21.15.22:6800/2098569388,v1:172.21.15.22:6801/2098569388] conn(0x7f1368039600 0x7f136803bac0 unknown :-1 s=CLOSED pgs=8 cs=0 l=1 rev1=1 crypto rx=0 tx=0 comp rx=0 tx=0).stop
2024-04-20T21:23:00.298 INFO:teuthology.orchestra.run.smithi022.stdout:/usr/bin/ceph: stderr
2024-04-20T21:22:59.674+0000 7f138a600700 1 --2- 172.21.15.22:0/2058284308 >> [v2:172.21.15.22:3300/0,v1:172.21.15.22:6789/0] conn(0x7f1384107480 0x7f1384192630 unknown :-1 s=CLOSED pgs=40 cs=0 l=1 rev1=1 crypto rx=0 tx=0 comp rx=0 tx=0).stop
2024-04-20T21:23:00.298 INFO:teuthology.orchestra.run.smithi022.stdout:/usr/bin/ceph: stderr
2024-04-20T21:22:59.674+0000 7f138a600700 1 -- 172.21.15.22:0/2058284308 >> 172.21.15.22:0/2058284308 conn(0x7f1384102a20 msgr2=0x7f1384103970 unknown :-1 s=STATE_NONE l=0).mark_down
2024-04-20T21:23:00.298 INFO:teuthology.orchestra.run.smithi022.stdout:/usr/bin/ceph: stderr
2024-04-20T21:22:59.674+0000 7f138a600700 1 -- 172.21.15.22:0/2058284308 shutdown_connections
2024-04-20T21:23:00.298 INFO:teuthology.orchestra.run.smithi022.stdout:/usr/bin/ceph: stderr
2024-04-20T21:22:59.674+0000 7f138a600700 1 -- 172.21.15.22:0/2058284308 wait complete.
2024-04-20T21:23:00.298 INFO:teuthology.orchestra.run.smithi022.stdout:Generating ssh key...
2024-04-20T21:23:00.586 INFO:journalctl@ceph.mon.a.smithi022.stdout:Apr 20 21:23:00 smithi022 ceph-mon[16843]: from='client.14134 -' entity='client.admin' cmd=[{"prefix": "cephadm set-user", "user": "root", "target": ["mon-mgr", ""]}]: dispatch
2024-04-20T21:23:01.907 INFO:journalctl@ceph.mon.a.smithi022.stdout:Apr 20 21:23:01 smithi022 ceph-mon[16843]: from='client.14136 -' entity='client.admin' cmd=[{"prefix": "cephadm generate-key", "target": ["mon-mgr", ""]}]: dispatch
2024-04-20T21:23:01.907 INFO:journalctl@ceph.mon.a.smithi022.stdout:Apr 20 21:23:01 smithi022 ceph-mon[16843]: Generating ssh key...
2024-04-20T21:23:01.908 INFO:journalctl@ceph.mgr.x.smithi022.stdout:Apr 20 21:23:01 smithi022 ceph-92c49c5c-ff5b-11ee-bc93-c7b262605968-mgr-x[17071]: Generating public/private rsa key pair.
2024-04-20T21:23:01.908 INFO:journalctl@ceph.mgr.x.smithi022.stdout:Apr 20 21:23:01 smithi022 ceph-92c49c5c-ff5b-11ee-bc93-c7b262605968-mgr-x[17071]: Your identification has been saved in /tmp/tmpoovj6j7e/key.
2024-04-20T21:23:01.908 INFO:journalctl@ceph.mgr.x.smithi022.stdout:Apr 20 21:23:01 smithi022 ceph-92c49c5c-ff5b-11ee-bc93-c7b262605968-mgr-x[17071]: Your public key has been saved in /tmp/tmpoovj6j7e/key.pub.
2024-04-20T21:23:01.908 INFO:journalctl@ceph.mgr.x.smithi022.stdout:Apr 20 21:23:01 smithi022 ceph-92c49c5c-ff5b-11ee-bc93-c7b262605968-mgr-x[17071]: The key fingerprint is:
2024-04-20T21:23:01.908 INFO:journalctl@ceph.mgr.x.smithi022.stdout:Apr 20 21:23:01 smithi022 ceph-92c49c5c-ff5b-11ee-bc93-c7b262605968-mgr-x[17071]: SHA256:orCO4fDmwJafdUEQ7IK/glbxkH0zUsWcbNdLRP77E3M ceph-92c49c5c-ff5b-11ee-bc93-c7b262605968
2024-04-20T21:23:01.908 INFO:journalctl@ceph.mgr.x.smithi022.stdout:Apr 20 21:23:01 smithi022 ceph-92c49c5c-ff5b-11ee-bc93-c7b262605968-mgr-x[17071]: The key's randomart image is:
2024-04-20T21:23:01.908 INFO:journalctl@ceph.mgr.x.smithi022.stdout:Apr 20 21:23:01 smithi022 ceph-92c49c5c-ff5b-11ee-bc93-c7b262605968-mgr-x[17071]: +---[RSA 3072]----+
2024-04-20T21:23:01.908 INFO:journalctl@ceph.mgr.x.smithi022.stdout:Apr 20 21:23:01 smithi022 ceph-92c49c5c-ff5b-11ee-bc93-c7b262605968-mgr-x[17071]: | .o. =.. +o |
2024-04-20T21:23:01.908 INFO:journalctl@ceph.mgr.x.smithi022.stdout:Apr 20 21:23:01 smithi022 ceph-92c49c5c-ff5b-11ee-bc93-c7b262605968-mgr-x[17071]: | ... * ..o |
2024-04-20T21:23:01.909 INFO:journalctl@ceph.mgr.x.smithi022.stdout:Apr 20 21:23:01 smithi022 ceph-92c49c5c-ff5b-11ee-bc93-c7b262605968-mgr-x[17071]: | . + ... . ... |
2024-04-20T21:23:01.909 INFO:journalctl@ceph.mgr.x.smithi022.stdout:Apr 20 21:23:01 smithi022 ceph-92c49c5c-ff5b-11ee-bc93-c7b262605968-mgr-x[17071]: | . = +.+ .. |
2024-04-20T21:23:01.909 INFO:journalctl@ceph.mgr.x.smithi022.stdout:Apr 20 21:23:01 smithi022 ceph-92c49c5c-ff5b-11ee-bc93-c7b262605968-mgr-x[17071]: | o = +.S . |
2024-04-20T21:23:01.909 INFO:journalctl@ceph.mgr.x.smithi022.stdout:Apr 20 21:23:01 smithi022 ceph-92c49c5c-ff5b-11ee-bc93-c7b262605968-mgr-x[17071]: |. .= o .. oE|
2024-04-20T21:23:01.909 INFO:journalctl@ceph.mgr.x.smithi022.stdout:Apr 20 21:23:01 smithi022 ceph-92c49c5c-ff5b-11ee-bc93-c7b262605968-mgr-x[17071]: |=+o o. . .+|
2024-04-20T21:23:01.909 INFO:journalctl@ceph.mgr.x.smithi022.stdout:Apr 20 21:23:01 smithi022 ceph-92c49c5c-ff5b-11ee-bc93-c7b262605968-mgr-x[17071]: |=Oo.o . ..|
2024-04-20T21:23:01.909 INFO:journalctl@ceph.mgr.x.smithi022.stdout:Apr 20 21:23:01 smithi022 ceph-92c49c5c-ff5b-11ee-bc93-c7b262605968-mgr-x[17071]: |o+=o o|
2024-04-20T21:23:01.909 INFO:journalctl@ceph.mgr.x.smithi022.stdout:Apr 20 21:23:01 smithi022 ceph-92c49c5c-ff5b-11ee-bc93-c7b262605968-mgr-x[17071]: +----[SHA256]-----+
2024-04-20T21:23:02.228 INFO:teuthology.orchestra.run.smithi022.stdout:/usr/bin/ceph: stderr
2024-04-20T21:23:00.901+0000 7f410fe00700 1 Processor -- start
2024-04-20T21:23:02.233 INFO:teuthology.orchestra.run.smithi022.stdout:/usr/bin/ceph: stderr
2024-04-20T21:23:00.901+0000 7f410fe00700 1 -- start start
2024-04-20T21:23:02.234 INFO:teuthology.orchestra.run.smithi022.stdout:/usr/bin/ceph: stderr
2024-04-20T21:23:00.902+0000 7f410fe00700 1 --2- >> [v2:172.21.15.22:3300/0,v1:172.21.15.22:6789/0] conn(0x7f41101072a0 0x7f41101076c0 unknown :-1 s=NONE pgs=0 cs=0 l=0 rev1=0 crypto rx=0 tx=0 comp rx=0 tx=0).connect
2024-04-20T21:23:02.234 INFO:teuthology.orchestra.run.smithi022.stdout:/usr/bin/ceph: stderr
2024-04-20T21:23:00.902+0000 7f410fe00700 1 -- --> [v2:172.21.15.22:3300/0,v1:172.21.15.22:6789/0] -- mon_getmap magic: 0 -- 0x7f4110107c90 con 0x7f41101072a0
2024-04-20T21:23:02.234 INFO:teuthology.orchestra.run.smithi022.stdout:/usr/bin/ceph: stderr
2024-04-20T21:23:00.902+0000 7f410ea00700 1 --2- >> [v2:172.21.15.22:3300/0,v1:172.21.15.22:6789/0] conn(0x7f41101072a0 0x7f41101076c0 unknown :-1 s=BANNER_CONNECTING pgs=0 cs=0 l=0 rev1=0 crypto rx=0 tx=0 comp rx=0 tx=0)._handle_peer_banner_payload supported=3 required=0
2024-04-20T21:23:02.234 INFO:teuthology.orchestra.run.smithi022.stdout:/usr/bin/ceph: stderr
2024-04-20T21:23:00.903+0000 7f410ea00700 1 --2- >> [v2:172.21.15.22:3300/0,v1:172.21.15.22:6789/0] conn(0x7f41101072a0 0x7f41101076c0 unknown :-1 s=HELLO_CONNECTING pgs=0 cs=0 l=0 rev1=1 crypto rx=0 tx=0 comp rx=0 tx=0).handle_hello peer v2:172.21.15.22:3300/0 says I am v2:172.21.15.22:52454/0 (socket says 172.21.15.22:52454)
2024-04-20T21:23:02.234 INFO:teuthology.orchestra.run.smithi022.stdout:/usr/bin/ceph: stderr
2024-04-20T21:23:00.903+0000 7f410ea00700 1 -- 172.21.15.22:0/3182546594 learned_addr learned my addr 172.21.15.22:0/3182546594 (peer_addr_for_me v2:172.21.15.22:0/0)
2024-04-20T21:23:02.234 INFO:teuthology.orchestra.run.smithi022.stdout:/usr/bin/ceph: stderr
2024-04-20T21:23:00.903+0000 7f410ea00700 1 -- 172.21.15.22:0/3182546594 --> [v2:172.21.15.22:3300/0,v1:172.21.15.22:6789/0] -- mon_subscribe({config=0+,monmap=0+}) -- 0x7f41101084a0 con 0x7f41101072a0
2024-04-20T21:23:02.234 INFO:teuthology.orchestra.run.smithi022.stdout:/usr/bin/ceph: stderr
2024-04-20T21:23:00.904+0000 7f410ea00700 1 --2- 172.21.15.22:0/3182546594 >> [v2:172.21.15.22:3300/0,v1:172.21.15.22:6789/0] conn(0x7f41101072a0 0x7f41101076c0 secure :-1 s=READY pgs=41 cs=0 l=1 rev1=1 crypto rx=0x7f410000bb40 tx=0x7f410000be50 comp rx=0 tx=0).ready entity=mon.0 client_cookie=c36020e32aa10383 server_cookie=0 in_seq=0 out_seq=0
2024-04-20T21:23:02.234 INFO:teuthology.orchestra.run.smithi022.stdout:/usr/bin/ceph: stderr
2024-04-20T21:23:00.904+0000 7f410e000700 1 -- 172.21.15.22:0/3182546594 <== mon.0 v2:172.21.15.22:3300/0 1 ==== mon_map magic: 0 ==== 205+0+0 (secure 0 0 0) 0x7f410000dbe0 con 0x7f41101072a0
2024-04-20T21:23:02.234 INFO:teuthology.orchestra.run.smithi022.stdout:/usr/bin/ceph: stderr
2024-04-20T21:23:00.904+0000 7f410e000700 1 -- 172.21.15.22:0/3182546594 <== mon.0 v2:172.21.15.22:3300/0 2 ==== config(27 keys) ==== 1109+0+0 (secure 0 0 0) 0x7f41000044f0 con 0x7f41101072a0
2024-04-20T21:23:02.234 INFO:teuthology.orchestra.run.smithi022.stdout:/usr/bin/ceph: stderr
2024-04-20T21:23:00.904+0000 7f410e000700 1 -- 172.21.15.22:0/3182546594 <== mon.0 v2:172.21.15.22:3300/0 3 ==== mon_map magic: 0 ==== 205+0+0 (secure 0 0 0) 0x7f4100010470 con 0x7f41101072a0
2024-04-20T21:23:02.234 INFO:teuthology.orchestra.run.smithi022.stdout:/usr/bin/ceph: stderr
2024-04-20T21:23:00.905+0000 7f410fe00700 1 -- 172.21.15.22:0/3182546594 >> [v2:172.21.15.22:3300/0,v1:172.21.15.22:6789/0] conn(0x7f41101072a0 msgr2=0x7f41101076c0 secure :-1 s=STATE_CONNECTION_ESTABLISHED l=1).mark_down
2024-04-20T21:23:02.235 INFO:teuthology.orchestra.run.smithi022.stdout:/usr/bin/ceph: stderr
2024-04-20T21:23:00.905+0000 7f410fe00700 1 --2- 172.21.15.22:0/3182546594 >> [v2:172.21.15.22:3300/0,v1:172.21.15.22:6789/0] conn(0x7f41101072a0 0x7f41101076c0 secure :-1 s=READY pgs=41 cs=0 l=1 rev1=1 crypto rx=0x7f410000bb40 tx=0x7f410000be50 comp rx=0 tx=0).stop
2024-04-20T21:23:02.235 INFO:teuthology.orchestra.run.smithi022.stdout:/usr/bin/ceph: stderr
2024-04-20T21:23:00.905+0000 7f410fe00700 1 -- 172.21.15.22:0/3182546594 shutdown_connections
2024-04-20T21:23:02.235 INFO:teuthology.orchestra.run.smithi022.stdout:/usr/bin/ceph: stderr
2024-04-20T21:23:00.905+0000 7f410fe00700 1 --2- 172.21.15.22:0/3182546594 >> [v2:172.21.15.22:3300/0,v1:172.21.15.22:6789/0] conn(0x7f41101072a0 0x7f41101076c0 unknown :-1 s=CLOSED pgs=41 cs=0 l=1 rev1=1 crypto rx=0 tx=0 comp rx=0 tx=0).stop
2024-04-20T21:23:02.235 INFO:teuthology.orchestra.run.smithi022.stdout:/usr/bin/ceph: stderr
2024-04-20T21:23:00.905+0000 7f410fe00700 1 -- 172.21.15.22:0/3182546594 >> 172.21.15.22:0/3182546594 conn(0x7f4110102860 msgr2=0x7f4110104c80 unknown :-1 s=STATE_NONE l=0).mark_down
2024-04-20T21:23:02.235 INFO:teuthology.orchestra.run.smithi022.stdout:/usr/bin/ceph: stderr
2024-04-20T21:23:00.905+0000 7f410fe00700 1 -- 172.21.15.22:0/3182546594 shutdown_connections
2024-04-20T21:23:02.235 INFO:teuthology.orchestra.run.smithi022.stdout:/usr/bin/ceph: stderr
2024-04-20T21:23:00.905+0000 7f410fe00700 1 -- 172.21.15.22:0/3182546594 wait complete.
2024-04-20T21:23:02.235 INFO:teuthology.orchestra.run.smithi022.stdout:/usr/bin/ceph: stderr
2024-04-20T21:23:00.906+0000 7f410fe00700 1 Processor -- start
2024-04-20T21:23:02.235 INFO:teuthology.orchestra.run.smithi022.stdout:/usr/bin/ceph: stderr
2024-04-20T21:23:00.906+0000 7f410fe00700 1 -- start start
2024-04-20T21:23:02.235 INFO:teuthology.orchestra.run.smithi022.stdout:/usr/bin/ceph: stderr
2024-04-20T21:23:00.907+0000 7f410fe00700 1 --2- >> [v2:172.21.15.22:3300/0,v1:172.21.15.22:6789/0] conn(0x7f41101072a0 0x7f411019e5b0 unknown :-1 s=NONE pgs=0 cs=0 l=1 rev1=0 crypto rx=0 tx=0 comp rx=0 tx=0).connect
2024-04-20T21:23:02.235 INFO:teuthology.orchestra.run.smithi022.stdout:/usr/bin/ceph: stderr
2024-04-20T21:23:00.907+0000 7f410fe00700 1 -- --> [v2:172.21.15.22:3300/0,v1:172.21.15.22:6789/0] -- mon_getmap magic: 0 -- 0x7f411007afc0 con 0x7f41101072a0
2024-04-20T21:23:02.235 INFO:teuthology.orchestra.run.smithi022.stdout:/usr/bin/ceph: stderr
2024-04-20T21:23:00.907+0000 7f410ea00700 1 --2- >> [v2:172.21.15.22:3300/0,v1:172.21.15.22:6789/0] conn(0x7f41101072a0 0x7f411019e5b0 unknown :-1 s=BANNER_CONNECTING pgs=0 cs=0 l=1 rev1=0 crypto rx=0 tx=0 comp rx=0 tx=0)._handle_peer_banner_payload supported=3 required=0
2024-04-20T21:23:02.235 INFO:teuthology.orchestra.run.smithi022.stdout:/usr/bin/ceph: stderr
2024-04-20T21:23:00.907+0000 7f410ea00700 1 --2- >> [v2:172.21.15.22:3300/0,v1:172.21.15.22:6789/0] conn(0x7f41101072a0 0x7f411019e5b0 unknown :-1 s=HELLO_CONNECTING pgs=0 cs=0 l=1 rev1=1 crypto rx=0 tx=0 comp rx=0 tx=0).handle_hello peer v2:172.21.15.22:3300/0 says I am v2:172.21.15.22:52470/0 (socket says 172.21.15.22:52470)
2024-04-20T21:23:02.236 INFO:teuthology.orchestra.run.smithi022.stdout:/usr/bin/ceph: stderr
2024-04-20T21:23:00.907+0000 7f410ea00700 1 -- 172.21.15.22:0/2680955217 learned_addr learned my addr 172.21.15.22:0/2680955217 (peer_addr_for_me v2:172.21.15.22:0/0)
2024-04-20T21:23:02.236 INFO:teuthology.orchestra.run.smithi022.stdout:/usr/bin/ceph: stderr
2024-04-20T21:23:00.907+0000 7f410ea00700 1 -- 172.21.15.22:0/2680955217 --> [v2:172.21.15.22:3300/0,v1:172.21.15.22:6789/0] -- mon_subscribe({config=0+,monmap=0+}) -- 0x7f411019eaf0 con 0x7f41101072a0
2024-04-20T21:23:02.236 INFO:teuthology.orchestra.run.smithi022.stdout:/usr/bin/ceph: stderr
2024-04-20T21:23:00.908+0000 7f410ea00700 1 --2- 172.21.15.22:0/2680955217 >> [v2:172.21.15.22:3300/0,v1:172.21.15.22:6789/0] conn(0x7f41101072a0 0x7f411019e5b0 secure :-1 s=READY pgs=42 cs=0 l=1 rev1=1 crypto rx=0x7f410000b340 tx=0x7f410000dd90 comp rx=0 tx=0).ready entity=mon.0 client_cookie=0 server_cookie=0 in_seq=0 out_seq=0
2024-04-20T21:23:02.236 INFO:teuthology.orchestra.run.smithi022.stdout:/usr/bin/ceph: stderr
2024-04-20T21:23:00.908+0000 7f4107400700 1 -- 172.21.15.22:0/2680955217 <== mon.0 v2:172.21.15.22:3300/0 1 ==== mon_map magic: 0 ==== 205+0+0 (secure 0 0 0) 0x7f4100010680 con 0x7f41101072a0
2024-04-20T21:23:02.236 INFO:teuthology.orchestra.run.smithi022.stdout:/usr/bin/ceph: stderr
2024-04-20T21:23:00.908+0000 7f4107400700 1 -- 172.21.15.22:0/2680955217 <== mon.0 v2:172.21.15.22:3300/0 2 ==== config(27 keys) ==== 1109+0+0 (secure 0 0 0) 0x7f410001d070 con 0x7f41101072a0
2024-04-20T21:23:02.236 INFO:teuthology.orchestra.run.smithi022.stdout:/usr/bin/ceph: stderr
2024-04-20T21:23:00.908+0000 7f4107400700 1 -- 172.21.15.22:0/2680955217 <== mon.0 v2:172.21.15.22:3300/0 3 ==== mon_map magic: 0 ==== 205+0+0 (secure 0 0 0) 0x7f4100021af0 con 0x7f41101072a0
2024-04-20T21:23:02.236 INFO:teuthology.orchestra.run.smithi022.stdout:/usr/bin/ceph: stderr
2024-04-20T21:23:00.908+0000 7f410fe00700 1 -- 172.21.15.22:0/2680955217 --> [v2:172.21.15.22:3300/0,v1:172.21.15.22:6789/0] -- mon_subscribe({mgrmap=0+}) -- 0x7f411019ed80 con 0x7f41101072a0
2024-04-20T21:23:02.236 INFO:teuthology.orchestra.run.smithi022.stdout:/usr/bin/ceph: stderr
2024-04-20T21:23:00.908+0000 7f410fe00700 1 -- 172.21.15.22:0/2680955217 --> [v2:172.21.15.22:3300/0,v1:172.21.15.22:6789/0] -- mon_subscribe({osdmap=0}) -- 0x7f41101a1a70 con 0x7f41101072a0
2024-04-20T21:23:02.236 INFO:teuthology.orchestra.run.smithi022.stdout:/usr/bin/ceph: stderr
2024-04-20T21:23:00.909+0000 7f410fe00700 1 -- 172.21.15.22:0/2680955217 --> [v2:172.21.15.22:3300/0,v1:172.21.15.22:6789/0] -- mon_command({"prefix": "get_command_descriptions"} v 0) -- 0x7f41100640b0 con 0x7f41101072a0
2024-04-20T21:23:02.236 INFO:teuthology.orchestra.run.smithi022.stdout:/usr/bin/ceph: stderr
2024-04-20T21:23:00.909+0000 7f4107400700 1 -- 172.21.15.22:0/2680955217 <== mon.0 v2:172.21.15.22:3300/0 4 ==== mgrmap(e 8) ==== 46558+0+0 (secure 0 0 0) 0x7f410001f030 con 0x7f41101072a0
2024-04-20T21:23:02.236 INFO:teuthology.orchestra.run.smithi022.stdout:/usr/bin/ceph: stderr
2024-04-20T21:23:00.910+0000 7f4107400700 1 --2- 172.21.15.22:0/2680955217 >> [v2:172.21.15.22:6800/2098569388,v1:172.21.15.22:6801/2098569388] conn(0x7f40f4039650 0x7f40f403bb10 unknown :-1 s=NONE pgs=0 cs=0 l=1 rev1=0 crypto rx=0 tx=0 comp rx=0 tx=0).connect
2024-04-20T21:23:02.237 INFO:teuthology.orchestra.run.smithi022.stdout:/usr/bin/ceph: stderr
2024-04-20T21:23:00.910+0000 7f4107400700 1 -- 172.21.15.22:0/2680955217 <== mon.0 v2:172.21.15.22:3300/0 5 ==== osd_map(2..2 src has 1..2) ==== 940+0+0 (secure 0 0 0) 0x7f410004d880 con 0x7f41101072a0
2024-04-20T21:23:02.237 INFO:teuthology.orchestra.run.smithi022.stdout:/usr/bin/ceph: stderr
2024-04-20T21:23:00.910+0000 7f4107e00700 1 --2- 172.21.15.22:0/2680955217 >> [v2:172.21.15.22:6800/2098569388,v1:172.21.15.22:6801/2098569388] conn(0x7f40f4039650 0x7f40f403bb10 unknown :-1 s=BANNER_CONNECTING pgs=0 cs=0 l=1 rev1=0 crypto rx=0 tx=0 comp rx=0 tx=0)._handle_peer_banner_payload supported=3 required=0
2024-04-20T21:23:02.237 INFO:teuthology.orchestra.run.smithi022.stdout:/usr/bin/ceph: stderr
2024-04-20T21:23:00.911+0000 7f4107e00700 1 --2- 172.21.15.22:0/2680955217 >> [v2:172.21.15.22:6800/2098569388,v1:172.21.15.22:6801/2098569388] conn(0x7f40f4039650 0x7f40f403bb10 secure :-1 s=READY pgs=9 cs=0 l=1 rev1=1 crypto rx=0x7f40f8006fd0 tx=0x7f40f8006e40 comp rx=0 tx=0).ready entity=mgr.14120 client_cookie=0 server_cookie=0 in_seq=0 out_seq=0
2024-04-20T21:23:02.237 INFO:teuthology.orchestra.run.smithi022.stdout:/usr/bin/ceph: stderr
2024-04-20T21:23:00.915+0000 7f4107400700 1 -- 172.21.15.22:0/2680955217 <== mon.0 v2:172.21.15.22:3300/0 6 ==== mon_command_ack([{"prefix": "get_command_descriptions"}]=0 v0) ==== 72+0+188381 (secure 0 0 0) 0x7f4100015070 con 0x7f41101072a0
2024-04-20T21:23:02.237 INFO:teuthology.orchestra.run.smithi022.stdout:/usr/bin/ceph: stderr
2024-04-20T21:23:01.147+0000 7f410fe00700 1 -- 172.21.15.22:0/2680955217 --> [v2:172.21.15.22:6800/2098569388,v1:172.21.15.22:6801/2098569388] -- mgr_command(tid 0: {"prefix": "cephadm generate-key", "target": ["mon-mgr", ""]}) -- 0x7f4110062e90 con 0x7f40f4039650
2024-04-20T21:23:02.237 INFO:teuthology.orchestra.run.smithi022.stdout:/usr/bin/ceph: stderr
2024-04-20T21:23:01.616+0000 7f4107400700 1 -- 172.21.15.22:0/2680955217 <== mgr.14120 v2:172.21.15.22:6800/2098569388 1 ==== mgr_command_reply(tid 0: 0 ) ==== 8+0+0 (secure 0 0 0) 0x7f4110062e90 con 0x7f40f4039650
2024-04-20T21:23:02.237 INFO:teuthology.orchestra.run.smithi022.stdout:/usr/bin/ceph: stderr
2024-04-20T21:23:01.618+0000 7f410fe00700 1 -- 172.21.15.22:0/2680955217 >> [v2:172.21.15.22:6800/2098569388,v1:172.21.15.22:6801/2098569388] conn(0x7f40f4039650 msgr2=0x7f40f403bb10 secure :-1 s=STATE_CONNECTION_ESTABLISHED l=1).mark_down
2024-04-20T21:23:02.237 INFO:teuthology.orchestra.run.smithi022.stdout:/usr/bin/ceph: stderr
2024-04-20T21:23:01.618+0000 7f410fe00700 1 --2- 172.21.15.22:0/2680955217 >> [v2:172.21.15.22:6800/2098569388,v1:172.21.15.22:6801/2098569388] conn(0x7f40f4039650 0x7f40f403bb10 secure :-1 s=READY pgs=9 cs=0 l=1 rev1=1 crypto rx=0x7f40f8006fd0 tx=0x7f40f8006e40 comp rx=0 tx=0).stop
2024-04-20T21:23:02.237 INFO:teuthology.orchestra.run.smithi022.stdout:/usr/bin/ceph: stderr
2024-04-20T21:23:01.618+0000 7f410fe00700 1 -- 172.21.15.22:0/2680955217 >> [v2:172.21.15.22:3300/0,v1:172.21.15.22:6789/0] conn(0x7f41101072a0 msgr2=0x7f411019e5b0 secure :-1 s=STATE_CONNECTION_ESTABLISHED l=1).mark_down
2024-04-20T21:23:02.237 INFO:teuthology.orchestra.run.smithi022.stdout:/usr/bin/ceph: stderr
2024-04-20T21:23:01.618+0000 7f410fe00700 1 --2- 172.21.15.22:0/2680955217 >> [v2:172.21.15.22:3300/0,v1:172.21.15.22:6789/0] conn(0x7f41101072a0 0x7f411019e5b0 secure :-1 s=READY pgs=42 cs=0 l=1 rev1=1 crypto rx=0x7f410000b340 tx=0x7f410000dd90 comp rx=0 tx=0).stop
2024-04-20T21:23:02.237 INFO:teuthology.orchestra.run.smithi022.stdout:/usr/bin/ceph: stderr
2024-04-20T21:23:01.619+0000 7f410fe00700 1 -- 172.21.15.22:0/2680955217 shutdown_connections
2024-04-20T21:23:02.237 INFO:teuthology.orchestra.run.smithi022.stdout:/usr/bin/ceph: stderr
2024-04-20T21:23:01.619+0000 7f410fe00700 1 --2- 172.21.15.22:0/2680955217 >> [v2:172.21.15.22:6800/2098569388,v1:172.21.15.22:6801/2098569388] conn(0x7f40f4039650 0x7f40f403bb10 unknown :-1 s=CLOSED pgs=9 cs=0 l=1 rev1=1 crypto rx=0 tx=0 comp rx=0 tx=0).stop
2024-04-20T21:23:02.237 INFO:teuthology.orchestra.run.smithi022.stdout:/usr/bin/ceph: stderr
2024-04-20T21:23:01.619+0000 7f410fe00700 1 --2- 172.21.15.22:0/2680955217 >> [v2:172.21.15.22:3300/0,v1:172.21.15.22:6789/0] conn(0x7f41101072a0 0x7f411019e5b0 unknown :-1 s=CLOSED pgs=42 cs=0 l=1 rev1=1 crypto rx=0 tx=0 comp rx=0 tx=0).stop
2024-04-20T21:23:02.237 INFO:teuthology.orchestra.run.smithi022.stdout:/usr/bin/ceph: stderr
2024-04-20T21:23:01.619+0000 7f410fe00700 1 -- 172.21.15.22:0/2680955217 >> 172.21.15.22:0/2680955217 conn(0x7f4110102860 msgr2=0x7f4110194bd0 unknown :-1 s=STATE_NONE l=0).mark_down
2024-04-20T21:23:02.238 INFO:teuthology.orchestra.run.smithi022.stdout:/usr/bin/ceph: stderr
2024-04-20T21:23:01.619+0000 7f410fe00700 1 -- 172.21.15.22:0/2680955217 shutdown_connections
2024-04-20T21:23:02.238 INFO:teuthology.orchestra.run.smithi022.stdout:/usr/bin/ceph: stderr
2024-04-20T21:23:01.619+0000 7f410fe00700 1 -- 172.21.15.22:0/2680955217 wait complete.
2024-04-20T21:23:02.802 INFO:journalctl@ceph.mon.a.smithi022.stdout:Apr 20 21:23:02 smithi022 ceph-mon[16843]: from='mgr.14120 172.21.15.22:0/360531129' entity='mgr.x'
2024-04-20T21:23:02.802 INFO:journalctl@ceph.mon.a.smithi022.stdout:Apr 20 21:23:02 smithi022 ceph-mon[16843]: from='mgr.14120 172.21.15.22:0/360531129' entity='mgr.x'
2024-04-20T21:23:03.739 INFO:journalctl@ceph.mon.a.smithi022.stdout:Apr 20 21:23:03 smithi022 ceph-mon[16843]: from='client.14138 -' entity='client.admin' cmd=[{"prefix": "cephadm get-pub-key", "target": ["mon-mgr", ""]}]: dispatch
2024-04-20T21:23:03.750 INFO:teuthology.orchestra.run.smithi022.stdout:/usr/bin/ceph: stdout ssh-rsa AAAAB3NzaC1yc2EAAAADAQABAAABgQCaAupTRE6xrMJ3Otr93e+WWUdSnuEhyzIx+TgCyj76BlkQyrXocGHEmuWElvD4l6YCSGPRQfd70Bejz3Z9ZgdptXZ/75ayPsOdg5g88L1w83p+d0pmPBX6GD2oW+6GjMQ+Dr0bClxQAXwIvuz87T+QxC0aUcO7jRRK3nkTKbTHN9ru/O/U7CWEPiJ6u2LYlDx/U3EDxbNI3/5rmZQZrN3pQEHFr06G36NqR20AuRspzSVtQbQMpBzfyrg12Vx2QK18zLmDSUpE7cqHtC3P6xzb7o5GJu95XB1KMDgujf2HBrcuSn/WRdUrJ6+Bv7HLKr17ihKScpJLkc+C96mSYmJl8zp1a05dnapCmhGOmVUNgrcaWFKZ9iadhRKIRiJO5ptBmvh73po+mNWjpXLlEDF+Uox9SIqtwb+wwR1oFvIM0cGcJvm6FRt+SqzswyyJQiski299vIhmil8nDTwd9KgUgXJ7FWkTKRZBCIv33rgh7WrOHL8d5Qr0vMOuVqYMSYk= ceph-92c49c5c-ff5b-11ee-bc93-c7b262605968
2024-04-20T21:23:03.751 INFO:teuthology.orchestra.run.smithi022.stdout:/usr/bin/ceph: stderr
2024-04-20T21:23:02.876+0000 7f357fc00700 1 Processor -- start
2024-04-20T21:23:03.751 INFO:teuthology.orchestra.run.smithi022.stdout:/usr/bin/ceph: stderr
2024-04-20T21:23:02.877+0000 7f357fc00700 1 -- start start
2024-04-20T21:23:03.752 INFO:teuthology.orchestra.run.smithi022.stdout:/usr/bin/ceph: stderr
2024-04-20T21:23:02.877+0000 7f357fc00700 1 --2- >> [v2:172.21.15.22:3300/0,v1:172.21.15.22:6789/0] conn(0x7f357807de20 0x7f357807c2d0 unknown :-1 s=NONE pgs=0 cs=0 l=0 rev1=0 crypto rx=0 tx=0 comp rx=0 tx=0).connect
2024-04-20T21:23:03.752 INFO:teuthology.orchestra.run.smithi022.stdout:/usr/bin/ceph: stderr
2024-04-20T21:23:02.877+0000 7f357fc00700 1 -- --> [v2:172.21.15.22:3300/0,v1:172.21.15.22:6789/0] -- mon_getmap magic: 0 -- 0x7f357807c810 con 0x7f357807de20
2024-04-20T21:23:03.752 INFO:teuthology.orchestra.run.smithi022.stdout:/usr/bin/ceph: stderr
2024-04-20T21:23:02.878+0000 7f357d200700 1 --2- >> [v2:172.21.15.22:3300/0,v1:172.21.15.22:6789/0] conn(0x7f357807de20 0x7f357807c2d0 unknown :-1 s=BANNER_CONNECTING pgs=0 cs=0 l=0 rev1=0 crypto rx=0 tx=0 comp rx=0 tx=0)._handle_peer_banner_payload supported=3 required=0
2024-04-20T21:23:03.752 INFO:teuthology.orchestra.run.smithi022.stdout:/usr/bin/ceph: stderr
2024-04-20T21:23:02.878+0000 7f357d200700 1 --2- >> [v2:172.21.15.22:3300/0,v1:172.21.15.22:6789/0] conn(0x7f357807de20 0x7f357807c2d0 unknown :-1 s=HELLO_CONNECTING pgs=0 cs=0 l=0 rev1=1 crypto rx=0 tx=0 comp rx=0 tx=0).handle_hello peer v2:172.21.15.22:3300/0 says I am v2:172.21.15.22:55616/0 (socket says 172.21.15.22:55616)
2024-04-20T21:23:03.753 INFO:teuthology.orchestra.run.smithi022.stdout:/usr/bin/ceph: stderr
2024-04-20T21:23:02.878+0000 7f357d200700 1 -- 172.21.15.22:0/1210415169 learned_addr learned my addr 172.21.15.22:0/1210415169 (peer_addr_for_me v2:172.21.15.22:0/0)
2024-04-20T21:23:03.753 INFO:teuthology.orchestra.run.smithi022.stdout:/usr/bin/ceph: stderr
2024-04-20T21:23:02.878+0000 7f357d200700 1 -- 172.21.15.22:0/1210415169 --> [v2:172.21.15.22:3300/0,v1:172.21.15.22:6789/0] -- mon_subscribe({config=0+,monmap=0+}) -- 0x7f357807c990 con 0x7f357807de20
2024-04-20T21:23:03.753 INFO:teuthology.orchestra.run.smithi022.stdout:/usr/bin/ceph: stderr
2024-04-20T21:23:02.878+0000 7f357d200700 1 --2- 172.21.15.22:0/1210415169 >> [v2:172.21.15.22:3300/0,v1:172.21.15.22:6789/0] conn(0x7f357807de20 0x7f357807c2d0 secure :-1 s=READY pgs=43 cs=0 l=1 rev1=1 crypto rx=0x7f356c0098a0 tx=0x7f356c009bb0 comp rx=0 tx=0).ready entity=mon.0 client_cookie=15231c9b93ca2ec8 server_cookie=0 in_seq=0 out_seq=0
2024-04-20T21:23:03.754 INFO:teuthology.orchestra.run.smithi022.stdout:/usr/bin/ceph: stderr
2024-04-20T21:23:02.879+0000 7f3577400700 1 -- 172.21.15.22:0/1210415169 <== mon.0 v2:172.21.15.22:3300/0 1 ==== mon_map magic: 0 ==== 205+0+0 (secure 0 0 0) 0x7f356c004160 con 0x7f357807de20
2024-04-20T21:23:03.754 INFO:teuthology.orchestra.run.smithi022.stdout:/usr/bin/ceph: stderr
2024-04-20T21:23:02.879+0000 7f3577400700 1 -- 172.21.15.22:0/1210415169 <== mon.0 v2:172.21.15.22:3300/0 2 ==== config(27 keys) ==== 1109+0+0 (secure 0 0 0) 0x7f356c004300 con 0x7f357807de20
2024-04-20T21:23:03.754 INFO:teuthology.orchestra.run.smithi022.stdout:/usr/bin/ceph: stderr
2024-04-20T21:23:02.879+0000 7f3577400700 1 -- 172.21.15.22:0/1210415169 <== mon.0 v2:172.21.15.22:3300/0 3 ==== mon_map magic: 0 ==== 205+0+0 (secure 0 0 0) 0x7f356c011b50 con 0x7f357807de20
2024-04-20T21:23:03.754 INFO:teuthology.orchestra.run.smithi022.stdout:/usr/bin/ceph: stderr
2024-04-20T21:23:02.879+0000 7f357fc00700 1 -- 172.21.15.22:0/1210415169 >> [v2:172.21.15.22:3300/0,v1:172.21.15.22:6789/0] conn(0x7f357807de20 msgr2=0x7f357807c2d0 secure :-1 s=STATE_CONNECTION_ESTABLISHED l=1).mark_down
2024-04-20T21:23:03.754 INFO:teuthology.orchestra.run.smithi022.stdout:/usr/bin/ceph: stderr
2024-04-20T21:23:02.879+0000 7f357fc00700 1 --2- 172.21.15.22:0/1210415169 >> [v2:172.21.15.22:3300/0,v1:172.21.15.22:6789/0] conn(0x7f357807de20 0x7f357807c2d0 secure :-1 s=READY pgs=43 cs=0 l=1 rev1=1 crypto rx=0x7f356c0098a0 tx=0x7f356c009bb0 comp rx=0 tx=0).stop
2024-04-20T21:23:03.755 INFO:teuthology.orchestra.run.smithi022.stdout:/usr/bin/ceph: stderr
2024-04-20T21:23:02.880+0000 7f357fc00700 1 -- 172.21.15.22:0/1210415169 shutdown_connections
2024-04-20T21:23:03.755 INFO:teuthology.orchestra.run.smithi022.stdout:/usr/bin/ceph: stderr
2024-04-20T21:23:02.880+0000 7f357fc00700 1 --2- 172.21.15.22:0/1210415169 >> [v2:172.21.15.22:3300/0,v1:172.21.15.22:6789/0] conn(0x7f357807de20 0x7f357807c2d0 unknown :-1 s=CLOSED pgs=43 cs=0 l=1 rev1=1 crypto rx=0 tx=0 comp rx=0 tx=0).stop
2024-04-20T21:23:03.755 INFO:teuthology.orchestra.run.smithi022.stdout:/usr/bin/ceph: stderr
2024-04-20T21:23:02.880+0000 7f357fc00700 1 -- 172.21.15.22:0/1210415169 >> 172.21.15.22:0/1210415169 conn(0x7f3578103b80 msgr2=0x7f3578105fa0 unknown :-1 s=STATE_NONE l=0).mark_down
2024-04-20T21:23:03.755 INFO:teuthology.orchestra.run.smithi022.stdout:/usr/bin/ceph: stderr
2024-04-20T21:23:02.880+0000 7f357fc00700 1 -- 172.21.15.22:0/1210415169 shutdown_connections
2024-04-20T21:23:03.756 INFO:teuthology.orchestra.run.smithi022.stdout:/usr/bin/ceph: stderr
2024-04-20T21:23:02.880+0000 7f357fc00700 1 -- 172.21.15.22:0/1210415169 wait complete.
2024-04-20T21:23:03.756 INFO:teuthology.orchestra.run.smithi022.stdout:/usr/bin/ceph: stderr
2024-04-20T21:23:02.882+0000 7f357fc00700 1 Processor -- start
2024-04-20T21:23:03.756 INFO:teuthology.orchestra.run.smithi022.stdout:/usr/bin/ceph: stderr
2024-04-20T21:23:02.882+0000 7f357fc00700 1 -- start start
