2024-04-20T21:23:14.201+0000 7f1341e00700 1 --2- >> [v2:172.21.15.22:3300/0,v1:172.21.15.22:6789/0] conn(0x7f133c10ff70 0x7f133c1a29e0 unknown :-1 s=HELLO_CONNECTING pgs=0 cs=0 l=1 rev1=1 crypto rx=0 tx=0 comp rx=0 tx=0).handle_hello peer v2:172.21.15.22:3300/0 says I am v2:172.21.15.22:40852/0 (socket says 172.21.15.22:40852)
2024-04-20T21:23:15.161 INFO:teuthology.orchestra.run.smithi022.stdout:/usr/bin/ceph: stderr
2024-04-20T21:23:14.201+0000 7f1341e00700 1 -- 172.21.15.22:0/2181624596 learned_addr learned my addr 172.21.15.22:0/2181624596 (peer_addr_for_me v2:172.21.15.22:0/0)
2024-04-20T21:23:15.161 INFO:teuthology.orchestra.run.smithi022.stdout:/usr/bin/ceph: stderr
2024-04-20T21:23:14.201+0000 7f1341e00700 1 -- 172.21.15.22:0/2181624596 --> [v2:172.21.15.22:3300/0,v1:172.21.15.22:6789/0] -- mon_subscribe({config=0+,monmap=0+}) -- 0x7f133c1a2f20 con 0x7f133c10ff70
2024-04-20T21:23:15.161 INFO:teuthology.orchestra.run.smithi022.stdout:/usr/bin/ceph: stderr
2024-04-20T21:23:14.201+0000 7f1341e00700 1 --2- 172.21.15.22:0/2181624596 >> [v2:172.21.15.22:3300/0,v1:172.21.15.22:6789/0] conn(0x7f133c10ff70 0x7f133c1a29e0 secure :-1 s=READY pgs=50 cs=0 l=1 rev1=1 crypto rx=0x7f1330011850 tx=0x7f1330011c10 comp rx=0 tx=0).ready entity=mon.0 client_cookie=0 server_cookie=0 in_seq=0 out_seq=0
2024-04-20T21:23:15.161 INFO:teuthology.orchestra.run.smithi022.stdout:/usr/bin/ceph: stderr
2024-04-20T21:23:14.201+0000 7f1336a00700 1 -- 172.21.15.22:0/2181624596 <== mon.0 v2:172.21.15.22:3300/0 1 ==== mon_map magic: 0 ==== 205+0+0 (secure 0 0 0) 0x7f1330003af0 con 0x7f133c10ff70
2024-04-20T21:23:15.162 INFO:teuthology.orchestra.run.smithi022.stdout:/usr/bin/ceph: stderr
2024-04-20T21:23:14.202+0000 7f1336a00700 1 -- 172.21.15.22:0/2181624596 <== mon.0 v2:172.21.15.22:3300/0 2 ==== config(27 keys) ==== 1109+0+0 (secure 0 0 0) 0x7f1330020070 con 0x7f133c10ff70
2024-04-20T21:23:15.162 INFO:teuthology.orchestra.run.smithi022.stdout:/usr/bin/ceph: stderr
2024-04-20T21:23:14.202+0000 7f1336a00700 1 -- 172.21.15.22:0/2181624596 <== mon.0 v2:172.21.15.22:3300/0 3 ==== mon_map magic: 0 ==== 205+0+0 (secure 0 0 0) 0x7f13300195a0 con 0x7f133c10ff70
2024-04-20T21:23:15.162 INFO:teuthology.orchestra.run.smithi022.stdout:/usr/bin/ceph: stderr
2024-04-20T21:23:14.202+0000 7f1343200700 1 -- 172.21.15.22:0/2181624596 --> [v2:172.21.15.22:3300/0,v1:172.21.15.22:6789/0] -- mon_subscribe({mgrmap=0+}) -- 0x7f133c1a31b0 con 0x7f133c10ff70
2024-04-20T21:23:15.162 INFO:teuthology.orchestra.run.smithi022.stdout:/usr/bin/ceph: stderr
2024-04-20T21:23:14.202+0000 7f1343200700 1 -- 172.21.15.22:0/2181624596 --> [v2:172.21.15.22:3300/0,v1:172.21.15.22:6789/0] -- mon_subscribe({osdmap=0}) -- 0x7f133c1a5ea0 con 0x7f133c10ff70
2024-04-20T21:23:15.162 INFO:teuthology.orchestra.run.smithi022.stdout:/usr/bin/ceph: stderr
2024-04-20T21:23:14.203+0000 7f1343200700 1 -- 172.21.15.22:0/2181624596 --> [v2:172.21.15.22:3300/0,v1:172.21.15.22:6789/0] -- mon_command({"prefix": "get_command_descriptions"} v 0) -- 0x7f133c0640b0 con 0x7f133c10ff70
2024-04-20T21:23:15.162 INFO:teuthology.orchestra.run.smithi022.stdout:/usr/bin/ceph: stderr
2024-04-20T21:23:14.203+0000 7f1336a00700 1 -- 172.21.15.22:0/2181624596 <== mon.0 v2:172.21.15.22:3300/0 4 ==== mgrmap(e 8) ==== 46558+0+0 (secure 0 0 0) 0x7f1330019850 con 0x7f133c10ff70
2024-04-20T21:23:15.162 INFO:teuthology.orchestra.run.smithi022.stdout:/usr/bin/ceph: stderr
2024-04-20T21:23:14.204+0000 7f1336a00700 1 --2- 172.21.15.22:0/2181624596 >> [v2:172.21.15.22:6800/2098569388,v1:172.21.15.22:6801/2098569388] conn(0x7f1324039600 0x7f132403bac0 unknown :-1 s=NONE pgs=0 cs=0 l=1 rev1=0 crypto rx=0 tx=0 comp rx=0 tx=0).connect
2024-04-20T21:23:15.162 INFO:teuthology.orchestra.run.smithi022.stdout:/usr/bin/ceph: stderr
2024-04-20T21:23:14.204+0000 7f1336a00700 1 -- 172.21.15.22:0/2181624596 <== mon.0 v2:172.21.15.22:3300/0 5 ==== osd_map(2..2 src has 1..2) ==== 940+0+0 (secure 0 0 0) 0x7f1330011e00 con 0x7f133c10ff70
2024-04-20T21:23:15.162 INFO:teuthology.orchestra.run.smithi022.stdout:/usr/bin/ceph: stderr
2024-04-20T21:23:14.204+0000 7f1341400700 1 --2- 172.21.15.22:0/2181624596 >> [v2:172.21.15.22:6800/2098569388,v1:172.21.15.22:6801/2098569388] conn(0x7f1324039600 0x7f132403bac0 unknown :-1 s=BANNER_CONNECTING pgs=0 cs=0 l=1 rev1=0 crypto rx=0 tx=0 comp rx=0 tx=0)._handle_peer_banner_payload supported=3 required=0
2024-04-20T21:23:15.162 INFO:teuthology.orchestra.run.smithi022.stdout:/usr/bin/ceph: stderr
2024-04-20T21:23:14.205+0000 7f1341400700 1 --2- 172.21.15.22:0/2181624596 >> [v2:172.21.15.22:6800/2098569388,v1:172.21.15.22:6801/2098569388] conn(0x7f1324039600 0x7f132403bac0 secure :-1 s=READY pgs=13 cs=0 l=1 rev1=1 crypto rx=0x7f132c006fd0 tx=0x7f132c006e40 comp rx=0 tx=0).ready entity=mgr.14120 client_cookie=0 server_cookie=0 in_seq=0 out_seq=0
2024-04-20T21:23:15.162 INFO:teuthology.orchestra.run.smithi022.stdout:/usr/bin/ceph: stderr
2024-04-20T21:23:14.209+0000 7f1336a00700 1 -- 172.21.15.22:0/2181624596 <== mon.0 v2:172.21.15.22:3300/0 6 ==== mon_command_ack([{"prefix": "get_command_descriptions"}]=0 v0) ==== 72+0+188381 (secure 0 0 0) 0x7f133000e260 con 0x7f133c10ff70
2024-04-20T21:23:15.162 INFO:teuthology.orchestra.run.smithi022.stdout:/usr/bin/ceph: stderr
2024-04-20T21:23:14.459+0000 7f1343200700 1 -- 172.21.15.22:0/2181624596 --> [v2:172.21.15.22:6800/2098569388,v1:172.21.15.22:6801/2098569388] -- mgr_command(tid 0: {"prefix": "orch apply", "service_type": "mgr", "unmanaged": true, "target": ["mon-mgr", ""]}) -- 0x7f133c07fe80 con 0x7f1324039600
2024-04-20T21:23:15.162 INFO:teuthology.orchestra.run.smithi022.stdout:/usr/bin/ceph: stderr
2024-04-20T21:23:14.469+0000 7f1336a00700 1 -- 172.21.15.22:0/2181624596 <== mgr.14120 v2:172.21.15.22:6800/2098569388 1 ==== mgr_command_reply(tid 0: 0 ) ==== 8+0+24 (secure 0 0 0) 0x7f133c07fe80 con 0x7f1324039600
2024-04-20T21:23:15.162 INFO:teuthology.orchestra.run.smithi022.stdout:/usr/bin/ceph: stderr
2024-04-20T21:23:14.472+0000 7f1343200700 1 -- 172.21.15.22:0/2181624596 >> [v2:172.21.15.22:6800/2098569388,v1:172.21.15.22:6801/2098569388] conn(0x7f1324039600 msgr2=0x7f132403bac0 secure :-1 s=STATE_CONNECTION_ESTABLISHED l=1).mark_down
2024-04-20T21:23:15.163 INFO:teuthology.orchestra.run.smithi022.stdout:/usr/bin/ceph: stderr
2024-04-20T21:23:14.472+0000 7f1343200700 1 --2- 172.21.15.22:0/2181624596 >> [v2:172.21.15.22:6800/2098569388,v1:172.21.15.22:6801/2098569388] conn(0x7f1324039600 0x7f132403bac0 secure :-1 s=READY pgs=13 cs=0 l=1 rev1=1 crypto rx=0x7f132c006fd0 tx=0x7f132c006e40 comp rx=0 tx=0).stop
2024-04-20T21:23:15.163 INFO:teuthology.orchestra.run.smithi022.stdout:/usr/bin/ceph: stderr
2024-04-20T21:23:14.472+0000 7f1343200700 1 -- 172.21.15.22:0/2181624596 >> [v2:172.21.15.22:3300/0,v1:172.21.15.22:6789/0] conn(0x7f133c10ff70 msgr2=0x7f133c1a29e0 secure :-1 s=STATE_CONNECTION_ESTABLISHED l=1).mark_down
2024-04-20T21:23:15.163 INFO:teuthology.orchestra.run.smithi022.stdout:/usr/bin/ceph: stderr
2024-04-20T21:23:14.472+0000 7f1343200700 1 --2- 172.21.15.22:0/2181624596 >> [v2:172.21.15.22:3300/0,v1:172.21.15.22:6789/0] conn(0x7f133c10ff70 0x7f133c1a29e0 secure :-1 s=READY pgs=50 cs=0 l=1 rev1=1 crypto rx=0x7f1330011850 tx=0x7f1330011c10 comp rx=0 tx=0).stop
2024-04-20T21:23:15.163 INFO:teuthology.orchestra.run.smithi022.stdout:/usr/bin/ceph: stderr
2024-04-20T21:23:14.472+0000 7f1343200700 1 -- 172.21.15.22:0/2181624596 shutdown_connections
2024-04-20T21:23:15.163 INFO:teuthology.orchestra.run.smithi022.stdout:/usr/bin/ceph: stderr
2024-04-20T21:23:14.472+0000 7f1343200700 1 --2- 172.21.15.22:0/2181624596 >> [v2:172.21.15.22:6800/2098569388,v1:172.21.15.22:6801/2098569388] conn(0x7f1324039600 0x7f132403bac0 unknown :-1 s=CLOSED pgs=13 cs=0 l=1 rev1=1 crypto rx=0 tx=0 comp rx=0 tx=0).stop
2024-04-20T21:23:15.163 INFO:teuthology.orchestra.run.smithi022.stdout:/usr/bin/ceph: stderr
2024-04-20T21:23:14.472+0000 7f1343200700 1 --2- 172.21.15.22:0/2181624596 >> [v2:172.21.15.22:3300/0,v1:172.21.15.22:6789/0] conn(0x7f133c10ff70 0x7f133c1a29e0 unknown :-1 s=CLOSED pgs=50 cs=0 l=1 rev1=1 crypto rx=0 tx=0 comp rx=0 tx=0).stop
2024-04-20T21:23:15.163 INFO:teuthology.orchestra.run.smithi022.stdout:/usr/bin/ceph: stderr
2024-04-20T21:23:14.472+0000 7f1343200700 1 -- 172.21.15.22:0/2181624596 >> 172.21.15.22:0/2181624596 conn(0x7f133c07dbb0 msgr2=0x7f133c07f770 unknown :-1 s=STATE_NONE l=0).mark_down
2024-04-20T21:23:15.163 INFO:teuthology.orchestra.run.smithi022.stdout:/usr/bin/ceph: stderr
2024-04-20T21:23:14.473+0000 7f1343200700 1 -- 172.21.15.22:0/2181624596 shutdown_connections
2024-04-20T21:23:15.163 INFO:teuthology.orchestra.run.smithi022.stdout:/usr/bin/ceph: stderr
2024-04-20T21:23:14.473+0000 7f1343200700 1 -- 172.21.15.22:0/2181624596 wait complete.
2024-04-20T21:23:15.738 INFO:journalctl@ceph.mon.a.smithi022.stdout:Apr 20 21:23:15 smithi022 ceph-mon[16843]: from='client.14144 -' entity='client.admin' cmd=[{"prefix": "orch apply", "service_type": "mgr", "unmanaged": true, "target": ["mon-mgr", ""]}]: dispatch
2024-04-20T21:23:15.738 INFO:journalctl@ceph.mon.a.smithi022.stdout:Apr 20 21:23:15 smithi022 ceph-mon[16843]: Saving service mgr spec with placement count:2
2024-04-20T21:23:15.738 INFO:journalctl@ceph.mon.a.smithi022.stdout:Apr 20 21:23:15 smithi022 ceph-mon[16843]: from='mgr.14120 172.21.15.22:0/360531129' entity='mgr.x'
2024-04-20T21:23:15.738 INFO:journalctl@ceph.mon.a.smithi022.stdout:Apr 20 21:23:15 smithi022 ceph-mon[16843]: from='mgr.14120 172.21.15.22:0/360531129' entity='mgr.x'
2024-04-20T21:23:16.748 INFO:teuthology.orchestra.run.smithi022.stdout:/usr/bin/ceph: stderr
2024-04-20T21:23:15.798+0000 7f67b7c00700 1 Processor -- start
2024-04-20T21:23:16.748 INFO:teuthology.orchestra.run.smithi022.stdout:/usr/bin/ceph: stderr
2024-04-20T21:23:15.798+0000 7f67b7c00700 1 -- start start
2024-04-20T21:23:16.749 INFO:teuthology.orchestra.run.smithi022.stdout:/usr/bin/ceph: stderr
2024-04-20T21:23:15.798+0000 7f67b7c00700 1 --2- >> [v2:172.21.15.22:3300/0,v1:172.21.15.22:6789/0] conn(0x7f67b007de20 0x7f67b007c2d0 unknown :-1 s=NONE pgs=0 cs=0 l=0 rev1=0 crypto rx=0 tx=0 comp rx=0 tx=0).connect
2024-04-20T21:23:16.749 INFO:teuthology.orchestra.run.smithi022.stdout:/usr/bin/ceph: stderr
2024-04-20T21:23:15.798+0000 7f67b7c00700 1 -- --> [v2:172.21.15.22:3300/0,v1:172.21.15.22:6789/0] -- mon_getmap magic: 0 -- 0x7f67b007c810 con 0x7f67b007de20
2024-04-20T21:23:16.749 INFO:teuthology.orchestra.run.smithi022.stdout:/usr/bin/ceph: stderr
2024-04-20T21:23:15.799+0000 7f67b5200700 1 --2- >> [v2:172.21.15.22:3300/0,v1:172.21.15.22:6789/0] conn(0x7f67b007de20 0x7f67b007c2d0 unknown :-1 s=BANNER_CONNECTING pgs=0 cs=0 l=0 rev1=0 crypto rx=0 tx=0 comp rx=0 tx=0)._handle_peer_banner_payload supported=3 required=0
2024-04-20T21:23:16.749 INFO:teuthology.orchestra.run.smithi022.stdout:/usr/bin/ceph: stderr
2024-04-20T21:23:15.799+0000 7f67b5200700 1 --2- >> [v2:172.21.15.22:3300/0,v1:172.21.15.22:6789/0] conn(0x7f67b007de20 0x7f67b007c2d0 unknown :-1 s=HELLO_CONNECTING pgs=0 cs=0 l=0 rev1=1 crypto rx=0 tx=0 comp rx=0 tx=0).handle_hello peer v2:172.21.15.22:3300/0 says I am v2:172.21.15.22:40864/0 (socket says 172.21.15.22:40864)
2024-04-20T21:23:16.749 INFO:teuthology.orchestra.run.smithi022.stdout:/usr/bin/ceph: stderr
2024-04-20T21:23:15.799+0000 7f67b5200700 1 -- 172.21.15.22:0/2945239732 learned_addr learned my addr 172.21.15.22:0/2945239732 (peer_addr_for_me v2:172.21.15.22:0/0)
2024-04-20T21:23:16.749 INFO:teuthology.orchestra.run.smithi022.stdout:/usr/bin/ceph: stderr
2024-04-20T21:23:15.799+0000 7f67b5200700 1 -- 172.21.15.22:0/2945239732 --> [v2:172.21.15.22:3300/0,v1:172.21.15.22:6789/0] -- mon_subscribe({config=0+,monmap=0+}) -- 0x7f67b007c990 con 0x7f67b007de20
2024-04-20T21:23:16.749 INFO:teuthology.orchestra.run.smithi022.stdout:/usr/bin/ceph: stderr
2024-04-20T21:23:15.800+0000 7f67b5200700 1 --2- 172.21.15.22:0/2945239732 >> [v2:172.21.15.22:3300/0,v1:172.21.15.22:6789/0] conn(0x7f67b007de20 0x7f67b007c2d0 secure :-1 s=READY pgs=51 cs=0 l=1 rev1=1 crypto rx=0x7f67a40098a0 tx=0x7f67a4009bb0 comp rx=0 tx=0).ready entity=mon.0 client_cookie=7eb312c4c2600627 server_cookie=0 in_seq=0 out_seq=0
2024-04-20T21:23:16.749 INFO:teuthology.orchestra.run.smithi022.stdout:/usr/bin/ceph: stderr
2024-04-20T21:23:15.800+0000 7f67af400700 1 -- 172.21.15.22:0/2945239732 <== mon.0 v2:172.21.15.22:3300/0 1 ==== mon_map magic: 0 ==== 205+0+0 (secure 0 0 0) 0x7f67a4004160 con 0x7f67b007de20
2024-04-20T21:23:16.749 INFO:teuthology.orchestra.run.smithi022.stdout:/usr/bin/ceph: stderr
2024-04-20T21:23:15.800+0000 7f67af400700 1 -- 172.21.15.22:0/2945239732 <== mon.0 v2:172.21.15.22:3300/0 2 ==== config(27 keys) ==== 1140+0+0 (secure 0 0 0) 0x7f67a4004300 con 0x7f67b007de20
2024-04-20T21:23:16.749 INFO:teuthology.orchestra.run.smithi022.stdout:/usr/bin/ceph: stderr
2024-04-20T21:23:15.800+0000 7f67af400700 1 -- 172.21.15.22:0/2945239732 <== mon.0 v2:172.21.15.22:3300/0 3 ==== mon_map magic: 0 ==== 205+0+0 (secure 0 0 0) 0x7f67a4011b20 con 0x7f67b007de20
2024-04-20T21:23:16.749 INFO:teuthology.orchestra.run.smithi022.stdout:/usr/bin/ceph: stderr
2024-04-20T21:23:15.801+0000 7f67b7c00700 1 -- 172.21.15.22:0/2945239732 >> [v2:172.21.15.22:3300/0,v1:172.21.15.22:6789/0] conn(0x7f67b007de20 msgr2=0x7f67b007c2d0 secure :-1 s=STATE_CONNECTION_ESTABLISHED l=1).mark_down
2024-04-20T21:23:16.749 INFO:teuthology.orchestra.run.smithi022.stdout:/usr/bin/ceph: stderr
2024-04-20T21:23:15.801+0000 7f67b7c00700 1 --2- 172.21.15.22:0/2945239732 >> [v2:172.21.15.22:3300/0,v1:172.21.15.22:6789/0] conn(0x7f67b007de20 0x7f67b007c2d0 secure :-1 s=READY pgs=51 cs=0 l=1 rev1=1 crypto rx=0x7f67a40098a0 tx=0x7f67a4009bb0 comp rx=0 tx=0).stop
2024-04-20T21:23:16.749 INFO:teuthology.orchestra.run.smithi022.stdout:/usr/bin/ceph: stderr
2024-04-20T21:23:15.801+0000 7f67b7c00700 1 -- 172.21.15.22:0/2945239732 shutdown_connections
2024-04-20T21:23:16.750 INFO:teuthology.orchestra.run.smithi022.stdout:/usr/bin/ceph: stderr
2024-04-20T21:23:15.801+0000 7f67b7c00700 1 --2- 172.21.15.22:0/2945239732 >> [v2:172.21.15.22:3300/0,v1:172.21.15.22:6789/0] conn(0x7f67b007de20 0x7f67b007c2d0 unknown :-1 s=CLOSED pgs=51 cs=0 l=1 rev1=1 crypto rx=0 tx=0 comp rx=0 tx=0).stop
2024-04-20T21:23:16.750 INFO:teuthology.orchestra.run.smithi022.stdout:/usr/bin/ceph: stderr
2024-04-20T21:23:15.801+0000 7f67b7c00700 1 -- 172.21.15.22:0/2945239732 >> 172.21.15.22:0/2945239732 conn(0x7f67b0103b80 msgr2=0x7f67b0105fa0 unknown :-1 s=STATE_NONE l=0).mark_down
2024-04-20T21:23:16.750 INFO:teuthology.orchestra.run.smithi022.stdout:/usr/bin/ceph: stderr
2024-04-20T21:23:15.801+0000 7f67b7c00700 1 -- 172.21.15.22:0/2945239732 shutdown_connections
2024-04-20T21:23:16.750 INFO:teuthology.orchestra.run.smithi022.stdout:/usr/bin/ceph: stderr
2024-04-20T21:23:15.801+0000 7f67b7c00700 1 -- 172.21.15.22:0/2945239732 wait complete.
2024-04-20T21:23:16.750 INFO:teuthology.orchestra.run.smithi022.stdout:/usr/bin/ceph: stderr
2024-04-20T21:23:15.802+0000 7f67b7c00700 1 Processor -- start
2024-04-20T21:23:16.750 INFO:teuthology.orchestra.run.smithi022.stdout:/usr/bin/ceph: stderr
2024-04-20T21:23:15.802+0000 7f67b7c00700 1 -- start start
2024-04-20T21:23:16.750 INFO:teuthology.orchestra.run.smithi022.stdout:/usr/bin/ceph: stderr
2024-04-20T21:23:15.803+0000 7f67b7c00700 1 --2- >> [v2:172.21.15.22:3300/0,v1:172.21.15.22:6789/0] conn(0x7f67b007de20 0x7f67b019e6e0 unknown :-1 s=NONE pgs=0 cs=0 l=1 rev1=0 crypto rx=0 tx=0 comp rx=0 tx=0).connect
2024-04-20T21:23:16.750 INFO:teuthology.orchestra.run.smithi022.stdout:/usr/bin/ceph: stderr
2024-04-20T21:23:15.803+0000 7f67b7c00700 1 -- --> [v2:172.21.15.22:3300/0,v1:172.21.15.22:6789/0] -- mon_getmap magic: 0 -- 0x7f67b010eb20 con 0x7f67b007de20
2024-04-20T21:23:16.750 INFO:teuthology.orchestra.run.smithi022.stdout:/usr/bin/ceph: stderr
2024-04-20T21:23:15.803+0000 7f67b5200700 1 --2- >> [v2:172.21.15.22:3300/0,v1:172.21.15.22:6789/0] conn(0x7f67b007de20 0x7f67b019e6e0 unknown :-1 s=BANNER_CONNECTING pgs=0 cs=0 l=1 rev1=0 crypto rx=0 tx=0 comp rx=0 tx=0)._handle_peer_banner_payload supported=3 required=0
2024-04-20T21:23:16.750 INFO:teuthology.orchestra.run.smithi022.stdout:/usr/bin/ceph: stderr
2024-04-20T21:23:15.803+0000 7f67b5200700 1 --2- >> [v2:172.21.15.22:3300/0,v1:172.21.15.22:6789/0] conn(0x7f67b007de20 0x7f67b019e6e0 unknown :-1 s=HELLO_CONNECTING pgs=0 cs=0 l=1 rev1=1 crypto rx=0 tx=0 comp rx=0 tx=0).handle_hello peer v2:172.21.15.22:3300/0 says I am v2:172.21.15.22:40878/0 (socket says 172.21.15.22:40878)
2024-04-20T21:23:16.750 INFO:teuthology.orchestra.run.smithi022.stdout:/usr/bin/ceph: stderr
2024-04-20T21:23:15.803+0000 7f67b5200700 1 -- 172.21.15.22:0/703976871 learned_addr learned my addr 172.21.15.22:0/703976871 (peer_addr_for_me v2:172.21.15.22:0/0)
2024-04-20T21:23:16.750 INFO:teuthology.orchestra.run.smithi022.stdout:/usr/bin/ceph: stderr
2024-04-20T21:23:15.803+0000 7f67b5200700 1 -- 172.21.15.22:0/703976871 --> [v2:172.21.15.22:3300/0,v1:172.21.15.22:6789/0] -- mon_subscribe({config=0+,monmap=0+}) -- 0x7f67b019ec20 con 0x7f67b007de20
2024-04-20T21:23:16.750 INFO:teuthology.orchestra.run.smithi022.stdout:/usr/bin/ceph: stderr
2024-04-20T21:23:15.804+0000 7f67b5200700 1 --2- 172.21.15.22:0/703976871 >> [v2:172.21.15.22:3300/0,v1:172.21.15.22:6789/0] conn(0x7f67b007de20 0x7f67b019e6e0 secure :-1 s=READY pgs=52 cs=0 l=1 rev1=1 crypto rx=0x7f67a40117e0 tx=0x7f67a4011ce0 comp rx=0 tx=0).ready entity=mon.0 client_cookie=0 server_cookie=0 in_seq=0 out_seq=0
2024-04-20T21:23:16.750 INFO:teuthology.orchestra.run.smithi022.stdout:/usr/bin/ceph: stderr
2024-04-20T21:23:15.804+0000 7f67ad600700 1 -- 172.21.15.22:0/703976871 <== mon.0 v2:172.21.15.22:3300/0 1 ==== mon_map magic: 0 ==== 205+0+0 (secure 0 0 0) 0x7f67a401a430 con 0x7f67b007de20
2024-04-20T21:23:16.751 INFO:teuthology.orchestra.run.smithi022.stdout:/usr/bin/ceph: stderr
2024-04-20T21:23:15.804+0000 7f67ad600700 1 -- 172.21.15.22:0/703976871 <== mon.0 v2:172.21.15.22:3300/0 2 ==== config(27 keys) ==== 1140+0+0 (secure 0 0 0) 0x7f67a401aab0 con 0x7f67b007de20
2024-04-20T21:23:16.751 INFO:teuthology.orchestra.run.smithi022.stdout:/usr/bin/ceph: stderr
2024-04-20T21:23:15.804+0000 7f67b7c00700 1 -- 172.21.15.22:0/703976871 --> [v2:172.21.15.22:3300/0,v1:172.21.15.22:6789/0] -- mon_subscribe({mgrmap=0+}) -- 0x7f67b019eeb0 con 0x7f67b007de20
2024-04-20T21:23:16.751 INFO:teuthology.orchestra.run.smithi022.stdout:/usr/bin/ceph: stderr
2024-04-20T21:23:15.804+0000 7f67ad600700 1 -- 172.21.15.22:0/703976871 <== mon.0 v2:172.21.15.22:3300/0 3 ==== mon_map magic: 0 ==== 205+0+0 (secure 0 0 0) 0x7f67a4024a60 con 0x7f67b007de20
2024-04-20T21:23:16.751 INFO:teuthology.orchestra.run.smithi022.stdout:/usr/bin/ceph: stderr
2024-04-20T21:23:15.804+0000 7f67b7c00700 1 -- 172.21.15.22:0/703976871 --> [v2:172.21.15.22:3300/0,v1:172.21.15.22:6789/0] -- mon_subscribe({osdmap=0}) -- 0x7f67b019f310 con 0x7f67b007de20
2024-04-20T21:23:16.751 INFO:teuthology.orchestra.run.smithi022.stdout:/usr/bin/ceph: stderr
2024-04-20T21:23:15.805+0000 7f67ad600700 1 -- 172.21.15.22:0/703976871 <== mon.0 v2:172.21.15.22:3300/0 4 ==== mgrmap(e 8) ==== 46558+0+0 (secure 0 0 0) 0x7f67a4022020 con 0x7f67b007de20
2024-04-20T21:23:16.751 INFO:teuthology.orchestra.run.smithi022.stdout:/usr/bin/ceph: stderr
2024-04-20T21:23:15.805+0000 7f67b7c00700 1 -- 172.21.15.22:0/703976871 --> [v2:172.21.15.22:3300/0,v1:172.21.15.22:6789/0] -- mon_command({"prefix": "get_command_descriptions"} v 0) -- 0x7f67b00640b0 con 0x7f67b007de20
2024-04-20T21:23:16.751 INFO:teuthology.orchestra.run.smithi022.stdout:/usr/bin/ceph: stderr
2024-04-20T21:23:15.806+0000 7f67ad600700 1 --2- 172.21.15.22:0/703976871 >> [v2:172.21.15.22:6800/2098569388,v1:172.21.15.22:6801/2098569388] conn(0x7f6798039600 0x7f679803bac0 unknown :-1 s=NONE pgs=0 cs=0 l=1 rev1=0 crypto rx=0 tx=0 comp rx=0 tx=0).connect
2024-04-20T21:23:16.751 INFO:teuthology.orchestra.run.smithi022.stdout:/usr/bin/ceph: stderr
2024-04-20T21:23:15.806+0000 7f67ad600700 1 -- 172.21.15.22:0/703976871 <== mon.0 v2:172.21.15.22:3300/0 5 ==== osd_map(2..2 src has 1..2) ==== 940+0+0 (secure 0 0 0) 0x7f67a404df00 con 0x7f67b007de20
2024-04-20T21:23:16.751 INFO:teuthology.orchestra.run.smithi022.stdout:/usr/bin/ceph: stderr
2024-04-20T21:23:15.806+0000 7f67afe00700 1 --2- 172.21.15.22:0/703976871 >> [v2:172.21.15.22:6800/2098569388,v1:172.21.15.22:6801/2098569388] conn(0x7f6798039600 0x7f679803bac0 unknown :-1 s=BANNER_CONNECTING pgs=0 cs=0 l=1 rev1=0 crypto rx=0 tx=0 comp rx=0 tx=0)._handle_peer_banner_payload supported=3 required=0
2024-04-20T21:23:16.751 INFO:teuthology.orchestra.run.smithi022.stdout:/usr/bin/ceph: stderr
2024-04-20T21:23:15.807+0000 7f67afe00700 1 --2- 172.21.15.22:0/703976871 >> [v2:172.21.15.22:6800/2098569388,v1:172.21.15.22:6801/2098569388] conn(0x7f6798039600 0x7f679803bac0 secure :-1 s=READY pgs=14 cs=0 l=1 rev1=1 crypto rx=0x7f679c006fd0 tx=0x7f679c006e40 comp rx=0 tx=0).ready entity=mgr.14120 client_cookie=0 server_cookie=0 in_seq=0 out_seq=0
2024-04-20T21:23:16.752 INFO:teuthology.orchestra.run.smithi022.stdout:/usr/bin/ceph: stderr
2024-04-20T21:23:15.811+0000 7f67ad600700 1 -- 172.21.15.22:0/703976871 <== mon.0 v2:172.21.15.22:3300/0 6 ==== mon_command_ack([{"prefix": "get_command_descriptions"}]=0 v0) ==== 72+0+188381 (secure 0 0 0) 0x7f67a404d850 con 0x7f67b007de20
2024-04-20T21:23:16.752 INFO:teuthology.orchestra.run.smithi022.stdout:/usr/bin/ceph: stderr
2024-04-20T21:23:16.043+0000 7f67b7c00700 1 -- 172.21.15.22:0/703976871 --> [v2:172.21.15.22:3300/0,v1:172.21.15.22:6789/0] -- mon_command([{prefix=config set, name=mgr/cephadm/container_init}] v 0) -- 0x7f67b01a1ba0 con 0x7f67b007de20
2024-04-20T21:23:16.752 INFO:teuthology.orchestra.run.smithi022.stdout:/usr/bin/ceph: stderr
2024-04-20T21:23:16.048+0000 7f67ad600700 1 -- 172.21.15.22:0/703976871 <== mon.0 v2:172.21.15.22:3300/0 7 ==== mon_command_ack([{prefix=config set, name=mgr/cephadm/container_init}]=0 v7)=0 v7) ==== 142+0+0 (secure 0 0 0) 0x7f67a402ad60 con 0x7f67b007de20
2024-04-20T21:23:16.752 INFO:teuthology.orchestra.run.smithi022.stdout:/usr/bin/ceph: stderr
2024-04-20T21:23:16.052+0000 7f67b7c00700 1 -- 172.21.15.22:0/703976871 >> [v2:172.21.15.22:6800/2098569388,v1:172.21.15.22:6801/2098569388] conn(0x7f6798039600 msgr2=0x7f679803bac0 secure :-1 s=STATE_CONNECTION_ESTABLISHED l=1).mark_down
2024-04-20T21:23:16.752 INFO:teuthology.orchestra.run.smithi022.stdout:/usr/bin/ceph: stderr
2024-04-20T21:23:16.052+0000 7f67b7c00700 1 --2- 172.21.15.22:0/703976871 >> [v2:172.21.15.22:6800/2098569388,v1:172.21.15.22:6801/2098569388] conn(0x7f6798039600 0x7f679803bac0 secure :-1 s=READY pgs=14 cs=0 l=1 rev1=1 crypto rx=0x7f679c006fd0 tx=0x7f679c006e40 comp rx=0 tx=0).stop
2024-04-20T21:23:16.752 INFO:teuthology.orchestra.run.smithi022.stdout:/usr/bin/ceph: stderr
2024-04-20T21:23:16.052+0000 7f67b7c00700 1 -- 172.21.15.22:0/703976871 >> [v2:172.21.15.22:3300/0,v1:172.21.15.22:6789/0] conn(0x7f67b007de20 msgr2=0x7f67b019e6e0 secure :-1 s=STATE_CONNECTION_ESTABLISHED l=1).mark_down
2024-04-20T21:23:16.752 INFO:teuthology.orchestra.run.smithi022.stdout:/usr/bin/ceph: stderr
2024-04-20T21:23:16.052+0000 7f67b7c00700 1 --2- 172.21.15.22:0/703976871 >> [v2:172.21.15.22:3300/0,v1:172.21.15.22:6789/0] conn(0x7f67b007de20 0x7f67b019e6e0 secure :-1 s=READY pgs=52 cs=0 l=1 rev1=1 crypto rx=0x7f67a40117e0 tx=0x7f67a4011ce0 comp rx=0 tx=0).stop
2024-04-20T21:23:16.752 INFO:teuthology.orchestra.run.smithi022.stdout:/usr/bin/ceph: stderr
2024-04-20T21:23:16.052+0000 7f67b7c00700 1 -- 172.21.15.22:0/703976871 shutdown_connections
2024-04-20T21:23:16.752 INFO:teuthology.orchestra.run.smithi022.stdout:/usr/bin/ceph: stderr
2024-04-20T21:23:16.052+0000 7f67b7c00700 1 --2- 172.21.15.22:0/703976871 >> [v2:172.21.15.22:6800/2098569388,v1:172.21.15.22:6801/2098569388] conn(0x7f6798039600 0x7f679803bac0 unknown :-1 s=CLOSED pgs=14 cs=0 l=1 rev1=1 crypto rx=0 tx=0 comp rx=0 tx=0).stop
2024-04-20T21:23:16.752 INFO:teuthology.orchestra.run.smithi022.stdout:/usr/bin/ceph: stderr
2024-04-20T21:23:16.052+0000 7f67b7c00700 1 --2- 172.21.15.22:0/703976871 >> [v2:172.21.15.22:3300/0,v1:172.21.15.22:6789/0] conn(0x7f67b007de20 0x7f67b019e6e0 unknown :-1 s=CLOSED pgs=52 cs=0 l=1 rev1=1 crypto rx=0 tx=0 comp rx=0 tx=0).stop
2024-04-20T21:23:16.752 INFO:teuthology.orchestra.run.smithi022.stdout:/usr/bin/ceph: stderr
2024-04-20T21:23:16.052+0000 7f67b7c00700 1 -- 172.21.15.22:0/703976871 >> 172.21.15.22:0/703976871 conn(0x7f67b0103b80 msgr2=0x7f67b0104670 unknown :-1 s=STATE_NONE l=0).mark_down
2024-04-20T21:23:16.752 INFO:teuthology.orchestra.run.smithi022.stdout:/usr/bin/ceph: stderr
2024-04-20T21:23:16.052+0000 7f67b7c00700 1 -- 172.21.15.22:0/703976871 shutdown_connections
2024-04-20T21:23:16.752 INFO:teuthology.orchestra.run.smithi022.stdout:/usr/bin/ceph: stderr
2024-04-20T21:23:16.052+0000 7f67b7c00700 1 -- 172.21.15.22:0/703976871 wait complete.
2024-04-20T21:23:17.060 INFO:journalctl@ceph.mon.a.smithi022.stdout:Apr 20 21:23:16 smithi022 ceph-mon[16843]: pgmap v3: 0 pgs: ; 0 B data, 0 B used, 0 B / 0 B avail
2024-04-20T21:23:17.060 INFO:journalctl@ceph.mon.a.smithi022.stdout:Apr 20 21:23:16 smithi022 ceph-mon[16843]: from='mgr.14120 172.21.15.22:0/360531129' entity='mgr.x'
2024-04-20T21:23:17.060 INFO:journalctl@ceph.mon.a.smithi022.stdout:Apr 20 21:23:16 smithi022 ceph-mon[16843]: from='client.? 172.21.15.22:0/703976871' entity='client.admin'
2024-04-20T21:23:18.494 INFO:teuthology.orchestra.run.smithi022.stdout:/usr/bin/ceph: stderr
2024-04-20T21:23:17.375+0000 7f3a6fc00700 1 Processor -- start
2024-04-20T21:23:18.494 INFO:teuthology.orchestra.run.smithi022.stdout:/usr/bin/ceph: stderr
2024-04-20T21:23:17.376+0000 7f3a6fc00700 1 -- start start
2024-04-20T21:23:18.495 INFO:teuthology.orchestra.run.smithi022.stdout:/usr/bin/ceph: stderr
2024-04-20T21:23:17.376+0000 7f3a6fc00700 1 --2- >> [v2:172.21.15.22:3300/0,v1:172.21.15.22:6789/0] conn(0x7f3a6807de80 0x7f3a6807c330 unknown :-1 s=NONE pgs=0 cs=0 l=0 rev1=0 crypto rx=0 tx=0 comp rx=0 tx=0).connect
2024-04-20T21:23:18.495 INFO:teuthology.orchestra.run.smithi022.stdout:/usr/bin/ceph: stderr
2024-04-20T21:23:17.377+0000 7f3a6fc00700 1 -- --> [v2:172.21.15.22:3300/0,v1:172.21.15.22:6789/0] -- mon_getmap magic: 0 -- 0x7f3a6807c900 con 0x7f3a6807de80
2024-04-20T21:23:18.495 INFO:teuthology.orchestra.run.smithi022.stdout:/usr/bin/ceph: stderr
2024-04-20T21:23:17.377+0000 7f3a6d200700 1 --2- >> [v2:172.21.15.22:3300/0,v1:172.21.15.22:6789/0] conn(0x7f3a6807de80 0x7f3a6807c330 unknown :-1 s=BANNER_CONNECTING pgs=0 cs=0 l=0 rev1=0 crypto rx=0 tx=0 comp rx=0 tx=0)._handle_peer_banner_payload supported=3 required=0
2024-04-20T21:23:18.495 INFO:teuthology.orchestra.run.smithi022.stdout:/usr/bin/ceph: stderr
2024-04-20T21:23:17.377+0000 7f3a6d200700 1 --2- >> [v2:172.21.15.22:3300/0,v1:172.21.15.22:6789/0] conn(0x7f3a6807de80 0x7f3a6807c330 unknown :-1 s=HELLO_CONNECTING pgs=0 cs=0 l=0 rev1=1 crypto rx=0 tx=0 comp rx=0 tx=0).handle_hello peer v2:172.21.15.22:3300/0 says I am v2:172.21.15.22:40894/0 (socket says 172.21.15.22:40894)
2024-04-20T21:23:18.496 INFO:teuthology.orchestra.run.smithi022.stdout:/usr/bin/ceph: stderr
2024-04-20T21:23:17.377+0000 7f3a6d200700 1 -- 172.21.15.22:0/1916319564 learned_addr learned my addr 172.21.15.22:0/1916319564 (peer_addr_for_me v2:172.21.15.22:0/0)
2024-04-20T21:23:18.496 INFO:teuthology.orchestra.run.smithi022.stdout:/usr/bin/ceph: stderr
2024-04-20T21:23:17.378+0000 7f3a6d200700 1 -- 172.21.15.22:0/1916319564 --> [v2:172.21.15.22:3300/0,v1:172.21.15.22:6789/0] -- mon_subscribe({config=0+,monmap=0+}) -- 0x7f3a6807ca80 con 0x7f3a6807de80
2024-04-20T21:23:18.496 INFO:teuthology.orchestra.run.smithi022.stdout:/usr/bin/ceph: stderr
2024-04-20T21:23:17.378+0000 7f3a6d200700 1 --2- 172.21.15.22:0/1916319564 >> [v2:172.21.15.22:3300/0,v1:172.21.15.22:6789/0] conn(0x7f3a6807de80 0x7f3a6807c330 secure :-1 s=READY pgs=53 cs=0 l=1 rev1=1 crypto rx=0x7f3a5c0098a0 tx=0x7f3a5c009bb0 comp rx=0 tx=0).ready entity=mon.0 client_cookie=c0d379c774755ecd server_cookie=0 in_seq=0 out_seq=0
2024-04-20T21:23:18.496 INFO:teuthology.orchestra.run.smithi022.stdout:/usr/bin/ceph: stderr
2024-04-20T21:23:17.378+0000 7f3a67400700 1 -- 172.21.15.22:0/1916319564 <== mon.0 v2:172.21.15.22:3300/0 1 ==== mon_map magic: 0 ==== 205+0+0 (secure 0 0 0) 0x7f3a5c004160 con 0x7f3a6807de80
2024-04-20T21:23:18.496 INFO:teuthology.orchestra.run.smithi022.stdout:/usr/bin/ceph: stderr
2024-04-20T21:23:17.378+0000 7f3a67400700 1 -- 172.21.15.22:0/1916319564 <== mon.0 v2:172.21.15.22:3300/0 2 ==== config(27 keys) ==== 1140+0+0 (secure 0 0 0) 0x7f3a5c004300 con 0x7f3a6807de80
2024-04-20T21:23:18.496 INFO:teuthology.orchestra.run.smithi022.stdout:/usr/bin/ceph: stderr
2024-04-20T21:23:17.378+0000 7f3a67400700 1 -- 172.21.15.22:0/1916319564 <== mon.0 v2:172.21.15.22:3300/0 3 ==== mon_map magic: 0 ==== 205+0+0 (secure 0 0 0) 0x7f3a5c011b20 con 0x7f3a6807de80
2024-04-20T21:23:18.497 INFO:teuthology.orchestra.run.smithi022.stdout:/usr/bin/ceph: stderr
2024-04-20T21:23:17.379+0000 7f3a6fc00700 1 -- 172.21.15.22:0/1916319564 >> [v2:172.21.15.22:3300/0,v1:172.21.15.22:6789/0] conn(0x7f3a6807de80 msgr2=0x7f3a6807c330 secure :-1 s=STATE_CONNECTION_ESTABLISHED l=1).mark_down
2024-04-20T21:23:18.497 INFO:teuthology.orchestra.run.smithi022.stdout:/usr/bin/ceph: stderr
2024-04-20T21:23:17.379+0000 7f3a6fc00700 1 --2- 172.21.15.22:0/1916319564 >> [v2:172.21.15.22:3300/0,v1:172.21.15.22:6789/0] conn(0x7f3a6807de80 0x7f3a6807c330 secure :-1 s=READY pgs=53 cs=0 l=1 rev1=1 crypto rx=0x7f3a5c0098a0 tx=0x7f3a5c009bb0 comp rx=0 tx=0).stop
2024-04-20T21:23:18.497 INFO:teuthology.orchestra.run.smithi022.stdout:/usr/bin/ceph: stderr
2024-04-20T21:23:17.379+0000 7f3a6fc00700 1 -- 172.21.15.22:0/1916319564 shutdown_connections
2024-04-20T21:23:18.497 INFO:teuthology.orchestra.run.smithi022.stdout:/usr/bin/ceph: stderr
2024-04-20T21:23:17.379+0000 7f3a6fc00700 1 --2- 172.21.15.22:0/1916319564 >> [v2:172.21.15.22:3300/0,v1:172.21.15.22:6789/0] conn(0x7f3a6807de80 0x7f3a6807c330 unknown :-1 s=CLOSED pgs=53 cs=0 l=1 rev1=1 crypto rx=0 tx=0 comp rx=0 tx=0).stop
2024-04-20T21:23:18.497 INFO:teuthology.orchestra.run.smithi022.stdout:/usr/bin/ceph: stderr
2024-04-20T21:23:17.379+0000 7f3a6fc00700 1 -- 172.21.15.22:0/1916319564 >> 172.21.15.22:0/1916319564 conn(0x7f3a68103c10 msgr2=0x7f3a68106030 unknown :-1 s=STATE_NONE l=0).mark_down
2024-04-20T21:23:18.497 INFO:teuthology.orchestra.run.smithi022.stdout:/usr/bin/ceph: stderr
2024-04-20T21:23:17.380+0000 7f3a6fc00700 1 -- 172.21.15.22:0/1916319564 shutdown_connections
2024-04-20T21:23:18.499 INFO:teuthology.orchestra.run.smithi022.stdout:/usr/bin/ceph: stderr
2024-04-20T21:23:17.380+0000 7f3a6fc00700 1 -- 172.21.15.22:0/1916319564 wait complete.
2024-04-20T21:23:18.500 INFO:teuthology.orchestra.run.smithi022.stdout:/usr/bin/ceph: stderr
2024-04-20T21:23:17.381+0000 7f3a6fc00700 1 Processor -- start
2024-04-20T21:23:18.500 INFO:teuthology.orchestra.run.smithi022.stdout:/usr/bin/ceph: stderr
2024-04-20T21:23:17.381+0000 7f3a6fc00700 1 -- start start
2024-04-20T21:23:18.500 INFO:teuthology.orchestra.run.smithi022.stdout:/usr/bin/ceph: stderr
2024-04-20T21:23:17.381+0000 7f3a6fc00700 1 --2- >> [v2:172.21.15.22:3300/0,v1:172.21.15.22:6789/0] conn(0x7f3a6807de80 0x7f3a681a2a40 unknown :-1 s=NONE pgs=0 cs=0 l=1 rev1=0 crypto rx=0 tx=0 comp rx=0 tx=0).connect
2024-04-20T21:23:18.500 INFO:teuthology.orchestra.run.smithi022.stdout:/usr/bin/ceph: stderr
2024-04-20T21:23:17.381+0000 7f3a6fc00700 1 -- --> [v2:172.21.15.22:3300/0,v1:172.21.15.22:6789/0] -- mon_getmap magic: 0 -- 0x7f3a6810a800 con 0x7f3a6807de80
2024-04-20T21:23:18.500 INFO:teuthology.orchestra.run.smithi022.stdout:/usr/bin/ceph: stderr
2024-04-20T21:23:17.382+0000 7f3a6d200700 1 --2- >> [v2:172.21.15.22:3300/0,v1:172.21.15.22:6789/0] conn(0x7f3a6807de80 0x7f3a681a2a40 unknown :-1 s=BANNER_CONNECTING pgs=0 cs=0 l=1 rev1=0 crypto rx=0 tx=0 comp rx=0 tx=0)._handle_peer_banner_payload supported=3 required=0
2024-04-20T21:23:18.500 INFO:teuthology.orchestra.run.smithi022.stdout:/usr/bin/ceph: stderr
2024-04-20T21:23:17.382+0000 7f3a6d200700 1 --2- >> [v2:172.21.15.22:3300/0,v1:172.21.15.22:6789/0] conn(0x7f3a6807de80 0x7f3a681a2a40 unknown :-1 s=HELLO_CONNECTING pgs=0 cs=0 l=1 rev1=1 crypto rx=0 tx=0 comp rx=0 tx=0).handle_hello peer v2:172.21.15.22:3300/0 says I am v2:172.21.15.22:40908/0 (socket says 172.21.15.22:40908)
2024-04-20T21:23:18.500 INFO:teuthology.orchestra.run.smithi022.stdout:/usr/bin/ceph: stderr
2024-04-20T21:23:17.382+0000 7f3a6d200700 1 -- 172.21.15.22:0/2305656464 learned_addr learned my addr 172.21.15.22:0/2305656464 (peer_addr_for_me v2:172.21.15.22:0/0)
2024-04-20T21:23:18.500 INFO:teuthology.orchestra.run.smithi022.stdout:/usr/bin/ceph: stderr
2024-04-20T21:23:17.382+0000 7f3a6d200700 1 -- 172.21.15.22:0/2305656464 --> [v2:172.21.15.22:3300/0,v1:172.21.15.22:6789/0] -- mon_subscribe({config=0+,monmap=0+}) -- 0x7f3a681a2f80 con 0x7f3a6807de80
2024-04-20T21:23:18.500 INFO:teuthology.orchestra.run.smithi022.stdout:/usr/bin/ceph: stderr
2024-04-20T21:23:17.383+0000 7f3a6d200700 1 --2- 172.21.15.22:0/2305656464 >> [v2:172.21.15.22:3300/0,v1:172.21.15.22:6789/0] conn(0x7f3a6807de80 0x7f3a681a2a40 secure :-1 s=READY pgs=54 cs=0 l=1 rev1=1 crypto rx=0x7f3a5c0117e0 tx=0x7f3a5c011ba0 comp rx=0 tx=0).ready entity=mon.0 client_cookie=0 server_cookie=0 in_seq=0 out_seq=0
2024-04-20T21:23:18.500 INFO:teuthology.orchestra.run.smithi022.stdout:/usr/bin/ceph: stderr
2024-04-20T21:23:17.383+0000 7f3a65600700 1 -- 172.21.15.22:0/2305656464 <== mon.0 v2:172.21.15.22:3300/0 1 ==== mon_map magic: 0 ==== 205+0+0 (secure 0 0 0) 0x7f3a5c003ba0 con 0x7f3a6807de80
2024-04-20T21:23:18.500 INFO:teuthology.orchestra.run.smithi022.stdout:/usr/bin/ceph: stderr
2024-04-20T21:23:17.383+0000 7f3a65600700 1 -- 172.21.15.22:0/2305656464 <== mon.0 v2:172.21.15.22:3300/0 2 ==== config(27 keys) ==== 1140+0+0 (secure 0 0 0) 0x7f3a5c01a910 con 0x7f3a6807de80
2024-04-20T21:23:18.500 INFO:teuthology.orchestra.run.smithi022.stdout:/usr/bin/ceph: stderr
2024-04-20T21:23:17.383+0000 7f3a65600700 1 -- 172.21.15.22:0/2305656464 <== mon.0 v2:172.21.15.22:3300/0 3 ==== mon_map magic: 0 ==== 205+0+0 (secure 0 0 0) 0x7f3a5c0248f0 con 0x7f3a6807de80
2024-04-20T21:23:18.500 INFO:teuthology.orchestra.run.smithi022.stdout:/usr/bin/ceph: stderr
2024-04-20T21:23:17.383+0000 7f3a6fc00700 1 -- 172.21.15.22:0/2305656464 --> [v2:172.21.15.22:3300/0,v1:172.21.15.22:6789/0] -- mon_subscribe({mgrmap=0+}) -- 0x7f3a681a3210 con 0x7f3a6807de80
2024-04-20T21:23:18.500 INFO:teuthology.orchestra.run.smithi022.stdout:/usr/bin/ceph: stderr
2024-04-20T21:23:17.383+0000 7f3a6fc00700 1 -- 172.21.15.22:0/2305656464 --> [v2:172.21.15.22:3300/0,v1:172.21.15.22:6789/0] -- mon_subscribe({osdmap=0}) -- 0x7f3a681a3670 con 0x7f3a6807de80
2024-04-20T21:23:18.501 INFO:teuthology.orchestra.run.smithi022.stdout:/usr/bin/ceph: stderr
2024-04-20T21:23:17.384+0000 7f3a6fc00700 1 -- 172.21.15.22:0/2305656464 --> [v2:172.21.15.22:3300/0,v1:172.21.15.22:6789/0] -- mon_command({"prefix": "get_command_descriptions"} v 0) -- 0x7f3a680640b0 con 0x7f3a6807de80
2024-04-20T21:23:18.501 INFO:teuthology.orchestra.run.smithi022.stdout:/usr/bin/ceph: stderr
2024-04-20T21:23:17.385+0000 7f3a65600700 1 -- 172.21.15.22:0/2305656464 <== mon.0 v2:172.21.15.22:3300/0 4 ==== mgrmap(e 8) ==== 46558+0+0 (secure 0 0 0) 0x7f3a5c022020 con 0x7f3a6807de80
2024-04-20T21:23:18.501 INFO:teuthology.orchestra.run.smithi022.stdout:/usr/bin/ceph: stderr
2024-04-20T21:23:17.386+0000 7f3a65600700 1 --2- 172.21.15.22:0/2305656464 >> [v2:172.21.15.22:6800/2098569388,v1:172.21.15.22:6801/2098569388] conn(0x7f3a50039600 0x7f3a5003bac0 unknown :-1 s=NONE pgs=0 cs=0 l=1 rev1=0 crypto rx=0 tx=0 comp rx=0 tx=0).connect
2024-04-20T21:23:18.501 INFO:teuthology.orchestra.run.smithi022.stdout:/usr/bin/ceph: stderr
2024-04-20T21:23:17.386+0000 7f3a65600700 1 -- 172.21.15.22:0/2305656464 <== mon.0 v2:172.21.15.22:3300/0 5 ==== osd_map(2..2 src has 1..2) ==== 940+0+0 (secure 0 0 0) 0x7f3a5c04dae0 con 0x7f3a6807de80
2024-04-20T21:23:18.501 INFO:teuthology.orchestra.run.smithi022.stdout:/usr/bin/ceph: stderr
2024-04-20T21:23:17.386+0000 7f3a67e00700 1 --2- 172.21.15.22:0/2305656464 >> [v2:172.21.15.22:6800/2098569388,v1:172.21.15.22:6801/2098569388] conn(0x7f3a50039600 0x7f3a5003bac0 unknown :-1 s=BANNER_CONNECTING pgs=0 cs=0 l=1 rev1=0 crypto rx=0 tx=0 comp rx=0 tx=0)._handle_peer_banner_payload supported=3 required=0
2024-04-20T21:23:18.501 INFO:teuthology.orchestra.run.smithi022.stdout:/usr/bin/ceph: stderr
2024-04-20T21:23:17.387+0000 7f3a67e00700 1 --2- 172.21.15.22:0/2305656464 >> [v2:172.21.15.22:6800/2098569388,v1:172.21.15.22:6801/2098569388] conn(0x7f3a50039600 0x7f3a5003bac0 secure :-1 s=READY pgs=15 cs=0 l=1 rev1=1 crypto rx=0x7f3a54006fd0 tx=0x7f3a54006e40 comp rx=0 tx=0).ready entity=mgr.14120 client_cookie=0 server_cookie=0 in_seq=0 out_seq=0
2024-04-20T21:23:18.501 INFO:teuthology.orchestra.run.smithi022.stdout:/usr/bin/ceph: stderr
2024-04-20T21:23:17.391+0000 7f3a65600700 1 -- 172.21.15.22:0/2305656464 <== mon.0 v2:172.21.15.22:3300/0 6 ==== mon_command_ack([{"prefix": "get_command_descriptions"}]=0 v0) ==== 72+0+188381 (secure 0 0 0) 0x7f3a5c01ab70 con 0x7f3a6807de80
2024-04-20T21:23:18.501 INFO:teuthology.orchestra.run.smithi022.stdout:/usr/bin/ceph: stderr
2024-04-20T21:23:17.626+0000 7f3a6fc00700 1 -- 172.21.15.22:0/2305656464 --> [v2:172.21.15.22:3300/0,v1:172.21.15.22:6789/0] -- mon_command([{prefix=config set, name=mgr/dashboard/ssl_server_port}] v 0) -- 0x7f3a68063660 con 0x7f3a6807de80
2024-04-20T21:23:18.501 INFO:teuthology.orchestra.run.smithi022.stdout:/usr/bin/ceph: stderr
2024-04-20T21:23:17.632+0000 7f3a65600700 1 -- 172.21.15.22:0/2305656464 <== mon.0 v2:172.21.15.22:3300/0 7 ==== mon_command_ack([{prefix=config set, name=mgr/dashboard/ssl_server_port}]=0 v8)=0 v8) ==== 130+0+0 (secure 0 0 0) 0x7f3a5c046e20 con 0x7f3a6807de80
2024-04-20T21:23:18.502 INFO:teuthology.orchestra.run.smithi022.stdout:/usr/bin/ceph: stderr
2024-04-20T21:23:17.635+0000 7f3a6fc00700 1 -- 172.21.15.22:0/2305656464 >> [v2:172.21.15.22:6800/2098569388,v1:172.21.15.22:6801/2098569388] conn(0x7f3a50039600 msgr2=0x7f3a5003bac0 secure :-1 s=STATE_CONNECTION_ESTABLISHED l=1).mark_down
2024-04-20T21:23:18.502 INFO:teuthology.orchestra.run.smithi022.stdout:/usr/bin/ceph: stderr
2024-04-20T21:23:17.635+0000 7f3a6fc00700 1 --2- 172.21.15.22:0/2305656464 >> [v2:172.21.15.22:6800/2098569388,v1:172.21.15.22:6801/2098569388] conn(0x7f3a50039600 0x7f3a5003bac0 secure :-1 s=READY pgs=15 cs=0 l=1 rev1=1 crypto rx=0x7f3a54006fd0 tx=0x7f3a54006e40 comp rx=0 tx=0).stop
2024-04-20T21:23:18.502 INFO:teuthology.orchestra.run.smithi022.stdout:/usr/bin/ceph: stderr
2024-04-20T21:23:17.635+0000 7f3a6fc00700 1 -- 172.21.15.22:0/2305656464 >> [v2:172.21.15.22:3300/0,v1:172.21.15.22:6789/0] conn(0x7f3a6807de80 msgr2=0x7f3a681a2a40 secure :-1 s=STATE_CONNECTION_ESTABLISHED l=1).mark_down
2024-04-20T21:23:18.503 INFO:teuthology.orchestra.run.smithi022.stdout:/usr/bin/ceph: stderr
2024-04-20T21:23:17.635+0000 7f3a6fc00700 1 --2- 172.21.15.22:0/2305656464 >> [v2:172.21.15.22:3300/0,v1:172.21.15.22:6789/0] conn(0x7f3a6807de80 0x7f3a681a2a40 secure :-1 s=READY pgs=54 cs=0 l=1 rev1=1 crypto rx=0x7f3a5c0117e0 tx=0x7f3a5c011ba0 comp rx=0 tx=0).stop
2024-04-20T21:23:18.503 INFO:teuthology.orchestra.run.smithi022.stdout:/usr/bin/ceph: stderr
2024-04-20T21:23:17.635+0000 7f3a6fc00700 1 -- 172.21.15.22:0/2305656464 shutdown_connections
2024-04-20T21:23:18.503 INFO:teuthology.orchestra.run.smithi022.stdout:/usr/bin/ceph: stderr
2024-04-20T21:23:17.635+0000 7f3a6fc00700 1 --2- 172.21.15.22:0/2305656464 >> [v2:172.21.15.22:6800/2098569388,v1:172.21.15.22:6801/2098569388] conn(0x7f3a50039600 0x7f3a5003bac0 unknown :-1 s=CLOSED pgs=15 cs=0 l=1 rev1=1 crypto rx=0 tx=0 comp rx=0 tx=0).stop
2024-04-20T21:23:18.503 INFO:teuthology.orchestra.run.smithi022.stdout:/usr/bin/ceph: stderr
2024-04-20T21:23:17.635+0000 7f3a6fc00700 1 --2- 172.21.15.22:0/2305656464 >> [v2:172.21.15.22:3300/0,v1:172.21.15.22:6789/0] conn(0x7f3a6807de80 0x7f3a681a2a40 unknown :-1 s=CLOSED pgs=54 cs=0 l=1 rev1=1 crypto rx=0 tx=0 comp rx=0 tx=0).stop
2024-04-20T21:23:18.503 INFO:teuthology.orchestra.run.smithi022.stdout:/usr/bin/ceph: stderr
2024-04-20T21:23:17.635+0000 7f3a6fc00700 1 -- 172.21.15.22:0/2305656464 >> 172.21.15.22:0/2305656464 conn(0x7f3a68103c10 msgr2=0x7f3a681998e0 unknown :-1 s=STATE_NONE l=0).mark_down
2024-04-20T21:23:18.503 INFO:teuthology.orchestra.run.smithi022.stdout:/usr/bin/ceph: stderr
2024-04-20T21:23:17.635+0000 7f3a6fc00700 1 -- 172.21.15.22:0/2305656464 shutdown_connections
2024-04-20T21:23:18.503 INFO:teuthology.orchestra.run.smithi022.stdout:/usr/bin/ceph: stderr
2024-04-20T21:23:17.636+0000 7f3a6fc00700 1 -- 172.21.15.22:0/2305656464 wait complete.
2024-04-20T21:23:18.503 INFO:teuthology.orchestra.run.smithi022.stdout:Enabling the dashboard module...
2024-04-20T21:23:18.657 INFO:journalctl@ceph.mon.a.smithi022.stdout:Apr 20 21:23:18 smithi022 ceph-mon[16843]: pgmap v4: 0 pgs: ; 0 B data, 0 B used, 0 B / 0 B avail
2024-04-20T21:23:18.657 INFO:journalctl@ceph.mon.a.smithi022.stdout:Apr 20 21:23:18 smithi022 ceph-mon[16843]: from='client.? 172.21.15.22:0/2305656464' entity='client.admin'
2024-04-20T21:23:20.296 INFO:journalctl@ceph.mon.a.smithi022.stdout:Apr 20 21:23:20 smithi022 ceph-mon[16843]: from='mgr.14120 172.21.15.22:0/360531129' entity='mgr.x'
2024-04-20T21:23:20.296 INFO:journalctl@ceph.mon.a.smithi022.stdout:Apr 20 21:23:20 smithi022 ceph-mon[16843]: from='client.? 172.21.15.22:0/437123382' entity='client.admin' cmd=[{"prefix": "mgr module enable", "module": "dashboard"}]: dispatch
2024-04-20T21:23:20.597 INFO:journalctl@ceph.mgr.x.smithi022.stdout:Apr 20 21:23:20 smithi022 ceph-92c49c5c-ff5b-11ee-bc93-c7b262605968-mgr-x[17071]: ignoring --setuser ceph since I am not root
2024-04-20T21:23:20.597 INFO:journalctl@ceph.mgr.x.smithi022.stdout:Apr 20 21:23:20 smithi022 ceph-92c49c5c-ff5b-11ee-bc93-c7b262605968-mgr-x[17071]: ignoring --setgroup ceph since I am not root
2024-04-20T21:23:20.597 INFO:journalctl@ceph.mgr.x.smithi022.stdout:Apr 20 21:23:20 smithi022 ceph-92c49c5c-ff5b-11ee-bc93-c7b262605968-mgr-x[17071]:
2024-04-20T21:23:20.597+0000 7f079538a200 -1 mgr[py] Module balancer has missing NOTIFY_TYPES member
2024-04-20T21:23:20.858 INFO:journalctl@ceph.mgr.x.smithi022.stdout:Apr 20 21:23:20 smithi022 ceph-92c49c5c-ff5b-11ee-bc93-c7b262605968-mgr-x[17071]:
2024-04-20T21:23:20.857+0000 7f079538a200 -1 mgr[py] Module orchestrator has missing NOTIFY_TYPES member
2024-04-20T21:23:20.988 INFO:teuthology.orchestra.run.smithi022.stdout:/usr/bin/ceph: stderr
2024-04-20T21:23:19.442+0000 7f7e8b400700 1 Processor -- start
2024-04-20T21:23:20.988 INFO:teuthology.orchestra.run.smithi022.stdout:/usr/bin/ceph: stderr
2024-04-20T21:23:19.442+0000 7f7e8b400700 1 -- start start
2024-04-20T21:23:20.988 INFO:teuthology.orchestra.run.smithi022.stdout:/usr/bin/ceph: stderr
2024-04-20T21:23:19.442+0000 7f7e8b400700 1 --2- >> [v2:172.21.15.22:3300/0,v1:172.21.15.22:6789/0] conn(0x7f7e8410a7b0 0x7f7e8410abd0 unknown :-1 s=NONE pgs=0 cs=0 l=0 rev1=0 crypto rx=0 tx=0 comp rx=0 tx=0).connect
2024-04-20T21:23:20.988 INFO:teuthology.orchestra.run.smithi022.stdout:/usr/bin/ceph: stderr
2024-04-20T21:23:19.442+0000 7f7e8b400700 1 -- --> [v2:172.21.15.22:3300/0,v1:172.21.15.22:6789/0] -- mon_getmap magic: 0 -- 0x7f7e8410b1a0 con 0x7f7e8410a7b0
2024-04-20T21:23:20.988 INFO:teuthology.orchestra.run.smithi022.stdout:/usr/bin/ceph: stderr
2024-04-20T21:23:19.443+0000 7f7e88a00700 1 --2- >> [v2:172.21.15.22:3300/0,v1:172.21.15.22:6789/0] conn(0x7f7e8410a7b0 0x7f7e8410abd0 unknown :-1 s=BANNER_CONNECTING pgs=0 cs=0 l=0 rev1=0 crypto rx=0 tx=0 comp rx=0 tx=0)._handle_peer_banner_payload supported=3 required=0
2024-04-20T21:23:20.988 INFO:teuthology.orchestra.run.smithi022.stdout:/usr/bin/ceph: stderr
2024-04-20T21:23:19.443+0000 7f7e88a00700 1 --2- >> [v2:172.21.15.22:3300/0,v1:172.21.15.22:6789/0] conn(0x7f7e8410a7b0 0x7f7e8410abd0 unknown :-1 s=HELLO_CONNECTING pgs=0 cs=0 l=0 rev1=1 crypto rx=0 tx=0 comp rx=0 tx=0).handle_hello peer v2:172.21.15.22:3300/0 says I am v2:172.21.15.22:40924/0 (socket says 172.21.15.22:40924)
2024-04-20T21:23:20.988 INFO:teuthology.orchestra.run.smithi022.stdout:/usr/bin/ceph: stderr
2024-04-20T21:23:19.443+0000 7f7e88a00700 1 -- 172.21.15.22:0/3455806394 learned_addr learned my addr 172.21.15.22:0/3455806394 (peer_addr_for_me v2:172.21.15.22:0/0)
2024-04-20T21:23:20.989 INFO:teuthology.orchestra.run.smithi022.stdout:/usr/bin/ceph: stderr
2024-04-20T21:23:19.443+0000 7f7e88a00700 1 -- 172.21.15.22:0/3455806394 --> [v2:172.21.15.22:3300/0,v1:172.21.15.22:6789/0] -- mon_subscribe({config=0+,monmap=0+}) -- 0x7f7e8410b960 con 0x7f7e8410a7b0
2024-04-20T21:23:20.989 INFO:teuthology.orchestra.run.smithi022.stdout:/usr/bin/ceph: stderr
2024-04-20T21:23:19.444+0000 7f7e88a00700 1 --2- 172.21.15.22:0/3455806394 >> [v2:172.21.15.22:3300/0,v1:172.21.15.22:6789/0] conn(0x7f7e8410a7b0 0x7f7e8410abd0 secure :-1 s=READY pgs=55 cs=0 l=1 rev1=1 crypto rx=0x7f7e780098a0 tx=0x7f7e78009bb0 comp rx=0 tx=0).ready entity=mon.0 client_cookie=ef620435da80a14b server_cookie=0 in_seq=0 out_seq=0
2024-04-20T21:23:20.989 INFO:teuthology.orchestra.run.smithi022.stdout:/usr/bin/ceph: stderr
2024-04-20T21:23:19.444+0000 7f7e83400700 1 -- 172.21.15.22:0/3455806394 <== mon.0 v2:172.21.15.22:3300/0 1 ==== mon_map magic: 0 ==== 205+0+0 (secure 0 0 0) 0x7f7e78004160 con 0x7f7e8410a7b0
2024-04-20T21:23:20.989 INFO:teuthology.orchestra.run.smithi022.stdout:/usr/bin/ceph: stderr
2024-04-20T21:23:19.444+0000 7f7e83400700 1 -- 172.21.15.22:0/3455806394 <== mon.0 v2:172.21.15.22:3300/0 2 ==== config(27 keys) ==== 1140+0+0 (secure 0 0 0) 0x7f7e78004300 con 0x7f7e8410a7b0
2024-04-20T21:23:20.989 INFO:teuthology.orchestra.run.smithi022.stdout:/usr/bin/ceph: stderr
2024-04-20T21:23:19.444+0000 7f7e83400700 1 -- 172.21.15.22:0/3455806394 <== mon.0 v2:172.21.15.22:3300/0 3 ==== mon_map magic: 0 ==== 205+0+0 (secure 0 0 0) 0x7f7e78011b20 con 0x7f7e8410a7b0
2024-04-20T21:23:20.989 INFO:teuthology.orchestra.run.smithi022.stdout:/usr/bin/ceph: stderr
2024-04-20T21:23:19.445+0000 7f7e8b400700 1 -- 172.21.15.22:0/3455806394 >> [v2:172.21.15.22:3300/0,v1:172.21.15.22:6789/0] conn(0x7f7e8410a7b0 msgr2=0x7f7e8410abd0 secure :-1 s=STATE_CONNECTION_ESTABLISHED l=1).mark_down
2024-04-20T21:23:20.989 INFO:teuthology.orchestra.run.smithi022.stdout:/usr/bin/ceph: stderr
2024-04-20T21:23:19.445+0000 7f7e8b400700 1 --2- 172.21.15.22:0/3455806394 >> [v2:172.21.15.22:3300/0,v1:172.21.15.22:6789/0] conn(0x7f7e8410a7b0 0x7f7e8410abd0 secure :-1 s=READY pgs=55 cs=0 l=1 rev1=1 crypto rx=0x7f7e780098a0 tx=0x7f7e78009bb0 comp rx=0 tx=0).stop
2024-04-20T21:23:20.989 INFO:teuthology.orchestra.run.smithi022.stdout:/usr/bin/ceph: stderr
2024-04-20T21:23:19.445+0000 7f7e8b400700 1 -- 172.21.15.22:0/3455806394 shutdown_connections
2024-04-20T21:23:20.989 INFO:teuthology.orchestra.run.smithi022.stdout:/usr/bin/ceph: stderr
2024-04-20T21:23:19.445+0000 7f7e8b400700 1 --2- 172.21.15.22:0/3455806394 >> [v2:172.21.15.22:3300/0,v1:172.21.15.22:6789/0] conn(0x7f7e8410a7b0 0x7f7e8410abd0 unknown :-1 s=CLOSED pgs=55 cs=0 l=1 rev1=1 crypto rx=0 tx=0 comp rx=0 tx=0).stop
2024-04-20T21:23:20.989 INFO:teuthology.orchestra.run.smithi022.stdout:/usr/bin/ceph: stderr
2024-04-20T21:23:19.445+0000 7f7e8b400700 1 -- 172.21.15.22:0/3455806394 >> 172.21.15.22:0/3455806394 conn(0x7f7e8407dd70 msgr2=0x7f7e841084c0 unknown :-1 s=STATE_NONE l=0).mark_down
2024-04-20T21:23:20.989 INFO:teuthology.orchestra.run.smithi022.stdout:/usr/bin/ceph: stderr
2024-04-20T21:23:19.445+0000 7f7e8b400700 1 -- 172.21.15.22:0/3455806394 shutdown_connections
2024-04-20T21:23:20.989 INFO:teuthology.orchestra.run.smithi022.stdout:/usr/bin/ceph: stderr
2024-04-20T21:23:19.445+0000 7f7e8b400700 1 -- 172.21.15.22:0/3455806394 wait complete.
2024-04-20T21:23:20.989 INFO:teuthology.orchestra.run.smithi022.stdout:/usr/bin/ceph: stderr
2024-04-20T21:23:19.446+0000 7f7e8b400700 1 Processor -- start
2024-04-20T21:23:20.989 INFO:teuthology.orchestra.run.smithi022.stdout:/usr/bin/ceph: stderr
2024-04-20T21:23:19.447+0000 7f7e8b400700 1 -- start start
2024-04-20T21:23:20.990 INFO:teuthology.orchestra.run.smithi022.stdout:/usr/bin/ceph: stderr
2024-04-20T21:23:19.447+0000 7f7e8b400700 1 --2- >> [v2:172.21.15.22:3300/0,v1:172.21.15.22:6789/0] conn(0x7f7e8410a7b0 0x7f7e8419e730 unknown :-1 s=NONE pgs=0 cs=0 l=1 rev1=0 crypto rx=0 tx=0 comp rx=0 tx=0).connect
2024-04-20T21:23:20.990 INFO:teuthology.orchestra.run.smithi022.stdout:/usr/bin/ceph: stderr
2024-04-20T21:23:19.447+0000 7f7e8b400700 1 -- --> [v2:172.21.15.22:3300/0,v1:172.21.15.22:6789/0] -- mon_getmap magic: 0 -- 0x7f7e8410ed10 con 0x7f7e8410a7b0
2024-04-20T21:23:20.990 INFO:teuthology.orchestra.run.smithi022.stdout:/usr/bin/ceph: stderr
2024-04-20T21:23:19.447+0000 7f7e88a00700 1 --2- >> [v2:172.21.15.22:3300/0,v1:172.21.15.22:6789/0] conn(0x7f7e8410a7b0 0x7f7e8419e730 unknown :-1 s=BANNER_CONNECTING pgs=0 cs=0 l=1 rev1=0 crypto rx=0 tx=0 comp rx=0 tx=0)._handle_peer_banner_payload supported=3 required=0
2024-04-20T21:23:20.990 INFO:teuthology.orchestra.run.smithi022.stdout:/usr/bin/ceph: stderr
2024-04-20T21:23:19.447+0000 7f7e88a00700 1 --2- >> [v2:172.21.15.22:3300/0,v1:172.21.15.22:6789/0] conn(0x7f7e8410a7b0 0x7f7e8419e730 unknown :-1 s=HELLO_CONNECTING pgs=0 cs=0 l=1 rev1=1 crypto rx=0 tx=0 comp rx=0 tx=0).handle_hello peer v2:172.21.15.22:3300/0 says I am v2:172.21.15.22:40936/0 (socket says 172.21.15.22:40936)
2024-04-20T21:23:20.990 INFO:teuthology.orchestra.run.smithi022.stdout:/usr/bin/ceph: stderr
2024-04-20T21:23:19.447+0000 7f7e88a00700 1 -- 172.21.15.22:0/437123382 learned_addr learned my addr 172.21.15.22:0/437123382 (peer_addr_for_me v2:172.21.15.22:0/0)
