2024-04-20T21:46:37.584+0000 7f6caea00700 1 -- 172.21.15.142:0/285480434 <== mon.0 v2:172.21.15.142:3300/0 2 ==== config(27 keys) v1 ==== 1109+0+0 (secure 0 0 0) 0x7f6ca00042e0 con 0x7f6cb0107020
2024-04-20T21:46:45.808 INFO:teuthology.orchestra.run.smithi142.stdout:/usr/bin/ceph: stderr
2024-04-20T21:46:37.584+0000 7f6caea00700 1 -- 172.21.15.142:0/285480434 <== mon.0 v2:172.21.15.142:3300/0 3 ==== mon_map magic: 0 v1 ==== 229+0+0 (secure 0 0 0) 0x7f6ca0011b10 con 0x7f6cb0107020
2024-04-20T21:46:45.809 INFO:teuthology.orchestra.run.smithi142.stdout:/usr/bin/ceph: stderr
2024-04-20T21:46:37.585+0000 7f6cb6a00700 1 -- 172.21.15.142:0/285480434 >> [v2:172.21.15.142:3300/0,v1:172.21.15.142:6789/0] conn(0x7f6cb0107020 msgr2=0x7f6cb0109410 secure :-1 s=STATE_CONNECTION_ESTABLISHED l=1).mark_down
2024-04-20T21:46:45.809 INFO:teuthology.orchestra.run.smithi142.stdout:/usr/bin/ceph: stderr
2024-04-20T21:46:37.585+0000 7f6cb6a00700 1 --2- 172.21.15.142:0/285480434 >> [v2:172.21.15.142:3300/0,v1:172.21.15.142:6789/0] conn(0x7f6cb0107020 0x7f6cb0109410 secure :-1 s=READY pgs=73 cs=0 l=1 rev1=1 crypto rx=0x7f6ca00098a0 tx=0x7f6ca0009bb0 comp rx=0 tx=0).stop
2024-04-20T21:46:45.809 INFO:teuthology.orchestra.run.smithi142.stdout:/usr/bin/ceph: stderr
2024-04-20T21:46:37.585+0000 7f6cb6a00700 1 -- 172.21.15.142:0/285480434 shutdown_connections
2024-04-20T21:46:45.809 INFO:teuthology.orchestra.run.smithi142.stdout:/usr/bin/ceph: stderr
2024-04-20T21:46:37.585+0000 7f6cb6a00700 1 --2- 172.21.15.142:0/285480434 >> [v2:172.21.15.142:3300/0,v1:172.21.15.142:6789/0] conn(0x7f6cb0107020 0x7f6cb0109410 unknown :-1 s=CLOSED pgs=73 cs=0 l=1 rev1=1 crypto rx=0 tx=0 comp rx=0 tx=0).stop
2024-04-20T21:46:45.809 INFO:teuthology.orchestra.run.smithi142.stdout:/usr/bin/ceph: stderr
2024-04-20T21:46:37.585+0000 7f6cb6a00700 1 -- 172.21.15.142:0/285480434 >> 172.21.15.142:0/285480434 conn(0x7f6cb0100a50 msgr2=0x7f6cb0102e90 unknown :-1 s=STATE_NONE l=0).mark_down
2024-04-20T21:46:45.810 INFO:teuthology.orchestra.run.smithi142.stdout:/usr/bin/ceph: stderr
2024-04-20T21:46:37.585+0000 7f6cb6a00700 1 -- 172.21.15.142:0/285480434 shutdown_connections
2024-04-20T21:46:45.810 INFO:teuthology.orchestra.run.smithi142.stdout:/usr/bin/ceph: stderr
2024-04-20T21:46:37.585+0000 7f6cb6a00700 1 -- 172.21.15.142:0/285480434 wait complete.
2024-04-20T21:46:45.810 INFO:teuthology.orchestra.run.smithi142.stdout:/usr/bin/ceph: stderr
2024-04-20T21:46:37.586+0000 7f6cb6a00700 1 Processor -- start
2024-04-20T21:46:45.810 INFO:teuthology.orchestra.run.smithi142.stdout:/usr/bin/ceph: stderr
2024-04-20T21:46:37.586+0000 7f6cb6a00700 1 -- start start
2024-04-20T21:46:45.811 INFO:teuthology.orchestra.run.smithi142.stdout:/usr/bin/ceph: stderr
2024-04-20T21:46:37.587+0000 7f6cb6a00700 1 --2- >> [v2:172.21.15.142:3300/0,v1:172.21.15.142:6789/0] conn(0x7f6cb0107020 0x7f6cb019c560 unknown :-1 s=NONE pgs=0 cs=0 l=1 rev1=0 crypto rx=0 tx=0 comp rx=0 tx=0).connect
2024-04-20T21:46:45.811 INFO:teuthology.orchestra.run.smithi142.stdout:/usr/bin/ceph: stderr
2024-04-20T21:46:37.587+0000 7f6cb6a00700 1 -- --> [v2:172.21.15.142:3300/0,v1:172.21.15.142:6789/0] -- mon_getmap magic: 0 v1 -- 0x7f6cb019caa0 con 0x7f6cb0107020
2024-04-20T21:46:45.811 INFO:teuthology.orchestra.run.smithi142.stdout:/usr/bin/ceph: stderr
2024-04-20T21:46:37.587+0000 7f6cafe00700 1 --2- >> [v2:172.21.15.142:3300/0,v1:172.21.15.142:6789/0] conn(0x7f6cb0107020 0x7f6cb019c560 unknown :-1 s=BANNER_CONNECTING pgs=0 cs=0 l=1 rev1=0 crypto rx=0 tx=0 comp rx=0 tx=0)._handle_peer_banner_payload supported=3 required=0
2024-04-20T21:46:45.811 INFO:teuthology.orchestra.run.smithi142.stdout:/usr/bin/ceph: stderr
2024-04-20T21:46:37.587+0000 7f6cafe00700 1 --2- >> [v2:172.21.15.142:3300/0,v1:172.21.15.142:6789/0] conn(0x7f6cb0107020 0x7f6cb019c560 unknown :-1 s=HELLO_CONNECTING pgs=0 cs=0 l=1 rev1=1 crypto rx=0 tx=0 comp rx=0 tx=0).handle_hello peer v2:172.21.15.142:3300/0 says I am v2:172.21.15.142:38010/0 (socket says 172.21.15.142:38010)
2024-04-20T21:46:45.812 INFO:teuthology.orchestra.run.smithi142.stdout:/usr/bin/ceph: stderr
2024-04-20T21:46:37.587+0000 7f6cafe00700 1 -- 172.21.15.142:0/3821051993 learned_addr learned my addr 172.21.15.142:0/3821051993 (peer_addr_for_me v2:172.21.15.142:0/0)
2024-04-20T21:46:45.812 INFO:teuthology.orchestra.run.smithi142.stdout:/usr/bin/ceph: stderr
2024-04-20T21:46:37.587+0000 7f6cafe00700 1 -- 172.21.15.142:0/3821051993 --> [v2:172.21.15.142:3300/0,v1:172.21.15.142:6789/0] -- mon_subscribe({config=0+,monmap=0+}) v3 -- 0x7f6ca0009550 con 0x7f6cb0107020
2024-04-20T21:46:45.812 INFO:teuthology.orchestra.run.smithi142.stdout:/usr/bin/ceph: stderr
2024-04-20T21:46:37.588+0000 7f6cafe00700 1 --2- 172.21.15.142:0/3821051993 >> [v2:172.21.15.142:3300/0,v1:172.21.15.142:6789/0] conn(0x7f6cb0107020 0x7f6cb019c560 secure :-1 s=READY pgs=74 cs=0 l=1 rev1=1 crypto rx=0x7f6ca00117b0 tx=0x7f6ca0011890 comp rx=0 tx=0).ready entity=mon.0 client_cookie=0 server_cookie=0 in_seq=0 out_seq=0
2024-04-20T21:46:45.812 INFO:teuthology.orchestra.run.smithi142.stdout:/usr/bin/ceph: stderr
2024-04-20T21:46:37.588+0000 7f6cacc00700 1 -- 172.21.15.142:0/3821051993 <== mon.0 v2:172.21.15.142:3300/0 1 ==== mon_map magic: 0 v1 ==== 229+0+0 (secure 0 0 0) 0x7f6ca00038b0 con 0x7f6cb0107020
2024-04-20T21:46:45.812 INFO:teuthology.orchestra.run.smithi142.stdout:/usr/bin/ceph: stderr
2024-04-20T21:46:37.588+0000 7f6cacc00700 1 -- 172.21.15.142:0/3821051993 <== mon.0 v2:172.21.15.142:3300/0 2 ==== config(27 keys) v1 ==== 1109+0+0 (secure 0 0 0) 0x7f6ca0003a10 con 0x7f6cb0107020
2024-04-20T21:46:45.813 INFO:teuthology.orchestra.run.smithi142.stdout:/usr/bin/ceph: stderr
2024-04-20T21:46:37.588+0000 7f6cacc00700 1 -- 172.21.15.142:0/3821051993 <== mon.0 v2:172.21.15.142:3300/0 3 ==== mon_map magic: 0 v1 ==== 229+0+0 (secure 0 0 0) 0x7f6ca0024780 con 0x7f6cb0107020
2024-04-20T21:46:45.813 INFO:teuthology.orchestra.run.smithi142.stdout:/usr/bin/ceph: stderr
2024-04-20T21:46:37.588+0000 7f6cb6a00700 1 -- 172.21.15.142:0/3821051993 --> [v2:172.21.15.142:3300/0,v1:172.21.15.142:6789/0] -- mon_subscribe({mgrmap=0+}) v3 -- 0x7f6cb019cca0 con 0x7f6cb0107020
2024-04-20T21:46:45.813 INFO:teuthology.orchestra.run.smithi142.stdout:/usr/bin/ceph: stderr
2024-04-20T21:46:37.588+0000 7f6cb6a00700 1 -- 172.21.15.142:0/3821051993 --> [v2:172.21.15.142:3300/0,v1:172.21.15.142:6789/0] -- mon_subscribe({osdmap=0}) v3 -- 0x7f6cb019d140 con 0x7f6cb0107020
2024-04-20T21:46:45.813 INFO:teuthology.orchestra.run.smithi142.stdout:/usr/bin/ceph: stderr
2024-04-20T21:46:37.590+0000 7f6cacc00700 1 -- 172.21.15.142:0/3821051993 <== mon.0 v2:172.21.15.142:3300/0 4 ==== mgrmap(e 9) v1 ==== 45569+0+0 (secure 0 0 0) 0x7f6ca001ac10 con 0x7f6cb0107020
2024-04-20T21:46:45.813 INFO:teuthology.orchestra.run.smithi142.stdout:/usr/bin/ceph: stderr
2024-04-20T21:46:37.590+0000 7f6cacc00700 1 --2- 172.21.15.142:0/3821051993 >> [v2:172.21.15.142:6800/550675874,v1:172.21.15.142:6801/550675874] conn(0x7f6c940387c0 0x7f6c9403ac80 unknown :-1 s=NONE pgs=0 cs=0 l=1 rev1=0 crypto rx=0 tx=0 comp rx=0 tx=0).connect
2024-04-20T21:46:45.814 INFO:teuthology.orchestra.run.smithi142.stdout:/usr/bin/ceph: stderr
2024-04-20T21:46:37.590+0000 7f6cacc00700 1 -- 172.21.15.142:0/3821051993 --> [v2:172.21.15.142:6800/550675874,v1:172.21.15.142:6801/550675874] -- command(tid 0: {"prefix": "get_command_descriptions"}) v1 -- 0x7f6c9403b390 con 0x7f6c940387c0
2024-04-20T21:46:45.814 INFO:teuthology.orchestra.run.smithi142.stdout:/usr/bin/ceph: stderr
2024-04-20T21:46:37.590+0000 7f6cacc00700 1 -- 172.21.15.142:0/3821051993 <== mon.0 v2:172.21.15.142:3300/0 5 ==== osd_map(2..2 src has 1..2) v4 ==== 940+0+0 (secure 0 0 0) 0x7f6ca004c7a0 con 0x7f6cb0107020
2024-04-20T21:46:45.814 INFO:teuthology.orchestra.run.smithi142.stdout:/usr/bin/ceph: stderr
2024-04-20T21:46:37.590+0000 7f6caf400700 1 -- 172.21.15.142:0/3821051993 >> [v2:172.21.15.142:6800/550675874,v1:172.21.15.142:6801/550675874] conn(0x7f6c940387c0 msgr2=0x7f6c9403ac80 unknown :-1 s=STATE_CONNECTING_RE l=1).process reconnect failed to v2:172.21.15.142:6800/550675874
2024-04-20T21:46:45.814 INFO:teuthology.orchestra.run.smithi142.stdout:/usr/bin/ceph: stderr
2024-04-20T21:46:37.590+0000 7f6caf400700 1 --2- 172.21.15.142:0/3821051993 >> [v2:172.21.15.142:6800/550675874,v1:172.21.15.142:6801/550675874] conn(0x7f6c940387c0 0x7f6c9403ac80 unknown :-1 s=START_CONNECT pgs=0 cs=0 l=1 rev1=0 crypto rx=0 tx=0 comp rx=0 tx=0)._fault waiting 0.200000
2024-04-20T21:46:45.814 INFO:teuthology.orchestra.run.smithi142.stdout:/usr/bin/ceph: stderr
2024-04-20T21:46:37.791+0000 7f6caf400700 1 -- 172.21.15.142:0/3821051993 >> [v2:172.21.15.142:6800/550675874,v1:172.21.15.142:6801/550675874] conn(0x7f6c940387c0 msgr2=0x7f6c9403ac80 unknown :-1 s=STATE_CONNECTING_RE l=1).process reconnect failed to v2:172.21.15.142:6800/550675874
2024-04-20T21:46:45.815 INFO:teuthology.orchestra.run.smithi142.stdout:/usr/bin/ceph: stderr
2024-04-20T21:46:37.791+0000 7f6caf400700 1 --2- 172.21.15.142:0/3821051993 >> [v2:172.21.15.142:6800/550675874,v1:172.21.15.142:6801/550675874] conn(0x7f6c940387c0 0x7f6c9403ac80 unknown :-1 s=START_CONNECT pgs=0 cs=0 l=1 rev1=0 crypto rx=0 tx=0 comp rx=0 tx=0)._fault waiting 0.400000
2024-04-20T21:46:45.815 INFO:teuthology.orchestra.run.smithi142.stdout:/usr/bin/ceph: stderr
2024-04-20T21:46:38.192+0000 7f6caf400700 1 -- 172.21.15.142:0/3821051993 >> [v2:172.21.15.142:6800/550675874,v1:172.21.15.142:6801/550675874] conn(0x7f6c940387c0 msgr2=0x7f6c9403ac80 unknown :-1 s=STATE_CONNECTING_RE l=1).process reconnect failed to v2:172.21.15.142:6800/550675874
2024-04-20T21:46:45.815 INFO:teuthology.orchestra.run.smithi142.stdout:/usr/bin/ceph: stderr
2024-04-20T21:46:38.192+0000 7f6caf400700 1 --2- 172.21.15.142:0/3821051993 >> [v2:172.21.15.142:6800/550675874,v1:172.21.15.142:6801/550675874] conn(0x7f6c940387c0 0x7f6c9403ac80 unknown :-1 s=START_CONNECT pgs=0 cs=0 l=1 rev1=0 crypto rx=0 tx=0 comp rx=0 tx=0)._fault waiting 0.800000
2024-04-20T21:46:45.815 INFO:teuthology.orchestra.run.smithi142.stdout:/usr/bin/ceph: stderr
2024-04-20T21:46:38.993+0000 7f6caf400700 1 -- 172.21.15.142:0/3821051993 >> [v2:172.21.15.142:6800/550675874,v1:172.21.15.142:6801/550675874] conn(0x7f6c940387c0 msgr2=0x7f6c9403ac80 unknown :-1 s=STATE_CONNECTING_RE l=1).process reconnect failed to v2:172.21.15.142:6800/550675874
2024-04-20T21:46:45.815 INFO:teuthology.orchestra.run.smithi142.stdout:/usr/bin/ceph: stderr
2024-04-20T21:46:38.993+0000 7f6caf400700 1 --2- 172.21.15.142:0/3821051993 >> [v2:172.21.15.142:6800/550675874,v1:172.21.15.142:6801/550675874] conn(0x7f6c940387c0 0x7f6c9403ac80 unknown :-1 s=START_CONNECT pgs=0 cs=0 l=1 rev1=0 crypto rx=0 tx=0 comp rx=0 tx=0)._fault waiting 1.600000
2024-04-20T21:46:45.815 INFO:teuthology.orchestra.run.smithi142.stdout:/usr/bin/ceph: stderr
2024-04-20T21:46:40.595+0000 7f6caf400700 1 -- 172.21.15.142:0/3821051993 >> [v2:172.21.15.142:6800/550675874,v1:172.21.15.142:6801/550675874] conn(0x7f6c940387c0 msgr2=0x7f6c9403ac80 unknown :-1 s=STATE_CONNECTING_RE l=1).process reconnect failed to v2:172.21.15.142:6800/550675874
2024-04-20T21:46:45.816 INFO:teuthology.orchestra.run.smithi142.stdout:/usr/bin/ceph: stderr
2024-04-20T21:46:40.595+0000 7f6caf400700 1 --2- 172.21.15.142:0/3821051993 >> [v2:172.21.15.142:6800/550675874,v1:172.21.15.142:6801/550675874] conn(0x7f6c940387c0 0x7f6c9403ac80 unknown :-1 s=START_CONNECT pgs=0 cs=0 l=1 rev1=0 crypto rx=0 tx=0 comp rx=0 tx=0)._fault waiting 3.200000
2024-04-20T21:46:45.816 INFO:teuthology.orchestra.run.smithi142.stdout:/usr/bin/ceph: stderr
2024-04-20T21:46:43.411+0000 7f6cacc00700 1 -- 172.21.15.142:0/3821051993 <== mon.0 v2:172.21.15.142:3300/0 6 ==== mgrmap(e 10) v1 ==== 45336+0+0 (secure 0 0 0) 0x7f6ca000ebd0 con 0x7f6cb0107020
2024-04-20T21:46:45.816 INFO:teuthology.orchestra.run.smithi142.stdout:/usr/bin/ceph: stderr
2024-04-20T21:46:43.411+0000 7f6cacc00700 1 -- 172.21.15.142:0/3821051993 >> [v2:172.21.15.142:6800/550675874,v1:172.21.15.142:6801/550675874] conn(0x7f6c940387c0 msgr2=0x7f6c9403ac80 unknown :-1 s=STATE_CONNECTING l=1).mark_down
2024-04-20T21:46:45.816 INFO:teuthology.orchestra.run.smithi142.stdout:/usr/bin/ceph: stderr
2024-04-20T21:46:43.411+0000 7f6cacc00700 1 --2- 172.21.15.142:0/3821051993 >> [v2:172.21.15.142:6800/550675874,v1:172.21.15.142:6801/550675874] conn(0x7f6c940387c0 0x7f6c9403ac80 unknown :-1 s=START_CONNECT pgs=0 cs=0 l=1 rev1=0 crypto rx=0 tx=0 comp rx=0 tx=0).stop
2024-04-20T21:46:45.816 INFO:teuthology.orchestra.run.smithi142.stdout:/usr/bin/ceph: stderr
2024-04-20T21:46:44.415+0000 7f6cacc00700 1 -- 172.21.15.142:0/3821051993 <== mon.0 v2:172.21.15.142:3300/0 7 ==== mgrmap(e 11) v1 ==== 45463+0+0 (secure 0 0 0) 0x7f6ca004e290 con 0x7f6cb0107020
2024-04-20T21:46:45.817 INFO:teuthology.orchestra.run.smithi142.stdout:/usr/bin/ceph: stderr
2024-04-20T21:46:44.415+0000 7f6cacc00700 1 --2- 172.21.15.142:0/3821051993 >> [v2:172.21.15.142:6800/3464616902,v1:172.21.15.142:6801/3464616902] conn(0x7f6c9403bfc0 0x7f6c9403e3b0 unknown :-1 s=NONE pgs=0 cs=0 l=1 rev1=0 crypto rx=0 tx=0 comp rx=0 tx=0).connect
2024-04-20T21:46:45.817 INFO:teuthology.orchestra.run.smithi142.stdout:/usr/bin/ceph: stderr
2024-04-20T21:46:44.415+0000 7f6cacc00700 1 -- 172.21.15.142:0/3821051993 --> [v2:172.21.15.142:6800/3464616902,v1:172.21.15.142:6801/3464616902] -- command(tid 0: {"prefix": "get_command_descriptions"}) v1 -- 0x7f6c9403b390 con 0x7f6c9403bfc0
2024-04-20T21:46:45.817 INFO:teuthology.orchestra.run.smithi142.stdout:/usr/bin/ceph: stderr
2024-04-20T21:46:44.416+0000 7f6caf400700 1 --2- 172.21.15.142:0/3821051993 >> [v2:172.21.15.142:6800/3464616902,v1:172.21.15.142:6801/3464616902] conn(0x7f6c9403bfc0 0x7f6c9403e3b0 unknown :-1 s=BANNER_CONNECTING pgs=0 cs=0 l=1 rev1=0 crypto rx=0 tx=0 comp rx=0 tx=0)._handle_peer_banner_payload supported=3 required=0
2024-04-20T21:46:45.817 INFO:teuthology.orchestra.run.smithi142.stdout:/usr/bin/ceph: stderr
2024-04-20T21:46:44.418+0000 7f6caf400700 1 --2- 172.21.15.142:0/3821051993 >> [v2:172.21.15.142:6800/3464616902,v1:172.21.15.142:6801/3464616902] conn(0x7f6c9403bfc0 0x7f6c9403e3b0 secure :-1 s=READY pgs=2 cs=0 l=1 rev1=1 crypto rx=0x7f6c9c003a10 tx=0x7f6c9c009270 comp rx=0 tx=0).ready entity=mgr.14164 client_cookie=0 server_cookie=0 in_seq=0 out_seq=0
2024-04-20T21:46:45.818 INFO:teuthology.orchestra.run.smithi142.stdout:/usr/bin/ceph: stderr
2024-04-20T21:46:44.419+0000 7f6cacc00700 1 -- 172.21.15.142:0/3821051993 <== mgr.14164 v2:172.21.15.142:6800/3464616902 1 ==== command_reply(tid 0: 0 ) v1 ==== 8+0+6910 (secure 0 0 0) 0x7f6c9403b390 con 0x7f6c9403bfc0
2024-04-20T21:46:45.818 INFO:teuthology.orchestra.run.smithi142.stdout:/usr/bin/ceph: stderr
2024-04-20T21:46:44.426+0000 7f6cb6a00700 1 -- 172.21.15.142:0/3821051993 --> [v2:172.21.15.142:6800/3464616902,v1:172.21.15.142:6801/3464616902] -- command(tid 1: {"prefix": "mgr_status"}) v1 -- 0x7f6cb010a740 con 0x7f6c9403bfc0
2024-04-20T21:46:45.818 INFO:teuthology.orchestra.run.smithi142.stdout:/usr/bin/ceph: stderr
2024-04-20T21:46:44.426+0000 7f6cacc00700 1 -- 172.21.15.142:0/3821051993 <== mgr.14164 v2:172.21.15.142:6800/3464616902 2 ==== command_reply(tid 1: 0 ) v1 ==== 8+0+52 (secure 0 0 0) 0x7f6cb010a740 con 0x7f6c9403bfc0
2024-04-20T21:46:45.818 INFO:teuthology.orchestra.run.smithi142.stdout:/usr/bin/ceph: stderr
2024-04-20T21:46:44.427+0000 7f6cb6a00700 1 -- 172.21.15.142:0/3821051993 >> [v2:172.21.15.142:6800/3464616902,v1:172.21.15.142:6801/3464616902] conn(0x7f6c9403bfc0 msgr2=0x7f6c9403e3b0 secure :-1 s=STATE_CONNECTION_ESTABLISHED l=1).mark_down
2024-04-20T21:46:45.819 INFO:teuthology.orchestra.run.smithi142.stdout:/usr/bin/ceph: stderr
2024-04-20T21:46:44.427+0000 7f6cb6a00700 1 --2- 172.21.15.142:0/3821051993 >> [v2:172.21.15.142:6800/3464616902,v1:172.21.15.142:6801/3464616902] conn(0x7f6c9403bfc0 0x7f6c9403e3b0 secure :-1 s=READY pgs=2 cs=0 l=1 rev1=1 crypto rx=0x7f6c9c003a10 tx=0x7f6c9c009270 comp rx=0 tx=0).stop
2024-04-20T21:46:45.819 INFO:teuthology.orchestra.run.smithi142.stdout:/usr/bin/ceph: stderr
2024-04-20T21:46:44.427+0000 7f6cb6a00700 1 -- 172.21.15.142:0/3821051993 >> [v2:172.21.15.142:3300/0,v1:172.21.15.142:6789/0] conn(0x7f6cb0107020 msgr2=0x7f6cb019c560 secure :-1 s=STATE_CONNECTION_ESTABLISHED l=1).mark_down
2024-04-20T21:46:45.819 INFO:teuthology.orchestra.run.smithi142.stdout:/usr/bin/ceph: stderr
2024-04-20T21:46:44.427+0000 7f6cb6a00700 1 --2- 172.21.15.142:0/3821051993 >> [v2:172.21.15.142:3300/0,v1:172.21.15.142:6789/0] conn(0x7f6cb0107020 0x7f6cb019c560 secure :-1 s=READY pgs=74 cs=0 l=1 rev1=1 crypto rx=0x7f6ca00117b0 tx=0x7f6ca0011890 comp rx=0 tx=0).stop
2024-04-20T21:46:45.819 INFO:teuthology.orchestra.run.smithi142.stdout:/usr/bin/ceph: stderr
2024-04-20T21:46:44.427+0000 7f6cb6a00700 1 -- 172.21.15.142:0/3821051993 shutdown_connections
2024-04-20T21:46:45.819 INFO:teuthology.orchestra.run.smithi142.stdout:/usr/bin/ceph: stderr
2024-04-20T21:46:44.427+0000 7f6cb6a00700 1 --2- 172.21.15.142:0/3821051993 >> [v2:172.21.15.142:3300/0,v1:172.21.15.142:6789/0] conn(0x7f6cb0107020 0x7f6cb019c560 unknown :-1 s=CLOSED pgs=74 cs=0 l=1 rev1=1 crypto rx=0 tx=0 comp rx=0 tx=0).stop
2024-04-20T21:46:45.819 INFO:teuthology.orchestra.run.smithi142.stdout:/usr/bin/ceph: stderr
2024-04-20T21:46:44.427+0000 7f6cb6a00700 1 --2- 172.21.15.142:0/3821051993 >> [v2:172.21.15.142:6800/3464616902,v1:172.21.15.142:6801/3464616902] conn(0x7f6c9403bfc0 0x7f6c9403e3b0 unknown :-1 s=CLOSED pgs=2 cs=0 l=1 rev1=1 crypto rx=0 tx=0 comp rx=0 tx=0).stop
2024-04-20T21:46:45.820 INFO:teuthology.orchestra.run.smithi142.stdout:/usr/bin/ceph: stderr
2024-04-20T21:46:44.427+0000 7f6cb6a00700 1 --2- 172.21.15.142:0/3821051993 >> [v2:172.21.15.142:6800/550675874,v1:172.21.15.142:6801/550675874] conn(0x7f6c940387c0 0x7f6c9403ac80 unknown :-1 s=CLOSED pgs=0 cs=0 l=1 rev1=0 crypto rx=0 tx=0 comp rx=0 tx=0).stop
2024-04-20T21:46:45.820 INFO:teuthology.orchestra.run.smithi142.stdout:/usr/bin/ceph: stderr
2024-04-20T21:46:44.427+0000 7f6cb6a00700 1 -- 172.21.15.142:0/3821051993 >> 172.21.15.142:0/3821051993 conn(0x7f6cb0100a50 msgr2=0x7f6cb0101510 unknown :-1 s=STATE_NONE l=0).mark_down
2024-04-20T21:46:45.820 INFO:teuthology.orchestra.run.smithi142.stdout:/usr/bin/ceph: stderr
2024-04-20T21:46:44.427+0000 7f6cb6a00700 1 -- 172.21.15.142:0/3821051993 shutdown_connections
2024-04-20T21:46:45.820 INFO:teuthology.orchestra.run.smithi142.stdout:/usr/bin/ceph: stderr
2024-04-20T21:46:44.427+0000 7f6cb6a00700 1 -- 172.21.15.142:0/3821051993 wait complete.
2024-04-20T21:46:45.820 INFO:teuthology.orchestra.run.smithi142.stdout:mgr epoch 9 is available
2024-04-20T21:46:45.820 INFO:teuthology.orchestra.run.smithi142.stdout:Generating a dashboard self-signed certificate...
2024-04-20T21:46:46.655 INFO:journalctl@ceph.mon.smithi142.smithi142.stdout:Apr 20 21:46:46 smithi142 ceph-mon[15828]: mgrmap e12: smithi142.zzmcfz(active, since 2s)
2024-04-20T21:46:46.655 INFO:journalctl@ceph.mon.smithi142.smithi142.stdout:Apr 20 21:46:46 smithi142 ceph-mon[15828]: from='mgr.14164 172.21.15.142:0/3075150169' entity='mgr.smithi142.zzmcfz'
2024-04-20T21:46:47.547 INFO:teuthology.orchestra.run.smithi142.stdout:/usr/bin/ceph: stdout Self-signed certificate created
2024-04-20T21:46:47.547 INFO:teuthology.orchestra.run.smithi142.stdout:/usr/bin/ceph: stderr
2024-04-20T21:46:46.417+0000 7f4356e00700 1 Processor -- start
2024-04-20T21:46:47.548 INFO:teuthology.orchestra.run.smithi142.stdout:/usr/bin/ceph: stderr
2024-04-20T21:46:46.417+0000 7f4356e00700 1 -- start start
2024-04-20T21:46:47.548 INFO:teuthology.orchestra.run.smithi142.stdout:/usr/bin/ceph: stderr
2024-04-20T21:46:46.418+0000 7f4356e00700 1 --2- >> [v2:172.21.15.142:3300/0,v1:172.21.15.142:6789/0] conn(0x7f4350106590 0x7f43501069b0 unknown :-1 s=NONE pgs=0 cs=0 l=0 rev1=0 crypto rx=0 tx=0 comp rx=0 tx=0).connect
2024-04-20T21:46:47.553 INFO:teuthology.orchestra.run.smithi142.stdout:/usr/bin/ceph: stderr
2024-04-20T21:46:46.418+0000 7f4356e00700 1 -- --> [v2:172.21.15.142:3300/0,v1:172.21.15.142:6789/0] -- mon_getmap magic: 0 v1 -- 0x7f4350106f80 con 0x7f4350106590
2024-04-20T21:46:47.553 INFO:teuthology.orchestra.run.smithi142.stdout:/usr/bin/ceph: stderr
2024-04-20T21:46:46.418+0000 7f434fe00700 1 --2- >> [v2:172.21.15.142:3300/0,v1:172.21.15.142:6789/0] conn(0x7f4350106590 0x7f43501069b0 unknown :-1 s=BANNER_CONNECTING pgs=0 cs=0 l=0 rev1=0 crypto rx=0 tx=0 comp rx=0 tx=0)._handle_peer_banner_payload supported=3 required=0
2024-04-20T21:46:47.553 INFO:teuthology.orchestra.run.smithi142.stdout:/usr/bin/ceph: stderr
2024-04-20T21:46:46.418+0000 7f434fe00700 1 --2- >> [v2:172.21.15.142:3300/0,v1:172.21.15.142:6789/0] conn(0x7f4350106590 0x7f43501069b0 unknown :-1 s=HELLO_CONNECTING pgs=0 cs=0 l=0 rev1=1 crypto rx=0 tx=0 comp rx=0 tx=0).handle_hello peer v2:172.21.15.142:3300/0 says I am v2:172.21.15.142:38074/0 (socket says 172.21.15.142:38074)
2024-04-20T21:46:47.553 INFO:teuthology.orchestra.run.smithi142.stdout:/usr/bin/ceph: stderr
2024-04-20T21:46:46.418+0000 7f434fe00700 1 -- 172.21.15.142:0/3087181305 learned_addr learned my addr 172.21.15.142:0/3087181305 (peer_addr_for_me v2:172.21.15.142:0/0)
2024-04-20T21:46:47.553 INFO:teuthology.orchestra.run.smithi142.stdout:/usr/bin/ceph: stderr
2024-04-20T21:46:46.419+0000 7f434fe00700 1 -- 172.21.15.142:0/3087181305 --> [v2:172.21.15.142:3300/0,v1:172.21.15.142:6789/0] -- mon_subscribe({config=0+,monmap=0+}) v3 -- 0x7f4350107790 con 0x7f4350106590
2024-04-20T21:46:47.553 INFO:teuthology.orchestra.run.smithi142.stdout:/usr/bin/ceph: stderr
2024-04-20T21:46:46.419+0000 7f434fe00700 1 --2- 172.21.15.142:0/3087181305 >> [v2:172.21.15.142:3300/0,v1:172.21.15.142:6789/0] conn(0x7f4350106590 0x7f43501069b0 secure :-1 s=READY pgs=82 cs=0 l=1 rev1=1 crypto rx=0x7f4340009e80 tx=0x7f434000b330 comp rx=0 tx=0).ready entity=mon.0 client_cookie=8e99472aa7bbaf99 server_cookie=0 in_seq=0 out_seq=0
2024-04-20T21:46:47.553 INFO:teuthology.orchestra.run.smithi142.stdout:/usr/bin/ceph: stderr
2024-04-20T21:46:46.419+0000 7f434f400700 1 -- 172.21.15.142:0/3087181305 <== mon.0 v2:172.21.15.142:3300/0 1 ==== mon_map magic: 0 v1 ==== 229+0+0 (secure 0 0 0) 0x7f434000e070 con 0x7f4350106590
2024-04-20T21:46:47.553 INFO:teuthology.orchestra.run.smithi142.stdout:/usr/bin/ceph: stderr
2024-04-20T21:46:46.419+0000 7f434f400700 1 -- 172.21.15.142:0/3087181305 <== mon.0 v2:172.21.15.142:3300/0 2 ==== config(27 keys) v1 ==== 1109+0+0 (secure 0 0 0) 0x7f434000b8c0 con 0x7f4350106590
2024-04-20T21:46:47.554 INFO:teuthology.orchestra.run.smithi142.stdout:/usr/bin/ceph: stderr
2024-04-20T21:46:46.419+0000 7f434f400700 1 -- 172.21.15.142:0/3087181305 <== mon.0 v2:172.21.15.142:3300/0 3 ==== mon_map magic: 0 v1 ==== 229+0+0 (secure 0 0 0) 0x7f43400044d0 con 0x7f4350106590
2024-04-20T21:46:47.554 INFO:teuthology.orchestra.run.smithi142.stdout:/usr/bin/ceph: stderr
2024-04-20T21:46:46.420+0000 7f4356e00700 1 -- 172.21.15.142:0/3087181305 >> [v2:172.21.15.142:3300/0,v1:172.21.15.142:6789/0] conn(0x7f4350106590 msgr2=0x7f43501069b0 secure :-1 s=STATE_CONNECTION_ESTABLISHED l=1).mark_down
2024-04-20T21:46:47.554 INFO:teuthology.orchestra.run.smithi142.stdout:/usr/bin/ceph: stderr
2024-04-20T21:46:46.420+0000 7f4356e00700 1 --2- 172.21.15.142:0/3087181305 >> [v2:172.21.15.142:3300/0,v1:172.21.15.142:6789/0] conn(0x7f4350106590 0x7f43501069b0 secure :-1 s=READY pgs=82 cs=0 l=1 rev1=1 crypto rx=0x7f4340009e80 tx=0x7f434000b330 comp rx=0 tx=0).stop
2024-04-20T21:46:47.554 INFO:teuthology.orchestra.run.smithi142.stdout:/usr/bin/ceph: stderr
2024-04-20T21:46:46.420+0000 7f4356e00700 1 -- 172.21.15.142:0/3087181305 shutdown_connections
2024-04-20T21:46:47.554 INFO:teuthology.orchestra.run.smithi142.stdout:/usr/bin/ceph: stderr
2024-04-20T21:46:46.420+0000 7f4356e00700 1 --2- 172.21.15.142:0/3087181305 >> [v2:172.21.15.142:3300/0,v1:172.21.15.142:6789/0] conn(0x7f4350106590 0x7f43501069b0 unknown :-1 s=CLOSED pgs=82 cs=0 l=1 rev1=1 crypto rx=0 tx=0 comp rx=0 tx=0).stop
2024-04-20T21:46:47.554 INFO:teuthology.orchestra.run.smithi142.stdout:/usr/bin/ceph: stderr
2024-04-20T21:46:46.420+0000 7f4356e00700 1 -- 172.21.15.142:0/3087181305 >> 172.21.15.142:0/3087181305 conn(0x7f4350101b70 msgr2=0x7f4350103f90 unknown :-1 s=STATE_NONE l=0).mark_down
2024-04-20T21:46:47.554 INFO:teuthology.orchestra.run.smithi142.stdout:/usr/bin/ceph: stderr
2024-04-20T21:46:46.420+0000 7f4356e00700 1 -- 172.21.15.142:0/3087181305 shutdown_connections
2024-04-20T21:46:47.554 INFO:teuthology.orchestra.run.smithi142.stdout:/usr/bin/ceph: stderr
2024-04-20T21:46:46.420+0000 7f4356e00700 1 -- 172.21.15.142:0/3087181305 wait complete.
2024-04-20T21:46:47.554 INFO:teuthology.orchestra.run.smithi142.stdout:/usr/bin/ceph: stderr
2024-04-20T21:46:46.421+0000 7f4356e00700 1 Processor -- start
2024-04-20T21:46:47.554 INFO:teuthology.orchestra.run.smithi142.stdout:/usr/bin/ceph: stderr
2024-04-20T21:46:46.421+0000 7f4356e00700 1 -- start start
2024-04-20T21:46:47.554 INFO:teuthology.orchestra.run.smithi142.stdout:/usr/bin/ceph: stderr
2024-04-20T21:46:46.422+0000 7f4356e00700 1 --2- >> [v2:172.21.15.142:3300/0,v1:172.21.15.142:6789/0] conn(0x7f4350106590 0x7f435007aa30 unknown :-1 s=NONE pgs=0 cs=0 l=1 rev1=0 crypto rx=0 tx=0 comp rx=0 tx=0).connect
2024-04-20T21:46:47.554 INFO:teuthology.orchestra.run.smithi142.stdout:/usr/bin/ceph: stderr
2024-04-20T21:46:46.422+0000 7f4356e00700 1 -- --> [v2:172.21.15.142:3300/0,v1:172.21.15.142:6789/0] -- mon_getmap magic: 0 v1 -- 0x7f435007af70 con 0x7f4350106590
2024-04-20T21:46:47.554 INFO:teuthology.orchestra.run.smithi142.stdout:/usr/bin/ceph: stderr
2024-04-20T21:46:46.422+0000 7f434fe00700 1 --2- >> [v2:172.21.15.142:3300/0,v1:172.21.15.142:6789/0] conn(0x7f4350106590 0x7f435007aa30 unknown :-1 s=BANNER_CONNECTING pgs=0 cs=0 l=1 rev1=0 crypto rx=0 tx=0 comp rx=0 tx=0)._handle_peer_banner_payload supported=3 required=0
2024-04-20T21:46:47.555 INFO:teuthology.orchestra.run.smithi142.stdout:/usr/bin/ceph: stderr
2024-04-20T21:46:46.422+0000 7f434fe00700 1 --2- >> [v2:172.21.15.142:3300/0,v1:172.21.15.142:6789/0] conn(0x7f4350106590 0x7f435007aa30 unknown :-1 s=HELLO_CONNECTING pgs=0 cs=0 l=1 rev1=1 crypto rx=0 tx=0 comp rx=0 tx=0).handle_hello peer v2:172.21.15.142:3300/0 says I am v2:172.21.15.142:38084/0 (socket says 172.21.15.142:38084)
2024-04-20T21:46:47.555 INFO:teuthology.orchestra.run.smithi142.stdout:/usr/bin/ceph: stderr
2024-04-20T21:46:46.422+0000 7f434fe00700 1 -- 172.21.15.142:0/2802312214 learned_addr learned my addr 172.21.15.142:0/2802312214 (peer_addr_for_me v2:172.21.15.142:0/0)
2024-04-20T21:46:47.555 INFO:teuthology.orchestra.run.smithi142.stdout:/usr/bin/ceph: stderr
2024-04-20T21:46:46.422+0000 7f434fe00700 1 -- 172.21.15.142:0/2802312214 --> [v2:172.21.15.142:3300/0,v1:172.21.15.142:6789/0] -- mon_subscribe({config=0+,monmap=0+}) v3 -- 0x7f4340009b30 con 0x7f4350106590
2024-04-20T21:46:47.555 INFO:teuthology.orchestra.run.smithi142.stdout:/usr/bin/ceph: stderr
2024-04-20T21:46:46.423+0000 7f434fe00700 1 --2- 172.21.15.142:0/2802312214 >> [v2:172.21.15.142:3300/0,v1:172.21.15.142:6789/0] conn(0x7f4350106590 0x7f435007aa30 secure :-1 s=READY pgs=83 cs=0 l=1 rev1=1 crypto rx=0x7f43400072a0 tx=0x7f434000bf70 comp rx=0 tx=0).ready entity=mon.0 client_cookie=0 server_cookie=0 in_seq=0 out_seq=0
2024-04-20T21:46:47.555 INFO:teuthology.orchestra.run.smithi142.stdout:/usr/bin/ceph: stderr
2024-04-20T21:46:46.423+0000 7f434d600700 1 -- 172.21.15.142:0/2802312214 <== mon.0 v2:172.21.15.142:3300/0 1 ==== mon_map magic: 0 v1 ==== 229+0+0 (secure 0 0 0) 0x7f434000e040 con 0x7f4350106590
2024-04-20T21:46:47.555 INFO:teuthology.orchestra.run.smithi142.stdout:/usr/bin/ceph: stderr
2024-04-20T21:46:46.423+0000 7f434d600700 1 -- 172.21.15.142:0/2802312214 <== mon.0 v2:172.21.15.142:3300/0 2 ==== config(27 keys) v1 ==== 1109+0+0 (secure 0 0 0) 0x7f4340003dc0 con 0x7f4350106590
2024-04-20T21:46:47.555 INFO:teuthology.orchestra.run.smithi142.stdout:/usr/bin/ceph: stderr
2024-04-20T21:46:46.423+0000 7f434d600700 1 -- 172.21.15.142:0/2802312214 <== mon.0 v2:172.21.15.142:3300/0 3 ==== mon_map magic: 0 v1 ==== 229+0+0 (secure 0 0 0) 0x7f4340012600 con 0x7f4350106590
2024-04-20T21:46:47.555 INFO:teuthology.orchestra.run.smithi142.stdout:/usr/bin/ceph: stderr
2024-04-20T21:46:46.423+0000 7f4356e00700 1 -- 172.21.15.142:0/2802312214 --> [v2:172.21.15.142:3300/0,v1:172.21.15.142:6789/0] -- mon_subscribe({mgrmap=0+}) v3 -- 0x7f43500791b0 con 0x7f4350106590
2024-04-20T21:46:47.555 INFO:teuthology.orchestra.run.smithi142.stdout:/usr/bin/ceph: stderr
2024-04-20T21:46:46.423+0000 7f4356e00700 1 -- 172.21.15.142:0/2802312214 --> [v2:172.21.15.142:3300/0,v1:172.21.15.142:6789/0] -- mon_subscribe({osdmap=0}) v3 -- 0x7f43500796b0 con 0x7f4350106590
2024-04-20T21:46:47.555 INFO:teuthology.orchestra.run.smithi142.stdout:/usr/bin/ceph: stderr
2024-04-20T21:46:46.424+0000 7f4356e00700 1 -- 172.21.15.142:0/2802312214 --> [v2:172.21.15.142:3300/0,v1:172.21.15.142:6789/0] -- mon_command({"prefix": "get_command_descriptions"} v 0) v1 -- 0x7f4350062510 con 0x7f4350106590
2024-04-20T21:46:47.555 INFO:teuthology.orchestra.run.smithi142.stdout:/usr/bin/ceph: stderr
2024-04-20T21:46:46.425+0000 7f434d600700 1 -- 172.21.15.142:0/2802312214 <== mon.0 v2:172.21.15.142:3300/0 4 ==== mgrmap(e 12) v1 ==== 45569+0+0 (secure 0 0 0) 0x7f4340019040 con 0x7f4350106590
2024-04-20T21:46:47.555 INFO:teuthology.orchestra.run.smithi142.stdout:/usr/bin/ceph: stderr
2024-04-20T21:46:46.425+0000 7f434d600700 1 --2- 172.21.15.142:0/2802312214 >> [v2:172.21.15.142:6800/3464616902,v1:172.21.15.142:6801/3464616902] conn(0x7f4334038710 0x7f433403abd0 unknown :-1 s=NONE pgs=0 cs=0 l=1 rev1=0 crypto rx=0 tx=0 comp rx=0 tx=0).connect
2024-04-20T21:46:47.555 INFO:teuthology.orchestra.run.smithi142.stdout:/usr/bin/ceph: stderr
2024-04-20T21:46:46.425+0000 7f434d600700 1 -- 172.21.15.142:0/2802312214 <== mon.0 v2:172.21.15.142:3300/0 5 ==== osd_map(3..3 src has 1..3) v4 ==== 1155+0+0 (secure 0 0 0) 0x7f434004c520 con 0x7f4350106590
2024-04-20T21:46:47.555 INFO:teuthology.orchestra.run.smithi142.stdout:/usr/bin/ceph: stderr
2024-04-20T21:46:46.425+0000 7f4347e00700 1 --2- 172.21.15.142:0/2802312214 >> [v2:172.21.15.142:6800/3464616902,v1:172.21.15.142:6801/3464616902] conn(0x7f4334038710 0x7f433403abd0 unknown :-1 s=BANNER_CONNECTING pgs=0 cs=0 l=1 rev1=0 crypto rx=0 tx=0 comp rx=0 tx=0)._handle_peer_banner_payload supported=3 required=0
2024-04-20T21:46:47.556 INFO:teuthology.orchestra.run.smithi142.stdout:/usr/bin/ceph: stderr
2024-04-20T21:46:46.426+0000 7f4347e00700 1 --2- 172.21.15.142:0/2802312214 >> [v2:172.21.15.142:6800/3464616902,v1:172.21.15.142:6801/3464616902] conn(0x7f4334038710 0x7f433403abd0 secure :-1 s=READY pgs=7 cs=0 l=1 rev1=1 crypto rx=0x7f4338006fd0 tx=0x7f4338006e40 comp rx=0 tx=0).ready entity=mgr.14164 client_cookie=0 server_cookie=0 in_seq=0 out_seq=0
2024-04-20T21:46:47.556 INFO:teuthology.orchestra.run.smithi142.stdout:/usr/bin/ceph: stderr
2024-04-20T21:46:46.431+0000 7f434d600700 1 -- 172.21.15.142:0/2802312214 <== mon.0 v2:172.21.15.142:3300/0 6 ==== mon_command_ack([{"prefix": "get_command_descriptions"}]=0 v0) v1 ==== 72+0+183351 (secure 0 0 0) 0x7f434001b430 con 0x7f4350106590
2024-04-20T21:46:47.556 INFO:teuthology.orchestra.run.smithi142.stdout:/usr/bin/ceph: stderr
2024-04-20T21:46:46.656+0000 7f4356e00700 1 -- 172.21.15.142:0/2802312214 --> [v2:172.21.15.142:6800/3464616902,v1:172.21.15.142:6801/3464616902] -- mgr_command(tid 0: {"prefix": "dashboard create-self-signed-cert", "target": ["mon-mgr", ""]}) v1 -- 0x7f4350079c10 con 0x7f4334038710
2024-04-20T21:46:47.556 INFO:teuthology.orchestra.run.smithi142.stdout:/usr/bin/ceph: stderr
2024-04-20T21:46:46.798+0000 7f434d600700 1 -- 172.21.15.142:0/2802312214 <== mgr.14164 v2:172.21.15.142:6800/3464616902 1 ==== mgr_command_reply(tid 0: 0 ) v1 ==== 8+0+32 (secure 0 0 0) 0x7f4350079c10 con 0x7f4334038710
2024-04-20T21:46:47.556 INFO:teuthology.orchestra.run.smithi142.stdout:/usr/bin/ceph: stderr
2024-04-20T21:46:46.801+0000 7f4356e00700 1 -- 172.21.15.142:0/2802312214 >> [v2:172.21.15.142:6800/3464616902,v1:172.21.15.142:6801/3464616902] conn(0x7f4334038710 msgr2=0x7f433403abd0 secure :-1 s=STATE_CONNECTION_ESTABLISHED l=1).mark_down
2024-04-20T21:46:47.556 INFO:teuthology.orchestra.run.smithi142.stdout:/usr/bin/ceph: stderr
2024-04-20T21:46:46.801+0000 7f4356e00700 1 --2- 172.21.15.142:0/2802312214 >> [v2:172.21.15.142:6800/3464616902,v1:172.21.15.142:6801/3464616902] conn(0x7f4334038710 0x7f433403abd0 secure :-1 s=READY pgs=7 cs=0 l=1 rev1=1 crypto rx=0x7f4338006fd0 tx=0x7f4338006e40 comp rx=0 tx=0).stop
2024-04-20T21:46:47.556 INFO:teuthology.orchestra.run.smithi142.stdout:/usr/bin/ceph: stderr
2024-04-20T21:46:46.801+0000 7f4356e00700 1 -- 172.21.15.142:0/2802312214 >> [v2:172.21.15.142:3300/0,v1:172.21.15.142:6789/0] conn(0x7f4350106590 msgr2=0x7f435007aa30 secure :-1 s=STATE_CONNECTION_ESTABLISHED l=1).mark_down
2024-04-20T21:46:47.556 INFO:teuthology.orchestra.run.smithi142.stdout:/usr/bin/ceph: stderr
2024-04-20T21:46:46.801+0000 7f4356e00700 1 --2- 172.21.15.142:0/2802312214 >> [v2:172.21.15.142:3300/0,v1:172.21.15.142:6789/0] conn(0x7f4350106590 0x7f435007aa30 secure :-1 s=READY pgs=83 cs=0 l=1 rev1=1 crypto rx=0x7f43400072a0 tx=0x7f434000bf70 comp rx=0 tx=0).stop
2024-04-20T21:46:47.556 INFO:teuthology.orchestra.run.smithi142.stdout:/usr/bin/ceph: stderr
2024-04-20T21:46:46.801+0000 7f4356e00700 1 -- 172.21.15.142:0/2802312214 shutdown_connections
2024-04-20T21:46:47.556 INFO:teuthology.orchestra.run.smithi142.stdout:/usr/bin/ceph: stderr
2024-04-20T21:46:46.801+0000 7f4356e00700 1 --2- 172.21.15.142:0/2802312214 >> [v2:172.21.15.142:6800/3464616902,v1:172.21.15.142:6801/3464616902] conn(0x7f4334038710 0x7f433403abd0 unknown :-1 s=CLOSED pgs=7 cs=0 l=1 rev1=1 crypto rx=0 tx=0 comp rx=0 tx=0).stop
2024-04-20T21:46:47.556 INFO:teuthology.orchestra.run.smithi142.stdout:/usr/bin/ceph: stderr
2024-04-20T21:46:46.801+0000 7f4356e00700 1 --2- 172.21.15.142:0/2802312214 >> [v2:172.21.15.142:3300/0,v1:172.21.15.142:6789/0] conn(0x7f4350106590 0x7f435007aa30 unknown :-1 s=CLOSED pgs=83 cs=0 l=1 rev1=1 crypto rx=0 tx=0 comp rx=0 tx=0).stop
2024-04-20T21:46:47.556 INFO:teuthology.orchestra.run.smithi142.stdout:/usr/bin/ceph: stderr
2024-04-20T21:46:46.801+0000 7f4356e00700 1 -- 172.21.15.142:0/2802312214 >> 172.21.15.142:0/2802312214 conn(0x7f4350101b70 msgr2=0x7f4350102740 unknown :-1 s=STATE_NONE l=0).mark_down
2024-04-20T21:46:47.556 INFO:teuthology.orchestra.run.smithi142.stdout:/usr/bin/ceph: stderr
2024-04-20T21:46:46.801+0000 7f4356e00700 1 -- 172.21.15.142:0/2802312214 shutdown_connections
2024-04-20T21:46:47.556 INFO:teuthology.orchestra.run.smithi142.stdout:/usr/bin/ceph: stderr
2024-04-20T21:46:46.801+0000 7f4356e00700 1 -- 172.21.15.142:0/2802312214 wait complete.
2024-04-20T21:46:47.556 INFO:teuthology.orchestra.run.smithi142.stdout:Creating initial admin user...
2024-04-20T21:46:47.735 INFO:journalctl@ceph.mon.smithi142.smithi142.stdout:Apr 20 21:46:47 smithi142 ceph-mon[15828]: from='client.14176 -' entity='client.admin' cmd=[{"prefix": "dashboard create-self-signed-cert", "target": ["mon-mgr", ""]}]: dispatch
2024-04-20T21:46:47.735 INFO:journalctl@ceph.mon.smithi142.smithi142.stdout:Apr 20 21:46:47 smithi142 ceph-mon[15828]: from='mgr.14164 172.21.15.142:0/3075150169' entity='mgr.smithi142.zzmcfz'
2024-04-20T21:46:47.735 INFO:journalctl@ceph.mon.smithi142.smithi142.stdout:Apr 20 21:46:47 smithi142 ceph-mon[15828]: from='mgr.14164 172.21.15.142:0/3075150169' entity='mgr.smithi142.zzmcfz'
2024-04-20T21:46:48.695 INFO:journalctl@ceph.mon.smithi142.smithi142.stdout:Apr 20 21:46:48 smithi142 ceph-mon[15828]: from='mgr.14164 172.21.15.142:0/3075150169' entity='mgr.smithi142.zzmcfz'
2024-04-20T21:46:49.770 INFO:journalctl@ceph.mon.smithi142.smithi142.stdout:Apr 20 21:46:49 smithi142 ceph-mon[15828]: from='client.14178 -' entity='client.admin' cmd=[{"prefix": "dashboard ac-user-create", "username": "admin", "rolename": "administrator", "force_password": true, "pwd_update_required": true, "target": ["mon-mgr", ""]}]: dispatch
2024-04-20T21:46:49.771 INFO:journalctl@ceph.mon.smithi142.smithi142.stdout:Apr 20 21:46:49 smithi142 ceph-mon[15828]: from='mgr.14164 172.21.15.142:0/3075150169' entity='mgr.smithi142.zzmcfz'
2024-04-20T21:46:50.090 INFO:teuthology.orchestra.run.smithi142.stdout:/usr/bin/ceph: stdout {"username": "admin", "password": "$2b$12$2crzXT1lfV1/D2afw2NxzeRHTuNJ.o/oxaOujI9mhNjazjY75hHku", "roles": ["administrator"], "name": null, "email": null, "lastUpdate": 1713649608, "enabled": true, "pwdExpirationDate": null, "pwdUpdateRequired": true}
2024-04-20T21:46:50.090 INFO:teuthology.orchestra.run.smithi142.stdout:/usr/bin/ceph: stderr
2024-04-20T21:46:48.165+0000 7fec28400700 1 Processor -- start
2024-04-20T21:46:50.090 INFO:teuthology.orchestra.run.smithi142.stdout:/usr/bin/ceph: stderr
2024-04-20T21:46:48.166+0000 7fec28400700 1 -- start start
2024-04-20T21:46:50.090 INFO:teuthology.orchestra.run.smithi142.stdout:/usr/bin/ceph: stderr
2024-04-20T21:46:48.166+0000 7fec28400700 1 --2- >> [v2:172.21.15.142:3300/0,v1:172.21.15.142:6789/0] conn(0x7fec2010d0d0 0x7fec2010d4f0 unknown :-1 s=NONE pgs=0 cs=0 l=0 rev1=0 crypto rx=0 tx=0 comp rx=0 tx=0).connect
2024-04-20T21:46:50.090 INFO:teuthology.orchestra.run.smithi142.stdout:/usr/bin/ceph: stderr
2024-04-20T21:46:48.166+0000 7fec28400700 1 -- --> [v2:172.21.15.142:3300/0,v1:172.21.15.142:6789/0] -- mon_getmap magic: 0 v1 -- 0x7fec2010dac0 con 0x7fec2010d0d0
2024-04-20T21:46:50.090 INFO:teuthology.orchestra.run.smithi142.stdout:/usr/bin/ceph: stderr
2024-04-20T21:46:48.166+0000 7fec25a00700 1 --2- >> [v2:172.21.15.142:3300/0,v1:172.21.15.142:6789/0] conn(0x7fec2010d0d0 0x7fec2010d4f0 unknown :-1 s=BANNER_CONNECTING pgs=0 cs=0 l=0 rev1=0 crypto rx=0 tx=0 comp rx=0 tx=0)._handle_peer_banner_payload supported=3 required=0
2024-04-20T21:46:50.095 INFO:teuthology.orchestra.run.smithi142.stdout:/usr/bin/ceph: stderr
2024-04-20T21:46:48.167+0000 7fec25a00700 1 --2- >> [v2:172.21.15.142:3300/0,v1:172.21.15.142:6789/0] conn(0x7fec2010d0d0 0x7fec2010d4f0 unknown :-1 s=HELLO_CONNECTING pgs=0 cs=0 l=0 rev1=1 crypto rx=0 tx=0 comp rx=0 tx=0).handle_hello peer v2:172.21.15.142:3300/0 says I am v2:172.21.15.142:41280/0 (socket says 172.21.15.142:41280)
2024-04-20T21:46:50.095 INFO:teuthology.orchestra.run.smithi142.stdout:/usr/bin/ceph: stderr
2024-04-20T21:46:48.167+0000 7fec25a00700 1 -- 172.21.15.142:0/438713584 learned_addr learned my addr 172.21.15.142:0/438713584 (peer_addr_for_me v2:172.21.15.142:0/0)
2024-04-20T21:46:50.095 INFO:teuthology.orchestra.run.smithi142.stdout:/usr/bin/ceph: stderr
2024-04-20T21:46:48.167+0000 7fec25a00700 1 -- 172.21.15.142:0/438713584 --> [v2:172.21.15.142:3300/0,v1:172.21.15.142:6789/0] -- mon_subscribe({config=0+,monmap=0+}) v3 -- 0x7fec2010dda0 con 0x7fec2010d0d0
2024-04-20T21:46:50.095 INFO:teuthology.orchestra.run.smithi142.stdout:/usr/bin/ceph: stderr
2024-04-20T21:46:48.167+0000 7fec25a00700 1 --2- 172.21.15.142:0/438713584 >> [v2:172.21.15.142:3300/0,v1:172.21.15.142:6789/0] conn(0x7fec2010d0d0 0x7fec2010d4f0 secure :-1 s=READY pgs=84 cs=0 l=1 rev1=1 crypto rx=0x7fec140098a0 tx=0x7fec14009bb0 comp rx=0 tx=0).ready entity=mon.0 client_cookie=6e84665db2a92922 server_cookie=0 in_seq=0 out_seq=0
2024-04-20T21:46:50.095 INFO:teuthology.orchestra.run.smithi142.stdout:/usr/bin/ceph: stderr
2024-04-20T21:46:48.168+0000 7fec1fe00700 1 -- 172.21.15.142:0/438713584 <== mon.0 v2:172.21.15.142:3300/0 1 ==== mon_map magic: 0 v1 ==== 229+0+0 (secure 0 0 0) 0x7fec14004180 con 0x7fec2010d0d0
2024-04-20T21:46:50.096 INFO:teuthology.orchestra.run.smithi142.stdout:/usr/bin/ceph: stderr
2024-04-20T21:46:48.168+0000 7fec1fe00700 1 -- 172.21.15.142:0/438713584 <== mon.0 v2:172.21.15.142:3300/0 2 ==== config(27 keys) v1 ==== 1109+0+0 (secure 0 0 0) 0x7fec140042e0 con 0x7fec2010d0d0
2024-04-20T21:46:50.096 INFO:teuthology.orchestra.run.smithi142.stdout:/usr/bin/ceph: stderr
2024-04-20T21:46:48.168+0000 7fec1fe00700 1 -- 172.21.15.142:0/438713584 <== mon.0 v2:172.21.15.142:3300/0 3 ==== mon_map magic: 0 v1 ==== 229+0+0 (secure 0 0 0) 0x7fec14011b10 con 0x7fec2010d0d0
2024-04-20T21:46:50.096 INFO:teuthology.orchestra.run.smithi142.stdout:/usr/bin/ceph: stderr
2024-04-20T21:46:48.168+0000 7fec28400700 1 -- 172.21.15.142:0/438713584 >> [v2:172.21.15.142:3300/0,v1:172.21.15.142:6789/0] conn(0x7fec2010d0d0 msgr2=0x7fec2010d4f0 secure :-1 s=STATE_CONNECTION_ESTABLISHED l=1).mark_down
2024-04-20T21:46:50.096 INFO:teuthology.orchestra.run.smithi142.stdout:/usr/bin/ceph: stderr
2024-04-20T21:46:48.168+0000 7fec28400700 1 --2- 172.21.15.142:0/438713584 >> [v2:172.21.15.142:3300/0,v1:172.21.15.142:6789/0] conn(0x7fec2010d0d0 0x7fec2010d4f0 secure :-1 s=READY pgs=84 cs=0 l=1 rev1=1 crypto rx=0x7fec140098a0 tx=0x7fec14009bb0 comp rx=0 tx=0).stop
2024-04-20T21:46:50.096 INFO:teuthology.orchestra.run.smithi142.stdout:/usr/bin/ceph: stderr
2024-04-20T21:46:48.169+0000 7fec28400700 1 -- 172.21.15.142:0/438713584 shutdown_connections
2024-04-20T21:46:50.096 INFO:teuthology.orchestra.run.smithi142.stdout:/usr/bin/ceph: stderr
2024-04-20T21:46:48.169+0000 7fec28400700 1 --2- 172.21.15.142:0/438713584 >> [v2:172.21.15.142:3300/0,v1:172.21.15.142:6789/0] conn(0x7fec2010d0d0 0x7fec2010d4f0 unknown :-1 s=CLOSED pgs=84 cs=0 l=1 rev1=1 crypto rx=0 tx=0 comp rx=0 tx=0).stop
2024-04-20T21:46:50.096 INFO:teuthology.orchestra.run.smithi142.stdout:/usr/bin/ceph: stderr
2024-04-20T21:46:48.169+0000 7fec28400700 1 -- 172.21.15.142:0/438713584 >> 172.21.15.142:0/438713584 conn(0x7fec2007bc20 msgr2=0x7fec2007e040 unknown :-1 s=STATE_NONE l=0).mark_down
2024-04-20T21:46:50.096 INFO:teuthology.orchestra.run.smithi142.stdout:/usr/bin/ceph: stderr
2024-04-20T21:46:48.169+0000 7fec28400700 1 -- 172.21.15.142:0/438713584 shutdown_connections
2024-04-20T21:46:50.096 INFO:teuthology.orchestra.run.smithi142.stdout:/usr/bin/ceph: stderr
2024-04-20T21:46:48.169+0000 7fec28400700 1 -- 172.21.15.142:0/438713584 wait complete.
2024-04-20T21:46:50.096 INFO:teuthology.orchestra.run.smithi142.stdout:/usr/bin/ceph: stderr
2024-04-20T21:46:48.170+0000 7fec28400700 1 Processor -- start
2024-04-20T21:46:50.096 INFO:teuthology.orchestra.run.smithi142.stdout:/usr/bin/ceph: stderr
2024-04-20T21:46:48.170+0000 7fec28400700 1 -- start start
2024-04-20T21:46:50.096 INFO:teuthology.orchestra.run.smithi142.stdout:/usr/bin/ceph: stderr
2024-04-20T21:46:48.171+0000 7fec28400700 1 --2- >> [v2:172.21.15.142:3300/0,v1:172.21.15.142:6789/0] conn(0x7fec2010d0d0 0x7fec201a0930 unknown :-1 s=NONE pgs=0 cs=0 l=1 rev1=0 crypto rx=0 tx=0 comp rx=0 tx=0).connect
2024-04-20T21:46:50.096 INFO:teuthology.orchestra.run.smithi142.stdout:/usr/bin/ceph: stderr
2024-04-20T21:46:48.171+0000 7fec28400700 1 -- --> [v2:172.21.15.142:3300/0,v1:172.21.15.142:6789/0] -- mon_getmap magic: 0 v1 -- 0x7fec201a0e70 con 0x7fec2010d0d0
2024-04-20T21:46:50.096 INFO:teuthology.orchestra.run.smithi142.stdout:/usr/bin/ceph: stderr
2024-04-20T21:46:48.171+0000 7fec25a00700 1 --2- >> [v2:172.21.15.142:3300/0,v1:172.21.15.142:6789/0] conn(0x7fec2010d0d0 0x7fec201a0930 unknown :-1 s=BANNER_CONNECTING pgs=0 cs=0 l=1 rev1=0 crypto rx=0 tx=0 comp rx=0 tx=0)._handle_peer_banner_payload supported=3 required=0
2024-04-20T21:46:50.096 INFO:teuthology.orchestra.run.smithi142.stdout:/usr/bin/ceph: stderr
2024-04-20T21:46:48.171+0000 7fec25a00700 1 --2- >> [v2:172.21.15.142:3300/0,v1:172.21.15.142:6789/0] conn(0x7fec2010d0d0 0x7fec201a0930 unknown :-1 s=HELLO_CONNECTING pgs=0 cs=0 l=1 rev1=1 crypto rx=0 tx=0 comp rx=0 tx=0).handle_hello peer v2:172.21.15.142:3300/0 says I am v2:172.21.15.142:41296/0 (socket says 172.21.15.142:41296)
2024-04-20T21:46:50.097 INFO:teuthology.orchestra.run.smithi142.stdout:/usr/bin/ceph: stderr
2024-04-20T21:46:48.171+0000 7fec25a00700 1 -- 172.21.15.142:0/367999423 learned_addr learned my addr 172.21.15.142:0/367999423 (peer_addr_for_me v2:172.21.15.142:0/0)
2024-04-20T21:46:50.097 INFO:teuthology.orchestra.run.smithi142.stdout:/usr/bin/ceph: stderr
2024-04-20T21:46:48.171+0000 7fec25a00700 1 -- 172.21.15.142:0/367999423 --> [v2:172.21.15.142:3300/0,v1:172.21.15.142:6789/0] -- mon_subscribe({config=0+,monmap=0+}) v3 -- 0x7fec14009550 con 0x7fec2010d0d0
2024-04-20T21:46:50.097 INFO:teuthology.orchestra.run.smithi142.stdout:/usr/bin/ceph: stderr
2024-04-20T21:46:48.172+0000 7fec25a00700 1 --2- 172.21.15.142:0/367999423 >> [v2:172.21.15.142:3300/0,v1:172.21.15.142:6789/0] conn(0x7fec2010d0d0 0x7fec201a0930 secure :-1 s=READY pgs=85 cs=0 l=1 rev1=1 crypto rx=0x7fec140117b0 tx=0x7fec14011890 comp rx=0 tx=0).ready entity=mon.0 client_cookie=0 server_cookie=0 in_seq=0 out_seq=0
2024-04-20T21:46:50.097 INFO:teuthology.orchestra.run.smithi142.stdout:/usr/bin/ceph: stderr
2024-04-20T21:46:48.172+0000 7fec1e000700 1 -- 172.21.15.142:0/367999423 <== mon.0 v2:172.21.15.142:3300/0 1 ==== mon_map magic: 0 v1 ==== 229+0+0 (secure 0 0 0) 0x7fec140038b0 con 0x7fec2010d0d0
2024-04-20T21:46:50.097 INFO:teuthology.orchestra.run.smithi142.stdout:/usr/bin/ceph: stderr
2024-04-20T21:46:48.172+0000 7fec1e000700 1 -- 172.21.15.142:0/367999423 <== mon.0 v2:172.21.15.142:3300/0 2 ==== config(27 keys) v1 ==== 1109+0+0 (secure 0 0 0) 0x7fec14003a10 con 0x7fec2010d0d0
2024-04-20T21:46:50.097 INFO:teuthology.orchestra.run.smithi142.stdout:/usr/bin/ceph: stderr
2024-04-20T21:46:48.172+0000 7fec1e000700 1 -- 172.21.15.142:0/367999423 <== mon.0 v2:172.21.15.142:3300/0 3 ==== mon_map magic: 0 v1 ==== 229+0+0 (secure 0 0 0) 0x7fec140246e0 con 0x7fec2010d0d0
2024-04-20T21:46:50.097 INFO:teuthology.orchestra.run.smithi142.stdout:/usr/bin/ceph: stderr
2024-04-20T21:46:48.173+0000 7fec28400700 1 -- 172.21.15.142:0/367999423 --> [v2:172.21.15.142:3300/0,v1:172.21.15.142:6789/0] -- mon_subscribe({mgrmap=0+}) v3 -- 0x7fec201a1070 con 0x7fec2010d0d0
2024-04-20T21:46:50.097 INFO:teuthology.orchestra.run.smithi142.stdout:/usr/bin/ceph: stderr
2024-04-20T21:46:48.173+0000 7fec28400700 1 -- 172.21.15.142:0/367999423 --> [v2:172.21.15.142:3300/0,v1:172.21.15.142:6789/0] -- mon_subscribe({osdmap=0}) v3 -- 0x7fec201a1510 con 0x7fec2010d0d0
2024-04-20T21:46:50.097 INFO:teuthology.orchestra.run.smithi142.stdout:/usr/bin/ceph: stderr
2024-04-20T21:46:48.174+0000 7fec28400700 1 -- 172.21.15.142:0/367999423 --> [v2:172.21.15.142:3300/0,v1:172.21.15.142:6789/0] -- mon_command({"prefix": "get_command_descriptions"} v 0) v1 -- 0x7fec20110fd0 con 0x7fec2010d0d0
2024-04-20T21:46:50.097 INFO:teuthology.orchestra.run.smithi142.stdout:/usr/bin/ceph: stderr
2024-04-20T21:46:48.175+0000 7fec1e000700 1 -- 172.21.15.142:0/367999423 <== mon.0 v2:172.21.15.142:3300/0 4 ==== mgrmap(e 12) v1 ==== 45569+0+0 (secure 0 0 0) 0x7fec1401ab80 con 0x7fec2010d0d0
2024-04-20T21:46:50.097 INFO:teuthology.orchestra.run.smithi142.stdout:/usr/bin/ceph: stderr
2024-04-20T21:46:48.175+0000 7fec1e000700 1 --2- 172.21.15.142:0/367999423 >> [v2:172.21.15.142:6800/3464616902,v1:172.21.15.142:6801/3464616902] conn(0x7fec080387c0 0x7fec0803ac80 unknown :-1 s=NONE pgs=0 cs=0 l=1 rev1=0 crypto rx=0 tx=0 comp rx=0 tx=0).connect
2024-04-20T21:46:50.097 INFO:teuthology.orchestra.run.smithi142.stdout:/usr/bin/ceph: stderr
2024-04-20T21:46:48.175+0000 7fec1e000700 1 -- 172.21.15.142:0/367999423 <== mon.0 v2:172.21.15.142:3300/0 5 ==== osd_map(3..3 src has 1..3) v4 ==== 1155+0+0 (secure 0 0 0) 0x7fec1404c9a0 con 0x7fec2010d0d0
2024-04-20T21:46:50.097 INFO:teuthology.orchestra.run.smithi142.stdout:/usr/bin/ceph: stderr
2024-04-20T21:46:48.176+0000 7fec25000700 1 --2- 172.21.15.142:0/367999423 >> [v2:172.21.15.142:6800/3464616902,v1:172.21.15.142:6801/3464616902] conn(0x7fec080387c0 0x7fec0803ac80 unknown :-1 s=BANNER_CONNECTING pgs=0 cs=0 l=1 rev1=0 crypto rx=0 tx=0 comp rx=0 tx=0)._handle_peer_banner_payload supported=3 required=0
2024-04-20T21:46:50.097 INFO:teuthology.orchestra.run.smithi142.stdout:/usr/bin/ceph: stderr
2024-04-20T21:46:48.177+0000 7fec25000700 1 --2- 172.21.15.142:0/367999423 >> [v2:172.21.15.142:6800/3464616902,v1:172.21.15.142:6801/3464616902] conn(0x7fec080387c0 0x7fec0803ac80 secure :-1 s=READY pgs=8 cs=0 l=1 rev1=1 crypto rx=0x7fec0c006fd0 tx=0x7fec0c006e40 comp rx=0 tx=0).ready entity=mgr.14164 client_cookie=0 server_cookie=0 in_seq=0 out_seq=0
2024-04-20T21:46:50.098 INFO:teuthology.orchestra.run.smithi142.stdout:/usr/bin/ceph: stderr
2024-04-20T21:46:48.181+0000 7fec1e000700 1 -- 172.21.15.142:0/367999423 <== mon.0 v2:172.21.15.142:3300/0 6 ==== mon_command_ack([{"prefix": "get_command_descriptions"}]=0 v0) v1 ==== 72+0+183351 (secure 0 0 0) 0x7fec1401a430 con 0x7fec2010d0d0
2024-04-20T21:46:50.098 INFO:teuthology.orchestra.run.smithi142.stdout:/usr/bin/ceph: stderr
2024-04-20T21:46:48.440+0000 7fec28400700 1 -- 172.21.15.142:0/367999423 --> [v2:172.21.15.142:6800/3464616902,v1:172.21.15.142:6801/3464616902] -- mgr_command(tid 0: {"prefix": "dashboard ac-user-create", "username": "admin", "rolename": "administrator", "force_password": true, "pwd_update_required": true, "target": ["mon-mgr", ""]}) v1 -- 0x7fec20062330 con 0x7fec080387c0
2024-04-20T21:46:50.098 INFO:teuthology.orchestra.run.smithi142.stdout:/usr/bin/ceph: stderr
2024-04-20T21:46:48.711+0000 7fec1e000700 1 -- 172.21.15.142:0/367999423 <== mgr.14164 v2:172.21.15.142:6800/3464616902 1 ==== mgr_command_reply(tid 0: 0 ) v1 ==== 8+0+252 (secure 0 0 0) 0x7fec20062330 con 0x7fec080387c0
2024-04-20T21:46:50.098 INFO:teuthology.orchestra.run.smithi142.stdout:/usr/bin/ceph: stderr
2024-04-20T21:46:48.714+0000 7fec28400700 1 -- 172.21.15.142:0/367999423 >> [v2:172.21.15.142:6800/3464616902,v1:172.21.15.142:6801/3464616902] conn(0x7fec080387c0 msgr2=0x7fec0803ac80 secure :-1 s=STATE_CONNECTION_ESTABLISHED l=1).mark_down
2024-04-20T21:46:50.098 INFO:teuthology.orchestra.run.smithi142.stdout:/usr/bin/ceph: stderr
