2024-04-20T21:45:52.468+0000 7f36cea00700 1 --2- >> [v2:172.21.15.142:3300/0,v1:172.21.15.142:6789/0] conn(0x7f36d010d130 0x7f36d010d550 unknown :-1 s=HELLO_CONNECTING pgs=0 cs=0 l=0 rev1=1 crypto rx=0 tx=0 comp rx=0 tx=0).handle_hello peer v2:172.21.15.142:3300/0 says I am v2:172.21.15.142:58998/0 (socket says 172.21.15.142:58998)
2024-04-20T21:45:53.471 INFO:teuthology.orchestra.run.smithi142.stdout:/usr/bin/ceph: stderr
2024-04-20T21:45:52.468+0000 7f36cea00700 1 -- 172.21.15.142:0/42106552 learned_addr learned my addr 172.21.15.142:0/42106552 (peer_addr_for_me v2:172.21.15.142:0/0)
2024-04-20T21:45:53.471 INFO:teuthology.orchestra.run.smithi142.stdout:/usr/bin/ceph: stderr
2024-04-20T21:45:52.468+0000 7f36cea00700 1 -- 172.21.15.142:0/42106552 --> [v2:172.21.15.142:3300/0,v1:172.21.15.142:6789/0] -- mon_subscribe({config=0+,monmap=0+}) v3 -- 0x7f36d010dda0 con 0x7f36d010d130
2024-04-20T21:45:53.471 INFO:teuthology.orchestra.run.smithi142.stdout:/usr/bin/ceph: stderr
2024-04-20T21:45:52.468+0000 7f36cea00700 1 --2- 172.21.15.142:0/42106552 >> [v2:172.21.15.142:3300/0,v1:172.21.15.142:6789/0] conn(0x7f36d010d130 0x7f36d010d550 secure :-1 s=READY pgs=22 cs=0 l=1 rev1=1 crypto rx=0x7f36c00098a0 tx=0x7f36c0009bb0 comp rx=0 tx=0).ready entity=mon.0 client_cookie=2be1d5603f787e0f server_cookie=0 in_seq=0 out_seq=0
2024-04-20T21:45:53.471 INFO:teuthology.orchestra.run.smithi142.stdout:/usr/bin/ceph: stderr
2024-04-20T21:45:52.468+0000 7f36ce000700 1 -- 172.21.15.142:0/42106552 <== mon.0 v2:172.21.15.142:3300/0 1 ==== mon_map magic: 0 v1 ==== 229+0+0 (secure 0 0 0) 0x7f36c0004180 con 0x7f36d010d130
2024-04-20T21:45:53.471 INFO:teuthology.orchestra.run.smithi142.stdout:/usr/bin/ceph: stderr
2024-04-20T21:45:52.469+0000 7f36ce000700 1 -- 172.21.15.142:0/42106552 <== mon.0 v2:172.21.15.142:3300/0 2 ==== config(27 keys) v1 ==== 1042+0+0 (secure 0 0 0) 0x7f36c00042e0 con 0x7f36d010d130
2024-04-20T21:45:53.471 INFO:teuthology.orchestra.run.smithi142.stdout:/usr/bin/ceph: stderr
2024-04-20T21:45:52.469+0000 7f36ce000700 1 -- 172.21.15.142:0/42106552 <== mon.0 v2:172.21.15.142:3300/0 3 ==== mon_map magic: 0 v1 ==== 229+0+0 (secure 0 0 0) 0x7f36c0011a70 con 0x7f36d010d130
2024-04-20T21:45:53.471 INFO:teuthology.orchestra.run.smithi142.stdout:/usr/bin/ceph: stderr
2024-04-20T21:45:52.469+0000 7f36d5c00700 1 -- 172.21.15.142:0/42106552 >> [v2:172.21.15.142:3300/0,v1:172.21.15.142:6789/0] conn(0x7f36d010d130 msgr2=0x7f36d010d550 secure :-1 s=STATE_CONNECTION_ESTABLISHED l=1).mark_down
2024-04-20T21:45:53.471 INFO:teuthology.orchestra.run.smithi142.stdout:/usr/bin/ceph: stderr
2024-04-20T21:45:52.469+0000 7f36d5c00700 1 --2- 172.21.15.142:0/42106552 >> [v2:172.21.15.142:3300/0,v1:172.21.15.142:6789/0] conn(0x7f36d010d130 0x7f36d010d550 secure :-1 s=READY pgs=22 cs=0 l=1 rev1=1 crypto rx=0x7f36c00098a0 tx=0x7f36c0009bb0 comp rx=0 tx=0).stop
2024-04-20T21:45:53.471 INFO:teuthology.orchestra.run.smithi142.stdout:/usr/bin/ceph: stderr
2024-04-20T21:45:52.469+0000 7f36d5c00700 1 -- 172.21.15.142:0/42106552 shutdown_connections
2024-04-20T21:45:53.471 INFO:teuthology.orchestra.run.smithi142.stdout:/usr/bin/ceph: stderr
2024-04-20T21:45:52.469+0000 7f36d5c00700 1 --2- 172.21.15.142:0/42106552 >> [v2:172.21.15.142:3300/0,v1:172.21.15.142:6789/0] conn(0x7f36d010d130 0x7f36d010d550 unknown :-1 s=CLOSED pgs=22 cs=0 l=1 rev1=1 crypto rx=0 tx=0 comp rx=0 tx=0).stop
2024-04-20T21:45:53.471 INFO:teuthology.orchestra.run.smithi142.stdout:/usr/bin/ceph: stderr
2024-04-20T21:45:52.469+0000 7f36d5c00700 1 -- 172.21.15.142:0/42106552 >> 172.21.15.142:0/42106552 conn(0x7f36d007bbf0 msgr2=0x7f36d007e030 unknown :-1 s=STATE_NONE l=0).mark_down
2024-04-20T21:45:53.472 INFO:teuthology.orchestra.run.smithi142.stdout:/usr/bin/ceph: stderr
2024-04-20T21:45:52.470+0000 7f36d5c00700 1 -- 172.21.15.142:0/42106552 shutdown_connections
2024-04-20T21:45:53.472 INFO:teuthology.orchestra.run.smithi142.stdout:/usr/bin/ceph: stderr
2024-04-20T21:45:52.470+0000 7f36d5c00700 1 -- 172.21.15.142:0/42106552 wait complete.
2024-04-20T21:45:53.472 INFO:teuthology.orchestra.run.smithi142.stdout:/usr/bin/ceph: stderr
2024-04-20T21:45:52.470+0000 7f36d5c00700 1 Processor -- start
2024-04-20T21:45:53.472 INFO:teuthology.orchestra.run.smithi142.stdout:/usr/bin/ceph: stderr
2024-04-20T21:45:52.471+0000 7f36d5c00700 1 -- start start
2024-04-20T21:45:53.472 INFO:teuthology.orchestra.run.smithi142.stdout:/usr/bin/ceph: stderr
2024-04-20T21:45:52.471+0000 7f36d5c00700 1 --2- >> [v2:172.21.15.142:3300/0,v1:172.21.15.142:6789/0] conn(0x7f36d010d130 0x7f36d01a08c0 unknown :-1 s=NONE pgs=0 cs=0 l=1 rev1=0 crypto rx=0 tx=0 comp rx=0 tx=0).connect
2024-04-20T21:45:53.472 INFO:teuthology.orchestra.run.smithi142.stdout:/usr/bin/ceph: stderr
2024-04-20T21:45:52.471+0000 7f36d5c00700 1 -- --> [v2:172.21.15.142:3300/0,v1:172.21.15.142:6789/0] -- mon_getmap magic: 0 v1 -- 0x7f36d01a0e00 con 0x7f36d010d130
2024-04-20T21:45:53.472 INFO:teuthology.orchestra.run.smithi142.stdout:/usr/bin/ceph: stderr
2024-04-20T21:45:52.471+0000 7f36cea00700 1 --2- >> [v2:172.21.15.142:3300/0,v1:172.21.15.142:6789/0] conn(0x7f36d010d130 0x7f36d01a08c0 unknown :-1 s=BANNER_CONNECTING pgs=0 cs=0 l=1 rev1=0 crypto rx=0 tx=0 comp rx=0 tx=0)._handle_peer_banner_payload supported=3 required=0
2024-04-20T21:45:53.472 INFO:teuthology.orchestra.run.smithi142.stdout:/usr/bin/ceph: stderr
2024-04-20T21:45:52.471+0000 7f36cea00700 1 --2- >> [v2:172.21.15.142:3300/0,v1:172.21.15.142:6789/0] conn(0x7f36d010d130 0x7f36d01a08c0 unknown :-1 s=HELLO_CONNECTING pgs=0 cs=0 l=1 rev1=1 crypto rx=0 tx=0 comp rx=0 tx=0).handle_hello peer v2:172.21.15.142:3300/0 says I am v2:172.21.15.142:59004/0 (socket says 172.21.15.142:59004)
2024-04-20T21:45:53.472 INFO:teuthology.orchestra.run.smithi142.stdout:/usr/bin/ceph: stderr
2024-04-20T21:45:52.471+0000 7f36cea00700 1 -- 172.21.15.142:0/2747214154 learned_addr learned my addr 172.21.15.142:0/2747214154 (peer_addr_for_me v2:172.21.15.142:0/0)
2024-04-20T21:45:53.472 INFO:teuthology.orchestra.run.smithi142.stdout:/usr/bin/ceph: stderr
2024-04-20T21:45:52.472+0000 7f36cea00700 1 -- 172.21.15.142:0/2747214154 --> [v2:172.21.15.142:3300/0,v1:172.21.15.142:6789/0] -- mon_subscribe({config=0+,monmap=0+}) v3 -- 0x7f36c0009550 con 0x7f36d010d130
2024-04-20T21:45:53.472 INFO:teuthology.orchestra.run.smithi142.stdout:/usr/bin/ceph: stderr
2024-04-20T21:45:52.472+0000 7f36cea00700 1 --2- 172.21.15.142:0/2747214154 >> [v2:172.21.15.142:3300/0,v1:172.21.15.142:6789/0] conn(0x7f36d010d130 0x7f36d01a08c0 secure :-1 s=READY pgs=23 cs=0 l=1 rev1=1 crypto rx=0x7f36c0011710 tx=0x7f36c00047c0 comp rx=0 tx=0).ready entity=mon.0 client_cookie=0 server_cookie=0 in_seq=0 out_seq=0
2024-04-20T21:45:53.472 INFO:teuthology.orchestra.run.smithi142.stdout:/usr/bin/ceph: stderr
2024-04-20T21:45:52.472+0000 7f36c7400700 1 -- 172.21.15.142:0/2747214154 <== mon.0 v2:172.21.15.142:3300/0 1 ==== mon_map magic: 0 v1 ==== 229+0+0 (secure 0 0 0) 0x7f36c0003b10 con 0x7f36d010d130
2024-04-20T21:45:53.472 INFO:teuthology.orchestra.run.smithi142.stdout:/usr/bin/ceph: stderr
2024-04-20T21:45:52.472+0000 7f36c7400700 1 -- 172.21.15.142:0/2747214154 <== mon.0 v2:172.21.15.142:3300/0 2 ==== config(27 keys) v1 ==== 1042+0+0 (secure 0 0 0) 0x7f36c001b8c0 con 0x7f36d010d130
2024-04-20T21:45:53.472 INFO:teuthology.orchestra.run.smithi142.stdout:/usr/bin/ceph: stderr
2024-04-20T21:45:52.472+0000 7f36d5c00700 1 -- 172.21.15.142:0/2747214154 --> [v2:172.21.15.142:3300/0,v1:172.21.15.142:6789/0] -- mon_subscribe({mgrmap=0+}) v3 -- 0x7f36d01a1000 con 0x7f36d010d130
2024-04-20T21:45:53.473 INFO:teuthology.orchestra.run.smithi142.stdout:/usr/bin/ceph: stderr
2024-04-20T21:45:52.472+0000 7f36c7400700 1 -- 172.21.15.142:0/2747214154 <== mon.0 v2:172.21.15.142:3300/0 3 ==== mon_map magic: 0 v1 ==== 229+0+0 (secure 0 0 0) 0x7f36c0019770 con 0x7f36d010d130
2024-04-20T21:45:53.473 INFO:teuthology.orchestra.run.smithi142.stdout:/usr/bin/ceph: stderr
2024-04-20T21:45:52.472+0000 7f36d5c00700 1 -- 172.21.15.142:0/2747214154 --> [v2:172.21.15.142:3300/0,v1:172.21.15.142:6789/0] -- mon_subscribe({osdmap=0}) v3 -- 0x7f36d01a14a0 con 0x7f36d010d130
2024-04-20T21:45:53.473 INFO:teuthology.orchestra.run.smithi142.stdout:/usr/bin/ceph: stderr
2024-04-20T21:45:52.473+0000 7f36d5c00700 1 -- 172.21.15.142:0/2747214154 --> [v2:172.21.15.142:3300/0,v1:172.21.15.142:6789/0] -- mon_command({"prefix": "get_command_descriptions"} v 0) v1 -- 0x7f36d0110fd0 con 0x7f36d010d130
2024-04-20T21:45:53.473 INFO:teuthology.orchestra.run.smithi142.stdout:/usr/bin/ceph: stderr
2024-04-20T21:45:52.473+0000 7f36c7400700 1 -- 172.21.15.142:0/2747214154 <== mon.0 v2:172.21.15.142:3300/0 4 ==== mgrmap(e 4) v1 ==== 45545+0+0 (secure 0 0 0) 0x7f36c001ba30 con 0x7f36d010d130
2024-04-20T21:45:53.473 INFO:teuthology.orchestra.run.smithi142.stdout:/usr/bin/ceph: stderr
2024-04-20T21:45:52.474+0000 7f36c7400700 1 --2- 172.21.15.142:0/2747214154 >> [v2:172.21.15.142:6800/2803679129,v1:172.21.15.142:6801/2803679129] conn(0x7f36b40386d0 0x7f36b403ab90 unknown :-1 s=NONE pgs=0 cs=0 l=1 rev1=0 crypto rx=0 tx=0 comp rx=0 tx=0).connect
2024-04-20T21:45:53.473 INFO:teuthology.orchestra.run.smithi142.stdout:/usr/bin/ceph: stderr
2024-04-20T21:45:52.474+0000 7f36c7400700 1 -- 172.21.15.142:0/2747214154 <== mon.0 v2:172.21.15.142:3300/0 5 ==== osd_map(1..1 src has 1..1) v4 ==== 725+0+0 (secure 0 0 0) 0x7f36c004c890 con 0x7f36d010d130
2024-04-20T21:45:53.473 INFO:teuthology.orchestra.run.smithi142.stdout:/usr/bin/ceph: stderr
2024-04-20T21:45:52.474+0000 7f36c7e00700 1 --2- 172.21.15.142:0/2747214154 >> [v2:172.21.15.142:6800/2803679129,v1:172.21.15.142:6801/2803679129] conn(0x7f36b40386d0 0x7f36b403ab90 unknown :-1 s=BANNER_CONNECTING pgs=0 cs=0 l=1 rev1=0 crypto rx=0 tx=0 comp rx=0 tx=0)._handle_peer_banner_payload supported=3 required=0
2024-04-20T21:45:53.473 INFO:teuthology.orchestra.run.smithi142.stdout:/usr/bin/ceph: stderr
2024-04-20T21:45:52.475+0000 7f36c7e00700 1 --2- 172.21.15.142:0/2747214154 >> [v2:172.21.15.142:6800/2803679129,v1:172.21.15.142:6801/2803679129] conn(0x7f36b40386d0 0x7f36b403ab90 secure :-1 s=READY pgs=8 cs=0 l=1 rev1=1 crypto rx=0x7f36b8006fd0 tx=0x7f36b8006e40 comp rx=0 tx=0).ready entity=mgr.14100 client_cookie=0 server_cookie=0 in_seq=0 out_seq=0
2024-04-20T21:45:53.473 INFO:teuthology.orchestra.run.smithi142.stdout:/usr/bin/ceph: stderr
2024-04-20T21:45:52.479+0000 7f36c7400700 1 -- 172.21.15.142:0/2747214154 <== mon.0 v2:172.21.15.142:3300/0 6 ==== mon_command_ack([{"prefix": "get_command_descriptions"}]=0 v0) v1 ==== 72+0+183351 (secure 0 0 0) 0x7f36c002cce0 con 0x7f36d010d130
2024-04-20T21:45:53.473 INFO:teuthology.orchestra.run.smithi142.stdout:/usr/bin/ceph: stderr
2024-04-20T21:45:52.749+0000 7f36d5c00700 1 -- 172.21.15.142:0/2747214154 --> [v2:172.21.15.142:3300/0,v1:172.21.15.142:6789/0] -- mon_command({"prefix": "mgr module enable", "module": "cephadm"} v 0) v1 -- 0x7f36d01a3d30 con 0x7f36d010d130
2024-04-20T21:45:53.473 INFO:teuthology.orchestra.run.smithi142.stdout:/usr/bin/ceph: stderr
2024-04-20T21:45:52.805+0000 7f36c7400700 1 -- 172.21.15.142:0/2747214154 <== mon.0 v2:172.21.15.142:3300/0 7 ==== mgrmap(e 5) v1 ==== 45556+0+0 (secure 0 0 0) 0x7f36c001b440 con 0x7f36d010d130
2024-04-20T21:45:53.473 INFO:teuthology.orchestra.run.smithi142.stdout:/usr/bin/ceph: stderr
2024-04-20T21:45:52.808+0000 7f36c7400700 1 -- 172.21.15.142:0/2747214154 <== mon.0 v2:172.21.15.142:3300/0 8 ==== mon_command_ack([{"prefix": "mgr module enable", "module": "cephadm"}]=0 v5) v1 ==== 86+0+0 (secure 0 0 0) 0x7f36c004c2b0 con 0x7f36d010d130
2024-04-20T21:45:53.473 INFO:teuthology.orchestra.run.smithi142.stdout:/usr/bin/ceph: stderr
2024-04-20T21:45:52.811+0000 7f36d5c00700 1 -- 172.21.15.142:0/2747214154 >> [v2:172.21.15.142:6800/2803679129,v1:172.21.15.142:6801/2803679129] conn(0x7f36b40386d0 msgr2=0x7f36b403ab90 secure :-1 s=STATE_CONNECTION_ESTABLISHED l=1).mark_down
2024-04-20T21:45:53.473 INFO:teuthology.orchestra.run.smithi142.stdout:/usr/bin/ceph: stderr
2024-04-20T21:45:52.811+0000 7f36d5c00700 1 --2- 172.21.15.142:0/2747214154 >> [v2:172.21.15.142:6800/2803679129,v1:172.21.15.142:6801/2803679129] conn(0x7f36b40386d0 0x7f36b403ab90 secure :-1 s=READY pgs=8 cs=0 l=1 rev1=1 crypto rx=0x7f36b8006fd0 tx=0x7f36b8006e40 comp rx=0 tx=0).stop
2024-04-20T21:45:53.474 INFO:teuthology.orchestra.run.smithi142.stdout:/usr/bin/ceph: stderr
2024-04-20T21:45:52.811+0000 7f36d5c00700 1 -- 172.21.15.142:0/2747214154 >> [v2:172.21.15.142:3300/0,v1:172.21.15.142:6789/0] conn(0x7f36d010d130 msgr2=0x7f36d01a08c0 secure :-1 s=STATE_CONNECTION_ESTABLISHED l=1).mark_down
2024-04-20T21:45:53.474 INFO:teuthology.orchestra.run.smithi142.stdout:/usr/bin/ceph: stderr
2024-04-20T21:45:52.811+0000 7f36d5c00700 1 --2- 172.21.15.142:0/2747214154 >> [v2:172.21.15.142:3300/0,v1:172.21.15.142:6789/0] conn(0x7f36d010d130 0x7f36d01a08c0 secure :-1 s=READY pgs=23 cs=0 l=1 rev1=1 crypto rx=0x7f36c0011710 tx=0x7f36c00047c0 comp rx=0 tx=0).stop
2024-04-20T21:45:53.474 INFO:teuthology.orchestra.run.smithi142.stdout:/usr/bin/ceph: stderr
2024-04-20T21:45:52.811+0000 7f36d5c00700 1 -- 172.21.15.142:0/2747214154 shutdown_connections
2024-04-20T21:45:53.474 INFO:teuthology.orchestra.run.smithi142.stdout:/usr/bin/ceph: stderr
2024-04-20T21:45:52.811+0000 7f36d5c00700 1 --2- 172.21.15.142:0/2747214154 >> [v2:172.21.15.142:6800/2803679129,v1:172.21.15.142:6801/2803679129] conn(0x7f36b40386d0 0x7f36b403ab90 unknown :-1 s=CLOSED pgs=8 cs=0 l=1 rev1=1 crypto rx=0 tx=0 comp rx=0 tx=0).stop
2024-04-20T21:45:53.474 INFO:teuthology.orchestra.run.smithi142.stdout:/usr/bin/ceph: stderr
2024-04-20T21:45:52.811+0000 7f36d5c00700 1 --2- 172.21.15.142:0/2747214154 >> [v2:172.21.15.142:3300/0,v1:172.21.15.142:6789/0] conn(0x7f36d010d130 0x7f36d01a08c0 unknown :-1 s=CLOSED pgs=23 cs=0 l=1 rev1=1 crypto rx=0 tx=0 comp rx=0 tx=0).stop
2024-04-20T21:45:53.474 INFO:teuthology.orchestra.run.smithi142.stdout:/usr/bin/ceph: stderr
2024-04-20T21:45:52.811+0000 7f36d5c00700 1 -- 172.21.15.142:0/2747214154 >> 172.21.15.142:0/2747214154 conn(0x7f36d007bbf0 msgr2=0x7f36d007c720 unknown :-1 s=STATE_NONE l=0).mark_down
2024-04-20T21:45:53.474 INFO:teuthology.orchestra.run.smithi142.stdout:/usr/bin/ceph: stderr
2024-04-20T21:45:52.811+0000 7f36d5c00700 1 -- 172.21.15.142:0/2747214154 shutdown_connections
2024-04-20T21:45:53.474 INFO:teuthology.orchestra.run.smithi142.stdout:/usr/bin/ceph: stderr
2024-04-20T21:45:52.811+0000 7f36d5c00700 1 -- 172.21.15.142:0/2747214154 wait complete.
2024-04-20T21:45:53.896 INFO:journalctl@ceph.mon.smithi142.smithi142.stdout:Apr 20 21:45:53 smithi142 ceph-mon[15828]: from='client.? 172.21.15.142:0/2747214154' entity='client.admin' cmd='[{"prefix": "mgr module enable", "module": "cephadm"}]': finished
2024-04-20T21:45:53.896 INFO:journalctl@ceph.mon.smithi142.smithi142.stdout:Apr 20 21:45:53 smithi142 ceph-mon[15828]: mgrmap e5: smithi142.zzmcfz(active, since 5s)
2024-04-20T21:45:55.078 INFO:journalctl@ceph.mon.smithi142.smithi142.stdout:Apr 20 21:45:54 smithi142 ceph-mon[15828]: from='client.? 172.21.15.142:0/2429917411' entity='client.admin' cmd=[{"prefix": "mgr stat"}]: dispatch
2024-04-20T21:45:55.096 INFO:teuthology.orchestra.run.smithi142.stdout:/usr/bin/ceph: stdout {
2024-04-20T21:45:55.096 INFO:teuthology.orchestra.run.smithi142.stdout:/usr/bin/ceph: stdout "epoch": 5,
2024-04-20T21:45:55.096 INFO:teuthology.orchestra.run.smithi142.stdout:/usr/bin/ceph: stdout "available": true,
2024-04-20T21:45:55.097 INFO:teuthology.orchestra.run.smithi142.stdout:/usr/bin/ceph: stdout "active_name": "smithi142.zzmcfz",
2024-04-20T21:45:55.097 INFO:teuthology.orchestra.run.smithi142.stdout:/usr/bin/ceph: stdout "num_standby": 0
2024-04-20T21:45:55.097 INFO:teuthology.orchestra.run.smithi142.stdout:/usr/bin/ceph: stdout }
2024-04-20T21:45:55.097 INFO:teuthology.orchestra.run.smithi142.stdout:/usr/bin/ceph: stderr
2024-04-20T21:45:54.089+0000 7efdee400700 1 Processor -- start
2024-04-20T21:45:55.097 INFO:teuthology.orchestra.run.smithi142.stdout:/usr/bin/ceph: stderr
2024-04-20T21:45:54.089+0000 7efdee400700 1 -- start start
2024-04-20T21:45:55.098 INFO:teuthology.orchestra.run.smithi142.stdout:/usr/bin/ceph: stderr
2024-04-20T21:45:54.090+0000 7efdee400700 1 --2- >> [v2:172.21.15.142:3300/0,v1:172.21.15.142:6789/0] conn(0x7efde807ad90 0x7efde80791f0 unknown :-1 s=NONE pgs=0 cs=0 l=0 rev1=0 crypto rx=0 tx=0 comp rx=0 tx=0).connect
2024-04-20T21:45:55.098 INFO:teuthology.orchestra.run.smithi142.stdout:/usr/bin/ceph: stderr
2024-04-20T21:45:54.090+0000 7efdee400700 1 -- --> [v2:172.21.15.142:3300/0,v1:172.21.15.142:6789/0] -- mon_getmap magic: 0 v1 -- 0x7efde80797c0 con 0x7efde807ad90
2024-04-20T21:45:55.098 INFO:teuthology.orchestra.run.smithi142.stdout:/usr/bin/ceph: stderr
2024-04-20T21:45:54.090+0000 7efde7400700 1 --2- >> [v2:172.21.15.142:3300/0,v1:172.21.15.142:6789/0] conn(0x7efde807ad90 0x7efde80791f0 unknown :-1 s=BANNER_CONNECTING pgs=0 cs=0 l=0 rev1=0 crypto rx=0 tx=0 comp rx=0 tx=0)._handle_peer_banner_payload supported=3 required=0
2024-04-20T21:45:55.098 INFO:teuthology.orchestra.run.smithi142.stdout:/usr/bin/ceph: stderr
2024-04-20T21:45:54.090+0000 7efde7400700 1 --2- >> [v2:172.21.15.142:3300/0,v1:172.21.15.142:6789/0] conn(0x7efde807ad90 0x7efde80791f0 unknown :-1 s=HELLO_CONNECTING pgs=0 cs=0 l=0 rev1=1 crypto rx=0 tx=0 comp rx=0 tx=0).handle_hello peer v2:172.21.15.142:3300/0 says I am v2:172.21.15.142:59040/0 (socket says 172.21.15.142:59040)
2024-04-20T21:45:55.098 INFO:teuthology.orchestra.run.smithi142.stdout:/usr/bin/ceph: stderr
2024-04-20T21:45:54.090+0000 7efde7400700 1 -- 172.21.15.142:0/588317326 learned_addr learned my addr 172.21.15.142:0/588317326 (peer_addr_for_me v2:172.21.15.142:0/0)
2024-04-20T21:45:55.099 INFO:teuthology.orchestra.run.smithi142.stdout:/usr/bin/ceph: stderr
2024-04-20T21:45:54.091+0000 7efde7400700 1 -- 172.21.15.142:0/588317326 --> [v2:172.21.15.142:3300/0,v1:172.21.15.142:6789/0] -- mon_subscribe({config=0+,monmap=0+}) v3 -- 0x7efde8079900 con 0x7efde807ad90
2024-04-20T21:45:55.099 INFO:teuthology.orchestra.run.smithi142.stdout:/usr/bin/ceph: stderr
2024-04-20T21:45:54.091+0000 7efde7400700 1 --2- 172.21.15.142:0/588317326 >> [v2:172.21.15.142:3300/0,v1:172.21.15.142:6789/0] conn(0x7efde807ad90 0x7efde80791f0 secure :-1 s=READY pgs=26 cs=0 l=1 rev1=1 crypto rx=0x7efdd80098a0 tx=0x7efdd8009bb0 comp rx=0 tx=0).ready entity=mon.0 client_cookie=8e7f27d2c224980e server_cookie=0 in_seq=0 out_seq=0
2024-04-20T21:45:55.099 INFO:teuthology.orchestra.run.smithi142.stdout:/usr/bin/ceph: stderr
2024-04-20T21:45:54.091+0000 7efde6000700 1 -- 172.21.15.142:0/588317326 <== mon.0 v2:172.21.15.142:3300/0 1 ==== mon_map magic: 0 v1 ==== 229+0+0 (secure 0 0 0) 0x7efdd8004180 con 0x7efde807ad90
2024-04-20T21:45:55.099 INFO:teuthology.orchestra.run.smithi142.stdout:/usr/bin/ceph: stderr
2024-04-20T21:45:54.091+0000 7efde6000700 1 -- 172.21.15.142:0/588317326 <== mon.0 v2:172.21.15.142:3300/0 2 ==== config(27 keys) v1 ==== 1042+0+0 (secure 0 0 0) 0x7efdd80042e0 con 0x7efde807ad90
2024-04-20T21:45:55.099 INFO:teuthology.orchestra.run.smithi142.stdout:/usr/bin/ceph: stderr
2024-04-20T21:45:54.091+0000 7efde6000700 1 -- 172.21.15.142:0/588317326 <== mon.0 v2:172.21.15.142:3300/0 3 ==== mon_map magic: 0 v1 ==== 229+0+0 (secure 0 0 0) 0x7efdd8011a70 con 0x7efde807ad90
2024-04-20T21:45:55.099 INFO:teuthology.orchestra.run.smithi142.stdout:/usr/bin/ceph: stderr
2024-04-20T21:45:54.092+0000 7efdee400700 1 -- 172.21.15.142:0/588317326 >> [v2:172.21.15.142:3300/0,v1:172.21.15.142:6789/0] conn(0x7efde807ad90 msgr2=0x7efde80791f0 secure :-1 s=STATE_CONNECTION_ESTABLISHED l=1).mark_down
2024-04-20T21:45:55.100 INFO:teuthology.orchestra.run.smithi142.stdout:/usr/bin/ceph: stderr
2024-04-20T21:45:54.092+0000 7efdee400700 1 --2- 172.21.15.142:0/588317326 >> [v2:172.21.15.142:3300/0,v1:172.21.15.142:6789/0] conn(0x7efde807ad90 0x7efde80791f0 secure :-1 s=READY pgs=26 cs=0 l=1 rev1=1 crypto rx=0x7efdd80098a0 tx=0x7efdd8009bb0 comp rx=0 tx=0).stop
2024-04-20T21:45:55.100 INFO:teuthology.orchestra.run.smithi142.stdout:/usr/bin/ceph: stderr
2024-04-20T21:45:54.092+0000 7efdee400700 1 -- 172.21.15.142:0/588317326 shutdown_connections
2024-04-20T21:45:55.100 INFO:teuthology.orchestra.run.smithi142.stdout:/usr/bin/ceph: stderr
2024-04-20T21:45:54.092+0000 7efdee400700 1 --2- 172.21.15.142:0/588317326 >> [v2:172.21.15.142:3300/0,v1:172.21.15.142:6789/0] conn(0x7efde807ad90 0x7efde80791f0 unknown :-1 s=CLOSED pgs=26 cs=0 l=1 rev1=1 crypto rx=0 tx=0 comp rx=0 tx=0).stop
2024-04-20T21:45:55.100 INFO:teuthology.orchestra.run.smithi142.stdout:/usr/bin/ceph: stderr
2024-04-20T21:45:54.092+0000 7efdee400700 1 -- 172.21.15.142:0/588317326 >> 172.21.15.142:0/588317326 conn(0x7efde8101ba0 msgr2=0x7efde8103fc0 unknown :-1 s=STATE_NONE l=0).mark_down
2024-04-20T21:45:55.100 INFO:teuthology.orchestra.run.smithi142.stdout:/usr/bin/ceph: stderr
2024-04-20T21:45:54.093+0000 7efdee400700 1 -- 172.21.15.142:0/588317326 shutdown_connections
2024-04-20T21:45:55.100 INFO:teuthology.orchestra.run.smithi142.stdout:/usr/bin/ceph: stderr
2024-04-20T21:45:54.093+0000 7efdee400700 1 -- 172.21.15.142:0/588317326 wait complete.
2024-04-20T21:45:55.100 INFO:teuthology.orchestra.run.smithi142.stdout:/usr/bin/ceph: stderr
2024-04-20T21:45:54.094+0000 7efdee400700 1 Processor -- start
2024-04-20T21:45:55.101 INFO:teuthology.orchestra.run.smithi142.stdout:/usr/bin/ceph: stderr
2024-04-20T21:45:54.094+0000 7efdee400700 1 -- start start
2024-04-20T21:45:55.101 INFO:teuthology.orchestra.run.smithi142.stdout:/usr/bin/ceph: stderr
2024-04-20T21:45:54.094+0000 7efdee400700 1 --2- >> [v2:172.21.15.142:3300/0,v1:172.21.15.142:6789/0] conn(0x7efde807ad90 0x7efde819c550 unknown :-1 s=NONE pgs=0 cs=0 l=1 rev1=0 crypto rx=0 tx=0 comp rx=0 tx=0).connect
2024-04-20T21:45:55.101 INFO:teuthology.orchestra.run.smithi142.stdout:/usr/bin/ceph: stderr
2024-04-20T21:45:54.094+0000 7efdee400700 1 -- --> [v2:172.21.15.142:3300/0,v1:172.21.15.142:6789/0] -- mon_getmap magic: 0 v1 -- 0x7efde819ca90 con 0x7efde807ad90
2024-04-20T21:45:55.101 INFO:teuthology.orchestra.run.smithi142.stdout:/usr/bin/ceph: stderr
2024-04-20T21:45:54.094+0000 7efde7400700 1 --2- >> [v2:172.21.15.142:3300/0,v1:172.21.15.142:6789/0] conn(0x7efde807ad90 0x7efde819c550 unknown :-1 s=BANNER_CONNECTING pgs=0 cs=0 l=1 rev1=0 crypto rx=0 tx=0 comp rx=0 tx=0)._handle_peer_banner_payload supported=3 required=0
2024-04-20T21:45:55.101 INFO:teuthology.orchestra.run.smithi142.stdout:/usr/bin/ceph: stderr
2024-04-20T21:45:54.094+0000 7efde7400700 1 --2- >> [v2:172.21.15.142:3300/0,v1:172.21.15.142:6789/0] conn(0x7efde807ad90 0x7efde819c550 unknown :-1 s=HELLO_CONNECTING pgs=0 cs=0 l=1 rev1=1 crypto rx=0 tx=0 comp rx=0 tx=0).handle_hello peer v2:172.21.15.142:3300/0 says I am v2:172.21.15.142:59042/0 (socket says 172.21.15.142:59042)
2024-04-20T21:45:55.102 INFO:teuthology.orchestra.run.smithi142.stdout:/usr/bin/ceph: stderr
2024-04-20T21:45:54.095+0000 7efde7400700 1 -- 172.21.15.142:0/2429917411 learned_addr learned my addr 172.21.15.142:0/2429917411 (peer_addr_for_me v2:172.21.15.142:0/0)
2024-04-20T21:45:55.102 INFO:teuthology.orchestra.run.smithi142.stdout:/usr/bin/ceph: stderr
2024-04-20T21:45:54.095+0000 7efde7400700 1 -- 172.21.15.142:0/2429917411 --> [v2:172.21.15.142:3300/0,v1:172.21.15.142:6789/0] -- mon_subscribe({config=0+,monmap=0+}) v3 -- 0x7efdd8009550 con 0x7efde807ad90
2024-04-20T21:45:55.102 INFO:teuthology.orchestra.run.smithi142.stdout:/usr/bin/ceph: stderr
2024-04-20T21:45:54.095+0000 7efde7400700 1 --2- 172.21.15.142:0/2429917411 >> [v2:172.21.15.142:3300/0,v1:172.21.15.142:6789/0] conn(0x7efde807ad90 0x7efde819c550 secure :-1 s=READY pgs=27 cs=0 l=1 rev1=1 crypto rx=0x7efdd8006af0 tx=0x7efdd80047c0 comp rx=0 tx=0).ready entity=mon.0 client_cookie=0 server_cookie=0 in_seq=0 out_seq=0
2024-04-20T21:45:55.102 INFO:teuthology.orchestra.run.smithi142.stdout:/usr/bin/ceph: stderr
2024-04-20T21:45:54.095+0000 7efddfe00700 1 -- 172.21.15.142:0/2429917411 <== mon.0 v2:172.21.15.142:3300/0 1 ==== mon_map magic: 0 v1 ==== 229+0+0 (secure 0 0 0) 0x7efdd8003a00 con 0x7efde807ad90
2024-04-20T21:45:55.102 INFO:teuthology.orchestra.run.smithi142.stdout:/usr/bin/ceph: stderr
2024-04-20T21:45:54.095+0000 7efddfe00700 1 -- 172.21.15.142:0/2429917411 <== mon.0 v2:172.21.15.142:3300/0 2 ==== config(27 keys) v1 ==== 1042+0+0 (secure 0 0 0) 0x7efdd8003b60 con 0x7efde807ad90
2024-04-20T21:45:55.103 INFO:teuthology.orchestra.run.smithi142.stdout:/usr/bin/ceph: stderr
2024-04-20T21:45:54.095+0000 7efdee400700 1 -- 172.21.15.142:0/2429917411 --> [v2:172.21.15.142:3300/0,v1:172.21.15.142:6789/0] -- mon_subscribe({mgrmap=0+}) v3 -- 0x7efde819cc90 con 0x7efde807ad90
2024-04-20T21:45:55.103 INFO:teuthology.orchestra.run.smithi142.stdout:/usr/bin/ceph: stderr
2024-04-20T21:45:54.095+0000 7efddfe00700 1 -- 172.21.15.142:0/2429917411 <== mon.0 v2:172.21.15.142:3300/0 3 ==== mon_map magic: 0 v1 ==== 229+0+0 (secure 0 0 0) 0x7efdd8023750 con 0x7efde807ad90
2024-04-20T21:45:55.103 INFO:teuthology.orchestra.run.smithi142.stdout:/usr/bin/ceph: stderr
2024-04-20T21:45:54.096+0000 7efdee400700 1 -- 172.21.15.142:0/2429917411 --> [v2:172.21.15.142:3300/0,v1:172.21.15.142:6789/0] -- mon_subscribe({osdmap=0}) v3 -- 0x7efde819d130 con 0x7efde807ad90
2024-04-20T21:45:55.103 INFO:teuthology.orchestra.run.smithi142.stdout:/usr/bin/ceph: stderr
2024-04-20T21:45:54.097+0000 7efdee400700 1 -- 172.21.15.142:0/2429917411 --> [v2:172.21.15.142:3300/0,v1:172.21.15.142:6789/0] -- mon_command({"prefix": "get_command_descriptions"} v 0) v1 -- 0x7efde810c920 con 0x7efde807ad90
2024-04-20T21:45:55.103 INFO:teuthology.orchestra.run.smithi142.stdout:/usr/bin/ceph: stderr
2024-04-20T21:45:54.097+0000 7efddfe00700 1 -- 172.21.15.142:0/2429917411 <== mon.0 v2:172.21.15.142:3300/0 4 ==== mgrmap(e 5) v1 ==== 45556+0+0 (secure 0 0 0) 0x7efdd80239d0 con 0x7efde807ad90
2024-04-20T21:45:55.104 INFO:teuthology.orchestra.run.smithi142.stdout:/usr/bin/ceph: stderr
2024-04-20T21:45:54.098+0000 7efddfe00700 1 --2- 172.21.15.142:0/2429917411 >> [v2:172.21.15.142:6800/2803679129,v1:172.21.15.142:6801/2803679129] conn(0x7efdcc038720 0x7efdcc03abe0 unknown :-1 s=NONE pgs=0 cs=0 l=1 rev1=0 crypto rx=0 tx=0 comp rx=0 tx=0).connect
2024-04-20T21:45:55.104 INFO:teuthology.orchestra.run.smithi142.stdout:/usr/bin/ceph: stderr
2024-04-20T21:45:54.098+0000 7efddfe00700 1 -- 172.21.15.142:0/2429917411 <== mon.0 v2:172.21.15.142:3300/0 5 ==== osd_map(1..1 src has 1..1) v4 ==== 725+0+0 (secure 0 0 0) 0x7efdd804ca80 con 0x7efde807ad90
2024-04-20T21:45:55.104 INFO:teuthology.orchestra.run.smithi142.stdout:/usr/bin/ceph: stderr
2024-04-20T21:45:54.098+0000 7efde6a00700 1 -- 172.21.15.142:0/2429917411 >> [v2:172.21.15.142:6800/2803679129,v1:172.21.15.142:6801/2803679129] conn(0x7efdcc038720 msgr2=0x7efdcc03abe0 unknown :-1 s=STATE_CONNECTING_RE l=1).process reconnect failed to v2:172.21.15.142:6800/2803679129
2024-04-20T21:45:55.104 INFO:teuthology.orchestra.run.smithi142.stdout:/usr/bin/ceph: stderr
2024-04-20T21:45:54.098+0000 7efde6a00700 1 --2- 172.21.15.142:0/2429917411 >> [v2:172.21.15.142:6800/2803679129,v1:172.21.15.142:6801/2803679129] conn(0x7efdcc038720 0x7efdcc03abe0 unknown :-1 s=START_CONNECT pgs=0 cs=0 l=1 rev1=0 crypto rx=0 tx=0 comp rx=0 tx=0)._fault waiting 0.200000
2024-04-20T21:45:55.104 INFO:teuthology.orchestra.run.smithi142.stdout:/usr/bin/ceph: stderr
2024-04-20T21:45:54.103+0000 7efddfe00700 1 -- 172.21.15.142:0/2429917411 <== mon.0 v2:172.21.15.142:3300/0 6 ==== mon_command_ack([{"prefix": "get_command_descriptions"}]=0 v0) v1 ==== 72+0+183351 (secure 0 0 0) 0x7efdd802b760 con 0x7efde807ad90
2024-04-20T21:45:55.104 INFO:teuthology.orchestra.run.smithi142.stdout:/usr/bin/ceph: stderr
2024-04-20T21:45:54.299+0000 7efde6a00700 1 -- 172.21.15.142:0/2429917411 >> [v2:172.21.15.142:6800/2803679129,v1:172.21.15.142:6801/2803679129] conn(0x7efdcc038720 msgr2=0x7efdcc03abe0 unknown :-1 s=STATE_CONNECTING_RE l=1).process reconnect failed to v2:172.21.15.142:6800/2803679129
2024-04-20T21:45:55.104 INFO:teuthology.orchestra.run.smithi142.stdout:/usr/bin/ceph: stderr
2024-04-20T21:45:54.299+0000 7efde6a00700 1 --2- 172.21.15.142:0/2429917411 >> [v2:172.21.15.142:6800/2803679129,v1:172.21.15.142:6801/2803679129] conn(0x7efdcc038720 0x7efdcc03abe0 unknown :-1 s=START_CONNECT pgs=0 cs=0 l=1 rev1=0 crypto rx=0 tx=0 comp rx=0 tx=0)._fault waiting 0.400000
2024-04-20T21:45:55.104 INFO:teuthology.orchestra.run.smithi142.stdout:/usr/bin/ceph: stderr
2024-04-20T21:45:54.385+0000 7efdee400700 1 -- 172.21.15.142:0/2429917411 --> [v2:172.21.15.142:3300/0,v1:172.21.15.142:6789/0] -- mon_command({"prefix": "mgr stat"} v 0) v1 -- 0x7efde819f9c0 con 0x7efde807ad90
2024-04-20T21:45:55.104 INFO:teuthology.orchestra.run.smithi142.stdout:/usr/bin/ceph: stderr
2024-04-20T21:45:54.386+0000 7efddfe00700 1 -- 172.21.15.142:0/2429917411 <== mon.0 v2:172.21.15.142:3300/0 7 ==== mon_command_ack([{"prefix": "mgr stat"}]=0 v5) v1 ==== 56+0+103 (secure 0 0 0) 0x7efdd800b3e0 con 0x7efde807ad90
2024-04-20T21:45:55.104 INFO:teuthology.orchestra.run.smithi142.stdout:/usr/bin/ceph: stderr
2024-04-20T21:45:54.389+0000 7efdee400700 1 -- 172.21.15.142:0/2429917411 >> [v2:172.21.15.142:6800/2803679129,v1:172.21.15.142:6801/2803679129] conn(0x7efdcc038720 msgr2=0x7efdcc03abe0 unknown :-1 s=STATE_CONNECTING l=1).mark_down
2024-04-20T21:45:55.104 INFO:teuthology.orchestra.run.smithi142.stdout:/usr/bin/ceph: stderr
2024-04-20T21:45:54.389+0000 7efdee400700 1 --2- 172.21.15.142:0/2429917411 >> [v2:172.21.15.142:6800/2803679129,v1:172.21.15.142:6801/2803679129] conn(0x7efdcc038720 0x7efdcc03abe0 unknown :-1 s=START_CONNECT pgs=0 cs=0 l=1 rev1=0 crypto rx=0 tx=0 comp rx=0 tx=0).stop
2024-04-20T21:45:55.104 INFO:teuthology.orchestra.run.smithi142.stdout:/usr/bin/ceph: stderr
2024-04-20T21:45:54.389+0000 7efdee400700 1 -- 172.21.15.142:0/2429917411 >> [v2:172.21.15.142:3300/0,v1:172.21.15.142:6789/0] conn(0x7efde807ad90 msgr2=0x7efde819c550 secure :-1 s=STATE_CONNECTION_ESTABLISHED l=1).mark_down
2024-04-20T21:45:55.104 INFO:teuthology.orchestra.run.smithi142.stdout:/usr/bin/ceph: stderr
2024-04-20T21:45:54.389+0000 7efdee400700 1 --2- 172.21.15.142:0/2429917411 >> [v2:172.21.15.142:3300/0,v1:172.21.15.142:6789/0] conn(0x7efde807ad90 0x7efde819c550 secure :-1 s=READY pgs=27 cs=0 l=1 rev1=1 crypto rx=0x7efdd8006af0 tx=0x7efdd80047c0 comp rx=0 tx=0).stop
2024-04-20T21:45:55.105 INFO:teuthology.orchestra.run.smithi142.stdout:/usr/bin/ceph: stderr
2024-04-20T21:45:54.389+0000 7efdee400700 1 -- 172.21.15.142:0/2429917411 shutdown_connections
2024-04-20T21:45:55.105 INFO:teuthology.orchestra.run.smithi142.stdout:/usr/bin/ceph: stderr
2024-04-20T21:45:54.389+0000 7efdee400700 1 --2- 172.21.15.142:0/2429917411 >> [v2:172.21.15.142:6800/2803679129,v1:172.21.15.142:6801/2803679129] conn(0x7efdcc038720 0x7efdcc03abe0 unknown :-1 s=CLOSED pgs=0 cs=0 l=1 rev1=0 crypto rx=0 tx=0 comp rx=0 tx=0).stop
2024-04-20T21:45:55.105 INFO:teuthology.orchestra.run.smithi142.stdout:/usr/bin/ceph: stderr
2024-04-20T21:45:54.389+0000 7efdee400700 1 --2- 172.21.15.142:0/2429917411 >> [v2:172.21.15.142:3300/0,v1:172.21.15.142:6789/0] conn(0x7efde807ad90 0x7efde819c550 unknown :-1 s=CLOSED pgs=27 cs=0 l=1 rev1=1 crypto rx=0 tx=0 comp rx=0 tx=0).stop
2024-04-20T21:45:55.105 INFO:teuthology.orchestra.run.smithi142.stdout:/usr/bin/ceph: stderr
2024-04-20T21:45:54.389+0000 7efdee400700 1 -- 172.21.15.142:0/2429917411 >> 172.21.15.142:0/2429917411 conn(0x7efde8101ba0 msgr2=0x7efde81027a0 unknown :-1 s=STATE_NONE l=0).mark_down
2024-04-20T21:45:55.105 INFO:teuthology.orchestra.run.smithi142.stdout:/usr/bin/ceph: stderr
2024-04-20T21:45:54.390+0000 7efdee400700 1 -- 172.21.15.142:0/2429917411 shutdown_connections
2024-04-20T21:45:55.105 INFO:teuthology.orchestra.run.smithi142.stdout:/usr/bin/ceph: stderr
2024-04-20T21:45:54.390+0000 7efdee400700 1 -- 172.21.15.142:0/2429917411 wait complete.
2024-04-20T21:45:55.105 INFO:teuthology.orchestra.run.smithi142.stdout:Waiting for the mgr to restart...
2024-04-20T21:45:55.105 INFO:teuthology.orchestra.run.smithi142.stdout:Waiting for mgr epoch 5...
2024-04-20T21:46:01.945 INFO:journalctl@ceph.mon.smithi142.smithi142.stdout:Apr 20 21:46:01 smithi142 ceph-mon[15828]: Active manager daemon smithi142.zzmcfz restarted
2024-04-20T21:46:01.946 INFO:journalctl@ceph.mon.smithi142.smithi142.stdout:Apr 20 21:46:01 smithi142 ceph-mon[15828]: Activating manager daemon smithi142.zzmcfz
2024-04-20T21:46:01.946 INFO:journalctl@ceph.mon.smithi142.smithi142.stdout:Apr 20 21:46:01 smithi142 ceph-mon[15828]: osdmap e2: 0 total, 0 up, 0 in
2024-04-20T21:46:01.946 INFO:journalctl@ceph.mon.smithi142.smithi142.stdout:Apr 20 21:46:01 smithi142 ceph-mon[15828]: mgrmap e6: smithi142.zzmcfz(active, starting, since 0.00699864s)
2024-04-20T21:46:01.946 INFO:journalctl@ceph.mon.smithi142.smithi142.stdout:Apr 20 21:46:01 smithi142 ceph-mon[15828]: from='mgr.14120 172.21.15.142:0/1348740072' entity='mgr.smithi142.zzmcfz' cmd=[{"prefix": "mon metadata", "id": "smithi142"}]: dispatch
2024-04-20T21:46:01.946 INFO:journalctl@ceph.mon.smithi142.smithi142.stdout:Apr 20 21:46:01 smithi142 ceph-mon[15828]: from='mgr.14120 172.21.15.142:0/1348740072' entity='mgr.smithi142.zzmcfz' cmd=[{"prefix": "mgr metadata", "who": "smithi142.zzmcfz", "id": "smithi142.zzmcfz"}]: dispatch
2024-04-20T21:46:01.946 INFO:journalctl@ceph.mon.smithi142.smithi142.stdout:Apr 20 21:46:01 smithi142 ceph-mon[15828]: from='mgr.14120 172.21.15.142:0/1348740072' entity='mgr.smithi142.zzmcfz' cmd=[{"prefix": "mds metadata"}]: dispatch
2024-04-20T21:46:01.946 INFO:journalctl@ceph.mon.smithi142.smithi142.stdout:Apr 20 21:46:01 smithi142 ceph-mon[15828]: from='mgr.14120 172.21.15.142:0/1348740072' entity='mgr.smithi142.zzmcfz' cmd=[{"prefix": "osd metadata"}]: dispatch
2024-04-20T21:46:01.946 INFO:journalctl@ceph.mon.smithi142.smithi142.stdout:Apr 20 21:46:01 smithi142 ceph-mon[15828]: from='mgr.14120 172.21.15.142:0/1348740072' entity='mgr.smithi142.zzmcfz' cmd=[{"prefix": "mon metadata"}]: dispatch
2024-04-20T21:46:01.946 INFO:journalctl@ceph.mon.smithi142.smithi142.stdout:Apr 20 21:46:01 smithi142 ceph-mon[15828]: Manager daemon smithi142.zzmcfz is now available
2024-04-20T21:46:01.946 INFO:journalctl@ceph.mon.smithi142.smithi142.stdout:Apr 20 21:46:01 smithi142 ceph-mon[15828]: from='mgr.14120 172.21.15.142:0/1348740072' entity='mgr.smithi142.zzmcfz'
2024-04-20T21:46:01.946 INFO:journalctl@ceph.mon.smithi142.smithi142.stdout:Apr 20 21:46:01 smithi142 ceph-mon[15828]: from='mgr.14120 172.21.15.142:0/1348740072' entity='mgr.smithi142.zzmcfz'
2024-04-20T21:46:02.945 INFO:journalctl@ceph.mon.smithi142.smithi142.stdout:Apr 20 21:46:02 smithi142 ceph-mon[15828]: Found migration_current of "None". Setting to last migration.
2024-04-20T21:46:02.945 INFO:journalctl@ceph.mon.smithi142.smithi142.stdout:Apr 20 21:46:02 smithi142 ceph-mon[15828]: from='mgr.14120 172.21.15.142:0/1348740072' entity='mgr.smithi142.zzmcfz' cmd=[{"prefix": "config dump", "format": "json"}]: dispatch
2024-04-20T21:46:02.945 INFO:journalctl@ceph.mon.smithi142.smithi142.stdout:Apr 20 21:46:02 smithi142 ceph-mon[15828]: from='mgr.14120 172.21.15.142:0/1348740072' entity='mgr.smithi142.zzmcfz' cmd=[{"prefix": "config dump", "format": "json"}]: dispatch
2024-04-20T21:46:02.946 INFO:journalctl@ceph.mon.smithi142.smithi142.stdout:Apr 20 21:46:02 smithi142 ceph-mon[15828]: from='mgr.14120 172.21.15.142:0/1348740072' entity='mgr.smithi142.zzmcfz' cmd=[{"prefix":"config rm","who":"mgr","name":"mgr/rbd_support/smithi142.zzmcfz/mirror_snapshot_schedule"}]: dispatch
2024-04-20T21:46:02.946 INFO:journalctl@ceph.mon.smithi142.smithi142.stdout:Apr 20 21:46:02 smithi142 ceph-mon[15828]: from='mgr.14120 172.21.15.142:0/1348740072' entity='mgr.smithi142.zzmcfz' cmd=[{"prefix":"config rm","who":"mgr","name":"mgr/rbd_support/smithi142.zzmcfz/trash_purge_schedule"}]: dispatch
2024-04-20T21:46:02.946 INFO:journalctl@ceph.mon.smithi142.smithi142.stdout:Apr 20 21:46:02 smithi142 ceph-mon[15828]: mgrmap e7: smithi142.zzmcfz(active, since 1.01331s)
2024-04-20T21:46:03.411 INFO:teuthology.orchestra.run.smithi142.stdout:/usr/bin/ceph: stdout {
2024-04-20T21:46:03.411 INFO:teuthology.orchestra.run.smithi142.stdout:/usr/bin/ceph: stdout "mgrmap_epoch": 7,
2024-04-20T21:46:03.411 INFO:teuthology.orchestra.run.smithi142.stdout:/usr/bin/ceph: stdout "initialized": true
2024-04-20T21:46:03.411 INFO:teuthology.orchestra.run.smithi142.stdout:/usr/bin/ceph: stdout }
2024-04-20T21:46:03.411 INFO:teuthology.orchestra.run.smithi142.stdout:/usr/bin/ceph: stderr
2024-04-20T21:45:55.702+0000 7f8132200700 1 Processor -- start
2024-04-20T21:46:03.411 INFO:teuthology.orchestra.run.smithi142.stdout:/usr/bin/ceph: stderr
2024-04-20T21:45:55.702+0000 7f8132200700 1 -- start start
2024-04-20T21:46:03.411 INFO:teuthology.orchestra.run.smithi142.stdout:/usr/bin/ceph: stderr
2024-04-20T21:45:55.702+0000 7f8132200700 1 --2- >> [v2:172.21.15.142:3300/0,v1:172.21.15.142:6789/0] conn(0x7f812c1065a0 0x7f812c1069c0 unknown :-1 s=NONE pgs=0 cs=0 l=0 rev1=0 crypto rx=0 tx=0 comp rx=0 tx=0).connect
2024-04-20T21:46:03.411 INFO:teuthology.orchestra.run.smithi142.stdout:/usr/bin/ceph: stderr
2024-04-20T21:45:55.702+0000 7f8132200700 1 -- --> [v2:172.21.15.142:3300/0,v1:172.21.15.142:6789/0] -- mon_getmap magic: 0 v1 -- 0x7f812c106f90 con 0x7f812c1065a0
2024-04-20T21:46:03.411 INFO:teuthology.orchestra.run.smithi142.stdout:/usr/bin/ceph: stderr
2024-04-20T21:45:55.703+0000 7f812b400700 1 --2- >> [v2:172.21.15.142:3300/0,v1:172.21.15.142:6789/0] conn(0x7f812c1065a0 0x7f812c1069c0 unknown :-1 s=BANNER_CONNECTING pgs=0 cs=0 l=0 rev1=0 crypto rx=0 tx=0 comp rx=0 tx=0)._handle_peer_banner_payload supported=3 required=0
2024-04-20T21:46:03.411 INFO:teuthology.orchestra.run.smithi142.stdout:/usr/bin/ceph: stderr
2024-04-20T21:45:55.703+0000 7f812b400700 1 --2- >> [v2:172.21.15.142:3300/0,v1:172.21.15.142:6789/0] conn(0x7f812c1065a0 0x7f812c1069c0 unknown :-1 s=HELLO_CONNECTING pgs=0 cs=0 l=0 rev1=1 crypto rx=0 tx=0 comp rx=0 tx=0).handle_hello peer v2:172.21.15.142:3300/0 says I am v2:172.21.15.142:59044/0 (socket says 172.21.15.142:59044)
2024-04-20T21:46:03.412 INFO:teuthology.orchestra.run.smithi142.stdout:/usr/bin/ceph: stderr
2024-04-20T21:45:55.703+0000 7f812b400700 1 -- 172.21.15.142:0/2104983576 learned_addr learned my addr 172.21.15.142:0/2104983576 (peer_addr_for_me v2:172.21.15.142:0/0)
2024-04-20T21:46:03.412 INFO:teuthology.orchestra.run.smithi142.stdout:/usr/bin/ceph: stderr
2024-04-20T21:45:55.703+0000 7f812b400700 1 -- 172.21.15.142:0/2104983576 --> [v2:172.21.15.142:3300/0,v1:172.21.15.142:6789/0] -- mon_subscribe({config=0+,monmap=0+}) v3 -- 0x7f812c1077a0 con 0x7f812c1065a0
2024-04-20T21:46:03.412 INFO:teuthology.orchestra.run.smithi142.stdout:/usr/bin/ceph: stderr
2024-04-20T21:45:55.703+0000 7f812b400700 1 --2- 172.21.15.142:0/2104983576 >> [v2:172.21.15.142:3300/0,v1:172.21.15.142:6789/0] conn(0x7f812c1065a0 0x7f812c1069c0 secure :-1 s=READY pgs=28 cs=0 l=1 rev1=1 crypto rx=0x7f811c0098a0 tx=0x7f811c009bb0 comp rx=0 tx=0).ready entity=mon.0 client_cookie=dbd986565ca28a81 server_cookie=0 in_seq=0 out_seq=0
2024-04-20T21:46:03.412 INFO:teuthology.orchestra.run.smithi142.stdout:/usr/bin/ceph: stderr
2024-04-20T21:45:55.704+0000 7f812a000700 1 -- 172.21.15.142:0/2104983576 <== mon.0 v2:172.21.15.142:3300/0 1 ==== mon_map magic: 0 v1 ==== 229+0+0 (secure 0 0 0) 0x7f811c004180 con 0x7f812c1065a0
2024-04-20T21:46:03.412 INFO:teuthology.orchestra.run.smithi142.stdout:/usr/bin/ceph: stderr
2024-04-20T21:45:55.704+0000 7f812a000700 1 -- 172.21.15.142:0/2104983576 <== mon.0 v2:172.21.15.142:3300/0 2 ==== config(27 keys) v1 ==== 1042+0+0 (secure 0 0 0) 0x7f811c0042e0 con 0x7f812c1065a0
2024-04-20T21:46:03.412 INFO:teuthology.orchestra.run.smithi142.stdout:/usr/bin/ceph: stderr
2024-04-20T21:45:55.704+0000 7f812a000700 1 -- 172.21.15.142:0/2104983576 <== mon.0 v2:172.21.15.142:3300/0 3 ==== mon_map magic: 0 v1 ==== 229+0+0 (secure 0 0 0) 0x7f811c011a70 con 0x7f812c1065a0
2024-04-20T21:46:03.412 INFO:teuthology.orchestra.run.smithi142.stdout:/usr/bin/ceph: stderr
2024-04-20T21:45:55.704+0000 7f8132200700 1 -- 172.21.15.142:0/2104983576 >> [v2:172.21.15.142:3300/0,v1:172.21.15.142:6789/0] conn(0x7f812c1065a0 msgr2=0x7f812c1069c0 secure :-1 s=STATE_CONNECTION_ESTABLISHED l=1).mark_down
2024-04-20T21:46:03.412 INFO:teuthology.orchestra.run.smithi142.stdout:/usr/bin/ceph: stderr
2024-04-20T21:45:55.704+0000 7f8132200700 1 --2- 172.21.15.142:0/2104983576 >> [v2:172.21.15.142:3300/0,v1:172.21.15.142:6789/0] conn(0x7f812c1065a0 0x7f812c1069c0 secure :-1 s=READY pgs=28 cs=0 l=1 rev1=1 crypto rx=0x7f811c0098a0 tx=0x7f811c009bb0 comp rx=0 tx=0).stop
2024-04-20T21:46:03.412 INFO:teuthology.orchestra.run.smithi142.stdout:/usr/bin/ceph: stderr
2024-04-20T21:45:55.704+0000 7f8132200700 1 -- 172.21.15.142:0/2104983576 shutdown_connections
2024-04-20T21:46:03.412 INFO:teuthology.orchestra.run.smithi142.stdout:/usr/bin/ceph: stderr
2024-04-20T21:45:55.704+0000 7f8132200700 1 --2- 172.21.15.142:0/2104983576 >> [v2:172.21.15.142:3300/0,v1:172.21.15.142:6789/0] conn(0x7f812c1065a0 0x7f812c1069c0 unknown :-1 s=CLOSED pgs=28 cs=0 l=1 rev1=1 crypto rx=0 tx=0 comp rx=0 tx=0).stop
2024-04-20T21:46:03.412 INFO:teuthology.orchestra.run.smithi142.stdout:/usr/bin/ceph: stderr
2024-04-20T21:45:55.704+0000 7f8132200700 1 -- 172.21.15.142:0/2104983576 >> 172.21.15.142:0/2104983576 conn(0x7f812c101ba0 msgr2=0x7f812c103fc0 unknown :-1 s=STATE_NONE l=0).mark_down
2024-04-20T21:46:03.412 INFO:teuthology.orchestra.run.smithi142.stdout:/usr/bin/ceph: stderr
2024-04-20T21:45:55.705+0000 7f8132200700 1 -- 172.21.15.142:0/2104983576 shutdown_connections
2024-04-20T21:46:03.412 INFO:teuthology.orchestra.run.smithi142.stdout:/usr/bin/ceph: stderr
2024-04-20T21:45:55.705+0000 7f8132200700 1 -- 172.21.15.142:0/2104983576 wait complete.
2024-04-20T21:46:03.413 INFO:teuthology.orchestra.run.smithi142.stdout:/usr/bin/ceph: stderr
2024-04-20T21:45:55.706+0000 7f8132200700 1 Processor -- start
2024-04-20T21:46:03.413 INFO:teuthology.orchestra.run.smithi142.stdout:/usr/bin/ceph: stderr
2024-04-20T21:45:55.706+0000 7f8132200700 1 -- start start
2024-04-20T21:46:03.413 INFO:teuthology.orchestra.run.smithi142.stdout:/usr/bin/ceph: stderr
2024-04-20T21:45:55.707+0000 7f8132200700 1 --2- >> [v2:172.21.15.142:3300/0,v1:172.21.15.142:6789/0] conn(0x7f812c1065a0 0x7f812c07aa30 unknown :-1 s=NONE pgs=0 cs=0 l=1 rev1=0 crypto rx=0 tx=0 comp rx=0 tx=0).connect
2024-04-20T21:46:03.413 INFO:teuthology.orchestra.run.smithi142.stdout:/usr/bin/ceph: stderr
2024-04-20T21:45:55.707+0000 7f8132200700 1 -- --> [v2:172.21.15.142:3300/0,v1:172.21.15.142:6789/0] -- mon_getmap magic: 0 v1 -- 0x7f812c07af70 con 0x7f812c1065a0
2024-04-20T21:46:03.413 INFO:teuthology.orchestra.run.smithi142.stdout:/usr/bin/ceph: stderr
2024-04-20T21:45:55.707+0000 7f812b400700 1 --2- >> [v2:172.21.15.142:3300/0,v1:172.21.15.142:6789/0] conn(0x7f812c1065a0 0x7f812c07aa30 unknown :-1 s=BANNER_CONNECTING pgs=0 cs=0 l=1 rev1=0 crypto rx=0 tx=0 comp rx=0 tx=0)._handle_peer_banner_payload supported=3 required=0
2024-04-20T21:46:03.413 INFO:teuthology.orchestra.run.smithi142.stdout:/usr/bin/ceph: stderr
2024-04-20T21:45:55.707+0000 7f812b400700 1 --2- >> [v2:172.21.15.142:3300/0,v1:172.21.15.142:6789/0] conn(0x7f812c1065a0 0x7f812c07aa30 unknown :-1 s=HELLO_CONNECTING pgs=0 cs=0 l=1 rev1=1 crypto rx=0 tx=0 comp rx=0 tx=0).handle_hello peer v2:172.21.15.142:3300/0 says I am v2:172.21.15.142:59060/0 (socket says 172.21.15.142:59060)
2024-04-20T21:46:03.413 INFO:teuthology.orchestra.run.smithi142.stdout:/usr/bin/ceph: stderr
2024-04-20T21:45:55.707+0000 7f812b400700 1 -- 172.21.15.142:0/1770929657 learned_addr learned my addr 172.21.15.142:0/1770929657 (peer_addr_for_me v2:172.21.15.142:0/0)
2024-04-20T21:46:03.413 INFO:teuthology.orchestra.run.smithi142.stdout:/usr/bin/ceph: stderr
2024-04-20T21:45:55.707+0000 7f812b400700 1 -- 172.21.15.142:0/1770929657 --> [v2:172.21.15.142:3300/0,v1:172.21.15.142:6789/0] -- mon_subscribe({config=0+,monmap=0+}) v3 -- 0x7f811c009550 con 0x7f812c1065a0
2024-04-20T21:46:03.413 INFO:teuthology.orchestra.run.smithi142.stdout:/usr/bin/ceph: stderr
2024-04-20T21:45:55.707+0000 7f812b400700 1 --2- 172.21.15.142:0/1770929657 >> [v2:172.21.15.142:3300/0,v1:172.21.15.142:6789/0] conn(0x7f812c1065a0 0x7f812c07aa30 secure :-1 s=READY pgs=29 cs=0 l=1 rev1=1 crypto rx=0x7f811c006af0 tx=0x7f811c0047c0 comp rx=0 tx=0).ready entity=mon.0 client_cookie=0 server_cookie=0 in_seq=0 out_seq=0
2024-04-20T21:46:03.413 INFO:teuthology.orchestra.run.smithi142.stdout:/usr/bin/ceph: stderr
2024-04-20T21:45:55.708+0000 7f8123e00700 1 -- 172.21.15.142:0/1770929657 <== mon.0 v2:172.21.15.142:3300/0 1 ==== mon_map magic: 0 v1 ==== 229+0+0 (secure 0 0 0) 0x7f811c003a00 con 0x7f812c1065a0
2024-04-20T21:46:03.413 INFO:teuthology.orchestra.run.smithi142.stdout:/usr/bin/ceph: stderr
2024-04-20T21:45:55.708+0000 7f8123e00700 1 -- 172.21.15.142:0/1770929657 <== mon.0 v2:172.21.15.142:3300/0 2 ==== config(27 keys) v1 ==== 1042+0+0 (secure 0 0 0) 0x7f811c003b60 con 0x7f812c1065a0
2024-04-20T21:46:03.413 INFO:teuthology.orchestra.run.smithi142.stdout:/usr/bin/ceph: stderr
2024-04-20T21:45:55.708+0000 7f8132200700 1 -- 172.21.15.142:0/1770929657 --> [v2:172.21.15.142:3300/0,v1:172.21.15.142:6789/0] -- mon_subscribe({mgrmap=0+}) v3 -- 0x7f812c0791b0 con 0x7f812c1065a0
2024-04-20T21:46:03.413 INFO:teuthology.orchestra.run.smithi142.stdout:/usr/bin/ceph: stderr
2024-04-20T21:45:55.708+0000 7f8123e00700 1 -- 172.21.15.142:0/1770929657 <== mon.0 v2:172.21.15.142:3300/0 3 ==== mon_map magic: 0 v1 ==== 229+0+0 (secure 0 0 0) 0x7f811c023750 con 0x7f812c1065a0
2024-04-20T21:46:03.413 INFO:teuthology.orchestra.run.smithi142.stdout:/usr/bin/ceph: stderr
2024-04-20T21:45:55.708+0000 7f8132200700 1 -- 172.21.15.142:0/1770929657 --> [v2:172.21.15.142:3300/0,v1:172.21.15.142:6789/0] -- mon_subscribe({osdmap=0}) v3 -- 0x7f812c079650 con 0x7f812c1065a0
2024-04-20T21:46:03.414 INFO:teuthology.orchestra.run.smithi142.stdout:/usr/bin/ceph: stderr
2024-04-20T21:45:55.709+0000 7f8123e00700 1 -- 172.21.15.142:0/1770929657 <== mon.0 v2:172.21.15.142:3300/0 4 ==== mgrmap(e 5) v1 ==== 45556+0+0 (secure 0 0 0) 0x7f811c023940 con 0x7f812c1065a0
2024-04-20T21:46:03.414 INFO:teuthology.orchestra.run.smithi142.stdout:/usr/bin/ceph: stderr
2024-04-20T21:45:55.710+0000 7f8123e00700 1 --2- 172.21.15.142:0/1770929657 >> [v2:172.21.15.142:6800/2803679129,v1:172.21.15.142:6801/2803679129] conn(0x7f8110038770 0x7f811003ac30 unknown :-1 s=NONE pgs=0 cs=0 l=1 rev1=0 crypto rx=0 tx=0 comp rx=0 tx=0).connect
2024-04-20T21:46:03.414 INFO:teuthology.orchestra.run.smithi142.stdout:/usr/bin/ceph: stderr
2024-04-20T21:45:55.710+0000 7f8123e00700 1 -- 172.21.15.142:0/1770929657 --> [v2:172.21.15.142:6800/2803679129,v1:172.21.15.142:6801/2803679129] -- command(tid 0: {"prefix": "get_command_descriptions"}) v1 -- 0x7f811003b340 con 0x7f8110038770
2024-04-20T21:46:03.414 INFO:teuthology.orchestra.run.smithi142.stdout:/usr/bin/ceph: stderr
2024-04-20T21:45:55.710+0000 7f8123e00700 1 -- 172.21.15.142:0/1770929657 <== mon.0 v2:172.21.15.142:3300/0 5 ==== osd_map(1..1 src has 1..1) v4 ==== 725+0+0 (secure 0 0 0) 0x7f811c04c970 con 0x7f812c1065a0
2024-04-20T21:46:03.414 INFO:teuthology.orchestra.run.smithi142.stdout:/usr/bin/ceph: stderr
2024-04-20T21:45:55.710+0000 7f812aa00700 1 -- 172.21.15.142:0/1770929657 >> [v2:172.21.15.142:6800/2803679129,v1:172.21.15.142:6801/2803679129] conn(0x7f8110038770 msgr2=0x7f811003ac30 unknown :-1 s=STATE_CONNECTING_RE l=1).process reconnect failed to v2:172.21.15.142:6800/2803679129
2024-04-20T21:46:03.414 INFO:teuthology.orchestra.run.smithi142.stdout:/usr/bin/ceph: stderr
2024-04-20T21:45:55.710+0000 7f812aa00700 1 --2- 172.21.15.142:0/1770929657 >> [v2:172.21.15.142:6800/2803679129,v1:172.21.15.142:6801/2803679129] conn(0x7f8110038770 0x7f811003ac30 unknown :-1 s=START_CONNECT pgs=0 cs=0 l=1 rev1=0 crypto rx=0 tx=0 comp rx=0 tx=0)._fault waiting 0.200000
2024-04-20T21:46:03.414 INFO:teuthology.orchestra.run.smithi142.stdout:/usr/bin/ceph: stderr
2024-04-20T21:45:55.911+0000 7f812aa00700 1 -- 172.21.15.142:0/1770929657 >> [v2:172.21.15.142:6800/2803679129,v1:172.21.15.142:6801/2803679129] conn(0x7f8110038770 msgr2=0x7f811003ac30 unknown :-1 s=STATE_CONNECTING_RE l=1).process reconnect failed to v2:172.21.15.142:6800/2803679129
2024-04-20T21:46:03.414 INFO:teuthology.orchestra.run.smithi142.stdout:/usr/bin/ceph: stderr
2024-04-20T21:45:55.911+0000 7f812aa00700 1 --2- 172.21.15.142:0/1770929657 >> [v2:172.21.15.142:6800/2803679129,v1:172.21.15.142:6801/2803679129] conn(0x7f8110038770 0x7f811003ac30 unknown :-1 s=START_CONNECT pgs=0 cs=0 l=1 rev1=0 crypto rx=0 tx=0 comp rx=0 tx=0)._fault waiting 0.400000
2024-04-20T21:46:03.414 INFO:teuthology.orchestra.run.smithi142.stdout:/usr/bin/ceph: stderr
2024-04-20T21:45:56.312+0000 7f812aa00700 1 -- 172.21.15.142:0/1770929657 >> [v2:172.21.15.142:6800/2803679129,v1:172.21.15.142:6801/2803679129] conn(0x7f8110038770 msgr2=0x7f811003ac30 unknown :-1 s=STATE_CONNECTING_RE l=1).process reconnect failed to v2:172.21.15.142:6800/2803679129
2024-04-20T21:46:03.414 INFO:teuthology.orchestra.run.smithi142.stdout:/usr/bin/ceph: stderr
2024-04-20T21:45:56.312+0000 7f812aa00700 1 --2- 172.21.15.142:0/1770929657 >> [v2:172.21.15.142:6800/2803679129,v1:172.21.15.142:6801/2803679129] conn(0x7f8110038770 0x7f811003ac30 unknown :-1 s=START_CONNECT pgs=0 cs=0 l=1 rev1=0 crypto rx=0 tx=0 comp rx=0 tx=0)._fault waiting 0.800000
2024-04-20T21:46:03.414 INFO:teuthology.orchestra.run.smithi142.stdout:/usr/bin/ceph: stderr
2024-04-20T21:45:57.113+0000 7f812aa00700 1 -- 172.21.15.142:0/1770929657 >> [v2:172.21.15.142:6800/2803679129,v1:172.21.15.142:6801/2803679129] conn(0x7f8110038770 msgr2=0x7f811003ac30 unknown :-1 s=STATE_CONNECTING_RE l=1).process reconnect failed to v2:172.21.15.142:6800/2803679129
