2024-04-20T21:45:46.537 INFO:teuthology.orchestra.run.smithi142.stdout:/usr/bin/ceph: stderr
2024-04-20T21:45:45.813+0000 7fe446a00700 1 -- 172.21.15.142:0/3135803978 --> [v2:172.21.15.142:3300/0,v1:172.21.15.142:6789/0] -- mon_subscribe({osdmap=0}) v3 -- 0x7fe44019d180 con 0x7fe44007adb0
2024-04-20T21:45:46.537 INFO:teuthology.orchestra.run.smithi142.stdout:/usr/bin/ceph: stderr
2024-04-20T21:45:45.813+0000 7fe43cc00700 1 -- 172.21.15.142:0/3135803978 <== mon.0 v2:172.21.15.142:3300/0 4 ==== mgrmap(e 1) v1 ==== 668+0+0 (secure 0 0 0) 0x7fe430023c40 con 0x7fe44007adb0
2024-04-20T21:45:46.537 INFO:teuthology.orchestra.run.smithi142.stdout:/usr/bin/ceph: stderr
2024-04-20T21:45:45.813+0000 7fe43cc00700 1 -- 172.21.15.142:0/3135803978 <== mon.0 v2:172.21.15.142:3300/0 5 ==== osd_map(1..1 src has 1..1) v4 ==== 725+0+0 (secure 0 0 0) 0x7fe430019710 con 0x7fe44007adb0
2024-04-20T21:45:46.537 INFO:teuthology.orchestra.run.smithi142.stdout:/usr/bin/ceph: stderr
2024-04-20T21:45:45.814+0000 7fe446a00700 1 -- 172.21.15.142:0/3135803978 --> [v2:172.21.15.142:3300/0,v1:172.21.15.142:6789/0] -- mon_command({"prefix": "get_command_descriptions"} v 0) v1 -- 0x7fe44010c900 con 0x7fe44007adb0
2024-04-20T21:45:46.537 INFO:teuthology.orchestra.run.smithi142.stdout:/usr/bin/ceph: stderr
2024-04-20T21:45:45.816+0000 7fe43cc00700 1 -- 172.21.15.142:0/3135803978 <== mon.0 v2:172.21.15.142:3300/0 6 ==== mon_command_ack([{"prefix": "get_command_descriptions"}]=0 v0) v1 ==== 72+0+73121 (secure 0 0 0) 0x7fe43001bbe0 con 0x7fe44007adb0
2024-04-20T21:45:46.537 INFO:teuthology.orchestra.run.smithi142.stdout:/usr/bin/ceph: stderr
2024-04-20T21:45:45.896+0000 7fe446a00700 1 -- 172.21.15.142:0/3135803978 --> [v2:172.21.15.142:3300/0,v1:172.21.15.142:6789/0] -- mon_command({"prefix": "status", "format": "json-pretty"} v 0) v1 -- 0x7fe44010caf0 con 0x7fe44007adb0
2024-04-20T21:45:46.537 INFO:teuthology.orchestra.run.smithi142.stdout:/usr/bin/ceph: stderr
2024-04-20T21:45:45.897+0000 7fe43cc00700 1 -- 172.21.15.142:0/3135803978 <== mon.0 v2:172.21.15.142:3300/0 7 ==== mon_command_ack([{"prefix": "status", "format": "json-pretty"}]=0 v0) v1 ==== 79+0+1247 (secure 0 0 0) 0x7fe430005a20 con 0x7fe44007adb0
2024-04-20T21:45:46.537 INFO:teuthology.orchestra.run.smithi142.stdout:/usr/bin/ceph: stderr
2024-04-20T21:45:45.898+0000 7fe446a00700 1 -- 172.21.15.142:0/3135803978 >> [v2:172.21.15.142:3300/0,v1:172.21.15.142:6789/0] conn(0x7fe44007adb0 msgr2=0x7fe44019c5a0 secure :-1 s=STATE_CONNECTION_ESTABLISHED l=1).mark_down
2024-04-20T21:45:46.537 INFO:teuthology.orchestra.run.smithi142.stdout:/usr/bin/ceph: stderr
2024-04-20T21:45:45.898+0000 7fe446a00700 1 --2- 172.21.15.142:0/3135803978 >> [v2:172.21.15.142:3300/0,v1:172.21.15.142:6789/0] conn(0x7fe44007adb0 0x7fe44019c5a0 secure :-1 s=READY pgs=10 cs=0 l=1 rev1=1 crypto rx=0x7fe430006af0 tx=0x7fe4300047c0 comp rx=0 tx=0).stop
2024-04-20T21:45:46.537 INFO:teuthology.orchestra.run.smithi142.stdout:/usr/bin/ceph: stderr
2024-04-20T21:45:45.898+0000 7fe446a00700 1 -- 172.21.15.142:0/3135803978 shutdown_connections
2024-04-20T21:45:46.538 INFO:teuthology.orchestra.run.smithi142.stdout:/usr/bin/ceph: stderr
2024-04-20T21:45:45.898+0000 7fe446a00700 1 --2- 172.21.15.142:0/3135803978 >> [v2:172.21.15.142:3300/0,v1:172.21.15.142:6789/0] conn(0x7fe44007adb0 0x7fe44019c5a0 unknown :-1 s=CLOSED pgs=10 cs=0 l=1 rev1=1 crypto rx=0 tx=0 comp rx=0 tx=0).stop
2024-04-20T21:45:46.538 INFO:teuthology.orchestra.run.smithi142.stdout:/usr/bin/ceph: stderr
2024-04-20T21:45:45.898+0000 7fe446a00700 1 -- 172.21.15.142:0/3135803978 >> 172.21.15.142:0/3135803978 conn(0x7fe440101ba0 msgr2=0x7fe440102860 unknown :-1 s=STATE_NONE l=0).mark_down
2024-04-20T21:45:46.538 INFO:teuthology.orchestra.run.smithi142.stdout:/usr/bin/ceph: stderr
2024-04-20T21:45:45.898+0000 7fe446a00700 1 -- 172.21.15.142:0/3135803978 shutdown_connections
2024-04-20T21:45:46.538 INFO:teuthology.orchestra.run.smithi142.stdout:/usr/bin/ceph: stderr
2024-04-20T21:45:45.899+0000 7fe446a00700 1 -- 172.21.15.142:0/3135803978 wait complete.
2024-04-20T21:45:46.538 INFO:teuthology.orchestra.run.smithi142.stdout:mgr not available, waiting (3/15)...
2024-04-20T21:45:47.445 INFO:journalctl@ceph.mon.smithi142.smithi142.stdout:Apr 20 21:45:47 smithi142 ceph-mon[15828]: Activating manager daemon smithi142.zzmcfz
2024-04-20T21:45:47.446 INFO:journalctl@ceph.mon.smithi142.smithi142.stdout:Apr 20 21:45:47 smithi142 ceph-mon[15828]: mgrmap e2: smithi142.zzmcfz(active, starting, since 0.0108906s)
2024-04-20T21:45:47.446 INFO:journalctl@ceph.mon.smithi142.smithi142.stdout:Apr 20 21:45:47 smithi142 ceph-mon[15828]: from='mgr.14100 172.21.15.142:0/1786704636' entity='mgr.smithi142.zzmcfz' cmd=[{"prefix": "mds metadata"}]: dispatch
2024-04-20T21:45:47.446 INFO:journalctl@ceph.mon.smithi142.smithi142.stdout:Apr 20 21:45:47 smithi142 ceph-mon[15828]: from='mgr.14100 172.21.15.142:0/1786704636' entity='mgr.smithi142.zzmcfz' cmd=[{"prefix": "osd metadata"}]: dispatch
2024-04-20T21:45:47.446 INFO:journalctl@ceph.mon.smithi142.smithi142.stdout:Apr 20 21:45:47 smithi142 ceph-mon[15828]: from='mgr.14100 172.21.15.142:0/1786704636' entity='mgr.smithi142.zzmcfz' cmd=[{"prefix": "mon metadata"}]: dispatch
2024-04-20T21:45:47.446 INFO:journalctl@ceph.mon.smithi142.smithi142.stdout:Apr 20 21:45:47 smithi142 ceph-mon[15828]: from='mgr.14100 172.21.15.142:0/1786704636' entity='mgr.smithi142.zzmcfz' cmd=[{"prefix": "mon metadata", "id": "smithi142"}]: dispatch
2024-04-20T21:45:47.446 INFO:journalctl@ceph.mon.smithi142.smithi142.stdout:Apr 20 21:45:47 smithi142 ceph-mon[15828]: from='mgr.14100 172.21.15.142:0/1786704636' entity='mgr.smithi142.zzmcfz' cmd=[{"prefix": "mgr metadata", "who": "smithi142.zzmcfz", "id": "smithi142.zzmcfz"}]: dispatch
2024-04-20T21:45:47.446 INFO:journalctl@ceph.mon.smithi142.smithi142.stdout:Apr 20 21:45:47 smithi142 ceph-mon[15828]: Manager daemon smithi142.zzmcfz is now available
2024-04-20T21:45:47.446 INFO:journalctl@ceph.mon.smithi142.smithi142.stdout:Apr 20 21:45:47 smithi142 ceph-mon[15828]: from='mgr.14100 172.21.15.142:0/1786704636' entity='mgr.smithi142.zzmcfz' cmd=[{"prefix":"config rm","who":"mgr","name":"mgr/rbd_support/smithi142.zzmcfz/mirror_snapshot_schedule"}]: dispatch
2024-04-20T21:45:47.446 INFO:journalctl@ceph.mon.smithi142.smithi142.stdout:Apr 20 21:45:47 smithi142 ceph-mon[15828]: from='mgr.14100 172.21.15.142:0/1786704636' entity='mgr.smithi142.zzmcfz'
2024-04-20T21:45:47.446 INFO:journalctl@ceph.mon.smithi142.smithi142.stdout:Apr 20 21:45:47 smithi142 ceph-mon[15828]: from='mgr.14100 172.21.15.142:0/1786704636' entity='mgr.smithi142.zzmcfz' cmd=[{"prefix":"config rm","who":"mgr","name":"mgr/rbd_support/smithi142.zzmcfz/trash_purge_schedule"}]: dispatch
2024-04-20T21:45:47.446 INFO:journalctl@ceph.mon.smithi142.smithi142.stdout:Apr 20 21:45:47 smithi142 ceph-mon[15828]: from='mgr.14100 172.21.15.142:0/1786704636' entity='mgr.smithi142.zzmcfz'
2024-04-20T21:45:47.446 INFO:journalctl@ceph.mon.smithi142.smithi142.stdout:Apr 20 21:45:47 smithi142 ceph-mon[15828]: from='mgr.14100 172.21.15.142:0/1786704636' entity='mgr.smithi142.zzmcfz'
2024-04-20T21:45:49.445 INFO:journalctl@ceph.mon.smithi142.smithi142.stdout:Apr 20 21:45:49 smithi142 ceph-mon[15828]: mgrmap e3: smithi142.zzmcfz(active, since 1.0207s)
2024-04-20T21:45:50.394 INFO:journalctl@ceph.mon.smithi142.smithi142.stdout:Apr 20 21:45:50 smithi142 ceph-mon[15828]: mgrmap e4: smithi142.zzmcfz(active, since 2s)
2024-04-20T21:45:50.394 INFO:journalctl@ceph.mon.smithi142.smithi142.stdout:Apr 20 21:45:50 smithi142 ceph-mon[15828]: from='client.? 172.21.15.142:0/2063748173' entity='client.admin' cmd=[{"prefix": "status", "format": "json-pretty"}]: dispatch
2024-04-20T21:45:50.406 INFO:teuthology.orchestra.run.smithi142.stdout:/usr/bin/ceph: stdout
2024-04-20T21:45:50.406 INFO:teuthology.orchestra.run.smithi142.stdout:/usr/bin/ceph: stdout {
2024-04-20T21:45:50.406 INFO:teuthology.orchestra.run.smithi142.stdout:/usr/bin/ceph: stdout "fsid": "270cccba-ff5f-11ee-bc93-c7b262605968",
2024-04-20T21:45:50.406 INFO:teuthology.orchestra.run.smithi142.stdout:/usr/bin/ceph: stdout "health": {
2024-04-20T21:45:50.406 INFO:teuthology.orchestra.run.smithi142.stdout:/usr/bin/ceph: stdout "status": "HEALTH_OK",
2024-04-20T21:45:50.406 INFO:teuthology.orchestra.run.smithi142.stdout:/usr/bin/ceph: stdout "checks": {},
2024-04-20T21:45:50.406 INFO:teuthology.orchestra.run.smithi142.stdout:/usr/bin/ceph: stdout "mutes": []
2024-04-20T21:45:50.406 INFO:teuthology.orchestra.run.smithi142.stdout:/usr/bin/ceph: stdout },
2024-04-20T21:45:50.406 INFO:teuthology.orchestra.run.smithi142.stdout:/usr/bin/ceph: stdout "election_epoch": 5,
2024-04-20T21:45:50.407 INFO:teuthology.orchestra.run.smithi142.stdout:/usr/bin/ceph: stdout "quorum": [
2024-04-20T21:45:50.407 INFO:teuthology.orchestra.run.smithi142.stdout:/usr/bin/ceph: stdout 0
2024-04-20T21:45:50.407 INFO:teuthology.orchestra.run.smithi142.stdout:/usr/bin/ceph: stdout ],
2024-04-20T21:45:50.407 INFO:teuthology.orchestra.run.smithi142.stdout:/usr/bin/ceph: stdout "quorum_names": [
2024-04-20T21:45:50.407 INFO:teuthology.orchestra.run.smithi142.stdout:/usr/bin/ceph: stdout "smithi142"
2024-04-20T21:45:50.407 INFO:teuthology.orchestra.run.smithi142.stdout:/usr/bin/ceph: stdout ],
2024-04-20T21:45:50.407 INFO:teuthology.orchestra.run.smithi142.stdout:/usr/bin/ceph: stdout "quorum_age": 13,
2024-04-20T21:45:50.407 INFO:teuthology.orchestra.run.smithi142.stdout:/usr/bin/ceph: stdout "monmap": {
2024-04-20T21:45:50.407 INFO:teuthology.orchestra.run.smithi142.stdout:/usr/bin/ceph: stdout "epoch": 1,
2024-04-20T21:45:50.407 INFO:teuthology.orchestra.run.smithi142.stdout:/usr/bin/ceph: stdout "min_mon_release_name": "reef",
2024-04-20T21:45:50.407 INFO:teuthology.orchestra.run.smithi142.stdout:/usr/bin/ceph: stdout "num_mons": 1
2024-04-20T21:45:50.407 INFO:teuthology.orchestra.run.smithi142.stdout:/usr/bin/ceph: stdout },
2024-04-20T21:45:50.407 INFO:teuthology.orchestra.run.smithi142.stdout:/usr/bin/ceph: stdout "osdmap": {
2024-04-20T21:45:50.407 INFO:teuthology.orchestra.run.smithi142.stdout:/usr/bin/ceph: stdout "epoch": 1,
2024-04-20T21:45:50.407 INFO:teuthology.orchestra.run.smithi142.stdout:/usr/bin/ceph: stdout "num_osds": 0,
2024-04-20T21:45:50.407 INFO:teuthology.orchestra.run.smithi142.stdout:/usr/bin/ceph: stdout "num_up_osds": 0,
2024-04-20T21:45:50.408 INFO:teuthology.orchestra.run.smithi142.stdout:/usr/bin/ceph: stdout "osd_up_since": 0,
2024-04-20T21:45:50.417 INFO:teuthology.orchestra.run.smithi142.stdout:/usr/bin/ceph: stdout "num_in_osds": 0,
2024-04-20T21:45:50.417 INFO:teuthology.orchestra.run.smithi142.stdout:/usr/bin/ceph: stdout "osd_in_since": 0,
2024-04-20T21:45:50.417 INFO:teuthology.orchestra.run.smithi142.stdout:/usr/bin/ceph: stdout "num_remapped_pgs": 0
2024-04-20T21:45:50.417 INFO:teuthology.orchestra.run.smithi142.stdout:/usr/bin/ceph: stdout },
2024-04-20T21:45:50.417 INFO:teuthology.orchestra.run.smithi142.stdout:/usr/bin/ceph: stdout "pgmap": {
2024-04-20T21:45:50.417 INFO:teuthology.orchestra.run.smithi142.stdout:/usr/bin/ceph: stdout "pgs_by_state": [],
2024-04-20T21:45:50.417 INFO:teuthology.orchestra.run.smithi142.stdout:/usr/bin/ceph: stdout "num_pgs": 0,
2024-04-20T21:45:50.417 INFO:teuthology.orchestra.run.smithi142.stdout:/usr/bin/ceph: stdout "num_pools": 0,
2024-04-20T21:45:50.417 INFO:teuthology.orchestra.run.smithi142.stdout:/usr/bin/ceph: stdout "num_objects": 0,
2024-04-20T21:45:50.418 INFO:teuthology.orchestra.run.smithi142.stdout:/usr/bin/ceph: stdout "data_bytes": 0,
2024-04-20T21:45:50.418 INFO:teuthology.orchestra.run.smithi142.stdout:/usr/bin/ceph: stdout "bytes_used": 0,
2024-04-20T21:45:50.418 INFO:teuthology.orchestra.run.smithi142.stdout:/usr/bin/ceph: stdout "bytes_avail": 0,
2024-04-20T21:45:50.418 INFO:teuthology.orchestra.run.smithi142.stdout:/usr/bin/ceph: stdout "bytes_total": 0
2024-04-20T21:45:50.418 INFO:teuthology.orchestra.run.smithi142.stdout:/usr/bin/ceph: stdout },
2024-04-20T21:45:50.418 INFO:teuthology.orchestra.run.smithi142.stdout:/usr/bin/ceph: stdout "fsmap": {
2024-04-20T21:45:50.418 INFO:teuthology.orchestra.run.smithi142.stdout:/usr/bin/ceph: stdout "epoch": 1,
2024-04-20T21:45:50.418 INFO:teuthology.orchestra.run.smithi142.stdout:/usr/bin/ceph: stdout "by_rank": [],
2024-04-20T21:45:50.418 INFO:teuthology.orchestra.run.smithi142.stdout:/usr/bin/ceph: stdout "up:standby": 0
2024-04-20T21:45:50.418 INFO:teuthology.orchestra.run.smithi142.stdout:/usr/bin/ceph: stdout },
2024-04-20T21:45:50.418 INFO:teuthology.orchestra.run.smithi142.stdout:/usr/bin/ceph: stdout "mgrmap": {
2024-04-20T21:45:50.418 INFO:teuthology.orchestra.run.smithi142.stdout:/usr/bin/ceph: stdout "available": true,
2024-04-20T21:45:50.418 INFO:teuthology.orchestra.run.smithi142.stdout:/usr/bin/ceph: stdout "num_standbys": 0,
2024-04-20T21:45:50.419 INFO:teuthology.orchestra.run.smithi142.stdout:/usr/bin/ceph: stdout "modules": [
2024-04-20T21:45:50.419 INFO:teuthology.orchestra.run.smithi142.stdout:/usr/bin/ceph: stdout "iostat",
2024-04-20T21:45:50.419 INFO:teuthology.orchestra.run.smithi142.stdout:/usr/bin/ceph: stdout "nfs",
2024-04-20T21:45:50.419 INFO:teuthology.orchestra.run.smithi142.stdout:/usr/bin/ceph: stdout "restful"
2024-04-20T21:45:50.419 INFO:teuthology.orchestra.run.smithi142.stdout:/usr/bin/ceph: stdout ],
2024-04-20T21:45:50.419 INFO:teuthology.orchestra.run.smithi142.stdout:/usr/bin/ceph: stdout "services": {}
2024-04-20T21:45:50.419 INFO:teuthology.orchestra.run.smithi142.stdout:/usr/bin/ceph: stdout },
2024-04-20T21:45:50.419 INFO:teuthology.orchestra.run.smithi142.stdout:/usr/bin/ceph: stdout "servicemap": {
2024-04-20T21:45:50.419 INFO:teuthology.orchestra.run.smithi142.stdout:/usr/bin/ceph: stdout "epoch": 1,
2024-04-20T21:45:50.419 INFO:teuthology.orchestra.run.smithi142.stdout:/usr/bin/ceph: stdout "modified": "2024-04-20T21:45:27.214173+0000",
2024-04-20T21:45:50.419 INFO:teuthology.orchestra.run.smithi142.stdout:/usr/bin/ceph: stdout "services": {}
2024-04-20T21:45:50.419 INFO:teuthology.orchestra.run.smithi142.stdout:/usr/bin/ceph: stdout },
2024-04-20T21:45:50.419 INFO:teuthology.orchestra.run.smithi142.stdout:/usr/bin/ceph: stdout "progress_events": {}
2024-04-20T21:45:50.419 INFO:teuthology.orchestra.run.smithi142.stdout:/usr/bin/ceph: stdout }
2024-04-20T21:45:50.420 INFO:teuthology.orchestra.run.smithi142.stdout:/usr/bin/ceph: stderr
2024-04-20T21:45:49.150+0000 7f56c5200700 1 Processor -- start
2024-04-20T21:45:50.420 INFO:teuthology.orchestra.run.smithi142.stdout:/usr/bin/ceph: stderr
2024-04-20T21:45:49.151+0000 7f56c5200700 1 -- start start
2024-04-20T21:45:50.420 INFO:teuthology.orchestra.run.smithi142.stdout:/usr/bin/ceph: stderr
2024-04-20T21:45:49.151+0000 7f56c5200700 1 --2- >> [v2:172.21.15.142:3300/0,v1:172.21.15.142:6789/0] conn(0x7f56c010d080 0x7f56c010d4a0 unknown :-1 s=NONE pgs=0 cs=0 l=0 rev1=0 crypto rx=0 tx=0 comp rx=0 tx=0).connect
2024-04-20T21:45:50.420 INFO:teuthology.orchestra.run.smithi142.stdout:/usr/bin/ceph: stderr
2024-04-20T21:45:49.151+0000 7f56c5200700 1 -- --> [v2:172.21.15.142:3300/0,v1:172.21.15.142:6789/0] -- mon_getmap magic: 0 v1 -- 0x7f56c010da70 con 0x7f56c010d080
2024-04-20T21:45:50.420 INFO:teuthology.orchestra.run.smithi142.stdout:/usr/bin/ceph: stderr
2024-04-20T21:45:49.151+0000 7f56bde00700 1 --2- >> [v2:172.21.15.142:3300/0,v1:172.21.15.142:6789/0] conn(0x7f56c010d080 0x7f56c010d4a0 unknown :-1 s=BANNER_CONNECTING pgs=0 cs=0 l=0 rev1=0 crypto rx=0 tx=0 comp rx=0 tx=0)._handle_peer_banner_payload supported=3 required=0
2024-04-20T21:45:50.420 INFO:teuthology.orchestra.run.smithi142.stdout:/usr/bin/ceph: stderr
2024-04-20T21:45:49.152+0000 7f56bde00700 1 --2- >> [v2:172.21.15.142:3300/0,v1:172.21.15.142:6789/0] conn(0x7f56c010d080 0x7f56c010d4a0 unknown :-1 s=HELLO_CONNECTING pgs=0 cs=0 l=0 rev1=1 crypto rx=0 tx=0 comp rx=0 tx=0).handle_hello peer v2:172.21.15.142:3300/0 says I am v2:172.21.15.142:58952/0 (socket says 172.21.15.142:58952)
2024-04-20T21:45:50.420 INFO:teuthology.orchestra.run.smithi142.stdout:/usr/bin/ceph: stderr
2024-04-20T21:45:49.152+0000 7f56bde00700 1 -- 172.21.15.142:0/3908732236 learned_addr learned my addr 172.21.15.142:0/3908732236 (peer_addr_for_me v2:172.21.15.142:0/0)
2024-04-20T21:45:50.420 INFO:teuthology.orchestra.run.smithi142.stdout:/usr/bin/ceph: stderr
2024-04-20T21:45:49.152+0000 7f56bde00700 1 -- 172.21.15.142:0/3908732236 --> [v2:172.21.15.142:3300/0,v1:172.21.15.142:6789/0] -- mon_subscribe({config=0+,monmap=0+}) v3 -- 0x7f56c010de00 con 0x7f56c010d080
2024-04-20T21:45:50.420 INFO:teuthology.orchestra.run.smithi142.stdout:/usr/bin/ceph: stderr
2024-04-20T21:45:49.152+0000 7f56bde00700 1 --2- 172.21.15.142:0/3908732236 >> [v2:172.21.15.142:3300/0,v1:172.21.15.142:6789/0] conn(0x7f56c010d080 0x7f56c010d4a0 secure :-1 s=READY pgs=18 cs=0 l=1 rev1=1 crypto rx=0x7f56b00098a0 tx=0x7f56b0009bb0 comp rx=0 tx=0).ready entity=mon.0 client_cookie=5e0d2dd0ee42987c server_cookie=0 in_seq=0 out_seq=0
2024-04-20T21:45:50.420 INFO:teuthology.orchestra.run.smithi142.stdout:/usr/bin/ceph: stderr
2024-04-20T21:45:49.153+0000 7f56bca00700 1 -- 172.21.15.142:0/3908732236 <== mon.0 v2:172.21.15.142:3300/0 1 ==== mon_map magic: 0 v1 ==== 229+0+0 (secure 0 0 0) 0x7f56b0004180 con 0x7f56c010d080
2024-04-20T21:45:50.420 INFO:teuthology.orchestra.run.smithi142.stdout:/usr/bin/ceph: stderr
2024-04-20T21:45:49.153+0000 7f56bca00700 1 -- 172.21.15.142:0/3908732236 <== mon.0 v2:172.21.15.142:3300/0 2 ==== config(27 keys) v1 ==== 1042+0+0 (secure 0 0 0) 0x7f56b00042e0 con 0x7f56c010d080
2024-04-20T21:45:50.420 INFO:teuthology.orchestra.run.smithi142.stdout:/usr/bin/ceph: stderr
2024-04-20T21:45:49.153+0000 7f56bca00700 1 -- 172.21.15.142:0/3908732236 <== mon.0 v2:172.21.15.142:3300/0 3 ==== mon_map magic: 0 v1 ==== 229+0+0 (secure 0 0 0) 0x7f56b0011a70 con 0x7f56c010d080
2024-04-20T21:45:50.420 INFO:teuthology.orchestra.run.smithi142.stdout:/usr/bin/ceph: stderr
2024-04-20T21:45:49.153+0000 7f56c5200700 1 -- 172.21.15.142:0/3908732236 >> [v2:172.21.15.142:3300/0,v1:172.21.15.142:6789/0] conn(0x7f56c010d080 msgr2=0x7f56c010d4a0 secure :-1 s=STATE_CONNECTION_ESTABLISHED l=1).mark_down
2024-04-20T21:45:50.420 INFO:teuthology.orchestra.run.smithi142.stdout:/usr/bin/ceph: stderr
2024-04-20T21:45:49.153+0000 7f56c5200700 1 --2- 172.21.15.142:0/3908732236 >> [v2:172.21.15.142:3300/0,v1:172.21.15.142:6789/0] conn(0x7f56c010d080 0x7f56c010d4a0 secure :-1 s=READY pgs=18 cs=0 l=1 rev1=1 crypto rx=0x7f56b00098a0 tx=0x7f56b0009bb0 comp rx=0 tx=0).stop
2024-04-20T21:45:50.421 INFO:teuthology.orchestra.run.smithi142.stdout:/usr/bin/ceph: stderr
2024-04-20T21:45:49.154+0000 7f56c5200700 1 -- 172.21.15.142:0/3908732236 shutdown_connections
2024-04-20T21:45:50.421 INFO:teuthology.orchestra.run.smithi142.stdout:/usr/bin/ceph: stderr
2024-04-20T21:45:49.154+0000 7f56c5200700 1 --2- 172.21.15.142:0/3908732236 >> [v2:172.21.15.142:3300/0,v1:172.21.15.142:6789/0] conn(0x7f56c010d080 0x7f56c010d4a0 unknown :-1 s=CLOSED pgs=18 cs=0 l=1 rev1=1 crypto rx=0 tx=0 comp rx=0 tx=0).stop
2024-04-20T21:45:50.421 INFO:teuthology.orchestra.run.smithi142.stdout:/usr/bin/ceph: stderr
2024-04-20T21:45:49.154+0000 7f56c5200700 1 -- 172.21.15.142:0/3908732236 >> 172.21.15.142:0/3908732236 conn(0x7f56c007bbf0 msgr2=0x7f56c007e010 unknown :-1 s=STATE_NONE l=0).mark_down
2024-04-20T21:45:50.421 INFO:teuthology.orchestra.run.smithi142.stdout:/usr/bin/ceph: stderr
2024-04-20T21:45:49.154+0000 7f56c5200700 1 -- 172.21.15.142:0/3908732236 shutdown_connections
2024-04-20T21:45:50.421 INFO:teuthology.orchestra.run.smithi142.stdout:/usr/bin/ceph: stderr
2024-04-20T21:45:49.154+0000 7f56c5200700 1 -- 172.21.15.142:0/3908732236 wait complete.
2024-04-20T21:45:50.421 INFO:teuthology.orchestra.run.smithi142.stdout:/usr/bin/ceph: stderr
2024-04-20T21:45:49.155+0000 7f56c5200700 1 Processor -- start
2024-04-20T21:45:50.421 INFO:teuthology.orchestra.run.smithi142.stdout:/usr/bin/ceph: stderr
2024-04-20T21:45:49.155+0000 7f56c5200700 1 -- start start
2024-04-20T21:45:50.421 INFO:teuthology.orchestra.run.smithi142.stdout:/usr/bin/ceph: stderr
2024-04-20T21:45:49.155+0000 7f56c5200700 1 --2- >> [v2:172.21.15.142:3300/0,v1:172.21.15.142:6789/0] conn(0x7f56c010d080 0x7f56c01a0910 unknown :-1 s=NONE pgs=0 cs=0 l=1 rev1=0 crypto rx=0 tx=0 comp rx=0 tx=0).connect
2024-04-20T21:45:50.421 INFO:teuthology.orchestra.run.smithi142.stdout:/usr/bin/ceph: stderr
2024-04-20T21:45:49.155+0000 7f56c5200700 1 -- --> [v2:172.21.15.142:3300/0,v1:172.21.15.142:6789/0] -- mon_getmap magic: 0 v1 -- 0x7f56c01a0e50 con 0x7f56c010d080
2024-04-20T21:45:50.421 INFO:teuthology.orchestra.run.smithi142.stdout:/usr/bin/ceph: stderr
2024-04-20T21:45:49.156+0000 7f56bde00700 1 --2- >> [v2:172.21.15.142:3300/0,v1:172.21.15.142:6789/0] conn(0x7f56c010d080 0x7f56c01a0910 unknown :-1 s=BANNER_CONNECTING pgs=0 cs=0 l=1 rev1=0 crypto rx=0 tx=0 comp rx=0 tx=0)._handle_peer_banner_payload supported=3 required=0
2024-04-20T21:45:50.421 INFO:teuthology.orchestra.run.smithi142.stdout:/usr/bin/ceph: stderr
2024-04-20T21:45:49.156+0000 7f56bde00700 1 --2- >> [v2:172.21.15.142:3300/0,v1:172.21.15.142:6789/0] conn(0x7f56c010d080 0x7f56c01a0910 unknown :-1 s=HELLO_CONNECTING pgs=0 cs=0 l=1 rev1=1 crypto rx=0 tx=0 comp rx=0 tx=0).handle_hello peer v2:172.21.15.142:3300/0 says I am v2:172.21.15.142:58958/0 (socket says 172.21.15.142:58958)
2024-04-20T21:45:50.421 INFO:teuthology.orchestra.run.smithi142.stdout:/usr/bin/ceph: stderr
2024-04-20T21:45:49.156+0000 7f56bde00700 1 -- 172.21.15.142:0/2063748173 learned_addr learned my addr 172.21.15.142:0/2063748173 (peer_addr_for_me v2:172.21.15.142:0/0)
2024-04-20T21:45:50.421 INFO:teuthology.orchestra.run.smithi142.stdout:/usr/bin/ceph: stderr
2024-04-20T21:45:49.156+0000 7f56bde00700 1 -- 172.21.15.142:0/2063748173 --> [v2:172.21.15.142:3300/0,v1:172.21.15.142:6789/0] -- mon_subscribe({config=0+,monmap=0+}) v3 -- 0x7f56b0009550 con 0x7f56c010d080
2024-04-20T21:45:50.421 INFO:teuthology.orchestra.run.smithi142.stdout:/usr/bin/ceph: stderr
2024-04-20T21:45:49.156+0000 7f56bde00700 1 --2- 172.21.15.142:0/2063748173 >> [v2:172.21.15.142:3300/0,v1:172.21.15.142:6789/0] conn(0x7f56c010d080 0x7f56c01a0910 secure :-1 s=READY pgs=19 cs=0 l=1 rev1=1 crypto rx=0x7f56b0011710 tx=0x7f56b00047c0 comp rx=0 tx=0).ready entity=mon.0 client_cookie=0 server_cookie=0 in_seq=0 out_seq=0
2024-04-20T21:45:50.421 INFO:teuthology.orchestra.run.smithi142.stdout:/usr/bin/ceph: stderr
2024-04-20T21:45:49.156+0000 7f56b6a00700 1 -- 172.21.15.142:0/2063748173 <== mon.0 v2:172.21.15.142:3300/0 1 ==== mon_map magic: 0 v1 ==== 229+0+0 (secure 0 0 0) 0x7f56b0003b10 con 0x7f56c010d080
2024-04-20T21:45:50.422 INFO:teuthology.orchestra.run.smithi142.stdout:/usr/bin/ceph: stderr
2024-04-20T21:45:49.157+0000 7f56b6a00700 1 -- 172.21.15.142:0/2063748173 <== mon.0 v2:172.21.15.142:3300/0 2 ==== config(27 keys) v1 ==== 1042+0+0 (secure 0 0 0) 0x7f56b001b8c0 con 0x7f56c010d080
2024-04-20T21:45:50.422 INFO:teuthology.orchestra.run.smithi142.stdout:/usr/bin/ceph: stderr
2024-04-20T21:45:49.157+0000 7f56b6a00700 1 -- 172.21.15.142:0/2063748173 <== mon.0 v2:172.21.15.142:3300/0 3 ==== mon_map magic: 0 v1 ==== 229+0+0 (secure 0 0 0) 0x7f56b0019770 con 0x7f56c010d080
2024-04-20T21:45:50.422 INFO:teuthology.orchestra.run.smithi142.stdout:/usr/bin/ceph: stderr
2024-04-20T21:45:49.157+0000 7f56c5200700 1 -- 172.21.15.142:0/2063748173 --> [v2:172.21.15.142:3300/0,v1:172.21.15.142:6789/0] -- mon_subscribe({mgrmap=0+}) v3 -- 0x7f56c01a1050 con 0x7f56c010d080
2024-04-20T21:45:50.422 INFO:teuthology.orchestra.run.smithi142.stdout:/usr/bin/ceph: stderr
2024-04-20T21:45:49.157+0000 7f56c5200700 1 -- 172.21.15.142:0/2063748173 --> [v2:172.21.15.142:3300/0,v1:172.21.15.142:6789/0] -- mon_subscribe({osdmap=0}) v3 -- 0x7f56c01a14f0 con 0x7f56c010d080
2024-04-20T21:45:50.422 INFO:teuthology.orchestra.run.smithi142.stdout:/usr/bin/ceph: stderr
2024-04-20T21:45:49.158+0000 7f56b6a00700 1 -- 172.21.15.142:0/2063748173 <== mon.0 v2:172.21.15.142:3300/0 4 ==== mgrmap(e 3) v1 ==== 45439+0+0 (secure 0 0 0) 0x7f56b001b440 con 0x7f56c010d080
2024-04-20T21:45:50.422 INFO:teuthology.orchestra.run.smithi142.stdout:/usr/bin/ceph: stderr
2024-04-20T21:45:49.158+0000 7f56c5200700 1 -- 172.21.15.142:0/2063748173 --> [v2:172.21.15.142:3300/0,v1:172.21.15.142:6789/0] -- mon_command({"prefix": "get_command_descriptions"} v 0) v1 -- 0x7f56c0111030 con 0x7f56c010d080
2024-04-20T21:45:50.422 INFO:teuthology.orchestra.run.smithi142.stdout:/usr/bin/ceph: stderr
2024-04-20T21:45:49.158+0000 7f56b6a00700 1 --2- 172.21.15.142:0/2063748173 >> [v2:172.21.15.142:6800/2803679129,v1:172.21.15.142:6801/2803679129] conn(0x7f56a4038600 0x7f56a403aac0 unknown :-1 s=NONE pgs=0 cs=0 l=1 rev1=0 crypto rx=0 tx=0 comp rx=0 tx=0).connect
2024-04-20T21:45:50.422 INFO:teuthology.orchestra.run.smithi142.stdout:/usr/bin/ceph: stderr
2024-04-20T21:45:49.158+0000 7f56b6a00700 1 -- 172.21.15.142:0/2063748173 <== mon.0 v2:172.21.15.142:3300/0 5 ==== osd_map(1..1 src has 1..1) v4 ==== 725+0+0 (secure 0 0 0) 0x7f56b004c680 con 0x7f56c010d080
2024-04-20T21:45:50.422 INFO:teuthology.orchestra.run.smithi142.stdout:/usr/bin/ceph: stderr
2024-04-20T21:45:49.158+0000 7f56bd400700 1 --2- 172.21.15.142:0/2063748173 >> [v2:172.21.15.142:6800/2803679129,v1:172.21.15.142:6801/2803679129] conn(0x7f56a4038600 0x7f56a403aac0 unknown :-1 s=BANNER_CONNECTING pgs=0 cs=0 l=1 rev1=0 crypto rx=0 tx=0 comp rx=0 tx=0)._handle_peer_banner_payload supported=3 required=0
2024-04-20T21:45:50.422 INFO:teuthology.orchestra.run.smithi142.stdout:/usr/bin/ceph: stderr
2024-04-20T21:45:49.159+0000 7f56bd400700 1 --2- 172.21.15.142:0/2063748173 >> [v2:172.21.15.142:6800/2803679129,v1:172.21.15.142:6801/2803679129] conn(0x7f56a4038600 0x7f56a403aac0 secure :-1 s=READY pgs=6 cs=0 l=1 rev1=1 crypto rx=0x7f56ac006fd0 tx=0x7f56ac006e40 comp rx=0 tx=0).ready entity=mgr.14100 client_cookie=0 server_cookie=0 in_seq=0 out_seq=0
2024-04-20T21:45:50.422 INFO:teuthology.orchestra.run.smithi142.stdout:/usr/bin/ceph: stderr
2024-04-20T21:45:49.164+0000 7f56b6a00700 1 -- 172.21.15.142:0/2063748173 <== mon.0 v2:172.21.15.142:3300/0 6 ==== mon_command_ack([{"prefix": "get_command_descriptions"}]=0 v0) v1 ==== 72+0+183351 (secure 0 0 0) 0x7f56b001b6f0 con 0x7f56c010d080
2024-04-20T21:45:50.422 INFO:teuthology.orchestra.run.smithi142.stdout:/usr/bin/ceph: stderr
2024-04-20T21:45:49.168+0000 7f56b6a00700 1 -- 172.21.15.142:0/2063748173 <== mon.0 v2:172.21.15.142:3300/0 7 ==== mgrmap(e 4) v1 ==== 45545+0+0 (secure 0 0 0) 0x7f56b0019d20 con 0x7f56c010d080
2024-04-20T21:45:50.422 INFO:teuthology.orchestra.run.smithi142.stdout:/usr/bin/ceph: stderr
2024-04-20T21:45:49.464+0000 7f56c5200700 1 -- 172.21.15.142:0/2063748173 --> [v2:172.21.15.142:3300/0,v1:172.21.15.142:6789/0] -- mon_command({"prefix": "status", "format": "json-pretty"} v 0) v1 -- 0x7f56c01a3d80 con 0x7f56c010d080
2024-04-20T21:45:50.423 INFO:teuthology.orchestra.run.smithi142.stdout:/usr/bin/ceph: stderr
2024-04-20T21:45:49.465+0000 7f56b6a00700 1 -- 172.21.15.142:0/2063748173 <== mon.0 v2:172.21.15.142:3300/0 8 ==== mon_command_ack([{"prefix": "status", "format": "json-pretty"}]=0 v0) v1 ==== 79+0+1246 (secure 0 0 0) 0x7f56b001f090 con 0x7f56c010d080
2024-04-20T21:45:50.423 INFO:teuthology.orchestra.run.smithi142.stdout:/usr/bin/ceph: stderr
2024-04-20T21:45:49.468+0000 7f56c5200700 1 -- 172.21.15.142:0/2063748173 >> [v2:172.21.15.142:6800/2803679129,v1:172.21.15.142:6801/2803679129] conn(0x7f56a4038600 msgr2=0x7f56a403aac0 secure :-1 s=STATE_CONNECTION_ESTABLISHED l=1).mark_down
2024-04-20T21:45:50.423 INFO:teuthology.orchestra.run.smithi142.stdout:/usr/bin/ceph: stderr
2024-04-20T21:45:49.468+0000 7f56c5200700 1 --2- 172.21.15.142:0/2063748173 >> [v2:172.21.15.142:6800/2803679129,v1:172.21.15.142:6801/2803679129] conn(0x7f56a4038600 0x7f56a403aac0 secure :-1 s=READY pgs=6 cs=0 l=1 rev1=1 crypto rx=0x7f56ac006fd0 tx=0x7f56ac006e40 comp rx=0 tx=0).stop
2024-04-20T21:45:50.423 INFO:teuthology.orchestra.run.smithi142.stdout:/usr/bin/ceph: stderr
2024-04-20T21:45:49.468+0000 7f56c5200700 1 -- 172.21.15.142:0/2063748173 >> [v2:172.21.15.142:3300/0,v1:172.21.15.142:6789/0] conn(0x7f56c010d080 msgr2=0x7f56c01a0910 secure :-1 s=STATE_CONNECTION_ESTABLISHED l=1).mark_down
2024-04-20T21:45:50.423 INFO:teuthology.orchestra.run.smithi142.stdout:/usr/bin/ceph: stderr
2024-04-20T21:45:49.468+0000 7f56c5200700 1 --2- 172.21.15.142:0/2063748173 >> [v2:172.21.15.142:3300/0,v1:172.21.15.142:6789/0] conn(0x7f56c010d080 0x7f56c01a0910 secure :-1 s=READY pgs=19 cs=0 l=1 rev1=1 crypto rx=0x7f56b0011710 tx=0x7f56b00047c0 comp rx=0 tx=0).stop
2024-04-20T21:45:50.423 INFO:teuthology.orchestra.run.smithi142.stdout:/usr/bin/ceph: stderr
2024-04-20T21:45:49.468+0000 7f56c5200700 1 -- 172.21.15.142:0/2063748173 shutdown_connections
2024-04-20T21:45:50.423 INFO:teuthology.orchestra.run.smithi142.stdout:/usr/bin/ceph: stderr
2024-04-20T21:45:49.468+0000 7f56c5200700 1 --2- 172.21.15.142:0/2063748173 >> [v2:172.21.15.142:6800/2803679129,v1:172.21.15.142:6801/2803679129] conn(0x7f56a4038600 0x7f56a403aac0 unknown :-1 s=CLOSED pgs=6 cs=0 l=1 rev1=1 crypto rx=0 tx=0 comp rx=0 tx=0).stop
2024-04-20T21:45:50.423 INFO:teuthology.orchestra.run.smithi142.stdout:/usr/bin/ceph: stderr
2024-04-20T21:45:49.468+0000 7f56c5200700 1 --2- 172.21.15.142:0/2063748173 >> [v2:172.21.15.142:3300/0,v1:172.21.15.142:6789/0] conn(0x7f56c010d080 0x7f56c01a0910 unknown :-1 s=CLOSED pgs=19 cs=0 l=1 rev1=1 crypto rx=0 tx=0 comp rx=0 tx=0).stop
2024-04-20T21:45:50.423 INFO:teuthology.orchestra.run.smithi142.stdout:/usr/bin/ceph: stderr
2024-04-20T21:45:49.468+0000 7f56c5200700 1 -- 172.21.15.142:0/2063748173 >> 172.21.15.142:0/2063748173 conn(0x7f56c007bbf0 msgr2=0x7f56c007c730 unknown :-1 s=STATE_NONE l=0).mark_down
2024-04-20T21:45:50.423 INFO:teuthology.orchestra.run.smithi142.stdout:/usr/bin/ceph: stderr
2024-04-20T21:45:49.468+0000 7f56c5200700 1 -- 172.21.15.142:0/2063748173 shutdown_connections
2024-04-20T21:45:50.423 INFO:teuthology.orchestra.run.smithi142.stdout:/usr/bin/ceph: stderr
2024-04-20T21:45:49.468+0000 7f56c5200700 1 -- 172.21.15.142:0/2063748173 wait complete.
2024-04-20T21:45:50.423 INFO:teuthology.orchestra.run.smithi142.stdout:mgr is available
2024-04-20T21:45:51.571 INFO:journalctl@ceph.mon.smithi142.smithi142.stdout:Apr 20 21:45:51 smithi142 ceph-mon[15828]: from='client.? 172.21.15.142:0/1490185162' entity='client.admin' cmd=[{"prefix": "config assimilate-conf"}]: dispatch
2024-04-20T21:45:51.910 INFO:teuthology.orchestra.run.smithi142.stdout:/usr/bin/ceph: stdout
2024-04-20T21:45:51.910 INFO:teuthology.orchestra.run.smithi142.stdout:/usr/bin/ceph: stdout [global]
2024-04-20T21:45:51.910 INFO:teuthology.orchestra.run.smithi142.stdout:/usr/bin/ceph: stdout fsid = 270cccba-ff5f-11ee-bc93-c7b262605968
2024-04-20T21:45:51.911 INFO:teuthology.orchestra.run.smithi142.stdout:/usr/bin/ceph: stdout mon_osd_allow_pg_remap = true
2024-04-20T21:45:51.911 INFO:teuthology.orchestra.run.smithi142.stdout:/usr/bin/ceph: stdout mon_osd_allow_primary_affinity = true
2024-04-20T21:45:51.918 INFO:teuthology.orchestra.run.smithi142.stdout:/usr/bin/ceph: stdout mon_warn_on_no_sortbitwise = false
2024-04-20T21:45:51.918 INFO:teuthology.orchestra.run.smithi142.stdout:/usr/bin/ceph: stdout osd_crush_chooseleaf_type = 0
2024-04-20T21:45:51.918 INFO:teuthology.orchestra.run.smithi142.stdout:/usr/bin/ceph: stdout
2024-04-20T21:45:51.918 INFO:teuthology.orchestra.run.smithi142.stdout:/usr/bin/ceph: stdout [mgr]
2024-04-20T21:45:51.919 INFO:teuthology.orchestra.run.smithi142.stdout:/usr/bin/ceph: stdout mgr/telemetry/nag = false
2024-04-20T21:45:51.919 INFO:teuthology.orchestra.run.smithi142.stdout:/usr/bin/ceph: stdout
2024-04-20T21:45:51.919 INFO:teuthology.orchestra.run.smithi142.stdout:/usr/bin/ceph: stdout [osd]
2024-04-20T21:45:51.919 INFO:teuthology.orchestra.run.smithi142.stdout:/usr/bin/ceph: stdout mon_osd_backfillfull_ratio = 0.85
2024-04-20T21:45:51.919 INFO:teuthology.orchestra.run.smithi142.stdout:/usr/bin/ceph: stdout mon_osd_full_ratio = 0.9
2024-04-20T21:45:51.919 INFO:teuthology.orchestra.run.smithi142.stdout:/usr/bin/ceph: stdout mon_osd_nearfull_ratio = 0.8
2024-04-20T21:45:51.919 INFO:teuthology.orchestra.run.smithi142.stdout:/usr/bin/ceph: stdout osd_map_max_advance = 10
2024-04-20T21:45:51.919 INFO:teuthology.orchestra.run.smithi142.stdout:/usr/bin/ceph: stdout osd_sloppy_crc = true
2024-04-20T21:45:51.919 INFO:teuthology.orchestra.run.smithi142.stdout:/usr/bin/ceph: stderr
2024-04-20T21:45:50.971+0000 7f8079e00700 1 Processor -- start
2024-04-20T21:45:51.919 INFO:teuthology.orchestra.run.smithi142.stdout:/usr/bin/ceph: stderr
2024-04-20T21:45:50.971+0000 7f8079e00700 1 -- start start
2024-04-20T21:45:51.919 INFO:teuthology.orchestra.run.smithi142.stdout:/usr/bin/ceph: stderr
2024-04-20T21:45:50.972+0000 7f8079e00700 1 --2- >> [v2:172.21.15.142:3300/0,v1:172.21.15.142:6789/0] conn(0x7f8074108800 0x7f8074108c20 unknown :-1 s=NONE pgs=0 cs=0 l=0 rev1=0 crypto rx=0 tx=0 comp rx=0 tx=0).connect
2024-04-20T21:45:51.919 INFO:teuthology.orchestra.run.smithi142.stdout:/usr/bin/ceph: stderr
2024-04-20T21:45:50.972+0000 7f8079e00700 1 -- --> [v2:172.21.15.142:3300/0,v1:172.21.15.142:6789/0] -- mon_getmap magic: 0 v1 -- 0x7f80741091f0 con 0x7f8074108800
2024-04-20T21:45:51.919 INFO:teuthology.orchestra.run.smithi142.stdout:/usr/bin/ceph: stderr
2024-04-20T21:45:50.972+0000 7f8072a00700 1 --2- >> [v2:172.21.15.142:3300/0,v1:172.21.15.142:6789/0] conn(0x7f8074108800 0x7f8074108c20 unknown :-1 s=BANNER_CONNECTING pgs=0 cs=0 l=0 rev1=0 crypto rx=0 tx=0 comp rx=0 tx=0)._handle_peer_banner_payload supported=3 required=0
2024-04-20T21:45:51.920 INFO:teuthology.orchestra.run.smithi142.stdout:/usr/bin/ceph: stderr
2024-04-20T21:45:50.972+0000 7f8072a00700 1 --2- >> [v2:172.21.15.142:3300/0,v1:172.21.15.142:6789/0] conn(0x7f8074108800 0x7f8074108c20 unknown :-1 s=HELLO_CONNECTING pgs=0 cs=0 l=0 rev1=1 crypto rx=0 tx=0 comp rx=0 tx=0).handle_hello peer v2:172.21.15.142:3300/0 says I am v2:172.21.15.142:58968/0 (socket says 172.21.15.142:58968)
2024-04-20T21:45:51.920 INFO:teuthology.orchestra.run.smithi142.stdout:/usr/bin/ceph: stderr
2024-04-20T21:45:50.972+0000 7f8072a00700 1 -- 172.21.15.142:0/2598550319 learned_addr learned my addr 172.21.15.142:0/2598550319 (peer_addr_for_me v2:172.21.15.142:0/0)
2024-04-20T21:45:51.920 INFO:teuthology.orchestra.run.smithi142.stdout:/usr/bin/ceph: stderr
2024-04-20T21:45:50.973+0000 7f8072a00700 1 -- 172.21.15.142:0/2598550319 --> [v2:172.21.15.142:3300/0,v1:172.21.15.142:6789/0] -- mon_subscribe({config=0+,monmap=0+}) v3 -- 0x7f80741099b0 con 0x7f8074108800
2024-04-20T21:45:51.920 INFO:teuthology.orchestra.run.smithi142.stdout:/usr/bin/ceph: stderr
2024-04-20T21:45:50.973+0000 7f8072a00700 1 --2- 172.21.15.142:0/2598550319 >> [v2:172.21.15.142:3300/0,v1:172.21.15.142:6789/0] conn(0x7f8074108800 0x7f8074108c20 secure :-1 s=READY pgs=20 cs=0 l=1 rev1=1 crypto rx=0x7f8064009e80 tx=0x7f806400b330 comp rx=0 tx=0).ready entity=mon.0 client_cookie=2f3e878aa76fc14b server_cookie=0 in_seq=0 out_seq=0
2024-04-20T21:45:51.920 INFO:teuthology.orchestra.run.smithi142.stdout:/usr/bin/ceph: stderr
2024-04-20T21:45:50.973+0000 7f8072000700 1 -- 172.21.15.142:0/2598550319 <== mon.0 v2:172.21.15.142:3300/0 1 ==== mon_map magic: 0 v1 ==== 229+0+0 (secure 0 0 0) 0x7f806400e070 con 0x7f8074108800
2024-04-20T21:45:51.920 INFO:teuthology.orchestra.run.smithi142.stdout:/usr/bin/ceph: stderr
2024-04-20T21:45:50.973+0000 7f8072000700 1 -- 172.21.15.142:0/2598550319 <== mon.0 v2:172.21.15.142:3300/0 2 ==== config(27 keys) v1 ==== 1042+0+0 (secure 0 0 0) 0x7f806400b8c0 con 0x7f8074108800
2024-04-20T21:45:51.920 INFO:teuthology.orchestra.run.smithi142.stdout:/usr/bin/ceph: stderr
2024-04-20T21:45:50.973+0000 7f8072000700 1 -- 172.21.15.142:0/2598550319 <== mon.0 v2:172.21.15.142:3300/0 3 ==== mon_map magic: 0 v1 ==== 229+0+0 (secure 0 0 0) 0x7f8064004440 con 0x7f8074108800
2024-04-20T21:45:51.920 INFO:teuthology.orchestra.run.smithi142.stdout:/usr/bin/ceph: stderr
2024-04-20T21:45:50.974+0000 7f8079e00700 1 -- 172.21.15.142:0/2598550319 >> [v2:172.21.15.142:3300/0,v1:172.21.15.142:6789/0] conn(0x7f8074108800 msgr2=0x7f8074108c20 secure :-1 s=STATE_CONNECTION_ESTABLISHED l=1).mark_down
2024-04-20T21:45:51.920 INFO:teuthology.orchestra.run.smithi142.stdout:/usr/bin/ceph: stderr
2024-04-20T21:45:50.974+0000 7f8079e00700 1 --2- 172.21.15.142:0/2598550319 >> [v2:172.21.15.142:3300/0,v1:172.21.15.142:6789/0] conn(0x7f8074108800 0x7f8074108c20 secure :-1 s=READY pgs=20 cs=0 l=1 rev1=1 crypto rx=0x7f8064009e80 tx=0x7f806400b330 comp rx=0 tx=0).stop
2024-04-20T21:45:51.920 INFO:teuthology.orchestra.run.smithi142.stdout:/usr/bin/ceph: stderr
2024-04-20T21:45:50.974+0000 7f8079e00700 1 -- 172.21.15.142:0/2598550319 shutdown_connections
2024-04-20T21:45:51.920 INFO:teuthology.orchestra.run.smithi142.stdout:/usr/bin/ceph: stderr
2024-04-20T21:45:50.974+0000 7f8079e00700 1 --2- 172.21.15.142:0/2598550319 >> [v2:172.21.15.142:3300/0,v1:172.21.15.142:6789/0] conn(0x7f8074108800 0x7f8074108c20 unknown :-1 s=CLOSED pgs=20 cs=0 l=1 rev1=1 crypto rx=0 tx=0 comp rx=0 tx=0).stop
2024-04-20T21:45:51.921 INFO:teuthology.orchestra.run.smithi142.stdout:/usr/bin/ceph: stderr
2024-04-20T21:45:50.974+0000 7f8079e00700 1 -- 172.21.15.142:0/2598550319 >> 172.21.15.142:0/2598550319 conn(0x7f8074103dc0 msgr2=0x7f80741061e0 unknown :-1 s=STATE_NONE l=0).mark_down
2024-04-20T21:45:51.921 INFO:teuthology.orchestra.run.smithi142.stdout:/usr/bin/ceph: stderr
2024-04-20T21:45:50.974+0000 7f8079e00700 1 -- 172.21.15.142:0/2598550319 shutdown_connections
2024-04-20T21:45:51.921 INFO:teuthology.orchestra.run.smithi142.stdout:/usr/bin/ceph: stderr
2024-04-20T21:45:50.974+0000 7f8079e00700 1 -- 172.21.15.142:0/2598550319 wait complete.
2024-04-20T21:45:51.921 INFO:teuthology.orchestra.run.smithi142.stdout:/usr/bin/ceph: stderr
2024-04-20T21:45:50.975+0000 7f8079e00700 1 Processor -- start
2024-04-20T21:45:51.921 INFO:teuthology.orchestra.run.smithi142.stdout:/usr/bin/ceph: stderr
2024-04-20T21:45:50.975+0000 7f8079e00700 1 -- start start
2024-04-20T21:45:51.921 INFO:teuthology.orchestra.run.smithi142.stdout:/usr/bin/ceph: stderr
2024-04-20T21:45:50.975+0000 7f8079e00700 1 --2- >> [v2:172.21.15.142:3300/0,v1:172.21.15.142:6789/0] conn(0x7f8074108800 0x7f807419c4a0 unknown :-1 s=NONE pgs=0 cs=0 l=1 rev1=0 crypto rx=0 tx=0 comp rx=0 tx=0).connect
2024-04-20T21:45:51.921 INFO:teuthology.orchestra.run.smithi142.stdout:/usr/bin/ceph: stderr
2024-04-20T21:45:50.976+0000 7f8079e00700 1 -- --> [v2:172.21.15.142:3300/0,v1:172.21.15.142:6789/0] -- mon_getmap magic: 0 v1 -- 0x7f807419c9e0 con 0x7f8074108800
2024-04-20T21:45:51.921 INFO:teuthology.orchestra.run.smithi142.stdout:/usr/bin/ceph: stderr
2024-04-20T21:45:50.976+0000 7f8072a00700 1 --2- >> [v2:172.21.15.142:3300/0,v1:172.21.15.142:6789/0] conn(0x7f8074108800 0x7f807419c4a0 unknown :-1 s=BANNER_CONNECTING pgs=0 cs=0 l=1 rev1=0 crypto rx=0 tx=0 comp rx=0 tx=0)._handle_peer_banner_payload supported=3 required=0
2024-04-20T21:45:51.921 INFO:teuthology.orchestra.run.smithi142.stdout:/usr/bin/ceph: stderr
2024-04-20T21:45:50.976+0000 7f8072a00700 1 --2- >> [v2:172.21.15.142:3300/0,v1:172.21.15.142:6789/0] conn(0x7f8074108800 0x7f807419c4a0 unknown :-1 s=HELLO_CONNECTING pgs=0 cs=0 l=1 rev1=1 crypto rx=0 tx=0 comp rx=0 tx=0).handle_hello peer v2:172.21.15.142:3300/0 says I am v2:172.21.15.142:58984/0 (socket says 172.21.15.142:58984)
2024-04-20T21:45:51.921 INFO:teuthology.orchestra.run.smithi142.stdout:/usr/bin/ceph: stderr
2024-04-20T21:45:50.976+0000 7f8072a00700 1 -- 172.21.15.142:0/1490185162 learned_addr learned my addr 172.21.15.142:0/1490185162 (peer_addr_for_me v2:172.21.15.142:0/0)
2024-04-20T21:45:51.921 INFO:teuthology.orchestra.run.smithi142.stdout:/usr/bin/ceph: stderr
2024-04-20T21:45:50.976+0000 7f8072a00700 1 -- 172.21.15.142:0/1490185162 --> [v2:172.21.15.142:3300/0,v1:172.21.15.142:6789/0] -- mon_subscribe({config=0+,monmap=0+}) v3 -- 0x7f8064009b30 con 0x7f8074108800
2024-04-20T21:45:51.921 INFO:teuthology.orchestra.run.smithi142.stdout:/usr/bin/ceph: stderr
2024-04-20T21:45:50.976+0000 7f8072a00700 1 --2- 172.21.15.142:0/1490185162 >> [v2:172.21.15.142:3300/0,v1:172.21.15.142:6789/0] conn(0x7f8074108800 0x7f807419c4a0 secure :-1 s=READY pgs=21 cs=0 l=1 rev1=1 crypto rx=0x7f80640099e0 tx=0x7f8064003d00 comp rx=0 tx=0).ready entity=mon.0 client_cookie=0 server_cookie=0 in_seq=0 out_seq=0
2024-04-20T21:45:51.921 INFO:teuthology.orchestra.run.smithi142.stdout:/usr/bin/ceph: stderr
2024-04-20T21:45:50.977+0000 7f8078a00700 1 -- 172.21.15.142:0/1490185162 <== mon.0 v2:172.21.15.142:3300/0 1 ==== mon_map magic: 0 v1 ==== 229+0+0 (secure 0 0 0) 0x7f806400e040 con 0x7f8074108800
2024-04-20T21:45:51.922 INFO:teuthology.orchestra.run.smithi142.stdout:/usr/bin/ceph: stderr
2024-04-20T21:45:50.977+0000 7f8078a00700 1 -- 172.21.15.142:0/1490185162 <== mon.0 v2:172.21.15.142:3300/0 2 ==== config(27 keys) v1 ==== 1042+0+0 (secure 0 0 0) 0x7f806400bc40 con 0x7f8074108800
2024-04-20T21:45:51.922 INFO:teuthology.orchestra.run.smithi142.stdout:/usr/bin/ceph: stderr
2024-04-20T21:45:50.977+0000 7f8078a00700 1 -- 172.21.15.142:0/1490185162 <== mon.0 v2:172.21.15.142:3300/0 3 ==== mon_map magic: 0 v1 ==== 229+0+0 (secure 0 0 0) 0x7f80640125e0 con 0x7f8074108800
2024-04-20T21:45:51.922 INFO:teuthology.orchestra.run.smithi142.stdout:/usr/bin/ceph: stderr
2024-04-20T21:45:50.977+0000 7f8079e00700 1 -- 172.21.15.142:0/1490185162 --> [v2:172.21.15.142:3300/0,v1:172.21.15.142:6789/0] -- mon_subscribe({mgrmap=0+}) v3 -- 0x7f807419cbe0 con 0x7f8074108800
2024-04-20T21:45:51.922 INFO:teuthology.orchestra.run.smithi142.stdout:/usr/bin/ceph: stderr
2024-04-20T21:45:50.977+0000 7f8079e00700 1 -- 172.21.15.142:0/1490185162 --> [v2:172.21.15.142:3300/0,v1:172.21.15.142:6789/0] -- mon_subscribe({osdmap=0}) v3 -- 0x7f807419d0e0 con 0x7f8074108800
2024-04-20T21:45:51.922 INFO:teuthology.orchestra.run.smithi142.stdout:/usr/bin/ceph: stderr
2024-04-20T21:45:50.978+0000 7f8078a00700 1 -- 172.21.15.142:0/1490185162 <== mon.0 v2:172.21.15.142:3300/0 4 ==== mgrmap(e 4) v1 ==== 45545+0+0 (secure 0 0 0) 0x7f8064019040 con 0x7f8074108800
2024-04-20T21:45:51.922 INFO:teuthology.orchestra.run.smithi142.stdout:/usr/bin/ceph: stderr
2024-04-20T21:45:50.978+0000 7f8079e00700 1 -- 172.21.15.142:0/1490185162 --> [v2:172.21.15.142:3300/0,v1:172.21.15.142:6789/0] -- mon_command({"prefix": "get_command_descriptions"} v 0) v1 -- 0x7f807410cbe0 con 0x7f8074108800
2024-04-20T21:45:51.922 INFO:teuthology.orchestra.run.smithi142.stdout:/usr/bin/ceph: stderr
2024-04-20T21:45:50.978+0000 7f8078a00700 1 --2- 172.21.15.142:0/1490185162 >> [v2:172.21.15.142:6800/2803679129,v1:172.21.15.142:6801/2803679129] conn(0x7f80580386b0 0x7f805803ab70 unknown :-1 s=NONE pgs=0 cs=0 l=1 rev1=0 crypto rx=0 tx=0 comp rx=0 tx=0).connect
2024-04-20T21:45:51.922 INFO:teuthology.orchestra.run.smithi142.stdout:/usr/bin/ceph: stderr
2024-04-20T21:45:50.979+0000 7f8078a00700 1 -- 172.21.15.142:0/1490185162 <== mon.0 v2:172.21.15.142:3300/0 5 ==== osd_map(1..1 src has 1..1) v4 ==== 725+0+0 (secure 0 0 0) 0x7f806404bd10 con 0x7f8074108800
2024-04-20T21:45:51.922 INFO:teuthology.orchestra.run.smithi142.stdout:/usr/bin/ceph: stderr
2024-04-20T21:45:50.979+0000 7f806a000700 1 --2- 172.21.15.142:0/1490185162 >> [v2:172.21.15.142:6800/2803679129,v1:172.21.15.142:6801/2803679129] conn(0x7f80580386b0 0x7f805803ab70 unknown :-1 s=BANNER_CONNECTING pgs=0 cs=0 l=1 rev1=0 crypto rx=0 tx=0 comp rx=0 tx=0)._handle_peer_banner_payload supported=3 required=0
2024-04-20T21:45:51.922 INFO:teuthology.orchestra.run.smithi142.stdout:/usr/bin/ceph: stderr
2024-04-20T21:45:50.979+0000 7f806a000700 1 --2- 172.21.15.142:0/1490185162 >> [v2:172.21.15.142:6800/2803679129,v1:172.21.15.142:6801/2803679129] conn(0x7f80580386b0 0x7f805803ab70 secure :-1 s=READY pgs=7 cs=0 l=1 rev1=1 crypto rx=0x7f805c006fd0 tx=0x7f805c006e40 comp rx=0 tx=0).ready entity=mgr.14100 client_cookie=0 server_cookie=0 in_seq=0 out_seq=0
2024-04-20T21:45:51.922 INFO:teuthology.orchestra.run.smithi142.stdout:/usr/bin/ceph: stderr
2024-04-20T21:45:50.984+0000 7f8078a00700 1 -- 172.21.15.142:0/1490185162 <== mon.0 v2:172.21.15.142:3300/0 6 ==== mon_command_ack([{"prefix": "get_command_descriptions"}]=0 v0) v1 ==== 72+0+183351 (secure 0 0 0) 0x7f8064051020 con 0x7f8074108800
2024-04-20T21:45:51.922 INFO:teuthology.orchestra.run.smithi142.stdout:/usr/bin/ceph: stderr
2024-04-20T21:45:51.201+0000 7f8079e00700 1 -- 172.21.15.142:0/1490185162 --> [v2:172.21.15.142:3300/0,v1:172.21.15.142:6789/0] -- mon_command({"prefix": "config assimilate-conf"} v 0) v1 -- 0x7f807419f910 con 0x7f8074108800
2024-04-20T21:45:51.922 INFO:teuthology.orchestra.run.smithi142.stdout:/usr/bin/ceph: stderr
2024-04-20T21:45:51.203+0000 7f8078a00700 1 -- 172.21.15.142:0/1490185162 <== mon.0 v2:172.21.15.142:3300/0 7 ==== mon_command_ack([{"prefix": "config assimilate-conf"}]=0 v3) v1 ==== 70+0+373 (secure 0 0 0) 0x7f806401f020 con 0x7f8074108800
2024-04-20T21:45:51.923 INFO:teuthology.orchestra.run.smithi142.stdout:/usr/bin/ceph: stderr
2024-04-20T21:45:51.206+0000 7f8079e00700 1 -- 172.21.15.142:0/1490185162 >> [v2:172.21.15.142:6800/2803679129,v1:172.21.15.142:6801/2803679129] conn(0x7f80580386b0 msgr2=0x7f805803ab70 secure :-1 s=STATE_CONNECTION_ESTABLISHED l=1).mark_down
2024-04-20T21:45:51.923 INFO:teuthology.orchestra.run.smithi142.stdout:/usr/bin/ceph: stderr
2024-04-20T21:45:51.206+0000 7f8079e00700 1 --2- 172.21.15.142:0/1490185162 >> [v2:172.21.15.142:6800/2803679129,v1:172.21.15.142:6801/2803679129] conn(0x7f80580386b0 0x7f805803ab70 secure :-1 s=READY pgs=7 cs=0 l=1 rev1=1 crypto rx=0x7f805c006fd0 tx=0x7f805c006e40 comp rx=0 tx=0).stop
2024-04-20T21:45:51.923 INFO:teuthology.orchestra.run.smithi142.stdout:/usr/bin/ceph: stderr
2024-04-20T21:45:51.206+0000 7f8079e00700 1 -- 172.21.15.142:0/1490185162 >> [v2:172.21.15.142:3300/0,v1:172.21.15.142:6789/0] conn(0x7f8074108800 msgr2=0x7f807419c4a0 secure :-1 s=STATE_CONNECTION_ESTABLISHED l=1).mark_down
2024-04-20T21:45:51.923 INFO:teuthology.orchestra.run.smithi142.stdout:/usr/bin/ceph: stderr
2024-04-20T21:45:51.206+0000 7f8079e00700 1 --2- 172.21.15.142:0/1490185162 >> [v2:172.21.15.142:3300/0,v1:172.21.15.142:6789/0] conn(0x7f8074108800 0x7f807419c4a0 secure :-1 s=READY pgs=21 cs=0 l=1 rev1=1 crypto rx=0x7f80640099e0 tx=0x7f8064003d00 comp rx=0 tx=0).stop
2024-04-20T21:45:51.923 INFO:teuthology.orchestra.run.smithi142.stdout:/usr/bin/ceph: stderr
2024-04-20T21:45:51.206+0000 7f8079e00700 1 -- 172.21.15.142:0/1490185162 shutdown_connections
2024-04-20T21:45:51.923 INFO:teuthology.orchestra.run.smithi142.stdout:/usr/bin/ceph: stderr
2024-04-20T21:45:51.206+0000 7f8079e00700 1 --2- 172.21.15.142:0/1490185162 >> [v2:172.21.15.142:6800/2803679129,v1:172.21.15.142:6801/2803679129] conn(0x7f80580386b0 0x7f805803ab70 unknown :-1 s=CLOSED pgs=7 cs=0 l=1 rev1=1 crypto rx=0 tx=0 comp rx=0 tx=0).stop
2024-04-20T21:45:51.923 INFO:teuthology.orchestra.run.smithi142.stdout:/usr/bin/ceph: stderr
2024-04-20T21:45:51.206+0000 7f8079e00700 1 --2- 172.21.15.142:0/1490185162 >> [v2:172.21.15.142:3300/0,v1:172.21.15.142:6789/0] conn(0x7f8074108800 0x7f807419c4a0 unknown :-1 s=CLOSED pgs=21 cs=0 l=1 rev1=1 crypto rx=0 tx=0 comp rx=0 tx=0).stop
2024-04-20T21:45:51.923 INFO:teuthology.orchestra.run.smithi142.stdout:/usr/bin/ceph: stderr
2024-04-20T21:45:51.206+0000 7f8079e00700 1 -- 172.21.15.142:0/1490185162 >> 172.21.15.142:0/1490185162 conn(0x7f8074103dc0 msgr2=0x7f8074104900 unknown :-1 s=STATE_NONE l=0).mark_down
2024-04-20T21:45:51.923 INFO:teuthology.orchestra.run.smithi142.stdout:/usr/bin/ceph: stderr
2024-04-20T21:45:51.206+0000 7f8079e00700 1 -- 172.21.15.142:0/1490185162 shutdown_connections
2024-04-20T21:45:51.923 INFO:teuthology.orchestra.run.smithi142.stdout:/usr/bin/ceph: stderr
2024-04-20T21:45:51.206+0000 7f8079e00700 1 -- 172.21.15.142:0/1490185162 wait complete.
2024-04-20T21:45:51.923 INFO:teuthology.orchestra.run.smithi142.stdout:Enabling cephadm module...
2024-04-20T21:45:53.083 INFO:journalctl@ceph.mon.smithi142.smithi142.stdout:Apr 20 21:45:52 smithi142 ceph-mon[15828]: from='client.? 172.21.15.142:0/2747214154' entity='client.admin' cmd=[{"prefix": "mgr module enable", "module": "cephadm"}]: dispatch
2024-04-20T21:45:53.470 INFO:teuthology.orchestra.run.smithi142.stdout:/usr/bin/ceph: stderr
2024-04-20T21:45:52.466+0000 7f36d5c00700 1 Processor -- start
2024-04-20T21:45:53.470 INFO:teuthology.orchestra.run.smithi142.stdout:/usr/bin/ceph: stderr
2024-04-20T21:45:52.467+0000 7f36d5c00700 1 -- start start
2024-04-20T21:45:53.470 INFO:teuthology.orchestra.run.smithi142.stdout:/usr/bin/ceph: stderr
2024-04-20T21:45:52.467+0000 7f36d5c00700 1 --2- >> [v2:172.21.15.142:3300/0,v1:172.21.15.142:6789/0] conn(0x7f36d010d130 0x7f36d010d550 unknown :-1 s=NONE pgs=0 cs=0 l=0 rev1=0 crypto rx=0 tx=0 comp rx=0 tx=0).connect
2024-04-20T21:45:53.470 INFO:teuthology.orchestra.run.smithi142.stdout:/usr/bin/ceph: stderr
2024-04-20T21:45:52.467+0000 7f36d5c00700 1 -- --> [v2:172.21.15.142:3300/0,v1:172.21.15.142:6789/0] -- mon_getmap magic: 0 v1 -- 0x7f36d010db20 con 0x7f36d010d130
2024-04-20T21:45:53.470 INFO:teuthology.orchestra.run.smithi142.stdout:/usr/bin/ceph: stderr
2024-04-20T21:45:52.468+0000 7f36cea00700 1 --2- >> [v2:172.21.15.142:3300/0,v1:172.21.15.142:6789/0] conn(0x7f36d010d130 0x7f36d010d550 unknown :-1 s=BANNER_CONNECTING pgs=0 cs=0 l=0 rev1=0 crypto rx=0 tx=0 comp rx=0 tx=0)._handle_peer_banner_payload supported=3 required=0
2024-04-20T21:45:53.471 INFO:teuthology.orchestra.run.smithi142.stdout:/usr/bin/ceph: stderr
