2024-04-20T21:46:08.353 INFO:teuthology.orchestra.run.smithi142.stdout:/usr/bin/ceph: stderr
2024-04-20T21:46:07.132+0000 7fd4c1e00700 1 -- 172.21.15.142:0/4035759857 --> [v2:172.21.15.142:3300/0,v1:172.21.15.142:6789/0] -- mon_subscribe({config=0+,monmap=0+}) v3 -- 0x7fd4b4009550 con 0x7fd4c41065a0
2024-04-20T21:46:08.353 INFO:teuthology.orchestra.run.smithi142.stdout:/usr/bin/ceph: stderr
2024-04-20T21:46:07.133+0000 7fd4c1e00700 1 --2- 172.21.15.142:0/4035759857 >> [v2:172.21.15.142:3300/0,v1:172.21.15.142:6789/0] conn(0x7fd4c41065a0 0x7fd4c407aa30 secure :-1 s=READY pgs=42 cs=0 l=1 rev1=1 crypto rx=0x7fd4b4003df0 tx=0x7fd4b40047c0 comp rx=0 tx=0).ready entity=mon.0 client_cookie=0 server_cookie=0 in_seq=0 out_seq=0
2024-04-20T21:46:08.353 INFO:teuthology.orchestra.run.smithi142.stdout:/usr/bin/ceph: stderr
2024-04-20T21:46:07.133+0000 7fd4baa00700 1 -- 172.21.15.142:0/4035759857 <== mon.0 v2:172.21.15.142:3300/0 1 ==== mon_map magic: 0 v1 ==== 229+0+0 (secure 0 0 0) 0x7fd4b4003a00 con 0x7fd4c41065a0
2024-04-20T21:46:08.354 INFO:teuthology.orchestra.run.smithi142.stdout:/usr/bin/ceph: stderr
2024-04-20T21:46:07.133+0000 7fd4baa00700 1 -- 172.21.15.142:0/4035759857 <== mon.0 v2:172.21.15.142:3300/0 2 ==== config(27 keys) v1 ==== 1042+0+0 (secure 0 0 0) 0x7fd4b4003b60 con 0x7fd4c41065a0
2024-04-20T21:46:08.354 INFO:teuthology.orchestra.run.smithi142.stdout:/usr/bin/ceph: stderr
2024-04-20T21:46:07.133+0000 7fd4baa00700 1 -- 172.21.15.142:0/4035759857 <== mon.0 v2:172.21.15.142:3300/0 3 ==== mon_map magic: 0 v1 ==== 229+0+0 (secure 0 0 0) 0x7fd4b4023770 con 0x7fd4c41065a0
2024-04-20T21:46:08.354 INFO:teuthology.orchestra.run.smithi142.stdout:/usr/bin/ceph: stderr
2024-04-20T21:46:07.133+0000 7fd4c8e00700 1 -- 172.21.15.142:0/4035759857 --> [v2:172.21.15.142:3300/0,v1:172.21.15.142:6789/0] -- mon_subscribe({mgrmap=0+}) v3 -- 0x7fd4c40791b0 con 0x7fd4c41065a0
2024-04-20T21:46:08.354 INFO:teuthology.orchestra.run.smithi142.stdout:/usr/bin/ceph: stderr
2024-04-20T21:46:07.133+0000 7fd4c8e00700 1 -- 172.21.15.142:0/4035759857 --> [v2:172.21.15.142:3300/0,v1:172.21.15.142:6789/0] -- mon_subscribe({osdmap=0}) v3 -- 0x7fd4c4079650 con 0x7fd4c41065a0
2024-04-20T21:46:08.354 INFO:teuthology.orchestra.run.smithi142.stdout:/usr/bin/ceph: stderr
2024-04-20T21:46:07.134+0000 7fd4baa00700 1 -- 172.21.15.142:0/4035759857 <== mon.0 v2:172.21.15.142:3300/0 4 ==== mgrmap(e 8) v1 ==== 45556+0+0 (secure 0 0 0) 0x7fd4b401bbe0 con 0x7fd4c41065a0
2024-04-20T21:46:08.354 INFO:teuthology.orchestra.run.smithi142.stdout:/usr/bin/ceph: stderr
2024-04-20T21:46:07.134+0000 7fd4c8e00700 1 -- 172.21.15.142:0/4035759857 --> [v2:172.21.15.142:3300/0,v1:172.21.15.142:6789/0] -- mon_command({"prefix": "get_command_descriptions"} v 0) v1 -- 0x7fd4c4062510 con 0x7fd4c41065a0
2024-04-20T21:46:08.354 INFO:teuthology.orchestra.run.smithi142.stdout:/usr/bin/ceph: stderr
2024-04-20T21:46:07.135+0000 7fd4baa00700 1 --2- 172.21.15.142:0/4035759857 >> [v2:172.21.15.142:6800/550675874,v1:172.21.15.142:6801/550675874] conn(0x7fd4a8038730 0x7fd4a803abf0 unknown :-1 s=NONE pgs=0 cs=0 l=1 rev1=0 crypto rx=0 tx=0 comp rx=0 tx=0).connect
2024-04-20T21:46:08.354 INFO:teuthology.orchestra.run.smithi142.stdout:/usr/bin/ceph: stderr
2024-04-20T21:46:07.135+0000 7fd4baa00700 1 -- 172.21.15.142:0/4035759857 <== mon.0 v2:172.21.15.142:3300/0 5 ==== osd_map(2..2 src has 1..2) v4 ==== 940+0+0 (secure 0 0 0) 0x7fd4b404c9f0 con 0x7fd4c41065a0
2024-04-20T21:46:08.356 INFO:teuthology.orchestra.run.smithi142.stdout:/usr/bin/ceph: stderr
2024-04-20T21:46:07.135+0000 7fd4c1400700 1 --2- 172.21.15.142:0/4035759857 >> [v2:172.21.15.142:6800/550675874,v1:172.21.15.142:6801/550675874] conn(0x7fd4a8038730 0x7fd4a803abf0 unknown :-1 s=BANNER_CONNECTING pgs=0 cs=0 l=1 rev1=0 crypto rx=0 tx=0 comp rx=0 tx=0)._handle_peer_banner_payload supported=3 required=0
2024-04-20T21:46:08.356 INFO:teuthology.orchestra.run.smithi142.stdout:/usr/bin/ceph: stderr
2024-04-20T21:46:07.136+0000 7fd4c1400700 1 --2- 172.21.15.142:0/4035759857 >> [v2:172.21.15.142:6800/550675874,v1:172.21.15.142:6801/550675874] conn(0x7fd4a8038730 0x7fd4a803abf0 secure :-1 s=READY pgs=9 cs=0 l=1 rev1=1 crypto rx=0x7fd4b0006fd0 tx=0x7fd4b0006e40 comp rx=0 tx=0).ready entity=mgr.14120 client_cookie=0 server_cookie=0 in_seq=0 out_seq=0
2024-04-20T21:46:08.356 INFO:teuthology.orchestra.run.smithi142.stdout:/usr/bin/ceph: stderr
2024-04-20T21:46:07.141+0000 7fd4baa00700 1 -- 172.21.15.142:0/4035759857 <== mon.0 v2:172.21.15.142:3300/0 6 ==== mon_command_ack([{"prefix": "get_command_descriptions"}]=0 v0) v1 ==== 72+0+183351 (secure 0 0 0) 0x7fd4b401b440 con 0x7fd4c41065a0
2024-04-20T21:46:08.356 INFO:teuthology.orchestra.run.smithi142.stdout:/usr/bin/ceph: stderr
2024-04-20T21:46:07.362+0000 7fd4c8e00700 1 -- 172.21.15.142:0/4035759857 --> [v2:172.21.15.142:6800/550675874,v1:172.21.15.142:6801/550675874] -- mgr_command(tid 0: {"prefix": "cephadm generate-key", "target": ["mon-mgr", ""]}) v1 -- 0x7fd4c4079c90 con 0x7fd4a8038730
2024-04-20T21:46:08.356 INFO:teuthology.orchestra.run.smithi142.stdout:/usr/bin/ceph: stderr
2024-04-20T21:46:07.646+0000 7fd4baa00700 1 -- 172.21.15.142:0/4035759857 <== mgr.14120 v2:172.21.15.142:6800/550675874 1 ==== mgr_command_reply(tid 0: 0 ) v1 ==== 8+0+0 (secure 0 0 0) 0x7fd4c4079c90 con 0x7fd4a8038730
2024-04-20T21:46:08.356 INFO:teuthology.orchestra.run.smithi142.stdout:/usr/bin/ceph: stderr
2024-04-20T21:46:07.649+0000 7fd4c8e00700 1 -- 172.21.15.142:0/4035759857 >> [v2:172.21.15.142:6800/550675874,v1:172.21.15.142:6801/550675874] conn(0x7fd4a8038730 msgr2=0x7fd4a803abf0 secure :-1 s=STATE_CONNECTION_ESTABLISHED l=1).mark_down
2024-04-20T21:46:08.356 INFO:teuthology.orchestra.run.smithi142.stdout:/usr/bin/ceph: stderr
2024-04-20T21:46:07.649+0000 7fd4c8e00700 1 --2- 172.21.15.142:0/4035759857 >> [v2:172.21.15.142:6800/550675874,v1:172.21.15.142:6801/550675874] conn(0x7fd4a8038730 0x7fd4a803abf0 secure :-1 s=READY pgs=9 cs=0 l=1 rev1=1 crypto rx=0x7fd4b0006fd0 tx=0x7fd4b0006e40 comp rx=0 tx=0).stop
2024-04-20T21:46:08.356 INFO:teuthology.orchestra.run.smithi142.stdout:/usr/bin/ceph: stderr
2024-04-20T21:46:07.649+0000 7fd4c8e00700 1 -- 172.21.15.142:0/4035759857 >> [v2:172.21.15.142:3300/0,v1:172.21.15.142:6789/0] conn(0x7fd4c41065a0 msgr2=0x7fd4c407aa30 secure :-1 s=STATE_CONNECTION_ESTABLISHED l=1).mark_down
2024-04-20T21:46:08.356 INFO:teuthology.orchestra.run.smithi142.stdout:/usr/bin/ceph: stderr
2024-04-20T21:46:07.649+0000 7fd4c8e00700 1 --2- 172.21.15.142:0/4035759857 >> [v2:172.21.15.142:3300/0,v1:172.21.15.142:6789/0] conn(0x7fd4c41065a0 0x7fd4c407aa30 secure :-1 s=READY pgs=42 cs=0 l=1 rev1=1 crypto rx=0x7fd4b4003df0 tx=0x7fd4b40047c0 comp rx=0 tx=0).stop
2024-04-20T21:46:08.357 INFO:teuthology.orchestra.run.smithi142.stdout:/usr/bin/ceph: stderr
2024-04-20T21:46:07.650+0000 7fd4c8e00700 1 -- 172.21.15.142:0/4035759857 shutdown_connections
2024-04-20T21:46:08.357 INFO:teuthology.orchestra.run.smithi142.stdout:/usr/bin/ceph: stderr
2024-04-20T21:46:07.650+0000 7fd4c8e00700 1 --2- 172.21.15.142:0/4035759857 >> [v2:172.21.15.142:6800/550675874,v1:172.21.15.142:6801/550675874] conn(0x7fd4a8038730 0x7fd4a803abf0 unknown :-1 s=CLOSED pgs=9 cs=0 l=1 rev1=1 crypto rx=0 tx=0 comp rx=0 tx=0).stop
2024-04-20T21:46:08.357 INFO:teuthology.orchestra.run.smithi142.stdout:/usr/bin/ceph: stderr
2024-04-20T21:46:07.650+0000 7fd4c8e00700 1 --2- 172.21.15.142:0/4035759857 >> [v2:172.21.15.142:3300/0,v1:172.21.15.142:6789/0] conn(0x7fd4c41065a0 0x7fd4c407aa30 unknown :-1 s=CLOSED pgs=42 cs=0 l=1 rev1=1 crypto rx=0 tx=0 comp rx=0 tx=0).stop
2024-04-20T21:46:08.357 INFO:teuthology.orchestra.run.smithi142.stdout:/usr/bin/ceph: stderr
2024-04-20T21:46:07.650+0000 7fd4c8e00700 1 -- 172.21.15.142:0/4035759857 >> 172.21.15.142:0/4035759857 conn(0x7fd4c4101ba0 msgr2=0x7fd4c4102820 unknown :-1 s=STATE_NONE l=0).mark_down
2024-04-20T21:46:08.357 INFO:teuthology.orchestra.run.smithi142.stdout:/usr/bin/ceph: stderr
2024-04-20T21:46:07.650+0000 7fd4c8e00700 1 -- 172.21.15.142:0/4035759857 shutdown_connections
2024-04-20T21:46:08.357 INFO:teuthology.orchestra.run.smithi142.stdout:/usr/bin/ceph: stderr
2024-04-20T21:46:07.650+0000 7fd4c8e00700 1 -- 172.21.15.142:0/4035759857 wait complete.
2024-04-20T21:46:08.946 INFO:journalctl@ceph.mon.smithi142.smithi142.stdout:Apr 20 21:46:08 smithi142 ceph-mon[15828]: from='client.14136 -' entity='client.admin' cmd=[{"prefix": "cephadm generate-key", "target": ["mon-mgr", ""]}]: dispatch
2024-04-20T21:46:08.946 INFO:journalctl@ceph.mon.smithi142.smithi142.stdout:Apr 20 21:46:08 smithi142 ceph-mon[15828]: Generating ssh key...
2024-04-20T21:46:08.946 INFO:journalctl@ceph.mon.smithi142.smithi142.stdout:Apr 20 21:46:08 smithi142 ceph-mon[15828]: from='mgr.14120 172.21.15.142:0/1348740072' entity='mgr.smithi142.zzmcfz'
2024-04-20T21:46:08.946 INFO:journalctl@ceph.mon.smithi142.smithi142.stdout:Apr 20 21:46:08 smithi142 ceph-mon[15828]: from='mgr.14120 172.21.15.142:0/1348740072' entity='mgr.smithi142.zzmcfz'
2024-04-20T21:46:09.861 INFO:teuthology.orchestra.run.smithi142.stdout:/usr/bin/ceph: stdout ssh-rsa AAAAB3NzaC1yc2EAAAADAQABAAABgQC7cGiT8olwRjjF9882c35eD2pIzN+kkdhT+Uon6kbNpD2bn3NpDn4WIWxsB7uLaUGlj/hOaT4zvGNlB1D5hraDI9otzxGaPz+Zlr2+ZHYbRDo/k8o7+wizVWLcy3iku6WiDcyJz6HvM7ODl+Xo10NSoySokh0is2YGsjC3ZMSiK+aP2Bb+y2gexcD+dXjDvb4zjMKW4EBgyV0ce2G19+cejR3kH7S9AW3XYw2mWV5A0a3dYejzhItRJywEuGae7N/rzbxQ8amwA9+PQBMToNS3jtO+vTUsdl7TB4K4tFFKCldiBZxt8JUoSFUS29Yp3WpgQHlRdUr6WF8tDpvhXen2+wug90niztJqF43vJrp3lbjB6tOADNxi1NMIfUIIi6UTgWcHGC0Li2IukeQM3sWm15OC3EBsdLBO7RU2pS8IiiGBDmiSD/xFaEmSym2tO2H8d6qE2qkKoccQmDAP0Mgykxr/8En71HaX7zslnlnLtOU52qb2bReMd/BTsUrXzs8= ceph-270cccba-ff5f-11ee-bc93-c7b262605968
2024-04-20T21:46:09.862 INFO:teuthology.orchestra.run.smithi142.stdout:/usr/bin/ceph: stderr
2024-04-20T21:46:09.008+0000 7f084dc00700 1 Processor -- start
2024-04-20T21:46:09.862 INFO:teuthology.orchestra.run.smithi142.stdout:/usr/bin/ceph: stderr
2024-04-20T21:46:09.008+0000 7f084dc00700 1 -- start start
2024-04-20T21:46:09.862 INFO:teuthology.orchestra.run.smithi142.stdout:/usr/bin/ceph: stderr
2024-04-20T21:46:09.009+0000 7f084dc00700 1 --2- >> [v2:172.21.15.142:3300/0,v1:172.21.15.142:6789/0] conn(0x7f0848106590 0x7f08481069b0 unknown :-1 s=NONE pgs=0 cs=0 l=0 rev1=0 crypto rx=0 tx=0 comp rx=0 tx=0).connect
2024-04-20T21:46:09.863 INFO:teuthology.orchestra.run.smithi142.stdout:/usr/bin/ceph: stderr
2024-04-20T21:46:09.009+0000 7f084dc00700 1 -- --> [v2:172.21.15.142:3300/0,v1:172.21.15.142:6789/0] -- mon_getmap magic: 0 v1 -- 0x7f0848106f80 con 0x7f0848106590
2024-04-20T21:46:09.863 INFO:teuthology.orchestra.run.smithi142.stdout:/usr/bin/ceph: stderr
2024-04-20T21:46:09.009+0000 7f0846a00700 1 --2- >> [v2:172.21.15.142:3300/0,v1:172.21.15.142:6789/0] conn(0x7f0848106590 0x7f08481069b0 unknown :-1 s=BANNER_CONNECTING pgs=0 cs=0 l=0 rev1=0 crypto rx=0 tx=0 comp rx=0 tx=0)._handle_peer_banner_payload supported=3 required=0
2024-04-20T21:46:09.863 INFO:teuthology.orchestra.run.smithi142.stdout:/usr/bin/ceph: stderr
2024-04-20T21:46:09.010+0000 7f0846a00700 1 --2- >> [v2:172.21.15.142:3300/0,v1:172.21.15.142:6789/0] conn(0x7f0848106590 0x7f08481069b0 unknown :-1 s=HELLO_CONNECTING pgs=0 cs=0 l=0 rev1=1 crypto rx=0 tx=0 comp rx=0 tx=0).handle_hello peer v2:172.21.15.142:3300/0 says I am v2:172.21.15.142:36614/0 (socket says 172.21.15.142:36614)
2024-04-20T21:46:09.864 INFO:teuthology.orchestra.run.smithi142.stdout:/usr/bin/ceph: stderr
2024-04-20T21:46:09.010+0000 7f0846a00700 1 -- 172.21.15.142:0/2368911845 learned_addr learned my addr 172.21.15.142:0/2368911845 (peer_addr_for_me v2:172.21.15.142:0/0)
2024-04-20T21:46:09.864 INFO:teuthology.orchestra.run.smithi142.stdout:/usr/bin/ceph: stderr
2024-04-20T21:46:09.010+0000 7f0846a00700 1 -- 172.21.15.142:0/2368911845 --> [v2:172.21.15.142:3300/0,v1:172.21.15.142:6789/0] -- mon_subscribe({config=0+,monmap=0+}) v3 -- 0x7f0848107790 con 0x7f0848106590
2024-04-20T21:46:09.864 INFO:teuthology.orchestra.run.smithi142.stdout:/usr/bin/ceph: stderr
2024-04-20T21:46:09.010+0000 7f0846a00700 1 --2- 172.21.15.142:0/2368911845 >> [v2:172.21.15.142:3300/0,v1:172.21.15.142:6789/0] conn(0x7f0848106590 0x7f08481069b0 secure :-1 s=READY pgs=43 cs=0 l=1 rev1=1 crypto rx=0x7f08380098a0 tx=0x7f0838009bb0 comp rx=0 tx=0).ready entity=mon.0 client_cookie=9264801bbe9dff8 server_cookie=0 in_seq=0 out_seq=0
2024-04-20T21:46:09.865 INFO:teuthology.orchestra.run.smithi142.stdout:/usr/bin/ceph: stderr
2024-04-20T21:46:09.010+0000 7f0846000700 1 -- 172.21.15.142:0/2368911845 <== mon.0 v2:172.21.15.142:3300/0 1 ==== mon_map magic: 0 v1 ==== 229+0+0 (secure 0 0 0) 0x7f0838004180 con 0x7f0848106590
2024-04-20T21:46:09.865 INFO:teuthology.orchestra.run.smithi142.stdout:/usr/bin/ceph: stderr
2024-04-20T21:46:09.011+0000 7f0846000700 1 -- 172.21.15.142:0/2368911845 <== mon.0 v2:172.21.15.142:3300/0 2 ==== config(27 keys) v1 ==== 1042+0+0 (secure 0 0 0) 0x7f08380042e0 con 0x7f0848106590
2024-04-20T21:46:09.865 INFO:teuthology.orchestra.run.smithi142.stdout:/usr/bin/ceph: stderr
2024-04-20T21:46:09.011+0000 7f0846000700 1 -- 172.21.15.142:0/2368911845 <== mon.0 v2:172.21.15.142:3300/0 3 ==== mon_map magic: 0 v1 ==== 229+0+0 (secure 0 0 0) 0x7f0838011a70 con 0x7f0848106590
2024-04-20T21:46:09.865 INFO:teuthology.orchestra.run.smithi142.stdout:/usr/bin/ceph: stderr
2024-04-20T21:46:09.011+0000 7f084dc00700 1 -- 172.21.15.142:0/2368911845 >> [v2:172.21.15.142:3300/0,v1:172.21.15.142:6789/0] conn(0x7f0848106590 msgr2=0x7f08481069b0 secure :-1 s=STATE_CONNECTION_ESTABLISHED l=1).mark_down
2024-04-20T21:46:09.865 INFO:teuthology.orchestra.run.smithi142.stdout:/usr/bin/ceph: stderr
2024-04-20T21:46:09.011+0000 7f084dc00700 1 --2- 172.21.15.142:0/2368911845 >> [v2:172.21.15.142:3300/0,v1:172.21.15.142:6789/0] conn(0x7f0848106590 0x7f08481069b0 secure :-1 s=READY pgs=43 cs=0 l=1 rev1=1 crypto rx=0x7f08380098a0 tx=0x7f0838009bb0 comp rx=0 tx=0).stop
2024-04-20T21:46:09.865 INFO:teuthology.orchestra.run.smithi142.stdout:/usr/bin/ceph: stderr
2024-04-20T21:46:09.011+0000 7f084dc00700 1 -- 172.21.15.142:0/2368911845 shutdown_connections
2024-04-20T21:46:09.867 INFO:teuthology.orchestra.run.smithi142.stdout:/usr/bin/ceph: stderr
2024-04-20T21:46:09.011+0000 7f084dc00700 1 --2- 172.21.15.142:0/2368911845 >> [v2:172.21.15.142:3300/0,v1:172.21.15.142:6789/0] conn(0x7f0848106590 0x7f08481069b0 unknown :-1 s=CLOSED pgs=43 cs=0 l=1 rev1=1 crypto rx=0 tx=0 comp rx=0 tx=0).stop
2024-04-20T21:46:09.867 INFO:teuthology.orchestra.run.smithi142.stdout:/usr/bin/ceph: stderr
2024-04-20T21:46:09.011+0000 7f084dc00700 1 -- 172.21.15.142:0/2368911845 >> 172.21.15.142:0/2368911845 conn(0x7f0848101b70 msgr2=0x7f0848103f90 unknown :-1 s=STATE_NONE l=0).mark_down
2024-04-20T21:46:09.867 INFO:teuthology.orchestra.run.smithi142.stdout:/usr/bin/ceph: stderr
2024-04-20T21:46:09.011+0000 7f084dc00700 1 -- 172.21.15.142:0/2368911845 shutdown_connections
2024-04-20T21:46:09.867 INFO:teuthology.orchestra.run.smithi142.stdout:/usr/bin/ceph: stderr
2024-04-20T21:46:09.011+0000 7f084dc00700 1 -- 172.21.15.142:0/2368911845 wait complete.
2024-04-20T21:46:09.867 INFO:teuthology.orchestra.run.smithi142.stdout:/usr/bin/ceph: stderr
2024-04-20T21:46:09.012+0000 7f084dc00700 1 Processor -- start
2024-04-20T21:46:09.868 INFO:teuthology.orchestra.run.smithi142.stdout:/usr/bin/ceph: stderr
2024-04-20T21:46:09.013+0000 7f084dc00700 1 -- start start
2024-04-20T21:46:09.868 INFO:teuthology.orchestra.run.smithi142.stdout:/usr/bin/ceph: stderr
2024-04-20T21:46:09.013+0000 7f084dc00700 1 --2- >> [v2:172.21.15.142:3300/0,v1:172.21.15.142:6789/0] conn(0x7f0848106590 0x7f084819a320 unknown :-1 s=NONE pgs=0 cs=0 l=1 rev1=0 crypto rx=0 tx=0 comp rx=0 tx=0).connect
2024-04-20T21:46:09.868 INFO:teuthology.orchestra.run.smithi142.stdout:/usr/bin/ceph: stderr
2024-04-20T21:46:09.013+0000 7f084dc00700 1 -- --> [v2:172.21.15.142:3300/0,v1:172.21.15.142:6789/0] -- mon_getmap magic: 0 v1 -- 0x7f084819a860 con 0x7f0848106590
2024-04-20T21:46:09.868 INFO:teuthology.orchestra.run.smithi142.stdout:/usr/bin/ceph: stderr
2024-04-20T21:46:09.013+0000 7f0846a00700 1 --2- >> [v2:172.21.15.142:3300/0,v1:172.21.15.142:6789/0] conn(0x7f0848106590 0x7f084819a320 unknown :-1 s=BANNER_CONNECTING pgs=0 cs=0 l=1 rev1=0 crypto rx=0 tx=0 comp rx=0 tx=0)._handle_peer_banner_payload supported=3 required=0
2024-04-20T21:46:09.868 INFO:teuthology.orchestra.run.smithi142.stdout:/usr/bin/ceph: stderr
2024-04-20T21:46:09.013+0000 7f0846a00700 1 --2- >> [v2:172.21.15.142:3300/0,v1:172.21.15.142:6789/0] conn(0x7f0848106590 0x7f084819a320 unknown :-1 s=HELLO_CONNECTING pgs=0 cs=0 l=1 rev1=1 crypto rx=0 tx=0 comp rx=0 tx=0).handle_hello peer v2:172.21.15.142:3300/0 says I am v2:172.21.15.142:36628/0 (socket says 172.21.15.142:36628)
2024-04-20T21:46:09.868 INFO:teuthology.orchestra.run.smithi142.stdout:/usr/bin/ceph: stderr
2024-04-20T21:46:09.013+0000 7f0846a00700 1 -- 172.21.15.142:0/2967059981 learned_addr learned my addr 172.21.15.142:0/2967059981 (peer_addr_for_me v2:172.21.15.142:0/0)
2024-04-20T21:46:09.868 INFO:teuthology.orchestra.run.smithi142.stdout:/usr/bin/ceph: stderr
2024-04-20T21:46:09.014+0000 7f0846a00700 1 -- 172.21.15.142:0/2967059981 --> [v2:172.21.15.142:3300/0,v1:172.21.15.142:6789/0] -- mon_subscribe({config=0+,monmap=0+}) v3 -- 0x7f0838009550 con 0x7f0848106590
2024-04-20T21:46:09.868 INFO:teuthology.orchestra.run.smithi142.stdout:/usr/bin/ceph: stderr
2024-04-20T21:46:09.014+0000 7f0846a00700 1 --2- 172.21.15.142:0/2967059981 >> [v2:172.21.15.142:3300/0,v1:172.21.15.142:6789/0] conn(0x7f0848106590 0x7f084819a320 secure :-1 s=READY pgs=44 cs=0 l=1 rev1=1 crypto rx=0x7f0838011710 tx=0x7f08380047c0 comp rx=0 tx=0).ready entity=mon.0 client_cookie=0 server_cookie=0 in_seq=0 out_seq=0
2024-04-20T21:46:09.868 INFO:teuthology.orchestra.run.smithi142.stdout:/usr/bin/ceph: stderr
2024-04-20T21:46:09.014+0000 7f083f400700 1 -- 172.21.15.142:0/2967059981 <== mon.0 v2:172.21.15.142:3300/0 1 ==== mon_map magic: 0 v1 ==== 229+0+0 (secure 0 0 0) 0x7f0838003b10 con 0x7f0848106590
2024-04-20T21:46:09.868 INFO:teuthology.orchestra.run.smithi142.stdout:/usr/bin/ceph: stderr
2024-04-20T21:46:09.014+0000 7f083f400700 1 -- 172.21.15.142:0/2967059981 <== mon.0 v2:172.21.15.142:3300/0 2 ==== config(27 keys) v1 ==== 1042+0+0 (secure 0 0 0) 0x7f083801b8c0 con 0x7f0848106590
2024-04-20T21:46:09.868 INFO:teuthology.orchestra.run.smithi142.stdout:/usr/bin/ceph: stderr
2024-04-20T21:46:09.014+0000 7f084dc00700 1 -- 172.21.15.142:0/2967059981 --> [v2:172.21.15.142:3300/0,v1:172.21.15.142:6789/0] -- mon_subscribe({mgrmap=0+}) v3 -- 0x7f084819aa60 con 0x7f0848106590
2024-04-20T21:46:09.868 INFO:teuthology.orchestra.run.smithi142.stdout:/usr/bin/ceph: stderr
2024-04-20T21:46:09.014+0000 7f083f400700 1 -- 172.21.15.142:0/2967059981 <== mon.0 v2:172.21.15.142:3300/0 3 ==== mon_map magic: 0 v1 ==== 229+0+0 (secure 0 0 0) 0x7f0838019770 con 0x7f0848106590
2024-04-20T21:46:09.868 INFO:teuthology.orchestra.run.smithi142.stdout:/usr/bin/ceph: stderr
2024-04-20T21:46:09.014+0000 7f084dc00700 1 -- 172.21.15.142:0/2967059981 --> [v2:172.21.15.142:3300/0,v1:172.21.15.142:6789/0] -- mon_subscribe({osdmap=0}) v3 -- 0x7f084819af00 con 0x7f0848106590
2024-04-20T21:46:09.868 INFO:teuthology.orchestra.run.smithi142.stdout:/usr/bin/ceph: stderr
2024-04-20T21:46:09.015+0000 7f084dc00700 1 -- 172.21.15.142:0/2967059981 --> [v2:172.21.15.142:3300/0,v1:172.21.15.142:6789/0] -- mon_command({"prefix": "get_command_descriptions"} v 0) v1 -- 0x7f084810a9c0 con 0x7f0848106590
2024-04-20T21:46:09.870 INFO:teuthology.orchestra.run.smithi142.stdout:/usr/bin/ceph: stderr
2024-04-20T21:46:09.015+0000 7f083f400700 1 -- 172.21.15.142:0/2967059981 <== mon.0 v2:172.21.15.142:3300/0 4 ==== mgrmap(e 8) v1 ==== 45556+0+0 (secure 0 0 0) 0x7f083801ba30 con 0x7f0848106590
2024-04-20T21:46:09.870 INFO:teuthology.orchestra.run.smithi142.stdout:/usr/bin/ceph: stderr
2024-04-20T21:46:09.016+0000 7f083f400700 1 --2- 172.21.15.142:0/2967059981 >> [v2:172.21.15.142:6800/550675874,v1:172.21.15.142:6801/550675874] conn(0x7f082c038720 0x7f082c03abe0 unknown :-1 s=NONE pgs=0 cs=0 l=1 rev1=0 crypto rx=0 tx=0 comp rx=0 tx=0).connect
2024-04-20T21:46:09.870 INFO:teuthology.orchestra.run.smithi142.stdout:/usr/bin/ceph: stderr
2024-04-20T21:46:09.016+0000 7f083f400700 1 -- 172.21.15.142:0/2967059981 <== mon.0 v2:172.21.15.142:3300/0 5 ==== osd_map(2..2 src has 1..2) v4 ==== 940+0+0 (secure 0 0 0) 0x7f083804c9a0 con 0x7f0848106590
2024-04-20T21:46:09.870 INFO:teuthology.orchestra.run.smithi142.stdout:/usr/bin/ceph: stderr
2024-04-20T21:46:09.016+0000 7f083fe00700 1 --2- 172.21.15.142:0/2967059981 >> [v2:172.21.15.142:6800/550675874,v1:172.21.15.142:6801/550675874] conn(0x7f082c038720 0x7f082c03abe0 unknown :-1 s=BANNER_CONNECTING pgs=0 cs=0 l=1 rev1=0 crypto rx=0 tx=0 comp rx=0 tx=0)._handle_peer_banner_payload supported=3 required=0
2024-04-20T21:46:09.871 INFO:teuthology.orchestra.run.smithi142.stdout:/usr/bin/ceph: stderr
2024-04-20T21:46:09.017+0000 7f083fe00700 1 --2- 172.21.15.142:0/2967059981 >> [v2:172.21.15.142:6800/550675874,v1:172.21.15.142:6801/550675874] conn(0x7f082c038720 0x7f082c03abe0 secure :-1 s=READY pgs=10 cs=0 l=1 rev1=1 crypto rx=0x7f0830006fd0 tx=0x7f0830006e40 comp rx=0 tx=0).ready entity=mgr.14120 client_cookie=0 server_cookie=0 in_seq=0 out_seq=0
2024-04-20T21:46:09.871 INFO:teuthology.orchestra.run.smithi142.stdout:/usr/bin/ceph: stderr
2024-04-20T21:46:09.021+0000 7f083f400700 1 -- 172.21.15.142:0/2967059981 <== mon.0 v2:172.21.15.142:3300/0 6 ==== mon_command_ack([{"prefix": "get_command_descriptions"}]=0 v0) v1 ==== 72+0+183351 (secure 0 0 0) 0x7f083802cce0 con 0x7f0848106590
2024-04-20T21:46:09.871 INFO:teuthology.orchestra.run.smithi142.stdout:/usr/bin/ceph: stderr
2024-04-20T21:46:09.223+0000 7f084dc00700 1 -- 172.21.15.142:0/2967059981 --> [v2:172.21.15.142:6800/550675874,v1:172.21.15.142:6801/550675874] -- mgr_command(tid 0: {"prefix": "cephadm get-pub-key", "target": ["mon-mgr", ""]}) v1 -- 0x7f084819d7f0 con 0x7f082c038720
2024-04-20T21:46:09.871 INFO:teuthology.orchestra.run.smithi142.stdout:/usr/bin/ceph: stderr
2024-04-20T21:46:09.225+0000 7f083f400700 1 -- 172.21.15.142:0/2967059981 <== mgr.14120 v2:172.21.15.142:6800/550675874 1 ==== mgr_command_reply(tid 0: 0 ) v1 ==== 8+0+595 (secure 0 0 0) 0x7f084819d7f0 con 0x7f082c038720
2024-04-20T21:46:09.871 INFO:teuthology.orchestra.run.smithi142.stdout:/usr/bin/ceph: stderr
2024-04-20T21:46:09.228+0000 7f084dc00700 1 -- 172.21.15.142:0/2967059981 >> [v2:172.21.15.142:6800/550675874,v1:172.21.15.142:6801/550675874] conn(0x7f082c038720 msgr2=0x7f082c03abe0 secure :-1 s=STATE_CONNECTION_ESTABLISHED l=1).mark_down
2024-04-20T21:46:09.871 INFO:teuthology.orchestra.run.smithi142.stdout:/usr/bin/ceph: stderr
2024-04-20T21:46:09.228+0000 7f084dc00700 1 --2- 172.21.15.142:0/2967059981 >> [v2:172.21.15.142:6800/550675874,v1:172.21.15.142:6801/550675874] conn(0x7f082c038720 0x7f082c03abe0 secure :-1 s=READY pgs=10 cs=0 l=1 rev1=1 crypto rx=0x7f0830006fd0 tx=0x7f0830006e40 comp rx=0 tx=0).stop
2024-04-20T21:46:09.871 INFO:teuthology.orchestra.run.smithi142.stdout:/usr/bin/ceph: stderr
2024-04-20T21:46:09.228+0000 7f084dc00700 1 -- 172.21.15.142:0/2967059981 >> [v2:172.21.15.142:3300/0,v1:172.21.15.142:6789/0] conn(0x7f0848106590 msgr2=0x7f084819a320 secure :-1 s=STATE_CONNECTION_ESTABLISHED l=1).mark_down
2024-04-20T21:46:09.871 INFO:teuthology.orchestra.run.smithi142.stdout:/usr/bin/ceph: stderr
2024-04-20T21:46:09.228+0000 7f084dc00700 1 --2- 172.21.15.142:0/2967059981 >> [v2:172.21.15.142:3300/0,v1:172.21.15.142:6789/0] conn(0x7f0848106590 0x7f084819a320 secure :-1 s=READY pgs=44 cs=0 l=1 rev1=1 crypto rx=0x7f0838011710 tx=0x7f08380047c0 comp rx=0 tx=0).stop
2024-04-20T21:46:09.871 INFO:teuthology.orchestra.run.smithi142.stdout:/usr/bin/ceph: stderr
2024-04-20T21:46:09.229+0000 7f084dc00700 1 -- 172.21.15.142:0/2967059981 shutdown_connections
2024-04-20T21:46:09.871 INFO:teuthology.orchestra.run.smithi142.stdout:/usr/bin/ceph: stderr
2024-04-20T21:46:09.229+0000 7f084dc00700 1 --2- 172.21.15.142:0/2967059981 >> [v2:172.21.15.142:6800/550675874,v1:172.21.15.142:6801/550675874] conn(0x7f082c038720 0x7f082c03abe0 unknown :-1 s=CLOSED pgs=10 cs=0 l=1 rev1=1 crypto rx=0 tx=0 comp rx=0 tx=0).stop
2024-04-20T21:46:09.871 INFO:teuthology.orchestra.run.smithi142.stdout:/usr/bin/ceph: stderr
2024-04-20T21:46:09.229+0000 7f084dc00700 1 --2- 172.21.15.142:0/2967059981 >> [v2:172.21.15.142:3300/0,v1:172.21.15.142:6789/0] conn(0x7f0848106590 0x7f084819a320 unknown :-1 s=CLOSED pgs=44 cs=0 l=1 rev1=1 crypto rx=0 tx=0 comp rx=0 tx=0).stop
2024-04-20T21:46:09.871 INFO:teuthology.orchestra.run.smithi142.stdout:/usr/bin/ceph: stderr
2024-04-20T21:46:09.229+0000 7f084dc00700 1 -- 172.21.15.142:0/2967059981 >> 172.21.15.142:0/2967059981 conn(0x7f0848101b70 msgr2=0x7f0848102720 unknown :-1 s=STATE_NONE l=0).mark_down
2024-04-20T21:46:09.871 INFO:teuthology.orchestra.run.smithi142.stdout:/usr/bin/ceph: stderr
2024-04-20T21:46:09.229+0000 7f084dc00700 1 -- 172.21.15.142:0/2967059981 shutdown_connections
2024-04-20T21:46:09.871 INFO:teuthology.orchestra.run.smithi142.stdout:/usr/bin/ceph: stderr
2024-04-20T21:46:09.229+0000 7f084dc00700 1 -- 172.21.15.142:0/2967059981 wait complete.
2024-04-20T21:46:09.872 INFO:teuthology.orchestra.run.smithi142.stdout:Wrote public SSH key to /home/ubuntu/cephtest/ceph.pub
2024-04-20T21:46:09.872 INFO:teuthology.orchestra.run.smithi142.stdout:Adding key to root@localhost authorized_keys...
2024-04-20T21:46:09.879 INFO:teuthology.orchestra.run.smithi142.stdout:Adding host smithi142...
2024-04-20T21:46:10.192 INFO:journalctl@ceph.mon.smithi142.smithi142.stdout:Apr 20 21:46:09 smithi142 ceph-mon[15828]: from='client.14138 -' entity='client.admin' cmd=[{"prefix": "cephadm get-pub-key", "target": ["mon-mgr", ""]}]: dispatch
2024-04-20T21:46:11.110 INFO:journalctl@ceph.mon.smithi142.smithi142.stdout:Apr 20 21:46:10 smithi142 ceph-mon[15828]: from='client.14140 -' entity='client.admin' cmd=[{"prefix": "orch host add", "hostname": "smithi142", "addr": "172.21.15.142", "target": ["mon-mgr", ""]}]: dispatch
2024-04-20T21:46:13.195 INFO:journalctl@ceph.mon.smithi142.smithi142.stdout:Apr 20 21:46:12 smithi142 ceph-mon[15828]: Deploying cephadm binary to smithi142
2024-04-20T21:46:15.660 INFO:teuthology.orchestra.run.smithi142.stdout:/usr/bin/ceph: stdout Added host 'smithi142' with addr '172.21.15.142'
2024-04-20T21:46:15.660 INFO:teuthology.orchestra.run.smithi142.stdout:/usr/bin/ceph: stderr
2024-04-20T21:46:10.537+0000 7fcbb7e00700 1 Processor -- start
2024-04-20T21:46:15.660 INFO:teuthology.orchestra.run.smithi142.stdout:/usr/bin/ceph: stderr
2024-04-20T21:46:10.537+0000 7fcbb7e00700 1 -- start start
2024-04-20T21:46:15.660 INFO:teuthology.orchestra.run.smithi142.stdout:/usr/bin/ceph: stderr
2024-04-20T21:46:10.538+0000 7fcbb7e00700 1 --2- >> [v2:172.21.15.142:3300/0,v1:172.21.15.142:6789/0] conn(0x7fcbb807ad70 0x7fcbb80791d0 unknown :-1 s=NONE pgs=0 cs=0 l=0 rev1=0 crypto rx=0 tx=0 comp rx=0 tx=0).connect
2024-04-20T21:46:15.660 INFO:teuthology.orchestra.run.smithi142.stdout:/usr/bin/ceph: stderr
2024-04-20T21:46:10.538+0000 7fcbb7e00700 1 -- --> [v2:172.21.15.142:3300/0,v1:172.21.15.142:6789/0] -- mon_getmap magic: 0 v1 -- 0x7fcbb80797a0 con 0x7fcbb807ad70
2024-04-20T21:46:15.660 INFO:teuthology.orchestra.run.smithi142.stdout:/usr/bin/ceph: stderr
2024-04-20T21:46:10.538+0000 7fcbb6a00700 1 --2- >> [v2:172.21.15.142:3300/0,v1:172.21.15.142:6789/0] conn(0x7fcbb807ad70 0x7fcbb80791d0 unknown :-1 s=BANNER_CONNECTING pgs=0 cs=0 l=0 rev1=0 crypto rx=0 tx=0 comp rx=0 tx=0)._handle_peer_banner_payload supported=3 required=0
2024-04-20T21:46:15.660 INFO:teuthology.orchestra.run.smithi142.stdout:/usr/bin/ceph: stderr
2024-04-20T21:46:10.538+0000 7fcbb6a00700 1 --2- >> [v2:172.21.15.142:3300/0,v1:172.21.15.142:6789/0] conn(0x7fcbb807ad70 0x7fcbb80791d0 unknown :-1 s=HELLO_CONNECTING pgs=0 cs=0 l=0 rev1=1 crypto rx=0 tx=0 comp rx=0 tx=0).handle_hello peer v2:172.21.15.142:3300/0 says I am v2:172.21.15.142:36634/0 (socket says 172.21.15.142:36634)
2024-04-20T21:46:15.661 INFO:teuthology.orchestra.run.smithi142.stdout:/usr/bin/ceph: stderr
2024-04-20T21:46:10.538+0000 7fcbb6a00700 1 -- 172.21.15.142:0/2673324932 learned_addr learned my addr 172.21.15.142:0/2673324932 (peer_addr_for_me v2:172.21.15.142:0/0)
2024-04-20T21:46:15.661 INFO:teuthology.orchestra.run.smithi142.stdout:/usr/bin/ceph: stderr
2024-04-20T21:46:10.539+0000 7fcbb6a00700 1 -- 172.21.15.142:0/2673324932 --> [v2:172.21.15.142:3300/0,v1:172.21.15.142:6789/0] -- mon_subscribe({config=0+,monmap=0+}) v3 -- 0x7fcbb80798e0 con 0x7fcbb807ad70
2024-04-20T21:46:15.661 INFO:teuthology.orchestra.run.smithi142.stdout:/usr/bin/ceph: stderr
2024-04-20T21:46:10.539+0000 7fcbb6a00700 1 --2- 172.21.15.142:0/2673324932 >> [v2:172.21.15.142:3300/0,v1:172.21.15.142:6789/0] conn(0x7fcbb807ad70 0x7fcbb80791d0 secure :-1 s=READY pgs=45 cs=0 l=1 rev1=1 crypto rx=0x7fcba8009e80 tx=0x7fcba800b330 comp rx=0 tx=0).ready entity=mon.0 client_cookie=c1807ac3adf8ddfc server_cookie=0 in_seq=0 out_seq=0
2024-04-20T21:46:15.665 INFO:teuthology.orchestra.run.smithi142.stdout:/usr/bin/ceph: stderr
2024-04-20T21:46:10.539+0000 7fcbb6000700 1 -- 172.21.15.142:0/2673324932 <== mon.0 v2:172.21.15.142:3300/0 1 ==== mon_map magic: 0 v1 ==== 229+0+0 (secure 0 0 0) 0x7fcba800e070 con 0x7fcbb807ad70
2024-04-20T21:46:15.665 INFO:teuthology.orchestra.run.smithi142.stdout:/usr/bin/ceph: stderr
2024-04-20T21:46:10.539+0000 7fcbb6000700 1 -- 172.21.15.142:0/2673324932 <== mon.0 v2:172.21.15.142:3300/0 2 ==== config(27 keys) v1 ==== 1042+0+0 (secure 0 0 0) 0x7fcba800b8c0 con 0x7fcbb807ad70
2024-04-20T21:46:15.665 INFO:teuthology.orchestra.run.smithi142.stdout:/usr/bin/ceph: stderr
2024-04-20T21:46:10.539+0000 7fcbb6000700 1 -- 172.21.15.142:0/2673324932 <== mon.0 v2:172.21.15.142:3300/0 3 ==== mon_map magic: 0 v1 ==== 229+0+0 (secure 0 0 0) 0x7fcba8004440 con 0x7fcbb807ad70
2024-04-20T21:46:15.665 INFO:teuthology.orchestra.run.smithi142.stdout:/usr/bin/ceph: stderr
2024-04-20T21:46:10.540+0000 7fcbb7e00700 1 -- 172.21.15.142:0/2673324932 >> [v2:172.21.15.142:3300/0,v1:172.21.15.142:6789/0] conn(0x7fcbb807ad70 msgr2=0x7fcbb80791d0 secure :-1 s=STATE_CONNECTION_ESTABLISHED l=1).mark_down
2024-04-20T21:46:15.665 INFO:teuthology.orchestra.run.smithi142.stdout:/usr/bin/ceph: stderr
2024-04-20T21:46:10.540+0000 7fcbb7e00700 1 --2- 172.21.15.142:0/2673324932 >> [v2:172.21.15.142:3300/0,v1:172.21.15.142:6789/0] conn(0x7fcbb807ad70 0x7fcbb80791d0 secure :-1 s=READY pgs=45 cs=0 l=1 rev1=1 crypto rx=0x7fcba8009e80 tx=0x7fcba800b330 comp rx=0 tx=0).stop
2024-04-20T21:46:15.665 INFO:teuthology.orchestra.run.smithi142.stdout:/usr/bin/ceph: stderr
2024-04-20T21:46:10.540+0000 7fcbb7e00700 1 -- 172.21.15.142:0/2673324932 shutdown_connections
2024-04-20T21:46:15.665 INFO:teuthology.orchestra.run.smithi142.stdout:/usr/bin/ceph: stderr
2024-04-20T21:46:10.540+0000 7fcbb7e00700 1 --2- 172.21.15.142:0/2673324932 >> [v2:172.21.15.142:3300/0,v1:172.21.15.142:6789/0] conn(0x7fcbb807ad70 0x7fcbb80791d0 unknown :-1 s=CLOSED pgs=45 cs=0 l=1 rev1=1 crypto rx=0 tx=0 comp rx=0 tx=0).stop
2024-04-20T21:46:15.665 INFO:teuthology.orchestra.run.smithi142.stdout:/usr/bin/ceph: stderr
2024-04-20T21:46:10.540+0000 7fcbb7e00700 1 -- 172.21.15.142:0/2673324932 >> 172.21.15.142:0/2673324932 conn(0x7fcbb8101a30 msgr2=0x7fcbb8103e50 unknown :-1 s=STATE_NONE l=0).mark_down
2024-04-20T21:46:15.665 INFO:teuthology.orchestra.run.smithi142.stdout:/usr/bin/ceph: stderr
2024-04-20T21:46:10.540+0000 7fcbb7e00700 1 -- 172.21.15.142:0/2673324932 shutdown_connections
2024-04-20T21:46:15.666 INFO:teuthology.orchestra.run.smithi142.stdout:/usr/bin/ceph: stderr
2024-04-20T21:46:10.540+0000 7fcbb7e00700 1 -- 172.21.15.142:0/2673324932 wait complete.
2024-04-20T21:46:15.666 INFO:teuthology.orchestra.run.smithi142.stdout:/usr/bin/ceph: stderr
2024-04-20T21:46:10.541+0000 7fcbb7e00700 1 Processor -- start
2024-04-20T21:46:15.666 INFO:teuthology.orchestra.run.smithi142.stdout:/usr/bin/ceph: stderr
2024-04-20T21:46:10.542+0000 7fcbb7e00700 1 -- start start
2024-04-20T21:46:15.666 INFO:teuthology.orchestra.run.smithi142.stdout:/usr/bin/ceph: stderr
2024-04-20T21:46:10.542+0000 7fcbb7e00700 1 --2- >> [v2:172.21.15.142:3300/0,v1:172.21.15.142:6789/0] conn(0x7fcbb807ad70 0x7fcbb819c230 unknown :-1 s=NONE pgs=0 cs=0 l=1 rev1=0 crypto rx=0 tx=0 comp rx=0 tx=0).connect
2024-04-20T21:46:15.666 INFO:teuthology.orchestra.run.smithi142.stdout:/usr/bin/ceph: stderr
2024-04-20T21:46:10.542+0000 7fcbb7e00700 1 -- --> [v2:172.21.15.142:3300/0,v1:172.21.15.142:6789/0] -- mon_getmap magic: 0 v1 -- 0x7fcbb819c770 con 0x7fcbb807ad70
2024-04-20T21:46:15.666 INFO:teuthology.orchestra.run.smithi142.stdout:/usr/bin/ceph: stderr
2024-04-20T21:46:10.542+0000 7fcbb6a00700 1 --2- >> [v2:172.21.15.142:3300/0,v1:172.21.15.142:6789/0] conn(0x7fcbb807ad70 0x7fcbb819c230 unknown :-1 s=BANNER_CONNECTING pgs=0 cs=0 l=1 rev1=0 crypto rx=0 tx=0 comp rx=0 tx=0)._handle_peer_banner_payload supported=3 required=0
2024-04-20T21:46:15.666 INFO:teuthology.orchestra.run.smithi142.stdout:/usr/bin/ceph: stderr
2024-04-20T21:46:10.542+0000 7fcbb6a00700 1 --2- >> [v2:172.21.15.142:3300/0,v1:172.21.15.142:6789/0] conn(0x7fcbb807ad70 0x7fcbb819c230 unknown :-1 s=HELLO_CONNECTING pgs=0 cs=0 l=1 rev1=1 crypto rx=0 tx=0 comp rx=0 tx=0).handle_hello peer v2:172.21.15.142:3300/0 says I am v2:172.21.15.142:36648/0 (socket says 172.21.15.142:36648)
2024-04-20T21:46:15.666 INFO:teuthology.orchestra.run.smithi142.stdout:/usr/bin/ceph: stderr
2024-04-20T21:46:10.542+0000 7fcbb6a00700 1 -- 172.21.15.142:0/2714884796 learned_addr learned my addr 172.21.15.142:0/2714884796 (peer_addr_for_me v2:172.21.15.142:0/0)
2024-04-20T21:46:15.666 INFO:teuthology.orchestra.run.smithi142.stdout:/usr/bin/ceph: stderr
2024-04-20T21:46:10.542+0000 7fcbb6a00700 1 -- 172.21.15.142:0/2714884796 --> [v2:172.21.15.142:3300/0,v1:172.21.15.142:6789/0] -- mon_subscribe({config=0+,monmap=0+}) v3 -- 0x7fcba8009b30 con 0x7fcbb807ad70
2024-04-20T21:46:15.666 INFO:teuthology.orchestra.run.smithi142.stdout:/usr/bin/ceph: stderr
2024-04-20T21:46:10.543+0000 7fcbb6a00700 1 --2- 172.21.15.142:0/2714884796 >> [v2:172.21.15.142:3300/0,v1:172.21.15.142:6789/0] conn(0x7fcbb807ad70 0x7fcbb819c230 secure :-1 s=READY pgs=46 cs=0 l=1 rev1=1 crypto rx=0x7fcba8003c50 tx=0x7fcba8003d30 comp rx=0 tx=0).ready entity=mon.0 client_cookie=0 server_cookie=0 in_seq=0 out_seq=0
2024-04-20T21:46:15.666 INFO:teuthology.orchestra.run.smithi142.stdout:/usr/bin/ceph: stderr
2024-04-20T21:46:10.543+0000 7fcbafe00700 1 -- 172.21.15.142:0/2714884796 <== mon.0 v2:172.21.15.142:3300/0 1 ==== mon_map magic: 0 v1 ==== 229+0+0 (secure 0 0 0) 0x7fcba800e040 con 0x7fcbb807ad70
2024-04-20T21:46:15.666 INFO:teuthology.orchestra.run.smithi142.stdout:/usr/bin/ceph: stderr
2024-04-20T21:46:10.543+0000 7fcbafe00700 1 -- 172.21.15.142:0/2714884796 <== mon.0 v2:172.21.15.142:3300/0 2 ==== config(27 keys) v1 ==== 1042+0+0 (secure 0 0 0) 0x7fcba800bc40 con 0x7fcbb807ad70
2024-04-20T21:46:15.667 INFO:teuthology.orchestra.run.smithi142.stdout:/usr/bin/ceph: stderr
2024-04-20T21:46:10.543+0000 7fcbafe00700 1 -- 172.21.15.142:0/2714884796 <== mon.0 v2:172.21.15.142:3300/0 3 ==== mon_map magic: 0 v1 ==== 229+0+0 (secure 0 0 0) 0x7fcba80125e0 con 0x7fcbb807ad70
2024-04-20T21:46:15.667 INFO:teuthology.orchestra.run.smithi142.stdout:/usr/bin/ceph: stderr
2024-04-20T21:46:10.543+0000 7fcbb7e00700 1 -- 172.21.15.142:0/2714884796 --> [v2:172.21.15.142:3300/0,v1:172.21.15.142:6789/0] -- mon_subscribe({mgrmap=0+}) v3 -- 0x7fcbb819c970 con 0x7fcbb807ad70
2024-04-20T21:46:15.667 INFO:teuthology.orchestra.run.smithi142.stdout:/usr/bin/ceph: stderr
2024-04-20T21:46:10.543+0000 7fcbb7e00700 1 -- 172.21.15.142:0/2714884796 --> [v2:172.21.15.142:3300/0,v1:172.21.15.142:6789/0] -- mon_subscribe({osdmap=0}) v3 -- 0x7fcbb819ce70 con 0x7fcbb807ad70
2024-04-20T21:46:15.667 INFO:teuthology.orchestra.run.smithi142.stdout:/usr/bin/ceph: stderr
2024-04-20T21:46:10.544+0000 7fcbafe00700 1 -- 172.21.15.142:0/2714884796 <== mon.0 v2:172.21.15.142:3300/0 4 ==== mgrmap(e 8) v1 ==== 45556+0+0 (secure 0 0 0) 0x7fcba8019040 con 0x7fcbb807ad70
2024-04-20T21:46:15.667 INFO:teuthology.orchestra.run.smithi142.stdout:/usr/bin/ceph: stderr
2024-04-20T21:46:10.544+0000 7fcbb7e00700 1 -- 172.21.15.142:0/2714884796 --> [v2:172.21.15.142:3300/0,v1:172.21.15.142:6789/0] -- mon_command({"prefix": "get_command_descriptions"} v 0) v1 -- 0x7fcbb810c750 con 0x7fcbb807ad70
2024-04-20T21:46:15.667 INFO:teuthology.orchestra.run.smithi142.stdout:/usr/bin/ceph: stderr
2024-04-20T21:46:10.545+0000 7fcbafe00700 1 --2- 172.21.15.142:0/2714884796 >> [v2:172.21.15.142:6800/550675874,v1:172.21.15.142:6801/550675874] conn(0x7fcb9c038810 0x7fcb9c03acd0 unknown :-1 s=NONE pgs=0 cs=0 l=1 rev1=0 crypto rx=0 tx=0 comp rx=0 tx=0).connect
2024-04-20T21:46:15.667 INFO:teuthology.orchestra.run.smithi142.stdout:/usr/bin/ceph: stderr
2024-04-20T21:46:10.545+0000 7fcbafe00700 1 -- 172.21.15.142:0/2714884796 <== mon.0 v2:172.21.15.142:3300/0 5 ==== osd_map(2..2 src has 1..2) v4 ==== 940+0+0 (secure 0 0 0) 0x7fcba804c150 con 0x7fcbb807ad70
2024-04-20T21:46:15.667 INFO:teuthology.orchestra.run.smithi142.stdout:/usr/bin/ceph: stderr
2024-04-20T21:46:10.545+0000 7fcbae000700 1 --2- 172.21.15.142:0/2714884796 >> [v2:172.21.15.142:6800/550675874,v1:172.21.15.142:6801/550675874] conn(0x7fcb9c038810 0x7fcb9c03acd0 unknown :-1 s=BANNER_CONNECTING pgs=0 cs=0 l=1 rev1=0 crypto rx=0 tx=0 comp rx=0 tx=0)._handle_peer_banner_payload supported=3 required=0
2024-04-20T21:46:15.667 INFO:teuthology.orchestra.run.smithi142.stdout:/usr/bin/ceph: stderr
2024-04-20T21:46:10.546+0000 7fcbae000700 1 --2- 172.21.15.142:0/2714884796 >> [v2:172.21.15.142:6800/550675874,v1:172.21.15.142:6801/550675874] conn(0x7fcb9c038810 0x7fcb9c03acd0 secure :-1 s=READY pgs=11 cs=0 l=1 rev1=1 crypto rx=0x7fcba0006fd0 tx=0x7fcba0006e40 comp rx=0 tx=0).ready entity=mgr.14120 client_cookie=0 server_cookie=0 in_seq=0 out_seq=0
2024-04-20T21:46:15.667 INFO:teuthology.orchestra.run.smithi142.stdout:/usr/bin/ceph: stderr
2024-04-20T21:46:10.550+0000 7fcbafe00700 1 -- 172.21.15.142:0/2714884796 <== mon.0 v2:172.21.15.142:3300/0 6 ==== mon_command_ack([{"prefix": "get_command_descriptions"}]=0 v0) v1 ==== 72+0+183351 (secure 0 0 0) 0x7fcba801b430 con 0x7fcbb807ad70
2024-04-20T21:46:15.667 INFO:teuthology.orchestra.run.smithi142.stdout:/usr/bin/ceph: stderr
2024-04-20T21:46:10.772+0000 7fcbb7e00700 1 -- 172.21.15.142:0/2714884796 --> [v2:172.21.15.142:6800/550675874,v1:172.21.15.142:6801/550675874] -- mgr_command(tid 0: {"prefix": "orch host add", "hostname": "smithi142", "addr": "172.21.15.142", "target": ["mon-mgr", ""]}) v1 -- 0x7fcbb8102bf0 con 0x7fcb9c038810
2024-04-20T21:46:15.667 INFO:teuthology.orchestra.run.smithi142.stdout:/usr/bin/ceph: stderr
2024-04-20T21:46:14.918+0000 7fcbafe00700 1 -- 172.21.15.142:0/2714884796 <== mgr.14120 v2:172.21.15.142:6800/550675874 1 ==== mgr_command_reply(tid 0: 0 ) v1 ==== 8+0+49 (secure 0 0 0) 0x7fcbb8102bf0 con 0x7fcb9c038810
2024-04-20T21:46:15.667 INFO:teuthology.orchestra.run.smithi142.stdout:/usr/bin/ceph: stderr
2024-04-20T21:46:14.922+0000 7fcbb7e00700 1 -- 172.21.15.142:0/2714884796 >> [v2:172.21.15.142:6800/550675874,v1:172.21.15.142:6801/550675874] conn(0x7fcb9c038810 msgr2=0x7fcb9c03acd0 secure :-1 s=STATE_CONNECTION_ESTABLISHED l=1).mark_down
2024-04-20T21:46:15.667 INFO:teuthology.orchestra.run.smithi142.stdout:/usr/bin/ceph: stderr
2024-04-20T21:46:14.922+0000 7fcbb7e00700 1 --2- 172.21.15.142:0/2714884796 >> [v2:172.21.15.142:6800/550675874,v1:172.21.15.142:6801/550675874] conn(0x7fcb9c038810 0x7fcb9c03acd0 secure :-1 s=READY pgs=11 cs=0 l=1 rev1=1 crypto rx=0x7fcba0006fd0 tx=0x7fcba0006e40 comp rx=0 tx=0).stop
2024-04-20T21:46:15.668 INFO:teuthology.orchestra.run.smithi142.stdout:/usr/bin/ceph: stderr
2024-04-20T21:46:14.922+0000 7fcbb7e00700 1 -- 172.21.15.142:0/2714884796 >> [v2:172.21.15.142:3300/0,v1:172.21.15.142:6789/0] conn(0x7fcbb807ad70 msgr2=0x7fcbb819c230 secure :-1 s=STATE_CONNECTION_ESTABLISHED l=1).mark_down
2024-04-20T21:46:15.668 INFO:teuthology.orchestra.run.smithi142.stdout:/usr/bin/ceph: stderr
2024-04-20T21:46:14.922+0000 7fcbb7e00700 1 --2- 172.21.15.142:0/2714884796 >> [v2:172.21.15.142:3300/0,v1:172.21.15.142:6789/0] conn(0x7fcbb807ad70 0x7fcbb819c230 secure :-1 s=READY pgs=46 cs=0 l=1 rev1=1 crypto rx=0x7fcba8003c50 tx=0x7fcba8003d30 comp rx=0 tx=0).stop
2024-04-20T21:46:15.669 INFO:teuthology.orchestra.run.smithi142.stdout:/usr/bin/ceph: stderr
2024-04-20T21:46:14.922+0000 7fcbb7e00700 1 -- 172.21.15.142:0/2714884796 shutdown_connections
2024-04-20T21:46:15.669 INFO:teuthology.orchestra.run.smithi142.stdout:/usr/bin/ceph: stderr
2024-04-20T21:46:14.922+0000 7fcbb7e00700 1 --2- 172.21.15.142:0/2714884796 >> [v2:172.21.15.142:6800/550675874,v1:172.21.15.142:6801/550675874] conn(0x7fcb9c038810 0x7fcb9c03acd0 unknown :-1 s=CLOSED pgs=11 cs=0 l=1 rev1=1 crypto rx=0 tx=0 comp rx=0 tx=0).stop
2024-04-20T21:46:15.669 INFO:teuthology.orchestra.run.smithi142.stdout:/usr/bin/ceph: stderr
2024-04-20T21:46:14.922+0000 7fcbb7e00700 1 --2- 172.21.15.142:0/2714884796 >> [v2:172.21.15.142:3300/0,v1:172.21.15.142:6789/0] conn(0x7fcbb807ad70 0x7fcbb819c230 unknown :-1 s=CLOSED pgs=46 cs=0 l=1 rev1=1 crypto rx=0 tx=0 comp rx=0 tx=0).stop
2024-04-20T21:46:15.669 INFO:teuthology.orchestra.run.smithi142.stdout:/usr/bin/ceph: stderr
2024-04-20T21:46:14.922+0000 7fcbb7e00700 1 -- 172.21.15.142:0/2714884796 >> 172.21.15.142:0/2714884796 conn(0x7fcbb8101a30 msgr2=0x7fcbb81024e0 unknown :-1 s=STATE_NONE l=0).mark_down
2024-04-20T21:46:15.669 INFO:teuthology.orchestra.run.smithi142.stdout:/usr/bin/ceph: stderr
2024-04-20T21:46:14.922+0000 7fcbb7e00700 1 -- 172.21.15.142:0/2714884796 shutdown_connections
2024-04-20T21:46:15.669 INFO:teuthology.orchestra.run.smithi142.stdout:/usr/bin/ceph: stderr
2024-04-20T21:46:14.923+0000 7fcbb7e00700 1 -- 172.21.15.142:0/2714884796 wait complete.
2024-04-20T21:46:15.669 INFO:teuthology.orchestra.run.smithi142.stdout:Deploying mon service with default placement...
2024-04-20T21:46:16.195 INFO:journalctl@ceph.mon.smithi142.smithi142.stdout:Apr 20 21:46:15 smithi142 ceph-mon[15828]: from='mgr.14120 172.21.15.142:0/1348740072' entity='mgr.smithi142.zzmcfz'
2024-04-20T21:46:16.195 INFO:journalctl@ceph.mon.smithi142.smithi142.stdout:Apr 20 21:46:15 smithi142 ceph-mon[15828]: Added host smithi142
2024-04-20T21:46:16.196 INFO:journalctl@ceph.mon.smithi142.smithi142.stdout:Apr 20 21:46:15 smithi142 ceph-mon[15828]: from='mgr.14120 172.21.15.142:0/1348740072' entity='mgr.smithi142.zzmcfz' cmd=[{"prefix": "config dump", "format": "json"}]: dispatch
2024-04-20T21:46:17.758 INFO:journalctl@ceph.mon.smithi142.smithi142.stdout:Apr 20 21:46:17 smithi142 ceph-mon[15828]: from='client.14142 -' entity='client.admin' cmd=[{"prefix": "orch apply", "service_type": "mon", "target": ["mon-mgr", ""]}]: dispatch
2024-04-20T21:46:17.759 INFO:journalctl@ceph.mon.smithi142.smithi142.stdout:Apr 20 21:46:17 smithi142 ceph-mon[15828]: Saving service mon spec with placement count:5
2024-04-20T21:46:17.759 INFO:journalctl@ceph.mon.smithi142.smithi142.stdout:Apr 20 21:46:17 smithi142 ceph-mon[15828]: from='mgr.14120 172.21.15.142:0/1348740072' entity='mgr.smithi142.zzmcfz'
2024-04-20T21:46:18.146 INFO:teuthology.orchestra.run.smithi142.stdout:/usr/bin/ceph: stdout Scheduled mon update...
2024-04-20T21:46:18.147 INFO:teuthology.orchestra.run.smithi142.stdout:/usr/bin/ceph: stderr
2024-04-20T21:46:16.303+0000 7fdc99400700 1 Processor -- start
2024-04-20T21:46:18.147 INFO:teuthology.orchestra.run.smithi142.stdout:/usr/bin/ceph: stderr
2024-04-20T21:46:16.303+0000 7fdc99400700 1 -- start start
2024-04-20T21:46:18.147 INFO:teuthology.orchestra.run.smithi142.stdout:/usr/bin/ceph: stderr
2024-04-20T21:46:16.303+0000 7fdc99400700 1 --2- >> [v2:172.21.15.142:3300/0,v1:172.21.15.142:6789/0] conn(0x7fdc9407ad90 0x7fdc940791f0 unknown :-1 s=NONE pgs=0 cs=0 l=0 rev1=0 crypto rx=0 tx=0 comp rx=0 tx=0).connect
2024-04-20T21:46:18.147 INFO:teuthology.orchestra.run.smithi142.stdout:/usr/bin/ceph: stderr
2024-04-20T21:46:16.303+0000 7fdc99400700 1 -- --> [v2:172.21.15.142:3300/0,v1:172.21.15.142:6789/0] -- mon_getmap magic: 0 v1 -- 0x7fdc940797c0 con 0x7fdc9407ad90
2024-04-20T21:46:18.147 INFO:teuthology.orchestra.run.smithi142.stdout:/usr/bin/ceph: stderr
2024-04-20T21:46:16.304+0000 7fdc92800700 1 --2- >> [v2:172.21.15.142:3300/0,v1:172.21.15.142:6789/0] conn(0x7fdc9407ad90 0x7fdc940791f0 unknown :-1 s=BANNER_CONNECTING pgs=0 cs=0 l=0 rev1=0 crypto rx=0 tx=0 comp rx=0 tx=0)._handle_peer_banner_payload supported=3 required=0
2024-04-20T21:46:18.152 INFO:teuthology.orchestra.run.smithi142.stdout:/usr/bin/ceph: stderr
2024-04-20T21:46:16.304+0000 7fdc92800700 1 --2- >> [v2:172.21.15.142:3300/0,v1:172.21.15.142:6789/0] conn(0x7fdc9407ad90 0x7fdc940791f0 unknown :-1 s=HELLO_CONNECTING pgs=0 cs=0 l=0 rev1=1 crypto rx=0 tx=0 comp rx=0 tx=0).handle_hello peer v2:172.21.15.142:3300/0 says I am v2:172.21.15.142:36664/0 (socket says 172.21.15.142:36664)
2024-04-20T21:46:18.152 INFO:teuthology.orchestra.run.smithi142.stdout:/usr/bin/ceph: stderr
2024-04-20T21:46:16.304+0000 7fdc92800700 1 -- 172.21.15.142:0/1893999426 learned_addr learned my addr 172.21.15.142:0/1893999426 (peer_addr_for_me v2:172.21.15.142:0/0)
2024-04-20T21:46:18.152 INFO:teuthology.orchestra.run.smithi142.stdout:/usr/bin/ceph: stderr
2024-04-20T21:46:16.304+0000 7fdc92800700 1 -- 172.21.15.142:0/1893999426 --> [v2:172.21.15.142:3300/0,v1:172.21.15.142:6789/0] -- mon_subscribe({config=0+,monmap=0+}) v3 -- 0x7fdc94079900 con 0x7fdc9407ad90
2024-04-20T21:46:18.152 INFO:teuthology.orchestra.run.smithi142.stdout:/usr/bin/ceph: stderr
2024-04-20T21:46:16.305+0000 7fdc92800700 1 --2- 172.21.15.142:0/1893999426 >> [v2:172.21.15.142:3300/0,v1:172.21.15.142:6789/0] conn(0x7fdc9407ad90 0x7fdc940791f0 secure :-1 s=READY pgs=47 cs=0 l=1 rev1=1 crypto rx=0x7fdc840098a0 tx=0x7fdc84009bb0 comp rx=0 tx=0).ready entity=mon.0 client_cookie=358daa16f8fda9e1 server_cookie=0 in_seq=0 out_seq=0
2024-04-20T21:46:18.152 INFO:teuthology.orchestra.run.smithi142.stdout:/usr/bin/ceph: stderr
2024-04-20T21:46:16.305+0000 7fdc91e00700 1 -- 172.21.15.142:0/1893999426 <== mon.0 v2:172.21.15.142:3300/0 1 ==== mon_map magic: 0 v1 ==== 229+0+0 (secure 0 0 0) 0x7fdc84004180 con 0x7fdc9407ad90
2024-04-20T21:46:18.152 INFO:teuthology.orchestra.run.smithi142.stdout:/usr/bin/ceph: stderr
2024-04-20T21:46:16.305+0000 7fdc91e00700 1 -- 172.21.15.142:0/1893999426 <== mon.0 v2:172.21.15.142:3300/0 2 ==== config(27 keys) v1 ==== 1042+0+0 (secure 0 0 0) 0x7fdc840042e0 con 0x7fdc9407ad90
2024-04-20T21:46:18.152 INFO:teuthology.orchestra.run.smithi142.stdout:/usr/bin/ceph: stderr
2024-04-20T21:46:16.305+0000 7fdc91e00700 1 -- 172.21.15.142:0/1893999426 <== mon.0 v2:172.21.15.142:3300/0 3 ==== mon_map magic: 0 v1 ==== 229+0+0 (secure 0 0 0) 0x7fdc84011a70 con 0x7fdc9407ad90
2024-04-20T21:46:18.152 INFO:teuthology.orchestra.run.smithi142.stdout:/usr/bin/ceph: stderr
2024-04-20T21:46:16.306+0000 7fdc99400700 1 -- 172.21.15.142:0/1893999426 >> [v2:172.21.15.142:3300/0,v1:172.21.15.142:6789/0] conn(0x7fdc9407ad90 msgr2=0x7fdc940791f0 secure :-1 s=STATE_CONNECTION_ESTABLISHED l=1).mark_down
2024-04-20T21:46:18.153 INFO:teuthology.orchestra.run.smithi142.stdout:/usr/bin/ceph: stderr
2024-04-20T21:46:16.306+0000 7fdc99400700 1 --2- 172.21.15.142:0/1893999426 >> [v2:172.21.15.142:3300/0,v1:172.21.15.142:6789/0] conn(0x7fdc9407ad90 0x7fdc940791f0 secure :-1 s=READY pgs=47 cs=0 l=1 rev1=1 crypto rx=0x7fdc840098a0 tx=0x7fdc84009bb0 comp rx=0 tx=0).stop
2024-04-20T21:46:18.153 INFO:teuthology.orchestra.run.smithi142.stdout:/usr/bin/ceph: stderr
2024-04-20T21:46:16.306+0000 7fdc99400700 1 -- 172.21.15.142:0/1893999426 shutdown_connections
2024-04-20T21:46:18.153 INFO:teuthology.orchestra.run.smithi142.stdout:/usr/bin/ceph: stderr
2024-04-20T21:46:16.306+0000 7fdc99400700 1 --2- 172.21.15.142:0/1893999426 >> [v2:172.21.15.142:3300/0,v1:172.21.15.142:6789/0] conn(0x7fdc9407ad90 0x7fdc940791f0 unknown :-1 s=CLOSED pgs=47 cs=0 l=1 rev1=1 crypto rx=0 tx=0 comp rx=0 tx=0).stop
2024-04-20T21:46:18.153 INFO:teuthology.orchestra.run.smithi142.stdout:/usr/bin/ceph: stderr
2024-04-20T21:46:16.306+0000 7fdc99400700 1 -- 172.21.15.142:0/1893999426 >> 172.21.15.142:0/1893999426 conn(0x7fdc94101ba0 msgr2=0x7fdc94103fc0 unknown :-1 s=STATE_NONE l=0).mark_down
2024-04-20T21:46:18.153 INFO:teuthology.orchestra.run.smithi142.stdout:/usr/bin/ceph: stderr
2024-04-20T21:46:16.306+0000 7fdc99400700 1 -- 172.21.15.142:0/1893999426 shutdown_connections
2024-04-20T21:46:18.153 INFO:teuthology.orchestra.run.smithi142.stdout:/usr/bin/ceph: stderr
2024-04-20T21:46:16.306+0000 7fdc99400700 1 -- 172.21.15.142:0/1893999426 wait complete.
2024-04-20T21:46:18.153 INFO:teuthology.orchestra.run.smithi142.stdout:/usr/bin/ceph: stderr
2024-04-20T21:46:16.307+0000 7fdc99400700 1 Processor -- start
2024-04-20T21:46:18.153 INFO:teuthology.orchestra.run.smithi142.stdout:/usr/bin/ceph: stderr
2024-04-20T21:46:16.307+0000 7fdc99400700 1 -- start start
2024-04-20T21:46:18.153 INFO:teuthology.orchestra.run.smithi142.stdout:/usr/bin/ceph: stderr
2024-04-20T21:46:16.307+0000 7fdc99400700 1 --2- >> [v2:172.21.15.142:3300/0,v1:172.21.15.142:6789/0] conn(0x7fdc9407ad90 0x7fdc9419c550 unknown :-1 s=NONE pgs=0 cs=0 l=1 rev1=0 crypto rx=0 tx=0 comp rx=0 tx=0).connect
2024-04-20T21:46:18.153 INFO:teuthology.orchestra.run.smithi142.stdout:/usr/bin/ceph: stderr
2024-04-20T21:46:16.307+0000 7fdc99400700 1 -- --> [v2:172.21.15.142:3300/0,v1:172.21.15.142:6789/0] -- mon_getmap magic: 0 v1 -- 0x7fdc9419ca90 con 0x7fdc9407ad90
2024-04-20T21:46:18.153 INFO:teuthology.orchestra.run.smithi142.stdout:/usr/bin/ceph: stderr
