2024-04-20T21:46:48.714+0000 7fec28400700 1 --2- 172.21.15.142:0/367999423 >> [v2:172.21.15.142:6800/3464616902,v1:172.21.15.142:6801/3464616902] conn(0x7fec080387c0 0x7fec0803ac80 secure :-1 s=READY pgs=8 cs=0 l=1 rev1=1 crypto rx=0x7fec0c006fd0 tx=0x7fec0c006e40 comp rx=0 tx=0).stop
2024-04-20T21:46:50.098 INFO:teuthology.orchestra.run.smithi142.stdout:/usr/bin/ceph: stderr
2024-04-20T21:46:48.714+0000 7fec28400700 1 -- 172.21.15.142:0/367999423 >> [v2:172.21.15.142:3300/0,v1:172.21.15.142:6789/0] conn(0x7fec2010d0d0 msgr2=0x7fec201a0930 secure :-1 s=STATE_CONNECTION_ESTABLISHED l=1).mark_down
2024-04-20T21:46:50.098 INFO:teuthology.orchestra.run.smithi142.stdout:/usr/bin/ceph: stderr
2024-04-20T21:46:48.714+0000 7fec28400700 1 --2- 172.21.15.142:0/367999423 >> [v2:172.21.15.142:3300/0,v1:172.21.15.142:6789/0] conn(0x7fec2010d0d0 0x7fec201a0930 secure :-1 s=READY pgs=85 cs=0 l=1 rev1=1 crypto rx=0x7fec140117b0 tx=0x7fec14011890 comp rx=0 tx=0).stop
2024-04-20T21:46:50.098 INFO:teuthology.orchestra.run.smithi142.stdout:/usr/bin/ceph: stderr
2024-04-20T21:46:48.714+0000 7fec28400700 1 -- 172.21.15.142:0/367999423 shutdown_connections
2024-04-20T21:46:50.098 INFO:teuthology.orchestra.run.smithi142.stdout:/usr/bin/ceph: stderr
2024-04-20T21:46:48.714+0000 7fec28400700 1 --2- 172.21.15.142:0/367999423 >> [v2:172.21.15.142:6800/3464616902,v1:172.21.15.142:6801/3464616902] conn(0x7fec080387c0 0x7fec0803ac80 unknown :-1 s=CLOSED pgs=8 cs=0 l=1 rev1=1 crypto rx=0 tx=0 comp rx=0 tx=0).stop
2024-04-20T21:46:50.098 INFO:teuthology.orchestra.run.smithi142.stdout:/usr/bin/ceph: stderr
2024-04-20T21:46:48.714+0000 7fec28400700 1 --2- 172.21.15.142:0/367999423 >> [v2:172.21.15.142:3300/0,v1:172.21.15.142:6789/0] conn(0x7fec2010d0d0 0x7fec201a0930 unknown :-1 s=CLOSED pgs=85 cs=0 l=1 rev1=1 crypto rx=0 tx=0 comp rx=0 tx=0).stop
2024-04-20T21:46:50.098 INFO:teuthology.orchestra.run.smithi142.stdout:/usr/bin/ceph: stderr
2024-04-20T21:46:48.714+0000 7fec28400700 1 -- 172.21.15.142:0/367999423 >> 172.21.15.142:0/367999423 conn(0x7fec2007bc20 msgr2=0x7fec2007c7c0 unknown :-1 s=STATE_NONE l=0).mark_down
2024-04-20T21:46:50.098 INFO:teuthology.orchestra.run.smithi142.stdout:/usr/bin/ceph: stderr
2024-04-20T21:46:48.714+0000 7fec28400700 1 -- 172.21.15.142:0/367999423 shutdown_connections
2024-04-20T21:46:50.098 INFO:teuthology.orchestra.run.smithi142.stdout:/usr/bin/ceph: stderr
2024-04-20T21:46:48.714+0000 7fec28400700 1 -- 172.21.15.142:0/367999423 wait complete.
2024-04-20T21:46:50.098 INFO:teuthology.orchestra.run.smithi142.stdout:Fetching dashboard port number...
2024-04-20T21:46:50.958 INFO:journalctl@ceph.mon.smithi142.smithi142.stdout:Apr 20 21:46:50 smithi142 ceph-mon[15828]: mgrmap e13: smithi142.zzmcfz(active, since 6s)
2024-04-20T21:46:51.668 INFO:teuthology.orchestra.run.smithi142.stdout:/usr/bin/ceph: stdout 8443
2024-04-20T21:46:51.669 INFO:teuthology.orchestra.run.smithi142.stdout:/usr/bin/ceph: stderr
2024-04-20T21:46:50.724+0000 7efcd2600700 1 Processor -- start
2024-04-20T21:46:51.669 INFO:teuthology.orchestra.run.smithi142.stdout:/usr/bin/ceph: stderr
2024-04-20T21:46:50.724+0000 7efcd2600700 1 -- start start
2024-04-20T21:46:51.669 INFO:teuthology.orchestra.run.smithi142.stdout:/usr/bin/ceph: stderr
2024-04-20T21:46:50.724+0000 7efcd2600700 1 --2- >> [v2:172.21.15.142:3300/0,v1:172.21.15.142:6789/0] conn(0x7efccc1065a0 0x7efccc1069c0 unknown :-1 s=NONE pgs=0 cs=0 l=0 rev1=0 crypto rx=0 tx=0 comp rx=0 tx=0).connect
2024-04-20T21:46:51.669 INFO:teuthology.orchestra.run.smithi142.stdout:/usr/bin/ceph: stderr
2024-04-20T21:46:50.724+0000 7efcd2600700 1 -- --> [v2:172.21.15.142:3300/0,v1:172.21.15.142:6789/0] -- mon_getmap magic: 0 v1 -- 0x7efccc106f90 con 0x7efccc1065a0
2024-04-20T21:46:51.669 INFO:teuthology.orchestra.run.smithi142.stdout:/usr/bin/ceph: stderr
2024-04-20T21:46:50.725+0000 7efccb400700 1 --2- >> [v2:172.21.15.142:3300/0,v1:172.21.15.142:6789/0] conn(0x7efccc1065a0 0x7efccc1069c0 unknown :-1 s=BANNER_CONNECTING pgs=0 cs=0 l=0 rev1=0 crypto rx=0 tx=0 comp rx=0 tx=0)._handle_peer_banner_payload supported=3 required=0
2024-04-20T21:46:51.669 INFO:teuthology.orchestra.run.smithi142.stdout:/usr/bin/ceph: stderr
2024-04-20T21:46:50.725+0000 7efccb400700 1 --2- >> [v2:172.21.15.142:3300/0,v1:172.21.15.142:6789/0] conn(0x7efccc1065a0 0x7efccc1069c0 unknown :-1 s=HELLO_CONNECTING pgs=0 cs=0 l=0 rev1=1 crypto rx=0 tx=0 comp rx=0 tx=0).handle_hello peer v2:172.21.15.142:3300/0 says I am v2:172.21.15.142:41306/0 (socket says 172.21.15.142:41306)
2024-04-20T21:46:51.669 INFO:teuthology.orchestra.run.smithi142.stdout:/usr/bin/ceph: stderr
2024-04-20T21:46:50.725+0000 7efccb400700 1 -- 172.21.15.142:0/1638516023 learned_addr learned my addr 172.21.15.142:0/1638516023 (peer_addr_for_me v2:172.21.15.142:0/0)
2024-04-20T21:46:51.669 INFO:teuthology.orchestra.run.smithi142.stdout:/usr/bin/ceph: stderr
2024-04-20T21:46:50.725+0000 7efccb400700 1 -- 172.21.15.142:0/1638516023 --> [v2:172.21.15.142:3300/0,v1:172.21.15.142:6789/0] -- mon_subscribe({config=0+,monmap=0+}) v3 -- 0x7efccc1077a0 con 0x7efccc1065a0
2024-04-20T21:46:51.669 INFO:teuthology.orchestra.run.smithi142.stdout:/usr/bin/ceph: stderr
2024-04-20T21:46:50.726+0000 7efccb400700 1 --2- 172.21.15.142:0/1638516023 >> [v2:172.21.15.142:3300/0,v1:172.21.15.142:6789/0] conn(0x7efccc1065a0 0x7efccc1069c0 secure :-1 s=READY pgs=86 cs=0 l=1 rev1=1 crypto rx=0x7efcbc0098a0 tx=0x7efcbc009bb0 comp rx=0 tx=0).ready entity=mon.0 client_cookie=d45d3c1c98b9600f server_cookie=0 in_seq=0 out_seq=0
2024-04-20T21:46:51.669 INFO:teuthology.orchestra.run.smithi142.stdout:/usr/bin/ceph: stderr
2024-04-20T21:46:50.726+0000 7efcca000700 1 -- 172.21.15.142:0/1638516023 <== mon.0 v2:172.21.15.142:3300/0 1 ==== mon_map magic: 0 v1 ==== 229+0+0 (secure 0 0 0) 0x7efcbc004180 con 0x7efccc1065a0
2024-04-20T21:46:51.669 INFO:teuthology.orchestra.run.smithi142.stdout:/usr/bin/ceph: stderr
2024-04-20T21:46:50.726+0000 7efcca000700 1 -- 172.21.15.142:0/1638516023 <== mon.0 v2:172.21.15.142:3300/0 2 ==== config(27 keys) v1 ==== 1109+0+0 (secure 0 0 0) 0x7efcbc0042e0 con 0x7efccc1065a0
2024-04-20T21:46:51.669 INFO:teuthology.orchestra.run.smithi142.stdout:/usr/bin/ceph: stderr
2024-04-20T21:46:50.726+0000 7efcca000700 1 -- 172.21.15.142:0/1638516023 <== mon.0 v2:172.21.15.142:3300/0 3 ==== mon_map magic: 0 v1 ==== 229+0+0 (secure 0 0 0) 0x7efcbc011b10 con 0x7efccc1065a0
2024-04-20T21:46:51.669 INFO:teuthology.orchestra.run.smithi142.stdout:/usr/bin/ceph: stderr
2024-04-20T21:46:50.726+0000 7efcd2600700 1 -- 172.21.15.142:0/1638516023 >> [v2:172.21.15.142:3300/0,v1:172.21.15.142:6789/0] conn(0x7efccc1065a0 msgr2=0x7efccc1069c0 secure :-1 s=STATE_CONNECTION_ESTABLISHED l=1).mark_down
2024-04-20T21:46:51.670 INFO:teuthology.orchestra.run.smithi142.stdout:/usr/bin/ceph: stderr
2024-04-20T21:46:50.726+0000 7efcd2600700 1 --2- 172.21.15.142:0/1638516023 >> [v2:172.21.15.142:3300/0,v1:172.21.15.142:6789/0] conn(0x7efccc1065a0 0x7efccc1069c0 secure :-1 s=READY pgs=86 cs=0 l=1 rev1=1 crypto rx=0x7efcbc0098a0 tx=0x7efcbc009bb0 comp rx=0 tx=0).stop
2024-04-20T21:46:51.670 INFO:teuthology.orchestra.run.smithi142.stdout:/usr/bin/ceph: stderr
2024-04-20T21:46:50.727+0000 7efcd2600700 1 -- 172.21.15.142:0/1638516023 shutdown_connections
2024-04-20T21:46:51.670 INFO:teuthology.orchestra.run.smithi142.stdout:/usr/bin/ceph: stderr
2024-04-20T21:46:50.727+0000 7efcd2600700 1 --2- 172.21.15.142:0/1638516023 >> [v2:172.21.15.142:3300/0,v1:172.21.15.142:6789/0] conn(0x7efccc1065a0 0x7efccc1069c0 unknown :-1 s=CLOSED pgs=86 cs=0 l=1 rev1=1 crypto rx=0 tx=0 comp rx=0 tx=0).stop
2024-04-20T21:46:51.670 INFO:teuthology.orchestra.run.smithi142.stdout:/usr/bin/ceph: stderr
2024-04-20T21:46:50.727+0000 7efcd2600700 1 -- 172.21.15.142:0/1638516023 >> 172.21.15.142:0/1638516023 conn(0x7efccc101ba0 msgr2=0x7efccc103fc0 unknown :-1 s=STATE_NONE l=0).mark_down
2024-04-20T21:46:51.670 INFO:teuthology.orchestra.run.smithi142.stdout:/usr/bin/ceph: stderr
2024-04-20T21:46:50.727+0000 7efcd2600700 1 -- 172.21.15.142:0/1638516023 shutdown_connections
2024-04-20T21:46:51.670 INFO:teuthology.orchestra.run.smithi142.stdout:/usr/bin/ceph: stderr
2024-04-20T21:46:50.727+0000 7efcd2600700 1 -- 172.21.15.142:0/1638516023 wait complete.
2024-04-20T21:46:51.670 INFO:teuthology.orchestra.run.smithi142.stdout:/usr/bin/ceph: stderr
2024-04-20T21:46:50.728+0000 7efcd2600700 1 Processor -- start
2024-04-20T21:46:51.670 INFO:teuthology.orchestra.run.smithi142.stdout:/usr/bin/ceph: stderr
2024-04-20T21:46:50.728+0000 7efcd2600700 1 -- start start
2024-04-20T21:46:51.670 INFO:teuthology.orchestra.run.smithi142.stdout:/usr/bin/ceph: stderr
2024-04-20T21:46:50.728+0000 7efcd2600700 1 --2- >> [v2:172.21.15.142:3300/0,v1:172.21.15.142:6789/0] conn(0x7efccc1065a0 0x7efccc19a400 unknown :-1 s=NONE pgs=0 cs=0 l=1 rev1=0 crypto rx=0 tx=0 comp rx=0 tx=0).connect
2024-04-20T21:46:51.670 INFO:teuthology.orchestra.run.smithi142.stdout:/usr/bin/ceph: stderr
2024-04-20T21:46:50.728+0000 7efcd2600700 1 -- --> [v2:172.21.15.142:3300/0,v1:172.21.15.142:6789/0] -- mon_getmap magic: 0 v1 -- 0x7efccc19a940 con 0x7efccc1065a0
2024-04-20T21:46:51.670 INFO:teuthology.orchestra.run.smithi142.stdout:/usr/bin/ceph: stderr
2024-04-20T21:46:50.728+0000 7efccb400700 1 --2- >> [v2:172.21.15.142:3300/0,v1:172.21.15.142:6789/0] conn(0x7efccc1065a0 0x7efccc19a400 unknown :-1 s=BANNER_CONNECTING pgs=0 cs=0 l=1 rev1=0 crypto rx=0 tx=0 comp rx=0 tx=0)._handle_peer_banner_payload supported=3 required=0
2024-04-20T21:46:51.670 INFO:teuthology.orchestra.run.smithi142.stdout:/usr/bin/ceph: stderr
2024-04-20T21:46:50.729+0000 7efccb400700 1 --2- >> [v2:172.21.15.142:3300/0,v1:172.21.15.142:6789/0] conn(0x7efccc1065a0 0x7efccc19a400 unknown :-1 s=HELLO_CONNECTING pgs=0 cs=0 l=1 rev1=1 crypto rx=0 tx=0 comp rx=0 tx=0).handle_hello peer v2:172.21.15.142:3300/0 says I am v2:172.21.15.142:41314/0 (socket says 172.21.15.142:41314)
2024-04-20T21:46:51.671 INFO:teuthology.orchestra.run.smithi142.stdout:/usr/bin/ceph: stderr
2024-04-20T21:46:50.729+0000 7efccb400700 1 -- 172.21.15.142:0/2462218082 learned_addr learned my addr 172.21.15.142:0/2462218082 (peer_addr_for_me v2:172.21.15.142:0/0)
2024-04-20T21:46:51.671 INFO:teuthology.orchestra.run.smithi142.stdout:/usr/bin/ceph: stderr
2024-04-20T21:46:50.729+0000 7efccb400700 1 -- 172.21.15.142:0/2462218082 --> [v2:172.21.15.142:3300/0,v1:172.21.15.142:6789/0] -- mon_subscribe({config=0+,monmap=0+}) v3 -- 0x7efcbc009550 con 0x7efccc1065a0
2024-04-20T21:46:51.671 INFO:teuthology.orchestra.run.smithi142.stdout:/usr/bin/ceph: stderr
2024-04-20T21:46:50.729+0000 7efccb400700 1 --2- 172.21.15.142:0/2462218082 >> [v2:172.21.15.142:3300/0,v1:172.21.15.142:6789/0] conn(0x7efccc1065a0 0x7efccc19a400 secure :-1 s=READY pgs=87 cs=0 l=1 rev1=1 crypto rx=0x7efcbc000c00 tx=0x7efcbc011890 comp rx=0 tx=0).ready entity=mon.0 client_cookie=0 server_cookie=0 in_seq=0 out_seq=0
2024-04-20T21:46:51.671 INFO:teuthology.orchestra.run.smithi142.stdout:/usr/bin/ceph: stderr
2024-04-20T21:46:50.729+0000 7efcc3e00700 1 -- 172.21.15.142:0/2462218082 <== mon.0 v2:172.21.15.142:3300/0 1 ==== mon_map magic: 0 v1 ==== 229+0+0 (secure 0 0 0) 0x7efcbc0038b0 con 0x7efccc1065a0
2024-04-20T21:46:51.671 INFO:teuthology.orchestra.run.smithi142.stdout:/usr/bin/ceph: stderr
2024-04-20T21:46:50.729+0000 7efcc3e00700 1 -- 172.21.15.142:0/2462218082 <== mon.0 v2:172.21.15.142:3300/0 2 ==== config(27 keys) v1 ==== 1109+0+0 (secure 0 0 0) 0x7efcbc003a10 con 0x7efccc1065a0
2024-04-20T21:46:51.671 INFO:teuthology.orchestra.run.smithi142.stdout:/usr/bin/ceph: stderr
2024-04-20T21:46:50.729+0000 7efcc3e00700 1 -- 172.21.15.142:0/2462218082 <== mon.0 v2:172.21.15.142:3300/0 3 ==== mon_map magic: 0 v1 ==== 229+0+0 (secure 0 0 0) 0x7efcbc024780 con 0x7efccc1065a0
2024-04-20T21:46:51.671 INFO:teuthology.orchestra.run.smithi142.stdout:/usr/bin/ceph: stderr
2024-04-20T21:46:50.729+0000 7efcd2600700 1 -- 172.21.15.142:0/2462218082 --> [v2:172.21.15.142:3300/0,v1:172.21.15.142:6789/0] -- mon_subscribe({mgrmap=0+}) v3 -- 0x7efccc19ab40 con 0x7efccc1065a0
2024-04-20T21:46:51.671 INFO:teuthology.orchestra.run.smithi142.stdout:/usr/bin/ceph: stderr
2024-04-20T21:46:50.730+0000 7efcd2600700 1 -- 172.21.15.142:0/2462218082 --> [v2:172.21.15.142:3300/0,v1:172.21.15.142:6789/0] -- mon_subscribe({osdmap=0}) v3 -- 0x7efccc19afe0 con 0x7efccc1065a0
2024-04-20T21:46:51.671 INFO:teuthology.orchestra.run.smithi142.stdout:/usr/bin/ceph: stderr
2024-04-20T21:46:50.731+0000 7efcc3e00700 1 -- 172.21.15.142:0/2462218082 <== mon.0 v2:172.21.15.142:3300/0 4 ==== mgrmap(e 13) v1 ==== 45613+0+0 (secure 0 0 0) 0x7efcbc01ac10 con 0x7efccc1065a0
2024-04-20T21:46:51.671 INFO:teuthology.orchestra.run.smithi142.stdout:/usr/bin/ceph: stderr
2024-04-20T21:46:50.731+0000 7efcd2600700 1 -- 172.21.15.142:0/2462218082 --> [v2:172.21.15.142:3300/0,v1:172.21.15.142:6789/0] -- mon_command({"prefix": "get_command_descriptions"} v 0) v1 -- 0x7efccc10a9d0 con 0x7efccc1065a0
2024-04-20T21:46:51.671 INFO:teuthology.orchestra.run.smithi142.stdout:/usr/bin/ceph: stderr
2024-04-20T21:46:50.731+0000 7efcc3e00700 1 --2- 172.21.15.142:0/2462218082 >> [v2:172.21.15.142:6800/3464616902,v1:172.21.15.142:6801/3464616902] conn(0x7efcb0038860 0x7efcb003ad20 unknown :-1 s=NONE pgs=0 cs=0 l=1 rev1=0 crypto rx=0 tx=0 comp rx=0 tx=0).connect
2024-04-20T21:46:51.671 INFO:teuthology.orchestra.run.smithi142.stdout:/usr/bin/ceph: stderr
2024-04-20T21:46:50.731+0000 7efcc3e00700 1 -- 172.21.15.142:0/2462218082 <== mon.0 v2:172.21.15.142:3300/0 5 ==== osd_map(3..3 src has 1..3) v4 ==== 1155+0+0 (secure 0 0 0) 0x7efcbc04c7b0 con 0x7efccc1065a0
2024-04-20T21:46:51.671 INFO:teuthology.orchestra.run.smithi142.stdout:/usr/bin/ceph: stderr
2024-04-20T21:46:50.731+0000 7efccaa00700 1 --2- 172.21.15.142:0/2462218082 >> [v2:172.21.15.142:6800/3464616902,v1:172.21.15.142:6801/3464616902] conn(0x7efcb0038860 0x7efcb003ad20 unknown :-1 s=BANNER_CONNECTING pgs=0 cs=0 l=1 rev1=0 crypto rx=0 tx=0 comp rx=0 tx=0)._handle_peer_banner_payload supported=3 required=0
2024-04-20T21:46:51.671 INFO:teuthology.orchestra.run.smithi142.stdout:/usr/bin/ceph: stderr
2024-04-20T21:46:50.732+0000 7efccaa00700 1 --2- 172.21.15.142:0/2462218082 >> [v2:172.21.15.142:6800/3464616902,v1:172.21.15.142:6801/3464616902] conn(0x7efcb0038860 0x7efcb003ad20 secure :-1 s=READY pgs=9 cs=0 l=1 rev1=1 crypto rx=0x7efcb8006fd0 tx=0x7efcb8006e40 comp rx=0 tx=0).ready entity=mgr.14164 client_cookie=0 server_cookie=0 in_seq=0 out_seq=0
2024-04-20T21:46:51.671 INFO:teuthology.orchestra.run.smithi142.stdout:/usr/bin/ceph: stderr
2024-04-20T21:46:50.737+0000 7efcc3e00700 1 -- 172.21.15.142:0/2462218082 <== mon.0 v2:172.21.15.142:3300/0 6 ==== mon_command_ack([{"prefix": "get_command_descriptions"}]=0 v0) v1 ==== 72+0+183351 (secure 0 0 0) 0x7efcbc01a430 con 0x7efccc1065a0
2024-04-20T21:46:51.672 INFO:teuthology.orchestra.run.smithi142.stdout:/usr/bin/ceph: stderr
2024-04-20T21:46:50.954+0000 7efcd2600700 1 -- 172.21.15.142:0/2462218082 --> [v2:172.21.15.142:3300/0,v1:172.21.15.142:6789/0] -- mon_command({"prefix": "config get", "who": "mgr", "key": "mgr/dashboard/ssl_server_port"} v 0) v1 -- 0x7efccc19d870 con 0x7efccc1065a0
2024-04-20T21:46:51.672 INFO:teuthology.orchestra.run.smithi142.stdout:/usr/bin/ceph: stderr
2024-04-20T21:46:50.955+0000 7efcc3e00700 1 -- 172.21.15.142:0/2462218082 <== mon.0 v2:172.21.15.142:3300/0 7 ==== mon_command_ack([{"prefix": "config get", "who": "mgr", "key": "mgr/dashboard/ssl_server_port"}]=0 v8) v1 ==== 112+0+5 (secure 0 0 0) 0x7efcbc018b40 con 0x7efccc1065a0
2024-04-20T21:46:51.672 INFO:teuthology.orchestra.run.smithi142.stdout:/usr/bin/ceph: stderr
2024-04-20T21:46:50.957+0000 7efcd2600700 1 -- 172.21.15.142:0/2462218082 >> [v2:172.21.15.142:6800/3464616902,v1:172.21.15.142:6801/3464616902] conn(0x7efcb0038860 msgr2=0x7efcb003ad20 secure :-1 s=STATE_CONNECTION_ESTABLISHED l=1).mark_down
2024-04-20T21:46:51.672 INFO:teuthology.orchestra.run.smithi142.stdout:/usr/bin/ceph: stderr
2024-04-20T21:46:50.957+0000 7efcd2600700 1 --2- 172.21.15.142:0/2462218082 >> [v2:172.21.15.142:6800/3464616902,v1:172.21.15.142:6801/3464616902] conn(0x7efcb0038860 0x7efcb003ad20 secure :-1 s=READY pgs=9 cs=0 l=1 rev1=1 crypto rx=0x7efcb8006fd0 tx=0x7efcb8006e40 comp rx=0 tx=0).stop
2024-04-20T21:46:51.672 INFO:teuthology.orchestra.run.smithi142.stdout:/usr/bin/ceph: stderr
2024-04-20T21:46:50.957+0000 7efcd2600700 1 -- 172.21.15.142:0/2462218082 >> [v2:172.21.15.142:3300/0,v1:172.21.15.142:6789/0] conn(0x7efccc1065a0 msgr2=0x7efccc19a400 secure :-1 s=STATE_CONNECTION_ESTABLISHED l=1).mark_down
2024-04-20T21:46:51.672 INFO:teuthology.orchestra.run.smithi142.stdout:/usr/bin/ceph: stderr
2024-04-20T21:46:50.957+0000 7efcd2600700 1 --2- 172.21.15.142:0/2462218082 >> [v2:172.21.15.142:3300/0,v1:172.21.15.142:6789/0] conn(0x7efccc1065a0 0x7efccc19a400 secure :-1 s=READY pgs=87 cs=0 l=1 rev1=1 crypto rx=0x7efcbc000c00 tx=0x7efcbc011890 comp rx=0 tx=0).stop
2024-04-20T21:46:51.672 INFO:teuthology.orchestra.run.smithi142.stdout:/usr/bin/ceph: stderr
2024-04-20T21:46:50.957+0000 7efcd2600700 1 -- 172.21.15.142:0/2462218082 shutdown_connections
2024-04-20T21:46:51.672 INFO:teuthology.orchestra.run.smithi142.stdout:/usr/bin/ceph: stderr
2024-04-20T21:46:50.957+0000 7efcd2600700 1 --2- 172.21.15.142:0/2462218082 >> [v2:172.21.15.142:6800/3464616902,v1:172.21.15.142:6801/3464616902] conn(0x7efcb0038860 0x7efcb003ad20 unknown :-1 s=CLOSED pgs=9 cs=0 l=1 rev1=1 crypto rx=0 tx=0 comp rx=0 tx=0).stop
2024-04-20T21:46:51.672 INFO:teuthology.orchestra.run.smithi142.stdout:/usr/bin/ceph: stderr
2024-04-20T21:46:50.957+0000 7efcd2600700 1 --2- 172.21.15.142:0/2462218082 >> [v2:172.21.15.142:3300/0,v1:172.21.15.142:6789/0] conn(0x7efccc1065a0 0x7efccc19a400 unknown :-1 s=CLOSED pgs=87 cs=0 l=1 rev1=1 crypto rx=0 tx=0 comp rx=0 tx=0).stop
2024-04-20T21:46:51.672 INFO:teuthology.orchestra.run.smithi142.stdout:/usr/bin/ceph: stderr
2024-04-20T21:46:50.957+0000 7efcd2600700 1 -- 172.21.15.142:0/2462218082 >> 172.21.15.142:0/2462218082 conn(0x7efccc101ba0 msgr2=0x7efccc102840 unknown :-1 s=STATE_NONE l=0).mark_down
2024-04-20T21:46:51.672 INFO:teuthology.orchestra.run.smithi142.stdout:/usr/bin/ceph: stderr
2024-04-20T21:46:50.958+0000 7efcd2600700 1 -- 172.21.15.142:0/2462218082 shutdown_connections
2024-04-20T21:46:51.672 INFO:teuthology.orchestra.run.smithi142.stdout:/usr/bin/ceph: stderr
2024-04-20T21:46:50.958+0000 7efcd2600700 1 -- 172.21.15.142:0/2462218082 wait complete.
2024-04-20T21:46:51.692 INFO:teuthology.orchestra.run.smithi142.stdout:Non-zero exit code 1 from systemctl is-enabled firewalld.service
2024-04-20T21:46:51.692 INFO:teuthology.orchestra.run.smithi142.stdout:systemctl: stdout disabled
2024-04-20T21:46:51.711 INFO:teuthology.orchestra.run.smithi142.stdout:Non-zero exit code 3 from systemctl is-active firewalld.service
2024-04-20T21:46:51.711 INFO:teuthology.orchestra.run.smithi142.stdout:systemctl: stdout inactive
2024-04-20T21:46:51.711 INFO:teuthology.orchestra.run.smithi142.stdout:firewalld.service is not enabled
2024-04-20T21:46:51.711 INFO:teuthology.orchestra.run.smithi142.stdout:Not possible to open ports <[8443]>. firewalld.service is not available
2024-04-20T21:46:51.714 INFO:teuthology.orchestra.run.smithi142.stdout:Ceph Dashboard is now available at:
2024-04-20T21:46:51.714 INFO:teuthology.orchestra.run.smithi142.stdout:
2024-04-20T21:46:51.714 INFO:teuthology.orchestra.run.smithi142.stdout: URL: https://smithi142.front.sepia.ceph.com:8443/
2024-04-20T21:46:51.714 INFO:teuthology.orchestra.run.smithi142.stdout: User: admin
2024-04-20T21:46:51.715 INFO:teuthology.orchestra.run.smithi142.stdout: Password: 1l76z2pz6b
2024-04-20T21:46:51.715 INFO:teuthology.orchestra.run.smithi142.stdout:
2024-04-20T21:46:51.715 INFO:teuthology.orchestra.run.smithi142.stdout:Saving cluster configuration to /var/lib/ceph/270cccba-ff5f-11ee-bc93-c7b262605968/config directory
2024-04-20T21:46:51.716 INFO:teuthology.orchestra.run.smithi142.stdout:Enabling autotune for osd_memory_target
2024-04-20T21:46:51.945 INFO:journalctl@ceph.mon.smithi142.smithi142.stdout:Apr 20 21:46:51 smithi142 ceph-mon[15828]: from='client.? 172.21.15.142:0/2462218082' entity='client.admin' cmd=[{"prefix": "config get", "who": "mgr", "key": "mgr/dashboard/ssl_server_port"}]: dispatch
2024-04-20T21:46:53.189 INFO:teuthology.orchestra.run.smithi142.stdout:/usr/bin/ceph: stderr
2024-04-20T21:46:52.340+0000 7f7ab9400700 1 Processor -- start
2024-04-20T21:46:53.189 INFO:teuthology.orchestra.run.smithi142.stdout:/usr/bin/ceph: stderr
2024-04-20T21:46:52.340+0000 7f7ab9400700 1 -- start start
2024-04-20T21:46:53.189 INFO:teuthology.orchestra.run.smithi142.stdout:/usr/bin/ceph: stderr
2024-04-20T21:46:52.341+0000 7f7ab9400700 1 --2- >> [v2:172.21.15.142:3300/0,v1:172.21.15.142:6789/0] conn(0x7f7ab4108790 0x7f7ab4108bb0 unknown :-1 s=NONE pgs=0 cs=0 l=0 rev1=0 crypto rx=0 tx=0 comp rx=0 tx=0).connect
2024-04-20T21:46:53.189 INFO:teuthology.orchestra.run.smithi142.stdout:/usr/bin/ceph: stderr
2024-04-20T21:46:52.341+0000 7f7ab9400700 1 -- --> [v2:172.21.15.142:3300/0,v1:172.21.15.142:6789/0] -- mon_getmap magic: 0 v1 -- 0x7f7ab4109180 con 0x7f7ab4108790
2024-04-20T21:46:53.189 INFO:teuthology.orchestra.run.smithi142.stdout:/usr/bin/ceph: stderr
2024-04-20T21:46:52.342+0000 7f7ab2800700 1 --2- >> [v2:172.21.15.142:3300/0,v1:172.21.15.142:6789/0] conn(0x7f7ab4108790 0x7f7ab4108bb0 unknown :-1 s=BANNER_CONNECTING pgs=0 cs=0 l=0 rev1=0 crypto rx=0 tx=0 comp rx=0 tx=0)._handle_peer_banner_payload supported=3 required=0
2024-04-20T21:46:53.190 INFO:teuthology.orchestra.run.smithi142.stdout:/usr/bin/ceph: stderr
2024-04-20T21:46:52.342+0000 7f7ab2800700 1 --2- >> [v2:172.21.15.142:3300/0,v1:172.21.15.142:6789/0] conn(0x7f7ab4108790 0x7f7ab4108bb0 unknown :-1 s=HELLO_CONNECTING pgs=0 cs=0 l=0 rev1=1 crypto rx=0 tx=0 comp rx=0 tx=0).handle_hello peer v2:172.21.15.142:3300/0 says I am v2:172.21.15.142:41324/0 (socket says 172.21.15.142:41324)
2024-04-20T21:46:53.190 INFO:teuthology.orchestra.run.smithi142.stdout:/usr/bin/ceph: stderr
2024-04-20T21:46:52.342+0000 7f7ab2800700 1 -- 172.21.15.142:0/4149662602 learned_addr learned my addr 172.21.15.142:0/4149662602 (peer_addr_for_me v2:172.21.15.142:0/0)
2024-04-20T21:46:53.190 INFO:teuthology.orchestra.run.smithi142.stdout:/usr/bin/ceph: stderr
2024-04-20T21:46:52.342+0000 7f7ab2800700 1 -- 172.21.15.142:0/4149662602 --> [v2:172.21.15.142:3300/0,v1:172.21.15.142:6789/0] -- mon_subscribe({config=0+,monmap=0+}) v3 -- 0x7f7ab4109990 con 0x7f7ab4108790
2024-04-20T21:46:53.190 INFO:teuthology.orchestra.run.smithi142.stdout:/usr/bin/ceph: stderr
2024-04-20T21:46:52.342+0000 7f7ab2800700 1 --2- 172.21.15.142:0/4149662602 >> [v2:172.21.15.142:3300/0,v1:172.21.15.142:6789/0] conn(0x7f7ab4108790 0x7f7ab4108bb0 secure :-1 s=READY pgs=88 cs=0 l=1 rev1=1 crypto rx=0x7f7aa40098a0 tx=0x7f7aa4009bb0 comp rx=0 tx=0).ready entity=mon.0 client_cookie=e378341cc36d6133 server_cookie=0 in_seq=0 out_seq=0
2024-04-20T21:46:53.190 INFO:teuthology.orchestra.run.smithi142.stdout:/usr/bin/ceph: stderr
2024-04-20T21:46:52.343+0000 7f7ab1400700 1 -- 172.21.15.142:0/4149662602 <== mon.0 v2:172.21.15.142:3300/0 1 ==== mon_map magic: 0 v1 ==== 229+0+0 (secure 0 0 0) 0x7f7aa4004180 con 0x7f7ab4108790
2024-04-20T21:46:53.190 INFO:teuthology.orchestra.run.smithi142.stdout:/usr/bin/ceph: stderr
2024-04-20T21:46:52.343+0000 7f7ab1400700 1 -- 172.21.15.142:0/4149662602 <== mon.0 v2:172.21.15.142:3300/0 2 ==== config(27 keys) v1 ==== 1109+0+0 (secure 0 0 0) 0x7f7aa40042e0 con 0x7f7ab4108790
2024-04-20T21:46:53.190 INFO:teuthology.orchestra.run.smithi142.stdout:/usr/bin/ceph: stderr
2024-04-20T21:46:52.343+0000 7f7ab1400700 1 -- 172.21.15.142:0/4149662602 <== mon.0 v2:172.21.15.142:3300/0 3 ==== mon_map magic: 0 v1 ==== 229+0+0 (secure 0 0 0) 0x7f7aa4011b10 con 0x7f7ab4108790
2024-04-20T21:46:53.190 INFO:teuthology.orchestra.run.smithi142.stdout:/usr/bin/ceph: stderr
2024-04-20T21:46:52.344+0000 7f7ab9400700 1 -- 172.21.15.142:0/4149662602 >> [v2:172.21.15.142:3300/0,v1:172.21.15.142:6789/0] conn(0x7f7ab4108790 msgr2=0x7f7ab4108bb0 secure :-1 s=STATE_CONNECTION_ESTABLISHED l=1).mark_down
2024-04-20T21:46:53.190 INFO:teuthology.orchestra.run.smithi142.stdout:/usr/bin/ceph: stderr
2024-04-20T21:46:52.344+0000 7f7ab9400700 1 --2- 172.21.15.142:0/4149662602 >> [v2:172.21.15.142:3300/0,v1:172.21.15.142:6789/0] conn(0x7f7ab4108790 0x7f7ab4108bb0 secure :-1 s=READY pgs=88 cs=0 l=1 rev1=1 crypto rx=0x7f7aa40098a0 tx=0x7f7aa4009bb0 comp rx=0 tx=0).stop
2024-04-20T21:46:53.190 INFO:teuthology.orchestra.run.smithi142.stdout:/usr/bin/ceph: stderr
2024-04-20T21:46:52.344+0000 7f7ab9400700 1 -- 172.21.15.142:0/4149662602 shutdown_connections
2024-04-20T21:46:53.190 INFO:teuthology.orchestra.run.smithi142.stdout:/usr/bin/ceph: stderr
2024-04-20T21:46:52.344+0000 7f7ab9400700 1 --2- 172.21.15.142:0/4149662602 >> [v2:172.21.15.142:3300/0,v1:172.21.15.142:6789/0] conn(0x7f7ab4108790 0x7f7ab4108bb0 unknown :-1 s=CLOSED pgs=88 cs=0 l=1 rev1=1 crypto rx=0 tx=0 comp rx=0 tx=0).stop
2024-04-20T21:46:53.190 INFO:teuthology.orchestra.run.smithi142.stdout:/usr/bin/ceph: stderr
2024-04-20T21:46:52.344+0000 7f7ab9400700 1 -- 172.21.15.142:0/4149662602 >> 172.21.15.142:0/4149662602 conn(0x7f7ab407bbf0 msgr2=0x7f7ab41064f0 unknown :-1 s=STATE_NONE l=0).mark_down
2024-04-20T21:46:53.190 INFO:teuthology.orchestra.run.smithi142.stdout:/usr/bin/ceph: stderr
2024-04-20T21:46:52.344+0000 7f7ab9400700 1 -- 172.21.15.142:0/4149662602 shutdown_connections
2024-04-20T21:46:53.190 INFO:teuthology.orchestra.run.smithi142.stdout:/usr/bin/ceph: stderr
2024-04-20T21:46:52.344+0000 7f7ab9400700 1 -- 172.21.15.142:0/4149662602 wait complete.
2024-04-20T21:46:53.191 INFO:teuthology.orchestra.run.smithi142.stdout:/usr/bin/ceph: stderr
2024-04-20T21:46:52.345+0000 7f7ab9400700 1 Processor -- start
2024-04-20T21:46:53.191 INFO:teuthology.orchestra.run.smithi142.stdout:/usr/bin/ceph: stderr
2024-04-20T21:46:52.345+0000 7f7ab9400700 1 -- start start
2024-04-20T21:46:53.191 INFO:teuthology.orchestra.run.smithi142.stdout:/usr/bin/ceph: stderr
2024-04-20T21:46:52.345+0000 7f7ab9400700 1 --2- >> [v2:172.21.15.142:3300/0,v1:172.21.15.142:6789/0] conn(0x7f7ab4108790 0x7f7ab419c500 unknown :-1 s=NONE pgs=0 cs=0 l=1 rev1=0 crypto rx=0 tx=0 comp rx=0 tx=0).connect
2024-04-20T21:46:53.191 INFO:teuthology.orchestra.run.smithi142.stdout:/usr/bin/ceph: stderr
2024-04-20T21:46:52.346+0000 7f7ab9400700 1 -- --> [v2:172.21.15.142:3300/0,v1:172.21.15.142:6789/0] -- mon_getmap magic: 0 v1 -- 0x7f7ab419ca40 con 0x7f7ab4108790
2024-04-20T21:46:53.191 INFO:teuthology.orchestra.run.smithi142.stdout:/usr/bin/ceph: stderr
2024-04-20T21:46:52.346+0000 7f7ab2800700 1 --2- >> [v2:172.21.15.142:3300/0,v1:172.21.15.142:6789/0] conn(0x7f7ab4108790 0x7f7ab419c500 unknown :-1 s=BANNER_CONNECTING pgs=0 cs=0 l=1 rev1=0 crypto rx=0 tx=0 comp rx=0 tx=0)._handle_peer_banner_payload supported=3 required=0
2024-04-20T21:46:53.191 INFO:teuthology.orchestra.run.smithi142.stdout:/usr/bin/ceph: stderr
2024-04-20T21:46:52.346+0000 7f7ab2800700 1 --2- >> [v2:172.21.15.142:3300/0,v1:172.21.15.142:6789/0] conn(0x7f7ab4108790 0x7f7ab419c500 unknown :-1 s=HELLO_CONNECTING pgs=0 cs=0 l=1 rev1=1 crypto rx=0 tx=0 comp rx=0 tx=0).handle_hello peer v2:172.21.15.142:3300/0 says I am v2:172.21.15.142:41332/0 (socket says 172.21.15.142:41332)
2024-04-20T21:46:53.191 INFO:teuthology.orchestra.run.smithi142.stdout:/usr/bin/ceph: stderr
2024-04-20T21:46:52.346+0000 7f7ab2800700 1 -- 172.21.15.142:0/2401045573 learned_addr learned my addr 172.21.15.142:0/2401045573 (peer_addr_for_me v2:172.21.15.142:0/0)
2024-04-20T21:46:53.191 INFO:teuthology.orchestra.run.smithi142.stdout:/usr/bin/ceph: stderr
2024-04-20T21:46:52.346+0000 7f7ab2800700 1 -- 172.21.15.142:0/2401045573 --> [v2:172.21.15.142:3300/0,v1:172.21.15.142:6789/0] -- mon_subscribe({config=0+,monmap=0+}) v3 -- 0x7f7aa4009550 con 0x7f7ab4108790
2024-04-20T21:46:53.191 INFO:teuthology.orchestra.run.smithi142.stdout:/usr/bin/ceph: stderr
2024-04-20T21:46:52.347+0000 7f7ab2800700 1 --2- 172.21.15.142:0/2401045573 >> [v2:172.21.15.142:3300/0,v1:172.21.15.142:6789/0] conn(0x7f7ab4108790 0x7f7ab419c500 secure :-1 s=READY pgs=89 cs=0 l=1 rev1=1 crypto rx=0x7f7aa40117b0 tx=0x7f7aa4011890 comp rx=0 tx=0).ready entity=mon.0 client_cookie=0 server_cookie=0 in_seq=0 out_seq=0
2024-04-20T21:46:53.191 INFO:teuthology.orchestra.run.smithi142.stdout:/usr/bin/ceph: stderr
2024-04-20T21:46:52.347+0000 7f7aab400700 1 -- 172.21.15.142:0/2401045573 <== mon.0 v2:172.21.15.142:3300/0 1 ==== mon_map magic: 0 v1 ==== 229+0+0 (secure 0 0 0) 0x7f7aa40038b0 con 0x7f7ab4108790
2024-04-20T21:46:53.191 INFO:teuthology.orchestra.run.smithi142.stdout:/usr/bin/ceph: stderr
2024-04-20T21:46:52.347+0000 7f7aab400700 1 -- 172.21.15.142:0/2401045573 <== mon.0 v2:172.21.15.142:3300/0 2 ==== config(27 keys) v1 ==== 1109+0+0 (secure 0 0 0) 0x7f7aa4003a10 con 0x7f7ab4108790
2024-04-20T21:46:53.191 INFO:teuthology.orchestra.run.smithi142.stdout:/usr/bin/ceph: stderr
2024-04-20T21:46:52.347+0000 7f7ab9400700 1 -- 172.21.15.142:0/2401045573 --> [v2:172.21.15.142:3300/0,v1:172.21.15.142:6789/0] -- mon_subscribe({mgrmap=0+}) v3 -- 0x7f7ab419cc40 con 0x7f7ab4108790
2024-04-20T21:46:53.191 INFO:teuthology.orchestra.run.smithi142.stdout:/usr/bin/ceph: stderr
2024-04-20T21:46:52.347+0000 7f7aab400700 1 -- 172.21.15.142:0/2401045573 <== mon.0 v2:172.21.15.142:3300/0 3 ==== mon_map magic: 0 v1 ==== 229+0+0 (secure 0 0 0) 0x7f7aa40246e0 con 0x7f7ab4108790
2024-04-20T21:46:53.191 INFO:teuthology.orchestra.run.smithi142.stdout:/usr/bin/ceph: stderr
2024-04-20T21:46:52.347+0000 7f7ab9400700 1 -- 172.21.15.142:0/2401045573 --> [v2:172.21.15.142:3300/0,v1:172.21.15.142:6789/0] -- mon_subscribe({osdmap=0}) v3 -- 0x7f7ab419d0e0 con 0x7f7ab4108790
2024-04-20T21:46:53.192 INFO:teuthology.orchestra.run.smithi142.stdout:/usr/bin/ceph: stderr
2024-04-20T21:46:52.348+0000 7f7aab400700 1 -- 172.21.15.142:0/2401045573 <== mon.0 v2:172.21.15.142:3300/0 4 ==== mgrmap(e 13) v1 ==== 45613+0+0 (secure 0 0 0) 0x7f7aa401a430 con 0x7f7ab4108790
2024-04-20T21:46:53.192 INFO:teuthology.orchestra.run.smithi142.stdout:/usr/bin/ceph: stderr
2024-04-20T21:46:52.348+0000 7f7ab9400700 1 -- 172.21.15.142:0/2401045573 --> [v2:172.21.15.142:3300/0,v1:172.21.15.142:6789/0] -- mon_command({"prefix": "get_command_descriptions"} v 0) v1 -- 0x7f7ab410cbc0 con 0x7f7ab4108790
2024-04-20T21:46:53.192 INFO:teuthology.orchestra.run.smithi142.stdout:/usr/bin/ceph: stderr
2024-04-20T21:46:52.349+0000 7f7aab400700 1 --2- 172.21.15.142:0/2401045573 >> [v2:172.21.15.142:6800/3464616902,v1:172.21.15.142:6801/3464616902] conn(0x7f7a98038860 0x7f7a9803ad20 unknown :-1 s=NONE pgs=0 cs=0 l=1 rev1=0 crypto rx=0 tx=0 comp rx=0 tx=0).connect
2024-04-20T21:46:53.192 INFO:teuthology.orchestra.run.smithi142.stdout:/usr/bin/ceph: stderr
2024-04-20T21:46:52.349+0000 7f7aab400700 1 -- 172.21.15.142:0/2401045573 <== mon.0 v2:172.21.15.142:3300/0 5 ==== osd_map(3..3 src has 1..3) v4 ==== 1155+0+0 (secure 0 0 0) 0x7f7aa404cab0 con 0x7f7ab4108790
2024-04-20T21:46:53.192 INFO:teuthology.orchestra.run.smithi142.stdout:/usr/bin/ceph: stderr
2024-04-20T21:46:52.349+0000 7f7ab1e00700 1 --2- 172.21.15.142:0/2401045573 >> [v2:172.21.15.142:6800/3464616902,v1:172.21.15.142:6801/3464616902] conn(0x7f7a98038860 0x7f7a9803ad20 unknown :-1 s=BANNER_CONNECTING pgs=0 cs=0 l=1 rev1=0 crypto rx=0 tx=0 comp rx=0 tx=0)._handle_peer_banner_payload supported=3 required=0
2024-04-20T21:46:53.192 INFO:teuthology.orchestra.run.smithi142.stdout:/usr/bin/ceph: stderr
2024-04-20T21:46:52.350+0000 7f7ab1e00700 1 --2- 172.21.15.142:0/2401045573 >> [v2:172.21.15.142:6800/3464616902,v1:172.21.15.142:6801/3464616902] conn(0x7f7a98038860 0x7f7a9803ad20 secure :-1 s=READY pgs=10 cs=0 l=1 rev1=1 crypto rx=0x7f7aa0006fd0 tx=0x7f7aa0006e40 comp rx=0 tx=0).ready entity=mgr.14164 client_cookie=0 server_cookie=0 in_seq=0 out_seq=0
2024-04-20T21:46:53.192 INFO:teuthology.orchestra.run.smithi142.stdout:/usr/bin/ceph: stderr
2024-04-20T21:46:52.355+0000 7f7aab400700 1 -- 172.21.15.142:0/2401045573 <== mon.0 v2:172.21.15.142:3300/0 6 ==== mon_command_ack([{"prefix": "get_command_descriptions"}]=0 v0) v1 ==== 72+0+183351 (secure 0 0 0) 0x7f7aa4018b40 con 0x7f7ab4108790
2024-04-20T21:46:53.192 INFO:teuthology.orchestra.run.smithi142.stdout:/usr/bin/ceph: stderr
2024-04-20T21:46:52.571+0000 7f7ab9400700 1 -- 172.21.15.142:0/2401045573 --> [v2:172.21.15.142:3300/0,v1:172.21.15.142:6789/0] -- mon_command([{prefix=config set, name=osd_memory_target_autotune}] v 0) v1 -- 0x7f7ab419f970 con 0x7f7ab4108790
2024-04-20T21:46:53.192 INFO:teuthology.orchestra.run.smithi142.stdout:/usr/bin/ceph: stderr
2024-04-20T21:46:52.572+0000 7f7aab400700 1 -- 172.21.15.142:0/2401045573 <== mon.0 v2:172.21.15.142:3300/0 7 ==== mon_command_ack([{prefix=config set, name=osd_memory_target_autotune}]=0 v8)=0 v8) v1 ==== 127+0+0 (secure 0 0 0) 0x7f7aa4018b40 con 0x7f7ab4108790
2024-04-20T21:46:53.192 INFO:teuthology.orchestra.run.smithi142.stdout:/usr/bin/ceph: stderr
2024-04-20T21:46:52.575+0000 7f7ab9400700 1 -- 172.21.15.142:0/2401045573 >> [v2:172.21.15.142:6800/3464616902,v1:172.21.15.142:6801/3464616902] conn(0x7f7a98038860 msgr2=0x7f7a9803ad20 secure :-1 s=STATE_CONNECTION_ESTABLISHED l=1).mark_down
2024-04-20T21:46:53.192 INFO:teuthology.orchestra.run.smithi142.stdout:/usr/bin/ceph: stderr
2024-04-20T21:46:52.575+0000 7f7ab9400700 1 --2- 172.21.15.142:0/2401045573 >> [v2:172.21.15.142:6800/3464616902,v1:172.21.15.142:6801/3464616902] conn(0x7f7a98038860 0x7f7a9803ad20 secure :-1 s=READY pgs=10 cs=0 l=1 rev1=1 crypto rx=0x7f7aa0006fd0 tx=0x7f7aa0006e40 comp rx=0 tx=0).stop
2024-04-20T21:46:53.192 INFO:teuthology.orchestra.run.smithi142.stdout:/usr/bin/ceph: stderr
2024-04-20T21:46:52.575+0000 7f7ab9400700 1 -- 172.21.15.142:0/2401045573 >> [v2:172.21.15.142:3300/0,v1:172.21.15.142:6789/0] conn(0x7f7ab4108790 msgr2=0x7f7ab419c500 secure :-1 s=STATE_CONNECTION_ESTABLISHED l=1).mark_down
2024-04-20T21:46:53.192 INFO:teuthology.orchestra.run.smithi142.stdout:/usr/bin/ceph: stderr
2024-04-20T21:46:52.575+0000 7f7ab9400700 1 --2- 172.21.15.142:0/2401045573 >> [v2:172.21.15.142:3300/0,v1:172.21.15.142:6789/0] conn(0x7f7ab4108790 0x7f7ab419c500 secure :-1 s=READY pgs=89 cs=0 l=1 rev1=1 crypto rx=0x7f7aa40117b0 tx=0x7f7aa4011890 comp rx=0 tx=0).stop
2024-04-20T21:46:53.193 INFO:teuthology.orchestra.run.smithi142.stdout:/usr/bin/ceph: stderr
2024-04-20T21:46:52.575+0000 7f7ab9400700 1 -- 172.21.15.142:0/2401045573 shutdown_connections
2024-04-20T21:46:53.193 INFO:teuthology.orchestra.run.smithi142.stdout:/usr/bin/ceph: stderr
2024-04-20T21:46:52.575+0000 7f7ab9400700 1 --2- 172.21.15.142:0/2401045573 >> [v2:172.21.15.142:6800/3464616902,v1:172.21.15.142:6801/3464616902] conn(0x7f7a98038860 0x7f7a9803ad20 unknown :-1 s=CLOSED pgs=10 cs=0 l=1 rev1=1 crypto rx=0 tx=0 comp rx=0 tx=0).stop
2024-04-20T21:46:53.193 INFO:teuthology.orchestra.run.smithi142.stdout:/usr/bin/ceph: stderr
2024-04-20T21:46:52.575+0000 7f7ab9400700 1 --2- 172.21.15.142:0/2401045573 >> [v2:172.21.15.142:3300/0,v1:172.21.15.142:6789/0] conn(0x7f7ab4108790 0x7f7ab419c500 unknown :-1 s=CLOSED pgs=89 cs=0 l=1 rev1=1 crypto rx=0 tx=0 comp rx=0 tx=0).stop
2024-04-20T21:46:53.193 INFO:teuthology.orchestra.run.smithi142.stdout:/usr/bin/ceph: stderr
2024-04-20T21:46:52.575+0000 7f7ab9400700 1 -- 172.21.15.142:0/2401045573 >> 172.21.15.142:0/2401045573 conn(0x7f7ab407bbf0 msgr2=0x7f7ab4105c10 unknown :-1 s=STATE_NONE l=0).mark_down
2024-04-20T21:46:53.193 INFO:teuthology.orchestra.run.smithi142.stdout:/usr/bin/ceph: stderr
2024-04-20T21:46:52.576+0000 7f7ab9400700 1 -- 172.21.15.142:0/2401045573 shutdown_connections
2024-04-20T21:46:53.193 INFO:teuthology.orchestra.run.smithi142.stdout:/usr/bin/ceph: stderr
2024-04-20T21:46:52.576+0000 7f7ab9400700 1 -- 172.21.15.142:0/2401045573 wait complete.
2024-04-20T21:46:54.887 INFO:teuthology.orchestra.run.smithi142.stdout:/usr/bin/ceph: stderr
2024-04-20T21:46:53.852+0000 7f4687600700 1 Processor -- start
2024-04-20T21:46:54.887 INFO:teuthology.orchestra.run.smithi142.stdout:/usr/bin/ceph: stderr
2024-04-20T21:46:53.852+0000 7f4687600700 1 -- start start
2024-04-20T21:46:54.887 INFO:teuthology.orchestra.run.smithi142.stdout:/usr/bin/ceph: stderr
2024-04-20T21:46:53.852+0000 7f4687600700 1 --2- >> [v2:172.21.15.142:3300/0,v1:172.21.15.142:6789/0] conn(0x7f46801087a0 0x7f4680108bc0 unknown :-1 s=NONE pgs=0 cs=0 l=0 rev1=0 crypto rx=0 tx=0 comp rx=0 tx=0).connect
2024-04-20T21:46:54.887 INFO:teuthology.orchestra.run.smithi142.stdout:/usr/bin/ceph: stderr
2024-04-20T21:46:53.852+0000 7f4687600700 1 -- --> [v2:172.21.15.142:3300/0,v1:172.21.15.142:6789/0] -- mon_getmap magic: 0 v1 -- 0x7f4680109190 con 0x7f46801087a0
2024-04-20T21:46:54.887 INFO:teuthology.orchestra.run.smithi142.stdout:/usr/bin/ceph: stderr
2024-04-20T21:46:53.853+0000 7f4684c00700 1 --2- >> [v2:172.21.15.142:3300/0,v1:172.21.15.142:6789/0] conn(0x7f46801087a0 0x7f4680108bc0 unknown :-1 s=BANNER_CONNECTING pgs=0 cs=0 l=0 rev1=0 crypto rx=0 tx=0 comp rx=0 tx=0)._handle_peer_banner_payload supported=3 required=0
2024-04-20T21:46:54.887 INFO:teuthology.orchestra.run.smithi142.stdout:/usr/bin/ceph: stderr
2024-04-20T21:46:53.853+0000 7f4684c00700 1 --2- >> [v2:172.21.15.142:3300/0,v1:172.21.15.142:6789/0] conn(0x7f46801087a0 0x7f4680108bc0 unknown :-1 s=HELLO_CONNECTING pgs=0 cs=0 l=0 rev1=1 crypto rx=0 tx=0 comp rx=0 tx=0).handle_hello peer v2:172.21.15.142:3300/0 says I am v2:172.21.15.142:41344/0 (socket says 172.21.15.142:41344)
2024-04-20T21:46:54.887 INFO:teuthology.orchestra.run.smithi142.stdout:/usr/bin/ceph: stderr
2024-04-20T21:46:53.853+0000 7f4684c00700 1 -- 172.21.15.142:0/179046766 learned_addr learned my addr 172.21.15.142:0/179046766 (peer_addr_for_me v2:172.21.15.142:0/0)
2024-04-20T21:46:54.887 INFO:teuthology.orchestra.run.smithi142.stdout:/usr/bin/ceph: stderr
2024-04-20T21:46:53.853+0000 7f4684c00700 1 -- 172.21.15.142:0/179046766 --> [v2:172.21.15.142:3300/0,v1:172.21.15.142:6789/0] -- mon_subscribe({config=0+,monmap=0+}) v3 -- 0x7f46801099a0 con 0x7f46801087a0
2024-04-20T21:46:54.887 INFO:teuthology.orchestra.run.smithi142.stdout:/usr/bin/ceph: stderr
2024-04-20T21:46:53.854+0000 7f4684c00700 1 --2- 172.21.15.142:0/179046766 >> [v2:172.21.15.142:3300/0,v1:172.21.15.142:6789/0] conn(0x7f46801087a0 0x7f4680108bc0 secure :-1 s=READY pgs=90 cs=0 l=1 rev1=1 crypto rx=0x7f46740098a0 tx=0x7f4674009bb0 comp rx=0 tx=0).ready entity=mon.0 client_cookie=4e896d9206ccb95c server_cookie=0 in_seq=0 out_seq=0
2024-04-20T21:46:54.888 INFO:teuthology.orchestra.run.smithi142.stdout:/usr/bin/ceph: stderr
2024-04-20T21:46:53.854+0000 7f467f400700 1 -- 172.21.15.142:0/179046766 <== mon.0 v2:172.21.15.142:3300/0 1 ==== mon_map magic: 0 v1 ==== 229+0+0 (secure 0 0 0) 0x7f4674004180 con 0x7f46801087a0
2024-04-20T21:46:54.888 INFO:teuthology.orchestra.run.smithi142.stdout:/usr/bin/ceph: stderr
2024-04-20T21:46:53.854+0000 7f467f400700 1 -- 172.21.15.142:0/179046766 <== mon.0 v2:172.21.15.142:3300/0 2 ==== config(27 keys) v1 ==== 1109+0+0 (secure 0 0 0) 0x7f46740042e0 con 0x7f46801087a0
2024-04-20T21:46:54.888 INFO:teuthology.orchestra.run.smithi142.stdout:/usr/bin/ceph: stderr
2024-04-20T21:46:53.854+0000 7f467f400700 1 -- 172.21.15.142:0/179046766 <== mon.0 v2:172.21.15.142:3300/0 3 ==== mon_map magic: 0 v1 ==== 229+0+0 (secure 0 0 0) 0x7f4674011b10 con 0x7f46801087a0
2024-04-20T21:46:54.888 INFO:teuthology.orchestra.run.smithi142.stdout:/usr/bin/ceph: stderr
2024-04-20T21:46:53.855+0000 7f4687600700 1 -- 172.21.15.142:0/179046766 >> [v2:172.21.15.142:3300/0,v1:172.21.15.142:6789/0] conn(0x7f46801087a0 msgr2=0x7f4680108bc0 secure :-1 s=STATE_CONNECTION_ESTABLISHED l=1).mark_down
2024-04-20T21:46:54.888 INFO:teuthology.orchestra.run.smithi142.stdout:/usr/bin/ceph: stderr
2024-04-20T21:46:53.855+0000 7f4687600700 1 --2- 172.21.15.142:0/179046766 >> [v2:172.21.15.142:3300/0,v1:172.21.15.142:6789/0] conn(0x7f46801087a0 0x7f4680108bc0 secure :-1 s=READY pgs=90 cs=0 l=1 rev1=1 crypto rx=0x7f46740098a0 tx=0x7f4674009bb0 comp rx=0 tx=0).stop
2024-04-20T21:46:54.888 INFO:teuthology.orchestra.run.smithi142.stdout:/usr/bin/ceph: stderr
2024-04-20T21:46:53.855+0000 7f4687600700 1 -- 172.21.15.142:0/179046766 shutdown_connections
2024-04-20T21:46:54.888 INFO:teuthology.orchestra.run.smithi142.stdout:/usr/bin/ceph: stderr
2024-04-20T21:46:53.855+0000 7f4687600700 1 --2- 172.21.15.142:0/179046766 >> [v2:172.21.15.142:3300/0,v1:172.21.15.142:6789/0] conn(0x7f46801087a0 0x7f4680108bc0 unknown :-1 s=CLOSED pgs=90 cs=0 l=1 rev1=1 crypto rx=0 tx=0 comp rx=0 tx=0).stop
2024-04-20T21:46:54.888 INFO:teuthology.orchestra.run.smithi142.stdout:/usr/bin/ceph: stderr
2024-04-20T21:46:53.855+0000 7f4687600700 1 -- 172.21.15.142:0/179046766 >> 172.21.15.142:0/179046766 conn(0x7f4680103d60 msgr2=0x7f4680106180 unknown :-1 s=STATE_NONE l=0).mark_down
2024-04-20T21:46:54.888 INFO:teuthology.orchestra.run.smithi142.stdout:/usr/bin/ceph: stderr
2024-04-20T21:46:53.855+0000 7f4687600700 1 -- 172.21.15.142:0/179046766 shutdown_connections
2024-04-20T21:46:54.888 INFO:teuthology.orchestra.run.smithi142.stdout:/usr/bin/ceph: stderr
2024-04-20T21:46:53.855+0000 7f4687600700 1 -- 172.21.15.142:0/179046766 wait complete.
2024-04-20T21:46:54.888 INFO:teuthology.orchestra.run.smithi142.stdout:/usr/bin/ceph: stderr
2024-04-20T21:46:53.856+0000 7f4687600700 1 Processor -- start
2024-04-20T21:46:54.888 INFO:teuthology.orchestra.run.smithi142.stdout:/usr/bin/ceph: stderr
2024-04-20T21:46:53.856+0000 7f4687600700 1 -- start start
2024-04-20T21:46:54.888 INFO:teuthology.orchestra.run.smithi142.stdout:/usr/bin/ceph: stderr
2024-04-20T21:46:53.856+0000 7f4687600700 1 --2- >> [v2:172.21.15.142:3300/0,v1:172.21.15.142:6789/0] conn(0x7f46801087a0 0x7f468019c530 unknown :-1 s=NONE pgs=0 cs=0 l=1 rev1=0 crypto rx=0 tx=0 comp rx=0 tx=0).connect
2024-04-20T21:46:54.888 INFO:teuthology.orchestra.run.smithi142.stdout:/usr/bin/ceph: stderr
2024-04-20T21:46:53.856+0000 7f4687600700 1 -- --> [v2:172.21.15.142:3300/0,v1:172.21.15.142:6789/0] -- mon_getmap magic: 0 v1 -- 0x7f468019ca70 con 0x7f46801087a0
2024-04-20T21:46:54.888 INFO:teuthology.orchestra.run.smithi142.stdout:/usr/bin/ceph: stderr
2024-04-20T21:46:53.857+0000 7f4684c00700 1 --2- >> [v2:172.21.15.142:3300/0,v1:172.21.15.142:6789/0] conn(0x7f46801087a0 0x7f468019c530 unknown :-1 s=BANNER_CONNECTING pgs=0 cs=0 l=1 rev1=0 crypto rx=0 tx=0 comp rx=0 tx=0)._handle_peer_banner_payload supported=3 required=0
2024-04-20T21:46:54.889 INFO:teuthology.orchestra.run.smithi142.stdout:/usr/bin/ceph: stderr
2024-04-20T21:46:53.857+0000 7f4684c00700 1 --2- >> [v2:172.21.15.142:3300/0,v1:172.21.15.142:6789/0] conn(0x7f46801087a0 0x7f468019c530 unknown :-1 s=HELLO_CONNECTING pgs=0 cs=0 l=1 rev1=1 crypto rx=0 tx=0 comp rx=0 tx=0).handle_hello peer v2:172.21.15.142:3300/0 says I am v2:172.21.15.142:41346/0 (socket says 172.21.15.142:41346)
2024-04-20T21:46:54.889 INFO:teuthology.orchestra.run.smithi142.stdout:/usr/bin/ceph: stderr
2024-04-20T21:46:53.857+0000 7f4684c00700 1 -- 172.21.15.142:0/1145429367 learned_addr learned my addr 172.21.15.142:0/1145429367 (peer_addr_for_me v2:172.21.15.142:0/0)
2024-04-20T21:46:54.889 INFO:teuthology.orchestra.run.smithi142.stdout:/usr/bin/ceph: stderr
2024-04-20T21:46:53.857+0000 7f4684c00700 1 -- 172.21.15.142:0/1145429367 --> [v2:172.21.15.142:3300/0,v1:172.21.15.142:6789/0] -- mon_subscribe({config=0+,monmap=0+}) v3 -- 0x7f4674009550 con 0x7f46801087a0
2024-04-20T21:46:54.889 INFO:teuthology.orchestra.run.smithi142.stdout:/usr/bin/ceph: stderr
2024-04-20T21:46:53.857+0000 7f4684c00700 1 --2- 172.21.15.142:0/1145429367 >> [v2:172.21.15.142:3300/0,v1:172.21.15.142:6789/0] conn(0x7f46801087a0 0x7f468019c530 secure :-1 s=READY pgs=91 cs=0 l=1 rev1=1 crypto rx=0x7f46740117b0 tx=0x7f4674011890 comp rx=0 tx=0).ready entity=mon.0 client_cookie=0 server_cookie=0 in_seq=0 out_seq=0
2024-04-20T21:46:54.889 INFO:teuthology.orchestra.run.smithi142.stdout:/usr/bin/ceph: stderr
2024-04-20T21:46:53.857+0000 7f467d600700 1 -- 172.21.15.142:0/1145429367 <== mon.0 v2:172.21.15.142:3300/0 1 ==== mon_map magic: 0 v1 ==== 229+0+0 (secure 0 0 0) 0x7f46740038b0 con 0x7f46801087a0
2024-04-20T21:46:54.889 INFO:teuthology.orchestra.run.smithi142.stdout:/usr/bin/ceph: stderr
2024-04-20T21:46:53.858+0000 7f467d600700 1 -- 172.21.15.142:0/1145429367 <== mon.0 v2:172.21.15.142:3300/0 2 ==== config(27 keys) v1 ==== 1109+0+0 (secure 0 0 0) 0x7f4674003a10 con 0x7f46801087a0
2024-04-20T21:46:54.889 INFO:teuthology.orchestra.run.smithi142.stdout:/usr/bin/ceph: stderr
2024-04-20T21:46:53.858+0000 7f4687600700 1 -- 172.21.15.142:0/1145429367 --> [v2:172.21.15.142:3300/0,v1:172.21.15.142:6789/0] -- mon_subscribe({mgrmap=0+}) v3 -- 0x7f468019cc70 con 0x7f46801087a0
2024-04-20T21:46:54.889 INFO:teuthology.orchestra.run.smithi142.stdout:/usr/bin/ceph: stderr
2024-04-20T21:46:53.858+0000 7f467d600700 1 -- 172.21.15.142:0/1145429367 <== mon.0 v2:172.21.15.142:3300/0 3 ==== mon_map magic: 0 v1 ==== 229+0+0 (secure 0 0 0) 0x7f46740246e0 con 0x7f46801087a0
2024-04-20T21:46:54.889 INFO:teuthology.orchestra.run.smithi142.stdout:/usr/bin/ceph: stderr
2024-04-20T21:46:53.858+0000 7f4687600700 1 -- 172.21.15.142:0/1145429367 --> [v2:172.21.15.142:3300/0,v1:172.21.15.142:6789/0] -- mon_subscribe({osdmap=0}) v3 -- 0x7f468019d110 con 0x7f46801087a0
2024-04-20T21:46:54.889 INFO:teuthology.orchestra.run.smithi142.stdout:/usr/bin/ceph: stderr
2024-04-20T21:46:53.859+0000 7f467d600700 1 -- 172.21.15.142:0/1145429367 <== mon.0 v2:172.21.15.142:3300/0 4 ==== mgrmap(e 13) v1 ==== 45613+0+0 (secure 0 0 0) 0x7f467401a430 con 0x7f46801087a0
2024-04-20T21:46:54.889 INFO:teuthology.orchestra.run.smithi142.stdout:/usr/bin/ceph: stderr
2024-04-20T21:46:53.859+0000 7f4687600700 1 -- 172.21.15.142:0/1145429367 --> [v2:172.21.15.142:3300/0,v1:172.21.15.142:6789/0] -- mon_command({"prefix": "get_command_descriptions"} v 0) v1 -- 0x7f468010cbd0 con 0x7f46801087a0
2024-04-20T21:46:54.889 INFO:teuthology.orchestra.run.smithi142.stdout:/usr/bin/ceph: stderr
2024-04-20T21:46:53.859+0000 7f467d600700 1 --2- 172.21.15.142:0/1145429367 >> [v2:172.21.15.142:6800/3464616902,v1:172.21.15.142:6801/3464616902] conn(0x7f4668038810 0x7f466803acd0 unknown :-1 s=NONE pgs=0 cs=0 l=1 rev1=0 crypto rx=0 tx=0 comp rx=0 tx=0).connect
2024-04-20T21:46:54.889 INFO:teuthology.orchestra.run.smithi142.stdout:/usr/bin/ceph: stderr
2024-04-20T21:46:53.859+0000 7f467d600700 1 -- 172.21.15.142:0/1145429367 <== mon.0 v2:172.21.15.142:3300/0 5 ==== osd_map(3..3 src has 1..3) v4 ==== 1155+0+0 (secure 0 0 0) 0x7f467404ca40 con 0x7f46801087a0
2024-04-20T21:46:54.889 INFO:teuthology.orchestra.run.smithi142.stdout:/usr/bin/ceph: stderr
2024-04-20T21:46:53.860+0000 7f467fe00700 1 --2- 172.21.15.142:0/1145429367 >> [v2:172.21.15.142:6800/3464616902,v1:172.21.15.142:6801/3464616902] conn(0x7f4668038810 0x7f466803acd0 unknown :-1 s=BANNER_CONNECTING pgs=0 cs=0 l=1 rev1=0 crypto rx=0 tx=0 comp rx=0 tx=0)._handle_peer_banner_payload supported=3 required=0
2024-04-20T21:46:54.889 INFO:teuthology.orchestra.run.smithi142.stdout:/usr/bin/ceph: stderr
2024-04-20T21:46:53.860+0000 7f467fe00700 1 --2- 172.21.15.142:0/1145429367 >> [v2:172.21.15.142:6800/3464616902,v1:172.21.15.142:6801/3464616902] conn(0x7f4668038810 0x7f466803acd0 secure :-1 s=READY pgs=11 cs=0 l=1 rev1=1 crypto rx=0x7f466c006fd0 tx=0x7f466c006e40 comp rx=0 tx=0).ready entity=mgr.14164 client_cookie=0 server_cookie=0 in_seq=0 out_seq=0
2024-04-20T21:46:54.890 INFO:teuthology.orchestra.run.smithi142.stdout:/usr/bin/ceph: stderr
2024-04-20T21:46:53.864+0000 7f467d600700 1 -- 172.21.15.142:0/1145429367 <== mon.0 v2:172.21.15.142:3300/0 6 ==== mon_command_ack([{"prefix": "get_command_descriptions"}]=0 v0) v1 ==== 72+0+183351 (secure 0 0 0) 0x7f467404ee60 con 0x7f46801087a0
2024-04-20T21:46:54.890 INFO:teuthology.orchestra.run.smithi142.stdout:/usr/bin/ceph: stderr
2024-04-20T21:46:54.202+0000 7f4687600700 1 -- 172.21.15.142:0/1145429367 --> [v2:172.21.15.142:3300/0,v1:172.21.15.142:6789/0] -- mon_command([{prefix=config-key set, key=mgr/dashboard/cluster/status}] v 0) v1 -- 0x7f468019f9a0 con 0x7f46801087a0
2024-04-20T21:46:54.890 INFO:teuthology.orchestra.run.smithi142.stdout:/usr/bin/ceph: stderr
2024-04-20T21:46:54.209+0000 7f467d600700 1 -- 172.21.15.142:0/1145429367 <== mon.0 v2:172.21.15.142:3300/0 7 ==== mon_command_ack([{prefix=config-key set, key=mgr/dashboard/cluster/status}]=0 set mgr/dashboard/cluster/status v34)=0 set mgr/dashboard/cluster/status v34) v1 ==== 153+0+0 (secure 0 0 0) 0x7f4674018b40 con 0x7f46801087a0
2024-04-20T21:46:54.890 INFO:teuthology.orchestra.run.smithi142.stdout:/usr/bin/ceph: stderr
2024-04-20T21:46:54.212+0000 7f4687600700 1 -- 172.21.15.142:0/1145429367 >> [v2:172.21.15.142:6800/3464616902,v1:172.21.15.142:6801/3464616902] conn(0x7f4668038810 msgr2=0x7f466803acd0 secure :-1 s=STATE_CONNECTION_ESTABLISHED l=1).mark_down
2024-04-20T21:46:54.890 INFO:teuthology.orchestra.run.smithi142.stdout:/usr/bin/ceph: stderr
2024-04-20T21:46:54.212+0000 7f4687600700 1 --2- 172.21.15.142:0/1145429367 >> [v2:172.21.15.142:6800/3464616902,v1:172.21.15.142:6801/3464616902] conn(0x7f4668038810 0x7f466803acd0 secure :-1 s=READY pgs=11 cs=0 l=1 rev1=1 crypto rx=0x7f466c006fd0 tx=0x7f466c006e40 comp rx=0 tx=0).stop
2024-04-20T21:46:54.890 INFO:teuthology.orchestra.run.smithi142.stdout:/usr/bin/ceph: stderr
2024-04-20T21:46:54.212+0000 7f4687600700 1 -- 172.21.15.142:0/1145429367 >> [v2:172.21.15.142:3300/0,v1:172.21.15.142:6789/0] conn(0x7f46801087a0 msgr2=0x7f468019c530 secure :-1 s=STATE_CONNECTION_ESTABLISHED l=1).mark_down
2024-04-20T21:46:54.890 INFO:teuthology.orchestra.run.smithi142.stdout:/usr/bin/ceph: stderr
