2024-04-23T14:36:11.506+0000 7f3902a00700 1 --2- 172.21.15.119:0/1634073220 >> [v2:172.21.15.119:3300/0,v1:172.21.15.119:6789/0] conn(0x7f3904105b10 0x7f3904105f20 secure :-1 s=READY pgs=65 cs=0 l=1 rev1=1 crypto rx=0x7f38f40098a0 tx=0x7f38f4009bb0 comp rx=0 tx=0).ready entity=mon.0 client_cookie=f910f2fbab403d9 server_cookie=0 in_seq=0 out_seq=0
2024-04-23T14:36:12.448 INFO:teuthology.orchestra.run.smithi119.stdout:/usr/bin/ceph: stderr
2024-04-23T14:36:11.506+0000 7f3901600700 1 -- 172.21.15.119:0/1634073220 <== mon.0 v2:172.21.15.119:3300/0 1 ==== mon_map magic: 0 v1 ==== 229+0+0 (secure 0 0 0) 0x7f38f4004180 con 0x7f3904105b10
2024-04-23T14:36:12.448 INFO:teuthology.orchestra.run.smithi119.stdout:/usr/bin/ceph: stderr
2024-04-23T14:36:11.506+0000 7f3901600700 1 -- 172.21.15.119:0/1634073220 <== mon.0 v2:172.21.15.119:3300/0 2 ==== config(27 keys) v1 ==== 1101+0+0 (secure 0 0 0) 0x7f38f40042e0 con 0x7f3904105b10
2024-04-23T14:36:12.448 INFO:teuthology.orchestra.run.smithi119.stdout:/usr/bin/ceph: stderr
2024-04-23T14:36:11.506+0000 7f3901600700 1 -- 172.21.15.119:0/1634073220 <== mon.0 v2:172.21.15.119:3300/0 3 ==== mon_map magic: 0 v1 ==== 229+0+0 (secure 0 0 0) 0x7f38f4011af0 con 0x7f3904105b10
2024-04-23T14:36:12.448 INFO:teuthology.orchestra.run.smithi119.stdout:/usr/bin/ceph: stderr
2024-04-23T14:36:11.507+0000 7f3909e00700 1 -- 172.21.15.119:0/1634073220 >> [v2:172.21.15.119:3300/0,v1:172.21.15.119:6789/0] conn(0x7f3904105b10 msgr2=0x7f3904105f20 secure :-1 s=STATE_CONNECTION_ESTABLISHED l=1).mark_down
2024-04-23T14:36:12.448 INFO:teuthology.orchestra.run.smithi119.stdout:/usr/bin/ceph: stderr
2024-04-23T14:36:11.507+0000 7f3909e00700 1 --2- 172.21.15.119:0/1634073220 >> [v2:172.21.15.119:3300/0,v1:172.21.15.119:6789/0] conn(0x7f3904105b10 0x7f3904105f20 secure :-1 s=READY pgs=65 cs=0 l=1 rev1=1 crypto rx=0x7f38f40098a0 tx=0x7f38f4009bb0 comp rx=0 tx=0).stop
2024-04-23T14:36:12.448 INFO:teuthology.orchestra.run.smithi119.stdout:/usr/bin/ceph: stderr
2024-04-23T14:36:11.507+0000 7f3909e00700 1 -- 172.21.15.119:0/1634073220 shutdown_connections
2024-04-23T14:36:12.448 INFO:teuthology.orchestra.run.smithi119.stdout:/usr/bin/ceph: stderr
2024-04-23T14:36:11.507+0000 7f3909e00700 1 --2- 172.21.15.119:0/1634073220 >> [v2:172.21.15.119:3300/0,v1:172.21.15.119:6789/0] conn(0x7f3904105b10 0x7f3904105f20 unknown :-1 s=CLOSED pgs=65 cs=0 l=1 rev1=1 crypto rx=0 tx=0 comp rx=0 tx=0).stop
2024-04-23T14:36:12.448 INFO:teuthology.orchestra.run.smithi119.stdout:/usr/bin/ceph: stderr
2024-04-23T14:36:11.507+0000 7f3909e00700 1 -- 172.21.15.119:0/1634073220 >> 172.21.15.119:0/1634073220 conn(0x7f3904101180 msgr2=0x7f3904103590 unknown :-1 s=STATE_NONE l=0).mark_down
2024-04-23T14:36:12.448 INFO:teuthology.orchestra.run.smithi119.stdout:/usr/bin/ceph: stderr
2024-04-23T14:36:11.508+0000 7f3909e00700 1 -- 172.21.15.119:0/1634073220 shutdown_connections
2024-04-23T14:36:12.448 INFO:teuthology.orchestra.run.smithi119.stdout:/usr/bin/ceph: stderr
2024-04-23T14:36:11.508+0000 7f3909e00700 1 -- 172.21.15.119:0/1634073220 wait complete.
2024-04-23T14:36:12.448 INFO:teuthology.orchestra.run.smithi119.stdout:/usr/bin/ceph: stderr
2024-04-23T14:36:11.509+0000 7f3909e00700 1 Processor -- start
2024-04-23T14:36:12.448 INFO:teuthology.orchestra.run.smithi119.stdout:/usr/bin/ceph: stderr
2024-04-23T14:36:11.509+0000 7f3909e00700 1 -- start start
2024-04-23T14:36:12.448 INFO:teuthology.orchestra.run.smithi119.stdout:/usr/bin/ceph: stderr
2024-04-23T14:36:11.510+0000 7f3909e00700 1 --2- >> [v2:172.21.15.119:3300/0,v1:172.21.15.119:6789/0] conn(0x7f3904105b10 0x7f3904199890 unknown :-1 s=NONE pgs=0 cs=0 l=1 rev1=0 crypto rx=0 tx=0 comp rx=0 tx=0).connect
2024-04-23T14:36:12.448 INFO:teuthology.orchestra.run.smithi119.stdout:/usr/bin/ceph: stderr
2024-04-23T14:36:11.510+0000 7f3909e00700 1 -- --> [v2:172.21.15.119:3300/0,v1:172.21.15.119:6789/0] -- mon_getmap magic: 0 v1 -- 0x7f3904199dd0 con 0x7f3904105b10
2024-04-23T14:36:12.448 INFO:teuthology.orchestra.run.smithi119.stdout:/usr/bin/ceph: stderr
2024-04-23T14:36:11.510+0000 7f3902a00700 1 --2- >> [v2:172.21.15.119:3300/0,v1:172.21.15.119:6789/0] conn(0x7f3904105b10 0x7f3904199890 unknown :-1 s=BANNER_CONNECTING pgs=0 cs=0 l=1 rev1=0 crypto rx=0 tx=0 comp rx=0 tx=0)._handle_peer_banner_payload supported=3 required=0
2024-04-23T14:36:12.448 INFO:teuthology.orchestra.run.smithi119.stdout:/usr/bin/ceph: stderr
2024-04-23T14:36:11.510+0000 7f3902a00700 1 --2- >> [v2:172.21.15.119:3300/0,v1:172.21.15.119:6789/0] conn(0x7f3904105b10 0x7f3904199890 unknown :-1 s=HELLO_CONNECTING pgs=0 cs=0 l=1 rev1=1 crypto rx=0 tx=0 comp rx=0 tx=0).handle_hello peer v2:172.21.15.119:3300/0 says I am v2:172.21.15.119:38614/0 (socket says 172.21.15.119:38614)
2024-04-23T14:36:12.449 INFO:teuthology.orchestra.run.smithi119.stdout:/usr/bin/ceph: stderr
2024-04-23T14:36:11.510+0000 7f3902a00700 1 -- 172.21.15.119:0/2861140125 learned_addr learned my addr 172.21.15.119:0/2861140125 (peer_addr_for_me v2:172.21.15.119:0/0)
2024-04-23T14:36:12.449 INFO:teuthology.orchestra.run.smithi119.stdout:/usr/bin/ceph: stderr
2024-04-23T14:36:11.510+0000 7f3902a00700 1 -- 172.21.15.119:0/2861140125 --> [v2:172.21.15.119:3300/0,v1:172.21.15.119:6789/0] -- mon_subscribe({config=0+,monmap=0+}) v3 -- 0x7f38f4009550 con 0x7f3904105b10
2024-04-23T14:36:12.449 INFO:teuthology.orchestra.run.smithi119.stdout:/usr/bin/ceph: stderr
2024-04-23T14:36:11.511+0000 7f3902a00700 1 --2- 172.21.15.119:0/2861140125 >> [v2:172.21.15.119:3300/0,v1:172.21.15.119:6789/0] conn(0x7f3904105b10 0x7f3904199890 secure :-1 s=READY pgs=66 cs=0 l=1 rev1=1 crypto rx=0x7f38f4011ad0 tx=0x7f38f4011bb0 comp rx=0 tx=0).ready entity=mon.0 client_cookie=0 server_cookie=0 in_seq=0 out_seq=0
2024-04-23T14:36:12.449 INFO:teuthology.orchestra.run.smithi119.stdout:/usr/bin/ceph: stderr
2024-04-23T14:36:11.511+0000 7f3908a00700 1 -- 172.21.15.119:0/2861140125 <== mon.0 v2:172.21.15.119:3300/0 1 ==== mon_map magic: 0 v1 ==== 229+0+0 (secure 0 0 0) 0x7f38f4003ab0 con 0x7f3904105b10
2024-04-23T14:36:12.449 INFO:teuthology.orchestra.run.smithi119.stdout:/usr/bin/ceph: stderr
2024-04-23T14:36:11.511+0000 7f3908a00700 1 -- 172.21.15.119:0/2861140125 <== mon.0 v2:172.21.15.119:3300/0 2 ==== config(27 keys) v1 ==== 1101+0+0 (secure 0 0 0) 0x7f38f4003c10 con 0x7f3904105b10
2024-04-23T14:36:12.449 INFO:teuthology.orchestra.run.smithi119.stdout:/usr/bin/ceph: stderr
2024-04-23T14:36:11.511+0000 7f3909e00700 1 -- 172.21.15.119:0/2861140125 --> [v2:172.21.15.119:3300/0,v1:172.21.15.119:6789/0] -- mon_subscribe({mgrmap=0+}) v3 -- 0x7f3904199fd0 con 0x7f3904105b10
2024-04-23T14:36:12.449 INFO:teuthology.orchestra.run.smithi119.stdout:/usr/bin/ceph: stderr
2024-04-23T14:36:11.511+0000 7f3908a00700 1 -- 172.21.15.119:0/2861140125 <== mon.0 v2:172.21.15.119:3300/0 3 ==== mon_map magic: 0 v1 ==== 229+0+0 (secure 0 0 0) 0x7f38f40198e0 con 0x7f3904105b10
2024-04-23T14:36:12.449 INFO:teuthology.orchestra.run.smithi119.stdout:/usr/bin/ceph: stderr
2024-04-23T14:36:11.511+0000 7f3909e00700 1 -- 172.21.15.119:0/2861140125 --> [v2:172.21.15.119:3300/0,v1:172.21.15.119:6789/0] -- mon_subscribe({osdmap=0}) v3 -- 0x7f390419a3f0 con 0x7f3904105b10
2024-04-23T14:36:12.449 INFO:teuthology.orchestra.run.smithi119.stdout:/usr/bin/ceph: stderr
2024-04-23T14:36:11.512+0000 7f3908a00700 1 -- 172.21.15.119:0/2861140125 <== mon.0 v2:172.21.15.119:3300/0 4 ==== mgrmap(e 8) v1 ==== 45084+0+0 (secure 0 0 0) 0x7f38f4019ba0 con 0x7f3904105b10
2024-04-23T14:36:12.449 INFO:teuthology.orchestra.run.smithi119.stdout:/usr/bin/ceph: stderr
2024-04-23T14:36:11.512+0000 7f3909e00700 1 -- 172.21.15.119:0/2861140125 --> [v2:172.21.15.119:3300/0,v1:172.21.15.119:6789/0] -- mon_command({"prefix": "get_command_descriptions"} v 0) v1 -- 0x7f3904062380 con 0x7f3904105b10
2024-04-23T14:36:12.449 INFO:teuthology.orchestra.run.smithi119.stdout:/usr/bin/ceph: stderr
2024-04-23T14:36:11.513+0000 7f3908a00700 1 --2- 172.21.15.119:0/2861140125 >> [v2:172.21.15.119:6800/2833174730,v1:172.21.15.119:6801/2833174730] conn(0x7f38e80383f0 0x7f38e803a8a0 unknown :-1 s=NONE pgs=0 cs=0 l=1 rev1=0 crypto rx=0 tx=0 comp rx=0 tx=0).connect
2024-04-23T14:36:12.449 INFO:teuthology.orchestra.run.smithi119.stdout:/usr/bin/ceph: stderr
2024-04-23T14:36:11.513+0000 7f3908a00700 1 -- 172.21.15.119:0/2861140125 <== mon.0 v2:172.21.15.119:3300/0 5 ==== osd_map(2..2 src has 1..2) v4 ==== 940+0+0 (secure 0 0 0) 0x7f38f404c250 con 0x7f3904105b10
2024-04-23T14:36:12.449 INFO:teuthology.orchestra.run.smithi119.stdout:/usr/bin/ceph: stderr
2024-04-23T14:36:11.513+0000 7f3902000700 1 --2- 172.21.15.119:0/2861140125 >> [v2:172.21.15.119:6800/2833174730,v1:172.21.15.119:6801/2833174730] conn(0x7f38e80383f0 0x7f38e803a8a0 unknown :-1 s=BANNER_CONNECTING pgs=0 cs=0 l=1 rev1=0 crypto rx=0 tx=0 comp rx=0 tx=0)._handle_peer_banner_payload supported=3 required=0
2024-04-23T14:36:12.450 INFO:teuthology.orchestra.run.smithi119.stdout:/usr/bin/ceph: stderr
2024-04-23T14:36:11.514+0000 7f3902000700 1 --2- 172.21.15.119:0/2861140125 >> [v2:172.21.15.119:6800/2833174730,v1:172.21.15.119:6801/2833174730] conn(0x7f38e80383f0 0x7f38e803a8a0 secure :-1 s=READY pgs=21 cs=0 l=1 rev1=1 crypto rx=0x7f38f0006fd0 tx=0x7f38f0006e40 comp rx=0 tx=0).ready entity=mgr.14120 client_cookie=0 server_cookie=0 in_seq=0 out_seq=0
2024-04-23T14:36:12.450 INFO:teuthology.orchestra.run.smithi119.stdout:/usr/bin/ceph: stderr
2024-04-23T14:36:11.518+0000 7f3908a00700 1 -- 172.21.15.119:0/2861140125 <== mon.0 v2:172.21.15.119:3300/0 6 ==== mon_command_ack([{"prefix": "get_command_descriptions"}]=0 v0) v1 ==== 72+0+177933 (secure 0 0 0) 0x7f38f401a430 con 0x7f3904105b10
2024-04-23T14:36:12.450 INFO:teuthology.orchestra.run.smithi119.stdout:/usr/bin/ceph: stderr
2024-04-23T14:36:11.729+0000 7f3909e00700 1 -- 172.21.15.119:0/2861140125 --> [v2:172.21.15.119:3300/0,v1:172.21.15.119:6789/0] -- mon_command([{prefix=config set, name=mgr/dashboard/ssl_server_port}] v 0) v1 -- 0x7f390419d2c0 con 0x7f3904105b10
2024-04-23T14:36:12.450 INFO:teuthology.orchestra.run.smithi119.stdout:/usr/bin/ceph: stderr
2024-04-23T14:36:11.734+0000 7f3908a00700 1 -- 172.21.15.119:0/2861140125 <== mon.0 v2:172.21.15.119:3300/0 7 ==== mon_command_ack([{prefix=config set, name=mgr/dashboard/ssl_server_port}]=0 v8)=0 v8) v1 ==== 130+0+0 (secure 0 0 0) 0x7f38f4018ab0 con 0x7f3904105b10
2024-04-23T14:36:12.450 INFO:teuthology.orchestra.run.smithi119.stdout:/usr/bin/ceph: stderr
2024-04-23T14:36:11.737+0000 7f3909e00700 1 -- 172.21.15.119:0/2861140125 >> [v2:172.21.15.119:6800/2833174730,v1:172.21.15.119:6801/2833174730] conn(0x7f38e80383f0 msgr2=0x7f38e803a8a0 secure :-1 s=STATE_CONNECTION_ESTABLISHED l=1).mark_down
2024-04-23T14:36:12.450 INFO:teuthology.orchestra.run.smithi119.stdout:/usr/bin/ceph: stderr
2024-04-23T14:36:11.737+0000 7f3909e00700 1 --2- 172.21.15.119:0/2861140125 >> [v2:172.21.15.119:6800/2833174730,v1:172.21.15.119:6801/2833174730] conn(0x7f38e80383f0 0x7f38e803a8a0 secure :-1 s=READY pgs=21 cs=0 l=1 rev1=1 crypto rx=0x7f38f0006fd0 tx=0x7f38f0006e40 comp rx=0 tx=0).stop
2024-04-23T14:36:12.450 INFO:teuthology.orchestra.run.smithi119.stdout:/usr/bin/ceph: stderr
2024-04-23T14:36:11.737+0000 7f3909e00700 1 -- 172.21.15.119:0/2861140125 >> [v2:172.21.15.119:3300/0,v1:172.21.15.119:6789/0] conn(0x7f3904105b10 msgr2=0x7f3904199890 secure :-1 s=STATE_CONNECTION_ESTABLISHED l=1).mark_down
2024-04-23T14:36:12.450 INFO:teuthology.orchestra.run.smithi119.stdout:/usr/bin/ceph: stderr
2024-04-23T14:36:11.737+0000 7f3909e00700 1 --2- 172.21.15.119:0/2861140125 >> [v2:172.21.15.119:3300/0,v1:172.21.15.119:6789/0] conn(0x7f3904105b10 0x7f3904199890 secure :-1 s=READY pgs=66 cs=0 l=1 rev1=1 crypto rx=0x7f38f4011ad0 tx=0x7f38f4011bb0 comp rx=0 tx=0).stop
2024-04-23T14:36:12.450 INFO:teuthology.orchestra.run.smithi119.stdout:/usr/bin/ceph: stderr
2024-04-23T14:36:11.737+0000 7f3909e00700 1 -- 172.21.15.119:0/2861140125 shutdown_connections
2024-04-23T14:36:12.450 INFO:teuthology.orchestra.run.smithi119.stdout:/usr/bin/ceph: stderr
2024-04-23T14:36:11.737+0000 7f3909e00700 1 --2- 172.21.15.119:0/2861140125 >> [v2:172.21.15.119:6800/2833174730,v1:172.21.15.119:6801/2833174730] conn(0x7f38e80383f0 0x7f38e803a8a0 unknown :-1 s=CLOSED pgs=21 cs=0 l=1 rev1=1 crypto rx=0 tx=0 comp rx=0 tx=0).stop
2024-04-23T14:36:12.450 INFO:teuthology.orchestra.run.smithi119.stdout:/usr/bin/ceph: stderr
2024-04-23T14:36:11.737+0000 7f3909e00700 1 --2- 172.21.15.119:0/2861140125 >> [v2:172.21.15.119:3300/0,v1:172.21.15.119:6789/0] conn(0x7f3904105b10 0x7f3904199890 unknown :-1 s=CLOSED pgs=66 cs=0 l=1 rev1=1 crypto rx=0 tx=0 comp rx=0 tx=0).stop
2024-04-23T14:36:12.450 INFO:teuthology.orchestra.run.smithi119.stdout:/usr/bin/ceph: stderr
2024-04-23T14:36:11.737+0000 7f3909e00700 1 -- 172.21.15.119:0/2861140125 >> 172.21.15.119:0/2861140125 conn(0x7f3904101180 msgr2=0x7f3904101f10 unknown :-1 s=STATE_NONE l=0).mark_down
2024-04-23T14:36:12.450 INFO:teuthology.orchestra.run.smithi119.stdout:/usr/bin/ceph: stderr
2024-04-23T14:36:11.737+0000 7f3909e00700 1 -- 172.21.15.119:0/2861140125 shutdown_connections
2024-04-23T14:36:12.450 INFO:teuthology.orchestra.run.smithi119.stdout:/usr/bin/ceph: stderr
2024-04-23T14:36:11.737+0000 7f3909e00700 1 -- 172.21.15.119:0/2861140125 wait complete.
2024-04-23T14:36:12.450 INFO:teuthology.orchestra.run.smithi119.stdout:Enabling the dashboard module...
2024-04-23T14:36:14.461 INFO:journalctl@ceph.mon.smithi119.smithi119.stdout:Apr 23 14:36:14 smithi119 ceph-mon[25623]: pgmap v9: 0 pgs: ; 0 B data, 0 B used, 0 B / 0 B avail
2024-04-23T14:36:14.461 INFO:journalctl@ceph.mon.smithi119.smithi119.stdout:Apr 23 14:36:14 smithi119 ceph-mon[25623]: from='client.? 172.21.15.119:0/1459397833' entity='client.admin' cmd=[{"prefix": "mgr module enable", "module": "dashboard"}]: dispatch
2024-04-23T14:36:14.925 INFO:teuthology.orchestra.run.smithi119.stdout:/usr/bin/ceph: stderr
2024-04-23T14:36:13.125+0000 7fd786000700 1 Processor -- start
2024-04-23T14:36:14.930 INFO:teuthology.orchestra.run.smithi119.stdout:/usr/bin/ceph: stderr
2024-04-23T14:36:13.125+0000 7fd786000700 1 -- start start
2024-04-23T14:36:14.930 INFO:teuthology.orchestra.run.smithi119.stdout:/usr/bin/ceph: stderr
2024-04-23T14:36:13.126+0000 7fd786000700 1 --2- >> [v2:172.21.15.119:3300/0,v1:172.21.15.119:6789/0] conn(0x7fd780105b10 0x7fd780105f20 unknown :-1 s=NONE pgs=0 cs=0 l=0 rev1=0 crypto rx=0 tx=0 comp rx=0 tx=0).connect
2024-04-23T14:36:14.930 INFO:teuthology.orchestra.run.smithi119.stdout:/usr/bin/ceph: stderr
2024-04-23T14:36:13.126+0000 7fd786000700 1 -- --> [v2:172.21.15.119:3300/0,v1:172.21.15.119:6789/0] -- mon_getmap magic: 0 v1 -- 0x7fd780106460 con 0x7fd780105b10
2024-04-23T14:36:14.930 INFO:teuthology.orchestra.run.smithi119.stdout:/usr/bin/ceph: stderr
2024-04-23T14:36:13.126+0000 7fd77f400700 1 --2- >> [v2:172.21.15.119:3300/0,v1:172.21.15.119:6789/0] conn(0x7fd780105b10 0x7fd780105f20 unknown :-1 s=BANNER_CONNECTING pgs=0 cs=0 l=0 rev1=0 crypto rx=0 tx=0 comp rx=0 tx=0)._handle_peer_banner_payload supported=3 required=0
2024-04-23T14:36:14.931 INFO:teuthology.orchestra.run.smithi119.stdout:/usr/bin/ceph: stderr
2024-04-23T14:36:13.126+0000 7fd77f400700 1 --2- >> [v2:172.21.15.119:3300/0,v1:172.21.15.119:6789/0] conn(0x7fd780105b10 0x7fd780105f20 unknown :-1 s=HELLO_CONNECTING pgs=0 cs=0 l=0 rev1=1 crypto rx=0 tx=0 comp rx=0 tx=0).handle_hello peer v2:172.21.15.119:3300/0 says I am v2:172.21.15.119:49198/0 (socket says 172.21.15.119:49198)
2024-04-23T14:36:14.931 INFO:teuthology.orchestra.run.smithi119.stdout:/usr/bin/ceph: stderr
2024-04-23T14:36:13.126+0000 7fd77f400700 1 -- 172.21.15.119:0/2582375415 learned_addr learned my addr 172.21.15.119:0/2582375415 (peer_addr_for_me v2:172.21.15.119:0/0)
2024-04-23T14:36:14.931 INFO:teuthology.orchestra.run.smithi119.stdout:/usr/bin/ceph: stderr
2024-04-23T14:36:13.127+0000 7fd77f400700 1 -- 172.21.15.119:0/2582375415 --> [v2:172.21.15.119:3300/0,v1:172.21.15.119:6789/0] -- mon_subscribe({config=0+,monmap=0+}) v3 -- 0x7fd7801065a0 con 0x7fd780105b10
2024-04-23T14:36:14.931 INFO:teuthology.orchestra.run.smithi119.stdout:/usr/bin/ceph: stderr
2024-04-23T14:36:13.127+0000 7fd77f400700 1 --2- 172.21.15.119:0/2582375415 >> [v2:172.21.15.119:3300/0,v1:172.21.15.119:6789/0] conn(0x7fd780105b10 0x7fd780105f20 secure :-1 s=READY pgs=67 cs=0 l=1 rev1=1 crypto rx=0x7fd7700098a0 tx=0x7fd770009bb0 comp rx=0 tx=0).ready entity=mon.0 client_cookie=468f392dafaa1ea0 server_cookie=0 in_seq=0 out_seq=0
2024-04-23T14:36:14.931 INFO:teuthology.orchestra.run.smithi119.stdout:/usr/bin/ceph: stderr
2024-04-23T14:36:13.127+0000 7fd77e000700 1 -- 172.21.15.119:0/2582375415 <== mon.0 v2:172.21.15.119:3300/0 1 ==== mon_map magic: 0 v1 ==== 229+0+0 (secure 0 0 0) 0x7fd770004180 con 0x7fd780105b10
2024-04-23T14:36:14.931 INFO:teuthology.orchestra.run.smithi119.stdout:/usr/bin/ceph: stderr
2024-04-23T14:36:13.127+0000 7fd77e000700 1 -- 172.21.15.119:0/2582375415 <== mon.0 v2:172.21.15.119:3300/0 2 ==== config(27 keys) v1 ==== 1101+0+0 (secure 0 0 0) 0x7fd7700042e0 con 0x7fd780105b10
2024-04-23T14:36:14.931 INFO:teuthology.orchestra.run.smithi119.stdout:/usr/bin/ceph: stderr
2024-04-23T14:36:13.127+0000 7fd77e000700 1 -- 172.21.15.119:0/2582375415 <== mon.0 v2:172.21.15.119:3300/0 3 ==== mon_map magic: 0 v1 ==== 229+0+0 (secure 0 0 0) 0x7fd770011af0 con 0x7fd780105b10
2024-04-23T14:36:14.931 INFO:teuthology.orchestra.run.smithi119.stdout:/usr/bin/ceph: stderr
2024-04-23T14:36:13.128+0000 7fd786000700 1 -- 172.21.15.119:0/2582375415 >> [v2:172.21.15.119:3300/0,v1:172.21.15.119:6789/0] conn(0x7fd780105b10 msgr2=0x7fd780105f20 secure :-1 s=STATE_CONNECTION_ESTABLISHED l=1).mark_down
2024-04-23T14:36:14.931 INFO:teuthology.orchestra.run.smithi119.stdout:/usr/bin/ceph: stderr
2024-04-23T14:36:13.128+0000 7fd786000700 1 --2- 172.21.15.119:0/2582375415 >> [v2:172.21.15.119:3300/0,v1:172.21.15.119:6789/0] conn(0x7fd780105b10 0x7fd780105f20 secure :-1 s=READY pgs=67 cs=0 l=1 rev1=1 crypto rx=0x7fd7700098a0 tx=0x7fd770009bb0 comp rx=0 tx=0).stop
2024-04-23T14:36:14.931 INFO:teuthology.orchestra.run.smithi119.stdout:/usr/bin/ceph: stderr
2024-04-23T14:36:13.128+0000 7fd786000700 1 -- 172.21.15.119:0/2582375415 shutdown_connections
2024-04-23T14:36:14.931 INFO:teuthology.orchestra.run.smithi119.stdout:/usr/bin/ceph: stderr
2024-04-23T14:36:13.128+0000 7fd786000700 1 --2- 172.21.15.119:0/2582375415 >> [v2:172.21.15.119:3300/0,v1:172.21.15.119:6789/0] conn(0x7fd780105b10 0x7fd780105f20 unknown :-1 s=CLOSED pgs=67 cs=0 l=1 rev1=1 crypto rx=0 tx=0 comp rx=0 tx=0).stop
2024-04-23T14:36:14.931 INFO:teuthology.orchestra.run.smithi119.stdout:/usr/bin/ceph: stderr
2024-04-23T14:36:13.128+0000 7fd786000700 1 -- 172.21.15.119:0/2582375415 >> 172.21.15.119:0/2582375415 conn(0x7fd780101180 msgr2=0x7fd780103590 unknown :-1 s=STATE_NONE l=0).mark_down
2024-04-23T14:36:14.931 INFO:teuthology.orchestra.run.smithi119.stdout:/usr/bin/ceph: stderr
2024-04-23T14:36:13.128+0000 7fd786000700 1 -- 172.21.15.119:0/2582375415 shutdown_connections
2024-04-23T14:36:14.931 INFO:teuthology.orchestra.run.smithi119.stdout:/usr/bin/ceph: stderr
2024-04-23T14:36:13.128+0000 7fd786000700 1 -- 172.21.15.119:0/2582375415 wait complete.
2024-04-23T14:36:14.932 INFO:teuthology.orchestra.run.smithi119.stdout:/usr/bin/ceph: stderr
2024-04-23T14:36:13.130+0000 7fd786000700 1 Processor -- start
2024-04-23T14:36:14.932 INFO:teuthology.orchestra.run.smithi119.stdout:/usr/bin/ceph: stderr
2024-04-23T14:36:13.130+0000 7fd786000700 1 -- start start
2024-04-23T14:36:14.932 INFO:teuthology.orchestra.run.smithi119.stdout:/usr/bin/ceph: stderr
2024-04-23T14:36:13.130+0000 7fd786000700 1 --2- >> [v2:172.21.15.119:3300/0,v1:172.21.15.119:6789/0] conn(0x7fd780105b10 0x7fd78019ba80 unknown :-1 s=NONE pgs=0 cs=0 l=1 rev1=0 crypto rx=0 tx=0 comp rx=0 tx=0).connect
2024-04-23T14:36:14.932 INFO:teuthology.orchestra.run.smithi119.stdout:/usr/bin/ceph: stderr
2024-04-23T14:36:13.130+0000 7fd786000700 1 -- --> [v2:172.21.15.119:3300/0,v1:172.21.15.119:6789/0] -- mon_getmap magic: 0 v1 -- 0x7fd78019bfc0 con 0x7fd780105b10
2024-04-23T14:36:14.932 INFO:teuthology.orchestra.run.smithi119.stdout:/usr/bin/ceph: stderr
2024-04-23T14:36:13.131+0000 7fd77f400700 1 --2- >> [v2:172.21.15.119:3300/0,v1:172.21.15.119:6789/0] conn(0x7fd780105b10 0x7fd78019ba80 unknown :-1 s=BANNER_CONNECTING pgs=0 cs=0 l=1 rev1=0 crypto rx=0 tx=0 comp rx=0 tx=0)._handle_peer_banner_payload supported=3 required=0
2024-04-23T14:36:14.932 INFO:teuthology.orchestra.run.smithi119.stdout:/usr/bin/ceph: stderr
2024-04-23T14:36:13.131+0000 7fd77f400700 1 --2- >> [v2:172.21.15.119:3300/0,v1:172.21.15.119:6789/0] conn(0x7fd780105b10 0x7fd78019ba80 unknown :-1 s=HELLO_CONNECTING pgs=0 cs=0 l=1 rev1=1 crypto rx=0 tx=0 comp rx=0 tx=0).handle_hello peer v2:172.21.15.119:3300/0 says I am v2:172.21.15.119:49214/0 (socket says 172.21.15.119:49214)
2024-04-23T14:36:14.932 INFO:teuthology.orchestra.run.smithi119.stdout:/usr/bin/ceph: stderr
2024-04-23T14:36:13.131+0000 7fd77f400700 1 -- 172.21.15.119:0/1459397833 learned_addr learned my addr 172.21.15.119:0/1459397833 (peer_addr_for_me v2:172.21.15.119:0/0)
2024-04-23T14:36:14.932 INFO:teuthology.orchestra.run.smithi119.stdout:/usr/bin/ceph: stderr
2024-04-23T14:36:13.131+0000 7fd77f400700 1 -- 172.21.15.119:0/1459397833 --> [v2:172.21.15.119:3300/0,v1:172.21.15.119:6789/0] -- mon_subscribe({config=0+,monmap=0+}) v3 -- 0x7fd770009550 con 0x7fd780105b10
2024-04-23T14:36:14.932 INFO:teuthology.orchestra.run.smithi119.stdout:/usr/bin/ceph: stderr
2024-04-23T14:36:13.131+0000 7fd77f400700 1 --2- 172.21.15.119:0/1459397833 >> [v2:172.21.15.119:3300/0,v1:172.21.15.119:6789/0] conn(0x7fd780105b10 0x7fd78019ba80 secure :-1 s=READY pgs=68 cs=0 l=1 rev1=1 crypto rx=0x7fd770011ad0 tx=0x7fd770011bb0 comp rx=0 tx=0).ready entity=mon.0 client_cookie=0 server_cookie=0 in_seq=0 out_seq=0
2024-04-23T14:36:14.932 INFO:teuthology.orchestra.run.smithi119.stdout:/usr/bin/ceph: stderr
2024-04-23T14:36:13.132+0000 7fd777e00700 1 -- 172.21.15.119:0/1459397833 <== mon.0 v2:172.21.15.119:3300/0 1 ==== mon_map magic: 0 v1 ==== 229+0+0 (secure 0 0 0) 0x7fd770003ab0 con 0x7fd780105b10
2024-04-23T14:36:14.932 INFO:teuthology.orchestra.run.smithi119.stdout:/usr/bin/ceph: stderr
2024-04-23T14:36:13.132+0000 7fd777e00700 1 -- 172.21.15.119:0/1459397833 <== mon.0 v2:172.21.15.119:3300/0 2 ==== config(27 keys) v1 ==== 1101+0+0 (secure 0 0 0) 0x7fd770003c10 con 0x7fd780105b10
2024-04-23T14:36:14.932 INFO:teuthology.orchestra.run.smithi119.stdout:/usr/bin/ceph: stderr
2024-04-23T14:36:13.132+0000 7fd777e00700 1 -- 172.21.15.119:0/1459397833 <== mon.0 v2:172.21.15.119:3300/0 3 ==== mon_map magic: 0 v1 ==== 229+0+0 (secure 0 0 0) 0x7fd7700198e0 con 0x7fd780105b10
2024-04-23T14:36:14.932 INFO:teuthology.orchestra.run.smithi119.stdout:/usr/bin/ceph: stderr
2024-04-23T14:36:13.132+0000 7fd786000700 1 -- 172.21.15.119:0/1459397833 --> [v2:172.21.15.119:3300/0,v1:172.21.15.119:6789/0] -- mon_subscribe({mgrmap=0+}) v3 -- 0x7fd78019c1c0 con 0x7fd780105b10
2024-04-23T14:36:14.932 INFO:teuthology.orchestra.run.smithi119.stdout:/usr/bin/ceph: stderr
2024-04-23T14:36:13.132+0000 7fd786000700 1 -- 172.21.15.119:0/1459397833 --> [v2:172.21.15.119:3300/0,v1:172.21.15.119:6789/0] -- mon_subscribe({osdmap=0}) v3 -- 0x7fd78019c5e0 con 0x7fd780105b10
2024-04-23T14:36:14.932 INFO:teuthology.orchestra.run.smithi119.stdout:/usr/bin/ceph: stderr
2024-04-23T14:36:13.133+0000 7fd777e00700 1 -- 172.21.15.119:0/1459397833 <== mon.0 v2:172.21.15.119:3300/0 4 ==== mgrmap(e 8) v1 ==== 45084+0+0 (secure 0 0 0) 0x7fd770019ba0 con 0x7fd780105b10
2024-04-23T14:36:14.933 INFO:teuthology.orchestra.run.smithi119.stdout:/usr/bin/ceph: stderr
2024-04-23T14:36:13.133+0000 7fd786000700 1 -- 172.21.15.119:0/1459397833 --> [v2:172.21.15.119:3300/0,v1:172.21.15.119:6789/0] -- mon_command({"prefix": "get_command_descriptions"} v 0) v1 -- 0x7fd780062380 con 0x7fd780105b10
2024-04-23T14:36:14.933 INFO:teuthology.orchestra.run.smithi119.stdout:/usr/bin/ceph: stderr
2024-04-23T14:36:13.133+0000 7fd777e00700 1 --2- 172.21.15.119:0/1459397833 >> [v2:172.21.15.119:6800/2833174730,v1:172.21.15.119:6801/2833174730] conn(0x7fd7640383f0 0x7fd76403a8a0 unknown :-1 s=NONE pgs=0 cs=0 l=1 rev1=0 crypto rx=0 tx=0 comp rx=0 tx=0).connect
2024-04-23T14:36:14.933 INFO:teuthology.orchestra.run.smithi119.stdout:/usr/bin/ceph: stderr
2024-04-23T14:36:13.133+0000 7fd777e00700 1 -- 172.21.15.119:0/1459397833 <== mon.0 v2:172.21.15.119:3300/0 5 ==== osd_map(2..2 src has 1..2) v4 ==== 940+0+0 (secure 0 0 0) 0x7fd77004c260 con 0x7fd780105b10
2024-04-23T14:36:14.933 INFO:teuthology.orchestra.run.smithi119.stdout:/usr/bin/ceph: stderr
2024-04-23T14:36:13.134+0000 7fd77ea00700 1 --2- 172.21.15.119:0/1459397833 >> [v2:172.21.15.119:6800/2833174730,v1:172.21.15.119:6801/2833174730] conn(0x7fd7640383f0 0x7fd76403a8a0 unknown :-1 s=BANNER_CONNECTING pgs=0 cs=0 l=1 rev1=0 crypto rx=0 tx=0 comp rx=0 tx=0)._handle_peer_banner_payload supported=3 required=0
2024-04-23T14:36:14.933 INFO:teuthology.orchestra.run.smithi119.stdout:/usr/bin/ceph: stderr
2024-04-23T14:36:13.135+0000 7fd77ea00700 1 --2- 172.21.15.119:0/1459397833 >> [v2:172.21.15.119:6800/2833174730,v1:172.21.15.119:6801/2833174730] conn(0x7fd7640383f0 0x7fd76403a8a0 secure :-1 s=READY pgs=22 cs=0 l=1 rev1=1 crypto rx=0x7fd76c006fd0 tx=0x7fd76c006e40 comp rx=0 tx=0).ready entity=mgr.14120 client_cookie=0 server_cookie=0 in_seq=0 out_seq=0
2024-04-23T14:36:14.933 INFO:teuthology.orchestra.run.smithi119.stdout:/usr/bin/ceph: stderr
2024-04-23T14:36:13.139+0000 7fd777e00700 1 -- 172.21.15.119:0/1459397833 <== mon.0 v2:172.21.15.119:3300/0 6 ==== mon_command_ack([{"prefix": "get_command_descriptions"}]=0 v0) v1 ==== 72+0+177933 (secure 0 0 0) 0x7fd77000b3e0 con 0x7fd780105b10
2024-04-23T14:36:14.933 INFO:teuthology.orchestra.run.smithi119.stdout:/usr/bin/ceph: stderr
2024-04-23T14:36:13.415+0000 7fd786000700 1 -- 172.21.15.119:0/1459397833 --> [v2:172.21.15.119:3300/0,v1:172.21.15.119:6789/0] -- mon_command({"prefix": "mgr module enable", "module": "dashboard"} v 0) v1 -- 0x7fd78019f780 con 0x7fd780105b10
2024-04-23T14:36:14.933 INFO:teuthology.orchestra.run.smithi119.stdout:/usr/bin/ceph: stderr
2024-04-23T14:36:14.163+0000 7fd777e00700 1 -- 172.21.15.119:0/1459397833 <== mon.0 v2:172.21.15.119:3300/0 7 ==== mgrmap(e 9) v1 ==== 45097+0+0 (secure 0 0 0) 0x7fd77001a430 con 0x7fd780105b10
2024-04-23T14:36:14.933 INFO:teuthology.orchestra.run.smithi119.stdout:/usr/bin/ceph: stderr
2024-04-23T14:36:14.166+0000 7fd777e00700 1 -- 172.21.15.119:0/1459397833 <== mon.0 v2:172.21.15.119:3300/0 8 ==== mon_command_ack([{"prefix": "mgr module enable", "module": "dashboard"}]=0 v9) v1 ==== 88+0+0 (secure 0 0 0) 0x7fd77004bbb0 con 0x7fd780105b10
2024-04-23T14:36:14.933 INFO:teuthology.orchestra.run.smithi119.stdout:/usr/bin/ceph: stderr
2024-04-23T14:36:14.169+0000 7fd786000700 1 -- 172.21.15.119:0/1459397833 >> [v2:172.21.15.119:6800/2833174730,v1:172.21.15.119:6801/2833174730] conn(0x7fd7640383f0 msgr2=0x7fd76403a8a0 secure :-1 s=STATE_CONNECTION_ESTABLISHED l=1).mark_down
2024-04-23T14:36:14.933 INFO:teuthology.orchestra.run.smithi119.stdout:/usr/bin/ceph: stderr
2024-04-23T14:36:14.169+0000 7fd786000700 1 --2- 172.21.15.119:0/1459397833 >> [v2:172.21.15.119:6800/2833174730,v1:172.21.15.119:6801/2833174730] conn(0x7fd7640383f0 0x7fd76403a8a0 secure :-1 s=READY pgs=22 cs=0 l=1 rev1=1 crypto rx=0x7fd76c006fd0 tx=0x7fd76c006e40 comp rx=0 tx=0).stop
2024-04-23T14:36:14.933 INFO:teuthology.orchestra.run.smithi119.stdout:/usr/bin/ceph: stderr
2024-04-23T14:36:14.169+0000 7fd786000700 1 -- 172.21.15.119:0/1459397833 >> [v2:172.21.15.119:3300/0,v1:172.21.15.119:6789/0] conn(0x7fd780105b10 msgr2=0x7fd78019ba80 secure :-1 s=STATE_CONNECTION_ESTABLISHED l=1).mark_down
2024-04-23T14:36:14.933 INFO:teuthology.orchestra.run.smithi119.stdout:/usr/bin/ceph: stderr
2024-04-23T14:36:14.169+0000 7fd786000700 1 --2- 172.21.15.119:0/1459397833 >> [v2:172.21.15.119:3300/0,v1:172.21.15.119:6789/0] conn(0x7fd780105b10 0x7fd78019ba80 secure :-1 s=READY pgs=68 cs=0 l=1 rev1=1 crypto rx=0x7fd770011ad0 tx=0x7fd770011bb0 comp rx=0 tx=0).stop
2024-04-23T14:36:14.934 INFO:teuthology.orchestra.run.smithi119.stdout:/usr/bin/ceph: stderr
2024-04-23T14:36:14.170+0000 7fd786000700 1 -- 172.21.15.119:0/1459397833 shutdown_connections
2024-04-23T14:36:14.934 INFO:teuthology.orchestra.run.smithi119.stdout:/usr/bin/ceph: stderr
2024-04-23T14:36:14.170+0000 7fd786000700 1 --2- 172.21.15.119:0/1459397833 >> [v2:172.21.15.119:6800/2833174730,v1:172.21.15.119:6801/2833174730] conn(0x7fd7640383f0 0x7fd76403a8a0 unknown :-1 s=CLOSED pgs=22 cs=0 l=1 rev1=1 crypto rx=0 tx=0 comp rx=0 tx=0).stop
2024-04-23T14:36:14.934 INFO:teuthology.orchestra.run.smithi119.stdout:/usr/bin/ceph: stderr
2024-04-23T14:36:14.170+0000 7fd786000700 1 --2- 172.21.15.119:0/1459397833 >> [v2:172.21.15.119:3300/0,v1:172.21.15.119:6789/0] conn(0x7fd780105b10 0x7fd78019ba80 unknown :-1 s=CLOSED pgs=68 cs=0 l=1 rev1=1 crypto rx=0 tx=0 comp rx=0 tx=0).stop
2024-04-23T14:36:14.934 INFO:teuthology.orchestra.run.smithi119.stdout:/usr/bin/ceph: stderr
2024-04-23T14:36:14.170+0000 7fd786000700 1 -- 172.21.15.119:0/1459397833 >> 172.21.15.119:0/1459397833 conn(0x7fd780101180 msgr2=0x7fd780101f10 unknown :-1 s=STATE_NONE l=0).mark_down
2024-04-23T14:36:14.934 INFO:teuthology.orchestra.run.smithi119.stdout:/usr/bin/ceph: stderr
2024-04-23T14:36:14.170+0000 7fd786000700 1 -- 172.21.15.119:0/1459397833 shutdown_connections
2024-04-23T14:36:14.934 INFO:teuthology.orchestra.run.smithi119.stdout:/usr/bin/ceph: stderr
2024-04-23T14:36:14.170+0000 7fd786000700 1 -- 172.21.15.119:0/1459397833 wait complete.
2024-04-23T14:36:15.336 INFO:journalctl@ceph.mon.smithi119.smithi119.stdout:Apr 23 14:36:15 smithi119 ceph-mon[25623]: from='client.? 172.21.15.119:0/1459397833' entity='client.admin' cmd='[{"prefix": "mgr module enable", "module": "dashboard"}]': finished
2024-04-23T14:36:15.336 INFO:journalctl@ceph.mon.smithi119.smithi119.stdout:Apr 23 14:36:15 smithi119 ceph-mon[25623]: mgrmap e9: smithi119.ktehza(active, since 33s)
2024-04-23T14:36:16.442 INFO:journalctl@ceph.mon.smithi119.smithi119.stdout:Apr 23 14:36:16 smithi119 ceph-mon[25623]: from='client.? 172.21.15.119:0/1385639673' entity='client.admin' cmd=[{"prefix": "mgr stat"}]: dispatch
2024-04-23T14:36:16.611 INFO:teuthology.orchestra.run.smithi119.stdout:/usr/bin/ceph: stdout {
2024-04-23T14:36:16.612 INFO:teuthology.orchestra.run.smithi119.stdout:/usr/bin/ceph: stdout "epoch": 9,
2024-04-23T14:36:16.612 INFO:teuthology.orchestra.run.smithi119.stdout:/usr/bin/ceph: stdout "available": true,
2024-04-23T14:36:16.612 INFO:teuthology.orchestra.run.smithi119.stdout:/usr/bin/ceph: stdout "active_name": "smithi119.ktehza",
2024-04-23T14:36:16.612 INFO:teuthology.orchestra.run.smithi119.stdout:/usr/bin/ceph: stdout "num_standby": 0
2024-04-23T14:36:16.613 INFO:teuthology.orchestra.run.smithi119.stdout:/usr/bin/ceph: stdout }
2024-04-23T14:36:16.613 INFO:teuthology.orchestra.run.smithi119.stdout:/usr/bin/ceph: stderr
2024-04-23T14:36:15.594+0000 7fd4db400700 1 Processor -- start
2024-04-23T14:36:16.613 INFO:teuthology.orchestra.run.smithi119.stdout:/usr/bin/ceph: stderr
2024-04-23T14:36:15.595+0000 7fd4db400700 1 -- start start
2024-04-23T14:36:16.614 INFO:teuthology.orchestra.run.smithi119.stdout:/usr/bin/ceph: stderr
2024-04-23T14:36:15.595+0000 7fd4db400700 1 --2- >> [v2:172.21.15.119:3300/0,v1:172.21.15.119:6789/0] conn(0x7fd4d4104a00 0x7fd4d4104e10 unknown :-1 s=NONE pgs=0 cs=0 l=0 rev1=0 crypto rx=0 tx=0 comp rx=0 tx=0).connect
2024-04-23T14:36:16.614 INFO:teuthology.orchestra.run.smithi119.stdout:/usr/bin/ceph: stderr
2024-04-23T14:36:15.595+0000 7fd4db400700 1 -- --> [v2:172.21.15.119:3300/0,v1:172.21.15.119:6789/0] -- mon_getmap magic: 0 v1 -- 0x7fd4d4105350 con 0x7fd4d4104a00
2024-04-23T14:36:16.614 INFO:teuthology.orchestra.run.smithi119.stdout:/usr/bin/ceph: stderr
2024-04-23T14:36:15.596+0000 7fd4d8a00700 1 --2- >> [v2:172.21.15.119:3300/0,v1:172.21.15.119:6789/0] conn(0x7fd4d4104a00 0x7fd4d4104e10 unknown :-1 s=BANNER_CONNECTING pgs=0 cs=0 l=0 rev1=0 crypto rx=0 tx=0 comp rx=0 tx=0)._handle_peer_banner_payload supported=3 required=0
2024-04-23T14:36:16.614 INFO:teuthology.orchestra.run.smithi119.stdout:/usr/bin/ceph: stderr
2024-04-23T14:36:15.596+0000 7fd4d8a00700 1 --2- >> [v2:172.21.15.119:3300/0,v1:172.21.15.119:6789/0] conn(0x7fd4d4104a00 0x7fd4d4104e10 unknown :-1 s=HELLO_CONNECTING pgs=0 cs=0 l=0 rev1=1 crypto rx=0 tx=0 comp rx=0 tx=0).handle_hello peer v2:172.21.15.119:3300/0 says I am v2:172.21.15.119:49242/0 (socket says 172.21.15.119:49242)
2024-04-23T14:36:16.614 INFO:teuthology.orchestra.run.smithi119.stdout:/usr/bin/ceph: stderr
2024-04-23T14:36:15.596+0000 7fd4d8a00700 1 -- 172.21.15.119:0/2155889569 learned_addr learned my addr 172.21.15.119:0/2155889569 (peer_addr_for_me v2:172.21.15.119:0/0)
2024-04-23T14:36:16.614 INFO:teuthology.orchestra.run.smithi119.stdout:/usr/bin/ceph: stderr
2024-04-23T14:36:15.596+0000 7fd4d8a00700 1 -- 172.21.15.119:0/2155889569 --> [v2:172.21.15.119:3300/0,v1:172.21.15.119:6789/0] -- mon_subscribe({config=0+,monmap=0+}) v3 -- 0x7fd4d4105490 con 0x7fd4d4104a00
2024-04-23T14:36:16.614 INFO:teuthology.orchestra.run.smithi119.stdout:/usr/bin/ceph: stderr
2024-04-23T14:36:15.596+0000 7fd4d8a00700 1 --2- 172.21.15.119:0/2155889569 >> [v2:172.21.15.119:3300/0,v1:172.21.15.119:6789/0] conn(0x7fd4d4104a00 0x7fd4d4104e10 secure :-1 s=READY pgs=71 cs=0 l=1 rev1=1 crypto rx=0x7fd4c800bb40 tx=0x7fd4c800be50 comp rx=0 tx=0).ready entity=mon.0 client_cookie=b2ba9c11a7d0d614 server_cookie=0 in_seq=0 out_seq=0
2024-04-23T14:36:16.616 INFO:teuthology.orchestra.run.smithi119.stdout:/usr/bin/ceph: stderr
2024-04-23T14:36:15.597+0000 7fd4d3400700 1 -- 172.21.15.119:0/2155889569 <== mon.0 v2:172.21.15.119:3300/0 1 ==== mon_map magic: 0 v1 ==== 229+0+0 (secure 0 0 0) 0x7fd4c800dc00 con 0x7fd4d4104a00
2024-04-23T14:36:16.616 INFO:teuthology.orchestra.run.smithi119.stdout:/usr/bin/ceph: stderr
2024-04-23T14:36:15.597+0000 7fd4d3400700 1 -- 172.21.15.119:0/2155889569 <== mon.0 v2:172.21.15.119:3300/0 2 ==== config(27 keys) v1 ==== 1101+0+0 (secure 0 0 0) 0x7fd4c80044e0 con 0x7fd4d4104a00
2024-04-23T14:36:16.616 INFO:teuthology.orchestra.run.smithi119.stdout:/usr/bin/ceph: stderr
2024-04-23T14:36:15.597+0000 7fd4d3400700 1 -- 172.21.15.119:0/2155889569 <== mon.0 v2:172.21.15.119:3300/0 3 ==== mon_map magic: 0 v1 ==== 229+0+0 (secure 0 0 0) 0x7fd4c8010470 con 0x7fd4d4104a00
2024-04-23T14:36:16.616 INFO:teuthology.orchestra.run.smithi119.stdout:/usr/bin/ceph: stderr
2024-04-23T14:36:15.597+0000 7fd4db400700 1 -- 172.21.15.119:0/2155889569 >> [v2:172.21.15.119:3300/0,v1:172.21.15.119:6789/0] conn(0x7fd4d4104a00 msgr2=0x7fd4d4104e10 secure :-1 s=STATE_CONNECTION_ESTABLISHED l=1).mark_down
2024-04-23T14:36:16.616 INFO:teuthology.orchestra.run.smithi119.stdout:/usr/bin/ceph: stderr
2024-04-23T14:36:15.597+0000 7fd4db400700 1 --2- 172.21.15.119:0/2155889569 >> [v2:172.21.15.119:3300/0,v1:172.21.15.119:6789/0] conn(0x7fd4d4104a00 0x7fd4d4104e10 secure :-1 s=READY pgs=71 cs=0 l=1 rev1=1 crypto rx=0x7fd4c800bb40 tx=0x7fd4c800be50 comp rx=0 tx=0).stop
2024-04-23T14:36:16.616 INFO:teuthology.orchestra.run.smithi119.stdout:/usr/bin/ceph: stderr
2024-04-23T14:36:15.598+0000 7fd4db400700 1 -- 172.21.15.119:0/2155889569 shutdown_connections
2024-04-23T14:36:16.616 INFO:teuthology.orchestra.run.smithi119.stdout:/usr/bin/ceph: stderr
2024-04-23T14:36:15.598+0000 7fd4db400700 1 --2- 172.21.15.119:0/2155889569 >> [v2:172.21.15.119:3300/0,v1:172.21.15.119:6789/0] conn(0x7fd4d4104a00 0x7fd4d4104e10 unknown :-1 s=CLOSED pgs=71 cs=0 l=1 rev1=1 crypto rx=0 tx=0 comp rx=0 tx=0).stop
2024-04-23T14:36:16.616 INFO:teuthology.orchestra.run.smithi119.stdout:/usr/bin/ceph: stderr
2024-04-23T14:36:15.598+0000 7fd4db400700 1 -- 172.21.15.119:0/2155889569 >> 172.21.15.119:0/2155889569 conn(0x7fd4d4100070 msgr2=0x7fd4d4102480 unknown :-1 s=STATE_NONE l=0).mark_down
2024-04-23T14:36:16.616 INFO:teuthology.orchestra.run.smithi119.stdout:/usr/bin/ceph: stderr
2024-04-23T14:36:15.598+0000 7fd4db400700 1 -- 172.21.15.119:0/2155889569 shutdown_connections
2024-04-23T14:36:16.616 INFO:teuthology.orchestra.run.smithi119.stdout:/usr/bin/ceph: stderr
2024-04-23T14:36:15.598+0000 7fd4db400700 1 -- 172.21.15.119:0/2155889569 wait complete.
2024-04-23T14:36:16.616 INFO:teuthology.orchestra.run.smithi119.stdout:/usr/bin/ceph: stderr
2024-04-23T14:36:15.599+0000 7fd4db400700 1 Processor -- start
2024-04-23T14:36:16.616 INFO:teuthology.orchestra.run.smithi119.stdout:/usr/bin/ceph: stderr
2024-04-23T14:36:15.599+0000 7fd4db400700 1 -- start start
2024-04-23T14:36:16.616 INFO:teuthology.orchestra.run.smithi119.stdout:/usr/bin/ceph: stderr
2024-04-23T14:36:15.599+0000 7fd4db400700 1 --2- >> [v2:172.21.15.119:3300/0,v1:172.21.15.119:6789/0] conn(0x7fd4d4104a00 0x7fd4d419ba20 unknown :-1 s=NONE pgs=0 cs=0 l=1 rev1=0 crypto rx=0 tx=0 comp rx=0 tx=0).connect
2024-04-23T14:36:16.617 INFO:teuthology.orchestra.run.smithi119.stdout:/usr/bin/ceph: stderr
2024-04-23T14:36:15.600+0000 7fd4db400700 1 -- --> [v2:172.21.15.119:3300/0,v1:172.21.15.119:6789/0] -- mon_getmap magic: 0 v1 -- 0x7fd4d419bf60 con 0x7fd4d4104a00
2024-04-23T14:36:16.617 INFO:teuthology.orchestra.run.smithi119.stdout:/usr/bin/ceph: stderr
2024-04-23T14:36:15.600+0000 7fd4d8a00700 1 --2- >> [v2:172.21.15.119:3300/0,v1:172.21.15.119:6789/0] conn(0x7fd4d4104a00 0x7fd4d419ba20 unknown :-1 s=BANNER_CONNECTING pgs=0 cs=0 l=1 rev1=0 crypto rx=0 tx=0 comp rx=0 tx=0)._handle_peer_banner_payload supported=3 required=0
2024-04-23T14:36:16.620 INFO:teuthology.orchestra.run.smithi119.stdout:/usr/bin/ceph: stderr
2024-04-23T14:36:15.600+0000 7fd4d8a00700 1 --2- >> [v2:172.21.15.119:3300/0,v1:172.21.15.119:6789/0] conn(0x7fd4d4104a00 0x7fd4d419ba20 unknown :-1 s=HELLO_CONNECTING pgs=0 cs=0 l=1 rev1=1 crypto rx=0 tx=0 comp rx=0 tx=0).handle_hello peer v2:172.21.15.119:3300/0 says I am v2:172.21.15.119:49244/0 (socket says 172.21.15.119:49244)
2024-04-23T14:36:16.620 INFO:teuthology.orchestra.run.smithi119.stdout:/usr/bin/ceph: stderr
2024-04-23T14:36:15.600+0000 7fd4d8a00700 1 -- 172.21.15.119:0/1385639673 learned_addr learned my addr 172.21.15.119:0/1385639673 (peer_addr_for_me v2:172.21.15.119:0/0)
2024-04-23T14:36:16.620 INFO:teuthology.orchestra.run.smithi119.stdout:/usr/bin/ceph: stderr
2024-04-23T14:36:15.600+0000 7fd4d8a00700 1 -- 172.21.15.119:0/1385639673 --> [v2:172.21.15.119:3300/0,v1:172.21.15.119:6789/0] -- mon_subscribe({config=0+,monmap=0+}) v3 -- 0x7fd4c800b7f0 con 0x7fd4d4104a00
2024-04-23T14:36:16.620 INFO:teuthology.orchestra.run.smithi119.stdout:/usr/bin/ceph: stderr
2024-04-23T14:36:15.600+0000 7fd4d8a00700 1 --2- 172.21.15.119:0/1385639673 >> [v2:172.21.15.119:3300/0,v1:172.21.15.119:6789/0] conn(0x7fd4d4104a00 0x7fd4d419ba20 secure :-1 s=READY pgs=72 cs=0 l=1 rev1=1 crypto rx=0x7fd4c800de50 tx=0x7fd4c800df30 comp rx=0 tx=0).ready entity=mon.0 client_cookie=0 server_cookie=0 in_seq=0 out_seq=0
2024-04-23T14:36:16.620 INFO:teuthology.orchestra.run.smithi119.stdout:/usr/bin/ceph: stderr
2024-04-23T14:36:15.601+0000 7fd4d1600700 1 -- 172.21.15.119:0/1385639673 <== mon.0 v2:172.21.15.119:3300/0 1 ==== mon_map magic: 0 v1 ==== 229+0+0 (secure 0 0 0) 0x7fd4c8004220 con 0x7fd4d4104a00
2024-04-23T14:36:16.620 INFO:teuthology.orchestra.run.smithi119.stdout:/usr/bin/ceph: stderr
2024-04-23T14:36:15.601+0000 7fd4db400700 1 -- 172.21.15.119:0/1385639673 --> [v2:172.21.15.119:3300/0,v1:172.21.15.119:6789/0] -- mon_subscribe({mgrmap=0+}) v3 -- 0x7fd4d419c160 con 0x7fd4d4104a00
2024-04-23T14:36:16.620 INFO:teuthology.orchestra.run.smithi119.stdout:/usr/bin/ceph: stderr
2024-04-23T14:36:15.601+0000 7fd4d1600700 1 -- 172.21.15.119:0/1385639673 <== mon.0 v2:172.21.15.119:3300/0 2 ==== config(27 keys) v1 ==== 1101+0+0 (secure 0 0 0) 0x7fd4c8010b90 con 0x7fd4d4104a00
2024-04-23T14:36:16.620 INFO:teuthology.orchestra.run.smithi119.stdout:/usr/bin/ceph: stderr
2024-04-23T14:36:15.601+0000 7fd4d1600700 1 -- 172.21.15.119:0/1385639673 <== mon.0 v2:172.21.15.119:3300/0 3 ==== mon_map magic: 0 v1 ==== 229+0+0 (secure 0 0 0) 0x7fd4c8021c30 con 0x7fd4d4104a00
2024-04-23T14:36:16.620 INFO:teuthology.orchestra.run.smithi119.stdout:/usr/bin/ceph: stderr
2024-04-23T14:36:15.601+0000 7fd4db400700 1 -- 172.21.15.119:0/1385639673 --> [v2:172.21.15.119:3300/0,v1:172.21.15.119:6789/0] -- mon_subscribe({osdmap=0}) v3 -- 0x7fd4d419c520 con 0x7fd4d4104a00
2024-04-23T14:36:16.620 INFO:teuthology.orchestra.run.smithi119.stdout:/usr/bin/ceph: stderr
2024-04-23T14:36:15.602+0000 7fd4db400700 1 -- 172.21.15.119:0/1385639673 --> [v2:172.21.15.119:3300/0,v1:172.21.15.119:6789/0] -- mon_command({"prefix": "get_command_descriptions"} v 0) v1 -- 0x7fd4d4195740 con 0x7fd4d4104a00
2024-04-23T14:36:16.620 INFO:teuthology.orchestra.run.smithi119.stdout:/usr/bin/ceph: stderr
2024-04-23T14:36:15.602+0000 7fd4d1600700 1 -- 172.21.15.119:0/1385639673 <== mon.0 v2:172.21.15.119:3300/0 4 ==== mgrmap(e 9) v1 ==== 45097+0+0 (secure 0 0 0) 0x7fd4c8010d00 con 0x7fd4d4104a00
2024-04-23T14:36:16.620 INFO:teuthology.orchestra.run.smithi119.stdout:/usr/bin/ceph: stderr
2024-04-23T14:36:15.603+0000 7fd4d1600700 1 --2- 172.21.15.119:0/1385639673 >> [v2:172.21.15.119:6800/2833174730,v1:172.21.15.119:6801/2833174730] conn(0x7fd4bc038490 0x7fd4bc03a940 unknown :-1 s=NONE pgs=0 cs=0 l=1 rev1=0 crypto rx=0 tx=0 comp rx=0 tx=0).connect
2024-04-23T14:36:16.621 INFO:teuthology.orchestra.run.smithi119.stdout:/usr/bin/ceph: stderr
2024-04-23T14:36:15.603+0000 7fd4d1600700 1 -- 172.21.15.119:0/1385639673 <== mon.0 v2:172.21.15.119:3300/0 5 ==== osd_map(2..2 src has 1..2) v4 ==== 940+0+0 (secure 0 0 0) 0x7fd4c804c480 con 0x7fd4d4104a00
2024-04-23T14:36:16.621 INFO:teuthology.orchestra.run.smithi119.stdout:/usr/bin/ceph: stderr
2024-04-23T14:36:15.603+0000 7fd4d3e00700 1 -- 172.21.15.119:0/1385639673 >> [v2:172.21.15.119:6800/2833174730,v1:172.21.15.119:6801/2833174730] conn(0x7fd4bc038490 msgr2=0x7fd4bc03a940 unknown :-1 s=STATE_CONNECTING_RE l=1).process reconnect failed to v2:172.21.15.119:6800/2833174730
2024-04-23T14:36:16.621 INFO:teuthology.orchestra.run.smithi119.stdout:/usr/bin/ceph: stderr
2024-04-23T14:36:15.603+0000 7fd4d3e00700 1 --2- 172.21.15.119:0/1385639673 >> [v2:172.21.15.119:6800/2833174730,v1:172.21.15.119:6801/2833174730] conn(0x7fd4bc038490 0x7fd4bc03a940 unknown :-1 s=START_CONNECT pgs=0 cs=0 l=1 rev1=0 crypto rx=0 tx=0 comp rx=0 tx=0)._fault waiting 0.200000
2024-04-23T14:36:16.621 INFO:teuthology.orchestra.run.smithi119.stdout:/usr/bin/ceph: stderr
2024-04-23T14:36:15.608+0000 7fd4d1600700 1 -- 172.21.15.119:0/1385639673 <== mon.0 v2:172.21.15.119:3300/0 6 ==== mon_command_ack([{"prefix": "get_command_descriptions"}]=0 v0) v1 ==== 72+0+177933 (secure 0 0 0) 0x7fd4c8006d80 con 0x7fd4d4104a00
2024-04-23T14:36:16.621 INFO:teuthology.orchestra.run.smithi119.stdout:/usr/bin/ceph: stderr
2024-04-23T14:36:15.804+0000 7fd4d3e00700 1 -- 172.21.15.119:0/1385639673 >> [v2:172.21.15.119:6800/2833174730,v1:172.21.15.119:6801/2833174730] conn(0x7fd4bc038490 msgr2=0x7fd4bc03a940 unknown :-1 s=STATE_CONNECTING_RE l=1).process reconnect failed to v2:172.21.15.119:6800/2833174730
2024-04-23T14:36:16.621 INFO:teuthology.orchestra.run.smithi119.stdout:/usr/bin/ceph: stderr
2024-04-23T14:36:15.804+0000 7fd4d3e00700 1 --2- 172.21.15.119:0/1385639673 >> [v2:172.21.15.119:6800/2833174730,v1:172.21.15.119:6801/2833174730] conn(0x7fd4bc038490 0x7fd4bc03a940 unknown :-1 s=START_CONNECT pgs=0 cs=0 l=1 rev1=0 crypto rx=0 tx=0 comp rx=0 tx=0)._fault waiting 0.400000
2024-04-23T14:36:16.621 INFO:teuthology.orchestra.run.smithi119.stdout:/usr/bin/ceph: stderr
2024-04-23T14:36:15.896+0000 7fd4db400700 1 -- 172.21.15.119:0/1385639673 --> [v2:172.21.15.119:3300/0,v1:172.21.15.119:6789/0] -- mon_command({"prefix": "mgr stat"} v 0) v1 -- 0x7fd4d402d050 con 0x7fd4d4104a00
2024-04-23T14:36:16.621 INFO:teuthology.orchestra.run.smithi119.stdout:/usr/bin/ceph: stderr
2024-04-23T14:36:15.896+0000 7fd4d1600700 1 -- 172.21.15.119:0/1385639673 <== mon.0 v2:172.21.15.119:3300/0 7 ==== mon_command_ack([{"prefix": "mgr stat"}]=0 v9) v1 ==== 56+0+103 (secure 0 0 0) 0x7fd4c800f3d0 con 0x7fd4d4104a00
2024-04-23T14:36:16.621 INFO:teuthology.orchestra.run.smithi119.stdout:/usr/bin/ceph: stderr
2024-04-23T14:36:15.900+0000 7fd4db400700 1 -- 172.21.15.119:0/1385639673 >> [v2:172.21.15.119:6800/2833174730,v1:172.21.15.119:6801/2833174730] conn(0x7fd4bc038490 msgr2=0x7fd4bc03a940 unknown :-1 s=STATE_CONNECTING l=1).mark_down
2024-04-23T14:36:16.621 INFO:teuthology.orchestra.run.smithi119.stdout:/usr/bin/ceph: stderr
2024-04-23T14:36:15.900+0000 7fd4db400700 1 --2- 172.21.15.119:0/1385639673 >> [v2:172.21.15.119:6800/2833174730,v1:172.21.15.119:6801/2833174730] conn(0x7fd4bc038490 0x7fd4bc03a940 unknown :-1 s=START_CONNECT pgs=0 cs=0 l=1 rev1=0 crypto rx=0 tx=0 comp rx=0 tx=0).stop
2024-04-23T14:36:16.621 INFO:teuthology.orchestra.run.smithi119.stdout:/usr/bin/ceph: stderr
2024-04-23T14:36:15.900+0000 7fd4db400700 1 -- 172.21.15.119:0/1385639673 >> [v2:172.21.15.119:3300/0,v1:172.21.15.119:6789/0] conn(0x7fd4d4104a00 msgr2=0x7fd4d419ba20 secure :-1 s=STATE_CONNECTION_ESTABLISHED l=1).mark_down
2024-04-23T14:36:16.621 INFO:teuthology.orchestra.run.smithi119.stdout:/usr/bin/ceph: stderr
2024-04-23T14:36:15.900+0000 7fd4db400700 1 --2- 172.21.15.119:0/1385639673 >> [v2:172.21.15.119:3300/0,v1:172.21.15.119:6789/0] conn(0x7fd4d4104a00 0x7fd4d419ba20 secure :-1 s=READY pgs=72 cs=0 l=1 rev1=1 crypto rx=0x7fd4c800de50 tx=0x7fd4c800df30 comp rx=0 tx=0).stop
2024-04-23T14:36:16.621 INFO:teuthology.orchestra.run.smithi119.stdout:/usr/bin/ceph: stderr
2024-04-23T14:36:15.900+0000 7fd4db400700 1 -- 172.21.15.119:0/1385639673 shutdown_connections
2024-04-23T14:36:16.621 INFO:teuthology.orchestra.run.smithi119.stdout:/usr/bin/ceph: stderr
2024-04-23T14:36:15.900+0000 7fd4db400700 1 --2- 172.21.15.119:0/1385639673 >> [v2:172.21.15.119:6800/2833174730,v1:172.21.15.119:6801/2833174730] conn(0x7fd4bc038490 0x7fd4bc03a940 unknown :-1 s=CLOSED pgs=0 cs=0 l=1 rev1=0 crypto rx=0 tx=0 comp rx=0 tx=0).stop
2024-04-23T14:36:16.621 INFO:teuthology.orchestra.run.smithi119.stdout:/usr/bin/ceph: stderr
2024-04-23T14:36:15.900+0000 7fd4db400700 1 --2- 172.21.15.119:0/1385639673 >> [v2:172.21.15.119:3300/0,v1:172.21.15.119:6789/0] conn(0x7fd4d4104a00 0x7fd4d419ba20 unknown :-1 s=CLOSED pgs=72 cs=0 l=1 rev1=1 crypto rx=0 tx=0 comp rx=0 tx=0).stop
2024-04-23T14:36:16.622 INFO:teuthology.orchestra.run.smithi119.stdout:/usr/bin/ceph: stderr
2024-04-23T14:36:15.900+0000 7fd4db400700 1 -- 172.21.15.119:0/1385639673 >> 172.21.15.119:0/1385639673 conn(0x7fd4d4100070 msgr2=0x7fd4d4192880 unknown :-1 s=STATE_NONE l=0).mark_down
2024-04-23T14:36:16.622 INFO:teuthology.orchestra.run.smithi119.stdout:/usr/bin/ceph: stderr
2024-04-23T14:36:15.900+0000 7fd4db400700 1 -- 172.21.15.119:0/1385639673 shutdown_connections
2024-04-23T14:36:16.622 INFO:teuthology.orchestra.run.smithi119.stdout:/usr/bin/ceph: stderr
2024-04-23T14:36:15.901+0000 7fd4db400700 1 -- 172.21.15.119:0/1385639673 wait complete.
2024-04-23T14:36:16.622 INFO:teuthology.orchestra.run.smithi119.stdout:Waiting for the mgr to restart...
2024-04-23T14:36:16.622 INFO:teuthology.orchestra.run.smithi119.stdout:Waiting for mgr epoch 9...
2024-04-23T14:36:23.083 INFO:journalctl@ceph.mon.smithi119.smithi119.stdout:Apr 23 14:36:22 smithi119 ceph-mon[25623]: Active manager daemon smithi119.ktehza restarted
2024-04-23T14:36:23.084 INFO:journalctl@ceph.mon.smithi119.smithi119.stdout:Apr 23 14:36:22 smithi119 ceph-mon[25623]: Activating manager daemon smithi119.ktehza
2024-04-23T14:36:23.084 INFO:journalctl@ceph.mon.smithi119.smithi119.stdout:Apr 23 14:36:22 smithi119 ceph-mon[25623]: osdmap e3: 0 total, 0 up, 0 in
2024-04-23T14:36:23.084 INFO:journalctl@ceph.mon.smithi119.smithi119.stdout:Apr 23 14:36:22 smithi119 ceph-mon[25623]: mgrmap e10: smithi119.ktehza(active, starting, since 0.00778286s)
2024-04-23T14:36:23.084 INFO:journalctl@ceph.mon.smithi119.smithi119.stdout:Apr 23 14:36:22 smithi119 ceph-mon[25623]: from='mgr.14164 172.21.15.119:0/56895117' entity='mgr.smithi119.ktehza' cmd=[{"prefix": "mon metadata", "id": "smithi119"}]: dispatch
2024-04-23T14:36:23.084 INFO:journalctl@ceph.mon.smithi119.smithi119.stdout:Apr 23 14:36:22 smithi119 ceph-mon[25623]: from='mgr.14164 172.21.15.119:0/56895117' entity='mgr.smithi119.ktehza' cmd=[{"prefix": "mgr metadata", "who": "smithi119.ktehza", "id": "smithi119.ktehza"}]: dispatch
2024-04-23T14:36:23.084 INFO:journalctl@ceph.mon.smithi119.smithi119.stdout:Apr 23 14:36:22 smithi119 ceph-mon[25623]: from='mgr.14164 172.21.15.119:0/56895117' entity='mgr.smithi119.ktehza' cmd=[{"prefix": "mds metadata"}]: dispatch
2024-04-23T14:36:23.084 INFO:journalctl@ceph.mon.smithi119.smithi119.stdout:Apr 23 14:36:22 smithi119 ceph-mon[25623]: from='mgr.14164 172.21.15.119:0/56895117' entity='mgr.smithi119.ktehza' cmd=[{"prefix": "osd metadata"}]: dispatch
2024-04-23T14:36:23.084 INFO:journalctl@ceph.mon.smithi119.smithi119.stdout:Apr 23 14:36:22 smithi119 ceph-mon[25623]: from='mgr.14164 172.21.15.119:0/56895117' entity='mgr.smithi119.ktehza' cmd=[{"prefix": "mon metadata"}]: dispatch
2024-04-23T14:36:23.084 INFO:journalctl@ceph.mon.smithi119.smithi119.stdout:Apr 23 14:36:22 smithi119 ceph-mon[25623]: Manager daemon smithi119.ktehza is now available
2024-04-23T14:36:23.084 INFO:journalctl@ceph.mon.smithi119.smithi119.stdout:Apr 23 14:36:22 smithi119 ceph-mon[25623]: from='mgr.14164 172.21.15.119:0/56895117' entity='mgr.smithi119.ktehza' cmd=[{"prefix": "config dump", "format": "json"}]: dispatch
2024-04-23T14:36:24.084 INFO:journalctl@ceph.mon.smithi119.smithi119.stdout:Apr 23 14:36:23 smithi119 ceph-mon[25623]: from='mgr.14164 172.21.15.119:0/56895117' entity='mgr.smithi119.ktehza' cmd=[{"prefix": "config dump", "format": "json"}]: dispatch
