2024-04-23T14:36:24.084 INFO:journalctl@ceph.mon.smithi119.smithi119.stdout:Apr 23 14:36:23 smithi119 ceph-mon[25623]: from='mgr.14164 172.21.15.119:0/56895117' entity='mgr.smithi119.ktehza' cmd=[{"prefix":"config rm","who":"mgr","name":"mgr/rbd_support/smithi119.ktehza/mirror_snapshot_schedule"}]: dispatch
2024-04-23T14:36:24.084 INFO:journalctl@ceph.mon.smithi119.smithi119.stdout:Apr 23 14:36:23 smithi119 ceph-mon[25623]: from='mgr.14164 172.21.15.119:0/56895117' entity='mgr.smithi119.ktehza' cmd=[{"prefix":"config rm","who":"mgr","name":"mgr/rbd_support/smithi119.ktehza/trash_purge_schedule"}]: dispatch
2024-04-23T14:36:24.084 INFO:journalctl@ceph.mon.smithi119.smithi119.stdout:Apr 23 14:36:23 smithi119 ceph-mon[25623]: mgrmap e11: smithi119.ktehza(active, since 1.01528s)
2024-04-23T14:36:25.084 INFO:journalctl@ceph.mon.smithi119.smithi119.stdout:Apr 23 14:36:25 smithi119 ceph-mon[25623]: [23/Apr/2024:14:36:23] ENGINE Bus STARTING
2024-04-23T14:36:25.085 INFO:journalctl@ceph.mon.smithi119.smithi119.stdout:Apr 23 14:36:25 smithi119 ceph-mon[25623]: [23/Apr/2024:14:36:23] ENGINE Serving on http://172.21.15.119:8765
2024-04-23T14:36:25.085 INFO:journalctl@ceph.mon.smithi119.smithi119.stdout:Apr 23 14:36:25 smithi119 ceph-mon[25623]: [23/Apr/2024:14:36:24] ENGINE Serving on https://172.21.15.119:7150
2024-04-23T14:36:25.085 INFO:journalctl@ceph.mon.smithi119.smithi119.stdout:Apr 23 14:36:25 smithi119 ceph-mon[25623]: [23/Apr/2024:14:36:24] ENGINE Bus STARTED
2024-04-23T14:36:25.135 INFO:teuthology.orchestra.run.smithi119.stdout:/usr/bin/ceph: stdout {
2024-04-23T14:36:25.135 INFO:teuthology.orchestra.run.smithi119.stdout:/usr/bin/ceph: stdout "mgrmap_epoch": 11,
2024-04-23T14:36:25.136 INFO:teuthology.orchestra.run.smithi119.stdout:/usr/bin/ceph: stdout "initialized": true
2024-04-23T14:36:25.136 INFO:teuthology.orchestra.run.smithi119.stdout:/usr/bin/ceph: stdout }
2024-04-23T14:36:25.145 INFO:teuthology.orchestra.run.smithi119.stdout:/usr/bin/ceph: stderr
2024-04-23T14:36:17.222+0000 7fc2a1400700 1 Processor -- start
2024-04-23T14:36:25.145 INFO:teuthology.orchestra.run.smithi119.stdout:/usr/bin/ceph: stderr
2024-04-23T14:36:17.222+0000 7fc2a1400700 1 -- start start
2024-04-23T14:36:25.145 INFO:teuthology.orchestra.run.smithi119.stdout:/usr/bin/ceph: stderr
2024-04-23T14:36:17.222+0000 7fc2a1400700 1 --2- >> [v2:172.21.15.119:3300/0,v1:172.21.15.119:6789/0] conn(0x7fc29c07acc0 0x7fc29c0791c0 unknown :-1 s=NONE pgs=0 cs=0 l=0 rev1=0 crypto rx=0 tx=0 comp rx=0 tx=0).connect
2024-04-23T14:36:25.145 INFO:teuthology.orchestra.run.smithi119.stdout:/usr/bin/ceph: stderr
2024-04-23T14:36:17.222+0000 7fc2a1400700 1 -- --> [v2:172.21.15.119:3300/0,v1:172.21.15.119:6789/0] -- mon_getmap magic: 0 v1 -- 0x7fc29c079700 con 0x7fc29c07acc0
2024-04-23T14:36:25.145 INFO:teuthology.orchestra.run.smithi119.stdout:/usr/bin/ceph: stderr
2024-04-23T14:36:17.223+0000 7fc29a800700 1 --2- >> [v2:172.21.15.119:3300/0,v1:172.21.15.119:6789/0] conn(0x7fc29c07acc0 0x7fc29c0791c0 unknown :-1 s=BANNER_CONNECTING pgs=0 cs=0 l=0 rev1=0 crypto rx=0 tx=0 comp rx=0 tx=0)._handle_peer_banner_payload supported=3 required=0
2024-04-23T14:36:25.145 INFO:teuthology.orchestra.run.smithi119.stdout:/usr/bin/ceph: stderr
2024-04-23T14:36:17.223+0000 7fc29a800700 1 --2- >> [v2:172.21.15.119:3300/0,v1:172.21.15.119:6789/0] conn(0x7fc29c07acc0 0x7fc29c0791c0 unknown :-1 s=HELLO_CONNECTING pgs=0 cs=0 l=0 rev1=1 crypto rx=0 tx=0 comp rx=0 tx=0).handle_hello peer v2:172.21.15.119:3300/0 says I am v2:172.21.15.119:49256/0 (socket says 172.21.15.119:49256)
2024-04-23T14:36:25.145 INFO:teuthology.orchestra.run.smithi119.stdout:/usr/bin/ceph: stderr
2024-04-23T14:36:17.223+0000 7fc29a800700 1 -- 172.21.15.119:0/236159833 learned_addr learned my addr 172.21.15.119:0/236159833 (peer_addr_for_me v2:172.21.15.119:0/0)
2024-04-23T14:36:25.145 INFO:teuthology.orchestra.run.smithi119.stdout:/usr/bin/ceph: stderr
2024-04-23T14:36:17.223+0000 7fc29a800700 1 -- 172.21.15.119:0/236159833 --> [v2:172.21.15.119:3300/0,v1:172.21.15.119:6789/0] -- mon_subscribe({config=0+,monmap=0+}) v3 -- 0x7fc29c079840 con 0x7fc29c07acc0
2024-04-23T14:36:25.145 INFO:teuthology.orchestra.run.smithi119.stdout:/usr/bin/ceph: stderr
2024-04-23T14:36:17.224+0000 7fc29a800700 1 --2- 172.21.15.119:0/236159833 >> [v2:172.21.15.119:3300/0,v1:172.21.15.119:6789/0] conn(0x7fc29c07acc0 0x7fc29c0791c0 secure :-1 s=READY pgs=73 cs=0 l=1 rev1=1 crypto rx=0x7fc28c0098a0 tx=0x7fc28c009bb0 comp rx=0 tx=0).ready entity=mon.0 client_cookie=34065bcf4ad27125 server_cookie=0 in_seq=0 out_seq=0
2024-04-23T14:36:25.145 INFO:teuthology.orchestra.run.smithi119.stdout:/usr/bin/ceph: stderr
2024-04-23T14:36:17.224+0000 7fc299400700 1 -- 172.21.15.119:0/236159833 <== mon.0 v2:172.21.15.119:3300/0 1 ==== mon_map magic: 0 v1 ==== 229+0+0 (secure 0 0 0) 0x7fc28c004180 con 0x7fc29c07acc0
2024-04-23T14:36:25.145 INFO:teuthology.orchestra.run.smithi119.stdout:/usr/bin/ceph: stderr
2024-04-23T14:36:17.224+0000 7fc299400700 1 -- 172.21.15.119:0/236159833 <== mon.0 v2:172.21.15.119:3300/0 2 ==== config(27 keys) v1 ==== 1101+0+0 (secure 0 0 0) 0x7fc28c0042e0 con 0x7fc29c07acc0
2024-04-23T14:36:25.145 INFO:teuthology.orchestra.run.smithi119.stdout:/usr/bin/ceph: stderr
2024-04-23T14:36:17.224+0000 7fc299400700 1 -- 172.21.15.119:0/236159833 <== mon.0 v2:172.21.15.119:3300/0 3 ==== mon_map magic: 0 v1 ==== 229+0+0 (secure 0 0 0) 0x7fc28c011af0 con 0x7fc29c07acc0
2024-04-23T14:36:25.145 INFO:teuthology.orchestra.run.smithi119.stdout:/usr/bin/ceph: stderr
2024-04-23T14:36:17.225+0000 7fc2a1400700 1 -- 172.21.15.119:0/236159833 >> [v2:172.21.15.119:3300/0,v1:172.21.15.119:6789/0] conn(0x7fc29c07acc0 msgr2=0x7fc29c0791c0 secure :-1 s=STATE_CONNECTION_ESTABLISHED l=1).mark_down
2024-04-23T14:36:25.146 INFO:teuthology.orchestra.run.smithi119.stdout:/usr/bin/ceph: stderr
2024-04-23T14:36:17.225+0000 7fc2a1400700 1 --2- 172.21.15.119:0/236159833 >> [v2:172.21.15.119:3300/0,v1:172.21.15.119:6789/0] conn(0x7fc29c07acc0 0x7fc29c0791c0 secure :-1 s=READY pgs=73 cs=0 l=1 rev1=1 crypto rx=0x7fc28c0098a0 tx=0x7fc28c009bb0 comp rx=0 tx=0).stop
2024-04-23T14:36:25.146 INFO:teuthology.orchestra.run.smithi119.stdout:/usr/bin/ceph: stderr
2024-04-23T14:36:17.225+0000 7fc2a1400700 1 -- 172.21.15.119:0/236159833 shutdown_connections
2024-04-23T14:36:25.146 INFO:teuthology.orchestra.run.smithi119.stdout:/usr/bin/ceph: stderr
2024-04-23T14:36:17.225+0000 7fc2a1400700 1 --2- 172.21.15.119:0/236159833 >> [v2:172.21.15.119:3300/0,v1:172.21.15.119:6789/0] conn(0x7fc29c07acc0 0x7fc29c0791c0 unknown :-1 s=CLOSED pgs=73 cs=0 l=1 rev1=1 crypto rx=0 tx=0 comp rx=0 tx=0).stop
2024-04-23T14:36:25.146 INFO:teuthology.orchestra.run.smithi119.stdout:/usr/bin/ceph: stderr
2024-04-23T14:36:17.225+0000 7fc2a1400700 1 -- 172.21.15.119:0/236159833 >> 172.21.15.119:0/236159833 conn(0x7fc29c101160 msgr2=0x7fc29c103590 unknown :-1 s=STATE_NONE l=0).mark_down
2024-04-23T14:36:25.146 INFO:teuthology.orchestra.run.smithi119.stdout:/usr/bin/ceph: stderr
2024-04-23T14:36:17.225+0000 7fc2a1400700 1 -- 172.21.15.119:0/236159833 shutdown_connections
2024-04-23T14:36:25.146 INFO:teuthology.orchestra.run.smithi119.stdout:/usr/bin/ceph: stderr
2024-04-23T14:36:17.225+0000 7fc2a1400700 1 -- 172.21.15.119:0/236159833 wait complete.
2024-04-23T14:36:25.146 INFO:teuthology.orchestra.run.smithi119.stdout:/usr/bin/ceph: stderr
2024-04-23T14:36:17.226+0000 7fc2a1400700 1 Processor -- start
2024-04-23T14:36:25.146 INFO:teuthology.orchestra.run.smithi119.stdout:/usr/bin/ceph: stderr
2024-04-23T14:36:17.226+0000 7fc2a1400700 1 -- start start
2024-04-23T14:36:25.146 INFO:teuthology.orchestra.run.smithi119.stdout:/usr/bin/ceph: stderr
2024-04-23T14:36:17.226+0000 7fc2a1400700 1 --2- >> [v2:172.21.15.119:3300/0,v1:172.21.15.119:6789/0] conn(0x7fc29c07acc0 0x7fc29c19bae0 unknown :-1 s=NONE pgs=0 cs=0 l=1 rev1=0 crypto rx=0 tx=0 comp rx=0 tx=0).connect
2024-04-23T14:36:25.146 INFO:teuthology.orchestra.run.smithi119.stdout:/usr/bin/ceph: stderr
2024-04-23T14:36:17.226+0000 7fc2a1400700 1 -- --> [v2:172.21.15.119:3300/0,v1:172.21.15.119:6789/0] -- mon_getmap magic: 0 v1 -- 0x7fc29c19c020 con 0x7fc29c07acc0
2024-04-23T14:36:25.146 INFO:teuthology.orchestra.run.smithi119.stdout:/usr/bin/ceph: stderr
2024-04-23T14:36:17.227+0000 7fc29a800700 1 --2- >> [v2:172.21.15.119:3300/0,v1:172.21.15.119:6789/0] conn(0x7fc29c07acc0 0x7fc29c19bae0 unknown :-1 s=BANNER_CONNECTING pgs=0 cs=0 l=1 rev1=0 crypto rx=0 tx=0 comp rx=0 tx=0)._handle_peer_banner_payload supported=3 required=0
2024-04-23T14:36:25.146 INFO:teuthology.orchestra.run.smithi119.stdout:/usr/bin/ceph: stderr
2024-04-23T14:36:17.227+0000 7fc29a800700 1 --2- >> [v2:172.21.15.119:3300/0,v1:172.21.15.119:6789/0] conn(0x7fc29c07acc0 0x7fc29c19bae0 unknown :-1 s=HELLO_CONNECTING pgs=0 cs=0 l=1 rev1=1 crypto rx=0 tx=0 comp rx=0 tx=0).handle_hello peer v2:172.21.15.119:3300/0 says I am v2:172.21.15.119:49270/0 (socket says 172.21.15.119:49270)
2024-04-23T14:36:25.146 INFO:teuthology.orchestra.run.smithi119.stdout:/usr/bin/ceph: stderr
2024-04-23T14:36:17.227+0000 7fc29a800700 1 -- 172.21.15.119:0/1939268670 learned_addr learned my addr 172.21.15.119:0/1939268670 (peer_addr_for_me v2:172.21.15.119:0/0)
2024-04-23T14:36:25.146 INFO:teuthology.orchestra.run.smithi119.stdout:/usr/bin/ceph: stderr
2024-04-23T14:36:17.227+0000 7fc29a800700 1 -- 172.21.15.119:0/1939268670 --> [v2:172.21.15.119:3300/0,v1:172.21.15.119:6789/0] -- mon_subscribe({config=0+,monmap=0+}) v3 -- 0x7fc28c009550 con 0x7fc29c07acc0
2024-04-23T14:36:25.147 INFO:teuthology.orchestra.run.smithi119.stdout:/usr/bin/ceph: stderr
2024-04-23T14:36:17.227+0000 7fc29a800700 1 --2- 172.21.15.119:0/1939268670 >> [v2:172.21.15.119:3300/0,v1:172.21.15.119:6789/0] conn(0x7fc29c07acc0 0x7fc29c19bae0 secure :-1 s=READY pgs=74 cs=0 l=1 rev1=1 crypto rx=0x7fc28c000c00 tx=0x7fc28c011b50 comp rx=0 tx=0).ready entity=mon.0 client_cookie=0 server_cookie=0 in_seq=0 out_seq=0
2024-04-23T14:36:25.147 INFO:teuthology.orchestra.run.smithi119.stdout:/usr/bin/ceph: stderr
2024-04-23T14:36:17.228+0000 7fc293400700 1 -- 172.21.15.119:0/1939268670 <== mon.0 v2:172.21.15.119:3300/0 1 ==== mon_map magic: 0 v1 ==== 229+0+0 (secure 0 0 0) 0x7fc28c003a70 con 0x7fc29c07acc0
2024-04-23T14:36:25.147 INFO:teuthology.orchestra.run.smithi119.stdout:/usr/bin/ceph: stderr
2024-04-23T14:36:17.228+0000 7fc293400700 1 -- 172.21.15.119:0/1939268670 <== mon.0 v2:172.21.15.119:3300/0 2 ==== config(27 keys) v1 ==== 1101+0+0 (secure 0 0 0) 0x7fc28c003bd0 con 0x7fc29c07acc0
2024-04-23T14:36:25.147 INFO:teuthology.orchestra.run.smithi119.stdout:/usr/bin/ceph: stderr
2024-04-23T14:36:17.228+0000 7fc2a1400700 1 -- 172.21.15.119:0/1939268670 --> [v2:172.21.15.119:3300/0,v1:172.21.15.119:6789/0] -- mon_subscribe({mgrmap=0+}) v3 -- 0x7fc29c19c220 con 0x7fc29c07acc0
2024-04-23T14:36:25.147 INFO:teuthology.orchestra.run.smithi119.stdout:/usr/bin/ceph: stderr
2024-04-23T14:36:17.228+0000 7fc293400700 1 -- 172.21.15.119:0/1939268670 <== mon.0 v2:172.21.15.119:3300/0 3 ==== mon_map magic: 0 v1 ==== 229+0+0 (secure 0 0 0) 0x7fc28c0238c0 con 0x7fc29c07acc0
2024-04-23T14:36:25.147 INFO:teuthology.orchestra.run.smithi119.stdout:/usr/bin/ceph: stderr
2024-04-23T14:36:17.228+0000 7fc2a1400700 1 -- 172.21.15.119:0/1939268670 --> [v2:172.21.15.119:3300/0,v1:172.21.15.119:6789/0] -- mon_subscribe({osdmap=0}) v3 -- 0x7fc29c19c640 con 0x7fc29c07acc0
2024-04-23T14:36:25.147 INFO:teuthology.orchestra.run.smithi119.stdout:/usr/bin/ceph: stderr
2024-04-23T14:36:17.229+0000 7fc293400700 1 -- 172.21.15.119:0/1939268670 <== mon.0 v2:172.21.15.119:3300/0 4 ==== mgrmap(e 9) v1 ==== 45097+0+0 (secure 0 0 0) 0x7fc28c01a430 con 0x7fc29c07acc0
2024-04-23T14:36:25.147 INFO:teuthology.orchestra.run.smithi119.stdout:/usr/bin/ceph: stderr
2024-04-23T14:36:17.230+0000 7fc293400700 1 --2- 172.21.15.119:0/1939268670 >> [v2:172.21.15.119:6800/2833174730,v1:172.21.15.119:6801/2833174730] conn(0x7fc280038490 0x7fc28003a940 unknown :-1 s=NONE pgs=0 cs=0 l=1 rev1=0 crypto rx=0 tx=0 comp rx=0 tx=0).connect
2024-04-23T14:36:25.147 INFO:teuthology.orchestra.run.smithi119.stdout:/usr/bin/ceph: stderr
2024-04-23T14:36:17.230+0000 7fc293400700 1 -- 172.21.15.119:0/1939268670 --> [v2:172.21.15.119:6800/2833174730,v1:172.21.15.119:6801/2833174730] -- command(tid 0: {"prefix": "get_command_descriptions"}) v1 -- 0x7fc28003b050 con 0x7fc280038490
2024-04-23T14:36:25.147 INFO:teuthology.orchestra.run.smithi119.stdout:/usr/bin/ceph: stderr
2024-04-23T14:36:17.230+0000 7fc293400700 1 -- 172.21.15.119:0/1939268670 <== mon.0 v2:172.21.15.119:3300/0 5 ==== osd_map(2..2 src has 1..2) v4 ==== 940+0+0 (secure 0 0 0) 0x7fc28c04c2d0 con 0x7fc29c07acc0
2024-04-23T14:36:25.147 INFO:teuthology.orchestra.run.smithi119.stdout:/usr/bin/ceph: stderr
2024-04-23T14:36:17.230+0000 7fc299e00700 1 -- 172.21.15.119:0/1939268670 >> [v2:172.21.15.119:6800/2833174730,v1:172.21.15.119:6801/2833174730] conn(0x7fc280038490 msgr2=0x7fc28003a940 unknown :-1 s=STATE_CONNECTING_RE l=1).process reconnect failed to v2:172.21.15.119:6800/2833174730
2024-04-23T14:36:25.147 INFO:teuthology.orchestra.run.smithi119.stdout:/usr/bin/ceph: stderr
2024-04-23T14:36:17.230+0000 7fc299e00700 1 --2- 172.21.15.119:0/1939268670 >> [v2:172.21.15.119:6800/2833174730,v1:172.21.15.119:6801/2833174730] conn(0x7fc280038490 0x7fc28003a940 unknown :-1 s=START_CONNECT pgs=0 cs=0 l=1 rev1=0 crypto rx=0 tx=0 comp rx=0 tx=0)._fault waiting 0.200000
2024-04-23T14:36:25.147 INFO:teuthology.orchestra.run.smithi119.stdout:/usr/bin/ceph: stderr
2024-04-23T14:36:17.431+0000 7fc299e00700 1 -- 172.21.15.119:0/1939268670 >> [v2:172.21.15.119:6800/2833174730,v1:172.21.15.119:6801/2833174730] conn(0x7fc280038490 msgr2=0x7fc28003a940 unknown :-1 s=STATE_CONNECTING_RE l=1).process reconnect failed to v2:172.21.15.119:6800/2833174730
2024-04-23T14:36:25.147 INFO:teuthology.orchestra.run.smithi119.stdout:/usr/bin/ceph: stderr
2024-04-23T14:36:17.431+0000 7fc299e00700 1 --2- 172.21.15.119:0/1939268670 >> [v2:172.21.15.119:6800/2833174730,v1:172.21.15.119:6801/2833174730] conn(0x7fc280038490 0x7fc28003a940 unknown :-1 s=START_CONNECT pgs=0 cs=0 l=1 rev1=0 crypto rx=0 tx=0 comp rx=0 tx=0)._fault waiting 0.400000
2024-04-23T14:36:25.147 INFO:teuthology.orchestra.run.smithi119.stdout:/usr/bin/ceph: stderr
2024-04-23T14:36:17.832+0000 7fc299e00700 1 -- 172.21.15.119:0/1939268670 >> [v2:172.21.15.119:6800/2833174730,v1:172.21.15.119:6801/2833174730] conn(0x7fc280038490 msgr2=0x7fc28003a940 unknown :-1 s=STATE_CONNECTING_RE l=1).process reconnect failed to v2:172.21.15.119:6800/2833174730
2024-04-23T14:36:25.148 INFO:teuthology.orchestra.run.smithi119.stdout:/usr/bin/ceph: stderr
2024-04-23T14:36:17.832+0000 7fc299e00700 1 --2- 172.21.15.119:0/1939268670 >> [v2:172.21.15.119:6800/2833174730,v1:172.21.15.119:6801/2833174730] conn(0x7fc280038490 0x7fc28003a940 unknown :-1 s=START_CONNECT pgs=0 cs=0 l=1 rev1=0 crypto rx=0 tx=0 comp rx=0 tx=0)._fault waiting 0.800000
2024-04-23T14:36:25.148 INFO:teuthology.orchestra.run.smithi119.stdout:/usr/bin/ceph: stderr
2024-04-23T14:36:18.633+0000 7fc299e00700 1 -- 172.21.15.119:0/1939268670 >> [v2:172.21.15.119:6800/2833174730,v1:172.21.15.119:6801/2833174730] conn(0x7fc280038490 msgr2=0x7fc28003a940 unknown :-1 s=STATE_CONNECTING_RE l=1).process reconnect failed to v2:172.21.15.119:6800/2833174730
2024-04-23T14:36:25.148 INFO:teuthology.orchestra.run.smithi119.stdout:/usr/bin/ceph: stderr
2024-04-23T14:36:18.633+0000 7fc299e00700 1 --2- 172.21.15.119:0/1939268670 >> [v2:172.21.15.119:6800/2833174730,v1:172.21.15.119:6801/2833174730] conn(0x7fc280038490 0x7fc28003a940 unknown :-1 s=START_CONNECT pgs=0 cs=0 l=1 rev1=0 crypto rx=0 tx=0 comp rx=0 tx=0)._fault waiting 1.600000
2024-04-23T14:36:25.148 INFO:teuthology.orchestra.run.smithi119.stdout:/usr/bin/ceph: stderr
2024-04-23T14:36:20.235+0000 7fc299e00700 1 -- 172.21.15.119:0/1939268670 >> [v2:172.21.15.119:6800/2833174730,v1:172.21.15.119:6801/2833174730] conn(0x7fc280038490 msgr2=0x7fc28003a940 unknown :-1 s=STATE_CONNECTING_RE l=1).process reconnect failed to v2:172.21.15.119:6800/2833174730
2024-04-23T14:36:25.148 INFO:teuthology.orchestra.run.smithi119.stdout:/usr/bin/ceph: stderr
2024-04-23T14:36:20.235+0000 7fc299e00700 1 --2- 172.21.15.119:0/1939268670 >> [v2:172.21.15.119:6800/2833174730,v1:172.21.15.119:6801/2833174730] conn(0x7fc280038490 0x7fc28003a940 unknown :-1 s=START_CONNECT pgs=0 cs=0 l=1 rev1=0 crypto rx=0 tx=0 comp rx=0 tx=0)._fault waiting 3.200000
2024-04-23T14:36:25.148 INFO:teuthology.orchestra.run.smithi119.stdout:/usr/bin/ceph: stderr
2024-04-23T14:36:22.812+0000 7fc293400700 1 -- 172.21.15.119:0/1939268670 <== mon.0 v2:172.21.15.119:3300/0 6 ==== mgrmap(e 10) v1 ==== 44864+0+0 (secure 0 0 0) 0x7fc28c0193c0 con 0x7fc29c07acc0
2024-04-23T14:36:25.148 INFO:teuthology.orchestra.run.smithi119.stdout:/usr/bin/ceph: stderr
2024-04-23T14:36:22.812+0000 7fc293400700 1 -- 172.21.15.119:0/1939268670 >> [v2:172.21.15.119:6800/2833174730,v1:172.21.15.119:6801/2833174730] conn(0x7fc280038490 msgr2=0x7fc28003a940 unknown :-1 s=STATE_CONNECTING l=1).mark_down
2024-04-23T14:36:25.148 INFO:teuthology.orchestra.run.smithi119.stdout:/usr/bin/ceph: stderr
2024-04-23T14:36:22.812+0000 7fc293400700 1 --2- 172.21.15.119:0/1939268670 >> [v2:172.21.15.119:6800/2833174730,v1:172.21.15.119:6801/2833174730] conn(0x7fc280038490 0x7fc28003a940 unknown :-1 s=START_CONNECT pgs=0 cs=0 l=1 rev1=0 crypto rx=0 tx=0 comp rx=0 tx=0).stop
2024-04-23T14:36:25.148 INFO:teuthology.orchestra.run.smithi119.stdout:/usr/bin/ceph: stderr
2024-04-23T14:36:23.813+0000 7fc293400700 1 -- 172.21.15.119:0/1939268670 <== mon.0 v2:172.21.15.119:3300/0 7 ==== mgrmap(e 11) v1 ==== 44991+0+0 (secure 0 0 0) 0x7fc28c01a6e0 con 0x7fc29c07acc0
2024-04-23T14:36:25.148 INFO:teuthology.orchestra.run.smithi119.stdout:/usr/bin/ceph: stderr
2024-04-23T14:36:23.813+0000 7fc293400700 1 --2- 172.21.15.119:0/1939268670 >> [v2:172.21.15.119:6800/1114605399,v1:172.21.15.119:6801/1114605399] conn(0x7fc28003bf60 0x7fc28003e340 unknown :-1 s=NONE pgs=0 cs=0 l=1 rev1=0 crypto rx=0 tx=0 comp rx=0 tx=0).connect
2024-04-23T14:36:25.148 INFO:teuthology.orchestra.run.smithi119.stdout:/usr/bin/ceph: stderr
2024-04-23T14:36:23.813+0000 7fc293400700 1 -- 172.21.15.119:0/1939268670 --> [v2:172.21.15.119:6800/1114605399,v1:172.21.15.119:6801/1114605399] -- command(tid 0: {"prefix": "get_command_descriptions"}) v1 -- 0x7fc28003b050 con 0x7fc28003bf60
2024-04-23T14:36:25.148 INFO:teuthology.orchestra.run.smithi119.stdout:/usr/bin/ceph: stderr
2024-04-23T14:36:23.815+0000 7fc299e00700 1 --2- 172.21.15.119:0/1939268670 >> [v2:172.21.15.119:6800/1114605399,v1:172.21.15.119:6801/1114605399] conn(0x7fc28003bf60 0x7fc28003e340 unknown :-1 s=BANNER_CONNECTING pgs=0 cs=0 l=1 rev1=0 crypto rx=0 tx=0 comp rx=0 tx=0)._handle_peer_banner_payload supported=3 required=0
2024-04-23T14:36:25.148 INFO:teuthology.orchestra.run.smithi119.stdout:/usr/bin/ceph: stderr
2024-04-23T14:36:23.817+0000 7fc299e00700 1 --2- 172.21.15.119:0/1939268670 >> [v2:172.21.15.119:6800/1114605399,v1:172.21.15.119:6801/1114605399] conn(0x7fc28003bf60 0x7fc28003e340 secure :-1 s=READY pgs=1 cs=0 l=1 rev1=1 crypto rx=0x7fc288003a10 tx=0x7fc2880092b0 comp rx=0 tx=0).ready entity=mgr.14164 client_cookie=0 server_cookie=0 in_seq=0 out_seq=0
2024-04-23T14:36:25.149 INFO:teuthology.orchestra.run.smithi119.stdout:/usr/bin/ceph: stderr
2024-04-23T14:36:23.818+0000 7fc293400700 1 -- 172.21.15.119:0/1939268670 <== mgr.14164 v2:172.21.15.119:6800/1114605399 1 ==== command_reply(tid 0: 0 ) v1 ==== 8+0+6910 (secure 0 0 0) 0x7fc28003b050 con 0x7fc28003bf60
2024-04-23T14:36:25.149 INFO:teuthology.orchestra.run.smithi119.stdout:/usr/bin/ceph: stderr
2024-04-23T14:36:23.825+0000 7fc2a1400700 1 -- 172.21.15.119:0/1939268670 --> [v2:172.21.15.119:6800/1114605399,v1:172.21.15.119:6801/1114605399] -- command(tid 1: {"prefix": "mgr_status"}) v1 -- 0x7fc29c19ce20 con 0x7fc28003bf60
2024-04-23T14:36:25.149 INFO:teuthology.orchestra.run.smithi119.stdout:/usr/bin/ceph: stderr
2024-04-23T14:36:23.826+0000 7fc293400700 1 -- 172.21.15.119:0/1939268670 <== mgr.14164 v2:172.21.15.119:6800/1114605399 2 ==== command_reply(tid 1: 0 ) v1 ==== 8+0+52 (secure 0 0 0) 0x7fc29c19ce20 con 0x7fc28003bf60
2024-04-23T14:36:25.149 INFO:teuthology.orchestra.run.smithi119.stdout:/usr/bin/ceph: stderr
2024-04-23T14:36:23.826+0000 7fc2a1400700 1 -- 172.21.15.119:0/1939268670 >> [v2:172.21.15.119:6800/1114605399,v1:172.21.15.119:6801/1114605399] conn(0x7fc28003bf60 msgr2=0x7fc28003e340 secure :-1 s=STATE_CONNECTION_ESTABLISHED l=1).mark_down
2024-04-23T14:36:25.149 INFO:teuthology.orchestra.run.smithi119.stdout:/usr/bin/ceph: stderr
2024-04-23T14:36:23.826+0000 7fc2a1400700 1 --2- 172.21.15.119:0/1939268670 >> [v2:172.21.15.119:6800/1114605399,v1:172.21.15.119:6801/1114605399] conn(0x7fc28003bf60 0x7fc28003e340 secure :-1 s=READY pgs=1 cs=0 l=1 rev1=1 crypto rx=0x7fc288003a10 tx=0x7fc2880092b0 comp rx=0 tx=0).stop
2024-04-23T14:36:25.149 INFO:teuthology.orchestra.run.smithi119.stdout:/usr/bin/ceph: stderr
2024-04-23T14:36:23.826+0000 7fc2a1400700 1 -- 172.21.15.119:0/1939268670 >> [v2:172.21.15.119:3300/0,v1:172.21.15.119:6789/0] conn(0x7fc29c07acc0 msgr2=0x7fc29c19bae0 secure :-1 s=STATE_CONNECTION_ESTABLISHED l=1).mark_down
2024-04-23T14:36:25.149 INFO:teuthology.orchestra.run.smithi119.stdout:/usr/bin/ceph: stderr
2024-04-23T14:36:23.826+0000 7fc2a1400700 1 --2- 172.21.15.119:0/1939268670 >> [v2:172.21.15.119:3300/0,v1:172.21.15.119:6789/0] conn(0x7fc29c07acc0 0x7fc29c19bae0 secure :-1 s=READY pgs=74 cs=0 l=1 rev1=1 crypto rx=0x7fc28c000c00 tx=0x7fc28c011b50 comp rx=0 tx=0).stop
2024-04-23T14:36:25.149 INFO:teuthology.orchestra.run.smithi119.stdout:/usr/bin/ceph: stderr
2024-04-23T14:36:23.826+0000 7fc2a1400700 1 -- 172.21.15.119:0/1939268670 shutdown_connections
2024-04-23T14:36:25.149 INFO:teuthology.orchestra.run.smithi119.stdout:/usr/bin/ceph: stderr
2024-04-23T14:36:23.826+0000 7fc2a1400700 1 --2- 172.21.15.119:0/1939268670 >> [v2:172.21.15.119:6800/1114605399,v1:172.21.15.119:6801/1114605399] conn(0x7fc28003bf60 0x7fc28003e340 unknown :-1 s=CLOSED pgs=1 cs=0 l=1 rev1=1 crypto rx=0 tx=0 comp rx=0 tx=0).stop
2024-04-23T14:36:25.149 INFO:teuthology.orchestra.run.smithi119.stdout:/usr/bin/ceph: stderr
2024-04-23T14:36:23.826+0000 7fc2a1400700 1 --2- 172.21.15.119:0/1939268670 >> [v2:172.21.15.119:3300/0,v1:172.21.15.119:6789/0] conn(0x7fc29c07acc0 0x7fc29c19bae0 unknown :-1 s=CLOSED pgs=74 cs=0 l=1 rev1=1 crypto rx=0 tx=0 comp rx=0 tx=0).stop
2024-04-23T14:36:25.149 INFO:teuthology.orchestra.run.smithi119.stdout:/usr/bin/ceph: stderr
2024-04-23T14:36:23.827+0000 7fc2a1400700 1 --2- 172.21.15.119:0/1939268670 >> [v2:172.21.15.119:6800/2833174730,v1:172.21.15.119:6801/2833174730] conn(0x7fc280038490 0x7fc28003a940 unknown :-1 s=CLOSED pgs=0 cs=0 l=1 rev1=0 crypto rx=0 tx=0 comp rx=0 tx=0).stop
2024-04-23T14:36:25.149 INFO:teuthology.orchestra.run.smithi119.stdout:/usr/bin/ceph: stderr
2024-04-23T14:36:23.827+0000 7fc2a1400700 1 -- 172.21.15.119:0/1939268670 >> 172.21.15.119:0/1939268670 conn(0x7fc29c101160 msgr2=0x7fc29c102840 unknown :-1 s=STATE_NONE l=0).mark_down
2024-04-23T14:36:25.150 INFO:teuthology.orchestra.run.smithi119.stdout:/usr/bin/ceph: stderr
2024-04-23T14:36:23.827+0000 7fc2a1400700 1 -- 172.21.15.119:0/1939268670 shutdown_connections
2024-04-23T14:36:25.150 INFO:teuthology.orchestra.run.smithi119.stdout:/usr/bin/ceph: stderr
2024-04-23T14:36:23.827+0000 7fc2a1400700 1 -- 172.21.15.119:0/1939268670 wait complete.
2024-04-23T14:36:25.150 INFO:teuthology.orchestra.run.smithi119.stdout:mgr epoch 9 is available
2024-04-23T14:36:25.150 INFO:teuthology.orchestra.run.smithi119.stdout:Generating a dashboard self-signed certificate...
2024-04-23T14:36:26.333 INFO:journalctl@ceph.mon.smithi119.smithi119.stdout:Apr 23 14:36:26 smithi119 ceph-mon[25623]: mgrmap e12: smithi119.ktehza(active, since 2s)
2024-04-23T14:36:26.333 INFO:journalctl@ceph.mon.smithi119.smithi119.stdout:Apr 23 14:36:26 smithi119 ceph-mon[25623]: from='mgr.14164 172.21.15.119:0/56895117' entity='mgr.smithi119.ktehza'
2024-04-23T14:36:26.827 INFO:teuthology.orchestra.run.smithi119.stdout:/usr/bin/ceph: stdout Self-signed certificate created
2024-04-23T14:36:26.827 INFO:teuthology.orchestra.run.smithi119.stdout:/usr/bin/ceph: stderr
2024-04-23T14:36:25.804+0000 7f2aeca00700 1 Processor -- start
2024-04-23T14:36:26.828 INFO:teuthology.orchestra.run.smithi119.stdout:/usr/bin/ceph: stderr
2024-04-23T14:36:25.804+0000 7f2aeca00700 1 -- start start
2024-04-23T14:36:26.828 INFO:teuthology.orchestra.run.smithi119.stdout:/usr/bin/ceph: stderr
2024-04-23T14:36:25.804+0000 7f2aeca00700 1 --2- >> [v2:172.21.15.119:3300/0,v1:172.21.15.119:6789/0] conn(0x7f2ae80802e0 0x7f2ae810ecd0 unknown :-1 s=NONE pgs=0 cs=0 l=0 rev1=0 crypto rx=0 tx=0 comp rx=0 tx=0).connect
2024-04-23T14:36:26.828 INFO:teuthology.orchestra.run.smithi119.stdout:/usr/bin/ceph: stderr
2024-04-23T14:36:25.804+0000 7f2aeca00700 1 -- --> [v2:172.21.15.119:3300/0,v1:172.21.15.119:6789/0] -- mon_getmap magic: 0 v1 -- 0x7f2ae810f210 con 0x7f2ae80802e0
2024-04-23T14:36:26.828 INFO:teuthology.orchestra.run.smithi119.stdout:/usr/bin/ceph: stderr
2024-04-23T14:36:25.805+0000 7f2ae5e00700 1 --2- >> [v2:172.21.15.119:3300/0,v1:172.21.15.119:6789/0] conn(0x7f2ae80802e0 0x7f2ae810ecd0 unknown :-1 s=BANNER_CONNECTING pgs=0 cs=0 l=0 rev1=0 crypto rx=0 tx=0 comp rx=0 tx=0)._handle_peer_banner_payload supported=3 required=0
2024-04-23T14:36:26.828 INFO:teuthology.orchestra.run.smithi119.stdout:/usr/bin/ceph: stderr
2024-04-23T14:36:25.805+0000 7f2ae5e00700 1 --2- >> [v2:172.21.15.119:3300/0,v1:172.21.15.119:6789/0] conn(0x7f2ae80802e0 0x7f2ae810ecd0 unknown :-1 s=HELLO_CONNECTING pgs=0 cs=0 l=0 rev1=1 crypto rx=0 tx=0 comp rx=0 tx=0).handle_hello peer v2:172.21.15.119:3300/0 says I am v2:172.21.15.119:49940/0 (socket says 172.21.15.119:49940)
2024-04-23T14:36:26.828 INFO:teuthology.orchestra.run.smithi119.stdout:/usr/bin/ceph: stderr
2024-04-23T14:36:25.805+0000 7f2ae5e00700 1 -- 172.21.15.119:0/3013641388 learned_addr learned my addr 172.21.15.119:0/3013641388 (peer_addr_for_me v2:172.21.15.119:0/0)
2024-04-23T14:36:26.828 INFO:teuthology.orchestra.run.smithi119.stdout:/usr/bin/ceph: stderr
2024-04-23T14:36:25.805+0000 7f2ae5e00700 1 -- 172.21.15.119:0/3013641388 --> [v2:172.21.15.119:3300/0,v1:172.21.15.119:6789/0] -- mon_subscribe({config=0+,monmap=0+}) v3 -- 0x7f2ae810f350 con 0x7f2ae80802e0
2024-04-23T14:36:26.828 INFO:teuthology.orchestra.run.smithi119.stdout:/usr/bin/ceph: stderr
2024-04-23T14:36:25.805+0000 7f2ae5e00700 1 --2- 172.21.15.119:0/3013641388 >> [v2:172.21.15.119:3300/0,v1:172.21.15.119:6789/0] conn(0x7f2ae80802e0 0x7f2ae810ecd0 secure :-1 s=READY pgs=82 cs=0 l=1 rev1=1 crypto rx=0x7f2ad80098a0 tx=0x7f2ad8009bb0 comp rx=0 tx=0).ready entity=mon.0 client_cookie=d4c562b802961bed server_cookie=0 in_seq=0 out_seq=0
2024-04-23T14:36:26.828 INFO:teuthology.orchestra.run.smithi119.stdout:/usr/bin/ceph: stderr
2024-04-23T14:36:25.806+0000 7f2ae5400700 1 -- 172.21.15.119:0/3013641388 <== mon.0 v2:172.21.15.119:3300/0 1 ==== mon_map magic: 0 v1 ==== 229+0+0 (secure 0 0 0) 0x7f2ad8004180 con 0x7f2ae80802e0
2024-04-23T14:36:26.828 INFO:teuthology.orchestra.run.smithi119.stdout:/usr/bin/ceph: stderr
2024-04-23T14:36:25.806+0000 7f2ae5400700 1 -- 172.21.15.119:0/3013641388 <== mon.0 v2:172.21.15.119:3300/0 2 ==== config(27 keys) v1 ==== 1101+0+0 (secure 0 0 0) 0x7f2ad80042e0 con 0x7f2ae80802e0
2024-04-23T14:36:26.828 INFO:teuthology.orchestra.run.smithi119.stdout:/usr/bin/ceph: stderr
2024-04-23T14:36:25.806+0000 7f2ae5400700 1 -- 172.21.15.119:0/3013641388 <== mon.0 v2:172.21.15.119:3300/0 3 ==== mon_map magic: 0 v1 ==== 229+0+0 (secure 0 0 0) 0x7f2ad8011af0 con 0x7f2ae80802e0
2024-04-23T14:36:26.828 INFO:teuthology.orchestra.run.smithi119.stdout:/usr/bin/ceph: stderr
2024-04-23T14:36:25.806+0000 7f2aeca00700 1 -- 172.21.15.119:0/3013641388 >> [v2:172.21.15.119:3300/0,v1:172.21.15.119:6789/0] conn(0x7f2ae80802e0 msgr2=0x7f2ae810ecd0 secure :-1 s=STATE_CONNECTION_ESTABLISHED l=1).mark_down
2024-04-23T14:36:26.828 INFO:teuthology.orchestra.run.smithi119.stdout:/usr/bin/ceph: stderr
2024-04-23T14:36:25.806+0000 7f2aeca00700 1 --2- 172.21.15.119:0/3013641388 >> [v2:172.21.15.119:3300/0,v1:172.21.15.119:6789/0] conn(0x7f2ae80802e0 0x7f2ae810ecd0 secure :-1 s=READY pgs=82 cs=0 l=1 rev1=1 crypto rx=0x7f2ad80098a0 tx=0x7f2ad8009bb0 comp rx=0 tx=0).stop
2024-04-23T14:36:26.828 INFO:teuthology.orchestra.run.smithi119.stdout:/usr/bin/ceph: stderr
2024-04-23T14:36:25.806+0000 7f2aeca00700 1 -- 172.21.15.119:0/3013641388 shutdown_connections
2024-04-23T14:36:26.829 INFO:teuthology.orchestra.run.smithi119.stdout:/usr/bin/ceph: stderr
2024-04-23T14:36:25.806+0000 7f2aeca00700 1 --2- 172.21.15.119:0/3013641388 >> [v2:172.21.15.119:3300/0,v1:172.21.15.119:6789/0] conn(0x7f2ae80802e0 0x7f2ae810ecd0 unknown :-1 s=CLOSED pgs=82 cs=0 l=1 rev1=1 crypto rx=0 tx=0 comp rx=0 tx=0).stop
2024-04-23T14:36:26.829 INFO:teuthology.orchestra.run.smithi119.stdout:/usr/bin/ceph: stderr
2024-04-23T14:36:25.806+0000 7f2aeca00700 1 -- 172.21.15.119:0/3013641388 >> 172.21.15.119:0/3013641388 conn(0x7f2ae807b220 msgr2=0x7f2ae807d650 unknown :-1 s=STATE_NONE l=0).mark_down
2024-04-23T14:36:26.829 INFO:teuthology.orchestra.run.smithi119.stdout:/usr/bin/ceph: stderr
2024-04-23T14:36:25.806+0000 7f2aeca00700 1 -- 172.21.15.119:0/3013641388 shutdown_connections
2024-04-23T14:36:26.829 INFO:teuthology.orchestra.run.smithi119.stdout:/usr/bin/ceph: stderr
2024-04-23T14:36:25.806+0000 7f2aeca00700 1 -- 172.21.15.119:0/3013641388 wait complete.
2024-04-23T14:36:26.829 INFO:teuthology.orchestra.run.smithi119.stdout:/usr/bin/ceph: stderr
2024-04-23T14:36:25.807+0000 7f2aeca00700 1 Processor -- start
2024-04-23T14:36:26.829 INFO:teuthology.orchestra.run.smithi119.stdout:/usr/bin/ceph: stderr
2024-04-23T14:36:25.808+0000 7f2aeca00700 1 -- start start
2024-04-23T14:36:26.829 INFO:teuthology.orchestra.run.smithi119.stdout:/usr/bin/ceph: stderr
2024-04-23T14:36:25.808+0000 7f2aeca00700 1 --2- >> [v2:172.21.15.119:3300/0,v1:172.21.15.119:6789/0] conn(0x7f2ae80802e0 0x7f2ae819fe30 unknown :-1 s=NONE pgs=0 cs=0 l=1 rev1=0 crypto rx=0 tx=0 comp rx=0 tx=0).connect
2024-04-23T14:36:26.829 INFO:teuthology.orchestra.run.smithi119.stdout:/usr/bin/ceph: stderr
2024-04-23T14:36:25.808+0000 7f2aeca00700 1 -- --> [v2:172.21.15.119:3300/0,v1:172.21.15.119:6789/0] -- mon_getmap magic: 0 v1 -- 0x7f2ae81a0370 con 0x7f2ae80802e0
2024-04-23T14:36:26.829 INFO:teuthology.orchestra.run.smithi119.stdout:/usr/bin/ceph: stderr
2024-04-23T14:36:25.808+0000 7f2ae5e00700 1 --2- >> [v2:172.21.15.119:3300/0,v1:172.21.15.119:6789/0] conn(0x7f2ae80802e0 0x7f2ae819fe30 unknown :-1 s=BANNER_CONNECTING pgs=0 cs=0 l=1 rev1=0 crypto rx=0 tx=0 comp rx=0 tx=0)._handle_peer_banner_payload supported=3 required=0
2024-04-23T14:36:26.829 INFO:teuthology.orchestra.run.smithi119.stdout:/usr/bin/ceph: stderr
2024-04-23T14:36:25.808+0000 7f2ae5e00700 1 --2- >> [v2:172.21.15.119:3300/0,v1:172.21.15.119:6789/0] conn(0x7f2ae80802e0 0x7f2ae819fe30 unknown :-1 s=HELLO_CONNECTING pgs=0 cs=0 l=1 rev1=1 crypto rx=0 tx=0 comp rx=0 tx=0).handle_hello peer v2:172.21.15.119:3300/0 says I am v2:172.21.15.119:49950/0 (socket says 172.21.15.119:49950)
2024-04-23T14:36:26.829 INFO:teuthology.orchestra.run.smithi119.stdout:/usr/bin/ceph: stderr
2024-04-23T14:36:25.808+0000 7f2ae5e00700 1 -- 172.21.15.119:0/819378040 learned_addr learned my addr 172.21.15.119:0/819378040 (peer_addr_for_me v2:172.21.15.119:0/0)
2024-04-23T14:36:26.829 INFO:teuthology.orchestra.run.smithi119.stdout:/usr/bin/ceph: stderr
2024-04-23T14:36:25.809+0000 7f2ae5e00700 1 -- 172.21.15.119:0/819378040 --> [v2:172.21.15.119:3300/0,v1:172.21.15.119:6789/0] -- mon_subscribe({config=0+,monmap=0+}) v3 -- 0x7f2ad8009550 con 0x7f2ae80802e0
2024-04-23T14:36:26.829 INFO:teuthology.orchestra.run.smithi119.stdout:/usr/bin/ceph: stderr
2024-04-23T14:36:25.809+0000 7f2ae5e00700 1 --2- 172.21.15.119:0/819378040 >> [v2:172.21.15.119:3300/0,v1:172.21.15.119:6789/0] conn(0x7f2ae80802e0 0x7f2ae819fe30 secure :-1 s=READY pgs=83 cs=0 l=1 rev1=1 crypto rx=0x7f2ad8000c00 tx=0x7f2ad8011b50 comp rx=0 tx=0).ready entity=mon.0 client_cookie=0 server_cookie=0 in_seq=0 out_seq=0
2024-04-23T14:36:26.829 INFO:teuthology.orchestra.run.smithi119.stdout:/usr/bin/ceph: stderr
2024-04-23T14:36:25.809+0000 7f2adea00700 1 -- 172.21.15.119:0/819378040 <== mon.0 v2:172.21.15.119:3300/0 1 ==== mon_map magic: 0 v1 ==== 229+0+0 (secure 0 0 0) 0x7f2ad8003a70 con 0x7f2ae80802e0
2024-04-23T14:36:26.829 INFO:teuthology.orchestra.run.smithi119.stdout:/usr/bin/ceph: stderr
2024-04-23T14:36:25.809+0000 7f2adea00700 1 -- 172.21.15.119:0/819378040 <== mon.0 v2:172.21.15.119:3300/0 2 ==== config(27 keys) v1 ==== 1101+0+0 (secure 0 0 0) 0x7f2ad8003bd0 con 0x7f2ae80802e0
2024-04-23T14:36:26.830 INFO:teuthology.orchestra.run.smithi119.stdout:/usr/bin/ceph: stderr
2024-04-23T14:36:25.809+0000 7f2aeca00700 1 -- 172.21.15.119:0/819378040 --> [v2:172.21.15.119:3300/0,v1:172.21.15.119:6789/0] -- mon_subscribe({mgrmap=0+}) v3 -- 0x7f2ae81a0570 con 0x7f2ae80802e0
2024-04-23T14:36:26.830 INFO:teuthology.orchestra.run.smithi119.stdout:/usr/bin/ceph: stderr
2024-04-23T14:36:25.809+0000 7f2adea00700 1 -- 172.21.15.119:0/819378040 <== mon.0 v2:172.21.15.119:3300/0 3 ==== mon_map magic: 0 v1 ==== 229+0+0 (secure 0 0 0) 0x7f2ad80238c0 con 0x7f2ae80802e0
2024-04-23T14:36:26.830 INFO:teuthology.orchestra.run.smithi119.stdout:/usr/bin/ceph: stderr
2024-04-23T14:36:25.809+0000 7f2aeca00700 1 -- 172.21.15.119:0/819378040 --> [v2:172.21.15.119:3300/0,v1:172.21.15.119:6789/0] -- mon_subscribe({osdmap=0}) v3 -- 0x7f2ae81a0990 con 0x7f2ae80802e0
2024-04-23T14:36:26.830 INFO:teuthology.orchestra.run.smithi119.stdout:/usr/bin/ceph: stderr
2024-04-23T14:36:25.810+0000 7f2adea00700 1 -- 172.21.15.119:0/819378040 <== mon.0 v2:172.21.15.119:3300/0 4 ==== mgrmap(e 12) v1 ==== 45097+0+0 (secure 0 0 0) 0x7f2ad8023b30 con 0x7f2ae80802e0
2024-04-23T14:36:26.830 INFO:teuthology.orchestra.run.smithi119.stdout:/usr/bin/ceph: stderr
2024-04-23T14:36:25.811+0000 7f2adea00700 1 --2- 172.21.15.119:0/819378040 >> [v2:172.21.15.119:6800/1114605399,v1:172.21.15.119:6801/1114605399] conn(0x7f2acc038490 0x7f2acc03a940 unknown :-1 s=NONE pgs=0 cs=0 l=1 rev1=0 crypto rx=0 tx=0 comp rx=0 tx=0).connect
2024-04-23T14:36:26.830 INFO:teuthology.orchestra.run.smithi119.stdout:/usr/bin/ceph: stderr
2024-04-23T14:36:25.811+0000 7f2aeca00700 1 -- 172.21.15.119:0/819378040 --> [v2:172.21.15.119:3300/0,v1:172.21.15.119:6789/0] -- mon_command({"prefix": "get_command_descriptions"} v 0) v1 -- 0x7f2ae8062380 con 0x7f2ae80802e0
2024-04-23T14:36:26.830 INFO:teuthology.orchestra.run.smithi119.stdout:/usr/bin/ceph: stderr
2024-04-23T14:36:25.811+0000 7f2adea00700 1 -- 172.21.15.119:0/819378040 <== mon.0 v2:172.21.15.119:3300/0 5 ==== osd_map(3..3 src has 1..3) v4 ==== 1155+0+0 (secure 0 0 0) 0x7f2ad804c400 con 0x7f2ae80802e0
2024-04-23T14:36:26.830 INFO:teuthology.orchestra.run.smithi119.stdout:/usr/bin/ceph: stderr
2024-04-23T14:36:25.811+0000 7f2adfe00700 1 --2- 172.21.15.119:0/819378040 >> [v2:172.21.15.119:6800/1114605399,v1:172.21.15.119:6801/1114605399] conn(0x7f2acc038490 0x7f2acc03a940 unknown :-1 s=BANNER_CONNECTING pgs=0 cs=0 l=1 rev1=0 crypto rx=0 tx=0 comp rx=0 tx=0)._handle_peer_banner_payload supported=3 required=0
2024-04-23T14:36:26.830 INFO:teuthology.orchestra.run.smithi119.stdout:/usr/bin/ceph: stderr
2024-04-23T14:36:25.812+0000 7f2adfe00700 1 --2- 172.21.15.119:0/819378040 >> [v2:172.21.15.119:6800/1114605399,v1:172.21.15.119:6801/1114605399] conn(0x7f2acc038490 0x7f2acc03a940 secure :-1 s=READY pgs=7 cs=0 l=1 rev1=1 crypto rx=0x7f2ad0006fd0 tx=0x7f2ad0006e40 comp rx=0 tx=0).ready entity=mgr.14164 client_cookie=0 server_cookie=0 in_seq=0 out_seq=0
2024-04-23T14:36:26.830 INFO:teuthology.orchestra.run.smithi119.stdout:/usr/bin/ceph: stderr
2024-04-23T14:36:25.817+0000 7f2adea00700 1 -- 172.21.15.119:0/819378040 <== mon.0 v2:172.21.15.119:3300/0 6 ==== mon_command_ack([{"prefix": "get_command_descriptions"}]=0 v0) v1 ==== 72+0+177933 (secure 0 0 0) 0x7f2ad8010740 con 0x7f2ae80802e0
2024-04-23T14:36:26.830 INFO:teuthology.orchestra.run.smithi119.stdout:/usr/bin/ceph: stderr
2024-04-23T14:36:26.039+0000 7f2aeca00700 1 -- 172.21.15.119:0/819378040 --> [v2:172.21.15.119:6800/1114605399,v1:172.21.15.119:6801/1114605399] -- mgr_command(tid 0: {"prefix": "dashboard create-self-signed-cert", "target": ["mon-mgr", ""]}) v1 -- 0x7f2ae807d540 con 0x7f2acc038490
2024-04-23T14:36:26.830 INFO:teuthology.orchestra.run.smithi119.stdout:/usr/bin/ceph: stderr
2024-04-23T14:36:26.137+0000 7f2adea00700 1 -- 172.21.15.119:0/819378040 <== mgr.14164 v2:172.21.15.119:6800/1114605399 1 ==== mgr_command_reply(tid 0: 0 ) v1 ==== 8+0+32 (secure 0 0 0) 0x7f2ae807d540 con 0x7f2acc038490
2024-04-23T14:36:26.830 INFO:teuthology.orchestra.run.smithi119.stdout:/usr/bin/ceph: stderr
2024-04-23T14:36:26.140+0000 7f2aeca00700 1 -- 172.21.15.119:0/819378040 >> [v2:172.21.15.119:6800/1114605399,v1:172.21.15.119:6801/1114605399] conn(0x7f2acc038490 msgr2=0x7f2acc03a940 secure :-1 s=STATE_CONNECTION_ESTABLISHED l=1).mark_down
2024-04-23T14:36:26.830 INFO:teuthology.orchestra.run.smithi119.stdout:/usr/bin/ceph: stderr
2024-04-23T14:36:26.140+0000 7f2aeca00700 1 --2- 172.21.15.119:0/819378040 >> [v2:172.21.15.119:6800/1114605399,v1:172.21.15.119:6801/1114605399] conn(0x7f2acc038490 0x7f2acc03a940 secure :-1 s=READY pgs=7 cs=0 l=1 rev1=1 crypto rx=0x7f2ad0006fd0 tx=0x7f2ad0006e40 comp rx=0 tx=0).stop
2024-04-23T14:36:26.830 INFO:teuthology.orchestra.run.smithi119.stdout:/usr/bin/ceph: stderr
2024-04-23T14:36:26.140+0000 7f2aeca00700 1 -- 172.21.15.119:0/819378040 >> [v2:172.21.15.119:3300/0,v1:172.21.15.119:6789/0] conn(0x7f2ae80802e0 msgr2=0x7f2ae819fe30 secure :-1 s=STATE_CONNECTION_ESTABLISHED l=1).mark_down
2024-04-23T14:36:26.831 INFO:teuthology.orchestra.run.smithi119.stdout:/usr/bin/ceph: stderr
2024-04-23T14:36:26.140+0000 7f2aeca00700 1 --2- 172.21.15.119:0/819378040 >> [v2:172.21.15.119:3300/0,v1:172.21.15.119:6789/0] conn(0x7f2ae80802e0 0x7f2ae819fe30 secure :-1 s=READY pgs=83 cs=0 l=1 rev1=1 crypto rx=0x7f2ad8000c00 tx=0x7f2ad8011b50 comp rx=0 tx=0).stop
2024-04-23T14:36:26.831 INFO:teuthology.orchestra.run.smithi119.stdout:/usr/bin/ceph: stderr
2024-04-23T14:36:26.141+0000 7f2aeca00700 1 -- 172.21.15.119:0/819378040 shutdown_connections
2024-04-23T14:36:26.831 INFO:teuthology.orchestra.run.smithi119.stdout:/usr/bin/ceph: stderr
2024-04-23T14:36:26.141+0000 7f2aeca00700 1 --2- 172.21.15.119:0/819378040 >> [v2:172.21.15.119:6800/1114605399,v1:172.21.15.119:6801/1114605399] conn(0x7f2acc038490 0x7f2acc03a940 unknown :-1 s=CLOSED pgs=7 cs=0 l=1 rev1=1 crypto rx=0 tx=0 comp rx=0 tx=0).stop
2024-04-23T14:36:26.831 INFO:teuthology.orchestra.run.smithi119.stdout:/usr/bin/ceph: stderr
2024-04-23T14:36:26.141+0000 7f2aeca00700 1 --2- 172.21.15.119:0/819378040 >> [v2:172.21.15.119:3300/0,v1:172.21.15.119:6789/0] conn(0x7f2ae80802e0 0x7f2ae819fe30 unknown :-1 s=CLOSED pgs=83 cs=0 l=1 rev1=1 crypto rx=0 tx=0 comp rx=0 tx=0).stop
2024-04-23T14:36:26.831 INFO:teuthology.orchestra.run.smithi119.stdout:/usr/bin/ceph: stderr
2024-04-23T14:36:26.141+0000 7f2aeca00700 1 -- 172.21.15.119:0/819378040 >> 172.21.15.119:0/819378040 conn(0x7f2ae807b220 msgr2=0x7f2ae807c920 unknown :-1 s=STATE_NONE l=0).mark_down
2024-04-23T14:36:26.831 INFO:teuthology.orchestra.run.smithi119.stdout:/usr/bin/ceph: stderr
2024-04-23T14:36:26.141+0000 7f2aeca00700 1 -- 172.21.15.119:0/819378040 shutdown_connections
2024-04-23T14:36:26.831 INFO:teuthology.orchestra.run.smithi119.stdout:/usr/bin/ceph: stderr
2024-04-23T14:36:26.141+0000 7f2aeca00700 1 -- 172.21.15.119:0/819378040 wait complete.
2024-04-23T14:36:26.831 INFO:teuthology.orchestra.run.smithi119.stdout:Creating initial admin user...
2024-04-23T14:36:27.482 INFO:journalctl@ceph.mon.smithi119.smithi119.stdout:Apr 23 14:36:27 smithi119 ceph-mon[25623]: from='client.14176 -' entity='client.admin' cmd=[{"prefix": "dashboard create-self-signed-cert", "target": ["mon-mgr", ""]}]: dispatch
2024-04-23T14:36:27.482 INFO:journalctl@ceph.mon.smithi119.smithi119.stdout:Apr 23 14:36:27 smithi119 ceph-mon[25623]: from='mgr.14164 172.21.15.119:0/56895117' entity='mgr.smithi119.ktehza'
2024-04-23T14:36:27.482 INFO:journalctl@ceph.mon.smithi119.smithi119.stdout:Apr 23 14:36:27 smithi119 ceph-mon[25623]: from='mgr.14164 172.21.15.119:0/56895117' entity='mgr.smithi119.ktehza'
2024-04-23T14:36:27.482 INFO:journalctl@ceph.mon.smithi119.smithi119.stdout:Apr 23 14:36:27 smithi119 ceph-mon[25623]: from='mgr.14164 172.21.15.119:0/56895117' entity='mgr.smithi119.ktehza'
2024-04-23T14:36:29.333 INFO:journalctl@ceph.mon.smithi119.smithi119.stdout:Apr 23 14:36:29 smithi119 ceph-mon[25623]: from='client.14178 -' entity='client.admin' cmd=[{"prefix": "dashboard ac-user-create", "username": "admin", "rolename": "administrator", "force_password": true, "pwd_update_required": true, "target": ["mon-mgr", ""]}]: dispatch
2024-04-23T14:36:29.334 INFO:journalctl@ceph.mon.smithi119.smithi119.stdout:Apr 23 14:36:29 smithi119 ceph-mon[25623]: from='mgr.14164 172.21.15.119:0/56895117' entity='mgr.smithi119.ktehza'
2024-04-23T14:36:29.511 INFO:teuthology.orchestra.run.smithi119.stdout:/usr/bin/ceph: stdout {"username": "admin", "password": "$2b$12$KgNm0OMW6O//djiCjaaMIeDDh/ItB6LvBKdWQMthiRIsy3EoXtk3e", "roles": ["administrator"], "name": null, "email": null, "lastUpdate": 1713882988, "enabled": true, "pwdExpirationDate": null, "pwdUpdateRequired": true}
2024-04-23T14:36:29.511 INFO:teuthology.orchestra.run.smithi119.stdout:/usr/bin/ceph: stderr
2024-04-23T14:36:27.529+0000 7fbd25800700 1 Processor -- start
2024-04-23T14:36:29.512 INFO:teuthology.orchestra.run.smithi119.stdout:/usr/bin/ceph: stderr
2024-04-23T14:36:27.530+0000 7fbd25800700 1 -- start start
2024-04-23T14:36:29.512 INFO:teuthology.orchestra.run.smithi119.stdout:/usr/bin/ceph: stderr
2024-04-23T14:36:27.530+0000 7fbd25800700 1 --2- >> [v2:172.21.15.119:3300/0,v1:172.21.15.119:6789/0] conn(0x7fbd2007acc0 0x7fbd200791c0 unknown :-1 s=NONE pgs=0 cs=0 l=0 rev1=0 crypto rx=0 tx=0 comp rx=0 tx=0).connect
2024-04-23T14:36:29.512 INFO:teuthology.orchestra.run.smithi119.stdout:/usr/bin/ceph: stderr
2024-04-23T14:36:27.530+0000 7fbd25800700 1 -- --> [v2:172.21.15.119:3300/0,v1:172.21.15.119:6789/0] -- mon_getmap magic: 0 v1 -- 0x7fbd20079700 con 0x7fbd2007acc0
2024-04-23T14:36:29.512 INFO:teuthology.orchestra.run.smithi119.stdout:/usr/bin/ceph: stderr
2024-04-23T14:36:27.530+0000 7fbd1ea00700 1 --2- >> [v2:172.21.15.119:3300/0,v1:172.21.15.119:6789/0] conn(0x7fbd2007acc0 0x7fbd200791c0 unknown :-1 s=BANNER_CONNECTING pgs=0 cs=0 l=0 rev1=0 crypto rx=0 tx=0 comp rx=0 tx=0)._handle_peer_banner_payload supported=3 required=0
2024-04-23T14:36:29.512 INFO:teuthology.orchestra.run.smithi119.stdout:/usr/bin/ceph: stderr
2024-04-23T14:36:27.530+0000 7fbd1ea00700 1 --2- >> [v2:172.21.15.119:3300/0,v1:172.21.15.119:6789/0] conn(0x7fbd2007acc0 0x7fbd200791c0 unknown :-1 s=HELLO_CONNECTING pgs=0 cs=0 l=0 rev1=1 crypto rx=0 tx=0 comp rx=0 tx=0).handle_hello peer v2:172.21.15.119:3300/0 says I am v2:172.21.15.119:49964/0 (socket says 172.21.15.119:49964)
2024-04-23T14:36:29.512 INFO:teuthology.orchestra.run.smithi119.stdout:/usr/bin/ceph: stderr
2024-04-23T14:36:27.530+0000 7fbd1ea00700 1 -- 172.21.15.119:0/1236200183 learned_addr learned my addr 172.21.15.119:0/1236200183 (peer_addr_for_me v2:172.21.15.119:0/0)
2024-04-23T14:36:29.512 INFO:teuthology.orchestra.run.smithi119.stdout:/usr/bin/ceph: stderr
2024-04-23T14:36:27.531+0000 7fbd1ea00700 1 -- 172.21.15.119:0/1236200183 --> [v2:172.21.15.119:3300/0,v1:172.21.15.119:6789/0] -- mon_subscribe({config=0+,monmap=0+}) v3 -- 0x7fbd20079840 con 0x7fbd2007acc0
2024-04-23T14:36:29.512 INFO:teuthology.orchestra.run.smithi119.stdout:/usr/bin/ceph: stderr
2024-04-23T14:36:27.531+0000 7fbd1ea00700 1 --2- 172.21.15.119:0/1236200183 >> [v2:172.21.15.119:3300/0,v1:172.21.15.119:6789/0] conn(0x7fbd2007acc0 0x7fbd200791c0 secure :-1 s=READY pgs=84 cs=0 l=1 rev1=1 crypto rx=0x7fbd100098a0 tx=0x7fbd10009bb0 comp rx=0 tx=0).ready entity=mon.0 client_cookie=f4d4d7592fbcd9a5 server_cookie=0 in_seq=0 out_seq=0
2024-04-23T14:36:29.512 INFO:teuthology.orchestra.run.smithi119.stdout:/usr/bin/ceph: stderr
2024-04-23T14:36:27.531+0000 7fbd1d600700 1 -- 172.21.15.119:0/1236200183 <== mon.0 v2:172.21.15.119:3300/0 1 ==== mon_map magic: 0 v1 ==== 229+0+0 (secure 0 0 0) 0x7fbd10004180 con 0x7fbd2007acc0
2024-04-23T14:36:29.512 INFO:teuthology.orchestra.run.smithi119.stdout:/usr/bin/ceph: stderr
2024-04-23T14:36:27.531+0000 7fbd1d600700 1 -- 172.21.15.119:0/1236200183 <== mon.0 v2:172.21.15.119:3300/0 2 ==== config(27 keys) v1 ==== 1101+0+0 (secure 0 0 0) 0x7fbd100042e0 con 0x7fbd2007acc0
2024-04-23T14:36:29.512 INFO:teuthology.orchestra.run.smithi119.stdout:/usr/bin/ceph: stderr
2024-04-23T14:36:27.531+0000 7fbd1d600700 1 -- 172.21.15.119:0/1236200183 <== mon.0 v2:172.21.15.119:3300/0 3 ==== mon_map magic: 0 v1 ==== 229+0+0 (secure 0 0 0) 0x7fbd10011af0 con 0x7fbd2007acc0
2024-04-23T14:36:29.512 INFO:teuthology.orchestra.run.smithi119.stdout:/usr/bin/ceph: stderr
2024-04-23T14:36:27.532+0000 7fbd25800700 1 -- 172.21.15.119:0/1236200183 >> [v2:172.21.15.119:3300/0,v1:172.21.15.119:6789/0] conn(0x7fbd2007acc0 msgr2=0x7fbd200791c0 secure :-1 s=STATE_CONNECTION_ESTABLISHED l=1).mark_down
2024-04-23T14:36:29.512 INFO:teuthology.orchestra.run.smithi119.stdout:/usr/bin/ceph: stderr
2024-04-23T14:36:27.532+0000 7fbd25800700 1 --2- 172.21.15.119:0/1236200183 >> [v2:172.21.15.119:3300/0,v1:172.21.15.119:6789/0] conn(0x7fbd2007acc0 0x7fbd200791c0 secure :-1 s=READY pgs=84 cs=0 l=1 rev1=1 crypto rx=0x7fbd100098a0 tx=0x7fbd10009bb0 comp rx=0 tx=0).stop
2024-04-23T14:36:29.512 INFO:teuthology.orchestra.run.smithi119.stdout:/usr/bin/ceph: stderr
2024-04-23T14:36:27.532+0000 7fbd25800700 1 -- 172.21.15.119:0/1236200183 shutdown_connections
2024-04-23T14:36:29.513 INFO:teuthology.orchestra.run.smithi119.stdout:/usr/bin/ceph: stderr
2024-04-23T14:36:27.532+0000 7fbd25800700 1 --2- 172.21.15.119:0/1236200183 >> [v2:172.21.15.119:3300/0,v1:172.21.15.119:6789/0] conn(0x7fbd2007acc0 0x7fbd200791c0 unknown :-1 s=CLOSED pgs=84 cs=0 l=1 rev1=1 crypto rx=0 tx=0 comp rx=0 tx=0).stop
2024-04-23T14:36:29.513 INFO:teuthology.orchestra.run.smithi119.stdout:/usr/bin/ceph: stderr
2024-04-23T14:36:27.532+0000 7fbd25800700 1 -- 172.21.15.119:0/1236200183 >> 172.21.15.119:0/1236200183 conn(0x7fbd20101160 msgr2=0x7fbd20103590 unknown :-1 s=STATE_NONE l=0).mark_down
2024-04-23T14:36:29.513 INFO:teuthology.orchestra.run.smithi119.stdout:/usr/bin/ceph: stderr
2024-04-23T14:36:27.533+0000 7fbd25800700 1 -- 172.21.15.119:0/1236200183 shutdown_connections
2024-04-23T14:36:29.513 INFO:teuthology.orchestra.run.smithi119.stdout:/usr/bin/ceph: stderr
2024-04-23T14:36:27.533+0000 7fbd25800700 1 -- 172.21.15.119:0/1236200183 wait complete.
2024-04-23T14:36:29.513 INFO:teuthology.orchestra.run.smithi119.stdout:/usr/bin/ceph: stderr
2024-04-23T14:36:27.534+0000 7fbd25800700 1 Processor -- start
2024-04-23T14:36:29.513 INFO:teuthology.orchestra.run.smithi119.stdout:/usr/bin/ceph: stderr
2024-04-23T14:36:27.534+0000 7fbd25800700 1 -- start start
2024-04-23T14:36:29.513 INFO:teuthology.orchestra.run.smithi119.stdout:/usr/bin/ceph: stderr
2024-04-23T14:36:27.534+0000 7fbd25800700 1 --2- >> [v2:172.21.15.119:3300/0,v1:172.21.15.119:6789/0] conn(0x7fbd2007acc0 0x7fbd2019baf0 unknown :-1 s=NONE pgs=0 cs=0 l=1 rev1=0 crypto rx=0 tx=0 comp rx=0 tx=0).connect
2024-04-23T14:36:29.513 INFO:teuthology.orchestra.run.smithi119.stdout:/usr/bin/ceph: stderr
2024-04-23T14:36:27.534+0000 7fbd25800700 1 -- --> [v2:172.21.15.119:3300/0,v1:172.21.15.119:6789/0] -- mon_getmap magic: 0 v1 -- 0x7fbd2019c030 con 0x7fbd2007acc0
2024-04-23T14:36:29.513 INFO:teuthology.orchestra.run.smithi119.stdout:/usr/bin/ceph: stderr
2024-04-23T14:36:27.535+0000 7fbd1ea00700 1 --2- >> [v2:172.21.15.119:3300/0,v1:172.21.15.119:6789/0] conn(0x7fbd2007acc0 0x7fbd2019baf0 unknown :-1 s=BANNER_CONNECTING pgs=0 cs=0 l=1 rev1=0 crypto rx=0 tx=0 comp rx=0 tx=0)._handle_peer_banner_payload supported=3 required=0
2024-04-23T14:36:29.513 INFO:teuthology.orchestra.run.smithi119.stdout:/usr/bin/ceph: stderr
2024-04-23T14:36:27.535+0000 7fbd1ea00700 1 --2- >> [v2:172.21.15.119:3300/0,v1:172.21.15.119:6789/0] conn(0x7fbd2007acc0 0x7fbd2019baf0 unknown :-1 s=HELLO_CONNECTING pgs=0 cs=0 l=1 rev1=1 crypto rx=0 tx=0 comp rx=0 tx=0).handle_hello peer v2:172.21.15.119:3300/0 says I am v2:172.21.15.119:49974/0 (socket says 172.21.15.119:49974)
2024-04-23T14:36:29.513 INFO:teuthology.orchestra.run.smithi119.stdout:/usr/bin/ceph: stderr
2024-04-23T14:36:27.535+0000 7fbd1ea00700 1 -- 172.21.15.119:0/85130779 learned_addr learned my addr 172.21.15.119:0/85130779 (peer_addr_for_me v2:172.21.15.119:0/0)
2024-04-23T14:36:29.513 INFO:teuthology.orchestra.run.smithi119.stdout:/usr/bin/ceph: stderr
2024-04-23T14:36:27.535+0000 7fbd1ea00700 1 -- 172.21.15.119:0/85130779 --> [v2:172.21.15.119:3300/0,v1:172.21.15.119:6789/0] -- mon_subscribe({config=0+,monmap=0+}) v3 -- 0x7fbd10009550 con 0x7fbd2007acc0
2024-04-23T14:36:29.513 INFO:teuthology.orchestra.run.smithi119.stdout:/usr/bin/ceph: stderr
2024-04-23T14:36:27.535+0000 7fbd1ea00700 1 --2- 172.21.15.119:0/85130779 >> [v2:172.21.15.119:3300/0,v1:172.21.15.119:6789/0] conn(0x7fbd2007acc0 0x7fbd2019baf0 secure :-1 s=READY pgs=85 cs=0 l=1 rev1=1 crypto rx=0x7fbd10000c00 tx=0x7fbd10011b50 comp rx=0 tx=0).ready entity=mon.0 client_cookie=0 server_cookie=0 in_seq=0 out_seq=0
2024-04-23T14:36:29.513 INFO:teuthology.orchestra.run.smithi119.stdout:/usr/bin/ceph: stderr
2024-04-23T14:36:27.536+0000 7fbd17400700 1 -- 172.21.15.119:0/85130779 <== mon.0 v2:172.21.15.119:3300/0 1 ==== mon_map magic: 0 v1 ==== 229+0+0 (secure 0 0 0) 0x7fbd10003a70 con 0x7fbd2007acc0
