2024-04-23T14:36:06.751+0000 7fe794e00700 1 --2- >> [v2:172.21.15.119:3300/0,v1:172.21.15.119:6789/0] conn(0x7fe79007bdd0 0x7fe79007a2d0 unknown :-1 s=HELLO_CONNECTING pgs=0 cs=0 l=0 rev1=1 crypto rx=0 tx=0 comp rx=0 tx=0).handle_hello peer v2:172.21.15.119:3300/0 says I am v2:172.21.15.119:38558/0 (socket says 172.21.15.119:38558)
2024-04-23T14:36:07.695 INFO:teuthology.orchestra.run.smithi119.stdout:/usr/bin/ceph: stderr
2024-04-23T14:36:06.751+0000 7fe794e00700 1 -- 172.21.15.119:0/1896957263 learned_addr learned my addr 172.21.15.119:0/1896957263 (peer_addr_for_me v2:172.21.15.119:0/0)
2024-04-23T14:36:07.695 INFO:teuthology.orchestra.run.smithi119.stdout:/usr/bin/ceph: stderr
2024-04-23T14:36:06.752+0000 7fe794e00700 1 -- 172.21.15.119:0/1896957263 --> [v2:172.21.15.119:3300/0,v1:172.21.15.119:6789/0] -- mon_subscribe({config=0+,monmap=0+}) v3 -- 0x7fe79007a950 con 0x7fe79007bdd0
2024-04-23T14:36:07.695 INFO:teuthology.orchestra.run.smithi119.stdout:/usr/bin/ceph: stderr
2024-04-23T14:36:06.752+0000 7fe794e00700 1 --2- 172.21.15.119:0/1896957263 >> [v2:172.21.15.119:3300/0,v1:172.21.15.119:6789/0] conn(0x7fe79007bdd0 0x7fe79007a2d0 secure :-1 s=READY pgs=59 cs=0 l=1 rev1=1 crypto rx=0x7fe7840098a0 tx=0x7fe784009bb0 comp rx=0 tx=0).ready entity=mon.0 client_cookie=33a65e13903be46a server_cookie=0 in_seq=0 out_seq=0
2024-04-23T14:36:07.695 INFO:teuthology.orchestra.run.smithi119.stdout:/usr/bin/ceph: stderr
2024-04-23T14:36:06.752+0000 7fe78f400700 1 -- 172.21.15.119:0/1896957263 <== mon.0 v2:172.21.15.119:3300/0 1 ==== mon_map magic: 0 v1 ==== 229+0+0 (secure 0 0 0) 0x7fe784004180 con 0x7fe79007bdd0
2024-04-23T14:36:07.695 INFO:teuthology.orchestra.run.smithi119.stdout:/usr/bin/ceph: stderr
2024-04-23T14:36:06.752+0000 7fe78f400700 1 -- 172.21.15.119:0/1896957263 <== mon.0 v2:172.21.15.119:3300/0 2 ==== config(27 keys) v1 ==== 1101+0+0 (secure 0 0 0) 0x7fe7840042e0 con 0x7fe79007bdd0
2024-04-23T14:36:07.695 INFO:teuthology.orchestra.run.smithi119.stdout:/usr/bin/ceph: stderr
2024-04-23T14:36:06.752+0000 7fe78f400700 1 -- 172.21.15.119:0/1896957263 <== mon.0 v2:172.21.15.119:3300/0 3 ==== mon_map magic: 0 v1 ==== 229+0+0 (secure 0 0 0) 0x7fe784011af0 con 0x7fe79007bdd0
2024-04-23T14:36:07.695 INFO:teuthology.orchestra.run.smithi119.stdout:/usr/bin/ceph: stderr
2024-04-23T14:36:06.753+0000 7fe797800700 1 -- 172.21.15.119:0/1896957263 >> [v2:172.21.15.119:3300/0,v1:172.21.15.119:6789/0] conn(0x7fe79007bdd0 msgr2=0x7fe79007a2d0 secure :-1 s=STATE_CONNECTION_ESTABLISHED l=1).mark_down
2024-04-23T14:36:07.695 INFO:teuthology.orchestra.run.smithi119.stdout:/usr/bin/ceph: stderr
2024-04-23T14:36:06.753+0000 7fe797800700 1 --2- 172.21.15.119:0/1896957263 >> [v2:172.21.15.119:3300/0,v1:172.21.15.119:6789/0] conn(0x7fe79007bdd0 0x7fe79007a2d0 secure :-1 s=READY pgs=59 cs=0 l=1 rev1=1 crypto rx=0x7fe7840098a0 tx=0x7fe784009bb0 comp rx=0 tx=0).stop
2024-04-23T14:36:07.695 INFO:teuthology.orchestra.run.smithi119.stdout:/usr/bin/ceph: stderr
2024-04-23T14:36:06.753+0000 7fe797800700 1 -- 172.21.15.119:0/1896957263 shutdown_connections
2024-04-23T14:36:07.695 INFO:teuthology.orchestra.run.smithi119.stdout:/usr/bin/ceph: stderr
2024-04-23T14:36:06.753+0000 7fe797800700 1 --2- 172.21.15.119:0/1896957263 >> [v2:172.21.15.119:3300/0,v1:172.21.15.119:6789/0] conn(0x7fe79007bdd0 0x7fe79007a2d0 unknown :-1 s=CLOSED pgs=59 cs=0 l=1 rev1=1 crypto rx=0 tx=0 comp rx=0 tx=0).stop
2024-04-23T14:36:07.695 INFO:teuthology.orchestra.run.smithi119.stdout:/usr/bin/ceph: stderr
2024-04-23T14:36:06.753+0000 7fe797800700 1 -- 172.21.15.119:0/1896957263 >> 172.21.15.119:0/1896957263 conn(0x7fe790101180 msgr2=0x7fe790103590 unknown :-1 s=STATE_NONE l=0).mark_down
2024-04-23T14:36:07.695 INFO:teuthology.orchestra.run.smithi119.stdout:/usr/bin/ceph: stderr
2024-04-23T14:36:06.753+0000 7fe797800700 1 -- 172.21.15.119:0/1896957263 shutdown_connections
2024-04-23T14:36:07.696 INFO:teuthology.orchestra.run.smithi119.stdout:/usr/bin/ceph: stderr
2024-04-23T14:36:06.753+0000 7fe797800700 1 -- 172.21.15.119:0/1896957263 wait complete.
2024-04-23T14:36:07.696 INFO:teuthology.orchestra.run.smithi119.stdout:/usr/bin/ceph: stderr
2024-04-23T14:36:06.754+0000 7fe797800700 1 Processor -- start
2024-04-23T14:36:07.699 INFO:teuthology.orchestra.run.smithi119.stdout:/usr/bin/ceph: stderr
2024-04-23T14:36:06.755+0000 7fe797800700 1 -- start start
2024-04-23T14:36:07.699 INFO:teuthology.orchestra.run.smithi119.stdout:/usr/bin/ceph: stderr
2024-04-23T14:36:06.755+0000 7fe797800700 1 --2- >> [v2:172.21.15.119:3300/0,v1:172.21.15.119:6789/0] conn(0x7fe79007bdd0 0x7fe79019ba90 unknown :-1 s=NONE pgs=0 cs=0 l=1 rev1=0 crypto rx=0 tx=0 comp rx=0 tx=0).connect
2024-04-23T14:36:07.699 INFO:teuthology.orchestra.run.smithi119.stdout:/usr/bin/ceph: stderr
2024-04-23T14:36:06.755+0000 7fe797800700 1 -- --> [v2:172.21.15.119:3300/0,v1:172.21.15.119:6789/0] -- mon_getmap magic: 0 v1 -- 0x7fe79019bfd0 con 0x7fe79007bdd0
2024-04-23T14:36:07.699 INFO:teuthology.orchestra.run.smithi119.stdout:/usr/bin/ceph: stderr
2024-04-23T14:36:06.755+0000 7fe794e00700 1 --2- >> [v2:172.21.15.119:3300/0,v1:172.21.15.119:6789/0] conn(0x7fe79007bdd0 0x7fe79019ba90 unknown :-1 s=BANNER_CONNECTING pgs=0 cs=0 l=1 rev1=0 crypto rx=0 tx=0 comp rx=0 tx=0)._handle_peer_banner_payload supported=3 required=0
2024-04-23T14:36:07.699 INFO:teuthology.orchestra.run.smithi119.stdout:/usr/bin/ceph: stderr
2024-04-23T14:36:06.755+0000 7fe794e00700 1 --2- >> [v2:172.21.15.119:3300/0,v1:172.21.15.119:6789/0] conn(0x7fe79007bdd0 0x7fe79019ba90 unknown :-1 s=HELLO_CONNECTING pgs=0 cs=0 l=1 rev1=1 crypto rx=0 tx=0 comp rx=0 tx=0).handle_hello peer v2:172.21.15.119:3300/0 says I am v2:172.21.15.119:38564/0 (socket says 172.21.15.119:38564)
2024-04-23T14:36:07.699 INFO:teuthology.orchestra.run.smithi119.stdout:/usr/bin/ceph: stderr
2024-04-23T14:36:06.755+0000 7fe794e00700 1 -- 172.21.15.119:0/1262000645 learned_addr learned my addr 172.21.15.119:0/1262000645 (peer_addr_for_me v2:172.21.15.119:0/0)
2024-04-23T14:36:07.699 INFO:teuthology.orchestra.run.smithi119.stdout:/usr/bin/ceph: stderr
2024-04-23T14:36:06.756+0000 7fe794e00700 1 -- 172.21.15.119:0/1262000645 --> [v2:172.21.15.119:3300/0,v1:172.21.15.119:6789/0] -- mon_subscribe({config=0+,monmap=0+}) v3 -- 0x7fe784009550 con 0x7fe79007bdd0
2024-04-23T14:36:07.700 INFO:teuthology.orchestra.run.smithi119.stdout:/usr/bin/ceph: stderr
2024-04-23T14:36:06.756+0000 7fe794e00700 1 --2- 172.21.15.119:0/1262000645 >> [v2:172.21.15.119:3300/0,v1:172.21.15.119:6789/0] conn(0x7fe79007bdd0 0x7fe79019ba90 secure :-1 s=READY pgs=60 cs=0 l=1 rev1=1 crypto rx=0x7fe784000c00 tx=0x7fe784011b50 comp rx=0 tx=0).ready entity=mon.0 client_cookie=0 server_cookie=0 in_seq=0 out_seq=0
2024-04-23T14:36:07.700 INFO:teuthology.orchestra.run.smithi119.stdout:/usr/bin/ceph: stderr
2024-04-23T14:36:06.756+0000 7fe78d600700 1 -- 172.21.15.119:0/1262000645 <== mon.0 v2:172.21.15.119:3300/0 1 ==== mon_map magic: 0 v1 ==== 229+0+0 (secure 0 0 0) 0x7fe784003a70 con 0x7fe79007bdd0
2024-04-23T14:36:07.700 INFO:teuthology.orchestra.run.smithi119.stdout:/usr/bin/ceph: stderr
2024-04-23T14:36:06.756+0000 7fe78d600700 1 -- 172.21.15.119:0/1262000645 <== mon.0 v2:172.21.15.119:3300/0 2 ==== config(27 keys) v1 ==== 1101+0+0 (secure 0 0 0) 0x7fe784003bd0 con 0x7fe79007bdd0
2024-04-23T14:36:07.700 INFO:teuthology.orchestra.run.smithi119.stdout:/usr/bin/ceph: stderr
2024-04-23T14:36:06.756+0000 7fe78d600700 1 -- 172.21.15.119:0/1262000645 <== mon.0 v2:172.21.15.119:3300/0 3 ==== mon_map magic: 0 v1 ==== 229+0+0 (secure 0 0 0) 0x7fe7840238c0 con 0x7fe79007bdd0
2024-04-23T14:36:07.700 INFO:teuthology.orchestra.run.smithi119.stdout:/usr/bin/ceph: stderr
2024-04-23T14:36:06.756+0000 7fe797800700 1 -- 172.21.15.119:0/1262000645 --> [v2:172.21.15.119:3300/0,v1:172.21.15.119:6789/0] -- mon_subscribe({mgrmap=0+}) v3 -- 0x7fe79019c1d0 con 0x7fe79007bdd0
2024-04-23T14:36:07.700 INFO:teuthology.orchestra.run.smithi119.stdout:/usr/bin/ceph: stderr
2024-04-23T14:36:06.756+0000 7fe797800700 1 -- 172.21.15.119:0/1262000645 --> [v2:172.21.15.119:3300/0,v1:172.21.15.119:6789/0] -- mon_subscribe({osdmap=0}) v3 -- 0x7fe79019c5f0 con 0x7fe79007bdd0
2024-04-23T14:36:07.700 INFO:teuthology.orchestra.run.smithi119.stdout:/usr/bin/ceph: stderr
2024-04-23T14:36:06.757+0000 7fe78d600700 1 -- 172.21.15.119:0/1262000645 <== mon.0 v2:172.21.15.119:3300/0 4 ==== mgrmap(e 8) v1 ==== 45084+0+0 (secure 0 0 0) 0x7fe784023b80 con 0x7fe79007bdd0
2024-04-23T14:36:07.700 INFO:teuthology.orchestra.run.smithi119.stdout:/usr/bin/ceph: stderr
2024-04-23T14:36:06.757+0000 7fe797800700 1 -- 172.21.15.119:0/1262000645 --> [v2:172.21.15.119:3300/0,v1:172.21.15.119:6789/0] -- mon_command({"prefix": "get_command_descriptions"} v 0) v1 -- 0x7fe790062380 con 0x7fe79007bdd0
2024-04-23T14:36:07.700 INFO:teuthology.orchestra.run.smithi119.stdout:/usr/bin/ceph: stderr
2024-04-23T14:36:06.758+0000 7fe78d600700 1 --2- 172.21.15.119:0/1262000645 >> [v2:172.21.15.119:6800/2833174730,v1:172.21.15.119:6801/2833174730] conn(0x7fe7780383f0 0x7fe77803a8a0 unknown :-1 s=NONE pgs=0 cs=0 l=1 rev1=0 crypto rx=0 tx=0 comp rx=0 tx=0).connect
2024-04-23T14:36:07.700 INFO:teuthology.orchestra.run.smithi119.stdout:/usr/bin/ceph: stderr
2024-04-23T14:36:06.758+0000 7fe78d600700 1 -- 172.21.15.119:0/1262000645 <== mon.0 v2:172.21.15.119:3300/0 5 ==== osd_map(2..2 src has 1..2) v4 ==== 940+0+0 (secure 0 0 0) 0x7fe78404c290 con 0x7fe79007bdd0
2024-04-23T14:36:07.700 INFO:teuthology.orchestra.run.smithi119.stdout:/usr/bin/ceph: stderr
2024-04-23T14:36:06.758+0000 7fe78fe00700 1 --2- 172.21.15.119:0/1262000645 >> [v2:172.21.15.119:6800/2833174730,v1:172.21.15.119:6801/2833174730] conn(0x7fe7780383f0 0x7fe77803a8a0 unknown :-1 s=BANNER_CONNECTING pgs=0 cs=0 l=1 rev1=0 crypto rx=0 tx=0 comp rx=0 tx=0)._handle_peer_banner_payload supported=3 required=0
2024-04-23T14:36:07.700 INFO:teuthology.orchestra.run.smithi119.stdout:/usr/bin/ceph: stderr
2024-04-23T14:36:06.759+0000 7fe78fe00700 1 --2- 172.21.15.119:0/1262000645 >> [v2:172.21.15.119:6800/2833174730,v1:172.21.15.119:6801/2833174730] conn(0x7fe7780383f0 0x7fe77803a8a0 secure :-1 s=READY pgs=18 cs=0 l=1 rev1=1 crypto rx=0x7fe77c006fd0 tx=0x7fe77c006e40 comp rx=0 tx=0).ready entity=mgr.14120 client_cookie=0 server_cookie=0 in_seq=0 out_seq=0
2024-04-23T14:36:07.700 INFO:teuthology.orchestra.run.smithi119.stdout:/usr/bin/ceph: stderr
2024-04-23T14:36:06.763+0000 7fe78d600700 1 -- 172.21.15.119:0/1262000645 <== mon.0 v2:172.21.15.119:3300/0 6 ==== mon_command_ack([{"prefix": "get_command_descriptions"}]=0 v0) v1 ==== 72+0+177933 (secure 0 0 0) 0x7fe784023e30 con 0x7fe79007bdd0
2024-04-23T14:36:07.700 INFO:teuthology.orchestra.run.smithi119.stdout:/usr/bin/ceph: stderr
2024-04-23T14:36:06.991+0000 7fe797800700 1 -- 172.21.15.119:0/1262000645 --> [v2:172.21.15.119:6800/2833174730,v1:172.21.15.119:6801/2833174730] -- mgr_command(tid 0: {"prefix": "orch apply", "service_type": "node-exporter", "target": ["mon-mgr", ""]}) v1 -- 0x7fe790102670 con 0x7fe7780383f0
2024-04-23T14:36:07.701 INFO:teuthology.orchestra.run.smithi119.stdout:/usr/bin/ceph: stderr
2024-04-23T14:36:07.000+0000 7fe78d600700 1 -- 172.21.15.119:0/1262000645 <== mgr.14120 v2:172.21.15.119:6800/2833174730 1 ==== mgr_command_reply(tid 0: 0 ) v1 ==== 8+0+34 (secure 0 0 0) 0x7fe790102670 con 0x7fe7780383f0
2024-04-23T14:36:07.701 INFO:teuthology.orchestra.run.smithi119.stdout:/usr/bin/ceph: stderr
2024-04-23T14:36:07.004+0000 7fe797800700 1 -- 172.21.15.119:0/1262000645 >> [v2:172.21.15.119:6800/2833174730,v1:172.21.15.119:6801/2833174730] conn(0x7fe7780383f0 msgr2=0x7fe77803a8a0 secure :-1 s=STATE_CONNECTION_ESTABLISHED l=1).mark_down
2024-04-23T14:36:07.701 INFO:teuthology.orchestra.run.smithi119.stdout:/usr/bin/ceph: stderr
2024-04-23T14:36:07.004+0000 7fe797800700 1 --2- 172.21.15.119:0/1262000645 >> [v2:172.21.15.119:6800/2833174730,v1:172.21.15.119:6801/2833174730] conn(0x7fe7780383f0 0x7fe77803a8a0 secure :-1 s=READY pgs=18 cs=0 l=1 rev1=1 crypto rx=0x7fe77c006fd0 tx=0x7fe77c006e40 comp rx=0 tx=0).stop
2024-04-23T14:36:07.701 INFO:teuthology.orchestra.run.smithi119.stdout:/usr/bin/ceph: stderr
2024-04-23T14:36:07.004+0000 7fe797800700 1 -- 172.21.15.119:0/1262000645 >> [v2:172.21.15.119:3300/0,v1:172.21.15.119:6789/0] conn(0x7fe79007bdd0 msgr2=0x7fe79019ba90 secure :-1 s=STATE_CONNECTION_ESTABLISHED l=1).mark_down
2024-04-23T14:36:07.701 INFO:teuthology.orchestra.run.smithi119.stdout:/usr/bin/ceph: stderr
2024-04-23T14:36:07.004+0000 7fe797800700 1 --2- 172.21.15.119:0/1262000645 >> [v2:172.21.15.119:3300/0,v1:172.21.15.119:6789/0] conn(0x7fe79007bdd0 0x7fe79019ba90 secure :-1 s=READY pgs=60 cs=0 l=1 rev1=1 crypto rx=0x7fe784000c00 tx=0x7fe784011b50 comp rx=0 tx=0).stop
2024-04-23T14:36:07.701 INFO:teuthology.orchestra.run.smithi119.stdout:/usr/bin/ceph: stderr
2024-04-23T14:36:07.004+0000 7fe797800700 1 -- 172.21.15.119:0/1262000645 shutdown_connections
2024-04-23T14:36:07.701 INFO:teuthology.orchestra.run.smithi119.stdout:/usr/bin/ceph: stderr
2024-04-23T14:36:07.004+0000 7fe797800700 1 --2- 172.21.15.119:0/1262000645 >> [v2:172.21.15.119:6800/2833174730,v1:172.21.15.119:6801/2833174730] conn(0x7fe7780383f0 0x7fe77803a8a0 unknown :-1 s=CLOSED pgs=18 cs=0 l=1 rev1=1 crypto rx=0 tx=0 comp rx=0 tx=0).stop
2024-04-23T14:36:07.701 INFO:teuthology.orchestra.run.smithi119.stdout:/usr/bin/ceph: stderr
2024-04-23T14:36:07.004+0000 7fe797800700 1 --2- 172.21.15.119:0/1262000645 >> [v2:172.21.15.119:3300/0,v1:172.21.15.119:6789/0] conn(0x7fe79007bdd0 0x7fe79019ba90 unknown :-1 s=CLOSED pgs=60 cs=0 l=1 rev1=1 crypto rx=0 tx=0 comp rx=0 tx=0).stop
2024-04-23T14:36:07.701 INFO:teuthology.orchestra.run.smithi119.stdout:/usr/bin/ceph: stderr
2024-04-23T14:36:07.004+0000 7fe797800700 1 -- 172.21.15.119:0/1262000645 >> 172.21.15.119:0/1262000645 conn(0x7fe790101180 msgr2=0x7fe790101f60 unknown :-1 s=STATE_NONE l=0).mark_down
2024-04-23T14:36:07.701 INFO:teuthology.orchestra.run.smithi119.stdout:/usr/bin/ceph: stderr
2024-04-23T14:36:07.004+0000 7fe797800700 1 -- 172.21.15.119:0/1262000645 shutdown_connections
2024-04-23T14:36:07.701 INFO:teuthology.orchestra.run.smithi119.stdout:/usr/bin/ceph: stderr
2024-04-23T14:36:07.005+0000 7fe797800700 1 -- 172.21.15.119:0/1262000645 wait complete.
2024-04-23T14:36:07.701 INFO:teuthology.orchestra.run.smithi119.stdout:Deploying alertmanager service with default placement...
2024-04-23T14:36:08.320 INFO:journalctl@ceph.mon.smithi119.smithi119.stdout:Apr 23 14:36:08 smithi119 ceph-mon[25623]: pgmap v6: 0 pgs: ; 0 B data, 0 B used, 0 B / 0 B avail
2024-04-23T14:36:08.320 INFO:journalctl@ceph.mon.smithi119.smithi119.stdout:Apr 23 14:36:08 smithi119 ceph-mon[25623]: from='client.14154 -' entity='client.admin' cmd=[{"prefix": "orch apply", "service_type": "node-exporter", "target": ["mon-mgr", ""]}]: dispatch
2024-04-23T14:36:08.320 INFO:journalctl@ceph.mon.smithi119.smithi119.stdout:Apr 23 14:36:08 smithi119 ceph-mon[25623]: Saving service node-exporter spec with placement *
2024-04-23T14:36:09.329 INFO:teuthology.orchestra.run.smithi119.stdout:/usr/bin/ceph: stdout Scheduled alertmanager update...
2024-04-23T14:36:09.329 INFO:teuthology.orchestra.run.smithi119.stdout:/usr/bin/ceph: stderr
2024-04-23T14:36:08.319+0000 7f1b73800700 1 Processor -- start
2024-04-23T14:36:09.329 INFO:teuthology.orchestra.run.smithi119.stdout:/usr/bin/ceph: stderr
2024-04-23T14:36:08.319+0000 7f1b73800700 1 -- start start
2024-04-23T14:36:09.329 INFO:teuthology.orchestra.run.smithi119.stdout:/usr/bin/ceph: stderr
2024-04-23T14:36:08.320+0000 7f1b73800700 1 --2- >> [v2:172.21.15.119:3300/0,v1:172.21.15.119:6789/0] conn(0x7f1b6c07ad00 0x7f1b6c079200 unknown :-1 s=NONE pgs=0 cs=0 l=0 rev1=0 crypto rx=0 tx=0 comp rx=0 tx=0).connect
2024-04-23T14:36:09.329 INFO:teuthology.orchestra.run.smithi119.stdout:/usr/bin/ceph: stderr
2024-04-23T14:36:08.320+0000 7f1b73800700 1 -- --> [v2:172.21.15.119:3300/0,v1:172.21.15.119:6789/0] -- mon_getmap magic: 0 v1 -- 0x7f1b6c079740 con 0x7f1b6c07ad00
2024-04-23T14:36:09.329 INFO:teuthology.orchestra.run.smithi119.stdout:/usr/bin/ceph: stderr
2024-04-23T14:36:08.320+0000 7f1b70e00700 1 --2- >> [v2:172.21.15.119:3300/0,v1:172.21.15.119:6789/0] conn(0x7f1b6c07ad00 0x7f1b6c079200 unknown :-1 s=BANNER_CONNECTING pgs=0 cs=0 l=0 rev1=0 crypto rx=0 tx=0 comp rx=0 tx=0)._handle_peer_banner_payload supported=3 required=0
2024-04-23T14:36:09.329 INFO:teuthology.orchestra.run.smithi119.stdout:/usr/bin/ceph: stderr
2024-04-23T14:36:08.320+0000 7f1b70e00700 1 --2- >> [v2:172.21.15.119:3300/0,v1:172.21.15.119:6789/0] conn(0x7f1b6c07ad00 0x7f1b6c079200 unknown :-1 s=HELLO_CONNECTING pgs=0 cs=0 l=0 rev1=1 crypto rx=0 tx=0 comp rx=0 tx=0).handle_hello peer v2:172.21.15.119:3300/0 says I am v2:172.21.15.119:38576/0 (socket says 172.21.15.119:38576)
2024-04-23T14:36:09.329 INFO:teuthology.orchestra.run.smithi119.stdout:/usr/bin/ceph: stderr
2024-04-23T14:36:08.320+0000 7f1b70e00700 1 -- 172.21.15.119:0/2129503645 learned_addr learned my addr 172.21.15.119:0/2129503645 (peer_addr_for_me v2:172.21.15.119:0/0)
2024-04-23T14:36:09.329 INFO:teuthology.orchestra.run.smithi119.stdout:/usr/bin/ceph: stderr
2024-04-23T14:36:08.321+0000 7f1b70e00700 1 -- 172.21.15.119:0/2129503645 --> [v2:172.21.15.119:3300/0,v1:172.21.15.119:6789/0] -- mon_subscribe({config=0+,monmap=0+}) v3 -- 0x7f1b6c079880 con 0x7f1b6c07ad00
2024-04-23T14:36:09.330 INFO:teuthology.orchestra.run.smithi119.stdout:/usr/bin/ceph: stderr
2024-04-23T14:36:08.321+0000 7f1b70e00700 1 --2- 172.21.15.119:0/2129503645 >> [v2:172.21.15.119:3300/0,v1:172.21.15.119:6789/0] conn(0x7f1b6c07ad00 0x7f1b6c079200 secure :-1 s=READY pgs=61 cs=0 l=1 rev1=1 crypto rx=0x7f1b600098a0 tx=0x7f1b60009bb0 comp rx=0 tx=0).ready entity=mon.0 client_cookie=bc8d2a60bd80b1a3 server_cookie=0 in_seq=0 out_seq=0
2024-04-23T14:36:09.330 INFO:teuthology.orchestra.run.smithi119.stdout:/usr/bin/ceph: stderr
2024-04-23T14:36:08.321+0000 7f1b6b400700 1 -- 172.21.15.119:0/2129503645 <== mon.0 v2:172.21.15.119:3300/0 1 ==== mon_map magic: 0 v1 ==== 229+0+0 (secure 0 0 0) 0x7f1b60004180 con 0x7f1b6c07ad00
2024-04-23T14:36:09.330 INFO:teuthology.orchestra.run.smithi119.stdout:/usr/bin/ceph: stderr
2024-04-23T14:36:08.321+0000 7f1b6b400700 1 -- 172.21.15.119:0/2129503645 <== mon.0 v2:172.21.15.119:3300/0 2 ==== config(27 keys) v1 ==== 1101+0+0 (secure 0 0 0) 0x7f1b600042e0 con 0x7f1b6c07ad00
2024-04-23T14:36:09.330 INFO:teuthology.orchestra.run.smithi119.stdout:/usr/bin/ceph: stderr
2024-04-23T14:36:08.321+0000 7f1b6b400700 1 -- 172.21.15.119:0/2129503645 <== mon.0 v2:172.21.15.119:3300/0 3 ==== mon_map magic: 0 v1 ==== 229+0+0 (secure 0 0 0) 0x7f1b60011af0 con 0x7f1b6c07ad00
2024-04-23T14:36:09.330 INFO:teuthology.orchestra.run.smithi119.stdout:/usr/bin/ceph: stderr
2024-04-23T14:36:08.322+0000 7f1b73800700 1 -- 172.21.15.119:0/2129503645 >> [v2:172.21.15.119:3300/0,v1:172.21.15.119:6789/0] conn(0x7f1b6c07ad00 msgr2=0x7f1b6c079200 secure :-1 s=STATE_CONNECTION_ESTABLISHED l=1).mark_down
2024-04-23T14:36:09.330 INFO:teuthology.orchestra.run.smithi119.stdout:/usr/bin/ceph: stderr
2024-04-23T14:36:08.322+0000 7f1b73800700 1 --2- 172.21.15.119:0/2129503645 >> [v2:172.21.15.119:3300/0,v1:172.21.15.119:6789/0] conn(0x7f1b6c07ad00 0x7f1b6c079200 secure :-1 s=READY pgs=61 cs=0 l=1 rev1=1 crypto rx=0x7f1b600098a0 tx=0x7f1b60009bb0 comp rx=0 tx=0).stop
2024-04-23T14:36:09.330 INFO:teuthology.orchestra.run.smithi119.stdout:/usr/bin/ceph: stderr
2024-04-23T14:36:08.322+0000 7f1b73800700 1 -- 172.21.15.119:0/2129503645 shutdown_connections
2024-04-23T14:36:09.330 INFO:teuthology.orchestra.run.smithi119.stdout:/usr/bin/ceph: stderr
2024-04-23T14:36:08.322+0000 7f1b73800700 1 --2- 172.21.15.119:0/2129503645 >> [v2:172.21.15.119:3300/0,v1:172.21.15.119:6789/0] conn(0x7f1b6c07ad00 0x7f1b6c079200 unknown :-1 s=CLOSED pgs=61 cs=0 l=1 rev1=1 crypto rx=0 tx=0 comp rx=0 tx=0).stop
2024-04-23T14:36:09.330 INFO:teuthology.orchestra.run.smithi119.stdout:/usr/bin/ceph: stderr
2024-04-23T14:36:08.322+0000 7f1b73800700 1 -- 172.21.15.119:0/2129503645 >> 172.21.15.119:0/2129503645 conn(0x7f1b6c101160 msgr2=0x7f1b6c103590 unknown :-1 s=STATE_NONE l=0).mark_down
2024-04-23T14:36:09.330 INFO:teuthology.orchestra.run.smithi119.stdout:/usr/bin/ceph: stderr
2024-04-23T14:36:08.322+0000 7f1b73800700 1 -- 172.21.15.119:0/2129503645 shutdown_connections
2024-04-23T14:36:09.330 INFO:teuthology.orchestra.run.smithi119.stdout:/usr/bin/ceph: stderr
2024-04-23T14:36:08.322+0000 7f1b73800700 1 -- 172.21.15.119:0/2129503645 wait complete.
2024-04-23T14:36:09.330 INFO:teuthology.orchestra.run.smithi119.stdout:/usr/bin/ceph: stderr
2024-04-23T14:36:08.324+0000 7f1b73800700 1 Processor -- start
2024-04-23T14:36:09.330 INFO:teuthology.orchestra.run.smithi119.stdout:/usr/bin/ceph: stderr
2024-04-23T14:36:08.324+0000 7f1b73800700 1 -- start start
2024-04-23T14:36:09.330 INFO:teuthology.orchestra.run.smithi119.stdout:/usr/bin/ceph: stderr
2024-04-23T14:36:08.324+0000 7f1b73800700 1 --2- >> [v2:172.21.15.119:3300/0,v1:172.21.15.119:6789/0] conn(0x7f1b6c07ad00 0x7f1b6c19bad0 unknown :-1 s=NONE pgs=0 cs=0 l=1 rev1=0 crypto rx=0 tx=0 comp rx=0 tx=0).connect
2024-04-23T14:36:09.331 INFO:teuthology.orchestra.run.smithi119.stdout:/usr/bin/ceph: stderr
2024-04-23T14:36:08.324+0000 7f1b73800700 1 -- --> [v2:172.21.15.119:3300/0,v1:172.21.15.119:6789/0] -- mon_getmap magic: 0 v1 -- 0x7f1b6c19c010 con 0x7f1b6c07ad00
2024-04-23T14:36:09.331 INFO:teuthology.orchestra.run.smithi119.stdout:/usr/bin/ceph: stderr
2024-04-23T14:36:08.325+0000 7f1b70e00700 1 --2- >> [v2:172.21.15.119:3300/0,v1:172.21.15.119:6789/0] conn(0x7f1b6c07ad00 0x7f1b6c19bad0 unknown :-1 s=BANNER_CONNECTING pgs=0 cs=0 l=1 rev1=0 crypto rx=0 tx=0 comp rx=0 tx=0)._handle_peer_banner_payload supported=3 required=0
2024-04-23T14:36:09.331 INFO:teuthology.orchestra.run.smithi119.stdout:/usr/bin/ceph: stderr
2024-04-23T14:36:08.325+0000 7f1b70e00700 1 --2- >> [v2:172.21.15.119:3300/0,v1:172.21.15.119:6789/0] conn(0x7f1b6c07ad00 0x7f1b6c19bad0 unknown :-1 s=HELLO_CONNECTING pgs=0 cs=0 l=1 rev1=1 crypto rx=0 tx=0 comp rx=0 tx=0).handle_hello peer v2:172.21.15.119:3300/0 says I am v2:172.21.15.119:38590/0 (socket says 172.21.15.119:38590)
2024-04-23T14:36:09.331 INFO:teuthology.orchestra.run.smithi119.stdout:/usr/bin/ceph: stderr
2024-04-23T14:36:08.325+0000 7f1b70e00700 1 -- 172.21.15.119:0/991370425 learned_addr learned my addr 172.21.15.119:0/991370425 (peer_addr_for_me v2:172.21.15.119:0/0)
2024-04-23T14:36:09.331 INFO:teuthology.orchestra.run.smithi119.stdout:/usr/bin/ceph: stderr
2024-04-23T14:36:08.325+0000 7f1b70e00700 1 -- 172.21.15.119:0/991370425 --> [v2:172.21.15.119:3300/0,v1:172.21.15.119:6789/0] -- mon_subscribe({config=0+,monmap=0+}) v3 -- 0x7f1b60009550 con 0x7f1b6c07ad00
2024-04-23T14:36:09.331 INFO:teuthology.orchestra.run.smithi119.stdout:/usr/bin/ceph: stderr
2024-04-23T14:36:08.325+0000 7f1b70e00700 1 --2- 172.21.15.119:0/991370425 >> [v2:172.21.15.119:3300/0,v1:172.21.15.119:6789/0] conn(0x7f1b6c07ad00 0x7f1b6c19bad0 secure :-1 s=READY pgs=62 cs=0 l=1 rev1=1 crypto rx=0x7f1b60000c00 tx=0x7f1b60011b50 comp rx=0 tx=0).ready entity=mon.0 client_cookie=0 server_cookie=0 in_seq=0 out_seq=0
2024-04-23T14:36:09.331 INFO:teuthology.orchestra.run.smithi119.stdout:/usr/bin/ceph: stderr
2024-04-23T14:36:08.326+0000 7f1b69600700 1 -- 172.21.15.119:0/991370425 <== mon.0 v2:172.21.15.119:3300/0 1 ==== mon_map magic: 0 v1 ==== 229+0+0 (secure 0 0 0) 0x7f1b60003a70 con 0x7f1b6c07ad00
2024-04-23T14:36:09.331 INFO:teuthology.orchestra.run.smithi119.stdout:/usr/bin/ceph: stderr
2024-04-23T14:36:08.326+0000 7f1b69600700 1 -- 172.21.15.119:0/991370425 <== mon.0 v2:172.21.15.119:3300/0 2 ==== config(27 keys) v1 ==== 1101+0+0 (secure 0 0 0) 0x7f1b60003bd0 con 0x7f1b6c07ad00
2024-04-23T14:36:09.331 INFO:teuthology.orchestra.run.smithi119.stdout:/usr/bin/ceph: stderr
2024-04-23T14:36:08.326+0000 7f1b73800700 1 -- 172.21.15.119:0/991370425 --> [v2:172.21.15.119:3300/0,v1:172.21.15.119:6789/0] -- mon_subscribe({mgrmap=0+}) v3 -- 0x7f1b6c19c210 con 0x7f1b6c07ad00
2024-04-23T14:36:09.331 INFO:teuthology.orchestra.run.smithi119.stdout:/usr/bin/ceph: stderr
2024-04-23T14:36:08.326+0000 7f1b69600700 1 -- 172.21.15.119:0/991370425 <== mon.0 v2:172.21.15.119:3300/0 3 ==== mon_map magic: 0 v1 ==== 229+0+0 (secure 0 0 0) 0x7f1b600238c0 con 0x7f1b6c07ad00
2024-04-23T14:36:09.331 INFO:teuthology.orchestra.run.smithi119.stdout:/usr/bin/ceph: stderr
2024-04-23T14:36:08.326+0000 7f1b73800700 1 -- 172.21.15.119:0/991370425 --> [v2:172.21.15.119:3300/0,v1:172.21.15.119:6789/0] -- mon_subscribe({osdmap=0}) v3 -- 0x7f1b6c19c630 con 0x7f1b6c07ad00
2024-04-23T14:36:09.331 INFO:teuthology.orchestra.run.smithi119.stdout:/usr/bin/ceph: stderr
2024-04-23T14:36:08.327+0000 7f1b69600700 1 -- 172.21.15.119:0/991370425 <== mon.0 v2:172.21.15.119:3300/0 4 ==== mgrmap(e 8) v1 ==== 45084+0+0 (secure 0 0 0) 0x7f1b6001a430 con 0x7f1b6c07ad00
2024-04-23T14:36:09.331 INFO:teuthology.orchestra.run.smithi119.stdout:/usr/bin/ceph: stderr
2024-04-23T14:36:08.327+0000 7f1b73800700 1 -- 172.21.15.119:0/991370425 --> [v2:172.21.15.119:3300/0,v1:172.21.15.119:6789/0] -- mon_command({"prefix": "get_command_descriptions"} v 0) v1 -- 0x7f1b6c062380 con 0x7f1b6c07ad00
2024-04-23T14:36:09.331 INFO:teuthology.orchestra.run.smithi119.stdout:/usr/bin/ceph: stderr
2024-04-23T14:36:08.327+0000 7f1b69600700 1 --2- 172.21.15.119:0/991370425 >> [v2:172.21.15.119:6800/2833174730,v1:172.21.15.119:6801/2833174730] conn(0x7f1b54038440 0x7f1b5403a8f0 unknown :-1 s=NONE pgs=0 cs=0 l=1 rev1=0 crypto rx=0 tx=0 comp rx=0 tx=0).connect
2024-04-23T14:36:09.331 INFO:teuthology.orchestra.run.smithi119.stdout:/usr/bin/ceph: stderr
2024-04-23T14:36:08.327+0000 7f1b69600700 1 -- 172.21.15.119:0/991370425 <== mon.0 v2:172.21.15.119:3300/0 5 ==== osd_map(2..2 src has 1..2) v4 ==== 940+0+0 (secure 0 0 0) 0x7f1b6004c230 con 0x7f1b6c07ad00
2024-04-23T14:36:09.332 INFO:teuthology.orchestra.run.smithi119.stdout:/usr/bin/ceph: stderr
2024-04-23T14:36:08.328+0000 7f1b6be00700 1 --2- 172.21.15.119:0/991370425 >> [v2:172.21.15.119:6800/2833174730,v1:172.21.15.119:6801/2833174730] conn(0x7f1b54038440 0x7f1b5403a8f0 unknown :-1 s=BANNER_CONNECTING pgs=0 cs=0 l=1 rev1=0 crypto rx=0 tx=0 comp rx=0 tx=0)._handle_peer_banner_payload supported=3 required=0
2024-04-23T14:36:09.332 INFO:teuthology.orchestra.run.smithi119.stdout:/usr/bin/ceph: stderr
2024-04-23T14:36:08.328+0000 7f1b6be00700 1 --2- 172.21.15.119:0/991370425 >> [v2:172.21.15.119:6800/2833174730,v1:172.21.15.119:6801/2833174730] conn(0x7f1b54038440 0x7f1b5403a8f0 secure :-1 s=READY pgs=19 cs=0 l=1 rev1=1 crypto rx=0x7f1b58006fd0 tx=0x7f1b58006e40 comp rx=0 tx=0).ready entity=mgr.14120 client_cookie=0 server_cookie=0 in_seq=0 out_seq=0
2024-04-23T14:36:09.332 INFO:teuthology.orchestra.run.smithi119.stdout:/usr/bin/ceph: stderr
2024-04-23T14:36:08.332+0000 7f1b69600700 1 -- 172.21.15.119:0/991370425 <== mon.0 v2:172.21.15.119:3300/0 6 ==== mon_command_ack([{"prefix": "get_command_descriptions"}]=0 v0) v1 ==== 72+0+177933 (secure 0 0 0) 0x7f1b60010560 con 0x7f1b6c07ad00
2024-04-23T14:36:09.332 INFO:teuthology.orchestra.run.smithi119.stdout:/usr/bin/ceph: stderr
2024-04-23T14:36:08.559+0000 7f1b73800700 1 -- 172.21.15.119:0/991370425 --> [v2:172.21.15.119:6800/2833174730,v1:172.21.15.119:6801/2833174730] -- mgr_command(tid 0: {"prefix": "orch apply", "service_type": "alertmanager", "target": ["mon-mgr", ""]}) v1 -- 0x7f1b6c103430 con 0x7f1b54038440
2024-04-23T14:36:09.332 INFO:teuthology.orchestra.run.smithi119.stdout:/usr/bin/ceph: stderr
2024-04-23T14:36:08.568+0000 7f1b69600700 1 -- 172.21.15.119:0/991370425 <== mgr.14120 v2:172.21.15.119:6800/2833174730 1 ==== mgr_command_reply(tid 0: 0 ) v1 ==== 8+0+33 (secure 0 0 0) 0x7f1b6c103430 con 0x7f1b54038440
2024-04-23T14:36:09.332 INFO:teuthology.orchestra.run.smithi119.stdout:/usr/bin/ceph: stderr
2024-04-23T14:36:08.571+0000 7f1b73800700 1 -- 172.21.15.119:0/991370425 >> [v2:172.21.15.119:6800/2833174730,v1:172.21.15.119:6801/2833174730] conn(0x7f1b54038440 msgr2=0x7f1b5403a8f0 secure :-1 s=STATE_CONNECTION_ESTABLISHED l=1).mark_down
2024-04-23T14:36:09.332 INFO:teuthology.orchestra.run.smithi119.stdout:/usr/bin/ceph: stderr
2024-04-23T14:36:08.571+0000 7f1b73800700 1 --2- 172.21.15.119:0/991370425 >> [v2:172.21.15.119:6800/2833174730,v1:172.21.15.119:6801/2833174730] conn(0x7f1b54038440 0x7f1b5403a8f0 secure :-1 s=READY pgs=19 cs=0 l=1 rev1=1 crypto rx=0x7f1b58006fd0 tx=0x7f1b58006e40 comp rx=0 tx=0).stop
2024-04-23T14:36:09.332 INFO:teuthology.orchestra.run.smithi119.stdout:/usr/bin/ceph: stderr
2024-04-23T14:36:08.571+0000 7f1b73800700 1 -- 172.21.15.119:0/991370425 >> [v2:172.21.15.119:3300/0,v1:172.21.15.119:6789/0] conn(0x7f1b6c07ad00 msgr2=0x7f1b6c19bad0 secure :-1 s=STATE_CONNECTION_ESTABLISHED l=1).mark_down
2024-04-23T14:36:09.332 INFO:teuthology.orchestra.run.smithi119.stdout:/usr/bin/ceph: stderr
2024-04-23T14:36:08.571+0000 7f1b73800700 1 --2- 172.21.15.119:0/991370425 >> [v2:172.21.15.119:3300/0,v1:172.21.15.119:6789/0] conn(0x7f1b6c07ad00 0x7f1b6c19bad0 secure :-1 s=READY pgs=62 cs=0 l=1 rev1=1 crypto rx=0x7f1b60000c00 tx=0x7f1b60011b50 comp rx=0 tx=0).stop
2024-04-23T14:36:09.332 INFO:teuthology.orchestra.run.smithi119.stdout:/usr/bin/ceph: stderr
2024-04-23T14:36:08.571+0000 7f1b73800700 1 -- 172.21.15.119:0/991370425 shutdown_connections
2024-04-23T14:36:09.332 INFO:teuthology.orchestra.run.smithi119.stdout:/usr/bin/ceph: stderr
2024-04-23T14:36:08.571+0000 7f1b73800700 1 --2- 172.21.15.119:0/991370425 >> [v2:172.21.15.119:6800/2833174730,v1:172.21.15.119:6801/2833174730] conn(0x7f1b54038440 0x7f1b5403a8f0 unknown :-1 s=CLOSED pgs=19 cs=0 l=1 rev1=1 crypto rx=0 tx=0 comp rx=0 tx=0).stop
2024-04-23T14:36:09.332 INFO:teuthology.orchestra.run.smithi119.stdout:/usr/bin/ceph: stderr
2024-04-23T14:36:08.571+0000 7f1b73800700 1 --2- 172.21.15.119:0/991370425 >> [v2:172.21.15.119:3300/0,v1:172.21.15.119:6789/0] conn(0x7f1b6c07ad00 0x7f1b6c19bad0 unknown :-1 s=CLOSED pgs=62 cs=0 l=1 rev1=1 crypto rx=0 tx=0 comp rx=0 tx=0).stop
2024-04-23T14:36:09.332 INFO:teuthology.orchestra.run.smithi119.stdout:/usr/bin/ceph: stderr
2024-04-23T14:36:08.571+0000 7f1b73800700 1 -- 172.21.15.119:0/991370425 >> 172.21.15.119:0/991370425 conn(0x7f1b6c101160 msgr2=0x7f1b6c102810 unknown :-1 s=STATE_NONE l=0).mark_down
2024-04-23T14:36:09.332 INFO:teuthology.orchestra.run.smithi119.stdout:/usr/bin/ceph: stderr
2024-04-23T14:36:08.571+0000 7f1b73800700 1 -- 172.21.15.119:0/991370425 shutdown_connections
2024-04-23T14:36:09.332 INFO:teuthology.orchestra.run.smithi119.stdout:/usr/bin/ceph: stderr
2024-04-23T14:36:08.571+0000 7f1b73800700 1 -- 172.21.15.119:0/991370425 wait complete.
2024-04-23T14:36:09.833 INFO:journalctl@ceph.mon.smithi119.smithi119.stdout:Apr 23 14:36:09 smithi119 ceph-mon[25623]: from='client.14156 -' entity='client.admin' cmd=[{"prefix": "orch apply", "service_type": "alertmanager", "target": ["mon-mgr", ""]}]: dispatch
2024-04-23T14:36:09.833 INFO:journalctl@ceph.mon.smithi119.smithi119.stdout:Apr 23 14:36:09 smithi119 ceph-mon[25623]: Saving service alertmanager spec with placement count:1
2024-04-23T14:36:09.833 INFO:journalctl@ceph.mon.smithi119.smithi119.stdout:Apr 23 14:36:09 smithi119 ceph-mon[25623]: from='mgr.14120 172.21.15.119:0/1526708295' entity='mgr.smithi119.ktehza'
2024-04-23T14:36:09.833 INFO:journalctl@ceph.mon.smithi119.smithi119.stdout:Apr 23 14:36:09 smithi119 ceph-mon[25623]: pgmap v7: 0 pgs: ; 0 B data, 0 B used, 0 B / 0 B avail
2024-04-23T14:36:10.899 INFO:teuthology.orchestra.run.smithi119.stdout:/usr/bin/ceph: stderr
2024-04-23T14:36:09.917+0000 7f048ee00700 1 Processor -- start
2024-04-23T14:36:10.899 INFO:teuthology.orchestra.run.smithi119.stdout:/usr/bin/ceph: stderr
2024-04-23T14:36:09.917+0000 7f048ee00700 1 -- start start
2024-04-23T14:36:10.899 INFO:teuthology.orchestra.run.smithi119.stdout:/usr/bin/ceph: stderr
2024-04-23T14:36:09.917+0000 7f048ee00700 1 --2- >> [v2:172.21.15.119:3300/0,v1:172.21.15.119:6789/0] conn(0x7f04880802e0 0x7f048810ecd0 unknown :-1 s=NONE pgs=0 cs=0 l=0 rev1=0 crypto rx=0 tx=0 comp rx=0 tx=0).connect
2024-04-23T14:36:10.899 INFO:teuthology.orchestra.run.smithi119.stdout:/usr/bin/ceph: stderr
2024-04-23T14:36:09.917+0000 7f048ee00700 1 -- --> [v2:172.21.15.119:3300/0,v1:172.21.15.119:6789/0] -- mon_getmap magic: 0 v1 -- 0x7f048810f210 con 0x7f04880802e0
2024-04-23T14:36:10.899 INFO:teuthology.orchestra.run.smithi119.stdout:/usr/bin/ceph: stderr
2024-04-23T14:36:09.918+0000 7f0487e00700 1 --2- >> [v2:172.21.15.119:3300/0,v1:172.21.15.119:6789/0] conn(0x7f04880802e0 0x7f048810ecd0 unknown :-1 s=BANNER_CONNECTING pgs=0 cs=0 l=0 rev1=0 crypto rx=0 tx=0 comp rx=0 tx=0)._handle_peer_banner_payload supported=3 required=0
2024-04-23T14:36:10.899 INFO:teuthology.orchestra.run.smithi119.stdout:/usr/bin/ceph: stderr
2024-04-23T14:36:09.918+0000 7f0487e00700 1 --2- >> [v2:172.21.15.119:3300/0,v1:172.21.15.119:6789/0] conn(0x7f04880802e0 0x7f048810ecd0 unknown :-1 s=HELLO_CONNECTING pgs=0 cs=0 l=0 rev1=1 crypto rx=0 tx=0 comp rx=0 tx=0).handle_hello peer v2:172.21.15.119:3300/0 says I am v2:172.21.15.119:38592/0 (socket says 172.21.15.119:38592)
2024-04-23T14:36:10.899 INFO:teuthology.orchestra.run.smithi119.stdout:/usr/bin/ceph: stderr
2024-04-23T14:36:09.918+0000 7f0487e00700 1 -- 172.21.15.119:0/3948827298 learned_addr learned my addr 172.21.15.119:0/3948827298 (peer_addr_for_me v2:172.21.15.119:0/0)
2024-04-23T14:36:10.899 INFO:teuthology.orchestra.run.smithi119.stdout:/usr/bin/ceph: stderr
2024-04-23T14:36:09.918+0000 7f0487e00700 1 -- 172.21.15.119:0/3948827298 --> [v2:172.21.15.119:3300/0,v1:172.21.15.119:6789/0] -- mon_subscribe({config=0+,monmap=0+}) v3 -- 0x7f048810f350 con 0x7f04880802e0
2024-04-23T14:36:10.900 INFO:teuthology.orchestra.run.smithi119.stdout:/usr/bin/ceph: stderr
2024-04-23T14:36:09.919+0000 7f0487e00700 1 --2- 172.21.15.119:0/3948827298 >> [v2:172.21.15.119:3300/0,v1:172.21.15.119:6789/0] conn(0x7f04880802e0 0x7f048810ecd0 secure :-1 s=READY pgs=63 cs=0 l=1 rev1=1 crypto rx=0x7f04780098a0 tx=0x7f0478009bb0 comp rx=0 tx=0).ready entity=mon.0 client_cookie=a316d03c512999d2 server_cookie=0 in_seq=0 out_seq=0
2024-04-23T14:36:10.900 INFO:teuthology.orchestra.run.smithi119.stdout:/usr/bin/ceph: stderr
2024-04-23T14:36:09.919+0000 7f0486a00700 1 -- 172.21.15.119:0/3948827298 <== mon.0 v2:172.21.15.119:3300/0 1 ==== mon_map magic: 0 v1 ==== 229+0+0 (secure 0 0 0) 0x7f0478004180 con 0x7f04880802e0
2024-04-23T14:36:10.900 INFO:teuthology.orchestra.run.smithi119.stdout:/usr/bin/ceph: stderr
2024-04-23T14:36:09.919+0000 7f0486a00700 1 -- 172.21.15.119:0/3948827298 <== mon.0 v2:172.21.15.119:3300/0 2 ==== config(27 keys) v1 ==== 1101+0+0 (secure 0 0 0) 0x7f04780042e0 con 0x7f04880802e0
2024-04-23T14:36:10.900 INFO:teuthology.orchestra.run.smithi119.stdout:/usr/bin/ceph: stderr
2024-04-23T14:36:09.919+0000 7f0486a00700 1 -- 172.21.15.119:0/3948827298 <== mon.0 v2:172.21.15.119:3300/0 3 ==== mon_map magic: 0 v1 ==== 229+0+0 (secure 0 0 0) 0x7f0478011af0 con 0x7f04880802e0
2024-04-23T14:36:10.900 INFO:teuthology.orchestra.run.smithi119.stdout:/usr/bin/ceph: stderr
2024-04-23T14:36:09.919+0000 7f048ee00700 1 -- 172.21.15.119:0/3948827298 >> [v2:172.21.15.119:3300/0,v1:172.21.15.119:6789/0] conn(0x7f04880802e0 msgr2=0x7f048810ecd0 secure :-1 s=STATE_CONNECTION_ESTABLISHED l=1).mark_down
2024-04-23T14:36:10.900 INFO:teuthology.orchestra.run.smithi119.stdout:/usr/bin/ceph: stderr
2024-04-23T14:36:09.919+0000 7f048ee00700 1 --2- 172.21.15.119:0/3948827298 >> [v2:172.21.15.119:3300/0,v1:172.21.15.119:6789/0] conn(0x7f04880802e0 0x7f048810ecd0 secure :-1 s=READY pgs=63 cs=0 l=1 rev1=1 crypto rx=0x7f04780098a0 tx=0x7f0478009bb0 comp rx=0 tx=0).stop
2024-04-23T14:36:10.900 INFO:teuthology.orchestra.run.smithi119.stdout:/usr/bin/ceph: stderr
2024-04-23T14:36:09.920+0000 7f048ee00700 1 -- 172.21.15.119:0/3948827298 shutdown_connections
2024-04-23T14:36:10.900 INFO:teuthology.orchestra.run.smithi119.stdout:/usr/bin/ceph: stderr
2024-04-23T14:36:09.920+0000 7f048ee00700 1 --2- 172.21.15.119:0/3948827298 >> [v2:172.21.15.119:3300/0,v1:172.21.15.119:6789/0] conn(0x7f04880802e0 0x7f048810ecd0 unknown :-1 s=CLOSED pgs=63 cs=0 l=1 rev1=1 crypto rx=0 tx=0 comp rx=0 tx=0).stop
2024-04-23T14:36:10.900 INFO:teuthology.orchestra.run.smithi119.stdout:/usr/bin/ceph: stderr
2024-04-23T14:36:09.920+0000 7f048ee00700 1 -- 172.21.15.119:0/3948827298 >> 172.21.15.119:0/3948827298 conn(0x7f048807b220 msgr2=0x7f048807d650 unknown :-1 s=STATE_NONE l=0).mark_down
2024-04-23T14:36:10.900 INFO:teuthology.orchestra.run.smithi119.stdout:/usr/bin/ceph: stderr
2024-04-23T14:36:09.920+0000 7f048ee00700 1 -- 172.21.15.119:0/3948827298 shutdown_connections
2024-04-23T14:36:10.900 INFO:teuthology.orchestra.run.smithi119.stdout:/usr/bin/ceph: stderr
2024-04-23T14:36:09.920+0000 7f048ee00700 1 -- 172.21.15.119:0/3948827298 wait complete.
2024-04-23T14:36:10.900 INFO:teuthology.orchestra.run.smithi119.stdout:/usr/bin/ceph: stderr
2024-04-23T14:36:09.921+0000 7f048ee00700 1 Processor -- start
2024-04-23T14:36:10.900 INFO:teuthology.orchestra.run.smithi119.stdout:/usr/bin/ceph: stderr
2024-04-23T14:36:09.921+0000 7f048ee00700 1 -- start start
2024-04-23T14:36:10.900 INFO:teuthology.orchestra.run.smithi119.stdout:/usr/bin/ceph: stderr
2024-04-23T14:36:09.921+0000 7f048ee00700 1 --2- >> [v2:172.21.15.119:3300/0,v1:172.21.15.119:6789/0] conn(0x7f04880802e0 0x7f048819fea0 unknown :-1 s=NONE pgs=0 cs=0 l=1 rev1=0 crypto rx=0 tx=0 comp rx=0 tx=0).connect
2024-04-23T14:36:10.900 INFO:teuthology.orchestra.run.smithi119.stdout:/usr/bin/ceph: stderr
2024-04-23T14:36:09.921+0000 7f048ee00700 1 -- --> [v2:172.21.15.119:3300/0,v1:172.21.15.119:6789/0] -- mon_getmap magic: 0 v1 -- 0x7f04881a03e0 con 0x7f04880802e0
2024-04-23T14:36:10.901 INFO:teuthology.orchestra.run.smithi119.stdout:/usr/bin/ceph: stderr
2024-04-23T14:36:09.921+0000 7f0487e00700 1 --2- >> [v2:172.21.15.119:3300/0,v1:172.21.15.119:6789/0] conn(0x7f04880802e0 0x7f048819fea0 unknown :-1 s=BANNER_CONNECTING pgs=0 cs=0 l=1 rev1=0 crypto rx=0 tx=0 comp rx=0 tx=0)._handle_peer_banner_payload supported=3 required=0
2024-04-23T14:36:10.901 INFO:teuthology.orchestra.run.smithi119.stdout:/usr/bin/ceph: stderr
2024-04-23T14:36:09.921+0000 7f0487e00700 1 --2- >> [v2:172.21.15.119:3300/0,v1:172.21.15.119:6789/0] conn(0x7f04880802e0 0x7f048819fea0 unknown :-1 s=HELLO_CONNECTING pgs=0 cs=0 l=1 rev1=1 crypto rx=0 tx=0 comp rx=0 tx=0).handle_hello peer v2:172.21.15.119:3300/0 says I am v2:172.21.15.119:38596/0 (socket says 172.21.15.119:38596)
2024-04-23T14:36:10.901 INFO:teuthology.orchestra.run.smithi119.stdout:/usr/bin/ceph: stderr
2024-04-23T14:36:09.921+0000 7f0487e00700 1 -- 172.21.15.119:0/995901255 learned_addr learned my addr 172.21.15.119:0/995901255 (peer_addr_for_me v2:172.21.15.119:0/0)
2024-04-23T14:36:10.901 INFO:teuthology.orchestra.run.smithi119.stdout:/usr/bin/ceph: stderr
2024-04-23T14:36:09.922+0000 7f0487e00700 1 -- 172.21.15.119:0/995901255 --> [v2:172.21.15.119:3300/0,v1:172.21.15.119:6789/0] -- mon_subscribe({config=0+,monmap=0+}) v3 -- 0x7f0478009550 con 0x7f04880802e0
2024-04-23T14:36:10.901 INFO:teuthology.orchestra.run.smithi119.stdout:/usr/bin/ceph: stderr
2024-04-23T14:36:09.922+0000 7f0487e00700 1 --2- 172.21.15.119:0/995901255 >> [v2:172.21.15.119:3300/0,v1:172.21.15.119:6789/0] conn(0x7f04880802e0 0x7f048819fea0 secure :-1 s=READY pgs=64 cs=0 l=1 rev1=1 crypto rx=0x7f0478000c00 tx=0x7f0478011b50 comp rx=0 tx=0).ready entity=mon.0 client_cookie=0 server_cookie=0 in_seq=0 out_seq=0
2024-04-23T14:36:10.901 INFO:teuthology.orchestra.run.smithi119.stdout:/usr/bin/ceph: stderr
2024-04-23T14:36:09.922+0000 7f0484c00700 1 -- 172.21.15.119:0/995901255 <== mon.0 v2:172.21.15.119:3300/0 1 ==== mon_map magic: 0 v1 ==== 229+0+0 (secure 0 0 0) 0x7f0478003a70 con 0x7f04880802e0
2024-04-23T14:36:10.901 INFO:teuthology.orchestra.run.smithi119.stdout:/usr/bin/ceph: stderr
2024-04-23T14:36:09.922+0000 7f0484c00700 1 -- 172.21.15.119:0/995901255 <== mon.0 v2:172.21.15.119:3300/0 2 ==== config(27 keys) v1 ==== 1101+0+0 (secure 0 0 0) 0x7f0478003bd0 con 0x7f04880802e0
2024-04-23T14:36:10.901 INFO:teuthology.orchestra.run.smithi119.stdout:/usr/bin/ceph: stderr
2024-04-23T14:36:09.922+0000 7f0484c00700 1 -- 172.21.15.119:0/995901255 <== mon.0 v2:172.21.15.119:3300/0 3 ==== mon_map magic: 0 v1 ==== 229+0+0 (secure 0 0 0) 0x7f04780238c0 con 0x7f04880802e0
2024-04-23T14:36:10.901 INFO:teuthology.orchestra.run.smithi119.stdout:/usr/bin/ceph: stderr
2024-04-23T14:36:09.922+0000 7f048ee00700 1 -- 172.21.15.119:0/995901255 --> [v2:172.21.15.119:3300/0,v1:172.21.15.119:6789/0] -- mon_subscribe({mgrmap=0+}) v3 -- 0x7f04881a05e0 con 0x7f04880802e0
2024-04-23T14:36:10.901 INFO:teuthology.orchestra.run.smithi119.stdout:/usr/bin/ceph: stderr
2024-04-23T14:36:09.923+0000 7f048ee00700 1 -- 172.21.15.119:0/995901255 --> [v2:172.21.15.119:3300/0,v1:172.21.15.119:6789/0] -- mon_subscribe({osdmap=0}) v3 -- 0x7f04881a0a00 con 0x7f04880802e0
2024-04-23T14:36:10.901 INFO:teuthology.orchestra.run.smithi119.stdout:/usr/bin/ceph: stderr
2024-04-23T14:36:09.924+0000 7f0484c00700 1 -- 172.21.15.119:0/995901255 <== mon.0 v2:172.21.15.119:3300/0 4 ==== mgrmap(e 8) v1 ==== 45084+0+0 (secure 0 0 0) 0x7f0478023b80 con 0x7f04880802e0
2024-04-23T14:36:10.901 INFO:teuthology.orchestra.run.smithi119.stdout:/usr/bin/ceph: stderr
2024-04-23T14:36:09.924+0000 7f048ee00700 1 -- 172.21.15.119:0/995901255 --> [v2:172.21.15.119:3300/0,v1:172.21.15.119:6789/0] -- mon_command({"prefix": "get_command_descriptions"} v 0) v1 -- 0x7f0488062380 con 0x7f04880802e0
2024-04-23T14:36:10.901 INFO:teuthology.orchestra.run.smithi119.stdout:/usr/bin/ceph: stderr
2024-04-23T14:36:09.924+0000 7f0484c00700 1 --2- 172.21.15.119:0/995901255 >> [v2:172.21.15.119:6800/2833174730,v1:172.21.15.119:6801/2833174730] conn(0x7f046c0383f0 0x7f046c03a8a0 unknown :-1 s=NONE pgs=0 cs=0 l=1 rev1=0 crypto rx=0 tx=0 comp rx=0 tx=0).connect
2024-04-23T14:36:10.901 INFO:teuthology.orchestra.run.smithi119.stdout:/usr/bin/ceph: stderr
2024-04-23T14:36:09.924+0000 7f0484c00700 1 -- 172.21.15.119:0/995901255 <== mon.0 v2:172.21.15.119:3300/0 5 ==== osd_map(2..2 src has 1..2) v4 ==== 940+0+0 (secure 0 0 0) 0x7f047804c250 con 0x7f04880802e0
2024-04-23T14:36:10.901 INFO:teuthology.orchestra.run.smithi119.stdout:/usr/bin/ceph: stderr
2024-04-23T14:36:09.925+0000 7f0487400700 1 --2- 172.21.15.119:0/995901255 >> [v2:172.21.15.119:6800/2833174730,v1:172.21.15.119:6801/2833174730] conn(0x7f046c0383f0 0x7f046c03a8a0 unknown :-1 s=BANNER_CONNECTING pgs=0 cs=0 l=1 rev1=0 crypto rx=0 tx=0 comp rx=0 tx=0)._handle_peer_banner_payload supported=3 required=0
2024-04-23T14:36:10.901 INFO:teuthology.orchestra.run.smithi119.stdout:/usr/bin/ceph: stderr
2024-04-23T14:36:09.925+0000 7f0487400700 1 --2- 172.21.15.119:0/995901255 >> [v2:172.21.15.119:6800/2833174730,v1:172.21.15.119:6801/2833174730] conn(0x7f046c0383f0 0x7f046c03a8a0 secure :-1 s=READY pgs=20 cs=0 l=1 rev1=1 crypto rx=0x7f0474006fd0 tx=0x7f0474006e40 comp rx=0 tx=0).ready entity=mgr.14120 client_cookie=0 server_cookie=0 in_seq=0 out_seq=0
2024-04-23T14:36:10.902 INFO:teuthology.orchestra.run.smithi119.stdout:/usr/bin/ceph: stderr
2024-04-23T14:36:09.930+0000 7f0484c00700 1 -- 172.21.15.119:0/995901255 <== mon.0 v2:172.21.15.119:3300/0 6 ==== mon_command_ack([{"prefix": "get_command_descriptions"}]=0 v0) v1 ==== 72+0+177933 (secure 0 0 0) 0x7f0478023e30 con 0x7f04880802e0
2024-04-23T14:36:10.902 INFO:teuthology.orchestra.run.smithi119.stdout:/usr/bin/ceph: stderr
2024-04-23T14:36:10.140+0000 7f048ee00700 1 -- 172.21.15.119:0/995901255 --> [v2:172.21.15.119:3300/0,v1:172.21.15.119:6789/0] -- mon_command([{prefix=config set, name=mgr/cephadm/container_init}] v 0) v1 -- 0x7f04881a38f0 con 0x7f04880802e0
2024-04-23T14:36:10.902 INFO:teuthology.orchestra.run.smithi119.stdout:/usr/bin/ceph: stderr
2024-04-23T14:36:10.145+0000 7f0484c00700 1 -- 172.21.15.119:0/995901255 <== mon.0 v2:172.21.15.119:3300/0 7 ==== mon_command_ack([{prefix=config set, name=mgr/cephadm/container_init}]=0 v7)=0 v7) v1 ==== 142+0+0 (secure 0 0 0) 0x7f0478018b00 con 0x7f04880802e0
2024-04-23T14:36:10.902 INFO:teuthology.orchestra.run.smithi119.stdout:/usr/bin/ceph: stderr
2024-04-23T14:36:10.148+0000 7f048ee00700 1 -- 172.21.15.119:0/995901255 >> [v2:172.21.15.119:6800/2833174730,v1:172.21.15.119:6801/2833174730] conn(0x7f046c0383f0 msgr2=0x7f046c03a8a0 secure :-1 s=STATE_CONNECTION_ESTABLISHED l=1).mark_down
2024-04-23T14:36:10.902 INFO:teuthology.orchestra.run.smithi119.stdout:/usr/bin/ceph: stderr
2024-04-23T14:36:10.148+0000 7f048ee00700 1 --2- 172.21.15.119:0/995901255 >> [v2:172.21.15.119:6800/2833174730,v1:172.21.15.119:6801/2833174730] conn(0x7f046c0383f0 0x7f046c03a8a0 secure :-1 s=READY pgs=20 cs=0 l=1 rev1=1 crypto rx=0x7f0474006fd0 tx=0x7f0474006e40 comp rx=0 tx=0).stop
2024-04-23T14:36:10.902 INFO:teuthology.orchestra.run.smithi119.stdout:/usr/bin/ceph: stderr
2024-04-23T14:36:10.148+0000 7f048ee00700 1 -- 172.21.15.119:0/995901255 >> [v2:172.21.15.119:3300/0,v1:172.21.15.119:6789/0] conn(0x7f04880802e0 msgr2=0x7f048819fea0 secure :-1 s=STATE_CONNECTION_ESTABLISHED l=1).mark_down
2024-04-23T14:36:10.902 INFO:teuthology.orchestra.run.smithi119.stdout:/usr/bin/ceph: stderr
2024-04-23T14:36:10.148+0000 7f048ee00700 1 --2- 172.21.15.119:0/995901255 >> [v2:172.21.15.119:3300/0,v1:172.21.15.119:6789/0] conn(0x7f04880802e0 0x7f048819fea0 secure :-1 s=READY pgs=64 cs=0 l=1 rev1=1 crypto rx=0x7f0478000c00 tx=0x7f0478011b50 comp rx=0 tx=0).stop
2024-04-23T14:36:10.902 INFO:teuthology.orchestra.run.smithi119.stdout:/usr/bin/ceph: stderr
2024-04-23T14:36:10.148+0000 7f048ee00700 1 -- 172.21.15.119:0/995901255 shutdown_connections
2024-04-23T14:36:10.902 INFO:teuthology.orchestra.run.smithi119.stdout:/usr/bin/ceph: stderr
2024-04-23T14:36:10.148+0000 7f048ee00700 1 --2- 172.21.15.119:0/995901255 >> [v2:172.21.15.119:6800/2833174730,v1:172.21.15.119:6801/2833174730] conn(0x7f046c0383f0 0x7f046c03a8a0 unknown :-1 s=CLOSED pgs=20 cs=0 l=1 rev1=1 crypto rx=0 tx=0 comp rx=0 tx=0).stop
2024-04-23T14:36:10.902 INFO:teuthology.orchestra.run.smithi119.stdout:/usr/bin/ceph: stderr
2024-04-23T14:36:10.148+0000 7f048ee00700 1 --2- 172.21.15.119:0/995901255 >> [v2:172.21.15.119:3300/0,v1:172.21.15.119:6789/0] conn(0x7f04880802e0 0x7f048819fea0 unknown :-1 s=CLOSED pgs=64 cs=0 l=1 rev1=1 crypto rx=0 tx=0 comp rx=0 tx=0).stop
2024-04-23T14:36:10.902 INFO:teuthology.orchestra.run.smithi119.stdout:/usr/bin/ceph: stderr
2024-04-23T14:36:10.148+0000 7f048ee00700 1 -- 172.21.15.119:0/995901255 >> 172.21.15.119:0/995901255 conn(0x7f048807b220 msgr2=0x7f048807c920 unknown :-1 s=STATE_NONE l=0).mark_down
2024-04-23T14:36:10.902 INFO:teuthology.orchestra.run.smithi119.stdout:/usr/bin/ceph: stderr
2024-04-23T14:36:10.149+0000 7f048ee00700 1 -- 172.21.15.119:0/995901255 shutdown_connections
2024-04-23T14:36:10.902 INFO:teuthology.orchestra.run.smithi119.stdout:/usr/bin/ceph: stderr
2024-04-23T14:36:10.149+0000 7f048ee00700 1 -- 172.21.15.119:0/995901255 wait complete.
2024-04-23T14:36:11.430 INFO:journalctl@ceph.mon.smithi119.smithi119.stdout:Apr 23 14:36:11 smithi119 ceph-mon[25623]: from='client.? 172.21.15.119:0/995901255' entity='client.admin'
2024-04-23T14:36:12.432 INFO:journalctl@ceph.mon.smithi119.smithi119.stdout:Apr 23 14:36:12 smithi119 ceph-mon[25623]: pgmap v8: 0 pgs: ; 0 B data, 0 B used, 0 B / 0 B avail
2024-04-23T14:36:12.432 INFO:journalctl@ceph.mon.smithi119.smithi119.stdout:Apr 23 14:36:12 smithi119 ceph-mon[25623]: from='client.? 172.21.15.119:0/2861140125' entity='client.admin'
2024-04-23T14:36:12.447 INFO:teuthology.orchestra.run.smithi119.stdout:/usr/bin/ceph: stderr
2024-04-23T14:36:11.504+0000 7f3909e00700 1 Processor -- start
2024-04-23T14:36:12.447 INFO:teuthology.orchestra.run.smithi119.stdout:/usr/bin/ceph: stderr
2024-04-23T14:36:11.504+0000 7f3909e00700 1 -- start start
2024-04-23T14:36:12.447 INFO:teuthology.orchestra.run.smithi119.stdout:/usr/bin/ceph: stderr
2024-04-23T14:36:11.505+0000 7f3909e00700 1 --2- >> [v2:172.21.15.119:3300/0,v1:172.21.15.119:6789/0] conn(0x7f3904105b10 0x7f3904105f20 unknown :-1 s=NONE pgs=0 cs=0 l=0 rev1=0 crypto rx=0 tx=0 comp rx=0 tx=0).connect
2024-04-23T14:36:12.447 INFO:teuthology.orchestra.run.smithi119.stdout:/usr/bin/ceph: stderr
2024-04-23T14:36:11.505+0000 7f3909e00700 1 -- --> [v2:172.21.15.119:3300/0,v1:172.21.15.119:6789/0] -- mon_getmap magic: 0 v1 -- 0x7f3904106460 con 0x7f3904105b10
2024-04-23T14:36:12.447 INFO:teuthology.orchestra.run.smithi119.stdout:/usr/bin/ceph: stderr
2024-04-23T14:36:11.505+0000 7f3902a00700 1 --2- >> [v2:172.21.15.119:3300/0,v1:172.21.15.119:6789/0] conn(0x7f3904105b10 0x7f3904105f20 unknown :-1 s=BANNER_CONNECTING pgs=0 cs=0 l=0 rev1=0 crypto rx=0 tx=0 comp rx=0 tx=0)._handle_peer_banner_payload supported=3 required=0
2024-04-23T14:36:12.447 INFO:teuthology.orchestra.run.smithi119.stdout:/usr/bin/ceph: stderr
2024-04-23T14:36:11.505+0000 7f3902a00700 1 --2- >> [v2:172.21.15.119:3300/0,v1:172.21.15.119:6789/0] conn(0x7f3904105b10 0x7f3904105f20 unknown :-1 s=HELLO_CONNECTING pgs=0 cs=0 l=0 rev1=1 crypto rx=0 tx=0 comp rx=0 tx=0).handle_hello peer v2:172.21.15.119:3300/0 says I am v2:172.21.15.119:38612/0 (socket says 172.21.15.119:38612)
2024-04-23T14:36:12.447 INFO:teuthology.orchestra.run.smithi119.stdout:/usr/bin/ceph: stderr
2024-04-23T14:36:11.505+0000 7f3902a00700 1 -- 172.21.15.119:0/1634073220 learned_addr learned my addr 172.21.15.119:0/1634073220 (peer_addr_for_me v2:172.21.15.119:0/0)
2024-04-23T14:36:12.447 INFO:teuthology.orchestra.run.smithi119.stdout:/usr/bin/ceph: stderr
2024-04-23T14:36:11.506+0000 7f3902a00700 1 -- 172.21.15.119:0/1634073220 --> [v2:172.21.15.119:3300/0,v1:172.21.15.119:6789/0] -- mon_subscribe({config=0+,monmap=0+}) v3 -- 0x7f39041065a0 con 0x7f3904105b10
2024-04-23T14:36:12.447 INFO:teuthology.orchestra.run.smithi119.stdout:/usr/bin/ceph: stderr
