2024-04-23T14:36:01.087+0000 7f82fbe00700 1 --2- >> [v2:172.21.15.119:3300/0,v1:172.21.15.119:6789/0] conn(0x7f82fc07acc0 0x7f82fc0791c0 unknown :-1 s=HELLO_CONNECTING pgs=0 cs=0 l=0 rev1=1 crypto rx=0 tx=0 comp rx=0 tx=0).handle_hello peer v2:172.21.15.119:3300/0 says I am v2:172.21.15.119:33222/0 (socket says 172.21.15.119:33222)
2024-04-23T14:36:02.118 INFO:teuthology.orchestra.run.smithi119.stdout:/usr/bin/ceph: stderr
2024-04-23T14:36:01.087+0000 7f82fbe00700 1 -- 172.21.15.119:0/3117954441 learned_addr learned my addr 172.21.15.119:0/3117954441 (peer_addr_for_me v2:172.21.15.119:0/0)
2024-04-23T14:36:02.118 INFO:teuthology.orchestra.run.smithi119.stdout:/usr/bin/ceph: stderr
2024-04-23T14:36:01.087+0000 7f82fbe00700 1 -- 172.21.15.119:0/3117954441 --> [v2:172.21.15.119:3300/0,v1:172.21.15.119:6789/0] -- mon_subscribe({config=0+,monmap=0+}) v3 -- 0x7f82fc079840 con 0x7f82fc07acc0
2024-04-23T14:36:02.118 INFO:teuthology.orchestra.run.smithi119.stdout:/usr/bin/ceph: stderr
2024-04-23T14:36:01.088+0000 7f82fbe00700 1 --2- 172.21.15.119:0/3117954441 >> [v2:172.21.15.119:3300/0,v1:172.21.15.119:6789/0] conn(0x7f82fc07acc0 0x7f82fc0791c0 secure :-1 s=READY pgs=53 cs=0 l=1 rev1=1 crypto rx=0x7f82ec0098a0 tx=0x7f82ec009bb0 comp rx=0 tx=0).ready entity=mon.0 client_cookie=7aef1afce3ef0a7a server_cookie=0 in_seq=0 out_seq=0
2024-04-23T14:36:02.118 INFO:teuthology.orchestra.run.smithi119.stdout:/usr/bin/ceph: stderr
2024-04-23T14:36:01.088+0000 7f82faa00700 1 -- 172.21.15.119:0/3117954441 <== mon.0 v2:172.21.15.119:3300/0 1 ==== mon_map magic: 0 v1 ==== 229+0+0 (secure 0 0 0) 0x7f82ec004180 con 0x7f82fc07acc0
2024-04-23T14:36:02.118 INFO:teuthology.orchestra.run.smithi119.stdout:/usr/bin/ceph: stderr
2024-04-23T14:36:01.088+0000 7f82faa00700 1 -- 172.21.15.119:0/3117954441 <== mon.0 v2:172.21.15.119:3300/0 2 ==== config(27 keys) v1 ==== 1101+0+0 (secure 0 0 0) 0x7f82ec0042e0 con 0x7f82fc07acc0
2024-04-23T14:36:02.118 INFO:teuthology.orchestra.run.smithi119.stdout:/usr/bin/ceph: stderr
2024-04-23T14:36:01.088+0000 7f82faa00700 1 -- 172.21.15.119:0/3117954441 <== mon.0 v2:172.21.15.119:3300/0 3 ==== mon_map magic: 0 v1 ==== 229+0+0 (secure 0 0 0) 0x7f82ec011af0 con 0x7f82fc07acc0
2024-04-23T14:36:02.118 INFO:teuthology.orchestra.run.smithi119.stdout:/usr/bin/ceph: stderr
2024-04-23T14:36:01.089+0000 7f8302e00700 1 -- 172.21.15.119:0/3117954441 >> [v2:172.21.15.119:3300/0,v1:172.21.15.119:6789/0] conn(0x7f82fc07acc0 msgr2=0x7f82fc0791c0 secure :-1 s=STATE_CONNECTION_ESTABLISHED l=1).mark_down
2024-04-23T14:36:02.118 INFO:teuthology.orchestra.run.smithi119.stdout:/usr/bin/ceph: stderr
2024-04-23T14:36:01.089+0000 7f8302e00700 1 --2- 172.21.15.119:0/3117954441 >> [v2:172.21.15.119:3300/0,v1:172.21.15.119:6789/0] conn(0x7f82fc07acc0 0x7f82fc0791c0 secure :-1 s=READY pgs=53 cs=0 l=1 rev1=1 crypto rx=0x7f82ec0098a0 tx=0x7f82ec009bb0 comp rx=0 tx=0).stop
2024-04-23T14:36:02.118 INFO:teuthology.orchestra.run.smithi119.stdout:/usr/bin/ceph: stderr
2024-04-23T14:36:01.089+0000 7f8302e00700 1 -- 172.21.15.119:0/3117954441 shutdown_connections
2024-04-23T14:36:02.118 INFO:teuthology.orchestra.run.smithi119.stdout:/usr/bin/ceph: stderr
2024-04-23T14:36:01.089+0000 7f8302e00700 1 --2- 172.21.15.119:0/3117954441 >> [v2:172.21.15.119:3300/0,v1:172.21.15.119:6789/0] conn(0x7f82fc07acc0 0x7f82fc0791c0 unknown :-1 s=CLOSED pgs=53 cs=0 l=1 rev1=1 crypto rx=0 tx=0 comp rx=0 tx=0).stop
2024-04-23T14:36:02.118 INFO:teuthology.orchestra.run.smithi119.stdout:/usr/bin/ceph: stderr
2024-04-23T14:36:01.089+0000 7f8302e00700 1 -- 172.21.15.119:0/3117954441 >> 172.21.15.119:0/3117954441 conn(0x7f82fc101160 msgr2=0x7f82fc103590 unknown :-1 s=STATE_NONE l=0).mark_down
2024-04-23T14:36:02.119 INFO:teuthology.orchestra.run.smithi119.stdout:/usr/bin/ceph: stderr
2024-04-23T14:36:01.089+0000 7f8302e00700 1 -- 172.21.15.119:0/3117954441 shutdown_connections
2024-04-23T14:36:02.119 INFO:teuthology.orchestra.run.smithi119.stdout:/usr/bin/ceph: stderr
2024-04-23T14:36:01.089+0000 7f8302e00700 1 -- 172.21.15.119:0/3117954441 wait complete.
2024-04-23T14:36:02.119 INFO:teuthology.orchestra.run.smithi119.stdout:/usr/bin/ceph: stderr
2024-04-23T14:36:01.090+0000 7f8302e00700 1 Processor -- start
2024-04-23T14:36:02.119 INFO:teuthology.orchestra.run.smithi119.stdout:/usr/bin/ceph: stderr
2024-04-23T14:36:01.090+0000 7f8302e00700 1 -- start start
2024-04-23T14:36:02.119 INFO:teuthology.orchestra.run.smithi119.stdout:/usr/bin/ceph: stderr
2024-04-23T14:36:01.090+0000 7f8302e00700 1 --2- >> [v2:172.21.15.119:3300/0,v1:172.21.15.119:6789/0] conn(0x7f82fc07acc0 0x7f82fc19bae0 unknown :-1 s=NONE pgs=0 cs=0 l=1 rev1=0 crypto rx=0 tx=0 comp rx=0 tx=0).connect
2024-04-23T14:36:02.119 INFO:teuthology.orchestra.run.smithi119.stdout:/usr/bin/ceph: stderr
2024-04-23T14:36:01.091+0000 7f8302e00700 1 -- --> [v2:172.21.15.119:3300/0,v1:172.21.15.119:6789/0] -- mon_getmap magic: 0 v1 -- 0x7f82fc19c020 con 0x7f82fc07acc0
2024-04-23T14:36:02.119 INFO:teuthology.orchestra.run.smithi119.stdout:/usr/bin/ceph: stderr
2024-04-23T14:36:01.091+0000 7f82fbe00700 1 --2- >> [v2:172.21.15.119:3300/0,v1:172.21.15.119:6789/0] conn(0x7f82fc07acc0 0x7f82fc19bae0 unknown :-1 s=BANNER_CONNECTING pgs=0 cs=0 l=1 rev1=0 crypto rx=0 tx=0 comp rx=0 tx=0)._handle_peer_banner_payload supported=3 required=0
2024-04-23T14:36:02.119 INFO:teuthology.orchestra.run.smithi119.stdout:/usr/bin/ceph: stderr
2024-04-23T14:36:01.091+0000 7f82fbe00700 1 --2- >> [v2:172.21.15.119:3300/0,v1:172.21.15.119:6789/0] conn(0x7f82fc07acc0 0x7f82fc19bae0 unknown :-1 s=HELLO_CONNECTING pgs=0 cs=0 l=1 rev1=1 crypto rx=0 tx=0 comp rx=0 tx=0).handle_hello peer v2:172.21.15.119:3300/0 says I am v2:172.21.15.119:33232/0 (socket says 172.21.15.119:33232)
2024-04-23T14:36:02.119 INFO:teuthology.orchestra.run.smithi119.stdout:/usr/bin/ceph: stderr
2024-04-23T14:36:01.091+0000 7f82fbe00700 1 -- 172.21.15.119:0/1534213340 learned_addr learned my addr 172.21.15.119:0/1534213340 (peer_addr_for_me v2:172.21.15.119:0/0)
2024-04-23T14:36:02.119 INFO:teuthology.orchestra.run.smithi119.stdout:/usr/bin/ceph: stderr
2024-04-23T14:36:01.091+0000 7f82fbe00700 1 -- 172.21.15.119:0/1534213340 --> [v2:172.21.15.119:3300/0,v1:172.21.15.119:6789/0] -- mon_subscribe({config=0+,monmap=0+}) v3 -- 0x7f82ec009550 con 0x7f82fc07acc0
2024-04-23T14:36:02.119 INFO:teuthology.orchestra.run.smithi119.stdout:/usr/bin/ceph: stderr
2024-04-23T14:36:01.092+0000 7f82fbe00700 1 --2- 172.21.15.119:0/1534213340 >> [v2:172.21.15.119:3300/0,v1:172.21.15.119:6789/0] conn(0x7f82fc07acc0 0x7f82fc19bae0 secure :-1 s=READY pgs=54 cs=0 l=1 rev1=1 crypto rx=0x7f82ec000c00 tx=0x7f82ec011b50 comp rx=0 tx=0).ready entity=mon.0 client_cookie=0 server_cookie=0 in_seq=0 out_seq=0
2024-04-23T14:36:02.119 INFO:teuthology.orchestra.run.smithi119.stdout:/usr/bin/ceph: stderr
2024-04-23T14:36:01.092+0000 7f82f8c00700 1 -- 172.21.15.119:0/1534213340 <== mon.0 v2:172.21.15.119:3300/0 1 ==== mon_map magic: 0 v1 ==== 229+0+0 (secure 0 0 0) 0x7f82ec003a70 con 0x7f82fc07acc0
2024-04-23T14:36:02.119 INFO:teuthology.orchestra.run.smithi119.stdout:/usr/bin/ceph: stderr
2024-04-23T14:36:01.092+0000 7f82f8c00700 1 -- 172.21.15.119:0/1534213340 <== mon.0 v2:172.21.15.119:3300/0 2 ==== config(27 keys) v1 ==== 1101+0+0 (secure 0 0 0) 0x7f82ec003bd0 con 0x7f82fc07acc0
2024-04-23T14:36:02.119 INFO:teuthology.orchestra.run.smithi119.stdout:/usr/bin/ceph: stderr
2024-04-23T14:36:01.092+0000 7f82f8c00700 1 -- 172.21.15.119:0/1534213340 <== mon.0 v2:172.21.15.119:3300/0 3 ==== mon_map magic: 0 v1 ==== 229+0+0 (secure 0 0 0) 0x7f82ec0238c0 con 0x7f82fc07acc0
2024-04-23T14:36:02.120 INFO:teuthology.orchestra.run.smithi119.stdout:/usr/bin/ceph: stderr
2024-04-23T14:36:01.092+0000 7f8302e00700 1 -- 172.21.15.119:0/1534213340 --> [v2:172.21.15.119:3300/0,v1:172.21.15.119:6789/0] -- mon_subscribe({mgrmap=0+}) v3 -- 0x7f82fc19c220 con 0x7f82fc07acc0
2024-04-23T14:36:02.120 INFO:teuthology.orchestra.run.smithi119.stdout:/usr/bin/ceph: stderr
2024-04-23T14:36:01.092+0000 7f8302e00700 1 -- 172.21.15.119:0/1534213340 --> [v2:172.21.15.119:3300/0,v1:172.21.15.119:6789/0] -- mon_subscribe({osdmap=0}) v3 -- 0x7f82fc19c640 con 0x7f82fc07acc0
2024-04-23T14:36:02.120 INFO:teuthology.orchestra.run.smithi119.stdout:/usr/bin/ceph: stderr
2024-04-23T14:36:01.093+0000 7f8302e00700 1 -- 172.21.15.119:0/1534213340 --> [v2:172.21.15.119:3300/0,v1:172.21.15.119:6789/0] -- mon_command({"prefix": "get_command_descriptions"} v 0) v1 -- 0x7f82fc10be60 con 0x7f82fc07acc0
2024-04-23T14:36:02.120 INFO:teuthology.orchestra.run.smithi119.stdout:/usr/bin/ceph: stderr
2024-04-23T14:36:01.093+0000 7f82f8c00700 1 -- 172.21.15.119:0/1534213340 <== mon.0 v2:172.21.15.119:3300/0 4 ==== mgrmap(e 8) v1 ==== 45084+0+0 (secure 0 0 0) 0x7f82ec01a430 con 0x7f82fc07acc0
2024-04-23T14:36:02.120 INFO:teuthology.orchestra.run.smithi119.stdout:/usr/bin/ceph: stderr
2024-04-23T14:36:01.094+0000 7f82f8c00700 1 --2- 172.21.15.119:0/1534213340 >> [v2:172.21.15.119:6800/2833174730,v1:172.21.15.119:6801/2833174730] conn(0x7f82e0038440 0x7f82e003a8f0 unknown :-1 s=NONE pgs=0 cs=0 l=1 rev1=0 crypto rx=0 tx=0 comp rx=0 tx=0).connect
2024-04-23T14:36:02.120 INFO:teuthology.orchestra.run.smithi119.stdout:/usr/bin/ceph: stderr
2024-04-23T14:36:01.094+0000 7f82f8c00700 1 -- 172.21.15.119:0/1534213340 <== mon.0 v2:172.21.15.119:3300/0 5 ==== osd_map(2..2 src has 1..2) v4 ==== 940+0+0 (secure 0 0 0) 0x7f82ec04c230 con 0x7f82fc07acc0
2024-04-23T14:36:02.120 INFO:teuthology.orchestra.run.smithi119.stdout:/usr/bin/ceph: stderr
2024-04-23T14:36:01.094+0000 7f82fb400700 1 --2- 172.21.15.119:0/1534213340 >> [v2:172.21.15.119:6800/2833174730,v1:172.21.15.119:6801/2833174730] conn(0x7f82e0038440 0x7f82e003a8f0 unknown :-1 s=BANNER_CONNECTING pgs=0 cs=0 l=1 rev1=0 crypto rx=0 tx=0 comp rx=0 tx=0)._handle_peer_banner_payload supported=3 required=0
2024-04-23T14:36:02.120 INFO:teuthology.orchestra.run.smithi119.stdout:/usr/bin/ceph: stderr
2024-04-23T14:36:01.095+0000 7f82fb400700 1 --2- 172.21.15.119:0/1534213340 >> [v2:172.21.15.119:6800/2833174730,v1:172.21.15.119:6801/2833174730] conn(0x7f82e0038440 0x7f82e003a8f0 secure :-1 s=READY pgs=15 cs=0 l=1 rev1=1 crypto rx=0x7f82e8006fd0 tx=0x7f82e8006e40 comp rx=0 tx=0).ready entity=mgr.14120 client_cookie=0 server_cookie=0 in_seq=0 out_seq=0
2024-04-23T14:36:02.120 INFO:teuthology.orchestra.run.smithi119.stdout:/usr/bin/ceph: stderr
2024-04-23T14:36:01.099+0000 7f82f8c00700 1 -- 172.21.15.119:0/1534213340 <== mon.0 v2:172.21.15.119:3300/0 6 ==== mon_command_ack([{"prefix": "get_command_descriptions"}]=0 v0) v1 ==== 72+0+177933 (secure 0 0 0) 0x7f82ec010560 con 0x7f82fc07acc0
2024-04-23T14:36:02.120 INFO:teuthology.orchestra.run.smithi119.stdout:/usr/bin/ceph: stderr
2024-04-23T14:36:01.344+0000 7f8302e00700 1 -- 172.21.15.119:0/1534213340 --> [v2:172.21.15.119:6800/2833174730,v1:172.21.15.119:6801/2833174730] -- mgr_command(tid 0: {"prefix": "orch apply", "service_type": "ceph-exporter", "target": ["mon-mgr", ""]}) v1 -- 0x7f82fc19f4a0 con 0x7f82e0038440
2024-04-23T14:36:02.120 INFO:teuthology.orchestra.run.smithi119.stdout:/usr/bin/ceph: stderr
2024-04-23T14:36:01.364+0000 7f82f8c00700 1 -- 172.21.15.119:0/1534213340 <== mgr.14120 v2:172.21.15.119:6800/2833174730 1 ==== mgr_command_reply(tid 0: 0 ) v1 ==== 8+0+34 (secure 0 0 0) 0x7f82fc19f4a0 con 0x7f82e0038440
2024-04-23T14:36:02.120 INFO:teuthology.orchestra.run.smithi119.stdout:/usr/bin/ceph: stderr
2024-04-23T14:36:01.367+0000 7f8302e00700 1 -- 172.21.15.119:0/1534213340 >> [v2:172.21.15.119:6800/2833174730,v1:172.21.15.119:6801/2833174730] conn(0x7f82e0038440 msgr2=0x7f82e003a8f0 secure :-1 s=STATE_CONNECTION_ESTABLISHED l=1).mark_down
2024-04-23T14:36:02.120 INFO:teuthology.orchestra.run.smithi119.stdout:/usr/bin/ceph: stderr
2024-04-23T14:36:01.367+0000 7f8302e00700 1 --2- 172.21.15.119:0/1534213340 >> [v2:172.21.15.119:6800/2833174730,v1:172.21.15.119:6801/2833174730] conn(0x7f82e0038440 0x7f82e003a8f0 secure :-1 s=READY pgs=15 cs=0 l=1 rev1=1 crypto rx=0x7f82e8006fd0 tx=0x7f82e8006e40 comp rx=0 tx=0).stop
2024-04-23T14:36:02.120 INFO:teuthology.orchestra.run.smithi119.stdout:/usr/bin/ceph: stderr
2024-04-23T14:36:01.367+0000 7f8302e00700 1 -- 172.21.15.119:0/1534213340 >> [v2:172.21.15.119:3300/0,v1:172.21.15.119:6789/0] conn(0x7f82fc07acc0 msgr2=0x7f82fc19bae0 secure :-1 s=STATE_CONNECTION_ESTABLISHED l=1).mark_down
2024-04-23T14:36:02.121 INFO:teuthology.orchestra.run.smithi119.stdout:/usr/bin/ceph: stderr
2024-04-23T14:36:01.367+0000 7f8302e00700 1 --2- 172.21.15.119:0/1534213340 >> [v2:172.21.15.119:3300/0,v1:172.21.15.119:6789/0] conn(0x7f82fc07acc0 0x7f82fc19bae0 secure :-1 s=READY pgs=54 cs=0 l=1 rev1=1 crypto rx=0x7f82ec000c00 tx=0x7f82ec011b50 comp rx=0 tx=0).stop
2024-04-23T14:36:02.121 INFO:teuthology.orchestra.run.smithi119.stdout:/usr/bin/ceph: stderr
2024-04-23T14:36:01.367+0000 7f8302e00700 1 -- 172.21.15.119:0/1534213340 shutdown_connections
2024-04-23T14:36:02.121 INFO:teuthology.orchestra.run.smithi119.stdout:/usr/bin/ceph: stderr
2024-04-23T14:36:01.367+0000 7f8302e00700 1 --2- 172.21.15.119:0/1534213340 >> [v2:172.21.15.119:6800/2833174730,v1:172.21.15.119:6801/2833174730] conn(0x7f82e0038440 0x7f82e003a8f0 unknown :-1 s=CLOSED pgs=15 cs=0 l=1 rev1=1 crypto rx=0 tx=0 comp rx=0 tx=0).stop
2024-04-23T14:36:02.121 INFO:teuthology.orchestra.run.smithi119.stdout:/usr/bin/ceph: stderr
2024-04-23T14:36:01.367+0000 7f8302e00700 1 --2- 172.21.15.119:0/1534213340 >> [v2:172.21.15.119:3300/0,v1:172.21.15.119:6789/0] conn(0x7f82fc07acc0 0x7f82fc19bae0 unknown :-1 s=CLOSED pgs=54 cs=0 l=1 rev1=1 crypto rx=0 tx=0 comp rx=0 tx=0).stop
2024-04-23T14:36:02.121 INFO:teuthology.orchestra.run.smithi119.stdout:/usr/bin/ceph: stderr
2024-04-23T14:36:01.367+0000 7f8302e00700 1 -- 172.21.15.119:0/1534213340 >> 172.21.15.119:0/1534213340 conn(0x7f82fc101160 msgr2=0x7f82fc102840 unknown :-1 s=STATE_NONE l=0).mark_down
2024-04-23T14:36:02.121 INFO:teuthology.orchestra.run.smithi119.stdout:/usr/bin/ceph: stderr
2024-04-23T14:36:01.367+0000 7f8302e00700 1 -- 172.21.15.119:0/1534213340 shutdown_connections
2024-04-23T14:36:02.121 INFO:teuthology.orchestra.run.smithi119.stdout:/usr/bin/ceph: stderr
2024-04-23T14:36:01.367+0000 7f8302e00700 1 -- 172.21.15.119:0/1534213340 wait complete.
2024-04-23T14:36:02.121 INFO:teuthology.orchestra.run.smithi119.stdout:Deploying prometheus service with default placement...
2024-04-23T14:36:03.333 INFO:journalctl@ceph.mon.smithi119.smithi119.stdout:Apr 23 14:36:03 smithi119 ceph-mon[25623]: from='client.14148 -' entity='client.admin' cmd=[{"prefix": "orch apply", "service_type": "ceph-exporter", "target": ["mon-mgr", ""]}]: dispatch
2024-04-23T14:36:03.334 INFO:journalctl@ceph.mon.smithi119.smithi119.stdout:Apr 23 14:36:03 smithi119 ceph-mon[25623]: Saving service ceph-exporter spec with placement *
2024-04-23T14:36:03.334 INFO:journalctl@ceph.mon.smithi119.smithi119.stdout:Apr 23 14:36:03 smithi119 ceph-mon[25623]: from='mgr.14120 172.21.15.119:0/1526708295' entity='mgr.smithi119.ktehza'
2024-04-23T14:36:03.334 INFO:journalctl@ceph.mon.smithi119.smithi119.stdout:Apr 23 14:36:03 smithi119 ceph-mon[25623]: from='mgr.14120 172.21.15.119:0/1526708295' entity='mgr.smithi119.ktehza'
2024-04-23T14:36:03.847 INFO:teuthology.orchestra.run.smithi119.stdout:/usr/bin/ceph: stdout Scheduled prometheus update...
2024-04-23T14:36:03.848 INFO:teuthology.orchestra.run.smithi119.stdout:/usr/bin/ceph: stderr
2024-04-23T14:36:02.781+0000 7f79dc000700 1 Processor -- start
2024-04-23T14:36:03.848 INFO:teuthology.orchestra.run.smithi119.stdout:/usr/bin/ceph: stderr
2024-04-23T14:36:02.782+0000 7f79dc000700 1 -- start start
2024-04-23T14:36:03.848 INFO:teuthology.orchestra.run.smithi119.stdout:/usr/bin/ceph: stderr
2024-04-23T14:36:02.782+0000 7f79dc000700 1 --2- >> [v2:172.21.15.119:3300/0,v1:172.21.15.119:6789/0] conn(0x7f79d407ace0 0x7f79d40791e0 unknown :-1 s=NONE pgs=0 cs=0 l=0 rev1=0 crypto rx=0 tx=0 comp rx=0 tx=0).connect
2024-04-23T14:36:03.848 INFO:teuthology.orchestra.run.smithi119.stdout:/usr/bin/ceph: stderr
2024-04-23T14:36:02.782+0000 7f79dc000700 1 -- --> [v2:172.21.15.119:3300/0,v1:172.21.15.119:6789/0] -- mon_getmap magic: 0 v1 -- 0x7f79d4079720 con 0x7f79d407ace0
2024-04-23T14:36:03.848 INFO:teuthology.orchestra.run.smithi119.stdout:/usr/bin/ceph: stderr
2024-04-23T14:36:02.783+0000 7f79d9600700 1 --2- >> [v2:172.21.15.119:3300/0,v1:172.21.15.119:6789/0] conn(0x7f79d407ace0 0x7f79d40791e0 unknown :-1 s=BANNER_CONNECTING pgs=0 cs=0 l=0 rev1=0 crypto rx=0 tx=0 comp rx=0 tx=0)._handle_peer_banner_payload supported=3 required=0
2024-04-23T14:36:03.848 INFO:teuthology.orchestra.run.smithi119.stdout:/usr/bin/ceph: stderr
2024-04-23T14:36:02.783+0000 7f79d9600700 1 --2- >> [v2:172.21.15.119:3300/0,v1:172.21.15.119:6789/0] conn(0x7f79d407ace0 0x7f79d40791e0 unknown :-1 s=HELLO_CONNECTING pgs=0 cs=0 l=0 rev1=1 crypto rx=0 tx=0 comp rx=0 tx=0).handle_hello peer v2:172.21.15.119:3300/0 says I am v2:172.21.15.119:33236/0 (socket says 172.21.15.119:33236)
2024-04-23T14:36:03.849 INFO:teuthology.orchestra.run.smithi119.stdout:/usr/bin/ceph: stderr
2024-04-23T14:36:02.783+0000 7f79d9600700 1 -- 172.21.15.119:0/2958056470 learned_addr learned my addr 172.21.15.119:0/2958056470 (peer_addr_for_me v2:172.21.15.119:0/0)
2024-04-23T14:36:03.849 INFO:teuthology.orchestra.run.smithi119.stdout:/usr/bin/ceph: stderr
2024-04-23T14:36:02.783+0000 7f79d9600700 1 -- 172.21.15.119:0/2958056470 --> [v2:172.21.15.119:3300/0,v1:172.21.15.119:6789/0] -- mon_subscribe({config=0+,monmap=0+}) v3 -- 0x7f79d4079860 con 0x7f79d407ace0
2024-04-23T14:36:03.849 INFO:teuthology.orchestra.run.smithi119.stdout:/usr/bin/ceph: stderr
2024-04-23T14:36:02.784+0000 7f79d9600700 1 --2- 172.21.15.119:0/2958056470 >> [v2:172.21.15.119:3300/0,v1:172.21.15.119:6789/0] conn(0x7f79d407ace0 0x7f79d40791e0 secure :-1 s=READY pgs=55 cs=0 l=1 rev1=1 crypto rx=0x7f79c80098a0 tx=0x7f79c8009bb0 comp rx=0 tx=0).ready entity=mon.0 client_cookie=c672f395afe345c3 server_cookie=0 in_seq=0 out_seq=0
2024-04-23T14:36:03.849 INFO:teuthology.orchestra.run.smithi119.stdout:/usr/bin/ceph: stderr
2024-04-23T14:36:02.784+0000 7f79d3e00700 1 -- 172.21.15.119:0/2958056470 <== mon.0 v2:172.21.15.119:3300/0 1 ==== mon_map magic: 0 v1 ==== 229+0+0 (secure 0 0 0) 0x7f79c8004180 con 0x7f79d407ace0
2024-04-23T14:36:03.853 INFO:teuthology.orchestra.run.smithi119.stdout:/usr/bin/ceph: stderr
2024-04-23T14:36:02.784+0000 7f79d3e00700 1 -- 172.21.15.119:0/2958056470 <== mon.0 v2:172.21.15.119:3300/0 2 ==== config(27 keys) v1 ==== 1101+0+0 (secure 0 0 0) 0x7f79c80042e0 con 0x7f79d407ace0
2024-04-23T14:36:03.853 INFO:teuthology.orchestra.run.smithi119.stdout:/usr/bin/ceph: stderr
2024-04-23T14:36:02.784+0000 7f79d3e00700 1 -- 172.21.15.119:0/2958056470 <== mon.0 v2:172.21.15.119:3300/0 3 ==== mon_map magic: 0 v1 ==== 229+0+0 (secure 0 0 0) 0x7f79c8011af0 con 0x7f79d407ace0
2024-04-23T14:36:03.853 INFO:teuthology.orchestra.run.smithi119.stdout:/usr/bin/ceph: stderr
2024-04-23T14:36:02.785+0000 7f79dc000700 1 -- 172.21.15.119:0/2958056470 >> [v2:172.21.15.119:3300/0,v1:172.21.15.119:6789/0] conn(0x7f79d407ace0 msgr2=0x7f79d40791e0 secure :-1 s=STATE_CONNECTION_ESTABLISHED l=1).mark_down
2024-04-23T14:36:03.853 INFO:teuthology.orchestra.run.smithi119.stdout:/usr/bin/ceph: stderr
2024-04-23T14:36:02.785+0000 7f79dc000700 1 --2- 172.21.15.119:0/2958056470 >> [v2:172.21.15.119:3300/0,v1:172.21.15.119:6789/0] conn(0x7f79d407ace0 0x7f79d40791e0 secure :-1 s=READY pgs=55 cs=0 l=1 rev1=1 crypto rx=0x7f79c80098a0 tx=0x7f79c8009bb0 comp rx=0 tx=0).stop
2024-04-23T14:36:03.853 INFO:teuthology.orchestra.run.smithi119.stdout:/usr/bin/ceph: stderr
2024-04-23T14:36:02.785+0000 7f79dc000700 1 -- 172.21.15.119:0/2958056470 shutdown_connections
2024-04-23T14:36:03.853 INFO:teuthology.orchestra.run.smithi119.stdout:/usr/bin/ceph: stderr
2024-04-23T14:36:02.785+0000 7f79dc000700 1 --2- 172.21.15.119:0/2958056470 >> [v2:172.21.15.119:3300/0,v1:172.21.15.119:6789/0] conn(0x7f79d407ace0 0x7f79d40791e0 unknown :-1 s=CLOSED pgs=55 cs=0 l=1 rev1=1 crypto rx=0 tx=0 comp rx=0 tx=0).stop
2024-04-23T14:36:03.853 INFO:teuthology.orchestra.run.smithi119.stdout:/usr/bin/ceph: stderr
2024-04-23T14:36:02.785+0000 7f79dc000700 1 -- 172.21.15.119:0/2958056470 >> 172.21.15.119:0/2958056470 conn(0x7f79d4101160 msgr2=0x7f79d4103590 unknown :-1 s=STATE_NONE l=0).mark_down
2024-04-23T14:36:03.854 INFO:teuthology.orchestra.run.smithi119.stdout:/usr/bin/ceph: stderr
2024-04-23T14:36:02.785+0000 7f79dc000700 1 -- 172.21.15.119:0/2958056470 shutdown_connections
2024-04-23T14:36:03.854 INFO:teuthology.orchestra.run.smithi119.stdout:/usr/bin/ceph: stderr
2024-04-23T14:36:02.785+0000 7f79dc000700 1 -- 172.21.15.119:0/2958056470 wait complete.
2024-04-23T14:36:03.854 INFO:teuthology.orchestra.run.smithi119.stdout:/usr/bin/ceph: stderr
2024-04-23T14:36:02.786+0000 7f79dc000700 1 Processor -- start
2024-04-23T14:36:03.854 INFO:teuthology.orchestra.run.smithi119.stdout:/usr/bin/ceph: stderr
2024-04-23T14:36:02.786+0000 7f79dc000700 1 -- start start
2024-04-23T14:36:03.854 INFO:teuthology.orchestra.run.smithi119.stdout:/usr/bin/ceph: stderr
2024-04-23T14:36:02.787+0000 7f79dc000700 1 --2- >> [v2:172.21.15.119:3300/0,v1:172.21.15.119:6789/0] conn(0x7f79d407ace0 0x7f79d419bac0 unknown :-1 s=NONE pgs=0 cs=0 l=1 rev1=0 crypto rx=0 tx=0 comp rx=0 tx=0).connect
2024-04-23T14:36:03.854 INFO:teuthology.orchestra.run.smithi119.stdout:/usr/bin/ceph: stderr
2024-04-23T14:36:02.787+0000 7f79dc000700 1 -- --> [v2:172.21.15.119:3300/0,v1:172.21.15.119:6789/0] -- mon_getmap magic: 0 v1 -- 0x7f79d419c000 con 0x7f79d407ace0
2024-04-23T14:36:03.854 INFO:teuthology.orchestra.run.smithi119.stdout:/usr/bin/ceph: stderr
2024-04-23T14:36:02.787+0000 7f79d9600700 1 --2- >> [v2:172.21.15.119:3300/0,v1:172.21.15.119:6789/0] conn(0x7f79d407ace0 0x7f79d419bac0 unknown :-1 s=BANNER_CONNECTING pgs=0 cs=0 l=1 rev1=0 crypto rx=0 tx=0 comp rx=0 tx=0)._handle_peer_banner_payload supported=3 required=0
2024-04-23T14:36:03.854 INFO:teuthology.orchestra.run.smithi119.stdout:/usr/bin/ceph: stderr
2024-04-23T14:36:02.787+0000 7f79d9600700 1 --2- >> [v2:172.21.15.119:3300/0,v1:172.21.15.119:6789/0] conn(0x7f79d407ace0 0x7f79d419bac0 unknown :-1 s=HELLO_CONNECTING pgs=0 cs=0 l=1 rev1=1 crypto rx=0 tx=0 comp rx=0 tx=0).handle_hello peer v2:172.21.15.119:3300/0 says I am v2:172.21.15.119:33244/0 (socket says 172.21.15.119:33244)
2024-04-23T14:36:03.854 INFO:teuthology.orchestra.run.smithi119.stdout:/usr/bin/ceph: stderr
2024-04-23T14:36:02.787+0000 7f79d9600700 1 -- 172.21.15.119:0/1088727255 learned_addr learned my addr 172.21.15.119:0/1088727255 (peer_addr_for_me v2:172.21.15.119:0/0)
2024-04-23T14:36:03.854 INFO:teuthology.orchestra.run.smithi119.stdout:/usr/bin/ceph: stderr
2024-04-23T14:36:02.787+0000 7f79d9600700 1 -- 172.21.15.119:0/1088727255 --> [v2:172.21.15.119:3300/0,v1:172.21.15.119:6789/0] -- mon_subscribe({config=0+,monmap=0+}) v3 -- 0x7f79c8009550 con 0x7f79d407ace0
2024-04-23T14:36:03.854 INFO:teuthology.orchestra.run.smithi119.stdout:/usr/bin/ceph: stderr
2024-04-23T14:36:02.788+0000 7f79d9600700 1 --2- 172.21.15.119:0/1088727255 >> [v2:172.21.15.119:3300/0,v1:172.21.15.119:6789/0] conn(0x7f79d407ace0 0x7f79d419bac0 secure :-1 s=READY pgs=56 cs=0 l=1 rev1=1 crypto rx=0x7f79c8000c00 tx=0x7f79c8011b50 comp rx=0 tx=0).ready entity=mon.0 client_cookie=0 server_cookie=0 in_seq=0 out_seq=0
2024-04-23T14:36:03.854 INFO:teuthology.orchestra.run.smithi119.stdout:/usr/bin/ceph: stderr
2024-04-23T14:36:02.788+0000 7f79d2000700 1 -- 172.21.15.119:0/1088727255 <== mon.0 v2:172.21.15.119:3300/0 1 ==== mon_map magic: 0 v1 ==== 229+0+0 (secure 0 0 0) 0x7f79c8003a70 con 0x7f79d407ace0
2024-04-23T14:36:03.854 INFO:teuthology.orchestra.run.smithi119.stdout:/usr/bin/ceph: stderr
2024-04-23T14:36:02.788+0000 7f79d2000700 1 -- 172.21.15.119:0/1088727255 <== mon.0 v2:172.21.15.119:3300/0 2 ==== config(27 keys) v1 ==== 1101+0+0 (secure 0 0 0) 0x7f79c8003bd0 con 0x7f79d407ace0
2024-04-23T14:36:03.855 INFO:teuthology.orchestra.run.smithi119.stdout:/usr/bin/ceph: stderr
2024-04-23T14:36:02.788+0000 7f79d2000700 1 -- 172.21.15.119:0/1088727255 <== mon.0 v2:172.21.15.119:3300/0 3 ==== mon_map magic: 0 v1 ==== 229+0+0 (secure 0 0 0) 0x7f79c8023700 con 0x7f79d407ace0
2024-04-23T14:36:03.855 INFO:teuthology.orchestra.run.smithi119.stdout:/usr/bin/ceph: stderr
2024-04-23T14:36:02.788+0000 7f79dc000700 1 -- 172.21.15.119:0/1088727255 --> [v2:172.21.15.119:3300/0,v1:172.21.15.119:6789/0] -- mon_subscribe({mgrmap=0+}) v3 -- 0x7f79d419c200 con 0x7f79d407ace0
2024-04-23T14:36:03.855 INFO:teuthology.orchestra.run.smithi119.stdout:/usr/bin/ceph: stderr
2024-04-23T14:36:02.788+0000 7f79dc000700 1 -- 172.21.15.119:0/1088727255 --> [v2:172.21.15.119:3300/0,v1:172.21.15.119:6789/0] -- mon_subscribe({osdmap=0}) v3 -- 0x7f79d419c620 con 0x7f79d407ace0
2024-04-23T14:36:03.855 INFO:teuthology.orchestra.run.smithi119.stdout:/usr/bin/ceph: stderr
2024-04-23T14:36:02.789+0000 7f79d2000700 1 -- 172.21.15.119:0/1088727255 <== mon.0 v2:172.21.15.119:3300/0 4 ==== mgrmap(e 8) v1 ==== 45084+0+0 (secure 0 0 0) 0x7f79c8023970 con 0x7f79d407ace0
2024-04-23T14:36:03.855 INFO:teuthology.orchestra.run.smithi119.stdout:/usr/bin/ceph: stderr
2024-04-23T14:36:02.789+0000 7f79dc000700 1 -- 172.21.15.119:0/1088727255 --> [v2:172.21.15.119:3300/0,v1:172.21.15.119:6789/0] -- mon_command({"prefix": "get_command_descriptions"} v 0) v1 -- 0x7f79d410be40 con 0x7f79d407ace0
2024-04-23T14:36:03.855 INFO:teuthology.orchestra.run.smithi119.stdout:/usr/bin/ceph: stderr
2024-04-23T14:36:02.790+0000 7f79d2000700 1 --2- 172.21.15.119:0/1088727255 >> [v2:172.21.15.119:6800/2833174730,v1:172.21.15.119:6801/2833174730] conn(0x7f79bc038440 0x7f79bc03a8f0 unknown :-1 s=NONE pgs=0 cs=0 l=1 rev1=0 crypto rx=0 tx=0 comp rx=0 tx=0).connect
2024-04-23T14:36:03.855 INFO:teuthology.orchestra.run.smithi119.stdout:/usr/bin/ceph: stderr
2024-04-23T14:36:02.790+0000 7f79d2000700 1 -- 172.21.15.119:0/1088727255 <== mon.0 v2:172.21.15.119:3300/0 5 ==== osd_map(2..2 src has 1..2) v4 ==== 940+0+0 (secure 0 0 0) 0x7f79c804c260 con 0x7f79d407ace0
2024-04-23T14:36:03.855 INFO:teuthology.orchestra.run.smithi119.stdout:/usr/bin/ceph: stderr
2024-04-23T14:36:02.790+0000 7f79d8c00700 1 --2- 172.21.15.119:0/1088727255 >> [v2:172.21.15.119:6800/2833174730,v1:172.21.15.119:6801/2833174730] conn(0x7f79bc038440 0x7f79bc03a8f0 unknown :-1 s=BANNER_CONNECTING pgs=0 cs=0 l=1 rev1=0 crypto rx=0 tx=0 comp rx=0 tx=0)._handle_peer_banner_payload supported=3 required=0
2024-04-23T14:36:03.855 INFO:teuthology.orchestra.run.smithi119.stdout:/usr/bin/ceph: stderr
2024-04-23T14:36:02.791+0000 7f79d8c00700 1 --2- 172.21.15.119:0/1088727255 >> [v2:172.21.15.119:6800/2833174730,v1:172.21.15.119:6801/2833174730] conn(0x7f79bc038440 0x7f79bc03a8f0 secure :-1 s=READY pgs=16 cs=0 l=1 rev1=1 crypto rx=0x7f79c0006fd0 tx=0x7f79c0006e40 comp rx=0 tx=0).ready entity=mgr.14120 client_cookie=0 server_cookie=0 in_seq=0 out_seq=0
2024-04-23T14:36:03.855 INFO:teuthology.orchestra.run.smithi119.stdout:/usr/bin/ceph: stderr
2024-04-23T14:36:02.795+0000 7f79d2000700 1 -- 172.21.15.119:0/1088727255 <== mon.0 v2:172.21.15.119:3300/0 6 ==== mon_command_ack([{"prefix": "get_command_descriptions"}]=0 v0) v1 ==== 72+0+177933 (secure 0 0 0) 0x7f79c8010560 con 0x7f79d407ace0
2024-04-23T14:36:03.855 INFO:teuthology.orchestra.run.smithi119.stdout:/usr/bin/ceph: stderr
2024-04-23T14:36:03.026+0000 7f79dc000700 1 -- 172.21.15.119:0/1088727255 --> [v2:172.21.15.119:6800/2833174730,v1:172.21.15.119:6801/2833174730] -- mgr_command(tid 0: {"prefix": "orch apply", "service_type": "prometheus", "target": ["mon-mgr", ""]}) v1 -- 0x7f79d419f480 con 0x7f79bc038440
2024-04-23T14:36:03.855 INFO:teuthology.orchestra.run.smithi119.stdout:/usr/bin/ceph: stderr
2024-04-23T14:36:03.034+0000 7f79d2000700 1 -- 172.21.15.119:0/1088727255 <== mgr.14120 v2:172.21.15.119:6800/2833174730 1 ==== mgr_command_reply(tid 0: 0 ) v1 ==== 8+0+31 (secure 0 0 0) 0x7f79d419f480 con 0x7f79bc038440
2024-04-23T14:36:03.855 INFO:teuthology.orchestra.run.smithi119.stdout:/usr/bin/ceph: stderr
2024-04-23T14:36:03.037+0000 7f79dc000700 1 -- 172.21.15.119:0/1088727255 >> [v2:172.21.15.119:6800/2833174730,v1:172.21.15.119:6801/2833174730] conn(0x7f79bc038440 msgr2=0x7f79bc03a8f0 secure :-1 s=STATE_CONNECTION_ESTABLISHED l=1).mark_down
2024-04-23T14:36:03.855 INFO:teuthology.orchestra.run.smithi119.stdout:/usr/bin/ceph: stderr
2024-04-23T14:36:03.037+0000 7f79dc000700 1 --2- 172.21.15.119:0/1088727255 >> [v2:172.21.15.119:6800/2833174730,v1:172.21.15.119:6801/2833174730] conn(0x7f79bc038440 0x7f79bc03a8f0 secure :-1 s=READY pgs=16 cs=0 l=1 rev1=1 crypto rx=0x7f79c0006fd0 tx=0x7f79c0006e40 comp rx=0 tx=0).stop
2024-04-23T14:36:03.855 INFO:teuthology.orchestra.run.smithi119.stdout:/usr/bin/ceph: stderr
2024-04-23T14:36:03.037+0000 7f79dc000700 1 -- 172.21.15.119:0/1088727255 >> [v2:172.21.15.119:3300/0,v1:172.21.15.119:6789/0] conn(0x7f79d407ace0 msgr2=0x7f79d419bac0 secure :-1 s=STATE_CONNECTION_ESTABLISHED l=1).mark_down
2024-04-23T14:36:03.856 INFO:teuthology.orchestra.run.smithi119.stdout:/usr/bin/ceph: stderr
2024-04-23T14:36:03.037+0000 7f79dc000700 1 --2- 172.21.15.119:0/1088727255 >> [v2:172.21.15.119:3300/0,v1:172.21.15.119:6789/0] conn(0x7f79d407ace0 0x7f79d419bac0 secure :-1 s=READY pgs=56 cs=0 l=1 rev1=1 crypto rx=0x7f79c8000c00 tx=0x7f79c8011b50 comp rx=0 tx=0).stop
2024-04-23T14:36:03.856 INFO:teuthology.orchestra.run.smithi119.stdout:/usr/bin/ceph: stderr
2024-04-23T14:36:03.037+0000 7f79dc000700 1 -- 172.21.15.119:0/1088727255 shutdown_connections
2024-04-23T14:36:03.856 INFO:teuthology.orchestra.run.smithi119.stdout:/usr/bin/ceph: stderr
2024-04-23T14:36:03.037+0000 7f79dc000700 1 --2- 172.21.15.119:0/1088727255 >> [v2:172.21.15.119:6800/2833174730,v1:172.21.15.119:6801/2833174730] conn(0x7f79bc038440 0x7f79bc03a8f0 unknown :-1 s=CLOSED pgs=16 cs=0 l=1 rev1=1 crypto rx=0 tx=0 comp rx=0 tx=0).stop
2024-04-23T14:36:03.856 INFO:teuthology.orchestra.run.smithi119.stdout:/usr/bin/ceph: stderr
2024-04-23T14:36:03.037+0000 7f79dc000700 1 --2- 172.21.15.119:0/1088727255 >> [v2:172.21.15.119:3300/0,v1:172.21.15.119:6789/0] conn(0x7f79d407ace0 0x7f79d419bac0 unknown :-1 s=CLOSED pgs=56 cs=0 l=1 rev1=1 crypto rx=0 tx=0 comp rx=0 tx=0).stop
2024-04-23T14:36:03.856 INFO:teuthology.orchestra.run.smithi119.stdout:/usr/bin/ceph: stderr
2024-04-23T14:36:03.037+0000 7f79dc000700 1 -- 172.21.15.119:0/1088727255 >> 172.21.15.119:0/1088727255 conn(0x7f79d4101160 msgr2=0x7f79d4101f60 unknown :-1 s=STATE_NONE l=0).mark_down
2024-04-23T14:36:03.856 INFO:teuthology.orchestra.run.smithi119.stdout:/usr/bin/ceph: stderr
2024-04-23T14:36:03.037+0000 7f79dc000700 1 -- 172.21.15.119:0/1088727255 shutdown_connections
2024-04-23T14:36:03.856 INFO:teuthology.orchestra.run.smithi119.stdout:/usr/bin/ceph: stderr
2024-04-23T14:36:03.038+0000 7f79dc000700 1 -- 172.21.15.119:0/1088727255 wait complete.
2024-04-23T14:36:03.856 INFO:teuthology.orchestra.run.smithi119.stdout:Deploying grafana service with default placement...
2024-04-23T14:36:04.583 INFO:journalctl@ceph.mon.smithi119.smithi119.stdout:Apr 23 14:36:04 smithi119 ceph-mon[25623]: pgmap v4: 0 pgs: ; 0 B data, 0 B used, 0 B / 0 B avail
2024-04-23T14:36:04.583 INFO:journalctl@ceph.mon.smithi119.smithi119.stdout:Apr 23 14:36:04 smithi119 ceph-mon[25623]: from='client.14150 -' entity='client.admin' cmd=[{"prefix": "orch apply", "service_type": "prometheus", "target": ["mon-mgr", ""]}]: dispatch
2024-04-23T14:36:04.584 INFO:journalctl@ceph.mon.smithi119.smithi119.stdout:Apr 23 14:36:04 smithi119 ceph-mon[25623]: Saving service prometheus spec with placement count:1
2024-04-23T14:36:06.123 INFO:teuthology.orchestra.run.smithi119.stdout:/usr/bin/ceph: stdout Scheduled grafana update...
2024-04-23T14:36:06.124 INFO:teuthology.orchestra.run.smithi119.stdout:/usr/bin/ceph: stderr
2024-04-23T14:36:05.196+0000 7f86ee200700 1 Processor -- start
2024-04-23T14:36:06.124 INFO:teuthology.orchestra.run.smithi119.stdout:/usr/bin/ceph: stderr
2024-04-23T14:36:05.196+0000 7f86ee200700 1 -- start start
2024-04-23T14:36:06.124 INFO:teuthology.orchestra.run.smithi119.stdout:/usr/bin/ceph: stderr
2024-04-23T14:36:05.197+0000 7f86ee200700 1 --2- >> [v2:172.21.15.119:3300/0,v1:172.21.15.119:6789/0] conn(0x7f86e8107d00 0x7f86e8108110 unknown :-1 s=NONE pgs=0 cs=0 l=0 rev1=0 crypto rx=0 tx=0 comp rx=0 tx=0).connect
2024-04-23T14:36:06.124 INFO:teuthology.orchestra.run.smithi119.stdout:/usr/bin/ceph: stderr
2024-04-23T14:36:05.197+0000 7f86ee200700 1 -- --> [v2:172.21.15.119:3300/0,v1:172.21.15.119:6789/0] -- mon_getmap magic: 0 v1 -- 0x7f86e8108650 con 0x7f86e8107d00
2024-04-23T14:36:06.124 INFO:teuthology.orchestra.run.smithi119.stdout:/usr/bin/ceph: stderr
2024-04-23T14:36:05.197+0000 7f86e7400700 1 --2- >> [v2:172.21.15.119:3300/0,v1:172.21.15.119:6789/0] conn(0x7f86e8107d00 0x7f86e8108110 unknown :-1 s=BANNER_CONNECTING pgs=0 cs=0 l=0 rev1=0 crypto rx=0 tx=0 comp rx=0 tx=0)._handle_peer_banner_payload supported=3 required=0
2024-04-23T14:36:06.124 INFO:teuthology.orchestra.run.smithi119.stdout:/usr/bin/ceph: stderr
2024-04-23T14:36:05.197+0000 7f86e7400700 1 --2- >> [v2:172.21.15.119:3300/0,v1:172.21.15.119:6789/0] conn(0x7f86e8107d00 0x7f86e8108110 unknown :-1 s=HELLO_CONNECTING pgs=0 cs=0 l=0 rev1=1 crypto rx=0 tx=0 comp rx=0 tx=0).handle_hello peer v2:172.21.15.119:3300/0 says I am v2:172.21.15.119:38534/0 (socket says 172.21.15.119:38534)
2024-04-23T14:36:06.124 INFO:teuthology.orchestra.run.smithi119.stdout:/usr/bin/ceph: stderr
2024-04-23T14:36:05.197+0000 7f86e7400700 1 -- 172.21.15.119:0/76656737 learned_addr learned my addr 172.21.15.119:0/76656737 (peer_addr_for_me v2:172.21.15.119:0/0)
2024-04-23T14:36:06.124 INFO:teuthology.orchestra.run.smithi119.stdout:/usr/bin/ceph: stderr
2024-04-23T14:36:05.198+0000 7f86e7400700 1 -- 172.21.15.119:0/76656737 --> [v2:172.21.15.119:3300/0,v1:172.21.15.119:6789/0] -- mon_subscribe({config=0+,monmap=0+}) v3 -- 0x7f86e8108790 con 0x7f86e8107d00
2024-04-23T14:36:06.124 INFO:teuthology.orchestra.run.smithi119.stdout:/usr/bin/ceph: stderr
2024-04-23T14:36:05.198+0000 7f86e7400700 1 --2- 172.21.15.119:0/76656737 >> [v2:172.21.15.119:3300/0,v1:172.21.15.119:6789/0] conn(0x7f86e8107d00 0x7f86e8108110 secure :-1 s=READY pgs=57 cs=0 l=1 rev1=1 crypto rx=0x7f86d80098a0 tx=0x7f86d8009bb0 comp rx=0 tx=0).ready entity=mon.0 client_cookie=d9e4a60dfd149a0a server_cookie=0 in_seq=0 out_seq=0
2024-04-23T14:36:06.124 INFO:teuthology.orchestra.run.smithi119.stdout:/usr/bin/ceph: stderr
2024-04-23T14:36:05.198+0000 7f86e6000700 1 -- 172.21.15.119:0/76656737 <== mon.0 v2:172.21.15.119:3300/0 1 ==== mon_map magic: 0 v1 ==== 229+0+0 (secure 0 0 0) 0x7f86d8004180 con 0x7f86e8107d00
2024-04-23T14:36:06.124 INFO:teuthology.orchestra.run.smithi119.stdout:/usr/bin/ceph: stderr
2024-04-23T14:36:05.199+0000 7f86e6000700 1 -- 172.21.15.119:0/76656737 <== mon.0 v2:172.21.15.119:3300/0 2 ==== config(27 keys) v1 ==== 1101+0+0 (secure 0 0 0) 0x7f86d80042e0 con 0x7f86e8107d00
2024-04-23T14:36:06.125 INFO:teuthology.orchestra.run.smithi119.stdout:/usr/bin/ceph: stderr
2024-04-23T14:36:05.199+0000 7f86e6000700 1 -- 172.21.15.119:0/76656737 <== mon.0 v2:172.21.15.119:3300/0 3 ==== mon_map magic: 0 v1 ==== 229+0+0 (secure 0 0 0) 0x7f86d8011af0 con 0x7f86e8107d00
2024-04-23T14:36:06.125 INFO:teuthology.orchestra.run.smithi119.stdout:/usr/bin/ceph: stderr
2024-04-23T14:36:05.199+0000 7f86ee200700 1 -- 172.21.15.119:0/76656737 >> [v2:172.21.15.119:3300/0,v1:172.21.15.119:6789/0] conn(0x7f86e8107d00 msgr2=0x7f86e8108110 secure :-1 s=STATE_CONNECTION_ESTABLISHED l=1).mark_down
2024-04-23T14:36:06.125 INFO:teuthology.orchestra.run.smithi119.stdout:/usr/bin/ceph: stderr
2024-04-23T14:36:05.199+0000 7f86ee200700 1 --2- 172.21.15.119:0/76656737 >> [v2:172.21.15.119:3300/0,v1:172.21.15.119:6789/0] conn(0x7f86e8107d00 0x7f86e8108110 secure :-1 s=READY pgs=57 cs=0 l=1 rev1=1 crypto rx=0x7f86d80098a0 tx=0x7f86d8009bb0 comp rx=0 tx=0).stop
2024-04-23T14:36:06.125 INFO:teuthology.orchestra.run.smithi119.stdout:/usr/bin/ceph: stderr
2024-04-23T14:36:05.199+0000 7f86ee200700 1 -- 172.21.15.119:0/76656737 shutdown_connections
2024-04-23T14:36:06.125 INFO:teuthology.orchestra.run.smithi119.stdout:/usr/bin/ceph: stderr
2024-04-23T14:36:05.199+0000 7f86ee200700 1 --2- 172.21.15.119:0/76656737 >> [v2:172.21.15.119:3300/0,v1:172.21.15.119:6789/0] conn(0x7f86e8107d00 0x7f86e8108110 unknown :-1 s=CLOSED pgs=57 cs=0 l=1 rev1=1 crypto rx=0 tx=0 comp rx=0 tx=0).stop
2024-04-23T14:36:06.125 INFO:teuthology.orchestra.run.smithi119.stdout:/usr/bin/ceph: stderr
2024-04-23T14:36:05.199+0000 7f86ee200700 1 -- 172.21.15.119:0/76656737 >> 172.21.15.119:0/76656737 conn(0x7f86e807b220 msgr2=0x7f86e807b620 unknown :-1 s=STATE_NONE l=0).mark_down
2024-04-23T14:36:06.125 INFO:teuthology.orchestra.run.smithi119.stdout:/usr/bin/ceph: stderr
2024-04-23T14:36:05.199+0000 7f86ee200700 1 -- 172.21.15.119:0/76656737 shutdown_connections
2024-04-23T14:36:06.125 INFO:teuthology.orchestra.run.smithi119.stdout:/usr/bin/ceph: stderr
2024-04-23T14:36:05.199+0000 7f86ee200700 1 -- 172.21.15.119:0/76656737 wait complete.
2024-04-23T14:36:06.125 INFO:teuthology.orchestra.run.smithi119.stdout:/usr/bin/ceph: stderr
2024-04-23T14:36:05.200+0000 7f86ee200700 1 Processor -- start
2024-04-23T14:36:06.125 INFO:teuthology.orchestra.run.smithi119.stdout:/usr/bin/ceph: stderr
2024-04-23T14:36:05.201+0000 7f86ee200700 1 -- start start
2024-04-23T14:36:06.125 INFO:teuthology.orchestra.run.smithi119.stdout:/usr/bin/ceph: stderr
2024-04-23T14:36:05.201+0000 7f86ee200700 1 --2- >> [v2:172.21.15.119:3300/0,v1:172.21.15.119:6789/0] conn(0x7f86e8107d00 0x7f86e819bae0 unknown :-1 s=NONE pgs=0 cs=0 l=1 rev1=0 crypto rx=0 tx=0 comp rx=0 tx=0).connect
2024-04-23T14:36:06.125 INFO:teuthology.orchestra.run.smithi119.stdout:/usr/bin/ceph: stderr
2024-04-23T14:36:05.201+0000 7f86ee200700 1 -- --> [v2:172.21.15.119:3300/0,v1:172.21.15.119:6789/0] -- mon_getmap magic: 0 v1 -- 0x7f86e819c020 con 0x7f86e8107d00
2024-04-23T14:36:06.125 INFO:teuthology.orchestra.run.smithi119.stdout:/usr/bin/ceph: stderr
2024-04-23T14:36:05.201+0000 7f86e7400700 1 --2- >> [v2:172.21.15.119:3300/0,v1:172.21.15.119:6789/0] conn(0x7f86e8107d00 0x7f86e819bae0 unknown :-1 s=BANNER_CONNECTING pgs=0 cs=0 l=1 rev1=0 crypto rx=0 tx=0 comp rx=0 tx=0)._handle_peer_banner_payload supported=3 required=0
2024-04-23T14:36:06.125 INFO:teuthology.orchestra.run.smithi119.stdout:/usr/bin/ceph: stderr
2024-04-23T14:36:05.201+0000 7f86e7400700 1 --2- >> [v2:172.21.15.119:3300/0,v1:172.21.15.119:6789/0] conn(0x7f86e8107d00 0x7f86e819bae0 unknown :-1 s=HELLO_CONNECTING pgs=0 cs=0 l=1 rev1=1 crypto rx=0 tx=0 comp rx=0 tx=0).handle_hello peer v2:172.21.15.119:3300/0 says I am v2:172.21.15.119:38542/0 (socket says 172.21.15.119:38542)
2024-04-23T14:36:06.126 INFO:teuthology.orchestra.run.smithi119.stdout:/usr/bin/ceph: stderr
2024-04-23T14:36:05.201+0000 7f86e7400700 1 -- 172.21.15.119:0/3658667052 learned_addr learned my addr 172.21.15.119:0/3658667052 (peer_addr_for_me v2:172.21.15.119:0/0)
2024-04-23T14:36:06.126 INFO:teuthology.orchestra.run.smithi119.stdout:/usr/bin/ceph: stderr
2024-04-23T14:36:05.202+0000 7f86e7400700 1 -- 172.21.15.119:0/3658667052 --> [v2:172.21.15.119:3300/0,v1:172.21.15.119:6789/0] -- mon_subscribe({config=0+,monmap=0+}) v3 -- 0x7f86d8009550 con 0x7f86e8107d00
2024-04-23T14:36:06.126 INFO:teuthology.orchestra.run.smithi119.stdout:/usr/bin/ceph: stderr
2024-04-23T14:36:05.202+0000 7f86e7400700 1 --2- 172.21.15.119:0/3658667052 >> [v2:172.21.15.119:3300/0,v1:172.21.15.119:6789/0] conn(0x7f86e8107d00 0x7f86e819bae0 secure :-1 s=READY pgs=58 cs=0 l=1 rev1=1 crypto rx=0x7f86d8011670 tx=0x7f86d8011b50 comp rx=0 tx=0).ready entity=mon.0 client_cookie=0 server_cookie=0 in_seq=0 out_seq=0
2024-04-23T14:36:06.126 INFO:teuthology.orchestra.run.smithi119.stdout:/usr/bin/ceph: stderr
2024-04-23T14:36:05.202+0000 7f86dfe00700 1 -- 172.21.15.119:0/3658667052 <== mon.0 v2:172.21.15.119:3300/0 1 ==== mon_map magic: 0 v1 ==== 229+0+0 (secure 0 0 0) 0x7f86d8003a40 con 0x7f86e8107d00
2024-04-23T14:36:06.126 INFO:teuthology.orchestra.run.smithi119.stdout:/usr/bin/ceph: stderr
2024-04-23T14:36:05.202+0000 7f86dfe00700 1 -- 172.21.15.119:0/3658667052 <== mon.0 v2:172.21.15.119:3300/0 2 ==== config(27 keys) v1 ==== 1101+0+0 (secure 0 0 0) 0x7f86d8003ba0 con 0x7f86e8107d00
2024-04-23T14:36:06.126 INFO:teuthology.orchestra.run.smithi119.stdout:/usr/bin/ceph: stderr
2024-04-23T14:36:05.202+0000 7f86dfe00700 1 -- 172.21.15.119:0/3658667052 <== mon.0 v2:172.21.15.119:3300/0 3 ==== mon_map magic: 0 v1 ==== 229+0+0 (secure 0 0 0) 0x7f86d8024790 con 0x7f86e8107d00
2024-04-23T14:36:06.126 INFO:teuthology.orchestra.run.smithi119.stdout:/usr/bin/ceph: stderr
2024-04-23T14:36:05.202+0000 7f86ee200700 1 -- 172.21.15.119:0/3658667052 --> [v2:172.21.15.119:3300/0,v1:172.21.15.119:6789/0] -- mon_subscribe({mgrmap=0+}) v3 -- 0x7f86e819c220 con 0x7f86e8107d00
2024-04-23T14:36:06.126 INFO:teuthology.orchestra.run.smithi119.stdout:/usr/bin/ceph: stderr
2024-04-23T14:36:05.202+0000 7f86ee200700 1 -- 172.21.15.119:0/3658667052 --> [v2:172.21.15.119:3300/0,v1:172.21.15.119:6789/0] -- mon_subscribe({osdmap=0}) v3 -- 0x7f86e819c640 con 0x7f86e8107d00
2024-04-23T14:36:06.126 INFO:teuthology.orchestra.run.smithi119.stdout:/usr/bin/ceph: stderr
2024-04-23T14:36:05.204+0000 7f86dfe00700 1 -- 172.21.15.119:0/3658667052 <== mon.0 v2:172.21.15.119:3300/0 4 ==== mgrmap(e 8) v1 ==== 45084+0+0 (secure 0 0 0) 0x7f86d801a430 con 0x7f86e8107d00
2024-04-23T14:36:06.126 INFO:teuthology.orchestra.run.smithi119.stdout:/usr/bin/ceph: stderr
2024-04-23T14:36:05.204+0000 7f86ee200700 1 -- 172.21.15.119:0/3658667052 --> [v2:172.21.15.119:3300/0,v1:172.21.15.119:6789/0] -- mon_command({"prefix": "get_command_descriptions"} v 0) v1 -- 0x7f86e810c190 con 0x7f86e8107d00
2024-04-23T14:36:06.126 INFO:teuthology.orchestra.run.smithi119.stdout:/usr/bin/ceph: stderr
2024-04-23T14:36:05.204+0000 7f86dfe00700 1 --2- 172.21.15.119:0/3658667052 >> [v2:172.21.15.119:6800/2833174730,v1:172.21.15.119:6801/2833174730] conn(0x7f86cc038440 0x7f86cc03a8f0 unknown :-1 s=NONE pgs=0 cs=0 l=1 rev1=0 crypto rx=0 tx=0 comp rx=0 tx=0).connect
2024-04-23T14:36:06.126 INFO:teuthology.orchestra.run.smithi119.stdout:/usr/bin/ceph: stderr
2024-04-23T14:36:05.204+0000 7f86dfe00700 1 -- 172.21.15.119:0/3658667052 <== mon.0 v2:172.21.15.119:3300/0 5 ==== osd_map(2..2 src has 1..2) v4 ==== 940+0+0 (secure 0 0 0) 0x7f86d804c510 con 0x7f86e8107d00
2024-04-23T14:36:06.126 INFO:teuthology.orchestra.run.smithi119.stdout:/usr/bin/ceph: stderr
2024-04-23T14:36:05.204+0000 7f86e6a00700 1 --2- 172.21.15.119:0/3658667052 >> [v2:172.21.15.119:6800/2833174730,v1:172.21.15.119:6801/2833174730] conn(0x7f86cc038440 0x7f86cc03a8f0 unknown :-1 s=BANNER_CONNECTING pgs=0 cs=0 l=1 rev1=0 crypto rx=0 tx=0 comp rx=0 tx=0)._handle_peer_banner_payload supported=3 required=0
2024-04-23T14:36:06.127 INFO:teuthology.orchestra.run.smithi119.stdout:/usr/bin/ceph: stderr
2024-04-23T14:36:05.205+0000 7f86e6a00700 1 --2- 172.21.15.119:0/3658667052 >> [v2:172.21.15.119:6800/2833174730,v1:172.21.15.119:6801/2833174730] conn(0x7f86cc038440 0x7f86cc03a8f0 secure :-1 s=READY pgs=17 cs=0 l=1 rev1=1 crypto rx=0x7f86d4006fd0 tx=0x7f86d4006e40 comp rx=0 tx=0).ready entity=mgr.14120 client_cookie=0 server_cookie=0 in_seq=0 out_seq=0
2024-04-23T14:36:06.127 INFO:teuthology.orchestra.run.smithi119.stdout:/usr/bin/ceph: stderr
2024-04-23T14:36:05.210+0000 7f86dfe00700 1 -- 172.21.15.119:0/3658667052 <== mon.0 v2:172.21.15.119:3300/0 6 ==== mon_command_ack([{"prefix": "get_command_descriptions"}]=0 v0) v1 ==== 72+0+177933 (secure 0 0 0) 0x7f86d801ac50 con 0x7f86e8107d00
2024-04-23T14:36:06.127 INFO:teuthology.orchestra.run.smithi119.stdout:/usr/bin/ceph: stderr
2024-04-23T14:36:05.437+0000 7f86ee200700 1 -- 172.21.15.119:0/3658667052 --> [v2:172.21.15.119:6800/2833174730,v1:172.21.15.119:6801/2833174730] -- mgr_command(tid 0: {"prefix": "orch apply", "service_type": "grafana", "target": ["mon-mgr", ""]}) v1 -- 0x7f86e8106cd0 con 0x7f86cc038440
2024-04-23T14:36:06.127 INFO:teuthology.orchestra.run.smithi119.stdout:/usr/bin/ceph: stderr
2024-04-23T14:36:05.445+0000 7f86dfe00700 1 -- 172.21.15.119:0/3658667052 <== mgr.14120 v2:172.21.15.119:6800/2833174730 1 ==== mgr_command_reply(tid 0: 0 ) v1 ==== 8+0+28 (secure 0 0 0) 0x7f86e8106cd0 con 0x7f86cc038440
2024-04-23T14:36:06.127 INFO:teuthology.orchestra.run.smithi119.stdout:/usr/bin/ceph: stderr
2024-04-23T14:36:05.448+0000 7f86ee200700 1 -- 172.21.15.119:0/3658667052 >> [v2:172.21.15.119:6800/2833174730,v1:172.21.15.119:6801/2833174730] conn(0x7f86cc038440 msgr2=0x7f86cc03a8f0 secure :-1 s=STATE_CONNECTION_ESTABLISHED l=1).mark_down
2024-04-23T14:36:06.127 INFO:teuthology.orchestra.run.smithi119.stdout:/usr/bin/ceph: stderr
2024-04-23T14:36:05.449+0000 7f86ee200700 1 --2- 172.21.15.119:0/3658667052 >> [v2:172.21.15.119:6800/2833174730,v1:172.21.15.119:6801/2833174730] conn(0x7f86cc038440 0x7f86cc03a8f0 secure :-1 s=READY pgs=17 cs=0 l=1 rev1=1 crypto rx=0x7f86d4006fd0 tx=0x7f86d4006e40 comp rx=0 tx=0).stop
2024-04-23T14:36:06.127 INFO:teuthology.orchestra.run.smithi119.stdout:/usr/bin/ceph: stderr
2024-04-23T14:36:05.449+0000 7f86ee200700 1 -- 172.21.15.119:0/3658667052 >> [v2:172.21.15.119:3300/0,v1:172.21.15.119:6789/0] conn(0x7f86e8107d00 msgr2=0x7f86e819bae0 secure :-1 s=STATE_CONNECTION_ESTABLISHED l=1).mark_down
2024-04-23T14:36:06.127 INFO:teuthology.orchestra.run.smithi119.stdout:/usr/bin/ceph: stderr
2024-04-23T14:36:05.449+0000 7f86ee200700 1 --2- 172.21.15.119:0/3658667052 >> [v2:172.21.15.119:3300/0,v1:172.21.15.119:6789/0] conn(0x7f86e8107d00 0x7f86e819bae0 secure :-1 s=READY pgs=58 cs=0 l=1 rev1=1 crypto rx=0x7f86d8011670 tx=0x7f86d8011b50 comp rx=0 tx=0).stop
2024-04-23T14:36:06.127 INFO:teuthology.orchestra.run.smithi119.stdout:/usr/bin/ceph: stderr
2024-04-23T14:36:05.449+0000 7f86ee200700 1 -- 172.21.15.119:0/3658667052 shutdown_connections
2024-04-23T14:36:06.127 INFO:teuthology.orchestra.run.smithi119.stdout:/usr/bin/ceph: stderr
2024-04-23T14:36:05.449+0000 7f86ee200700 1 --2- 172.21.15.119:0/3658667052 >> [v2:172.21.15.119:6800/2833174730,v1:172.21.15.119:6801/2833174730] conn(0x7f86cc038440 0x7f86cc03a8f0 unknown :-1 s=CLOSED pgs=17 cs=0 l=1 rev1=1 crypto rx=0 tx=0 comp rx=0 tx=0).stop
2024-04-23T14:36:06.127 INFO:teuthology.orchestra.run.smithi119.stdout:/usr/bin/ceph: stderr
2024-04-23T14:36:05.449+0000 7f86ee200700 1 --2- 172.21.15.119:0/3658667052 >> [v2:172.21.15.119:3300/0,v1:172.21.15.119:6789/0] conn(0x7f86e8107d00 0x7f86e819bae0 unknown :-1 s=CLOSED pgs=58 cs=0 l=1 rev1=1 crypto rx=0 tx=0 comp rx=0 tx=0).stop
2024-04-23T14:36:06.127 INFO:teuthology.orchestra.run.smithi119.stdout:/usr/bin/ceph: stderr
2024-04-23T14:36:05.449+0000 7f86ee200700 1 -- 172.21.15.119:0/3658667052 >> 172.21.15.119:0/3658667052 conn(0x7f86e807b220 msgr2=0x7f86e81060b0 unknown :-1 s=STATE_NONE l=0).mark_down
2024-04-23T14:36:06.127 INFO:teuthology.orchestra.run.smithi119.stdout:/usr/bin/ceph: stderr
2024-04-23T14:36:05.449+0000 7f86ee200700 1 -- 172.21.15.119:0/3658667052 shutdown_connections
2024-04-23T14:36:06.127 INFO:teuthology.orchestra.run.smithi119.stdout:/usr/bin/ceph: stderr
2024-04-23T14:36:05.449+0000 7f86ee200700 1 -- 172.21.15.119:0/3658667052 wait complete.
2024-04-23T14:36:06.128 INFO:teuthology.orchestra.run.smithi119.stdout:Deploying node-exporter service with default placement...
2024-04-23T14:36:06.433 INFO:journalctl@ceph.mon.smithi119.smithi119.stdout:Apr 23 14:36:06 smithi119 ceph-mon[25623]: pgmap v5: 0 pgs: ; 0 B data, 0 B used, 0 B / 0 B avail
2024-04-23T14:36:06.433 INFO:journalctl@ceph.mon.smithi119.smithi119.stdout:Apr 23 14:36:06 smithi119 ceph-mon[25623]: from='mgr.14120 172.21.15.119:0/1526708295' entity='mgr.smithi119.ktehza'
2024-04-23T14:36:07.333 INFO:journalctl@ceph.mon.smithi119.smithi119.stdout:Apr 23 14:36:07 smithi119 ceph-mon[25623]: from='client.14152 -' entity='client.admin' cmd=[{"prefix": "orch apply", "service_type": "grafana", "target": ["mon-mgr", ""]}]: dispatch
2024-04-23T14:36:07.334 INFO:journalctl@ceph.mon.smithi119.smithi119.stdout:Apr 23 14:36:07 smithi119 ceph-mon[25623]: Saving service grafana spec with placement count:1
2024-04-23T14:36:07.334 INFO:journalctl@ceph.mon.smithi119.smithi119.stdout:Apr 23 14:36:07 smithi119 ceph-mon[25623]: from='mgr.14120 172.21.15.119:0/1526708295' entity='mgr.smithi119.ktehza'
2024-04-23T14:36:07.692 INFO:teuthology.orchestra.run.smithi119.stdout:/usr/bin/ceph: stdout Scheduled node-exporter update...
2024-04-23T14:36:07.693 INFO:teuthology.orchestra.run.smithi119.stdout:/usr/bin/ceph: stderr
2024-04-23T14:36:06.750+0000 7fe797800700 1 Processor -- start
2024-04-23T14:36:07.693 INFO:teuthology.orchestra.run.smithi119.stdout:/usr/bin/ceph: stderr
2024-04-23T14:36:06.750+0000 7fe797800700 1 -- start start
2024-04-23T14:36:07.693 INFO:teuthology.orchestra.run.smithi119.stdout:/usr/bin/ceph: stderr
2024-04-23T14:36:06.751+0000 7fe797800700 1 --2- >> [v2:172.21.15.119:3300/0,v1:172.21.15.119:6789/0] conn(0x7fe79007bdd0 0x7fe79007a2d0 unknown :-1 s=NONE pgs=0 cs=0 l=0 rev1=0 crypto rx=0 tx=0 comp rx=0 tx=0).connect
2024-04-23T14:36:07.693 INFO:teuthology.orchestra.run.smithi119.stdout:/usr/bin/ceph: stderr
2024-04-23T14:36:06.751+0000 7fe797800700 1 -- --> [v2:172.21.15.119:3300/0,v1:172.21.15.119:6789/0] -- mon_getmap magic: 0 v1 -- 0x7fe79007a810 con 0x7fe79007bdd0
2024-04-23T14:36:07.694 INFO:teuthology.orchestra.run.smithi119.stdout:/usr/bin/ceph: stderr
2024-04-23T14:36:06.751+0000 7fe794e00700 1 --2- >> [v2:172.21.15.119:3300/0,v1:172.21.15.119:6789/0] conn(0x7fe79007bdd0 0x7fe79007a2d0 unknown :-1 s=BANNER_CONNECTING pgs=0 cs=0 l=0 rev1=0 crypto rx=0 tx=0 comp rx=0 tx=0)._handle_peer_banner_payload supported=3 required=0
2024-04-23T14:36:07.695 INFO:teuthology.orchestra.run.smithi119.stdout:/usr/bin/ceph: stderr
