2024-04-23T14:37:39.659+0000 7f0e17200700 1 -- 172.21.15.83:0/3916769522 >> 172.21.15.83:0/3916769522 conn(0x7f0e1007def0 msgr2=0x7f0e1007ea90 unknown :-1 s=STATE_NONE l=0).mark_down
2024-04-23T14:37:41.282 INFO:teuthology.orchestra.run.smithi083.stdout:/usr/bin/ceph: stderr
2024-04-23T14:37:39.659+0000 7f0e17200700 1 -- 172.21.15.83:0/3916769522 shutdown_connections
2024-04-23T14:37:41.282 INFO:teuthology.orchestra.run.smithi083.stdout:/usr/bin/ceph: stderr
2024-04-23T14:37:39.660+0000 7f0e17200700 1 -- 172.21.15.83:0/3916769522 wait complete.
2024-04-23T14:37:41.282 INFO:teuthology.orchestra.run.smithi083.stdout:Deploying unmanaged mgr service...
2024-04-23T14:37:42.092 INFO:journalctl@ceph.mon.a.smithi083.stdout:Apr 23 14:37:41 smithi083 ceph-mon[27867]: from='mgr.14120 172.21.15.83:0/1203422052' entity='mgr.x'
2024-04-23T14:37:42.093 INFO:journalctl@ceph.mon.a.smithi083.stdout:Apr 23 14:37:41 smithi083 ceph-mon[27867]: from='mgr.14120 172.21.15.83:0/1203422052' entity='mgr.x'
2024-04-23T14:37:42.717 INFO:teuthology.orchestra.run.smithi083.stdout:/usr/bin/ceph: stdout Scheduled mgr update...
2024-04-23T14:37:42.717 INFO:teuthology.orchestra.run.smithi083.stdout:/usr/bin/ceph: stderr
2024-04-23T14:37:41.837+0000 7f1ac0000700 1 Processor -- start
2024-04-23T14:37:42.717 INFO:teuthology.orchestra.run.smithi083.stdout:/usr/bin/ceph: stderr
2024-04-23T14:37:41.837+0000 7f1ac0000700 1 -- start start
2024-04-23T14:37:42.717 INFO:teuthology.orchestra.run.smithi083.stdout:/usr/bin/ceph: stderr
2024-04-23T14:37:41.837+0000 7f1ac0000700 1 --2- >> [v2:172.21.15.83:3300/0,v1:172.21.15.83:6789/0] conn(0x7f1ab81086f0 0x7f1ab8108b10 unknown :-1 s=NONE pgs=0 cs=0 l=0 rev1=0 crypto rx=0 tx=0 comp rx=0 tx=0).connect
2024-04-23T14:37:42.717 INFO:teuthology.orchestra.run.smithi083.stdout:/usr/bin/ceph: stderr
2024-04-23T14:37:41.837+0000 7f1ac0000700 1 -- --> [v2:172.21.15.83:3300/0,v1:172.21.15.83:6789/0] -- mon_getmap magic: 0 -- 0x7f1ab81090e0 con 0x7f1ab81086f0
2024-04-23T14:37:42.717 INFO:teuthology.orchestra.run.smithi083.stdout:/usr/bin/ceph: stderr
2024-04-23T14:37:41.838+0000 7f1abd600700 1 --2- >> [v2:172.21.15.83:3300/0,v1:172.21.15.83:6789/0] conn(0x7f1ab81086f0 0x7f1ab8108b10 unknown :-1 s=BANNER_CONNECTING pgs=0 cs=0 l=0 rev1=0 crypto rx=0 tx=0 comp rx=0 tx=0)._handle_peer_banner_payload supported=3 required=0
2024-04-23T14:37:42.717 INFO:teuthology.orchestra.run.smithi083.stdout:/usr/bin/ceph: stderr
2024-04-23T14:37:41.838+0000 7f1abd600700 1 --2- >> [v2:172.21.15.83:3300/0,v1:172.21.15.83:6789/0] conn(0x7f1ab81086f0 0x7f1ab8108b10 unknown :-1 s=HELLO_CONNECTING pgs=0 cs=0 l=0 rev1=1 crypto rx=0 tx=0 comp rx=0 tx=0).handle_hello peer v2:172.21.15.83:3300/0 says I am v2:172.21.15.83:40712/0 (socket says 172.21.15.83:40712)
2024-04-23T14:37:42.717 INFO:teuthology.orchestra.run.smithi083.stdout:/usr/bin/ceph: stderr
2024-04-23T14:37:41.838+0000 7f1abd600700 1 -- 172.21.15.83:0/2477188733 learned_addr learned my addr 172.21.15.83:0/2477188733 (peer_addr_for_me v2:172.21.15.83:0/0)
2024-04-23T14:37:42.717 INFO:teuthology.orchestra.run.smithi083.stdout:/usr/bin/ceph: stderr
2024-04-23T14:37:41.838+0000 7f1abd600700 1 -- 172.21.15.83:0/2477188733 --> [v2:172.21.15.83:3300/0,v1:172.21.15.83:6789/0] -- mon_subscribe({config=0+,monmap=0+}) -- 0x7f1ab81098a0 con 0x7f1ab81086f0
2024-04-23T14:37:42.717 INFO:teuthology.orchestra.run.smithi083.stdout:/usr/bin/ceph: stderr
2024-04-23T14:37:41.839+0000 7f1abd600700 1 --2- 172.21.15.83:0/2477188733 >> [v2:172.21.15.83:3300/0,v1:172.21.15.83:6789/0] conn(0x7f1ab81086f0 0x7f1ab8108b10 secure :-1 s=READY pgs=49 cs=0 l=1 rev1=1 crypto rx=0x7f1aac0098a0 tx=0x7f1aac009bb0 comp rx=0 tx=0).ready entity=mon.0 client_cookie=23a900e24a4e8f34 server_cookie=0 in_seq=0 out_seq=0
2024-04-23T14:37:42.718 INFO:teuthology.orchestra.run.smithi083.stdout:/usr/bin/ceph: stderr
2024-04-23T14:37:41.839+0000 7f1ab7e00700 1 -- 172.21.15.83:0/2477188733 <== mon.0 v2:172.21.15.83:3300/0 1 ==== mon_map magic: 0 ==== 205+0+0 (secure 0 0 0) 0x7f1aac004160 con 0x7f1ab81086f0
2024-04-23T14:37:42.718 INFO:teuthology.orchestra.run.smithi083.stdout:/usr/bin/ceph: stderr
2024-04-23T14:37:41.839+0000 7f1ab7e00700 1 -- 172.21.15.83:0/2477188733 <== mon.0 v2:172.21.15.83:3300/0 2 ==== config(27 keys) ==== 1140+0+0 (secure 0 0 0) 0x7f1aac004300 con 0x7f1ab81086f0
2024-04-23T14:37:42.718 INFO:teuthology.orchestra.run.smithi083.stdout:/usr/bin/ceph: stderr
2024-04-23T14:37:41.839+0000 7f1ab7e00700 1 -- 172.21.15.83:0/2477188733 <== mon.0 v2:172.21.15.83:3300/0 3 ==== mon_map magic: 0 ==== 205+0+0 (secure 0 0 0) 0x7f1aac011b20 con 0x7f1ab81086f0
2024-04-23T14:37:42.718 INFO:teuthology.orchestra.run.smithi083.stdout:/usr/bin/ceph: stderr
2024-04-23T14:37:41.840+0000 7f1ac0000700 1 -- 172.21.15.83:0/2477188733 >> [v2:172.21.15.83:3300/0,v1:172.21.15.83:6789/0] conn(0x7f1ab81086f0 msgr2=0x7f1ab8108b10 secure :-1 s=STATE_CONNECTION_ESTABLISHED l=1).mark_down
2024-04-23T14:37:42.718 INFO:teuthology.orchestra.run.smithi083.stdout:/usr/bin/ceph: stderr
2024-04-23T14:37:41.840+0000 7f1ac0000700 1 --2- 172.21.15.83:0/2477188733 >> [v2:172.21.15.83:3300/0,v1:172.21.15.83:6789/0] conn(0x7f1ab81086f0 0x7f1ab8108b10 secure :-1 s=READY pgs=49 cs=0 l=1 rev1=1 crypto rx=0x7f1aac0098a0 tx=0x7f1aac009bb0 comp rx=0 tx=0).stop
2024-04-23T14:37:42.718 INFO:teuthology.orchestra.run.smithi083.stdout:/usr/bin/ceph: stderr
2024-04-23T14:37:41.840+0000 7f1ac0000700 1 -- 172.21.15.83:0/2477188733 shutdown_connections
2024-04-23T14:37:42.718 INFO:teuthology.orchestra.run.smithi083.stdout:/usr/bin/ceph: stderr
2024-04-23T14:37:41.840+0000 7f1ac0000700 1 --2- 172.21.15.83:0/2477188733 >> [v2:172.21.15.83:3300/0,v1:172.21.15.83:6789/0] conn(0x7f1ab81086f0 0x7f1ab8108b10 unknown :-1 s=CLOSED pgs=49 cs=0 l=1 rev1=1 crypto rx=0 tx=0 comp rx=0 tx=0).stop
2024-04-23T14:37:42.718 INFO:teuthology.orchestra.run.smithi083.stdout:/usr/bin/ceph: stderr
2024-04-23T14:37:41.840+0000 7f1ac0000700 1 -- 172.21.15.83:0/2477188733 >> 172.21.15.83:0/2477188733 conn(0x7f1ab8103d10 msgr2=0x7f1ab8106130 unknown :-1 s=STATE_NONE l=0).mark_down
2024-04-23T14:37:42.718 INFO:teuthology.orchestra.run.smithi083.stdout:/usr/bin/ceph: stderr
2024-04-23T14:37:41.840+0000 7f1ac0000700 1 -- 172.21.15.83:0/2477188733 shutdown_connections
2024-04-23T14:37:42.718 INFO:teuthology.orchestra.run.smithi083.stdout:/usr/bin/ceph: stderr
2024-04-23T14:37:41.840+0000 7f1ac0000700 1 -- 172.21.15.83:0/2477188733 wait complete.
2024-04-23T14:37:42.718 INFO:teuthology.orchestra.run.smithi083.stdout:/usr/bin/ceph: stderr
2024-04-23T14:37:41.841+0000 7f1ac0000700 1 Processor -- start
2024-04-23T14:37:42.718 INFO:teuthology.orchestra.run.smithi083.stdout:/usr/bin/ceph: stderr
2024-04-23T14:37:41.841+0000 7f1ac0000700 1 -- start start
2024-04-23T14:37:42.718 INFO:teuthology.orchestra.run.smithi083.stdout:/usr/bin/ceph: stderr
2024-04-23T14:37:41.842+0000 7f1ac0000700 1 --2- >> [v2:172.21.15.83:3300/0,v1:172.21.15.83:6789/0] conn(0x7f1ab81086f0 0x7f1ab819e890 unknown :-1 s=NONE pgs=0 cs=0 l=1 rev1=0 crypto rx=0 tx=0 comp rx=0 tx=0).connect
2024-04-23T14:37:42.718 INFO:teuthology.orchestra.run.smithi083.stdout:/usr/bin/ceph: stderr
2024-04-23T14:37:41.842+0000 7f1ac0000700 1 -- --> [v2:172.21.15.83:3300/0,v1:172.21.15.83:6789/0] -- mon_getmap magic: 0 -- 0x7f1ab810cc50 con 0x7f1ab81086f0
2024-04-23T14:37:42.719 INFO:teuthology.orchestra.run.smithi083.stdout:/usr/bin/ceph: stderr
2024-04-23T14:37:41.842+0000 7f1abd600700 1 --2- >> [v2:172.21.15.83:3300/0,v1:172.21.15.83:6789/0] conn(0x7f1ab81086f0 0x7f1ab819e890 unknown :-1 s=BANNER_CONNECTING pgs=0 cs=0 l=1 rev1=0 crypto rx=0 tx=0 comp rx=0 tx=0)._handle_peer_banner_payload supported=3 required=0
2024-04-23T14:37:42.719 INFO:teuthology.orchestra.run.smithi083.stdout:/usr/bin/ceph: stderr
2024-04-23T14:37:41.842+0000 7f1abd600700 1 --2- >> [v2:172.21.15.83:3300/0,v1:172.21.15.83:6789/0] conn(0x7f1ab81086f0 0x7f1ab819e890 unknown :-1 s=HELLO_CONNECTING pgs=0 cs=0 l=1 rev1=1 crypto rx=0 tx=0 comp rx=0 tx=0).handle_hello peer v2:172.21.15.83:3300/0 says I am v2:172.21.15.83:40718/0 (socket says 172.21.15.83:40718)
2024-04-23T14:37:42.719 INFO:teuthology.orchestra.run.smithi083.stdout:/usr/bin/ceph: stderr
2024-04-23T14:37:41.842+0000 7f1abd600700 1 -- 172.21.15.83:0/213870075 learned_addr learned my addr 172.21.15.83:0/213870075 (peer_addr_for_me v2:172.21.15.83:0/0)
2024-04-23T14:37:42.719 INFO:teuthology.orchestra.run.smithi083.stdout:/usr/bin/ceph: stderr
2024-04-23T14:37:41.843+0000 7f1abd600700 1 -- 172.21.15.83:0/213870075 --> [v2:172.21.15.83:3300/0,v1:172.21.15.83:6789/0] -- mon_subscribe({config=0+,monmap=0+}) -- 0x7f1ab819edd0 con 0x7f1ab81086f0
2024-04-23T14:37:42.719 INFO:teuthology.orchestra.run.smithi083.stdout:/usr/bin/ceph: stderr
2024-04-23T14:37:41.843+0000 7f1abd600700 1 --2- 172.21.15.83:0/213870075 >> [v2:172.21.15.83:3300/0,v1:172.21.15.83:6789/0] conn(0x7f1ab81086f0 0x7f1ab819e890 secure :-1 s=READY pgs=50 cs=0 l=1 rev1=1 crypto rx=0x7f1aac000c00 tx=0x7f1aac011c10 comp rx=0 tx=0).ready entity=mon.0 client_cookie=0 server_cookie=0 in_seq=0 out_seq=0
2024-04-23T14:37:42.719 INFO:teuthology.orchestra.run.smithi083.stdout:/usr/bin/ceph: stderr
2024-04-23T14:37:41.843+0000 7f1ab6000700 1 -- 172.21.15.83:0/213870075 <== mon.0 v2:172.21.15.83:3300/0 1 ==== mon_map magic: 0 ==== 205+0+0 (secure 0 0 0) 0x7f1aac003b60 con 0x7f1ab81086f0
2024-04-23T14:37:42.719 INFO:teuthology.orchestra.run.smithi083.stdout:/usr/bin/ceph: stderr
2024-04-23T14:37:41.843+0000 7f1ab6000700 1 -- 172.21.15.83:0/213870075 <== mon.0 v2:172.21.15.83:3300/0 2 ==== config(27 keys) ==== 1140+0+0 (secure 0 0 0) 0x7f1aac01a910 con 0x7f1ab81086f0
2024-04-23T14:37:42.719 INFO:teuthology.orchestra.run.smithi083.stdout:/usr/bin/ceph: stderr
2024-04-23T14:37:41.843+0000 7f1ac0000700 1 -- 172.21.15.83:0/213870075 --> [v2:172.21.15.83:3300/0,v1:172.21.15.83:6789/0] -- mon_subscribe({mgrmap=0+}) -- 0x7f1ab819f060 con 0x7f1ab81086f0
2024-04-23T14:37:42.719 INFO:teuthology.orchestra.run.smithi083.stdout:/usr/bin/ceph: stderr
2024-04-23T14:37:41.843+0000 7f1ab6000700 1 -- 172.21.15.83:0/213870075 <== mon.0 v2:172.21.15.83:3300/0 3 ==== mon_map magic: 0 ==== 205+0+0 (secure 0 0 0) 0x7f1aac024930 con 0x7f1ab81086f0
2024-04-23T14:37:42.719 INFO:teuthology.orchestra.run.smithi083.stdout:/usr/bin/ceph: stderr
2024-04-23T14:37:41.843+0000 7f1ac0000700 1 -- 172.21.15.83:0/213870075 --> [v2:172.21.15.83:3300/0,v1:172.21.15.83:6789/0] -- mon_subscribe({osdmap=0}) -- 0x7f1ab819f4c0 con 0x7f1ab81086f0
2024-04-23T14:37:42.719 INFO:teuthology.orchestra.run.smithi083.stdout:/usr/bin/ceph: stderr
2024-04-23T14:37:41.845+0000 7f1ab6000700 1 -- 172.21.15.83:0/213870075 <== mon.0 v2:172.21.15.83:3300/0 4 ==== mgrmap(e 8) ==== 46558+0+0 (secure 0 0 0) 0x7f1aac022020 con 0x7f1ab81086f0
2024-04-23T14:37:42.719 INFO:teuthology.orchestra.run.smithi083.stdout:/usr/bin/ceph: stderr
2024-04-23T14:37:41.845+0000 7f1ac0000700 1 -- 172.21.15.83:0/213870075 --> [v2:172.21.15.83:3300/0,v1:172.21.15.83:6789/0] -- mon_command({"prefix": "get_command_descriptions"} v 0) -- 0x7f1ab8064150 con 0x7f1ab81086f0
2024-04-23T14:37:42.719 INFO:teuthology.orchestra.run.smithi083.stdout:/usr/bin/ceph: stderr
2024-04-23T14:37:41.845+0000 7f1ab6000700 1 --2- 172.21.15.83:0/213870075 >> [v2:172.21.15.83:6800/3974620988,v1:172.21.15.83:6801/3974620988] conn(0x7f1aa0039600 0x7f1aa003bac0 unknown :-1 s=NONE pgs=0 cs=0 l=1 rev1=0 crypto rx=0 tx=0 comp rx=0 tx=0).connect
2024-04-23T14:37:42.719 INFO:teuthology.orchestra.run.smithi083.stdout:/usr/bin/ceph: stderr
2024-04-23T14:37:41.845+0000 7f1ab6000700 1 -- 172.21.15.83:0/213870075 <== mon.0 v2:172.21.15.83:3300/0 5 ==== osd_map(2..2 src has 1..2) ==== 940+0+0 (secure 0 0 0) 0x7f1aac04d830 con 0x7f1ab81086f0
2024-04-23T14:37:42.719 INFO:teuthology.orchestra.run.smithi083.stdout:/usr/bin/ceph: stderr
2024-04-23T14:37:41.846+0000 7f1abcc00700 1 --2- 172.21.15.83:0/213870075 >> [v2:172.21.15.83:6800/3974620988,v1:172.21.15.83:6801/3974620988] conn(0x7f1aa0039600 0x7f1aa003bac0 unknown :-1 s=BANNER_CONNECTING pgs=0 cs=0 l=1 rev1=0 crypto rx=0 tx=0 comp rx=0 tx=0)._handle_peer_banner_payload supported=3 required=0
2024-04-23T14:37:42.720 INFO:teuthology.orchestra.run.smithi083.stdout:/usr/bin/ceph: stderr
2024-04-23T14:37:41.847+0000 7f1abcc00700 1 --2- 172.21.15.83:0/213870075 >> [v2:172.21.15.83:6800/3974620988,v1:172.21.15.83:6801/3974620988] conn(0x7f1aa0039600 0x7f1aa003bac0 secure :-1 s=READY pgs=13 cs=0 l=1 rev1=1 crypto rx=0x7f1aa4006fd0 tx=0x7f1aa4006e40 comp rx=0 tx=0).ready entity=mgr.14120 client_cookie=0 server_cookie=0 in_seq=0 out_seq=0
2024-04-23T14:37:42.720 INFO:teuthology.orchestra.run.smithi083.stdout:/usr/bin/ceph: stderr
2024-04-23T14:37:41.851+0000 7f1ab6000700 1 -- 172.21.15.83:0/213870075 <== mon.0 v2:172.21.15.83:3300/0 6 ==== mon_command_ack([{"prefix": "get_command_descriptions"}]=0 v0) ==== 72+0+188370 (secure 0 0 0) 0x7f1aac02c510 con 0x7f1ab81086f0
2024-04-23T14:37:42.720 INFO:teuthology.orchestra.run.smithi083.stdout:/usr/bin/ceph: stderr
2024-04-23T14:37:42.092+0000 7f1ac0000700 1 -- 172.21.15.83:0/213870075 --> [v2:172.21.15.83:6800/3974620988,v1:172.21.15.83:6801/3974620988] -- mgr_command(tid 0: {"prefix": "orch apply", "service_type": "mgr", "unmanaged": true, "target": ["mon-mgr", ""]}) -- 0x7f1ab8104eb0 con 0x7f1aa0039600
2024-04-23T14:37:42.720 INFO:teuthology.orchestra.run.smithi083.stdout:/usr/bin/ceph: stderr
2024-04-23T14:37:42.100+0000 7f1ab6000700 1 -- 172.21.15.83:0/213870075 <== mgr.14120 v2:172.21.15.83:6800/3974620988 1 ==== mgr_command_reply(tid 0: 0 ) ==== 8+0+24 (secure 0 0 0) 0x7f1ab8104eb0 con 0x7f1aa0039600
2024-04-23T14:37:42.720 INFO:teuthology.orchestra.run.smithi083.stdout:/usr/bin/ceph: stderr
2024-04-23T14:37:42.103+0000 7f1ac0000700 1 -- 172.21.15.83:0/213870075 >> [v2:172.21.15.83:6800/3974620988,v1:172.21.15.83:6801/3974620988] conn(0x7f1aa0039600 msgr2=0x7f1aa003bac0 secure :-1 s=STATE_CONNECTION_ESTABLISHED l=1).mark_down
2024-04-23T14:37:42.720 INFO:teuthology.orchestra.run.smithi083.stdout:/usr/bin/ceph: stderr
2024-04-23T14:37:42.103+0000 7f1ac0000700 1 --2- 172.21.15.83:0/213870075 >> [v2:172.21.15.83:6800/3974620988,v1:172.21.15.83:6801/3974620988] conn(0x7f1aa0039600 0x7f1aa003bac0 secure :-1 s=READY pgs=13 cs=0 l=1 rev1=1 crypto rx=0x7f1aa4006fd0 tx=0x7f1aa4006e40 comp rx=0 tx=0).stop
2024-04-23T14:37:42.720 INFO:teuthology.orchestra.run.smithi083.stdout:/usr/bin/ceph: stderr
2024-04-23T14:37:42.103+0000 7f1ac0000700 1 -- 172.21.15.83:0/213870075 >> [v2:172.21.15.83:3300/0,v1:172.21.15.83:6789/0] conn(0x7f1ab81086f0 msgr2=0x7f1ab819e890 secure :-1 s=STATE_CONNECTION_ESTABLISHED l=1).mark_down
2024-04-23T14:37:42.720 INFO:teuthology.orchestra.run.smithi083.stdout:/usr/bin/ceph: stderr
2024-04-23T14:37:42.103+0000 7f1ac0000700 1 --2- 172.21.15.83:0/213870075 >> [v2:172.21.15.83:3300/0,v1:172.21.15.83:6789/0] conn(0x7f1ab81086f0 0x7f1ab819e890 secure :-1 s=READY pgs=50 cs=0 l=1 rev1=1 crypto rx=0x7f1aac000c00 tx=0x7f1aac011c10 comp rx=0 tx=0).stop
2024-04-23T14:37:42.720 INFO:teuthology.orchestra.run.smithi083.stdout:/usr/bin/ceph: stderr
2024-04-23T14:37:42.103+0000 7f1ac0000700 1 -- 172.21.15.83:0/213870075 shutdown_connections
2024-04-23T14:37:42.720 INFO:teuthology.orchestra.run.smithi083.stdout:/usr/bin/ceph: stderr
2024-04-23T14:37:42.103+0000 7f1ac0000700 1 --2- 172.21.15.83:0/213870075 >> [v2:172.21.15.83:6800/3974620988,v1:172.21.15.83:6801/3974620988] conn(0x7f1aa0039600 0x7f1aa003bac0 unknown :-1 s=CLOSED pgs=13 cs=0 l=1 rev1=1 crypto rx=0 tx=0 comp rx=0 tx=0).stop
2024-04-23T14:37:42.720 INFO:teuthology.orchestra.run.smithi083.stdout:/usr/bin/ceph: stderr
2024-04-23T14:37:42.103+0000 7f1ac0000700 1 --2- 172.21.15.83:0/213870075 >> [v2:172.21.15.83:3300/0,v1:172.21.15.83:6789/0] conn(0x7f1ab81086f0 0x7f1ab819e890 unknown :-1 s=CLOSED pgs=50 cs=0 l=1 rev1=1 crypto rx=0 tx=0 comp rx=0 tx=0).stop
2024-04-23T14:37:42.720 INFO:teuthology.orchestra.run.smithi083.stdout:/usr/bin/ceph: stderr
2024-04-23T14:37:42.103+0000 7f1ac0000700 1 -- 172.21.15.83:0/213870075 >> 172.21.15.83:0/213870075 conn(0x7f1ab8103d10 msgr2=0x7f1ab81047a0 unknown :-1 s=STATE_NONE l=0).mark_down
2024-04-23T14:37:42.720 INFO:teuthology.orchestra.run.smithi083.stdout:/usr/bin/ceph: stderr
2024-04-23T14:37:42.103+0000 7f1ac0000700 1 -- 172.21.15.83:0/213870075 shutdown_connections
2024-04-23T14:37:42.720 INFO:teuthology.orchestra.run.smithi083.stdout:/usr/bin/ceph: stderr
2024-04-23T14:37:42.103+0000 7f1ac0000700 1 -- 172.21.15.83:0/213870075 wait complete.
2024-04-23T14:37:43.256 INFO:journalctl@ceph.mon.a.smithi083.stdout:Apr 23 14:37:43 smithi083 ceph-mon[27867]: from='client.14144 -' entity='client.admin' cmd=[{"prefix": "orch apply", "service_type": "mgr", "unmanaged": true, "target": ["mon-mgr", ""]}]: dispatch
2024-04-23T14:37:43.257 INFO:journalctl@ceph.mon.a.smithi083.stdout:Apr 23 14:37:43 smithi083 ceph-mon[27867]: Saving service mgr spec with placement count:2
2024-04-23T14:37:43.257 INFO:journalctl@ceph.mon.a.smithi083.stdout:Apr 23 14:37:43 smithi083 ceph-mon[27867]: from='mgr.14120 172.21.15.83:0/1203422052' entity='mgr.x'
2024-04-23T14:37:44.506 INFO:journalctl@ceph.mon.a.smithi083.stdout:Apr 23 14:37:44 smithi083 ceph-mon[27867]: pgmap v3: 0 pgs: ; 0 B data, 0 B used, 0 B / 0 B avail
2024-04-23T14:37:44.507 INFO:journalctl@ceph.mon.a.smithi083.stdout:Apr 23 14:37:44 smithi083 ceph-mon[27867]: from='client.? 172.21.15.83:0/3056574227' entity='client.admin'
2024-04-23T14:37:44.818 INFO:teuthology.orchestra.run.smithi083.stdout:/usr/bin/ceph: stderr
2024-04-23T14:37:43.298+0000 7f808c600700 1 Processor -- start
2024-04-23T14:37:44.818 INFO:teuthology.orchestra.run.smithi083.stdout:/usr/bin/ceph: stderr
2024-04-23T14:37:43.299+0000 7f808c600700 1 -- start start
2024-04-23T14:37:44.818 INFO:teuthology.orchestra.run.smithi083.stdout:/usr/bin/ceph: stderr
2024-04-23T14:37:43.299+0000 7f808c600700 1 --2- >> [v2:172.21.15.83:3300/0,v1:172.21.15.83:6789/0] conn(0x7f808410efe0 0x7f808410f400 unknown :-1 s=NONE pgs=0 cs=0 l=0 rev1=0 crypto rx=0 tx=0 comp rx=0 tx=0).connect
2024-04-23T14:37:44.818 INFO:teuthology.orchestra.run.smithi083.stdout:/usr/bin/ceph: stderr
2024-04-23T14:37:43.299+0000 7f808c600700 1 -- --> [v2:172.21.15.83:3300/0,v1:172.21.15.83:6789/0] -- mon_getmap magic: 0 -- 0x7f808410f940 con 0x7f808410efe0
2024-04-23T14:37:44.818 INFO:teuthology.orchestra.run.smithi083.stdout:/usr/bin/ceph: stderr
2024-04-23T14:37:43.299+0000 7f8089c00700 1 --2- >> [v2:172.21.15.83:3300/0,v1:172.21.15.83:6789/0] conn(0x7f808410efe0 0x7f808410f400 unknown :-1 s=BANNER_CONNECTING pgs=0 cs=0 l=0 rev1=0 crypto rx=0 tx=0 comp rx=0 tx=0)._handle_peer_banner_payload supported=3 required=0
2024-04-23T14:37:44.818 INFO:teuthology.orchestra.run.smithi083.stdout:/usr/bin/ceph: stderr
2024-04-23T14:37:43.300+0000 7f8089c00700 1 --2- >> [v2:172.21.15.83:3300/0,v1:172.21.15.83:6789/0] conn(0x7f808410efe0 0x7f808410f400 unknown :-1 s=HELLO_CONNECTING pgs=0 cs=0 l=0 rev1=1 crypto rx=0 tx=0 comp rx=0 tx=0).handle_hello peer v2:172.21.15.83:3300/0 says I am v2:172.21.15.83:40726/0 (socket says 172.21.15.83:40726)
2024-04-23T14:37:44.819 INFO:teuthology.orchestra.run.smithi083.stdout:/usr/bin/ceph: stderr
2024-04-23T14:37:43.300+0000 7f8089c00700 1 -- 172.21.15.83:0/3633859581 learned_addr learned my addr 172.21.15.83:0/3633859581 (peer_addr_for_me v2:172.21.15.83:0/0)
2024-04-23T14:37:44.819 INFO:teuthology.orchestra.run.smithi083.stdout:/usr/bin/ceph: stderr
2024-04-23T14:37:43.300+0000 7f8089c00700 1 -- 172.21.15.83:0/3633859581 --> [v2:172.21.15.83:3300/0,v1:172.21.15.83:6789/0] -- mon_subscribe({config=0+,monmap=0+}) -- 0x7f808410fac0 con 0x7f808410efe0
2024-04-23T14:37:44.819 INFO:teuthology.orchestra.run.smithi083.stdout:/usr/bin/ceph: stderr
2024-04-23T14:37:43.300+0000 7f8089c00700 1 --2- 172.21.15.83:0/3633859581 >> [v2:172.21.15.83:3300/0,v1:172.21.15.83:6789/0] conn(0x7f808410efe0 0x7f808410f400 secure :-1 s=READY pgs=51 cs=0 l=1 rev1=1 crypto rx=0x7f80780098a0 tx=0x7f8078009bb0 comp rx=0 tx=0).ready entity=mon.0 client_cookie=915b92a1608367d4 server_cookie=0 in_seq=0 out_seq=0
2024-04-23T14:37:44.819 INFO:teuthology.orchestra.run.smithi083.stdout:/usr/bin/ceph: stderr
2024-04-23T14:37:43.301+0000 7f8083e00700 1 -- 172.21.15.83:0/3633859581 <== mon.0 v2:172.21.15.83:3300/0 1 ==== mon_map magic: 0 ==== 205+0+0 (secure 0 0 0) 0x7f8078004160 con 0x7f808410efe0
2024-04-23T14:37:44.819 INFO:teuthology.orchestra.run.smithi083.stdout:/usr/bin/ceph: stderr
2024-04-23T14:37:43.301+0000 7f8083e00700 1 -- 172.21.15.83:0/3633859581 <== mon.0 v2:172.21.15.83:3300/0 2 ==== config(27 keys) ==== 1140+0+0 (secure 0 0 0) 0x7f8078004300 con 0x7f808410efe0
2024-04-23T14:37:44.819 INFO:teuthology.orchestra.run.smithi083.stdout:/usr/bin/ceph: stderr
2024-04-23T14:37:43.301+0000 7f8083e00700 1 -- 172.21.15.83:0/3633859581 <== mon.0 v2:172.21.15.83:3300/0 3 ==== mon_map magic: 0 ==== 205+0+0 (secure 0 0 0) 0x7f8078011b20 con 0x7f808410efe0
2024-04-23T14:37:44.819 INFO:teuthology.orchestra.run.smithi083.stdout:/usr/bin/ceph: stderr
2024-04-23T14:37:43.301+0000 7f808c600700 1 -- 172.21.15.83:0/3633859581 >> [v2:172.21.15.83:3300/0,v1:172.21.15.83:6789/0] conn(0x7f808410efe0 msgr2=0x7f808410f400 secure :-1 s=STATE_CONNECTION_ESTABLISHED l=1).mark_down
2024-04-23T14:37:44.819 INFO:teuthology.orchestra.run.smithi083.stdout:/usr/bin/ceph: stderr
2024-04-23T14:37:43.301+0000 7f808c600700 1 --2- 172.21.15.83:0/3633859581 >> [v2:172.21.15.83:3300/0,v1:172.21.15.83:6789/0] conn(0x7f808410efe0 0x7f808410f400 secure :-1 s=READY pgs=51 cs=0 l=1 rev1=1 crypto rx=0x7f80780098a0 tx=0x7f8078009bb0 comp rx=0 tx=0).stop
2024-04-23T14:37:44.819 INFO:teuthology.orchestra.run.smithi083.stdout:/usr/bin/ceph: stderr
2024-04-23T14:37:43.302+0000 7f808c600700 1 -- 172.21.15.83:0/3633859581 shutdown_connections
2024-04-23T14:37:44.819 INFO:teuthology.orchestra.run.smithi083.stdout:/usr/bin/ceph: stderr
2024-04-23T14:37:43.302+0000 7f808c600700 1 --2- 172.21.15.83:0/3633859581 >> [v2:172.21.15.83:3300/0,v1:172.21.15.83:6789/0] conn(0x7f808410efe0 0x7f808410f400 unknown :-1 s=CLOSED pgs=51 cs=0 l=1 rev1=1 crypto rx=0 tx=0 comp rx=0 tx=0).stop
2024-04-23T14:37:44.819 INFO:teuthology.orchestra.run.smithi083.stdout:/usr/bin/ceph: stderr
2024-04-23T14:37:43.302+0000 7f808c600700 1 -- 172.21.15.83:0/3633859581 >> 172.21.15.83:0/3633859581 conn(0x7f808407def0 msgr2=0x7f8084080310 unknown :-1 s=STATE_NONE l=0).mark_down
2024-04-23T14:37:44.819 INFO:teuthology.orchestra.run.smithi083.stdout:/usr/bin/ceph: stderr
2024-04-23T14:37:43.302+0000 7f808c600700 1 -- 172.21.15.83:0/3633859581 shutdown_connections
2024-04-23T14:37:44.819 INFO:teuthology.orchestra.run.smithi083.stdout:/usr/bin/ceph: stderr
2024-04-23T14:37:43.302+0000 7f808c600700 1 -- 172.21.15.83:0/3633859581 wait complete.
2024-04-23T14:37:44.819 INFO:teuthology.orchestra.run.smithi083.stdout:/usr/bin/ceph: stderr
2024-04-23T14:37:43.303+0000 7f808c600700 1 Processor -- start
2024-04-23T14:37:44.819 INFO:teuthology.orchestra.run.smithi083.stdout:/usr/bin/ceph: stderr
2024-04-23T14:37:43.303+0000 7f808c600700 1 -- start start
2024-04-23T14:37:44.819 INFO:teuthology.orchestra.run.smithi083.stdout:/usr/bin/ceph: stderr
2024-04-23T14:37:43.303+0000 7f808c600700 1 --2- >> [v2:172.21.15.83:3300/0,v1:172.21.15.83:6789/0] conn(0x7f808410efe0 0x7f80841a2c20 unknown :-1 s=NONE pgs=0 cs=0 l=1 rev1=0 crypto rx=0 tx=0 comp rx=0 tx=0).connect
2024-04-23T14:37:44.820 INFO:teuthology.orchestra.run.smithi083.stdout:/usr/bin/ceph: stderr
2024-04-23T14:37:43.303+0000 7f808c600700 1 -- --> [v2:172.21.15.83:3300/0,v1:172.21.15.83:6789/0] -- mon_getmap magic: 0 -- 0x7f8084113220 con 0x7f808410efe0
2024-04-23T14:37:44.820 INFO:teuthology.orchestra.run.smithi083.stdout:/usr/bin/ceph: stderr
2024-04-23T14:37:43.304+0000 7f8089c00700 1 --2- >> [v2:172.21.15.83:3300/0,v1:172.21.15.83:6789/0] conn(0x7f808410efe0 0x7f80841a2c20 unknown :-1 s=BANNER_CONNECTING pgs=0 cs=0 l=1 rev1=0 crypto rx=0 tx=0 comp rx=0 tx=0)._handle_peer_banner_payload supported=3 required=0
2024-04-23T14:37:44.820 INFO:teuthology.orchestra.run.smithi083.stdout:/usr/bin/ceph: stderr
2024-04-23T14:37:43.304+0000 7f8089c00700 1 --2- >> [v2:172.21.15.83:3300/0,v1:172.21.15.83:6789/0] conn(0x7f808410efe0 0x7f80841a2c20 unknown :-1 s=HELLO_CONNECTING pgs=0 cs=0 l=1 rev1=1 crypto rx=0 tx=0 comp rx=0 tx=0).handle_hello peer v2:172.21.15.83:3300/0 says I am v2:172.21.15.83:40732/0 (socket says 172.21.15.83:40732)
2024-04-23T14:37:44.820 INFO:teuthology.orchestra.run.smithi083.stdout:/usr/bin/ceph: stderr
2024-04-23T14:37:43.304+0000 7f8089c00700 1 -- 172.21.15.83:0/3056574227 learned_addr learned my addr 172.21.15.83:0/3056574227 (peer_addr_for_me v2:172.21.15.83:0/0)
2024-04-23T14:37:44.820 INFO:teuthology.orchestra.run.smithi083.stdout:/usr/bin/ceph: stderr
2024-04-23T14:37:43.304+0000 7f8089c00700 1 -- 172.21.15.83:0/3056574227 --> [v2:172.21.15.83:3300/0,v1:172.21.15.83:6789/0] -- mon_subscribe({config=0+,monmap=0+}) -- 0x7f80841a3160 con 0x7f808410efe0
2024-04-23T14:37:44.820 INFO:teuthology.orchestra.run.smithi083.stdout:/usr/bin/ceph: stderr
2024-04-23T14:37:43.304+0000 7f8089c00700 1 --2- 172.21.15.83:0/3056574227 >> [v2:172.21.15.83:3300/0,v1:172.21.15.83:6789/0] conn(0x7f808410efe0 0x7f80841a2c20 secure :-1 s=READY pgs=52 cs=0 l=1 rev1=1 crypto rx=0x7f80780116a0 tx=0x7f8078011ba0 comp rx=0 tx=0).ready entity=mon.0 client_cookie=0 server_cookie=0 in_seq=0 out_seq=0
2024-04-23T14:37:44.820 INFO:teuthology.orchestra.run.smithi083.stdout:/usr/bin/ceph: stderr
2024-04-23T14:37:43.305+0000 7f8082000700 1 -- 172.21.15.83:0/3056574227 <== mon.0 v2:172.21.15.83:3300/0 1 ==== mon_map magic: 0 ==== 205+0+0 (secure 0 0 0) 0x7f8078003a40 con 0x7f808410efe0
2024-04-23T14:37:44.820 INFO:teuthology.orchestra.run.smithi083.stdout:/usr/bin/ceph: stderr
2024-04-23T14:37:43.305+0000 7f8082000700 1 -- 172.21.15.83:0/3056574227 <== mon.0 v2:172.21.15.83:3300/0 2 ==== config(27 keys) ==== 1140+0+0 (secure 0 0 0) 0x7f8078003be0 con 0x7f808410efe0
2024-04-23T14:37:44.820 INFO:teuthology.orchestra.run.smithi083.stdout:/usr/bin/ceph: stderr
2024-04-23T14:37:43.305+0000 7f808c600700 1 -- 172.21.15.83:0/3056574227 --> [v2:172.21.15.83:3300/0,v1:172.21.15.83:6789/0] -- mon_subscribe({mgrmap=0+}) -- 0x7f80841a3450 con 0x7f808410efe0
2024-04-23T14:37:44.820 INFO:teuthology.orchestra.run.smithi083.stdout:/usr/bin/ceph: stderr
2024-04-23T14:37:43.305+0000 7f8082000700 1 -- 172.21.15.83:0/3056574227 <== mon.0 v2:172.21.15.83:3300/0 3 ==== mon_map magic: 0 ==== 205+0+0 (secure 0 0 0) 0x7f807801a720 con 0x7f808410efe0
2024-04-23T14:37:44.820 INFO:teuthology.orchestra.run.smithi083.stdout:/usr/bin/ceph: stderr
2024-04-23T14:37:43.305+0000 7f808c600700 1 -- 172.21.15.83:0/3056574227 --> [v2:172.21.15.83:3300/0,v1:172.21.15.83:6789/0] -- mon_subscribe({osdmap=0}) -- 0x7f80841a60e0 con 0x7f808410efe0
2024-04-23T14:37:44.820 INFO:teuthology.orchestra.run.smithi083.stdout:/usr/bin/ceph: stderr
2024-04-23T14:37:43.306+0000 7f808c600700 1 -- 172.21.15.83:0/3056574227 --> [v2:172.21.15.83:3300/0,v1:172.21.15.83:6789/0] -- mon_command({"prefix": "get_command_descriptions"} v 0) -- 0x7f8084064150 con 0x7f808410efe0
2024-04-23T14:37:44.820 INFO:teuthology.orchestra.run.smithi083.stdout:/usr/bin/ceph: stderr
2024-04-23T14:37:43.306+0000 7f8082000700 1 -- 172.21.15.83:0/3056574227 <== mon.0 v2:172.21.15.83:3300/0 4 ==== mgrmap(e 8) ==== 46558+0+0 (secure 0 0 0) 0x7f807801aa20 con 0x7f808410efe0
2024-04-23T14:37:44.820 INFO:teuthology.orchestra.run.smithi083.stdout:/usr/bin/ceph: stderr
2024-04-23T14:37:43.307+0000 7f8082000700 1 --2- 172.21.15.83:0/3056574227 >> [v2:172.21.15.83:6800/3974620988,v1:172.21.15.83:6801/3974620988] conn(0x7f806c039560 0x7f806c03ba20 unknown :-1 s=NONE pgs=0 cs=0 l=1 rev1=0 crypto rx=0 tx=0 comp rx=0 tx=0).connect
2024-04-23T14:37:44.821 INFO:teuthology.orchestra.run.smithi083.stdout:/usr/bin/ceph: stderr
2024-04-23T14:37:43.307+0000 7f8082000700 1 -- 172.21.15.83:0/3056574227 <== mon.0 v2:172.21.15.83:3300/0 5 ==== osd_map(2..2 src has 1..2) ==== 940+0+0 (secure 0 0 0) 0x7f807804dce0 con 0x7f808410efe0
2024-04-23T14:37:44.821 INFO:teuthology.orchestra.run.smithi083.stdout:/usr/bin/ceph: stderr
2024-04-23T14:37:43.307+0000 7f8089200700 1 --2- 172.21.15.83:0/3056574227 >> [v2:172.21.15.83:6800/3974620988,v1:172.21.15.83:6801/3974620988] conn(0x7f806c039560 0x7f806c03ba20 unknown :-1 s=BANNER_CONNECTING pgs=0 cs=0 l=1 rev1=0 crypto rx=0 tx=0 comp rx=0 tx=0)._handle_peer_banner_payload supported=3 required=0
2024-04-23T14:37:44.821 INFO:teuthology.orchestra.run.smithi083.stdout:/usr/bin/ceph: stderr
2024-04-23T14:37:43.308+0000 7f8089200700 1 --2- 172.21.15.83:0/3056574227 >> [v2:172.21.15.83:6800/3974620988,v1:172.21.15.83:6801/3974620988] conn(0x7f806c039560 0x7f806c03ba20 secure :-1 s=READY pgs=14 cs=0 l=1 rev1=1 crypto rx=0x7f8070006fd0 tx=0x7f8070006e40 comp rx=0 tx=0).ready entity=mgr.14120 client_cookie=0 server_cookie=0 in_seq=0 out_seq=0
2024-04-23T14:37:44.821 INFO:teuthology.orchestra.run.smithi083.stdout:/usr/bin/ceph: stderr
2024-04-23T14:37:43.313+0000 7f8082000700 1 -- 172.21.15.83:0/3056574227 <== mon.0 v2:172.21.15.83:3300/0 6 ==== mon_command_ack([{"prefix": "get_command_descriptions"}]=0 v0) ==== 72+0+188370 (secure 0 0 0) 0x7f8078011e20 con 0x7f808410efe0
2024-04-23T14:37:44.821 INFO:teuthology.orchestra.run.smithi083.stdout:/usr/bin/ceph: stderr
2024-04-23T14:37:43.553+0000 7f808c600700 1 -- 172.21.15.83:0/3056574227 --> [v2:172.21.15.83:3300/0,v1:172.21.15.83:6789/0] -- mon_command([{prefix=config set, name=mgr/cephadm/container_init}] v 0) -- 0x7f80841a67c0 con 0x7f808410efe0
2024-04-23T14:37:44.821 INFO:teuthology.orchestra.run.smithi083.stdout:/usr/bin/ceph: stderr
2024-04-23T14:37:43.559+0000 7f8082000700 1 -- 172.21.15.83:0/3056574227 <== mon.0 v2:172.21.15.83:3300/0 7 ==== mon_command_ack([{prefix=config set, name=mgr/cephadm/container_init}]=0 v7)=0 v7) ==== 142+0+0 (secure 0 0 0) 0x7f807801adc0 con 0x7f808410efe0
2024-04-23T14:37:44.821 INFO:teuthology.orchestra.run.smithi083.stdout:/usr/bin/ceph: stderr
2024-04-23T14:37:43.561+0000 7f808c600700 1 -- 172.21.15.83:0/3056574227 >> [v2:172.21.15.83:6800/3974620988,v1:172.21.15.83:6801/3974620988] conn(0x7f806c039560 msgr2=0x7f806c03ba20 secure :-1 s=STATE_CONNECTION_ESTABLISHED l=1).mark_down
2024-04-23T14:37:44.821 INFO:teuthology.orchestra.run.smithi083.stdout:/usr/bin/ceph: stderr
2024-04-23T14:37:43.561+0000 7f808c600700 1 --2- 172.21.15.83:0/3056574227 >> [v2:172.21.15.83:6800/3974620988,v1:172.21.15.83:6801/3974620988] conn(0x7f806c039560 0x7f806c03ba20 secure :-1 s=READY pgs=14 cs=0 l=1 rev1=1 crypto rx=0x7f8070006fd0 tx=0x7f8070006e40 comp rx=0 tx=0).stop
2024-04-23T14:37:44.821 INFO:teuthology.orchestra.run.smithi083.stdout:/usr/bin/ceph: stderr
2024-04-23T14:37:43.562+0000 7f808c600700 1 -- 172.21.15.83:0/3056574227 >> [v2:172.21.15.83:3300/0,v1:172.21.15.83:6789/0] conn(0x7f808410efe0 msgr2=0x7f80841a2c20 secure :-1 s=STATE_CONNECTION_ESTABLISHED l=1).mark_down
2024-04-23T14:37:44.821 INFO:teuthology.orchestra.run.smithi083.stdout:/usr/bin/ceph: stderr
2024-04-23T14:37:43.562+0000 7f808c600700 1 --2- 172.21.15.83:0/3056574227 >> [v2:172.21.15.83:3300/0,v1:172.21.15.83:6789/0] conn(0x7f808410efe0 0x7f80841a2c20 secure :-1 s=READY pgs=52 cs=0 l=1 rev1=1 crypto rx=0x7f80780116a0 tx=0x7f8078011ba0 comp rx=0 tx=0).stop
2024-04-23T14:37:44.821 INFO:teuthology.orchestra.run.smithi083.stdout:/usr/bin/ceph: stderr
2024-04-23T14:37:43.562+0000 7f808c600700 1 -- 172.21.15.83:0/3056574227 shutdown_connections
2024-04-23T14:37:44.821 INFO:teuthology.orchestra.run.smithi083.stdout:/usr/bin/ceph: stderr
2024-04-23T14:37:43.562+0000 7f808c600700 1 --2- 172.21.15.83:0/3056574227 >> [v2:172.21.15.83:6800/3974620988,v1:172.21.15.83:6801/3974620988] conn(0x7f806c039560 0x7f806c03ba20 unknown :-1 s=CLOSED pgs=14 cs=0 l=1 rev1=1 crypto rx=0 tx=0 comp rx=0 tx=0).stop
2024-04-23T14:37:44.821 INFO:teuthology.orchestra.run.smithi083.stdout:/usr/bin/ceph: stderr
2024-04-23T14:37:43.562+0000 7f808c600700 1 --2- 172.21.15.83:0/3056574227 >> [v2:172.21.15.83:3300/0,v1:172.21.15.83:6789/0] conn(0x7f808410efe0 0x7f80841a2c20 unknown :-1 s=CLOSED pgs=52 cs=0 l=1 rev1=1 crypto rx=0 tx=0 comp rx=0 tx=0).stop
2024-04-23T14:37:44.821 INFO:teuthology.orchestra.run.smithi083.stdout:/usr/bin/ceph: stderr
2024-04-23T14:37:43.562+0000 7f808c600700 1 -- 172.21.15.83:0/3056574227 >> 172.21.15.83:0/3056574227 conn(0x7f808407def0 msgr2=0x7f808407ea10 unknown :-1 s=STATE_NONE l=0).mark_down
2024-04-23T14:37:44.821 INFO:teuthology.orchestra.run.smithi083.stdout:/usr/bin/ceph: stderr
2024-04-23T14:37:43.562+0000 7f808c600700 1 -- 172.21.15.83:0/3056574227 shutdown_connections
2024-04-23T14:37:44.821 INFO:teuthology.orchestra.run.smithi083.stdout:/usr/bin/ceph: stderr
2024-04-23T14:37:43.562+0000 7f808c600700 1 -- 172.21.15.83:0/3056574227 wait complete.
2024-04-23T14:37:46.007 INFO:journalctl@ceph.mon.a.smithi083.stdout:Apr 23 14:37:45 smithi083 ceph-mon[27867]: from='mgr.14120 172.21.15.83:0/1203422052' entity='mgr.x'
2024-04-23T14:37:46.007 INFO:journalctl@ceph.mon.a.smithi083.stdout:Apr 23 14:37:45 smithi083 ceph-mon[27867]: pgmap v4: 0 pgs: ; 0 B data, 0 B used, 0 B / 0 B avail
2024-04-23T14:37:46.007 INFO:journalctl@ceph.mon.a.smithi083.stdout:Apr 23 14:37:45 smithi083 ceph-mon[27867]: from='client.? 172.21.15.83:0/921723959' entity='client.admin'
2024-04-23T14:37:46.449 INFO:teuthology.orchestra.run.smithi083.stdout:/usr/bin/ceph: stderr
2024-04-23T14:37:45.464+0000 7f376aa00700 1 Processor -- start
2024-04-23T14:37:46.449 INFO:teuthology.orchestra.run.smithi083.stdout:/usr/bin/ceph: stderr
2024-04-23T14:37:45.464+0000 7f376aa00700 1 -- start start
2024-04-23T14:37:46.449 INFO:teuthology.orchestra.run.smithi083.stdout:/usr/bin/ceph: stderr
2024-04-23T14:37:45.465+0000 7f376aa00700 1 --2- >> [v2:172.21.15.83:3300/0,v1:172.21.15.83:6789/0] conn(0x7f3764107600 0x7f3764107a20 unknown :-1 s=NONE pgs=0 cs=0 l=0 rev1=0 crypto rx=0 tx=0 comp rx=0 tx=0).connect
2024-04-23T14:37:46.449 INFO:teuthology.orchestra.run.smithi083.stdout:/usr/bin/ceph: stderr
2024-04-23T14:37:45.465+0000 7f376aa00700 1 -- --> [v2:172.21.15.83:3300/0,v1:172.21.15.83:6789/0] -- mon_getmap magic: 0 -- 0x7f3764107ff0 con 0x7f3764107600
2024-04-23T14:37:46.449 INFO:teuthology.orchestra.run.smithi083.stdout:/usr/bin/ceph: stderr
2024-04-23T14:37:45.465+0000 7f3763e00700 1 --2- >> [v2:172.21.15.83:3300/0,v1:172.21.15.83:6789/0] conn(0x7f3764107600 0x7f3764107a20 unknown :-1 s=BANNER_CONNECTING pgs=0 cs=0 l=0 rev1=0 crypto rx=0 tx=0 comp rx=0 tx=0)._handle_peer_banner_payload supported=3 required=0
2024-04-23T14:37:46.449 INFO:teuthology.orchestra.run.smithi083.stdout:/usr/bin/ceph: stderr
2024-04-23T14:37:45.465+0000 7f3763e00700 1 --2- >> [v2:172.21.15.83:3300/0,v1:172.21.15.83:6789/0] conn(0x7f3764107600 0x7f3764107a20 unknown :-1 s=HELLO_CONNECTING pgs=0 cs=0 l=0 rev1=1 crypto rx=0 tx=0 comp rx=0 tx=0).handle_hello peer v2:172.21.15.83:3300/0 says I am v2:172.21.15.83:56632/0 (socket says 172.21.15.83:56632)
2024-04-23T14:37:46.449 INFO:teuthology.orchestra.run.smithi083.stdout:/usr/bin/ceph: stderr
2024-04-23T14:37:45.465+0000 7f3763e00700 1 -- 172.21.15.83:0/3276359167 learned_addr learned my addr 172.21.15.83:0/3276359167 (peer_addr_for_me v2:172.21.15.83:0/0)
2024-04-23T14:37:46.449 INFO:teuthology.orchestra.run.smithi083.stdout:/usr/bin/ceph: stderr
2024-04-23T14:37:45.466+0000 7f3763e00700 1 -- 172.21.15.83:0/3276359167 --> [v2:172.21.15.83:3300/0,v1:172.21.15.83:6789/0] -- mon_subscribe({config=0+,monmap=0+}) -- 0x7f3764108800 con 0x7f3764107600
2024-04-23T14:37:46.450 INFO:teuthology.orchestra.run.smithi083.stdout:/usr/bin/ceph: stderr
2024-04-23T14:37:45.466+0000 7f3763e00700 1 --2- 172.21.15.83:0/3276359167 >> [v2:172.21.15.83:3300/0,v1:172.21.15.83:6789/0] conn(0x7f3764107600 0x7f3764107a20 secure :-1 s=READY pgs=53 cs=0 l=1 rev1=1 crypto rx=0x7f375400bb40 tx=0x7f375400be50 comp rx=0 tx=0).ready entity=mon.0 client_cookie=1557b5190d067bc5 server_cookie=0 in_seq=0 out_seq=0
2024-04-23T14:37:46.450 INFO:teuthology.orchestra.run.smithi083.stdout:/usr/bin/ceph: stderr
2024-04-23T14:37:45.466+0000 7f3762a00700 1 -- 172.21.15.83:0/3276359167 <== mon.0 v2:172.21.15.83:3300/0 1 ==== mon_map magic: 0 ==== 205+0+0 (secure 0 0 0) 0x7f375400dbe0 con 0x7f3764107600
2024-04-23T14:37:46.450 INFO:teuthology.orchestra.run.smithi083.stdout:/usr/bin/ceph: stderr
2024-04-23T14:37:45.466+0000 7f3762a00700 1 -- 172.21.15.83:0/3276359167 <== mon.0 v2:172.21.15.83:3300/0 2 ==== config(27 keys) ==== 1140+0+0 (secure 0 0 0) 0x7f3754004510 con 0x7f3764107600
2024-04-23T14:37:46.450 INFO:teuthology.orchestra.run.smithi083.stdout:/usr/bin/ceph: stderr
2024-04-23T14:37:45.466+0000 7f3762a00700 1 -- 172.21.15.83:0/3276359167 <== mon.0 v2:172.21.15.83:3300/0 3 ==== mon_map magic: 0 ==== 205+0+0 (secure 0 0 0) 0x7f3754010470 con 0x7f3764107600
2024-04-23T14:37:46.450 INFO:teuthology.orchestra.run.smithi083.stdout:/usr/bin/ceph: stderr
2024-04-23T14:37:45.467+0000 7f376aa00700 1 -- 172.21.15.83:0/3276359167 >> [v2:172.21.15.83:3300/0,v1:172.21.15.83:6789/0] conn(0x7f3764107600 msgr2=0x7f3764107a20 secure :-1 s=STATE_CONNECTION_ESTABLISHED l=1).mark_down
2024-04-23T14:37:46.450 INFO:teuthology.orchestra.run.smithi083.stdout:/usr/bin/ceph: stderr
2024-04-23T14:37:45.467+0000 7f376aa00700 1 --2- 172.21.15.83:0/3276359167 >> [v2:172.21.15.83:3300/0,v1:172.21.15.83:6789/0] conn(0x7f3764107600 0x7f3764107a20 secure :-1 s=READY pgs=53 cs=0 l=1 rev1=1 crypto rx=0x7f375400bb40 tx=0x7f375400be50 comp rx=0 tx=0).stop
2024-04-23T14:37:46.450 INFO:teuthology.orchestra.run.smithi083.stdout:/usr/bin/ceph: stderr
2024-04-23T14:37:45.467+0000 7f376aa00700 1 -- 172.21.15.83:0/3276359167 shutdown_connections
2024-04-23T14:37:46.450 INFO:teuthology.orchestra.run.smithi083.stdout:/usr/bin/ceph: stderr
2024-04-23T14:37:45.467+0000 7f376aa00700 1 --2- 172.21.15.83:0/3276359167 >> [v2:172.21.15.83:3300/0,v1:172.21.15.83:6789/0] conn(0x7f3764107600 0x7f3764107a20 unknown :-1 s=CLOSED pgs=53 cs=0 l=1 rev1=1 crypto rx=0 tx=0 comp rx=0 tx=0).stop
2024-04-23T14:37:46.450 INFO:teuthology.orchestra.run.smithi083.stdout:/usr/bin/ceph: stderr
2024-04-23T14:37:45.467+0000 7f376aa00700 1 -- 172.21.15.83:0/3276359167 >> 172.21.15.83:0/3276359167 conn(0x7f3764102c00 msgr2=0x7f3764105020 unknown :-1 s=STATE_NONE l=0).mark_down
2024-04-23T14:37:46.450 INFO:teuthology.orchestra.run.smithi083.stdout:/usr/bin/ceph: stderr
2024-04-23T14:37:45.467+0000 7f376aa00700 1 -- 172.21.15.83:0/3276359167 shutdown_connections
2024-04-23T14:37:46.450 INFO:teuthology.orchestra.run.smithi083.stdout:/usr/bin/ceph: stderr
2024-04-23T14:37:45.468+0000 7f376aa00700 1 -- 172.21.15.83:0/3276359167 wait complete.
2024-04-23T14:37:46.450 INFO:teuthology.orchestra.run.smithi083.stdout:/usr/bin/ceph: stderr
2024-04-23T14:37:45.468+0000 7f376aa00700 1 Processor -- start
2024-04-23T14:37:46.450 INFO:teuthology.orchestra.run.smithi083.stdout:/usr/bin/ceph: stderr
2024-04-23T14:37:45.469+0000 7f376aa00700 1 -- start start
2024-04-23T14:37:46.451 INFO:teuthology.orchestra.run.smithi083.stdout:/usr/bin/ceph: stderr
2024-04-23T14:37:45.469+0000 7f376aa00700 1 --2- >> [v2:172.21.15.83:3300/0,v1:172.21.15.83:6789/0] conn(0x7f3764107600 0x7f376419e970 unknown :-1 s=NONE pgs=0 cs=0 l=1 rev1=0 crypto rx=0 tx=0 comp rx=0 tx=0).connect
2024-04-23T14:37:46.451 INFO:teuthology.orchestra.run.smithi083.stdout:/usr/bin/ceph: stderr
2024-04-23T14:37:45.469+0000 7f376aa00700 1 -- --> [v2:172.21.15.83:3300/0,v1:172.21.15.83:6789/0] -- mon_getmap magic: 0 -- 0x7f376407aff0 con 0x7f3764107600
2024-04-23T14:37:46.451 INFO:teuthology.orchestra.run.smithi083.stdout:/usr/bin/ceph: stderr
2024-04-23T14:37:45.469+0000 7f3763e00700 1 --2- >> [v2:172.21.15.83:3300/0,v1:172.21.15.83:6789/0] conn(0x7f3764107600 0x7f376419e970 unknown :-1 s=BANNER_CONNECTING pgs=0 cs=0 l=1 rev1=0 crypto rx=0 tx=0 comp rx=0 tx=0)._handle_peer_banner_payload supported=3 required=0
2024-04-23T14:37:46.451 INFO:teuthology.orchestra.run.smithi083.stdout:/usr/bin/ceph: stderr
2024-04-23T14:37:45.469+0000 7f3763e00700 1 --2- >> [v2:172.21.15.83:3300/0,v1:172.21.15.83:6789/0] conn(0x7f3764107600 0x7f376419e970 unknown :-1 s=HELLO_CONNECTING pgs=0 cs=0 l=1 rev1=1 crypto rx=0 tx=0 comp rx=0 tx=0).handle_hello peer v2:172.21.15.83:3300/0 says I am v2:172.21.15.83:56642/0 (socket says 172.21.15.83:56642)
2024-04-23T14:37:46.451 INFO:teuthology.orchestra.run.smithi083.stdout:/usr/bin/ceph: stderr
2024-04-23T14:37:45.469+0000 7f3763e00700 1 -- 172.21.15.83:0/921723959 learned_addr learned my addr 172.21.15.83:0/921723959 (peer_addr_for_me v2:172.21.15.83:0/0)
2024-04-23T14:37:46.451 INFO:teuthology.orchestra.run.smithi083.stdout:/usr/bin/ceph: stderr
2024-04-23T14:37:45.470+0000 7f3763e00700 1 -- 172.21.15.83:0/921723959 --> [v2:172.21.15.83:3300/0,v1:172.21.15.83:6789/0] -- mon_subscribe({config=0+,monmap=0+}) -- 0x7f376419eeb0 con 0x7f3764107600
2024-04-23T14:37:46.451 INFO:teuthology.orchestra.run.smithi083.stdout:/usr/bin/ceph: stderr
2024-04-23T14:37:45.470+0000 7f3763e00700 1 --2- 172.21.15.83:0/921723959 >> [v2:172.21.15.83:3300/0,v1:172.21.15.83:6789/0] conn(0x7f3764107600 0x7f376419e970 secure :-1 s=READY pgs=54 cs=0 l=1 rev1=1 crypto rx=0x7f37540046e0 tx=0x7f37540040b0 comp rx=0 tx=0).ready entity=mon.0 client_cookie=0 server_cookie=0 in_seq=0 out_seq=0
2024-04-23T14:37:46.451 INFO:teuthology.orchestra.run.smithi083.stdout:/usr/bin/ceph: stderr
2024-04-23T14:37:45.470+0000 7f3760c00700 1 -- 172.21.15.83:0/921723959 <== mon.0 v2:172.21.15.83:3300/0 1 ==== mon_map magic: 0 ==== 205+0+0 (secure 0 0 0) 0x7f375400de20 con 0x7f3764107600
2024-04-23T14:37:46.451 INFO:teuthology.orchestra.run.smithi083.stdout:/usr/bin/ceph: stderr
2024-04-23T14:37:45.470+0000 7f3760c00700 1 -- 172.21.15.83:0/921723959 <== mon.0 v2:172.21.15.83:3300/0 2 ==== config(27 keys) ==== 1140+0+0 (secure 0 0 0) 0x7f375401d070 con 0x7f3764107600
2024-04-23T14:37:46.451 INFO:teuthology.orchestra.run.smithi083.stdout:/usr/bin/ceph: stderr
2024-04-23T14:37:45.470+0000 7f376aa00700 1 -- 172.21.15.83:0/921723959 --> [v2:172.21.15.83:3300/0,v1:172.21.15.83:6789/0] -- mon_subscribe({mgrmap=0+}) -- 0x7f376419f140 con 0x7f3764107600
2024-04-23T14:37:46.451 INFO:teuthology.orchestra.run.smithi083.stdout:/usr/bin/ceph: stderr
2024-04-23T14:37:45.470+0000 7f3760c00700 1 -- 172.21.15.83:0/921723959 <== mon.0 v2:172.21.15.83:3300/0 3 ==== mon_map magic: 0 ==== 205+0+0 (secure 0 0 0) 0x7f3754021a80 con 0x7f3764107600
2024-04-23T14:37:46.451 INFO:teuthology.orchestra.run.smithi083.stdout:/usr/bin/ceph: stderr
2024-04-23T14:37:45.471+0000 7f376aa00700 1 -- 172.21.15.83:0/921723959 --> [v2:172.21.15.83:3300/0,v1:172.21.15.83:6789/0] -- mon_subscribe({osdmap=0}) -- 0x7f37641a1e30 con 0x7f3764107600
2024-04-23T14:37:46.451 INFO:teuthology.orchestra.run.smithi083.stdout:/usr/bin/ceph: stderr
2024-04-23T14:37:45.472+0000 7f376aa00700 1 -- 172.21.15.83:0/921723959 --> [v2:172.21.15.83:3300/0,v1:172.21.15.83:6789/0] -- mon_command({"prefix": "get_command_descriptions"} v 0) -- 0x7f3764064150 con 0x7f3764107600
2024-04-23T14:37:46.451 INFO:teuthology.orchestra.run.smithi083.stdout:/usr/bin/ceph: stderr
2024-04-23T14:37:45.472+0000 7f3760c00700 1 -- 172.21.15.83:0/921723959 <== mon.0 v2:172.21.15.83:3300/0 4 ==== mgrmap(e 8) ==== 46558+0+0 (secure 0 0 0) 0x7f375401f030 con 0x7f3764107600
2024-04-23T14:37:46.451 INFO:teuthology.orchestra.run.smithi083.stdout:/usr/bin/ceph: stderr
2024-04-23T14:37:45.472+0000 7f3760c00700 1 --2- 172.21.15.83:0/921723959 >> [v2:172.21.15.83:6800/3974620988,v1:172.21.15.83:6801/3974620988] conn(0x7f3748039750 0x7f374803bc10 unknown :-1 s=NONE pgs=0 cs=0 l=1 rev1=0 crypto rx=0 tx=0 comp rx=0 tx=0).connect
2024-04-23T14:37:46.452 INFO:teuthology.orchestra.run.smithi083.stdout:/usr/bin/ceph: stderr
2024-04-23T14:37:45.473+0000 7f3760c00700 1 -- 172.21.15.83:0/921723959 <== mon.0 v2:172.21.15.83:3300/0 5 ==== osd_map(2..2 src has 1..2) ==== 940+0+0 (secure 0 0 0) 0x7f375404d850 con 0x7f3764107600
2024-04-23T14:37:46.452 INFO:teuthology.orchestra.run.smithi083.stdout:/usr/bin/ceph: stderr
2024-04-23T14:37:45.473+0000 7f3763400700 1 --2- 172.21.15.83:0/921723959 >> [v2:172.21.15.83:6800/3974620988,v1:172.21.15.83:6801/3974620988] conn(0x7f3748039750 0x7f374803bc10 unknown :-1 s=BANNER_CONNECTING pgs=0 cs=0 l=1 rev1=0 crypto rx=0 tx=0 comp rx=0 tx=0)._handle_peer_banner_payload supported=3 required=0
2024-04-23T14:37:46.452 INFO:teuthology.orchestra.run.smithi083.stdout:/usr/bin/ceph: stderr
2024-04-23T14:37:45.474+0000 7f3763400700 1 --2- 172.21.15.83:0/921723959 >> [v2:172.21.15.83:6800/3974620988,v1:172.21.15.83:6801/3974620988] conn(0x7f3748039750 0x7f374803bc10 secure :-1 s=READY pgs=15 cs=0 l=1 rev1=1 crypto rx=0x7f3750006fd0 tx=0x7f3750006e40 comp rx=0 tx=0).ready entity=mgr.14120 client_cookie=0 server_cookie=0 in_seq=0 out_seq=0
2024-04-23T14:37:46.452 INFO:teuthology.orchestra.run.smithi083.stdout:/usr/bin/ceph: stderr
2024-04-23T14:37:45.478+0000 7f3760c00700 1 -- 172.21.15.83:0/921723959 <== mon.0 v2:172.21.15.83:3300/0 6 ==== mon_command_ack([{"prefix": "get_command_descriptions"}]=0 v0) ==== 72+0+188370 (secure 0 0 0) 0x7f3754015070 con 0x7f3764107600
2024-04-23T14:37:46.452 INFO:teuthology.orchestra.run.smithi083.stdout:/usr/bin/ceph: stderr
2024-04-23T14:37:45.708+0000 7f376aa00700 1 -- 172.21.15.83:0/921723959 --> [v2:172.21.15.83:3300/0,v1:172.21.15.83:6789/0] -- mon_command([{prefix=config set, name=mgr/dashboard/ssl_server_port}] v 0) -- 0x7f3764197ed0 con 0x7f3764107600
2024-04-23T14:37:46.452 INFO:teuthology.orchestra.run.smithi083.stdout:/usr/bin/ceph: stderr
2024-04-23T14:37:45.716+0000 7f3760c00700 1 -- 172.21.15.83:0/921723959 <== mon.0 v2:172.21.15.83:3300/0 7 ==== mon_command_ack([{prefix=config set, name=mgr/dashboard/ssl_server_port}]=0 v8)=0 v8) ==== 130+0+0 (secure 0 0 0) 0x7f3764197ed0 con 0x7f3764107600
2024-04-23T14:37:46.452 INFO:teuthology.orchestra.run.smithi083.stdout:/usr/bin/ceph: stderr
2024-04-23T14:37:45.719+0000 7f376aa00700 1 -- 172.21.15.83:0/921723959 >> [v2:172.21.15.83:6800/3974620988,v1:172.21.15.83:6801/3974620988] conn(0x7f3748039750 msgr2=0x7f374803bc10 secure :-1 s=STATE_CONNECTION_ESTABLISHED l=1).mark_down
2024-04-23T14:37:46.452 INFO:teuthology.orchestra.run.smithi083.stdout:/usr/bin/ceph: stderr
2024-04-23T14:37:45.719+0000 7f376aa00700 1 --2- 172.21.15.83:0/921723959 >> [v2:172.21.15.83:6800/3974620988,v1:172.21.15.83:6801/3974620988] conn(0x7f3748039750 0x7f374803bc10 secure :-1 s=READY pgs=15 cs=0 l=1 rev1=1 crypto rx=0x7f3750006fd0 tx=0x7f3750006e40 comp rx=0 tx=0).stop
2024-04-23T14:37:46.452 INFO:teuthology.orchestra.run.smithi083.stdout:/usr/bin/ceph: stderr
2024-04-23T14:37:45.719+0000 7f376aa00700 1 -- 172.21.15.83:0/921723959 >> [v2:172.21.15.83:3300/0,v1:172.21.15.83:6789/0] conn(0x7f3764107600 msgr2=0x7f376419e970 secure :-1 s=STATE_CONNECTION_ESTABLISHED l=1).mark_down
2024-04-23T14:37:46.452 INFO:teuthology.orchestra.run.smithi083.stdout:/usr/bin/ceph: stderr
2024-04-23T14:37:45.719+0000 7f376aa00700 1 --2- 172.21.15.83:0/921723959 >> [v2:172.21.15.83:3300/0,v1:172.21.15.83:6789/0] conn(0x7f3764107600 0x7f376419e970 secure :-1 s=READY pgs=54 cs=0 l=1 rev1=1 crypto rx=0x7f37540046e0 tx=0x7f37540040b0 comp rx=0 tx=0).stop
2024-04-23T14:37:46.452 INFO:teuthology.orchestra.run.smithi083.stdout:/usr/bin/ceph: stderr
2024-04-23T14:37:45.719+0000 7f376aa00700 1 -- 172.21.15.83:0/921723959 shutdown_connections
2024-04-23T14:37:46.452 INFO:teuthology.orchestra.run.smithi083.stdout:/usr/bin/ceph: stderr
2024-04-23T14:37:45.719+0000 7f376aa00700 1 --2- 172.21.15.83:0/921723959 >> [v2:172.21.15.83:6800/3974620988,v1:172.21.15.83:6801/3974620988] conn(0x7f3748039750 0x7f374803bc10 unknown :-1 s=CLOSED pgs=15 cs=0 l=1 rev1=1 crypto rx=0 tx=0 comp rx=0 tx=0).stop
2024-04-23T14:37:46.452 INFO:teuthology.orchestra.run.smithi083.stdout:/usr/bin/ceph: stderr
2024-04-23T14:37:45.719+0000 7f376aa00700 1 --2- 172.21.15.83:0/921723959 >> [v2:172.21.15.83:3300/0,v1:172.21.15.83:6789/0] conn(0x7f3764107600 0x7f376419e970 unknown :-1 s=CLOSED pgs=54 cs=0 l=1 rev1=1 crypto rx=0 tx=0 comp rx=0 tx=0).stop
2024-04-23T14:37:46.452 INFO:teuthology.orchestra.run.smithi083.stdout:/usr/bin/ceph: stderr
2024-04-23T14:37:45.719+0000 7f376aa00700 1 -- 172.21.15.83:0/921723959 >> 172.21.15.83:0/921723959 conn(0x7f3764102c00 msgr2=0x7f3764194f90 unknown :-1 s=STATE_NONE l=0).mark_down
2024-04-23T14:37:46.453 INFO:teuthology.orchestra.run.smithi083.stdout:/usr/bin/ceph: stderr
2024-04-23T14:37:45.720+0000 7f376aa00700 1 -- 172.21.15.83:0/921723959 shutdown_connections
2024-04-23T14:37:46.453 INFO:teuthology.orchestra.run.smithi083.stdout:/usr/bin/ceph: stderr
2024-04-23T14:37:45.720+0000 7f376aa00700 1 -- 172.21.15.83:0/921723959 wait complete.
2024-04-23T14:37:46.453 INFO:teuthology.orchestra.run.smithi083.stdout:Enabling the dashboard module...
2024-04-23T14:37:48.437 INFO:journalctl@ceph.mon.a.smithi083.stdout:Apr 23 14:37:48 smithi083 ceph-mon[27867]: from='mgr.14120 172.21.15.83:0/1203422052' entity='mgr.x'
2024-04-23T14:37:48.437 INFO:journalctl@ceph.mon.a.smithi083.stdout:Apr 23 14:37:48 smithi083 ceph-mon[27867]: pgmap v5: 0 pgs: ; 0 B data, 0 B used, 0 B / 0 B avail
2024-04-23T14:37:48.437 INFO:journalctl@ceph.mon.a.smithi083.stdout:Apr 23 14:37:48 smithi083 ceph-mon[27867]: from='client.? 172.21.15.83:0/2467177065' entity='client.admin' cmd=[{"prefix": "mgr module enable", "module": "dashboard"}]: dispatch
2024-04-23T14:37:48.438 INFO:journalctl@ceph.mgr.x.smithi083.stdout:Apr 23 14:37:48 smithi083 ceph-5f4fe708-017e-11ef-bc93-c7b262605968-mgr-x[28097]: ignoring --setuser ceph since I am not root
2024-04-23T14:37:48.438 INFO:journalctl@ceph.mgr.x.smithi083.stdout:Apr 23 14:37:48 smithi083 ceph-5f4fe708-017e-11ef-bc93-c7b262605968-mgr-x[28097]: ignoring --setgroup ceph since I am not root
