2024-04-23T14:37:51.978+0000 7ff306a00700 1 -- 172.21.15.83:0/2324533878 --> [v2:172.21.15.83:3300/0,v1:172.21.15.83:6789/0] -- mon_subscribe({config=0+,monmap=0+}) -- 0x7ff30819eb70 con 0x7ff30807de50
2024-04-23T14:37:58.788 INFO:teuthology.orchestra.run.smithi083.stdout:/usr/bin/ceph: stderr
2024-04-23T14:37:51.978+0000 7ff306a00700 1 --2- 172.21.15.83:0/2324533878 >> [v2:172.21.15.83:3300/0,v1:172.21.15.83:6789/0] conn(0x7ff30807de50 0x7ff30819e630 secure :-1 s=READY pgs=62 cs=0 l=1 rev1=1 crypto rx=0x7ff2f80117e0 tx=0x7ff2f8011ce0 comp rx=0 tx=0).ready entity=mon.0 client_cookie=0 server_cookie=0 in_seq=0 out_seq=0
2024-04-23T14:37:58.788 INFO:teuthology.orchestra.run.smithi083.stdout:/usr/bin/ceph: stderr
2024-04-23T14:37:51.978+0000 7ff2ff400700 1 -- 172.21.15.83:0/2324533878 <== mon.0 v2:172.21.15.83:3300/0 1 ==== mon_map magic: 0 ==== 205+0+0 (secure 0 0 0) 0x7ff2f801a430 con 0x7ff30807de50
2024-04-23T14:37:58.788 INFO:teuthology.orchestra.run.smithi083.stdout:/usr/bin/ceph: stderr
2024-04-23T14:37:51.978+0000 7ff2ff400700 1 -- 172.21.15.83:0/2324533878 <== mon.0 v2:172.21.15.83:3300/0 2 ==== config(27 keys) ==== 1140+0+0 (secure 0 0 0) 0x7ff2f801aab0 con 0x7ff30807de50
2024-04-23T14:37:58.788 INFO:teuthology.orchestra.run.smithi083.stdout:/usr/bin/ceph: stderr
2024-04-23T14:37:51.978+0000 7ff307e00700 1 -- 172.21.15.83:0/2324533878 --> [v2:172.21.15.83:3300/0,v1:172.21.15.83:6789/0] -- mon_subscribe({mgrmap=0+}) -- 0x7ff30819ee00 con 0x7ff30807de50
2024-04-23T14:37:58.788 INFO:teuthology.orchestra.run.smithi083.stdout:/usr/bin/ceph: stderr
2024-04-23T14:37:51.978+0000 7ff2ff400700 1 -- 172.21.15.83:0/2324533878 <== mon.0 v2:172.21.15.83:3300/0 3 ==== mon_map magic: 0 ==== 205+0+0 (secure 0 0 0) 0x7ff2f8024a60 con 0x7ff30807de50
2024-04-23T14:37:58.789 INFO:teuthology.orchestra.run.smithi083.stdout:/usr/bin/ceph: stderr
2024-04-23T14:37:51.978+0000 7ff307e00700 1 -- 172.21.15.83:0/2324533878 --> [v2:172.21.15.83:3300/0,v1:172.21.15.83:6789/0] -- mon_subscribe({osdmap=0}) -- 0x7ff30819f260 con 0x7ff30807de50
2024-04-23T14:37:58.789 INFO:teuthology.orchestra.run.smithi083.stdout:/usr/bin/ceph: stderr
2024-04-23T14:37:51.980+0000 7ff2ff400700 1 -- 172.21.15.83:0/2324533878 <== mon.0 v2:172.21.15.83:3300/0 4 ==== mgrmap(e 9) ==== 46571+0+0 (secure 0 0 0) 0x7ff2f8024d10 con 0x7ff30807de50
2024-04-23T14:37:58.789 INFO:teuthology.orchestra.run.smithi083.stdout:/usr/bin/ceph: stderr
2024-04-23T14:37:51.980+0000 7ff2ff400700 1 --2- 172.21.15.83:0/2324533878 >> [v2:172.21.15.83:6800/3974620988,v1:172.21.15.83:6801/3974620988] conn(0x7ff2ec039600 0x7ff2ec03bac0 unknown :-1 s=NONE pgs=0 cs=0 l=1 rev1=0 crypto rx=0 tx=0 comp rx=0 tx=0).connect
2024-04-23T14:37:58.789 INFO:teuthology.orchestra.run.smithi083.stdout:/usr/bin/ceph: stderr
2024-04-23T14:37:51.980+0000 7ff2ff400700 1 -- 172.21.15.83:0/2324533878 --> [v2:172.21.15.83:6800/3974620988,v1:172.21.15.83:6801/3974620988] -- command(tid 0: {"prefix": "get_command_descriptions"}) -- 0x7ff2ec03c1d0 con 0x7ff2ec039600
2024-04-23T14:37:58.789 INFO:teuthology.orchestra.run.smithi083.stdout:/usr/bin/ceph: stderr
2024-04-23T14:37:51.980+0000 7ff2ff400700 1 -- 172.21.15.83:0/2324533878 <== mon.0 v2:172.21.15.83:3300/0 5 ==== osd_map(2..2 src has 1..2) ==== 940+0+0 (secure 0 0 0) 0x7ff2f804dea0 con 0x7ff30807de50
2024-04-23T14:37:58.789 INFO:teuthology.orchestra.run.smithi083.stdout:/usr/bin/ceph: stderr
2024-04-23T14:37:51.980+0000 7ff306000700 1 -- 172.21.15.83:0/2324533878 >> [v2:172.21.15.83:6800/3974620988,v1:172.21.15.83:6801/3974620988] conn(0x7ff2ec039600 msgr2=0x7ff2ec03bac0 unknown :-1 s=STATE_CONNECTING_RE l=1).process reconnect failed to v2:172.21.15.83:6800/3974620988
2024-04-23T14:37:58.789 INFO:teuthology.orchestra.run.smithi083.stdout:/usr/bin/ceph: stderr
2024-04-23T14:37:51.980+0000 7ff306000700 1 --2- 172.21.15.83:0/2324533878 >> [v2:172.21.15.83:6800/3974620988,v1:172.21.15.83:6801/3974620988] conn(0x7ff2ec039600 0x7ff2ec03bac0 unknown :-1 s=START_CONNECT pgs=0 cs=0 l=1 rev1=0 crypto rx=0 tx=0 comp rx=0 tx=0)._fault waiting 0.200000
2024-04-23T14:37:58.789 INFO:teuthology.orchestra.run.smithi083.stdout:/usr/bin/ceph: stderr
2024-04-23T14:37:52.181+0000 7ff306000700 1 -- 172.21.15.83:0/2324533878 >> [v2:172.21.15.83:6800/3974620988,v1:172.21.15.83:6801/3974620988] conn(0x7ff2ec039600 msgr2=0x7ff2ec03bac0 unknown :-1 s=STATE_CONNECTING_RE l=1).process reconnect failed to v2:172.21.15.83:6800/3974620988
2024-04-23T14:37:58.789 INFO:teuthology.orchestra.run.smithi083.stdout:/usr/bin/ceph: stderr
2024-04-23T14:37:52.181+0000 7ff306000700 1 --2- 172.21.15.83:0/2324533878 >> [v2:172.21.15.83:6800/3974620988,v1:172.21.15.83:6801/3974620988] conn(0x7ff2ec039600 0x7ff2ec03bac0 unknown :-1 s=START_CONNECT pgs=0 cs=0 l=1 rev1=0 crypto rx=0 tx=0 comp rx=0 tx=0)._fault waiting 0.400000
2024-04-23T14:37:58.789 INFO:teuthology.orchestra.run.smithi083.stdout:/usr/bin/ceph: stderr
2024-04-23T14:37:52.582+0000 7ff306000700 1 -- 172.21.15.83:0/2324533878 >> [v2:172.21.15.83:6800/3974620988,v1:172.21.15.83:6801/3974620988] conn(0x7ff2ec039600 msgr2=0x7ff2ec03bac0 unknown :-1 s=STATE_CONNECTING_RE l=1).process reconnect failed to v2:172.21.15.83:6800/3974620988
2024-04-23T14:37:58.789 INFO:teuthology.orchestra.run.smithi083.stdout:/usr/bin/ceph: stderr
2024-04-23T14:37:52.582+0000 7ff306000700 1 --2- 172.21.15.83:0/2324533878 >> [v2:172.21.15.83:6800/3974620988,v1:172.21.15.83:6801/3974620988] conn(0x7ff2ec039600 0x7ff2ec03bac0 unknown :-1 s=START_CONNECT pgs=0 cs=0 l=1 rev1=0 crypto rx=0 tx=0 comp rx=0 tx=0)._fault waiting 0.800000
2024-04-23T14:37:58.789 INFO:teuthology.orchestra.run.smithi083.stdout:/usr/bin/ceph: stderr
2024-04-23T14:37:53.383+0000 7ff306000700 1 -- 172.21.15.83:0/2324533878 >> [v2:172.21.15.83:6800/3974620988,v1:172.21.15.83:6801/3974620988] conn(0x7ff2ec039600 msgr2=0x7ff2ec03bac0 unknown :-1 s=STATE_CONNECTING_RE l=1).process reconnect failed to v2:172.21.15.83:6800/3974620988
2024-04-23T14:37:58.789 INFO:teuthology.orchestra.run.smithi083.stdout:/usr/bin/ceph: stderr
2024-04-23T14:37:53.383+0000 7ff306000700 1 --2- 172.21.15.83:0/2324533878 >> [v2:172.21.15.83:6800/3974620988,v1:172.21.15.83:6801/3974620988] conn(0x7ff2ec039600 0x7ff2ec03bac0 unknown :-1 s=START_CONNECT pgs=0 cs=0 l=1 rev1=0 crypto rx=0 tx=0 comp rx=0 tx=0)._fault waiting 1.600000
2024-04-23T14:37:58.790 INFO:teuthology.orchestra.run.smithi083.stdout:/usr/bin/ceph: stderr
2024-04-23T14:37:54.984+0000 7ff306000700 1 -- 172.21.15.83:0/2324533878 >> [v2:172.21.15.83:6800/3974620988,v1:172.21.15.83:6801/3974620988] conn(0x7ff2ec039600 msgr2=0x7ff2ec03bac0 unknown :-1 s=STATE_CONNECTING_RE l=1).process reconnect failed to v2:172.21.15.83:6800/3974620988
2024-04-23T14:37:58.790 INFO:teuthology.orchestra.run.smithi083.stdout:/usr/bin/ceph: stderr
2024-04-23T14:37:54.984+0000 7ff306000700 1 --2- 172.21.15.83:0/2324533878 >> [v2:172.21.15.83:6800/3974620988,v1:172.21.15.83:6801/3974620988] conn(0x7ff2ec039600 0x7ff2ec03bac0 unknown :-1 s=START_CONNECT pgs=0 cs=0 l=1 rev1=0 crypto rx=0 tx=0 comp rx=0 tx=0)._fault waiting 3.200000
2024-04-23T14:37:58.790 INFO:teuthology.orchestra.run.smithi083.stdout:/usr/bin/ceph: stderr
2024-04-23T14:37:57.068+0000 7ff2ff400700 1 -- 172.21.15.83:0/2324533878 <== mon.0 v2:172.21.15.83:3300/0 6 ==== mgrmap(e 10) ==== 46338+0+0 (secure 0 0 0) 0x7ff2f8022020 con 0x7ff30807de50
2024-04-23T14:37:58.790 INFO:teuthology.orchestra.run.smithi083.stdout:/usr/bin/ceph: stderr
2024-04-23T14:37:57.068+0000 7ff2ff400700 1 -- 172.21.15.83:0/2324533878 >> [v2:172.21.15.83:6800/3974620988,v1:172.21.15.83:6801/3974620988] conn(0x7ff2ec039600 msgr2=0x7ff2ec03bac0 unknown :-1 s=STATE_CONNECTING l=1).mark_down
2024-04-23T14:37:58.790 INFO:teuthology.orchestra.run.smithi083.stdout:/usr/bin/ceph: stderr
2024-04-23T14:37:57.068+0000 7ff2ff400700 1 --2- 172.21.15.83:0/2324533878 >> [v2:172.21.15.83:6800/3974620988,v1:172.21.15.83:6801/3974620988] conn(0x7ff2ec039600 0x7ff2ec03bac0 unknown :-1 s=START_CONNECT pgs=0 cs=0 l=1 rev1=0 crypto rx=0 tx=0 comp rx=0 tx=0).stop
2024-04-23T14:37:58.790 INFO:teuthology.orchestra.run.smithi083.stdout:/usr/bin/ceph: stderr
2024-04-23T14:37:58.070+0000 7ff2ff400700 1 -- 172.21.15.83:0/2324533878 <== mon.0 v2:172.21.15.83:3300/0 7 ==== mgrmap(e 11) ==== 46465+0+0 (secure 0 0 0) 0x7ff2f804faa0 con 0x7ff30807de50
2024-04-23T14:37:58.790 INFO:teuthology.orchestra.run.smithi083.stdout:/usr/bin/ceph: stderr
2024-04-23T14:37:58.070+0000 7ff2ff400700 1 --2- 172.21.15.83:0/2324533878 >> [v2:172.21.15.83:6800/1964818199,v1:172.21.15.83:6801/1964818199] conn(0x7ff2ec03cfe0 0x7ff2ec03f3d0 unknown :-1 s=NONE pgs=0 cs=0 l=1 rev1=0 crypto rx=0 tx=0 comp rx=0 tx=0).connect
2024-04-23T14:37:58.790 INFO:teuthology.orchestra.run.smithi083.stdout:/usr/bin/ceph: stderr
2024-04-23T14:37:58.070+0000 7ff2ff400700 1 -- 172.21.15.83:0/2324533878 --> [v2:172.21.15.83:6800/1964818199,v1:172.21.15.83:6801/1964818199] -- command(tid 0: {"prefix": "get_command_descriptions"}) -- 0x7ff2f802be50 con 0x7ff2ec03cfe0
2024-04-23T14:37:58.790 INFO:teuthology.orchestra.run.smithi083.stdout:/usr/bin/ceph: stderr
2024-04-23T14:37:58.071+0000 7ff306000700 1 --2- 172.21.15.83:0/2324533878 >> [v2:172.21.15.83:6800/1964818199,v1:172.21.15.83:6801/1964818199] conn(0x7ff2ec03cfe0 0x7ff2ec03f3d0 unknown :-1 s=BANNER_CONNECTING pgs=0 cs=0 l=1 rev1=0 crypto rx=0 tx=0 comp rx=0 tx=0)._handle_peer_banner_payload supported=3 required=0
2024-04-23T14:37:58.790 INFO:teuthology.orchestra.run.smithi083.stdout:/usr/bin/ceph: stderr
2024-04-23T14:37:58.072+0000 7ff306000700 1 --2- 172.21.15.83:0/2324533878 >> [v2:172.21.15.83:6800/1964818199,v1:172.21.15.83:6801/1964818199] conn(0x7ff2ec03cfe0 0x7ff2ec03f3d0 secure :-1 s=READY pgs=2 cs=0 l=1 rev1=1 crypto rx=0x7ff2f4003a10 tx=0x7ff2f40092b0 comp rx=0 tx=0).ready entity=mgr.14152 client_cookie=0 server_cookie=0 in_seq=0 out_seq=0
2024-04-23T14:37:58.790 INFO:teuthology.orchestra.run.smithi083.stdout:/usr/bin/ceph: stderr
2024-04-23T14:37:58.073+0000 7ff2ff400700 1 -- 172.21.15.83:0/2324533878 <== mgr.14152 v2:172.21.15.83:6800/1964818199 1 ==== command_reply(tid 0: 0 ) ==== 8+0+7774 (secure 0 0 0) 0x7ff2f802be50 con 0x7ff2ec03cfe0
2024-04-23T14:37:58.790 INFO:teuthology.orchestra.run.smithi083.stdout:/usr/bin/ceph: stderr
2024-04-23T14:37:58.081+0000 7ff307e00700 1 -- 172.21.15.83:0/2324533878 --> [v2:172.21.15.83:6800/1964818199,v1:172.21.15.83:6801/1964818199] -- command(tid 1: {"prefix": "mgr_status"}) -- 0x7ff308064150 con 0x7ff2ec03cfe0
2024-04-23T14:37:58.790 INFO:teuthology.orchestra.run.smithi083.stdout:/usr/bin/ceph: stderr
2024-04-23T14:37:58.081+0000 7ff2ff400700 1 -- 172.21.15.83:0/2324533878 <== mgr.14152 v2:172.21.15.83:6800/1964818199 2 ==== command_reply(tid 1: 0 ) ==== 8+0+52 (secure 0 0 0) 0x7ff308064150 con 0x7ff2ec03cfe0
2024-04-23T14:37:58.790 INFO:teuthology.orchestra.run.smithi083.stdout:/usr/bin/ceph: stderr
2024-04-23T14:37:58.082+0000 7ff307e00700 1 -- 172.21.15.83:0/2324533878 >> [v2:172.21.15.83:6800/1964818199,v1:172.21.15.83:6801/1964818199] conn(0x7ff2ec03cfe0 msgr2=0x7ff2ec03f3d0 secure :-1 s=STATE_CONNECTION_ESTABLISHED l=1).mark_down
2024-04-23T14:37:58.791 INFO:teuthology.orchestra.run.smithi083.stdout:/usr/bin/ceph: stderr
2024-04-23T14:37:58.082+0000 7ff307e00700 1 --2- 172.21.15.83:0/2324533878 >> [v2:172.21.15.83:6800/1964818199,v1:172.21.15.83:6801/1964818199] conn(0x7ff2ec03cfe0 0x7ff2ec03f3d0 secure :-1 s=READY pgs=2 cs=0 l=1 rev1=1 crypto rx=0x7ff2f4003a10 tx=0x7ff2f40092b0 comp rx=0 tx=0).stop
2024-04-23T14:37:58.791 INFO:teuthology.orchestra.run.smithi083.stdout:/usr/bin/ceph: stderr
2024-04-23T14:37:58.082+0000 7ff307e00700 1 -- 172.21.15.83:0/2324533878 >> [v2:172.21.15.83:3300/0,v1:172.21.15.83:6789/0] conn(0x7ff30807de50 msgr2=0x7ff30819e630 secure :-1 s=STATE_CONNECTION_ESTABLISHED l=1).mark_down
2024-04-23T14:37:58.791 INFO:teuthology.orchestra.run.smithi083.stdout:/usr/bin/ceph: stderr
2024-04-23T14:37:58.082+0000 7ff307e00700 1 --2- 172.21.15.83:0/2324533878 >> [v2:172.21.15.83:3300/0,v1:172.21.15.83:6789/0] conn(0x7ff30807de50 0x7ff30819e630 secure :-1 s=READY pgs=62 cs=0 l=1 rev1=1 crypto rx=0x7ff2f80117e0 tx=0x7ff2f8011ce0 comp rx=0 tx=0).stop
2024-04-23T14:37:58.791 INFO:teuthology.orchestra.run.smithi083.stdout:/usr/bin/ceph: stderr
2024-04-23T14:37:58.082+0000 7ff307e00700 1 -- 172.21.15.83:0/2324533878 shutdown_connections
2024-04-23T14:37:58.791 INFO:teuthology.orchestra.run.smithi083.stdout:/usr/bin/ceph: stderr
2024-04-23T14:37:58.082+0000 7ff307e00700 1 --2- 172.21.15.83:0/2324533878 >> [v2:172.21.15.83:6800/1964818199,v1:172.21.15.83:6801/1964818199] conn(0x7ff2ec03cfe0 0x7ff2ec03f3d0 unknown :-1 s=CLOSED pgs=2 cs=0 l=1 rev1=1 crypto rx=0 tx=0 comp rx=0 tx=0).stop
2024-04-23T14:37:58.791 INFO:teuthology.orchestra.run.smithi083.stdout:/usr/bin/ceph: stderr
2024-04-23T14:37:58.082+0000 7ff307e00700 1 --2- 172.21.15.83:0/2324533878 >> [v2:172.21.15.83:3300/0,v1:172.21.15.83:6789/0] conn(0x7ff30807de50 0x7ff30819e630 unknown :-1 s=CLOSED pgs=62 cs=0 l=1 rev1=1 crypto rx=0 tx=0 comp rx=0 tx=0).stop
2024-04-23T14:37:58.791 INFO:teuthology.orchestra.run.smithi083.stdout:/usr/bin/ceph: stderr
2024-04-23T14:37:58.082+0000 7ff307e00700 1 --2- 172.21.15.83:0/2324533878 >> [v2:172.21.15.83:6800/3974620988,v1:172.21.15.83:6801/3974620988] conn(0x7ff2ec039600 0x7ff2ec03bac0 unknown :-1 s=CLOSED pgs=0 cs=0 l=1 rev1=0 crypto rx=0 tx=0 comp rx=0 tx=0).stop
2024-04-23T14:37:58.791 INFO:teuthology.orchestra.run.smithi083.stdout:/usr/bin/ceph: stderr
2024-04-23T14:37:58.082+0000 7ff307e00700 1 -- 172.21.15.83:0/2324533878 >> 172.21.15.83:0/2324533878 conn(0x7ff308103ac0 msgr2=0x7ff308104600 unknown :-1 s=STATE_NONE l=0).mark_down
2024-04-23T14:37:58.791 INFO:teuthology.orchestra.run.smithi083.stdout:/usr/bin/ceph: stderr
2024-04-23T14:37:58.082+0000 7ff307e00700 1 -- 172.21.15.83:0/2324533878 shutdown_connections
2024-04-23T14:37:58.791 INFO:teuthology.orchestra.run.smithi083.stdout:/usr/bin/ceph: stderr
2024-04-23T14:37:58.082+0000 7ff307e00700 1 -- 172.21.15.83:0/2324533878 wait complete.
2024-04-23T14:37:58.791 INFO:teuthology.orchestra.run.smithi083.stdout:mgr epoch 9 is available
2024-04-23T14:37:58.791 INFO:teuthology.orchestra.run.smithi083.stdout:Generating a dashboard self-signed certificate...
2024-04-23T14:37:59.414 INFO:journalctl@ceph.mon.a.smithi083.stdout:Apr 23 14:37:59 smithi083 ceph-mon[27867]: [23/Apr/2024:14:37:57] ENGINE Bus STARTING
2024-04-23T14:37:59.414 INFO:journalctl@ceph.mon.a.smithi083.stdout:Apr 23 14:37:59 smithi083 ceph-mon[27867]: [23/Apr/2024:14:37:57] ENGINE Serving on http://172.21.15.83:8765
2024-04-23T14:37:59.414 INFO:journalctl@ceph.mon.a.smithi083.stdout:Apr 23 14:37:59 smithi083 ceph-mon[27867]: [23/Apr/2024:14:37:57] ENGINE Serving on https://172.21.15.83:7150
2024-04-23T14:37:59.414 INFO:journalctl@ceph.mon.a.smithi083.stdout:Apr 23 14:37:59 smithi083 ceph-mon[27867]: [23/Apr/2024:14:37:57] ENGINE Bus STARTED
2024-04-23T14:37:59.414 INFO:journalctl@ceph.mon.a.smithi083.stdout:Apr 23 14:37:59 smithi083 ceph-mon[27867]: from='client.14156 -' entity='client.admin' cmd=[{"prefix": "get_command_descriptions"}]: dispatch
2024-04-23T14:37:59.414 INFO:journalctl@ceph.mon.a.smithi083.stdout:Apr 23 14:37:59 smithi083 ceph-mon[27867]: from='client.14156 -' entity='client.admin' cmd=[{"prefix": "mgr_status"}]: dispatch
2024-04-23T14:38:00.506 INFO:journalctl@ceph.mon.a.smithi083.stdout:Apr 23 14:38:00 smithi083 ceph-mon[27867]: mgrmap e12: x(active, since 2s)
2024-04-23T14:38:00.507 INFO:journalctl@ceph.mon.a.smithi083.stdout:Apr 23 14:38:00 smithi083 ceph-mon[27867]: from='mgr.14152 172.21.15.83:0/792130291' entity='mgr.x'
2024-04-23T14:38:00.507 INFO:journalctl@ceph.mon.a.smithi083.stdout:Apr 23 14:38:00 smithi083 ceph-mon[27867]: from='mgr.14152 172.21.15.83:0/792130291' entity='mgr.x'
2024-04-23T14:38:00.567 INFO:teuthology.orchestra.run.smithi083.stdout:/usr/bin/ceph: stdout Self-signed certificate created
2024-04-23T14:38:00.568 INFO:teuthology.orchestra.run.smithi083.stdout:/usr/bin/ceph: stderr
2024-04-23T14:37:59.462+0000 7fd924800700 1 Processor -- start
2024-04-23T14:38:00.568 INFO:teuthology.orchestra.run.smithi083.stdout:/usr/bin/ceph: stderr
2024-04-23T14:37:59.462+0000 7fd924800700 1 -- start start
2024-04-23T14:38:00.568 INFO:teuthology.orchestra.run.smithi083.stdout:/usr/bin/ceph: stderr
2024-04-23T14:37:59.462+0000 7fd924800700 1 --2- >> [v2:172.21.15.83:3300/0,v1:172.21.15.83:6789/0] conn(0x7fd91c07de30 0x7fd91c07c2e0 unknown :-1 s=NONE pgs=0 cs=0 l=0 rev1=0 crypto rx=0 tx=0 comp rx=0 tx=0).connect
2024-04-23T14:38:00.568 INFO:teuthology.orchestra.run.smithi083.stdout:/usr/bin/ceph: stderr
2024-04-23T14:37:59.462+0000 7fd924800700 1 -- --> [v2:172.21.15.83:3300/0,v1:172.21.15.83:6789/0] -- mon_getmap magic: 0 -- 0x7fd91c07c820 con 0x7fd91c07de30
2024-04-23T14:38:00.568 INFO:teuthology.orchestra.run.smithi083.stdout:/usr/bin/ceph: stderr
2024-04-23T14:37:59.463+0000 7fd921e00700 1 --2- >> [v2:172.21.15.83:3300/0,v1:172.21.15.83:6789/0] conn(0x7fd91c07de30 0x7fd91c07c2e0 unknown :-1 s=BANNER_CONNECTING pgs=0 cs=0 l=0 rev1=0 crypto rx=0 tx=0 comp rx=0 tx=0)._handle_peer_banner_payload supported=3 required=0
2024-04-23T14:38:00.568 INFO:teuthology.orchestra.run.smithi083.stdout:/usr/bin/ceph: stderr
2024-04-23T14:37:59.463+0000 7fd921e00700 1 --2- >> [v2:172.21.15.83:3300/0,v1:172.21.15.83:6789/0] conn(0x7fd91c07de30 0x7fd91c07c2e0 unknown :-1 s=HELLO_CONNECTING pgs=0 cs=0 l=0 rev1=1 crypto rx=0 tx=0 comp rx=0 tx=0).handle_hello peer v2:172.21.15.83:3300/0 says I am v2:172.21.15.83:44190/0 (socket says 172.21.15.83:44190)
2024-04-23T14:38:00.568 INFO:teuthology.orchestra.run.smithi083.stdout:/usr/bin/ceph: stderr
2024-04-23T14:37:59.463+0000 7fd921e00700 1 -- 172.21.15.83:0/1493653913 learned_addr learned my addr 172.21.15.83:0/1493653913 (peer_addr_for_me v2:172.21.15.83:0/0)
2024-04-23T14:38:00.568 INFO:teuthology.orchestra.run.smithi083.stdout:/usr/bin/ceph: stderr
2024-04-23T14:37:59.463+0000 7fd921e00700 1 -- 172.21.15.83:0/1493653913 --> [v2:172.21.15.83:3300/0,v1:172.21.15.83:6789/0] -- mon_subscribe({config=0+,monmap=0+}) -- 0x7fd91c07c9a0 con 0x7fd91c07de30
2024-04-23T14:38:00.568 INFO:teuthology.orchestra.run.smithi083.stdout:/usr/bin/ceph: stderr
2024-04-23T14:37:59.464+0000 7fd921e00700 1 --2- 172.21.15.83:0/1493653913 >> [v2:172.21.15.83:3300/0,v1:172.21.15.83:6789/0] conn(0x7fd91c07de30 0x7fd91c07c2e0 secure :-1 s=READY pgs=70 cs=0 l=1 rev1=1 crypto rx=0x7fd9100098a0 tx=0x7fd910009bb0 comp rx=0 tx=0).ready entity=mon.0 client_cookie=98c9db61f59ef898 server_cookie=0 in_seq=0 out_seq=0
2024-04-23T14:38:00.568 INFO:teuthology.orchestra.run.smithi083.stdout:/usr/bin/ceph: stderr
2024-04-23T14:37:59.464+0000 7fd920a00700 1 -- 172.21.15.83:0/1493653913 <== mon.0 v2:172.21.15.83:3300/0 1 ==== mon_map magic: 0 ==== 205+0+0 (secure 0 0 0) 0x7fd910004160 con 0x7fd91c07de30
2024-04-23T14:38:00.568 INFO:teuthology.orchestra.run.smithi083.stdout:/usr/bin/ceph: stderr
2024-04-23T14:37:59.464+0000 7fd920a00700 1 -- 172.21.15.83:0/1493653913 <== mon.0 v2:172.21.15.83:3300/0 2 ==== config(27 keys) ==== 1140+0+0 (secure 0 0 0) 0x7fd910004300 con 0x7fd91c07de30
2024-04-23T14:38:00.568 INFO:teuthology.orchestra.run.smithi083.stdout:/usr/bin/ceph: stderr
2024-04-23T14:37:59.464+0000 7fd920a00700 1 -- 172.21.15.83:0/1493653913 <== mon.0 v2:172.21.15.83:3300/0 3 ==== mon_map magic: 0 ==== 205+0+0 (secure 0 0 0) 0x7fd910011b20 con 0x7fd91c07de30
2024-04-23T14:38:00.568 INFO:teuthology.orchestra.run.smithi083.stdout:/usr/bin/ceph: stderr
2024-04-23T14:37:59.465+0000 7fd924800700 1 -- 172.21.15.83:0/1493653913 >> [v2:172.21.15.83:3300/0,v1:172.21.15.83:6789/0] conn(0x7fd91c07de30 msgr2=0x7fd91c07c2e0 secure :-1 s=STATE_CONNECTION_ESTABLISHED l=1).mark_down
2024-04-23T14:38:00.568 INFO:teuthology.orchestra.run.smithi083.stdout:/usr/bin/ceph: stderr
2024-04-23T14:37:59.465+0000 7fd924800700 1 --2- 172.21.15.83:0/1493653913 >> [v2:172.21.15.83:3300/0,v1:172.21.15.83:6789/0] conn(0x7fd91c07de30 0x7fd91c07c2e0 secure :-1 s=READY pgs=70 cs=0 l=1 rev1=1 crypto rx=0x7fd9100098a0 tx=0x7fd910009bb0 comp rx=0 tx=0).stop
2024-04-23T14:38:00.569 INFO:teuthology.orchestra.run.smithi083.stdout:/usr/bin/ceph: stderr
2024-04-23T14:37:59.465+0000 7fd924800700 1 -- 172.21.15.83:0/1493653913 shutdown_connections
2024-04-23T14:38:00.569 INFO:teuthology.orchestra.run.smithi083.stdout:/usr/bin/ceph: stderr
2024-04-23T14:37:59.465+0000 7fd924800700 1 --2- 172.21.15.83:0/1493653913 >> [v2:172.21.15.83:3300/0,v1:172.21.15.83:6789/0] conn(0x7fd91c07de30 0x7fd91c07c2e0 unknown :-1 s=CLOSED pgs=70 cs=0 l=1 rev1=1 crypto rx=0 tx=0 comp rx=0 tx=0).stop
2024-04-23T14:38:00.569 INFO:teuthology.orchestra.run.smithi083.stdout:/usr/bin/ceph: stderr
2024-04-23T14:37:59.465+0000 7fd924800700 1 -- 172.21.15.83:0/1493653913 >> 172.21.15.83:0/1493653913 conn(0x7fd91c103da0 msgr2=0x7fd91c1061c0 unknown :-1 s=STATE_NONE l=0).mark_down
2024-04-23T14:38:00.569 INFO:teuthology.orchestra.run.smithi083.stdout:/usr/bin/ceph: stderr
2024-04-23T14:37:59.465+0000 7fd924800700 1 -- 172.21.15.83:0/1493653913 shutdown_connections
2024-04-23T14:38:00.569 INFO:teuthology.orchestra.run.smithi083.stdout:/usr/bin/ceph: stderr
2024-04-23T14:37:59.465+0000 7fd924800700 1 -- 172.21.15.83:0/1493653913 wait complete.
2024-04-23T14:38:00.569 INFO:teuthology.orchestra.run.smithi083.stdout:/usr/bin/ceph: stderr
2024-04-23T14:37:59.466+0000 7fd924800700 1 Processor -- start
2024-04-23T14:38:00.569 INFO:teuthology.orchestra.run.smithi083.stdout:/usr/bin/ceph: stderr
2024-04-23T14:37:59.466+0000 7fd924800700 1 -- start start
2024-04-23T14:38:00.569 INFO:teuthology.orchestra.run.smithi083.stdout:/usr/bin/ceph: stderr
2024-04-23T14:37:59.466+0000 7fd924800700 1 --2- >> [v2:172.21.15.83:3300/0,v1:172.21.15.83:6789/0] conn(0x7fd91c07de30 0x7fd91c19e810 unknown :-1 s=NONE pgs=0 cs=0 l=1 rev1=0 crypto rx=0 tx=0 comp rx=0 tx=0).connect
2024-04-23T14:38:00.569 INFO:teuthology.orchestra.run.smithi083.stdout:/usr/bin/ceph: stderr
2024-04-23T14:37:59.466+0000 7fd924800700 1 -- --> [v2:172.21.15.83:3300/0,v1:172.21.15.83:6789/0] -- mon_getmap magic: 0 -- 0x7fd91c10ed60 con 0x7fd91c07de30
2024-04-23T14:38:00.569 INFO:teuthology.orchestra.run.smithi083.stdout:/usr/bin/ceph: stderr
2024-04-23T14:37:59.467+0000 7fd921e00700 1 --2- >> [v2:172.21.15.83:3300/0,v1:172.21.15.83:6789/0] conn(0x7fd91c07de30 0x7fd91c19e810 unknown :-1 s=BANNER_CONNECTING pgs=0 cs=0 l=1 rev1=0 crypto rx=0 tx=0 comp rx=0 tx=0)._handle_peer_banner_payload supported=3 required=0
2024-04-23T14:38:00.569 INFO:teuthology.orchestra.run.smithi083.stdout:/usr/bin/ceph: stderr
2024-04-23T14:37:59.467+0000 7fd921e00700 1 --2- >> [v2:172.21.15.83:3300/0,v1:172.21.15.83:6789/0] conn(0x7fd91c07de30 0x7fd91c19e810 unknown :-1 s=HELLO_CONNECTING pgs=0 cs=0 l=1 rev1=1 crypto rx=0 tx=0 comp rx=0 tx=0).handle_hello peer v2:172.21.15.83:3300/0 says I am v2:172.21.15.83:44204/0 (socket says 172.21.15.83:44204)
2024-04-23T14:38:00.572 INFO:teuthology.orchestra.run.smithi083.stdout:/usr/bin/ceph: stderr
2024-04-23T14:37:59.467+0000 7fd921e00700 1 -- 172.21.15.83:0/4060891308 learned_addr learned my addr 172.21.15.83:0/4060891308 (peer_addr_for_me v2:172.21.15.83:0/0)
2024-04-23T14:38:00.572 INFO:teuthology.orchestra.run.smithi083.stdout:/usr/bin/ceph: stderr
2024-04-23T14:37:59.467+0000 7fd921e00700 1 -- 172.21.15.83:0/4060891308 --> [v2:172.21.15.83:3300/0,v1:172.21.15.83:6789/0] -- mon_subscribe({config=0+,monmap=0+}) -- 0x7fd91c19ed50 con 0x7fd91c07de30
2024-04-23T14:38:00.572 INFO:teuthology.orchestra.run.smithi083.stdout:/usr/bin/ceph: stderr
2024-04-23T14:37:59.467+0000 7fd921e00700 1 --2- 172.21.15.83:0/4060891308 >> [v2:172.21.15.83:3300/0,v1:172.21.15.83:6789/0] conn(0x7fd91c07de30 0x7fd91c19e810 secure :-1 s=READY pgs=71 cs=0 l=1 rev1=1 crypto rx=0x7fd910011b60 tx=0x7fd910011c40 comp rx=0 tx=0).ready entity=mon.0 client_cookie=0 server_cookie=0 in_seq=0 out_seq=0
2024-04-23T14:38:00.572 INFO:teuthology.orchestra.run.smithi083.stdout:/usr/bin/ceph: stderr
2024-04-23T14:37:59.468+0000 7fd916a00700 1 -- 172.21.15.83:0/4060891308 <== mon.0 v2:172.21.15.83:3300/0 1 ==== mon_map magic: 0 ==== 205+0+0 (secure 0 0 0) 0x7fd910003b60 con 0x7fd91c07de30
2024-04-23T14:38:00.572 INFO:teuthology.orchestra.run.smithi083.stdout:/usr/bin/ceph: stderr
2024-04-23T14:37:59.468+0000 7fd916a00700 1 -- 172.21.15.83:0/4060891308 <== mon.0 v2:172.21.15.83:3300/0 2 ==== config(27 keys) ==== 1140+0+0 (secure 0 0 0) 0x7fd91001a910 con 0x7fd91c07de30
2024-04-23T14:38:00.572 INFO:teuthology.orchestra.run.smithi083.stdout:/usr/bin/ceph: stderr
2024-04-23T14:37:59.468+0000 7fd924800700 1 -- 172.21.15.83:0/4060891308 --> [v2:172.21.15.83:3300/0,v1:172.21.15.83:6789/0] -- mon_subscribe({mgrmap=0+}) -- 0x7fd91c19efe0 con 0x7fd91c07de30
2024-04-23T14:38:00.573 INFO:teuthology.orchestra.run.smithi083.stdout:/usr/bin/ceph: stderr
2024-04-23T14:37:59.468+0000 7fd916a00700 1 -- 172.21.15.83:0/4060891308 <== mon.0 v2:172.21.15.83:3300/0 3 ==== mon_map magic: 0 ==== 205+0+0 (secure 0 0 0) 0x7fd910024930 con 0x7fd91c07de30
2024-04-23T14:38:00.573 INFO:teuthology.orchestra.run.smithi083.stdout:/usr/bin/ceph: stderr
2024-04-23T14:37:59.468+0000 7fd924800700 1 -- 172.21.15.83:0/4060891308 --> [v2:172.21.15.83:3300/0,v1:172.21.15.83:6789/0] -- mon_subscribe({osdmap=0}) -- 0x7fd91c19f440 con 0x7fd91c07de30
2024-04-23T14:38:00.573 INFO:teuthology.orchestra.run.smithi083.stdout:/usr/bin/ceph: stderr
2024-04-23T14:37:59.469+0000 7fd916a00700 1 -- 172.21.15.83:0/4060891308 <== mon.0 v2:172.21.15.83:3300/0 4 ==== mgrmap(e 12) ==== 46571+0+0 (secure 0 0 0) 0x7fd910022020 con 0x7fd91c07de30
2024-04-23T14:38:00.573 INFO:teuthology.orchestra.run.smithi083.stdout:/usr/bin/ceph: stderr
2024-04-23T14:37:59.469+0000 7fd924800700 1 -- 172.21.15.83:0/4060891308 --> [v2:172.21.15.83:3300/0,v1:172.21.15.83:6789/0] -- mon_command({"prefix": "get_command_descriptions"} v 0) -- 0x7fd91c064150 con 0x7fd91c07de30
2024-04-23T14:38:00.573 INFO:teuthology.orchestra.run.smithi083.stdout:/usr/bin/ceph: stderr
2024-04-23T14:37:59.470+0000 7fd916a00700 1 --2- 172.21.15.83:0/4060891308 >> [v2:172.21.15.83:6800/1964818199,v1:172.21.15.83:6801/1964818199] conn(0x7fd904039660 0x7fd90403bb20 unknown :-1 s=NONE pgs=0 cs=0 l=1 rev1=0 crypto rx=0 tx=0 comp rx=0 tx=0).connect
2024-04-23T14:38:00.573 INFO:teuthology.orchestra.run.smithi083.stdout:/usr/bin/ceph: stderr
2024-04-23T14:37:59.470+0000 7fd916a00700 1 -- 172.21.15.83:0/4060891308 <== mon.0 v2:172.21.15.83:3300/0 5 ==== osd_map(3..3 src has 1..3) ==== 1155+0+0 (secure 0 0 0) 0x7fd91004db40 con 0x7fd91c07de30
2024-04-23T14:38:00.573 INFO:teuthology.orchestra.run.smithi083.stdout:/usr/bin/ceph: stderr
2024-04-23T14:37:59.470+0000 7fd921400700 1 --2- 172.21.15.83:0/4060891308 >> [v2:172.21.15.83:6800/1964818199,v1:172.21.15.83:6801/1964818199] conn(0x7fd904039660 0x7fd90403bb20 unknown :-1 s=BANNER_CONNECTING pgs=0 cs=0 l=1 rev1=0 crypto rx=0 tx=0 comp rx=0 tx=0)._handle_peer_banner_payload supported=3 required=0
2024-04-23T14:38:00.573 INFO:teuthology.orchestra.run.smithi083.stdout:/usr/bin/ceph: stderr
2024-04-23T14:37:59.471+0000 7fd921400700 1 --2- 172.21.15.83:0/4060891308 >> [v2:172.21.15.83:6800/1964818199,v1:172.21.15.83:6801/1964818199] conn(0x7fd904039660 0x7fd90403bb20 secure :-1 s=READY pgs=7 cs=0 l=1 rev1=1 crypto rx=0x7fd90c006fd0 tx=0x7fd90c006e40 comp rx=0 tx=0).ready entity=mgr.14152 client_cookie=0 server_cookie=0 in_seq=0 out_seq=0
2024-04-23T14:38:00.573 INFO:teuthology.orchestra.run.smithi083.stdout:/usr/bin/ceph: stderr
2024-04-23T14:37:59.475+0000 7fd916a00700 1 -- 172.21.15.83:0/4060891308 <== mon.0 v2:172.21.15.83:3300/0 6 ==== mon_command_ack([{"prefix": "get_command_descriptions"}]=0 v0) ==== 72+0+188370 (secure 0 0 0) 0x7fd91001a430 con 0x7fd91c07de30
2024-04-23T14:38:00.573 INFO:teuthology.orchestra.run.smithi083.stdout:/usr/bin/ceph: stderr
2024-04-23T14:37:59.709+0000 7fd924800700 1 -- 172.21.15.83:0/4060891308 --> [v2:172.21.15.83:6800/1964818199,v1:172.21.15.83:6801/1964818199] -- mgr_command(tid 0: {"prefix": "dashboard create-self-signed-cert", "target": ["mon-mgr", ""]}) -- 0x7fd91c104fa0 con 0x7fd904039660
2024-04-23T14:38:00.573 INFO:teuthology.orchestra.run.smithi083.stdout:/usr/bin/ceph: stderr
2024-04-23T14:37:59.859+0000 7fd916a00700 1 -- 172.21.15.83:0/4060891308 <== mgr.14152 v2:172.21.15.83:6800/1964818199 1 ==== mgr_command_reply(tid 0: 0 ) ==== 8+0+32 (secure 0 0 0) 0x7fd91c104fa0 con 0x7fd904039660
2024-04-23T14:38:00.573 INFO:teuthology.orchestra.run.smithi083.stdout:/usr/bin/ceph: stderr
2024-04-23T14:37:59.862+0000 7fd924800700 1 -- 172.21.15.83:0/4060891308 >> [v2:172.21.15.83:6800/1964818199,v1:172.21.15.83:6801/1964818199] conn(0x7fd904039660 msgr2=0x7fd90403bb20 secure :-1 s=STATE_CONNECTION_ESTABLISHED l=1).mark_down
2024-04-23T14:38:00.573 INFO:teuthology.orchestra.run.smithi083.stdout:/usr/bin/ceph: stderr
2024-04-23T14:37:59.862+0000 7fd924800700 1 --2- 172.21.15.83:0/4060891308 >> [v2:172.21.15.83:6800/1964818199,v1:172.21.15.83:6801/1964818199] conn(0x7fd904039660 0x7fd90403bb20 secure :-1 s=READY pgs=7 cs=0 l=1 rev1=1 crypto rx=0x7fd90c006fd0 tx=0x7fd90c006e40 comp rx=0 tx=0).stop
2024-04-23T14:38:00.573 INFO:teuthology.orchestra.run.smithi083.stdout:/usr/bin/ceph: stderr
2024-04-23T14:37:59.862+0000 7fd924800700 1 -- 172.21.15.83:0/4060891308 >> [v2:172.21.15.83:3300/0,v1:172.21.15.83:6789/0] conn(0x7fd91c07de30 msgr2=0x7fd91c19e810 secure :-1 s=STATE_CONNECTION_ESTABLISHED l=1).mark_down
2024-04-23T14:38:00.573 INFO:teuthology.orchestra.run.smithi083.stdout:/usr/bin/ceph: stderr
2024-04-23T14:37:59.862+0000 7fd924800700 1 --2- 172.21.15.83:0/4060891308 >> [v2:172.21.15.83:3300/0,v1:172.21.15.83:6789/0] conn(0x7fd91c07de30 0x7fd91c19e810 secure :-1 s=READY pgs=71 cs=0 l=1 rev1=1 crypto rx=0x7fd910011b60 tx=0x7fd910011c40 comp rx=0 tx=0).stop
2024-04-23T14:38:00.574 INFO:teuthology.orchestra.run.smithi083.stdout:/usr/bin/ceph: stderr
2024-04-23T14:37:59.862+0000 7fd924800700 1 -- 172.21.15.83:0/4060891308 shutdown_connections
2024-04-23T14:38:00.574 INFO:teuthology.orchestra.run.smithi083.stdout:/usr/bin/ceph: stderr
2024-04-23T14:37:59.862+0000 7fd924800700 1 --2- 172.21.15.83:0/4060891308 >> [v2:172.21.15.83:6800/1964818199,v1:172.21.15.83:6801/1964818199] conn(0x7fd904039660 0x7fd90403bb20 unknown :-1 s=CLOSED pgs=7 cs=0 l=1 rev1=1 crypto rx=0 tx=0 comp rx=0 tx=0).stop
2024-04-23T14:38:00.574 INFO:teuthology.orchestra.run.smithi083.stdout:/usr/bin/ceph: stderr
2024-04-23T14:37:59.862+0000 7fd924800700 1 --2- 172.21.15.83:0/4060891308 >> [v2:172.21.15.83:3300/0,v1:172.21.15.83:6789/0] conn(0x7fd91c07de30 0x7fd91c19e810 unknown :-1 s=CLOSED pgs=71 cs=0 l=1 rev1=1 crypto rx=0 tx=0 comp rx=0 tx=0).stop
2024-04-23T14:38:00.574 INFO:teuthology.orchestra.run.smithi083.stdout:/usr/bin/ceph: stderr
2024-04-23T14:37:59.862+0000 7fd924800700 1 -- 172.21.15.83:0/4060891308 >> 172.21.15.83:0/4060891308 conn(0x7fd91c103da0 msgr2=0x7fd91c104890 unknown :-1 s=STATE_NONE l=0).mark_down
2024-04-23T14:38:00.574 INFO:teuthology.orchestra.run.smithi083.stdout:/usr/bin/ceph: stderr
2024-04-23T14:37:59.863+0000 7fd924800700 1 -- 172.21.15.83:0/4060891308 shutdown_connections
2024-04-23T14:38:00.574 INFO:teuthology.orchestra.run.smithi083.stdout:/usr/bin/ceph: stderr
2024-04-23T14:37:59.863+0000 7fd924800700 1 -- 172.21.15.83:0/4060891308 wait complete.
2024-04-23T14:38:00.574 INFO:teuthology.orchestra.run.smithi083.stdout:Creating initial admin user...
2024-04-23T14:38:01.397 INFO:journalctl@ceph.mon.a.smithi083.stdout:Apr 23 14:38:01 smithi083 ceph-mon[27867]: from='client.14164 -' entity='client.admin' cmd=[{"prefix": "dashboard create-self-signed-cert", "target": ["mon-mgr", ""]}]: dispatch
2024-04-23T14:38:01.397 INFO:journalctl@ceph.mon.a.smithi083.stdout:Apr 23 14:38:01 smithi083 ceph-mon[27867]: from='mgr.14152 172.21.15.83:0/792130291' entity='mgr.x'
2024-04-23T14:38:02.411 INFO:teuthology.orchestra.run.smithi083.stdout:/usr/bin/ceph: stdout {"username": "admin", "password": "$2b$12$L90aUvP0JX3r8D09Lsc0EOj.vY5AP0ViYG0zxIPPQQXrMPR1JkVLi", "roles": ["administrator"], "name": null, "email": null, "lastUpdate": 1713883081, "enabled": true, "pwdExpirationDate": null, "pwdUpdateRequired": true}
2024-04-23T14:38:02.412 INFO:teuthology.orchestra.run.smithi083.stdout:/usr/bin/ceph: stderr
2024-04-23T14:38:01.138+0000 7f4985600700 1 Processor -- start
2024-04-23T14:38:02.412 INFO:teuthology.orchestra.run.smithi083.stdout:/usr/bin/ceph: stderr
2024-04-23T14:38:01.138+0000 7f4985600700 1 -- start start
2024-04-23T14:38:02.412 INFO:teuthology.orchestra.run.smithi083.stdout:/usr/bin/ceph: stderr
2024-04-23T14:38:01.139+0000 7f4985600700 1 --2- >> [v2:172.21.15.83:3300/0,v1:172.21.15.83:6789/0] conn(0x7f498010a910 0x7f498010ad30 unknown :-1 s=NONE pgs=0 cs=0 l=0 rev1=0 crypto rx=0 tx=0 comp rx=0 tx=0).connect
2024-04-23T14:38:02.412 INFO:teuthology.orchestra.run.smithi083.stdout:/usr/bin/ceph: stderr
2024-04-23T14:38:01.139+0000 7f4985600700 1 -- --> [v2:172.21.15.83:3300/0,v1:172.21.15.83:6789/0] -- mon_getmap magic: 0 -- 0x7f498010b300 con 0x7f498010a910
2024-04-23T14:38:02.413 INFO:teuthology.orchestra.run.smithi083.stdout:/usr/bin/ceph: stderr
2024-04-23T14:38:01.139+0000 7f497ea00700 1 --2- >> [v2:172.21.15.83:3300/0,v1:172.21.15.83:6789/0] conn(0x7f498010a910 0x7f498010ad30 unknown :-1 s=BANNER_CONNECTING pgs=0 cs=0 l=0 rev1=0 crypto rx=0 tx=0 comp rx=0 tx=0)._handle_peer_banner_payload supported=3 required=0
2024-04-23T14:38:02.413 INFO:teuthology.orchestra.run.smithi083.stdout:/usr/bin/ceph: stderr
2024-04-23T14:38:01.139+0000 7f497ea00700 1 --2- >> [v2:172.21.15.83:3300/0,v1:172.21.15.83:6789/0] conn(0x7f498010a910 0x7f498010ad30 unknown :-1 s=HELLO_CONNECTING pgs=0 cs=0 l=0 rev1=1 crypto rx=0 tx=0 comp rx=0 tx=0).handle_hello peer v2:172.21.15.83:3300/0 says I am v2:172.21.15.83:44208/0 (socket says 172.21.15.83:44208)
2024-04-23T14:38:02.413 INFO:teuthology.orchestra.run.smithi083.stdout:/usr/bin/ceph: stderr
2024-04-23T14:38:01.139+0000 7f497ea00700 1 -- 172.21.15.83:0/2660003500 learned_addr learned my addr 172.21.15.83:0/2660003500 (peer_addr_for_me v2:172.21.15.83:0/0)
2024-04-23T14:38:02.413 INFO:teuthology.orchestra.run.smithi083.stdout:/usr/bin/ceph: stderr
2024-04-23T14:38:01.140+0000 7f497ea00700 1 -- 172.21.15.83:0/2660003500 --> [v2:172.21.15.83:3300/0,v1:172.21.15.83:6789/0] -- mon_subscribe({config=0+,monmap=0+}) -- 0x7f498010bac0 con 0x7f498010a910
2024-04-23T14:38:02.415 INFO:teuthology.orchestra.run.smithi083.stdout:/usr/bin/ceph: stderr
2024-04-23T14:38:01.140+0000 7f497ea00700 1 --2- 172.21.15.83:0/2660003500 >> [v2:172.21.15.83:3300/0,v1:172.21.15.83:6789/0] conn(0x7f498010a910 0x7f498010ad30 secure :-1 s=READY pgs=72 cs=0 l=1 rev1=1 crypto rx=0x7f49700098a0 tx=0x7f4970009bb0 comp rx=0 tx=0).ready entity=mon.0 client_cookie=e8b6f5dde4b76d04 server_cookie=0 in_seq=0 out_seq=0
2024-04-23T14:38:02.415 INFO:teuthology.orchestra.run.smithi083.stdout:/usr/bin/ceph: stderr
2024-04-23T14:38:01.140+0000 7f497d600700 1 -- 172.21.15.83:0/2660003500 <== mon.0 v2:172.21.15.83:3300/0 1 ==== mon_map magic: 0 ==== 205+0+0 (secure 0 0 0) 0x7f4970004160 con 0x7f498010a910
2024-04-23T14:38:02.415 INFO:teuthology.orchestra.run.smithi083.stdout:/usr/bin/ceph: stderr
2024-04-23T14:38:01.140+0000 7f497d600700 1 -- 172.21.15.83:0/2660003500 <== mon.0 v2:172.21.15.83:3300/0 2 ==== config(27 keys) ==== 1140+0+0 (secure 0 0 0) 0x7f4970004300 con 0x7f498010a910
2024-04-23T14:38:02.415 INFO:teuthology.orchestra.run.smithi083.stdout:/usr/bin/ceph: stderr
2024-04-23T14:38:01.140+0000 7f497d600700 1 -- 172.21.15.83:0/2660003500 <== mon.0 v2:172.21.15.83:3300/0 3 ==== mon_map magic: 0 ==== 205+0+0 (secure 0 0 0) 0x7f4970011b20 con 0x7f498010a910
2024-04-23T14:38:02.415 INFO:teuthology.orchestra.run.smithi083.stdout:/usr/bin/ceph: stderr
2024-04-23T14:38:01.141+0000 7f4985600700 1 -- 172.21.15.83:0/2660003500 >> [v2:172.21.15.83:3300/0,v1:172.21.15.83:6789/0] conn(0x7f498010a910 msgr2=0x7f498010ad30 secure :-1 s=STATE_CONNECTION_ESTABLISHED l=1).mark_down
2024-04-23T14:38:02.416 INFO:teuthology.orchestra.run.smithi083.stdout:/usr/bin/ceph: stderr
2024-04-23T14:38:01.141+0000 7f4985600700 1 --2- 172.21.15.83:0/2660003500 >> [v2:172.21.15.83:3300/0,v1:172.21.15.83:6789/0] conn(0x7f498010a910 0x7f498010ad30 secure :-1 s=READY pgs=72 cs=0 l=1 rev1=1 crypto rx=0x7f49700098a0 tx=0x7f4970009bb0 comp rx=0 tx=0).stop
2024-04-23T14:38:02.416 INFO:teuthology.orchestra.run.smithi083.stdout:/usr/bin/ceph: stderr
2024-04-23T14:38:01.141+0000 7f4985600700 1 -- 172.21.15.83:0/2660003500 shutdown_connections
2024-04-23T14:38:02.416 INFO:teuthology.orchestra.run.smithi083.stdout:/usr/bin/ceph: stderr
2024-04-23T14:38:01.141+0000 7f4985600700 1 --2- 172.21.15.83:0/2660003500 >> [v2:172.21.15.83:3300/0,v1:172.21.15.83:6789/0] conn(0x7f498010a910 0x7f498010ad30 unknown :-1 s=CLOSED pgs=72 cs=0 l=1 rev1=1 crypto rx=0 tx=0 comp rx=0 tx=0).stop
2024-04-23T14:38:02.416 INFO:teuthology.orchestra.run.smithi083.stdout:/usr/bin/ceph: stderr
2024-04-23T14:38:01.141+0000 7f4985600700 1 -- 172.21.15.83:0/2660003500 >> 172.21.15.83:0/2660003500 conn(0x7f498007de90 msgr2=0x7f49801084f0 unknown :-1 s=STATE_NONE l=0).mark_down
2024-04-23T14:38:02.416 INFO:teuthology.orchestra.run.smithi083.stdout:/usr/bin/ceph: stderr
2024-04-23T14:38:01.141+0000 7f4985600700 1 -- 172.21.15.83:0/2660003500 shutdown_connections
2024-04-23T14:38:02.416 INFO:teuthology.orchestra.run.smithi083.stdout:/usr/bin/ceph: stderr
2024-04-23T14:38:01.141+0000 7f4985600700 1 -- 172.21.15.83:0/2660003500 wait complete.
2024-04-23T14:38:02.416 INFO:teuthology.orchestra.run.smithi083.stdout:/usr/bin/ceph: stderr
2024-04-23T14:38:01.142+0000 7f4985600700 1 Processor -- start
2024-04-23T14:38:02.416 INFO:teuthology.orchestra.run.smithi083.stdout:/usr/bin/ceph: stderr
2024-04-23T14:38:01.142+0000 7f4985600700 1 -- start start
2024-04-23T14:38:02.416 INFO:teuthology.orchestra.run.smithi083.stdout:/usr/bin/ceph: stderr
2024-04-23T14:38:01.143+0000 7f4985600700 1 --2- >> [v2:172.21.15.83:3300/0,v1:172.21.15.83:6789/0] conn(0x7f498010a910 0x7f498019e7d0 unknown :-1 s=NONE pgs=0 cs=0 l=1 rev1=0 crypto rx=0 tx=0 comp rx=0 tx=0).connect
2024-04-23T14:38:02.416 INFO:teuthology.orchestra.run.smithi083.stdout:/usr/bin/ceph: stderr
2024-04-23T14:38:01.143+0000 7f4985600700 1 -- --> [v2:172.21.15.83:3300/0,v1:172.21.15.83:6789/0] -- mon_getmap magic: 0 -- 0x7f498010ee70 con 0x7f498010a910
2024-04-23T14:38:02.416 INFO:teuthology.orchestra.run.smithi083.stdout:/usr/bin/ceph: stderr
2024-04-23T14:38:01.143+0000 7f497ea00700 1 --2- >> [v2:172.21.15.83:3300/0,v1:172.21.15.83:6789/0] conn(0x7f498010a910 0x7f498019e7d0 unknown :-1 s=BANNER_CONNECTING pgs=0 cs=0 l=1 rev1=0 crypto rx=0 tx=0 comp rx=0 tx=0)._handle_peer_banner_payload supported=3 required=0
2024-04-23T14:38:02.417 INFO:teuthology.orchestra.run.smithi083.stdout:/usr/bin/ceph: stderr
2024-04-23T14:38:01.143+0000 7f497ea00700 1 --2- >> [v2:172.21.15.83:3300/0,v1:172.21.15.83:6789/0] conn(0x7f498010a910 0x7f498019e7d0 unknown :-1 s=HELLO_CONNECTING pgs=0 cs=0 l=1 rev1=1 crypto rx=0 tx=0 comp rx=0 tx=0).handle_hello peer v2:172.21.15.83:3300/0 says I am v2:172.21.15.83:44210/0 (socket says 172.21.15.83:44210)
2024-04-23T14:38:02.419 INFO:teuthology.orchestra.run.smithi083.stdout:/usr/bin/ceph: stderr
2024-04-23T14:38:01.143+0000 7f497ea00700 1 -- 172.21.15.83:0/2598868627 learned_addr learned my addr 172.21.15.83:0/2598868627 (peer_addr_for_me v2:172.21.15.83:0/0)
2024-04-23T14:38:02.419 INFO:teuthology.orchestra.run.smithi083.stdout:/usr/bin/ceph: stderr
2024-04-23T14:38:01.143+0000 7f497ea00700 1 -- 172.21.15.83:0/2598868627 --> [v2:172.21.15.83:3300/0,v1:172.21.15.83:6789/0] -- mon_subscribe({config=0+,monmap=0+}) -- 0x7f498019ed10 con 0x7f498010a910
2024-04-23T14:38:02.419 INFO:teuthology.orchestra.run.smithi083.stdout:/usr/bin/ceph: stderr
2024-04-23T14:38:01.144+0000 7f497ea00700 1 --2- 172.21.15.83:0/2598868627 >> [v2:172.21.15.83:3300/0,v1:172.21.15.83:6789/0] conn(0x7f498010a910 0x7f498019e7d0 secure :-1 s=READY pgs=73 cs=0 l=1 rev1=1 crypto rx=0x7f49700117e0 tx=0x7f4970011ba0 comp rx=0 tx=0).ready entity=mon.0 client_cookie=0 server_cookie=0 in_seq=0 out_seq=0
2024-04-23T14:38:02.419 INFO:teuthology.orchestra.run.smithi083.stdout:/usr/bin/ceph: stderr
2024-04-23T14:38:01.144+0000 7f4977400700 1 -- 172.21.15.83:0/2598868627 <== mon.0 v2:172.21.15.83:3300/0 1 ==== mon_map magic: 0 ==== 205+0+0 (secure 0 0 0) 0x7f4970003bf0 con 0x7f498010a910
2024-04-23T14:38:02.419 INFO:teuthology.orchestra.run.smithi083.stdout:/usr/bin/ceph: stderr
2024-04-23T14:38:01.144+0000 7f4977400700 1 -- 172.21.15.83:0/2598868627 <== mon.0 v2:172.21.15.83:3300/0 2 ==== config(27 keys) ==== 1140+0+0 (secure 0 0 0) 0x7f497001a910 con 0x7f498010a910
2024-04-23T14:38:02.419 INFO:teuthology.orchestra.run.smithi083.stdout:/usr/bin/ceph: stderr
2024-04-23T14:38:01.144+0000 7f4985600700 1 -- 172.21.15.83:0/2598868627 --> [v2:172.21.15.83:3300/0,v1:172.21.15.83:6789/0] -- mon_subscribe({mgrmap=0+}) -- 0x7f498019efa0 con 0x7f498010a910
2024-04-23T14:38:02.419 INFO:teuthology.orchestra.run.smithi083.stdout:/usr/bin/ceph: stderr
2024-04-23T14:38:01.144+0000 7f4977400700 1 -- 172.21.15.83:0/2598868627 <== mon.0 v2:172.21.15.83:3300/0 3 ==== mon_map magic: 0 ==== 205+0+0 (secure 0 0 0) 0x7f4970024970 con 0x7f498010a910
2024-04-23T14:38:02.419 INFO:teuthology.orchestra.run.smithi083.stdout:/usr/bin/ceph: stderr
2024-04-23T14:38:01.144+0000 7f4985600700 1 -- 172.21.15.83:0/2598868627 --> [v2:172.21.15.83:3300/0,v1:172.21.15.83:6789/0] -- mon_subscribe({osdmap=0}) -- 0x7f498019f400 con 0x7f498010a910
2024-04-23T14:38:02.420 INFO:teuthology.orchestra.run.smithi083.stdout:/usr/bin/ceph: stderr
2024-04-23T14:38:01.145+0000 7f4977400700 1 -- 172.21.15.83:0/2598868627 <== mon.0 v2:172.21.15.83:3300/0 4 ==== mgrmap(e 12) ==== 46571+0+0 (secure 0 0 0) 0x7f4970022020 con 0x7f498010a910
2024-04-23T14:38:02.420 INFO:teuthology.orchestra.run.smithi083.stdout:/usr/bin/ceph: stderr
2024-04-23T14:38:01.145+0000 7f4985600700 1 -- 172.21.15.83:0/2598868627 --> [v2:172.21.15.83:3300/0,v1:172.21.15.83:6789/0] -- mon_command({"prefix": "get_command_descriptions"} v 0) -- 0x7f4980064150 con 0x7f498010a910
2024-04-23T14:38:02.420 INFO:teuthology.orchestra.run.smithi083.stdout:/usr/bin/ceph: stderr
2024-04-23T14:38:01.146+0000 7f4977400700 1 --2- 172.21.15.83:0/2598868627 >> [v2:172.21.15.83:6800/1964818199,v1:172.21.15.83:6801/1964818199] conn(0x7f4964039660 0x7f496403bb20 unknown :-1 s=NONE pgs=0 cs=0 l=1 rev1=0 crypto rx=0 tx=0 comp rx=0 tx=0).connect
2024-04-23T14:38:02.420 INFO:teuthology.orchestra.run.smithi083.stdout:/usr/bin/ceph: stderr
2024-04-23T14:38:01.146+0000 7f4977400700 1 -- 172.21.15.83:0/2598868627 <== mon.0 v2:172.21.15.83:3300/0 5 ==== osd_map(3..3 src has 1..3) ==== 1155+0+0 (secure 0 0 0) 0x7f497004dd60 con 0x7f498010a910
2024-04-23T14:38:02.420 INFO:teuthology.orchestra.run.smithi083.stdout:/usr/bin/ceph: stderr
2024-04-23T14:38:01.146+0000 7f497e000700 1 --2- 172.21.15.83:0/2598868627 >> [v2:172.21.15.83:6800/1964818199,v1:172.21.15.83:6801/1964818199] conn(0x7f4964039660 0x7f496403bb20 unknown :-1 s=BANNER_CONNECTING pgs=0 cs=0 l=1 rev1=0 crypto rx=0 tx=0 comp rx=0 tx=0)._handle_peer_banner_payload supported=3 required=0
2024-04-23T14:38:02.420 INFO:teuthology.orchestra.run.smithi083.stdout:/usr/bin/ceph: stderr
2024-04-23T14:38:01.147+0000 7f497e000700 1 --2- 172.21.15.83:0/2598868627 >> [v2:172.21.15.83:6800/1964818199,v1:172.21.15.83:6801/1964818199] conn(0x7f4964039660 0x7f496403bb20 secure :-1 s=READY pgs=8 cs=0 l=1 rev1=1 crypto rx=0x7f496c006fd0 tx=0x7f496c006e40 comp rx=0 tx=0).ready entity=mgr.14152 client_cookie=0 server_cookie=0 in_seq=0 out_seq=0
2024-04-23T14:38:02.420 INFO:teuthology.orchestra.run.smithi083.stdout:/usr/bin/ceph: stderr
2024-04-23T14:38:01.151+0000 7f4977400700 1 -- 172.21.15.83:0/2598868627 <== mon.0 v2:172.21.15.83:3300/0 6 ==== mon_command_ack([{"prefix": "get_command_descriptions"}]=0 v0) ==== 72+0+188370 (secure 0 0 0) 0x7f497002d910 con 0x7f498010a910
2024-04-23T14:38:02.420 INFO:teuthology.orchestra.run.smithi083.stdout:/usr/bin/ceph: stderr
2024-04-23T14:38:01.395+0000 7f4985600700 1 -- 172.21.15.83:0/2598868627 --> [v2:172.21.15.83:6800/1964818199,v1:172.21.15.83:6801/1964818199] -- mgr_command(tid 0: {"prefix": "dashboard ac-user-create", "username": "admin", "rolename": "administrator", "force_password": true, "pwd_update_required": true, "target": ["mon-mgr", ""]}) -- 0x7f49801a1e30 con 0x7f4964039660
2024-04-23T14:38:02.420 INFO:teuthology.orchestra.run.smithi083.stdout:/usr/bin/ceph: stderr
2024-04-23T14:38:01.662+0000 7f4977400700 1 -- 172.21.15.83:0/2598868627 <== mgr.14152 v2:172.21.15.83:6800/1964818199 1 ==== mgr_command_reply(tid 0: 0 ) ==== 8+0+252 (secure 0 0 0) 0x7f49801a1e30 con 0x7f4964039660
2024-04-23T14:38:02.420 INFO:teuthology.orchestra.run.smithi083.stdout:/usr/bin/ceph: stderr
2024-04-23T14:38:01.665+0000 7f4985600700 1 -- 172.21.15.83:0/2598868627 >> [v2:172.21.15.83:6800/1964818199,v1:172.21.15.83:6801/1964818199] conn(0x7f4964039660 msgr2=0x7f496403bb20 secure :-1 s=STATE_CONNECTION_ESTABLISHED l=1).mark_down
2024-04-23T14:38:02.420 INFO:teuthology.orchestra.run.smithi083.stdout:/usr/bin/ceph: stderr
2024-04-23T14:38:01.665+0000 7f4985600700 1 --2- 172.21.15.83:0/2598868627 >> [v2:172.21.15.83:6800/1964818199,v1:172.21.15.83:6801/1964818199] conn(0x7f4964039660 0x7f496403bb20 secure :-1 s=READY pgs=8 cs=0 l=1 rev1=1 crypto rx=0x7f496c006fd0 tx=0x7f496c006e40 comp rx=0 tx=0).stop
2024-04-23T14:38:02.420 INFO:teuthology.orchestra.run.smithi083.stdout:/usr/bin/ceph: stderr
2024-04-23T14:38:01.665+0000 7f4985600700 1 -- 172.21.15.83:0/2598868627 >> [v2:172.21.15.83:3300/0,v1:172.21.15.83:6789/0] conn(0x7f498010a910 msgr2=0x7f498019e7d0 secure :-1 s=STATE_CONNECTION_ESTABLISHED l=1).mark_down
2024-04-23T14:38:02.420 INFO:teuthology.orchestra.run.smithi083.stdout:/usr/bin/ceph: stderr
2024-04-23T14:38:01.665+0000 7f4985600700 1 --2- 172.21.15.83:0/2598868627 >> [v2:172.21.15.83:3300/0,v1:172.21.15.83:6789/0] conn(0x7f498010a910 0x7f498019e7d0 secure :-1 s=READY pgs=73 cs=0 l=1 rev1=1 crypto rx=0x7f49700117e0 tx=0x7f4970011ba0 comp rx=0 tx=0).stop
2024-04-23T14:38:02.420 INFO:teuthology.orchestra.run.smithi083.stdout:/usr/bin/ceph: stderr
2024-04-23T14:38:01.665+0000 7f4985600700 1 -- 172.21.15.83:0/2598868627 shutdown_connections
2024-04-23T14:38:02.420 INFO:teuthology.orchestra.run.smithi083.stdout:/usr/bin/ceph: stderr
2024-04-23T14:38:01.665+0000 7f4985600700 1 --2- 172.21.15.83:0/2598868627 >> [v2:172.21.15.83:6800/1964818199,v1:172.21.15.83:6801/1964818199] conn(0x7f4964039660 0x7f496403bb20 unknown :-1 s=CLOSED pgs=8 cs=0 l=1 rev1=1 crypto rx=0 tx=0 comp rx=0 tx=0).stop
2024-04-23T14:38:02.420 INFO:teuthology.orchestra.run.smithi083.stdout:/usr/bin/ceph: stderr
2024-04-23T14:38:01.665+0000 7f4985600700 1 --2- 172.21.15.83:0/2598868627 >> [v2:172.21.15.83:3300/0,v1:172.21.15.83:6789/0] conn(0x7f498010a910 0x7f498019e7d0 unknown :-1 s=CLOSED pgs=73 cs=0 l=1 rev1=1 crypto rx=0 tx=0 comp rx=0 tx=0).stop
2024-04-23T14:38:02.421 INFO:teuthology.orchestra.run.smithi083.stdout:/usr/bin/ceph: stderr
2024-04-23T14:38:01.665+0000 7f4985600700 1 -- 172.21.15.83:0/2598868627 >> 172.21.15.83:0/2598868627 conn(0x7f498007de90 msgr2=0x7f4980106b70 unknown :-1 s=STATE_NONE l=0).mark_down
2024-04-23T14:38:02.421 INFO:teuthology.orchestra.run.smithi083.stdout:/usr/bin/ceph: stderr
2024-04-23T14:38:01.666+0000 7f4985600700 1 -- 172.21.15.83:0/2598868627 shutdown_connections
2024-04-23T14:38:02.421 INFO:teuthology.orchestra.run.smithi083.stdout:/usr/bin/ceph: stderr
2024-04-23T14:38:01.666+0000 7f4985600700 1 -- 172.21.15.83:0/2598868627 wait complete.
2024-04-23T14:38:02.421 INFO:teuthology.orchestra.run.smithi083.stdout:Fetching dashboard port number...
2024-04-23T14:38:02.964 INFO:journalctl@ceph.mon.a.smithi083.stdout:Apr 23 14:38:02 smithi083 ceph-mon[27867]: from='client.14166 -' entity='client.admin' cmd=[{"prefix": "dashboard ac-user-create", "username": "admin", "rolename": "administrator", "force_password": true, "pwd_update_required": true, "target": ["mon-mgr", ""]}]: dispatch
2024-04-23T14:38:02.964 INFO:journalctl@ceph.mon.a.smithi083.stdout:Apr 23 14:38:02 smithi083 ceph-mon[27867]: from='mgr.14152 172.21.15.83:0/792130291' entity='mgr.x'
2024-04-23T14:38:03.911 INFO:journalctl@ceph.mon.a.smithi083.stdout:Apr 23 14:38:03 smithi083 ceph-mon[27867]: from='mgr.14152 172.21.15.83:0/792130291' entity='mgr.x'
2024-04-23T14:38:03.911 INFO:journalctl@ceph.mon.a.smithi083.stdout:Apr 23 14:38:03 smithi083 ceph-mon[27867]: from='client.? 172.21.15.83:0/1496896314' entity='client.admin' cmd=[{"prefix": "config get", "who": "mgr", "key": "mgr/dashboard/ssl_server_port"}]: dispatch
2024-04-23T14:38:03.921 INFO:teuthology.orchestra.run.smithi083.stdout:/usr/bin/ceph: stdout 8443
2024-04-23T14:38:03.921 INFO:teuthology.orchestra.run.smithi083.stdout:/usr/bin/ceph: stderr
2024-04-23T14:38:03.033+0000 7f6f9f400700 1 Processor -- start
2024-04-23T14:38:03.921 INFO:teuthology.orchestra.run.smithi083.stdout:/usr/bin/ceph: stderr
2024-04-23T14:38:03.033+0000 7f6f9f400700 1 -- start start
2024-04-23T14:38:03.922 INFO:teuthology.orchestra.run.smithi083.stdout:/usr/bin/ceph: stderr
2024-04-23T14:38:03.033+0000 7f6f9f400700 1 --2- >> [v2:172.21.15.83:3300/0,v1:172.21.15.83:6789/0] conn(0x7f6f9807de70 0x7f6f9807c320 unknown :-1 s=NONE pgs=0 cs=0 l=0 rev1=0 crypto rx=0 tx=0 comp rx=0 tx=0).connect
2024-04-23T14:38:03.923 INFO:teuthology.orchestra.run.smithi083.stdout:/usr/bin/ceph: stderr
2024-04-23T14:38:03.033+0000 7f6f9f400700 1 -- --> [v2:172.21.15.83:3300/0,v1:172.21.15.83:6789/0] -- mon_getmap magic: 0 -- 0x7f6f9807c8f0 con 0x7f6f9807de70
2024-04-23T14:38:03.923 INFO:teuthology.orchestra.run.smithi083.stdout:/usr/bin/ceph: stderr
