2024-04-23T14:38:03.090+0000 7f4168e00700 1 --2- 172.21.15.81:0/488678398 >> [v2:172.21.15.81:6800/2072638798,v1:172.21.15.81:6801/2072638798] conn(0x7f414c0367e0 0x7f414c038c90 unknown :-1 s=BANNER_CONNECTING pgs=0 cs=0 l=1 rev1=0 crypto rx=0 tx=0 comp rx=0 tx=0)._handle_peer_banner_payload supported=3 required=0
2024-04-23T14:38:04.026 INFO:teuthology.orchestra.run.smithi081.stdout:/usr/bin/ceph: stderr
2024-04-23T14:38:03.090+0000 7f4168e00700 1 --2- 172.21.15.81:0/488678398 >> [v2:172.21.15.81:6800/2072638798,v1:172.21.15.81:6801/2072638798] conn(0x7f414c0367e0 0x7f414c038c90 secure :-1 s=READY pgs=18 cs=0 l=1 rev1=1 crypto rx=0x7f4150009990 tx=0x7f4150006e40 comp rx=0 tx=0).ready entity=mgr.14120 client_cookie=0 server_cookie=0 in_seq=0 out_seq=0
2024-04-23T14:38:04.026 INFO:teuthology.orchestra.run.smithi081.stdout:/usr/bin/ceph: stderr
2024-04-23T14:38:03.094+0000 7f4161600700 1 -- 172.21.15.81:0/488678398 <== mon.0 v2:172.21.15.81:3300/0 6 ==== mon_command_ack([{"prefix": "get_command_descriptions"}]=0 v0) v1 ==== 72+0+176702 (secure 0 0 0) 0x7f415802b4d0 con 0x7f41640712c0
2024-04-23T14:38:04.026 INFO:teuthology.orchestra.run.smithi081.stdout:/usr/bin/ceph: stderr
2024-04-23T14:38:03.317+0000 7f416c200700 1 -- 172.21.15.81:0/488678398 --> [v2:172.21.15.81:6800/2072638798,v1:172.21.15.81:6801/2072638798] -- mgr_command(tid 0: {"prefix": "orch apply", "service_type": "alertmanager", "target": ["mon-mgr", ""]}) v1 -- 0x7f41640fe420 con 0x7f414c0367e0
2024-04-23T14:38:04.026 INFO:teuthology.orchestra.run.smithi081.stdout:/usr/bin/ceph: stderr
2024-04-23T14:38:03.326+0000 7f4161600700 1 -- 172.21.15.81:0/488678398 <== mgr.14120 v2:172.21.15.81:6800/2072638798 1 ==== mgr_command_reply(tid 0: 0 ) v1 ==== 8+0+33 (secure 0 0 0) 0x7f41640fe420 con 0x7f414c0367e0
2024-04-23T14:38:04.026 INFO:teuthology.orchestra.run.smithi081.stdout:/usr/bin/ceph: stderr
2024-04-23T14:38:03.328+0000 7f416c200700 1 -- 172.21.15.81:0/488678398 >> [v2:172.21.15.81:6800/2072638798,v1:172.21.15.81:6801/2072638798] conn(0x7f414c0367e0 msgr2=0x7f414c038c90 secure :-1 s=STATE_CONNECTION_ESTABLISHED l=1).mark_down
2024-04-23T14:38:04.027 INFO:teuthology.orchestra.run.smithi081.stdout:/usr/bin/ceph: stderr
2024-04-23T14:38:03.328+0000 7f416c200700 1 --2- 172.21.15.81:0/488678398 >> [v2:172.21.15.81:6800/2072638798,v1:172.21.15.81:6801/2072638798] conn(0x7f414c0367e0 0x7f414c038c90 secure :-1 s=READY pgs=18 cs=0 l=1 rev1=1 crypto rx=0x7f4150009990 tx=0x7f4150006e40 comp rx=0 tx=0).stop
2024-04-23T14:38:04.027 INFO:teuthology.orchestra.run.smithi081.stdout:/usr/bin/ceph: stderr
2024-04-23T14:38:03.328+0000 7f416c200700 1 -- 172.21.15.81:0/488678398 >> [v2:172.21.15.81:3300/0,v1:172.21.15.81:6789/0] conn(0x7f41640712c0 msgr2=0x7f4164111790 secure :-1 s=STATE_CONNECTION_ESTABLISHED l=1).mark_down
2024-04-23T14:38:04.027 INFO:teuthology.orchestra.run.smithi081.stdout:/usr/bin/ceph: stderr
2024-04-23T14:38:03.328+0000 7f416c200700 1 --2- 172.21.15.81:0/488678398 >> [v2:172.21.15.81:3300/0,v1:172.21.15.81:6789/0] conn(0x7f41640712c0 0x7f4164111790 secure :-1 s=READY pgs=60 cs=0 l=1 rev1=1 crypto rx=0x7f41580105b0 tx=0x7f4158009250 comp rx=0 tx=0).stop
2024-04-23T14:38:04.027 INFO:teuthology.orchestra.run.smithi081.stdout:/usr/bin/ceph: stderr
2024-04-23T14:38:03.328+0000 7f416c200700 1 -- 172.21.15.81:0/488678398 shutdown_connections
2024-04-23T14:38:04.027 INFO:teuthology.orchestra.run.smithi081.stdout:/usr/bin/ceph: stderr
2024-04-23T14:38:03.328+0000 7f416c200700 1 --2- 172.21.15.81:0/488678398 >> [v2:172.21.15.81:6800/2072638798,v1:172.21.15.81:6801/2072638798] conn(0x7f414c0367e0 0x7f414c038c90 unknown :-1 s=CLOSED pgs=18 cs=0 l=1 rev1=1 crypto rx=0 tx=0 comp rx=0 tx=0).stop
2024-04-23T14:38:04.027 INFO:teuthology.orchestra.run.smithi081.stdout:/usr/bin/ceph: stderr
2024-04-23T14:38:03.328+0000 7f416c200700 1 --2- 172.21.15.81:0/488678398 >> [v2:172.21.15.81:3300/0,v1:172.21.15.81:6789/0] conn(0x7f41640712c0 0x7f4164111790 unknown :-1 s=CLOSED pgs=60 cs=0 l=1 rev1=1 crypto rx=0 tx=0 comp rx=0 tx=0).stop
2024-04-23T14:38:04.027 INFO:teuthology.orchestra.run.smithi081.stdout:/usr/bin/ceph: stderr
2024-04-23T14:38:03.329+0000 7f416c200700 1 -- 172.21.15.81:0/488678398 >> 172.21.15.81:0/488678398 conn(0x7f41640fcf80 msgr2=0x7f41640fdc50 unknown :-1 s=STATE_NONE l=0).mark_down
2024-04-23T14:38:04.028 INFO:teuthology.orchestra.run.smithi081.stdout:/usr/bin/ceph: stderr
2024-04-23T14:38:03.329+0000 7f416c200700 1 -- 172.21.15.81:0/488678398 shutdown_connections
2024-04-23T14:38:04.028 INFO:teuthology.orchestra.run.smithi081.stdout:/usr/bin/ceph: stderr
2024-04-23T14:38:03.329+0000 7f416c200700 1 -- 172.21.15.81:0/488678398 wait complete.
2024-04-23T14:38:04.839 INFO:journalctl@ceph.mon.smithi081.smithi081.stdout:Apr 23 14:38:04 smithi081 ceph-mon[25540]: from='client.14154 -' entity='client.admin' cmd=[{"prefix": "orch apply", "service_type": "alertmanager", "target": ["mon-mgr", ""]}]: dispatch
2024-04-23T14:38:04.839 INFO:journalctl@ceph.mon.smithi081.smithi081.stdout:Apr 23 14:38:04 smithi081 ceph-mon[25540]: Saving service alertmanager spec with placement count:1
2024-04-23T14:38:05.488 INFO:teuthology.orchestra.run.smithi081.stdout:/usr/bin/ceph: stderr
2024-04-23T14:38:04.617+0000 7fa046400700 1 Processor -- start
2024-04-23T14:38:05.488 INFO:teuthology.orchestra.run.smithi081.stdout:/usr/bin/ceph: stderr
2024-04-23T14:38:04.618+0000 7fa046400700 1 -- start start
2024-04-23T14:38:05.488 INFO:teuthology.orchestra.run.smithi081.stdout:/usr/bin/ceph: stderr
2024-04-23T14:38:04.618+0000 7fa046400700 1 --2- >> [v2:172.21.15.81:3300/0,v1:172.21.15.81:6789/0] conn(0x7fa04007cf80 0x7fa04010bce0 unknown :-1 s=NONE pgs=0 cs=0 l=0 rev1=0 crypto rx=0 tx=0 comp rx=0 tx=0).connect
2024-04-23T14:38:05.488 INFO:teuthology.orchestra.run.smithi081.stdout:/usr/bin/ceph: stderr
2024-04-23T14:38:04.618+0000 7fa046400700 1 -- --> [v2:172.21.15.81:3300/0,v1:172.21.15.81:6789/0] -- mon_getmap magic: 0 v1 -- 0x7fa04007d420 con 0x7fa04007cf80
2024-04-23T14:38:05.489 INFO:teuthology.orchestra.run.smithi081.stdout:/usr/bin/ceph: stderr
2024-04-23T14:38:04.619+0000 7fa03f400700 1 --2- >> [v2:172.21.15.81:3300/0,v1:172.21.15.81:6789/0] conn(0x7fa04007cf80 0x7fa04010bce0 unknown :-1 s=BANNER_CONNECTING pgs=0 cs=0 l=0 rev1=0 crypto rx=0 tx=0 comp rx=0 tx=0)._handle_peer_banner_payload supported=3 required=0
2024-04-23T14:38:05.489 INFO:teuthology.orchestra.run.smithi081.stdout:/usr/bin/ceph: stderr
2024-04-23T14:38:04.619+0000 7fa03f400700 1 --2- >> [v2:172.21.15.81:3300/0,v1:172.21.15.81:6789/0] conn(0x7fa04007cf80 0x7fa04010bce0 unknown :-1 s=HELLO_CONNECTING pgs=0 cs=0 l=0 rev1=1 crypto rx=0 tx=0 comp rx=0 tx=0).handle_hello peer v2:172.21.15.81:3300/0 says I am v2:172.21.15.81:50342/0 (socket says 172.21.15.81:50342)
2024-04-23T14:38:05.489 INFO:teuthology.orchestra.run.smithi081.stdout:/usr/bin/ceph: stderr
2024-04-23T14:38:04.619+0000 7fa03f400700 1 -- 172.21.15.81:0/2520573945 learned_addr learned my addr 172.21.15.81:0/2520573945 (peer_addr_for_me v2:172.21.15.81:0/0)
2024-04-23T14:38:05.489 INFO:teuthology.orchestra.run.smithi081.stdout:/usr/bin/ceph: stderr
2024-04-23T14:38:04.619+0000 7fa03f400700 1 -- 172.21.15.81:0/2520573945 --> [v2:172.21.15.81:3300/0,v1:172.21.15.81:6789/0] -- mon_subscribe({config=0+,monmap=0+}) v3 -- 0x7fa04007d560 con 0x7fa04007cf80
2024-04-23T14:38:05.489 INFO:teuthology.orchestra.run.smithi081.stdout:/usr/bin/ceph: stderr
2024-04-23T14:38:04.619+0000 7fa03f400700 1 --2- 172.21.15.81:0/2520573945 >> [v2:172.21.15.81:3300/0,v1:172.21.15.81:6789/0] conn(0x7fa04007cf80 0x7fa04010bce0 secure :-1 s=READY pgs=61 cs=0 l=1 rev1=1 crypto rx=0x7fa0300098e0 tx=0x7fa030009250 comp rx=0 tx=0).ready entity=mon.0 client_cookie=d3a9c6918fb34429 server_cookie=0 in_seq=0 out_seq=0
2024-04-23T14:38:05.489 INFO:teuthology.orchestra.run.smithi081.stdout:/usr/bin/ceph: stderr
2024-04-23T14:38:04.620+0000 7fa03e000700 1 -- 172.21.15.81:0/2520573945 <== mon.0 v2:172.21.15.81:3300/0 1 ==== mon_map magic: 0 v1 ==== 229+0+0 (secure 0 0 0) 0x7fa03000b860 con 0x7fa04007cf80
2024-04-23T14:38:05.489 INFO:teuthology.orchestra.run.smithi081.stdout:/usr/bin/ceph: stderr
2024-04-23T14:38:04.620+0000 7fa03e000700 1 -- 172.21.15.81:0/2520573945 <== mon.0 v2:172.21.15.81:3300/0 2 ==== config(27 keys) v1 ==== 1109+0+0 (secure 0 0 0) 0x7fa03000be90 con 0x7fa04007cf80
2024-04-23T14:38:05.489 INFO:teuthology.orchestra.run.smithi081.stdout:/usr/bin/ceph: stderr
2024-04-23T14:38:04.620+0000 7fa03e000700 1 -- 172.21.15.81:0/2520573945 <== mon.0 v2:172.21.15.81:3300/0 3 ==== mon_map magic: 0 v1 ==== 229+0+0 (secure 0 0 0) 0x7fa0300103c0 con 0x7fa04007cf80
2024-04-23T14:38:05.489 INFO:teuthology.orchestra.run.smithi081.stdout:/usr/bin/ceph: stderr
2024-04-23T14:38:04.620+0000 7fa046400700 1 -- 172.21.15.81:0/2520573945 >> [v2:172.21.15.81:3300/0,v1:172.21.15.81:6789/0] conn(0x7fa04007cf80 msgr2=0x7fa04010bce0 secure :-1 s=STATE_CONNECTION_ESTABLISHED l=1).mark_down
2024-04-23T14:38:05.489 INFO:teuthology.orchestra.run.smithi081.stdout:/usr/bin/ceph: stderr
2024-04-23T14:38:04.620+0000 7fa046400700 1 --2- 172.21.15.81:0/2520573945 >> [v2:172.21.15.81:3300/0,v1:172.21.15.81:6789/0] conn(0x7fa04007cf80 0x7fa04010bce0 secure :-1 s=READY pgs=61 cs=0 l=1 rev1=1 crypto rx=0x7fa0300098e0 tx=0x7fa030009250 comp rx=0 tx=0).stop
2024-04-23T14:38:05.489 INFO:teuthology.orchestra.run.smithi081.stdout:/usr/bin/ceph: stderr
2024-04-23T14:38:04.621+0000 7fa046400700 1 -- 172.21.15.81:0/2520573945 shutdown_connections
2024-04-23T14:38:05.489 INFO:teuthology.orchestra.run.smithi081.stdout:/usr/bin/ceph: stderr
2024-04-23T14:38:04.621+0000 7fa046400700 1 --2- 172.21.15.81:0/2520573945 >> [v2:172.21.15.81:3300/0,v1:172.21.15.81:6789/0] conn(0x7fa04007cf80 0x7fa04010bce0 unknown :-1 s=CLOSED pgs=61 cs=0 l=1 rev1=1 crypto rx=0 tx=0 comp rx=0 tx=0).stop
2024-04-23T14:38:05.489 INFO:teuthology.orchestra.run.smithi081.stdout:/usr/bin/ceph: stderr
2024-04-23T14:38:04.621+0000 7fa046400700 1 -- 172.21.15.81:0/2520573945 >> 172.21.15.81:0/2520573945 conn(0x7fa040078350 msgr2=0x7fa04007a760 unknown :-1 s=STATE_NONE l=0).mark_down
2024-04-23T14:38:05.490 INFO:teuthology.orchestra.run.smithi081.stdout:/usr/bin/ceph: stderr
2024-04-23T14:38:04.621+0000 7fa046400700 1 -- 172.21.15.81:0/2520573945 shutdown_connections
2024-04-23T14:38:05.490 INFO:teuthology.orchestra.run.smithi081.stdout:/usr/bin/ceph: stderr
2024-04-23T14:38:04.621+0000 7fa046400700 1 -- 172.21.15.81:0/2520573945 wait complete.
2024-04-23T14:38:05.490 INFO:teuthology.orchestra.run.smithi081.stdout:/usr/bin/ceph: stderr
2024-04-23T14:38:04.621+0000 7fa046400700 1 Processor -- start
2024-04-23T14:38:05.490 INFO:teuthology.orchestra.run.smithi081.stdout:/usr/bin/ceph: stderr
2024-04-23T14:38:04.622+0000 7fa046400700 1 -- start start
2024-04-23T14:38:05.490 INFO:teuthology.orchestra.run.smithi081.stdout:/usr/bin/ceph: stderr
2024-04-23T14:38:04.622+0000 7fa046400700 1 --2- >> [v2:172.21.15.81:3300/0,v1:172.21.15.81:6789/0] conn(0x7fa04007cf80 0x7fa040117cd0 unknown :-1 s=NONE pgs=0 cs=0 l=1 rev1=0 crypto rx=0 tx=0 comp rx=0 tx=0).connect
2024-04-23T14:38:05.490 INFO:teuthology.orchestra.run.smithi081.stdout:/usr/bin/ceph: stderr
2024-04-23T14:38:04.622+0000 7fa046400700 1 -- --> [v2:172.21.15.81:3300/0,v1:172.21.15.81:6789/0] -- mon_getmap magic: 0 v1 -- 0x7fa040118210 con 0x7fa04007cf80
2024-04-23T14:38:05.490 INFO:teuthology.orchestra.run.smithi081.stdout:/usr/bin/ceph: stderr
2024-04-23T14:38:04.622+0000 7fa03f400700 1 --2- >> [v2:172.21.15.81:3300/0,v1:172.21.15.81:6789/0] conn(0x7fa04007cf80 0x7fa040117cd0 unknown :-1 s=BANNER_CONNECTING pgs=0 cs=0 l=1 rev1=0 crypto rx=0 tx=0 comp rx=0 tx=0)._handle_peer_banner_payload supported=3 required=0
2024-04-23T14:38:05.490 INFO:teuthology.orchestra.run.smithi081.stdout:/usr/bin/ceph: stderr
2024-04-23T14:38:04.622+0000 7fa03f400700 1 --2- >> [v2:172.21.15.81:3300/0,v1:172.21.15.81:6789/0] conn(0x7fa04007cf80 0x7fa040117cd0 unknown :-1 s=HELLO_CONNECTING pgs=0 cs=0 l=1 rev1=1 crypto rx=0 tx=0 comp rx=0 tx=0).handle_hello peer v2:172.21.15.81:3300/0 says I am v2:172.21.15.81:50344/0 (socket says 172.21.15.81:50344)
2024-04-23T14:38:05.490 INFO:teuthology.orchestra.run.smithi081.stdout:/usr/bin/ceph: stderr
2024-04-23T14:38:04.622+0000 7fa03f400700 1 -- 172.21.15.81:0/3304749078 learned_addr learned my addr 172.21.15.81:0/3304749078 (peer_addr_for_me v2:172.21.15.81:0/0)
2024-04-23T14:38:05.490 INFO:teuthology.orchestra.run.smithi081.stdout:/usr/bin/ceph: stderr
2024-04-23T14:38:04.623+0000 7fa03f400700 1 -- 172.21.15.81:0/3304749078 --> [v2:172.21.15.81:3300/0,v1:172.21.15.81:6789/0] -- mon_subscribe({config=0+,monmap=0+}) v3 -- 0x7fa0300094f0 con 0x7fa04007cf80
2024-04-23T14:38:05.490 INFO:teuthology.orchestra.run.smithi081.stdout:/usr/bin/ceph: stderr
2024-04-23T14:38:04.623+0000 7fa03f400700 1 --2- 172.21.15.81:0/3304749078 >> [v2:172.21.15.81:3300/0,v1:172.21.15.81:6789/0] conn(0x7fa04007cf80 0x7fa040117cd0 secure :-1 s=READY pgs=62 cs=0 l=1 rev1=1 crypto rx=0x7fa030006d40 tx=0x7fa030009250 comp rx=0 tx=0).ready entity=mon.0 client_cookie=0 server_cookie=0 in_seq=0 out_seq=0
2024-04-23T14:38:05.490 INFO:teuthology.orchestra.run.smithi081.stdout:/usr/bin/ceph: stderr
2024-04-23T14:38:04.623+0000 7fa037400700 1 -- 172.21.15.81:0/3304749078 <== mon.0 v2:172.21.15.81:3300/0 1 ==== mon_map magic: 0 v1 ==== 229+0+0 (secure 0 0 0) 0x7fa030010840 con 0x7fa04007cf80
2024-04-23T14:38:05.490 INFO:teuthology.orchestra.run.smithi081.stdout:/usr/bin/ceph: stderr
2024-04-23T14:38:04.623+0000 7fa037400700 1 -- 172.21.15.81:0/3304749078 <== mon.0 v2:172.21.15.81:3300/0 2 ==== config(27 keys) v1 ==== 1109+0+0 (secure 0 0 0) 0x7fa030010e70 con 0x7fa04007cf80
2024-04-23T14:38:05.491 INFO:teuthology.orchestra.run.smithi081.stdout:/usr/bin/ceph: stderr
2024-04-23T14:38:04.623+0000 7fa037400700 1 -- 172.21.15.81:0/3304749078 <== mon.0 v2:172.21.15.81:3300/0 3 ==== mon_map magic: 0 v1 ==== 229+0+0 (secure 0 0 0) 0x7fa030024ea0 con 0x7fa04007cf80
2024-04-23T14:38:05.491 INFO:teuthology.orchestra.run.smithi081.stdout:/usr/bin/ceph: stderr
2024-04-23T14:38:04.623+0000 7fa046400700 1 -- 172.21.15.81:0/3304749078 --> [v2:172.21.15.81:3300/0,v1:172.21.15.81:6789/0] -- mon_subscribe({mgrmap=0+}) v3 -- 0x7fa040118410 con 0x7fa04007cf80
2024-04-23T14:38:05.491 INFO:teuthology.orchestra.run.smithi081.stdout:/usr/bin/ceph: stderr
2024-04-23T14:38:04.623+0000 7fa046400700 1 -- 172.21.15.81:0/3304749078 --> [v2:172.21.15.81:3300/0,v1:172.21.15.81:6789/0] -- mon_subscribe({osdmap=0}) v3 -- 0x7fa040118f80 con 0x7fa04007cf80
2024-04-23T14:38:05.491 INFO:teuthology.orchestra.run.smithi081.stdout:/usr/bin/ceph: stderr
2024-04-23T14:38:04.624+0000 7fa037400700 1 -- 172.21.15.81:0/3304749078 <== mon.0 v2:172.21.15.81:3300/0 4 ==== mgrmap(e 8) v1 ==== 43376+0+0 (secure 0 0 0) 0x7fa030024780 con 0x7fa04007cf80
2024-04-23T14:38:05.491 INFO:teuthology.orchestra.run.smithi081.stdout:/usr/bin/ceph: stderr
2024-04-23T14:38:04.625+0000 7fa046400700 1 -- 172.21.15.81:0/3304749078 --> [v2:172.21.15.81:3300/0,v1:172.21.15.81:6789/0] -- mon_command({"prefix": "get_command_descriptions"} v 0) v1 -- 0x7fa04005f5f0 con 0x7fa04007cf80
2024-04-23T14:38:05.491 INFO:teuthology.orchestra.run.smithi081.stdout:/usr/bin/ceph: stderr
2024-04-23T14:38:04.625+0000 7fa037400700 1 --2- 172.21.15.81:0/3304749078 >> [v2:172.21.15.81:6800/2072638798,v1:172.21.15.81:6801/2072638798] conn(0x7fa024036740 0x7fa024038bf0 unknown :-1 s=NONE pgs=0 cs=0 l=1 rev1=0 crypto rx=0 tx=0 comp rx=0 tx=0).connect
2024-04-23T14:38:05.491 INFO:teuthology.orchestra.run.smithi081.stdout:/usr/bin/ceph: stderr
2024-04-23T14:38:04.625+0000 7fa037400700 1 -- 172.21.15.81:0/3304749078 <== mon.0 v2:172.21.15.81:3300/0 5 ==== osd_map(2..2 src has 1..2) v4 ==== 936+0+0 (secure 0 0 0) 0x7fa03004a540 con 0x7fa04007cf80
2024-04-23T14:38:05.491 INFO:teuthology.orchestra.run.smithi081.stdout:/usr/bin/ceph: stderr
2024-04-23T14:38:04.625+0000 7fa03ea00700 1 --2- 172.21.15.81:0/3304749078 >> [v2:172.21.15.81:6800/2072638798,v1:172.21.15.81:6801/2072638798] conn(0x7fa024036740 0x7fa024038bf0 unknown :-1 s=BANNER_CONNECTING pgs=0 cs=0 l=1 rev1=0 crypto rx=0 tx=0 comp rx=0 tx=0)._handle_peer_banner_payload supported=3 required=0
2024-04-23T14:38:05.491 INFO:teuthology.orchestra.run.smithi081.stdout:/usr/bin/ceph: stderr
2024-04-23T14:38:04.626+0000 7fa03ea00700 1 --2- 172.21.15.81:0/3304749078 >> [v2:172.21.15.81:6800/2072638798,v1:172.21.15.81:6801/2072638798] conn(0x7fa024036740 0x7fa024038bf0 secure :-1 s=READY pgs=19 cs=0 l=1 rev1=1 crypto rx=0x7fa02c009990 tx=0x7fa02c006e40 comp rx=0 tx=0).ready entity=mgr.14120 client_cookie=0 server_cookie=0 in_seq=0 out_seq=0
2024-04-23T14:38:05.491 INFO:teuthology.orchestra.run.smithi081.stdout:/usr/bin/ceph: stderr
2024-04-23T14:38:04.630+0000 7fa037400700 1 -- 172.21.15.81:0/3304749078 <== mon.0 v2:172.21.15.81:3300/0 6 ==== mon_command_ack([{"prefix": "get_command_descriptions"}]=0 v0) v1 ==== 72+0+176702 (secure 0 0 0) 0x7fa03002c930 con 0x7fa04007cf80
2024-04-23T14:38:05.491 INFO:teuthology.orchestra.run.smithi081.stdout:/usr/bin/ceph: stderr
2024-04-23T14:38:04.838+0000 7fa046400700 1 -- 172.21.15.81:0/3304749078 --> [v2:172.21.15.81:3300/0,v1:172.21.15.81:6789/0] -- mon_command([{prefix=config set, name=mgr/cephadm/container_init}] v 0) v1 -- 0x7fa04007d560 con 0x7fa04007cf80
2024-04-23T14:38:05.491 INFO:teuthology.orchestra.run.smithi081.stdout:/usr/bin/ceph: stderr
2024-04-23T14:38:04.848+0000 7fa037400700 1 -- 172.21.15.81:0/3304749078 <== mon.0 v2:172.21.15.81:3300/0 7 ==== mon_command_ack([{prefix=config set, name=mgr/cephadm/container_init}]=0 v7)=0 v7) v1 ==== 142+0+0 (secure 0 0 0) 0x7fa04007d560 con 0x7fa04007cf80
2024-04-23T14:38:05.491 INFO:teuthology.orchestra.run.smithi081.stdout:/usr/bin/ceph: stderr
2024-04-23T14:38:04.851+0000 7fa046400700 1 -- 172.21.15.81:0/3304749078 >> [v2:172.21.15.81:6800/2072638798,v1:172.21.15.81:6801/2072638798] conn(0x7fa024036740 msgr2=0x7fa024038bf0 secure :-1 s=STATE_CONNECTION_ESTABLISHED l=1).mark_down
2024-04-23T14:38:05.491 INFO:teuthology.orchestra.run.smithi081.stdout:/usr/bin/ceph: stderr
2024-04-23T14:38:04.851+0000 7fa046400700 1 --2- 172.21.15.81:0/3304749078 >> [v2:172.21.15.81:6800/2072638798,v1:172.21.15.81:6801/2072638798] conn(0x7fa024036740 0x7fa024038bf0 secure :-1 s=READY pgs=19 cs=0 l=1 rev1=1 crypto rx=0x7fa02c009990 tx=0x7fa02c006e40 comp rx=0 tx=0).stop
2024-04-23T14:38:05.492 INFO:teuthology.orchestra.run.smithi081.stdout:/usr/bin/ceph: stderr
2024-04-23T14:38:04.851+0000 7fa046400700 1 -- 172.21.15.81:0/3304749078 >> [v2:172.21.15.81:3300/0,v1:172.21.15.81:6789/0] conn(0x7fa04007cf80 msgr2=0x7fa040117cd0 secure :-1 s=STATE_CONNECTION_ESTABLISHED l=1).mark_down
2024-04-23T14:38:05.492 INFO:teuthology.orchestra.run.smithi081.stdout:/usr/bin/ceph: stderr
2024-04-23T14:38:04.851+0000 7fa046400700 1 --2- 172.21.15.81:0/3304749078 >> [v2:172.21.15.81:3300/0,v1:172.21.15.81:6789/0] conn(0x7fa04007cf80 0x7fa040117cd0 secure :-1 s=READY pgs=62 cs=0 l=1 rev1=1 crypto rx=0x7fa030006d40 tx=0x7fa030009250 comp rx=0 tx=0).stop
2024-04-23T14:38:05.492 INFO:teuthology.orchestra.run.smithi081.stdout:/usr/bin/ceph: stderr
2024-04-23T14:38:04.851+0000 7fa046400700 1 -- 172.21.15.81:0/3304749078 shutdown_connections
2024-04-23T14:38:05.492 INFO:teuthology.orchestra.run.smithi081.stdout:/usr/bin/ceph: stderr
2024-04-23T14:38:04.851+0000 7fa046400700 1 --2- 172.21.15.81:0/3304749078 >> [v2:172.21.15.81:6800/2072638798,v1:172.21.15.81:6801/2072638798] conn(0x7fa024036740 0x7fa024038bf0 unknown :-1 s=CLOSED pgs=19 cs=0 l=1 rev1=1 crypto rx=0 tx=0 comp rx=0 tx=0).stop
2024-04-23T14:38:05.492 INFO:teuthology.orchestra.run.smithi081.stdout:/usr/bin/ceph: stderr
2024-04-23T14:38:04.851+0000 7fa046400700 1 --2- 172.21.15.81:0/3304749078 >> [v2:172.21.15.81:3300/0,v1:172.21.15.81:6789/0] conn(0x7fa04007cf80 0x7fa040117cd0 unknown :-1 s=CLOSED pgs=62 cs=0 l=1 rev1=1 crypto rx=0 tx=0 comp rx=0 tx=0).stop
2024-04-23T14:38:05.492 INFO:teuthology.orchestra.run.smithi081.stdout:/usr/bin/ceph: stderr
2024-04-23T14:38:04.851+0000 7fa046400700 1 -- 172.21.15.81:0/3304749078 >> 172.21.15.81:0/3304749078 conn(0x7fa040078350 msgr2=0x7fa040078ed0 unknown :-1 s=STATE_NONE l=0).mark_down
2024-04-23T14:38:05.492 INFO:teuthology.orchestra.run.smithi081.stdout:/usr/bin/ceph: stderr
2024-04-23T14:38:04.851+0000 7fa046400700 1 -- 172.21.15.81:0/3304749078 shutdown_connections
2024-04-23T14:38:05.492 INFO:teuthology.orchestra.run.smithi081.stdout:/usr/bin/ceph: stderr
2024-04-23T14:38:04.851+0000 7fa046400700 1 -- 172.21.15.81:0/3304749078 wait complete.
2024-04-23T14:38:06.076 INFO:journalctl@ceph.mon.smithi081.smithi081.stdout:Apr 23 14:38:05 smithi081 ceph-mon[25540]: pgmap v6: 0 pgs: ; 0 B data, 0 B used, 0 B / 0 B avail
2024-04-23T14:38:06.076 INFO:journalctl@ceph.mon.smithi081.smithi081.stdout:Apr 23 14:38:05 smithi081 ceph-mon[25540]: from='client.? 172.21.15.81:0/3304749078' entity='client.admin'
2024-04-23T14:38:07.011 INFO:teuthology.orchestra.run.smithi081.stdout:/usr/bin/ceph: stderr
2024-04-23T14:38:06.108+0000 7fcfca200700 1 Processor -- start
2024-04-23T14:38:07.011 INFO:teuthology.orchestra.run.smithi081.stdout:/usr/bin/ceph: stderr
2024-04-23T14:38:06.108+0000 7fcfca200700 1 -- start start
2024-04-23T14:38:07.011 INFO:teuthology.orchestra.run.smithi081.stdout:/usr/bin/ceph: stderr
2024-04-23T14:38:06.108+0000 7fcfca200700 1 --2- >> [v2:172.21.15.81:3300/0,v1:172.21.15.81:6789/0] conn(0x7fcfc407cf80 0x7fcfc410bce0 unknown :-1 s=NONE pgs=0 cs=0 l=0 rev1=0 crypto rx=0 tx=0 comp rx=0 tx=0).connect
2024-04-23T14:38:07.011 INFO:teuthology.orchestra.run.smithi081.stdout:/usr/bin/ceph: stderr
2024-04-23T14:38:06.109+0000 7fcfca200700 1 -- --> [v2:172.21.15.81:3300/0,v1:172.21.15.81:6789/0] -- mon_getmap magic: 0 v1 -- 0x7fcfc407d420 con 0x7fcfc407cf80
2024-04-23T14:38:07.011 INFO:teuthology.orchestra.run.smithi081.stdout:/usr/bin/ceph: stderr
2024-04-23T14:38:06.109+0000 7fcfc3400700 1 --2- >> [v2:172.21.15.81:3300/0,v1:172.21.15.81:6789/0] conn(0x7fcfc407cf80 0x7fcfc410bce0 unknown :-1 s=BANNER_CONNECTING pgs=0 cs=0 l=0 rev1=0 crypto rx=0 tx=0 comp rx=0 tx=0)._handle_peer_banner_payload supported=3 required=0
2024-04-23T14:38:07.011 INFO:teuthology.orchestra.run.smithi081.stdout:/usr/bin/ceph: stderr
2024-04-23T14:38:06.109+0000 7fcfc3400700 1 --2- >> [v2:172.21.15.81:3300/0,v1:172.21.15.81:6789/0] conn(0x7fcfc407cf80 0x7fcfc410bce0 unknown :-1 s=HELLO_CONNECTING pgs=0 cs=0 l=0 rev1=1 crypto rx=0 tx=0 comp rx=0 tx=0).handle_hello peer v2:172.21.15.81:3300/0 says I am v2:172.21.15.81:50346/0 (socket says 172.21.15.81:50346)
2024-04-23T14:38:07.011 INFO:teuthology.orchestra.run.smithi081.stdout:/usr/bin/ceph: stderr
2024-04-23T14:38:06.109+0000 7fcfc3400700 1 -- 172.21.15.81:0/1026988154 learned_addr learned my addr 172.21.15.81:0/1026988154 (peer_addr_for_me v2:172.21.15.81:0/0)
2024-04-23T14:38:07.011 INFO:teuthology.orchestra.run.smithi081.stdout:/usr/bin/ceph: stderr
2024-04-23T14:38:06.109+0000 7fcfc3400700 1 -- 172.21.15.81:0/1026988154 --> [v2:172.21.15.81:3300/0,v1:172.21.15.81:6789/0] -- mon_subscribe({config=0+,monmap=0+}) v3 -- 0x7fcfc407d560 con 0x7fcfc407cf80
2024-04-23T14:38:07.011 INFO:teuthology.orchestra.run.smithi081.stdout:/usr/bin/ceph: stderr
2024-04-23T14:38:06.110+0000 7fcfc3400700 1 --2- 172.21.15.81:0/1026988154 >> [v2:172.21.15.81:3300/0,v1:172.21.15.81:6789/0] conn(0x7fcfc407cf80 0x7fcfc410bce0 secure :-1 s=READY pgs=63 cs=0 l=1 rev1=1 crypto rx=0x7fcfb40098e0 tx=0x7fcfb4009250 comp rx=0 tx=0).ready entity=mon.0 client_cookie=5df73bd0ad1734f server_cookie=0 in_seq=0 out_seq=0
2024-04-23T14:38:07.011 INFO:teuthology.orchestra.run.smithi081.stdout:/usr/bin/ceph: stderr
2024-04-23T14:38:06.110+0000 7fcfc2000700 1 -- 172.21.15.81:0/1026988154 <== mon.0 v2:172.21.15.81:3300/0 1 ==== mon_map magic: 0 v1 ==== 229+0+0 (secure 0 0 0) 0x7fcfb400b860 con 0x7fcfc407cf80
2024-04-23T14:38:07.011 INFO:teuthology.orchestra.run.smithi081.stdout:/usr/bin/ceph: stderr
2024-04-23T14:38:06.110+0000 7fcfc2000700 1 -- 172.21.15.81:0/1026988154 <== mon.0 v2:172.21.15.81:3300/0 2 ==== config(27 keys) v1 ==== 1109+0+0 (secure 0 0 0) 0x7fcfb400be90 con 0x7fcfc407cf80
2024-04-23T14:38:07.011 INFO:teuthology.orchestra.run.smithi081.stdout:/usr/bin/ceph: stderr
2024-04-23T14:38:06.110+0000 7fcfc2000700 1 -- 172.21.15.81:0/1026988154 <== mon.0 v2:172.21.15.81:3300/0 3 ==== mon_map magic: 0 v1 ==== 229+0+0 (secure 0 0 0) 0x7fcfb40103c0 con 0x7fcfc407cf80
2024-04-23T14:38:07.012 INFO:teuthology.orchestra.run.smithi081.stdout:/usr/bin/ceph: stderr
2024-04-23T14:38:06.111+0000 7fcfca200700 1 -- 172.21.15.81:0/1026988154 >> [v2:172.21.15.81:3300/0,v1:172.21.15.81:6789/0] conn(0x7fcfc407cf80 msgr2=0x7fcfc410bce0 secure :-1 s=STATE_CONNECTION_ESTABLISHED l=1).mark_down
2024-04-23T14:38:07.012 INFO:teuthology.orchestra.run.smithi081.stdout:/usr/bin/ceph: stderr
2024-04-23T14:38:06.111+0000 7fcfca200700 1 --2- 172.21.15.81:0/1026988154 >> [v2:172.21.15.81:3300/0,v1:172.21.15.81:6789/0] conn(0x7fcfc407cf80 0x7fcfc410bce0 secure :-1 s=READY pgs=63 cs=0 l=1 rev1=1 crypto rx=0x7fcfb40098e0 tx=0x7fcfb4009250 comp rx=0 tx=0).stop
2024-04-23T14:38:07.012 INFO:teuthology.orchestra.run.smithi081.stdout:/usr/bin/ceph: stderr
2024-04-23T14:38:06.111+0000 7fcfca200700 1 -- 172.21.15.81:0/1026988154 shutdown_connections
2024-04-23T14:38:07.012 INFO:teuthology.orchestra.run.smithi081.stdout:/usr/bin/ceph: stderr
2024-04-23T14:38:06.111+0000 7fcfca200700 1 --2- 172.21.15.81:0/1026988154 >> [v2:172.21.15.81:3300/0,v1:172.21.15.81:6789/0] conn(0x7fcfc407cf80 0x7fcfc410bce0 unknown :-1 s=CLOSED pgs=63 cs=0 l=1 rev1=1 crypto rx=0 tx=0 comp rx=0 tx=0).stop
2024-04-23T14:38:07.012 INFO:teuthology.orchestra.run.smithi081.stdout:/usr/bin/ceph: stderr
2024-04-23T14:38:06.111+0000 7fcfca200700 1 -- 172.21.15.81:0/1026988154 >> 172.21.15.81:0/1026988154 conn(0x7fcfc4078350 msgr2=0x7fcfc407a760 unknown :-1 s=STATE_NONE l=0).mark_down
2024-04-23T14:38:07.012 INFO:teuthology.orchestra.run.smithi081.stdout:/usr/bin/ceph: stderr
2024-04-23T14:38:06.111+0000 7fcfca200700 1 -- 172.21.15.81:0/1026988154 shutdown_connections
2024-04-23T14:38:07.012 INFO:teuthology.orchestra.run.smithi081.stdout:/usr/bin/ceph: stderr
2024-04-23T14:38:06.111+0000 7fcfca200700 1 -- 172.21.15.81:0/1026988154 wait complete.
2024-04-23T14:38:07.012 INFO:teuthology.orchestra.run.smithi081.stdout:/usr/bin/ceph: stderr
2024-04-23T14:38:06.112+0000 7fcfca200700 1 Processor -- start
2024-04-23T14:38:07.012 INFO:teuthology.orchestra.run.smithi081.stdout:/usr/bin/ceph: stderr
2024-04-23T14:38:06.112+0000 7fcfca200700 1 -- start start
2024-04-23T14:38:07.012 INFO:teuthology.orchestra.run.smithi081.stdout:/usr/bin/ceph: stderr
2024-04-23T14:38:06.112+0000 7fcfca200700 1 --2- >> [v2:172.21.15.81:3300/0,v1:172.21.15.81:6789/0] conn(0x7fcfc407cf80 0x7fcfc4117cb0 unknown :-1 s=NONE pgs=0 cs=0 l=1 rev1=0 crypto rx=0 tx=0 comp rx=0 tx=0).connect
2024-04-23T14:38:07.012 INFO:teuthology.orchestra.run.smithi081.stdout:/usr/bin/ceph: stderr
2024-04-23T14:38:06.112+0000 7fcfca200700 1 -- --> [v2:172.21.15.81:3300/0,v1:172.21.15.81:6789/0] -- mon_getmap magic: 0 v1 -- 0x7fcfc41181f0 con 0x7fcfc407cf80
2024-04-23T14:38:07.012 INFO:teuthology.orchestra.run.smithi081.stdout:/usr/bin/ceph: stderr
2024-04-23T14:38:06.113+0000 7fcfc3400700 1 --2- >> [v2:172.21.15.81:3300/0,v1:172.21.15.81:6789/0] conn(0x7fcfc407cf80 0x7fcfc4117cb0 unknown :-1 s=BANNER_CONNECTING pgs=0 cs=0 l=1 rev1=0 crypto rx=0 tx=0 comp rx=0 tx=0)._handle_peer_banner_payload supported=3 required=0
2024-04-23T14:38:07.012 INFO:teuthology.orchestra.run.smithi081.stdout:/usr/bin/ceph: stderr
2024-04-23T14:38:06.113+0000 7fcfc3400700 1 --2- >> [v2:172.21.15.81:3300/0,v1:172.21.15.81:6789/0] conn(0x7fcfc407cf80 0x7fcfc4117cb0 unknown :-1 s=HELLO_CONNECTING pgs=0 cs=0 l=1 rev1=1 crypto rx=0 tx=0 comp rx=0 tx=0).handle_hello peer v2:172.21.15.81:3300/0 says I am v2:172.21.15.81:50358/0 (socket says 172.21.15.81:50358)
2024-04-23T14:38:07.012 INFO:teuthology.orchestra.run.smithi081.stdout:/usr/bin/ceph: stderr
2024-04-23T14:38:06.113+0000 7fcfc3400700 1 -- 172.21.15.81:0/511202225 learned_addr learned my addr 172.21.15.81:0/511202225 (peer_addr_for_me v2:172.21.15.81:0/0)
2024-04-23T14:38:07.012 INFO:teuthology.orchestra.run.smithi081.stdout:/usr/bin/ceph: stderr
2024-04-23T14:38:06.113+0000 7fcfc3400700 1 -- 172.21.15.81:0/511202225 --> [v2:172.21.15.81:3300/0,v1:172.21.15.81:6789/0] -- mon_subscribe({config=0+,monmap=0+}) v3 -- 0x7fcfb40094f0 con 0x7fcfc407cf80
2024-04-23T14:38:07.012 INFO:teuthology.orchestra.run.smithi081.stdout:/usr/bin/ceph: stderr
2024-04-23T14:38:06.113+0000 7fcfc3400700 1 --2- 172.21.15.81:0/511202225 >> [v2:172.21.15.81:3300/0,v1:172.21.15.81:6789/0] conn(0x7fcfc407cf80 0x7fcfc4117cb0 secure :-1 s=READY pgs=64 cs=0 l=1 rev1=1 crypto rx=0x7fcfb4006d40 tx=0x7fcfb4009250 comp rx=0 tx=0).ready entity=mon.0 client_cookie=0 server_cookie=0 in_seq=0 out_seq=0
2024-04-23T14:38:07.013 INFO:teuthology.orchestra.run.smithi081.stdout:/usr/bin/ceph: stderr
2024-04-23T14:38:06.114+0000 7fcfbb400700 1 -- 172.21.15.81:0/511202225 <== mon.0 v2:172.21.15.81:3300/0 1 ==== mon_map magic: 0 v1 ==== 229+0+0 (secure 0 0 0) 0x7fcfb4010840 con 0x7fcfc407cf80
2024-04-23T14:38:07.013 INFO:teuthology.orchestra.run.smithi081.stdout:/usr/bin/ceph: stderr
2024-04-23T14:38:06.114+0000 7fcfbb400700 1 -- 172.21.15.81:0/511202225 <== mon.0 v2:172.21.15.81:3300/0 2 ==== config(27 keys) v1 ==== 1109+0+0 (secure 0 0 0) 0x7fcfb4010e70 con 0x7fcfc407cf80
2024-04-23T14:38:07.013 INFO:teuthology.orchestra.run.smithi081.stdout:/usr/bin/ceph: stderr
2024-04-23T14:38:06.114+0000 7fcfbb400700 1 -- 172.21.15.81:0/511202225 <== mon.0 v2:172.21.15.81:3300/0 3 ==== mon_map magic: 0 v1 ==== 229+0+0 (secure 0 0 0) 0x7fcfb4024ea0 con 0x7fcfc407cf80
2024-04-23T14:38:07.013 INFO:teuthology.orchestra.run.smithi081.stdout:/usr/bin/ceph: stderr
2024-04-23T14:38:06.114+0000 7fcfca200700 1 -- 172.21.15.81:0/511202225 --> [v2:172.21.15.81:3300/0,v1:172.21.15.81:6789/0] -- mon_subscribe({mgrmap=0+}) v3 -- 0x7fcfc41183f0 con 0x7fcfc407cf80
2024-04-23T14:38:07.013 INFO:teuthology.orchestra.run.smithi081.stdout:/usr/bin/ceph: stderr
2024-04-23T14:38:06.114+0000 7fcfca200700 1 -- 172.21.15.81:0/511202225 --> [v2:172.21.15.81:3300/0,v1:172.21.15.81:6789/0] -- mon_subscribe({osdmap=0}) v3 -- 0x7fcfc4118f60 con 0x7fcfc407cf80
2024-04-23T14:38:07.013 INFO:teuthology.orchestra.run.smithi081.stdout:/usr/bin/ceph: stderr
2024-04-23T14:38:06.115+0000 7fcfca200700 1 -- 172.21.15.81:0/511202225 --> [v2:172.21.15.81:3300/0,v1:172.21.15.81:6789/0] -- mon_command({"prefix": "get_command_descriptions"} v 0) v1 -- 0x7fcfc405f5f0 con 0x7fcfc407cf80
2024-04-23T14:38:07.013 INFO:teuthology.orchestra.run.smithi081.stdout:/usr/bin/ceph: stderr
2024-04-23T14:38:06.115+0000 7fcfbb400700 1 -- 172.21.15.81:0/511202225 <== mon.0 v2:172.21.15.81:3300/0 4 ==== mgrmap(e 8) v1 ==== 43376+0+0 (secure 0 0 0) 0x7fcfb4024780 con 0x7fcfc407cf80
2024-04-23T14:38:07.013 INFO:teuthology.orchestra.run.smithi081.stdout:/usr/bin/ceph: stderr
2024-04-23T14:38:06.115+0000 7fcfbb400700 1 --2- 172.21.15.81:0/511202225 >> [v2:172.21.15.81:6800/2072638798,v1:172.21.15.81:6801/2072638798] conn(0x7fcfa8036790 0x7fcfa8038c40 unknown :-1 s=NONE pgs=0 cs=0 l=1 rev1=0 crypto rx=0 tx=0 comp rx=0 tx=0).connect
2024-04-23T14:38:07.013 INFO:teuthology.orchestra.run.smithi081.stdout:/usr/bin/ceph: stderr
2024-04-23T14:38:06.115+0000 7fcfbb400700 1 -- 172.21.15.81:0/511202225 <== mon.0 v2:172.21.15.81:3300/0 5 ==== osd_map(2..2 src has 1..2) v4 ==== 936+0+0 (secure 0 0 0) 0x7fcfb404a5a0 con 0x7fcfc407cf80
2024-04-23T14:38:07.013 INFO:teuthology.orchestra.run.smithi081.stdout:/usr/bin/ceph: stderr
2024-04-23T14:38:06.116+0000 7fcfc2a00700 1 --2- 172.21.15.81:0/511202225 >> [v2:172.21.15.81:6800/2072638798,v1:172.21.15.81:6801/2072638798] conn(0x7fcfa8036790 0x7fcfa8038c40 unknown :-1 s=BANNER_CONNECTING pgs=0 cs=0 l=1 rev1=0 crypto rx=0 tx=0 comp rx=0 tx=0)._handle_peer_banner_payload supported=3 required=0
2024-04-23T14:38:07.013 INFO:teuthology.orchestra.run.smithi081.stdout:/usr/bin/ceph: stderr
2024-04-23T14:38:06.116+0000 7fcfc2a00700 1 --2- 172.21.15.81:0/511202225 >> [v2:172.21.15.81:6800/2072638798,v1:172.21.15.81:6801/2072638798] conn(0x7fcfa8036790 0x7fcfa8038c40 secure :-1 s=READY pgs=20 cs=0 l=1 rev1=1 crypto rx=0x7fcfb0009990 tx=0x7fcfb0006e40 comp rx=0 tx=0).ready entity=mgr.14120 client_cookie=0 server_cookie=0 in_seq=0 out_seq=0
2024-04-23T14:38:07.013 INFO:teuthology.orchestra.run.smithi081.stdout:/usr/bin/ceph: stderr
2024-04-23T14:38:06.120+0000 7fcfbb400700 1 -- 172.21.15.81:0/511202225 <== mon.0 v2:172.21.15.81:3300/0 6 ==== mon_command_ack([{"prefix": "get_command_descriptions"}]=0 v0) v1 ==== 72+0+176702 (secure 0 0 0) 0x7fcfb402c910 con 0x7fcfc407cf80
2024-04-23T14:38:07.013 INFO:teuthology.orchestra.run.smithi081.stdout:/usr/bin/ceph: stderr
2024-04-23T14:38:06.332+0000 7fcfca200700 1 -- 172.21.15.81:0/511202225 --> [v2:172.21.15.81:3300/0,v1:172.21.15.81:6789/0] -- mon_command([{prefix=config set, name=mgr/dashboard/ssl_server_port}] v 0) v1 -- 0x7fcfc407d560 con 0x7fcfc407cf80
2024-04-23T14:38:07.013 INFO:teuthology.orchestra.run.smithi081.stdout:/usr/bin/ceph: stderr
2024-04-23T14:38:06.337+0000 7fcfbb400700 1 -- 172.21.15.81:0/511202225 <== mon.0 v2:172.21.15.81:3300/0 7 ==== mon_command_ack([{prefix=config set, name=mgr/dashboard/ssl_server_port}]=0 v8)=0 v8) v1 ==== 130+0+0 (secure 0 0 0) 0x7fcfc407d560 con 0x7fcfc407cf80
2024-04-23T14:38:07.013 INFO:teuthology.orchestra.run.smithi081.stdout:/usr/bin/ceph: stderr
2024-04-23T14:38:06.340+0000 7fcfca200700 1 -- 172.21.15.81:0/511202225 >> [v2:172.21.15.81:6800/2072638798,v1:172.21.15.81:6801/2072638798] conn(0x7fcfa8036790 msgr2=0x7fcfa8038c40 secure :-1 s=STATE_CONNECTION_ESTABLISHED l=1).mark_down
2024-04-23T14:38:07.013 INFO:teuthology.orchestra.run.smithi081.stdout:/usr/bin/ceph: stderr
2024-04-23T14:38:06.340+0000 7fcfca200700 1 --2- 172.21.15.81:0/511202225 >> [v2:172.21.15.81:6800/2072638798,v1:172.21.15.81:6801/2072638798] conn(0x7fcfa8036790 0x7fcfa8038c40 secure :-1 s=READY pgs=20 cs=0 l=1 rev1=1 crypto rx=0x7fcfb0009990 tx=0x7fcfb0006e40 comp rx=0 tx=0).stop
2024-04-23T14:38:07.014 INFO:teuthology.orchestra.run.smithi081.stdout:/usr/bin/ceph: stderr
2024-04-23T14:38:06.340+0000 7fcfca200700 1 -- 172.21.15.81:0/511202225 >> [v2:172.21.15.81:3300/0,v1:172.21.15.81:6789/0] conn(0x7fcfc407cf80 msgr2=0x7fcfc4117cb0 secure :-1 s=STATE_CONNECTION_ESTABLISHED l=1).mark_down
2024-04-23T14:38:07.014 INFO:teuthology.orchestra.run.smithi081.stdout:/usr/bin/ceph: stderr
2024-04-23T14:38:06.340+0000 7fcfca200700 1 --2- 172.21.15.81:0/511202225 >> [v2:172.21.15.81:3300/0,v1:172.21.15.81:6789/0] conn(0x7fcfc407cf80 0x7fcfc4117cb0 secure :-1 s=READY pgs=64 cs=0 l=1 rev1=1 crypto rx=0x7fcfb4006d40 tx=0x7fcfb4009250 comp rx=0 tx=0).stop
2024-04-23T14:38:07.014 INFO:teuthology.orchestra.run.smithi081.stdout:/usr/bin/ceph: stderr
2024-04-23T14:38:06.340+0000 7fcfca200700 1 -- 172.21.15.81:0/511202225 shutdown_connections
2024-04-23T14:38:07.014 INFO:teuthology.orchestra.run.smithi081.stdout:/usr/bin/ceph: stderr
2024-04-23T14:38:06.340+0000 7fcfca200700 1 --2- 172.21.15.81:0/511202225 >> [v2:172.21.15.81:6800/2072638798,v1:172.21.15.81:6801/2072638798] conn(0x7fcfa8036790 0x7fcfa8038c40 unknown :-1 s=CLOSED pgs=20 cs=0 l=1 rev1=1 crypto rx=0 tx=0 comp rx=0 tx=0).stop
2024-04-23T14:38:07.014 INFO:teuthology.orchestra.run.smithi081.stdout:/usr/bin/ceph: stderr
2024-04-23T14:38:06.340+0000 7fcfca200700 1 --2- 172.21.15.81:0/511202225 >> [v2:172.21.15.81:3300/0,v1:172.21.15.81:6789/0] conn(0x7fcfc407cf80 0x7fcfc4117cb0 unknown :-1 s=CLOSED pgs=64 cs=0 l=1 rev1=1 crypto rx=0 tx=0 comp rx=0 tx=0).stop
2024-04-23T14:38:07.014 INFO:teuthology.orchestra.run.smithi081.stdout:/usr/bin/ceph: stderr
2024-04-23T14:38:06.340+0000 7fcfca200700 1 -- 172.21.15.81:0/511202225 >> 172.21.15.81:0/511202225 conn(0x7fcfc4078350 msgr2=0x7fcfc4078f00 unknown :-1 s=STATE_NONE l=0).mark_down
2024-04-23T14:38:07.014 INFO:teuthology.orchestra.run.smithi081.stdout:/usr/bin/ceph: stderr
2024-04-23T14:38:06.341+0000 7fcfca200700 1 -- 172.21.15.81:0/511202225 shutdown_connections
2024-04-23T14:38:07.014 INFO:teuthology.orchestra.run.smithi081.stdout:/usr/bin/ceph: stderr
2024-04-23T14:38:06.341+0000 7fcfca200700 1 -- 172.21.15.81:0/511202225 wait complete.
2024-04-23T14:38:07.014 INFO:teuthology.orchestra.run.smithi081.stdout:Enabling the dashboard module...
2024-04-23T14:38:07.576 INFO:journalctl@ceph.mon.smithi081.smithi081.stdout:Apr 23 14:38:07 smithi081 ceph-mon[25540]: pgmap v7: 0 pgs: ; 0 B data, 0 B used, 0 B / 0 B avail
2024-04-23T14:38:07.576 INFO:journalctl@ceph.mon.smithi081.smithi081.stdout:Apr 23 14:38:07 smithi081 ceph-mon[25540]: from='client.? 172.21.15.81:0/511202225' entity='client.admin'
2024-04-23T14:38:08.647 INFO:journalctl@ceph.mon.smithi081.smithi081.stdout:Apr 23 14:38:08 smithi081 ceph-mon[25540]: from='client.? 172.21.15.81:0/1918221536' entity='client.admin' cmd=[{"prefix": "mgr module enable", "module": "dashboard"}]: dispatch
2024-04-23T14:38:09.117 INFO:teuthology.orchestra.run.smithi081.stdout:/usr/bin/ceph: stderr
2024-04-23T14:38:07.618+0000 7ff11d200700 1 Processor -- start
2024-04-23T14:38:09.122 INFO:teuthology.orchestra.run.smithi081.stdout:/usr/bin/ceph: stderr
2024-04-23T14:38:07.618+0000 7ff11d200700 1 -- start start
2024-04-23T14:38:09.122 INFO:teuthology.orchestra.run.smithi081.stdout:/usr/bin/ceph: stderr
2024-04-23T14:38:07.618+0000 7ff11d200700 1 --2- >> [v2:172.21.15.81:3300/0,v1:172.21.15.81:6789/0] conn(0x7ff118104c40 0x7ff118105050 unknown :-1 s=NONE pgs=0 cs=0 l=0 rev1=0 crypto rx=0 tx=0 comp rx=0 tx=0).connect
2024-04-23T14:38:09.122 INFO:teuthology.orchestra.run.smithi081.stdout:/usr/bin/ceph: stderr
2024-04-23T14:38:07.618+0000 7ff11d200700 1 -- --> [v2:172.21.15.81:3300/0,v1:172.21.15.81:6789/0] -- mon_getmap magic: 0 v1 -- 0x7ff118105620 con 0x7ff118104c40
2024-04-23T14:38:09.122 INFO:teuthology.orchestra.run.smithi081.stdout:/usr/bin/ceph: stderr
2024-04-23T14:38:07.619+0000 7ff115e00700 1 --2- >> [v2:172.21.15.81:3300/0,v1:172.21.15.81:6789/0] conn(0x7ff118104c40 0x7ff118105050 unknown :-1 s=BANNER_CONNECTING pgs=0 cs=0 l=0 rev1=0 crypto rx=0 tx=0 comp rx=0 tx=0)._handle_peer_banner_payload supported=3 required=0
2024-04-23T14:38:09.122 INFO:teuthology.orchestra.run.smithi081.stdout:/usr/bin/ceph: stderr
2024-04-23T14:38:07.619+0000 7ff115e00700 1 --2- >> [v2:172.21.15.81:3300/0,v1:172.21.15.81:6789/0] conn(0x7ff118104c40 0x7ff118105050 unknown :-1 s=HELLO_CONNECTING pgs=0 cs=0 l=0 rev1=1 crypto rx=0 tx=0 comp rx=0 tx=0).handle_hello peer v2:172.21.15.81:3300/0 says I am v2:172.21.15.81:50360/0 (socket says 172.21.15.81:50360)
2024-04-23T14:38:09.122 INFO:teuthology.orchestra.run.smithi081.stdout:/usr/bin/ceph: stderr
2024-04-23T14:38:07.619+0000 7ff115e00700 1 -- 172.21.15.81:0/845237885 learned_addr learned my addr 172.21.15.81:0/845237885 (peer_addr_for_me v2:172.21.15.81:0/0)
2024-04-23T14:38:09.123 INFO:teuthology.orchestra.run.smithi081.stdout:/usr/bin/ceph: stderr
2024-04-23T14:38:07.619+0000 7ff115e00700 1 -- 172.21.15.81:0/845237885 --> [v2:172.21.15.81:3300/0,v1:172.21.15.81:6789/0] -- mon_subscribe({config=0+,monmap=0+}) v3 -- 0x7ff118105760 con 0x7ff118104c40
2024-04-23T14:38:09.123 INFO:teuthology.orchestra.run.smithi081.stdout:/usr/bin/ceph: stderr
2024-04-23T14:38:07.620+0000 7ff115e00700 1 --2- 172.21.15.81:0/845237885 >> [v2:172.21.15.81:3300/0,v1:172.21.15.81:6789/0] conn(0x7ff118104c40 0x7ff118105050 secure :-1 s=READY pgs=65 cs=0 l=1 rev1=1 crypto rx=0x7ff1080098e0 tx=0x7ff108009250 comp rx=0 tx=0).ready entity=mon.0 client_cookie=92abb3b8429dcc1 server_cookie=0 in_seq=0 out_seq=0
2024-04-23T14:38:09.123 INFO:teuthology.orchestra.run.smithi081.stdout:/usr/bin/ceph: stderr
2024-04-23T14:38:07.620+0000 7ff115400700 1 -- 172.21.15.81:0/845237885 <== mon.0 v2:172.21.15.81:3300/0 1 ==== mon_map magic: 0 v1 ==== 229+0+0 (secure 0 0 0) 0x7ff10800b860 con 0x7ff118104c40
2024-04-23T14:38:09.123 INFO:teuthology.orchestra.run.smithi081.stdout:/usr/bin/ceph: stderr
2024-04-23T14:38:07.620+0000 7ff115400700 1 -- 172.21.15.81:0/845237885 <== mon.0 v2:172.21.15.81:3300/0 2 ==== config(27 keys) v1 ==== 1109+0+0 (secure 0 0 0) 0x7ff10800be90 con 0x7ff118104c40
2024-04-23T14:38:09.123 INFO:teuthology.orchestra.run.smithi081.stdout:/usr/bin/ceph: stderr
2024-04-23T14:38:07.620+0000 7ff115400700 1 -- 172.21.15.81:0/845237885 <== mon.0 v2:172.21.15.81:3300/0 3 ==== mon_map magic: 0 v1 ==== 229+0+0 (secure 0 0 0) 0x7ff1080103c0 con 0x7ff118104c40
2024-04-23T14:38:09.123 INFO:teuthology.orchestra.run.smithi081.stdout:/usr/bin/ceph: stderr
2024-04-23T14:38:07.621+0000 7ff11d200700 1 -- 172.21.15.81:0/845237885 >> [v2:172.21.15.81:3300/0,v1:172.21.15.81:6789/0] conn(0x7ff118104c40 msgr2=0x7ff118105050 secure :-1 s=STATE_CONNECTION_ESTABLISHED l=1).mark_down
2024-04-23T14:38:09.123 INFO:teuthology.orchestra.run.smithi081.stdout:/usr/bin/ceph: stderr
2024-04-23T14:38:07.621+0000 7ff11d200700 1 --2- 172.21.15.81:0/845237885 >> [v2:172.21.15.81:3300/0,v1:172.21.15.81:6789/0] conn(0x7ff118104c40 0x7ff118105050 secure :-1 s=READY pgs=65 cs=0 l=1 rev1=1 crypto rx=0x7ff1080098e0 tx=0x7ff108009250 comp rx=0 tx=0).stop
2024-04-23T14:38:09.123 INFO:teuthology.orchestra.run.smithi081.stdout:/usr/bin/ceph: stderr
2024-04-23T14:38:07.621+0000 7ff11d200700 1 -- 172.21.15.81:0/845237885 shutdown_connections
2024-04-23T14:38:09.123 INFO:teuthology.orchestra.run.smithi081.stdout:/usr/bin/ceph: stderr
2024-04-23T14:38:07.621+0000 7ff11d200700 1 --2- 172.21.15.81:0/845237885 >> [v2:172.21.15.81:3300/0,v1:172.21.15.81:6789/0] conn(0x7ff118104c40 0x7ff118105050 unknown :-1 s=CLOSED pgs=65 cs=0 l=1 rev1=1 crypto rx=0 tx=0 comp rx=0 tx=0).stop
2024-04-23T14:38:09.123 INFO:teuthology.orchestra.run.smithi081.stdout:/usr/bin/ceph: stderr
2024-04-23T14:38:07.621+0000 7ff11d200700 1 -- 172.21.15.81:0/845237885 >> 172.21.15.81:0/845237885 conn(0x7ff1180782f0 msgr2=0x7ff118078710 unknown :-1 s=STATE_NONE l=0).mark_down
2024-04-23T14:38:09.123 INFO:teuthology.orchestra.run.smithi081.stdout:/usr/bin/ceph: stderr
2024-04-23T14:38:07.621+0000 7ff11d200700 1 -- 172.21.15.81:0/845237885 shutdown_connections
2024-04-23T14:38:09.123 INFO:teuthology.orchestra.run.smithi081.stdout:/usr/bin/ceph: stderr
2024-04-23T14:38:07.621+0000 7ff11d200700 1 -- 172.21.15.81:0/845237885 wait complete.
2024-04-23T14:38:09.123 INFO:teuthology.orchestra.run.smithi081.stdout:/usr/bin/ceph: stderr
2024-04-23T14:38:07.622+0000 7ff11d200700 1 Processor -- start
2024-04-23T14:38:09.123 INFO:teuthology.orchestra.run.smithi081.stdout:/usr/bin/ceph: stderr
2024-04-23T14:38:07.622+0000 7ff11d200700 1 -- start start
2024-04-23T14:38:09.124 INFO:teuthology.orchestra.run.smithi081.stdout:/usr/bin/ceph: stderr
2024-04-23T14:38:07.622+0000 7ff11d200700 1 --2- >> [v2:172.21.15.81:3300/0,v1:172.21.15.81:6789/0] conn(0x7ff118104c40 0x7ff1181138f0 unknown :-1 s=NONE pgs=0 cs=0 l=1 rev1=0 crypto rx=0 tx=0 comp rx=0 tx=0).connect
2024-04-23T14:38:09.124 INFO:teuthology.orchestra.run.smithi081.stdout:/usr/bin/ceph: stderr
2024-04-23T14:38:07.622+0000 7ff11d200700 1 -- --> [v2:172.21.15.81:3300/0,v1:172.21.15.81:6789/0] -- mon_getmap magic: 0 v1 -- 0x7ff118113e30 con 0x7ff118104c40
2024-04-23T14:38:09.124 INFO:teuthology.orchestra.run.smithi081.stdout:/usr/bin/ceph: stderr
2024-04-23T14:38:07.623+0000 7ff115e00700 1 --2- >> [v2:172.21.15.81:3300/0,v1:172.21.15.81:6789/0] conn(0x7ff118104c40 0x7ff1181138f0 unknown :-1 s=BANNER_CONNECTING pgs=0 cs=0 l=1 rev1=0 crypto rx=0 tx=0 comp rx=0 tx=0)._handle_peer_banner_payload supported=3 required=0
2024-04-23T14:38:09.124 INFO:teuthology.orchestra.run.smithi081.stdout:/usr/bin/ceph: stderr
2024-04-23T14:38:07.623+0000 7ff115e00700 1 --2- >> [v2:172.21.15.81:3300/0,v1:172.21.15.81:6789/0] conn(0x7ff118104c40 0x7ff1181138f0 unknown :-1 s=HELLO_CONNECTING pgs=0 cs=0 l=1 rev1=1 crypto rx=0 tx=0 comp rx=0 tx=0).handle_hello peer v2:172.21.15.81:3300/0 says I am v2:172.21.15.81:50376/0 (socket says 172.21.15.81:50376)
2024-04-23T14:38:09.124 INFO:teuthology.orchestra.run.smithi081.stdout:/usr/bin/ceph: stderr
2024-04-23T14:38:07.623+0000 7ff115e00700 1 -- 172.21.15.81:0/1918221536 learned_addr learned my addr 172.21.15.81:0/1918221536 (peer_addr_for_me v2:172.21.15.81:0/0)
2024-04-23T14:38:09.124 INFO:teuthology.orchestra.run.smithi081.stdout:/usr/bin/ceph: stderr
2024-04-23T14:38:07.623+0000 7ff115e00700 1 -- 172.21.15.81:0/1918221536 --> [v2:172.21.15.81:3300/0,v1:172.21.15.81:6789/0] -- mon_subscribe({config=0+,monmap=0+}) v3 -- 0x7ff1080094f0 con 0x7ff118104c40
2024-04-23T14:38:09.124 INFO:teuthology.orchestra.run.smithi081.stdout:/usr/bin/ceph: stderr
2024-04-23T14:38:07.623+0000 7ff115e00700 1 --2- 172.21.15.81:0/1918221536 >> [v2:172.21.15.81:3300/0,v1:172.21.15.81:6789/0] conn(0x7ff118104c40 0x7ff1181138f0 secure :-1 s=READY pgs=66 cs=0 l=1 rev1=1 crypto rx=0x7ff1080105b0 tx=0x7ff108009250 comp rx=0 tx=0).ready entity=mon.0 client_cookie=0 server_cookie=0 in_seq=0 out_seq=0
2024-04-23T14:38:09.124 INFO:teuthology.orchestra.run.smithi081.stdout:/usr/bin/ceph: stderr
2024-04-23T14:38:07.624+0000 7ff10ea00700 1 -- 172.21.15.81:0/1918221536 <== mon.0 v2:172.21.15.81:3300/0 1 ==== mon_map magic: 0 v1 ==== 229+0+0 (secure 0 0 0) 0x7ff108010840 con 0x7ff118104c40
2024-04-23T14:38:09.124 INFO:teuthology.orchestra.run.smithi081.stdout:/usr/bin/ceph: stderr
2024-04-23T14:38:07.624+0000 7ff10ea00700 1 -- 172.21.15.81:0/1918221536 <== mon.0 v2:172.21.15.81:3300/0 2 ==== config(27 keys) v1 ==== 1109+0+0 (secure 0 0 0) 0x7ff108010e70 con 0x7ff118104c40
2024-04-23T14:38:09.124 INFO:teuthology.orchestra.run.smithi081.stdout:/usr/bin/ceph: stderr
2024-04-23T14:38:07.624+0000 7ff11d200700 1 -- 172.21.15.81:0/1918221536 --> [v2:172.21.15.81:3300/0,v1:172.21.15.81:6789/0] -- mon_subscribe({mgrmap=0+}) v3 -- 0x7ff118114030 con 0x7ff118104c40
2024-04-23T14:38:09.124 INFO:teuthology.orchestra.run.smithi081.stdout:/usr/bin/ceph: stderr
2024-04-23T14:38:07.624+0000 7ff10ea00700 1 -- 172.21.15.81:0/1918221536 <== mon.0 v2:172.21.15.81:3300/0 3 ==== mon_map magic: 0 v1 ==== 229+0+0 (secure 0 0 0) 0x7ff10801ae30 con 0x7ff118104c40
2024-04-23T14:38:09.124 INFO:teuthology.orchestra.run.smithi081.stdout:/usr/bin/ceph: stderr
2024-04-23T14:38:07.624+0000 7ff11d200700 1 -- 172.21.15.81:0/1918221536 --> [v2:172.21.15.81:3300/0,v1:172.21.15.81:6789/0] -- mon_subscribe({osdmap=0}) v3 -- 0x7ff118114ba0 con 0x7ff118104c40
2024-04-23T14:38:09.124 INFO:teuthology.orchestra.run.smithi081.stdout:/usr/bin/ceph: stderr
2024-04-23T14:38:07.625+0000 7ff10ea00700 1 -- 172.21.15.81:0/1918221536 <== mon.0 v2:172.21.15.81:3300/0 4 ==== mgrmap(e 8) v1 ==== 43376+0+0 (secure 0 0 0) 0x7ff10802d3f0 con 0x7ff118104c40
2024-04-23T14:38:09.124 INFO:teuthology.orchestra.run.smithi081.stdout:/usr/bin/ceph: stderr
2024-04-23T14:38:07.625+0000 7ff11d200700 1 -- 172.21.15.81:0/1918221536 --> [v2:172.21.15.81:3300/0,v1:172.21.15.81:6789/0] -- mon_command({"prefix": "get_command_descriptions"} v 0) v1 -- 0x7ff0f40052e0 con 0x7ff118104c40
2024-04-23T14:38:09.124 INFO:teuthology.orchestra.run.smithi081.stdout:/usr/bin/ceph: stderr
2024-04-23T14:38:07.625+0000 7ff10ea00700 1 --2- 172.21.15.81:0/1918221536 >> [v2:172.21.15.81:6800/2072638798,v1:172.21.15.81:6801/2072638798] conn(0x7ff0fc0367e0 0x7ff0fc038c90 unknown :-1 s=NONE pgs=0 cs=0 l=1 rev1=0 crypto rx=0 tx=0 comp rx=0 tx=0).connect
2024-04-23T14:38:09.125 INFO:teuthology.orchestra.run.smithi081.stdout:/usr/bin/ceph: stderr
2024-04-23T14:38:07.625+0000 7ff10ea00700 1 -- 172.21.15.81:0/1918221536 <== mon.0 v2:172.21.15.81:3300/0 5 ==== osd_map(2..2 src has 1..2) v4 ==== 936+0+0 (secure 0 0 0) 0x7ff10804a150 con 0x7ff118104c40
2024-04-23T14:38:09.125 INFO:teuthology.orchestra.run.smithi081.stdout:/usr/bin/ceph: stderr
2024-04-23T14:38:07.625+0000 7ff10d400700 1 --2- 172.21.15.81:0/1918221536 >> [v2:172.21.15.81:6800/2072638798,v1:172.21.15.81:6801/2072638798] conn(0x7ff0fc0367e0 0x7ff0fc038c90 unknown :-1 s=BANNER_CONNECTING pgs=0 cs=0 l=1 rev1=0 crypto rx=0 tx=0 comp rx=0 tx=0)._handle_peer_banner_payload supported=3 required=0
2024-04-23T14:38:09.125 INFO:teuthology.orchestra.run.smithi081.stdout:/usr/bin/ceph: stderr
2024-04-23T14:38:07.626+0000 7ff10d400700 1 --2- 172.21.15.81:0/1918221536 >> [v2:172.21.15.81:6800/2072638798,v1:172.21.15.81:6801/2072638798] conn(0x7ff0fc0367e0 0x7ff0fc038c90 secure :-1 s=READY pgs=21 cs=0 l=1 rev1=1 crypto rx=0x7ff100009990 tx=0x7ff100006e40 comp rx=0 tx=0).ready entity=mgr.14120 client_cookie=0 server_cookie=0 in_seq=0 out_seq=0
2024-04-23T14:38:09.125 INFO:teuthology.orchestra.run.smithi081.stdout:/usr/bin/ceph: stderr
2024-04-23T14:38:07.631+0000 7ff10ea00700 1 -- 172.21.15.81:0/1918221536 <== mon.0 v2:172.21.15.81:3300/0 6 ==== mon_command_ack([{"prefix": "get_command_descriptions"}]=0 v0) v1 ==== 72+0+176702 (secure 0 0 0) 0x7ff10802b8e0 con 0x7ff118104c40
2024-04-23T14:38:09.125 INFO:teuthology.orchestra.run.smithi081.stdout:/usr/bin/ceph: stderr
2024-04-23T14:38:07.896+0000 7ff11d200700 1 -- 172.21.15.81:0/1918221536 --> [v2:172.21.15.81:3300/0,v1:172.21.15.81:6789/0] -- mon_command({"prefix": "mgr module enable", "module": "dashboard"} v 0) v1 -- 0x7ff0f4005590 con 0x7ff118104c40
2024-04-23T14:38:09.125 INFO:teuthology.orchestra.run.smithi081.stdout:/usr/bin/ceph: stderr
2024-04-23T14:38:08.352+0000 7ff10ea00700 1 -- 172.21.15.81:0/1918221536 <== mon.0 v2:172.21.15.81:3300/0 7 ==== mgrmap(e 9) v1 ==== 43389+0+0 (secure 0 0 0) 0x7ff10801a430 con 0x7ff118104c40
2024-04-23T14:38:09.125 INFO:teuthology.orchestra.run.smithi081.stdout:/usr/bin/ceph: stderr
