2024-04-23T14:37:51.678+0000 7f0355600700 1 -- 172.21.15.81:0/231674970 <== mon.0 v2:172.21.15.81:3300/0 5 ==== osd_map(2..2 src has 1..2) v4 ==== 936+0+0 (secure 0 0 0) 0x7f034c049ee0 con 0x7f0358077ab0
2024-04-23T14:37:52.637 INFO:teuthology.orchestra.run.smithi081.stdout:/usr/bin/ceph: stderr
2024-04-23T14:37:51.678+0000 7f035ca00700 1 --2- 172.21.15.81:0/231674970 >> [v2:172.21.15.81:6800/2072638798,v1:172.21.15.81:6801/2072638798] conn(0x7f03400367e0 0x7f0340038c90 unknown :-1 s=BANNER_CONNECTING pgs=0 cs=0 l=1 rev1=0 crypto rx=0 tx=0 comp rx=0 tx=0)._handle_peer_banner_payload supported=3 required=0
2024-04-23T14:37:52.637 INFO:teuthology.orchestra.run.smithi081.stdout:/usr/bin/ceph: stderr
2024-04-23T14:37:51.679+0000 7f035ca00700 1 --2- 172.21.15.81:0/231674970 >> [v2:172.21.15.81:6800/2072638798,v1:172.21.15.81:6801/2072638798] conn(0x7f03400367e0 0x7f0340038c90 secure :-1 s=READY pgs=12 cs=0 l=1 rev1=1 crypto rx=0x7f0344009990 tx=0x7f0344006e40 comp rx=0 tx=0).ready entity=mgr.14120 client_cookie=0 server_cookie=0 in_seq=0 out_seq=0
2024-04-23T14:37:52.637 INFO:teuthology.orchestra.run.smithi081.stdout:/usr/bin/ceph: stderr
2024-04-23T14:37:51.683+0000 7f0355600700 1 -- 172.21.15.81:0/231674970 <== mon.0 v2:172.21.15.81:3300/0 6 ==== mon_command_ack([{"prefix": "get_command_descriptions"}]=0 v0) v1 ==== 72+0+176702 (secure 0 0 0) 0x7f034c00bdc0 con 0x7f0358077ab0
2024-04-23T14:37:52.637 INFO:teuthology.orchestra.run.smithi081.stdout:/usr/bin/ceph: stderr
2024-04-23T14:37:51.908+0000 7f035fe00700 1 -- 172.21.15.81:0/231674970 --> [v2:172.21.15.81:6800/2072638798,v1:172.21.15.81:6801/2072638798] -- mgr_command(tid 0: {"prefix": "orch apply", "service_type": "mon", "target": ["mon-mgr", ""]}) v1 -- 0x7f03580ff5b0 con 0x7f03400367e0
2024-04-23T14:37:52.637 INFO:teuthology.orchestra.run.smithi081.stdout:/usr/bin/ceph: stderr
2024-04-23T14:37:51.917+0000 7f0355600700 1 -- 172.21.15.81:0/231674970 <== mgr.14120 v2:172.21.15.81:6800/2072638798 1 ==== mgr_command_reply(tid 0: 0 ) v1 ==== 8+0+24 (secure 0 0 0) 0x7f03580ff5b0 con 0x7f03400367e0
2024-04-23T14:37:52.637 INFO:teuthology.orchestra.run.smithi081.stdout:/usr/bin/ceph: stderr
2024-04-23T14:37:51.919+0000 7f035fe00700 1 -- 172.21.15.81:0/231674970 >> [v2:172.21.15.81:6800/2072638798,v1:172.21.15.81:6801/2072638798] conn(0x7f03400367e0 msgr2=0x7f0340038c90 secure :-1 s=STATE_CONNECTION_ESTABLISHED l=1).mark_down
2024-04-23T14:37:52.637 INFO:teuthology.orchestra.run.smithi081.stdout:/usr/bin/ceph: stderr
2024-04-23T14:37:51.919+0000 7f035fe00700 1 --2- 172.21.15.81:0/231674970 >> [v2:172.21.15.81:6800/2072638798,v1:172.21.15.81:6801/2072638798] conn(0x7f03400367e0 0x7f0340038c90 secure :-1 s=READY pgs=12 cs=0 l=1 rev1=1 crypto rx=0x7f0344009990 tx=0x7f0344006e40 comp rx=0 tx=0).stop
2024-04-23T14:37:52.637 INFO:teuthology.orchestra.run.smithi081.stdout:/usr/bin/ceph: stderr
2024-04-23T14:37:51.919+0000 7f035fe00700 1 -- 172.21.15.81:0/231674970 >> [v2:172.21.15.81:3300/0,v1:172.21.15.81:6789/0] conn(0x7f0358077ab0 msgr2=0x7f0358113980 secure :-1 s=STATE_CONNECTION_ESTABLISHED l=1).mark_down
2024-04-23T14:37:52.637 INFO:teuthology.orchestra.run.smithi081.stdout:/usr/bin/ceph: stderr
2024-04-23T14:37:51.919+0000 7f035fe00700 1 --2- 172.21.15.81:0/231674970 >> [v2:172.21.15.81:3300/0,v1:172.21.15.81:6789/0] conn(0x7f0358077ab0 0x7f0358113980 secure :-1 s=READY pgs=48 cs=0 l=1 rev1=1 crypto rx=0x7f034c000f80 tx=0x7f034c009840 comp rx=0 tx=0).stop
2024-04-23T14:37:52.638 INFO:teuthology.orchestra.run.smithi081.stdout:/usr/bin/ceph: stderr
2024-04-23T14:37:51.920+0000 7f035fe00700 1 -- 172.21.15.81:0/231674970 shutdown_connections
2024-04-23T14:37:52.638 INFO:teuthology.orchestra.run.smithi081.stdout:/usr/bin/ceph: stderr
2024-04-23T14:37:51.920+0000 7f035fe00700 1 --2- 172.21.15.81:0/231674970 >> [v2:172.21.15.81:6800/2072638798,v1:172.21.15.81:6801/2072638798] conn(0x7f03400367e0 0x7f0340038c90 unknown :-1 s=CLOSED pgs=12 cs=0 l=1 rev1=1 crypto rx=0 tx=0 comp rx=0 tx=0).stop
2024-04-23T14:37:52.638 INFO:teuthology.orchestra.run.smithi081.stdout:/usr/bin/ceph: stderr
2024-04-23T14:37:51.920+0000 7f035fe00700 1 --2- 172.21.15.81:0/231674970 >> [v2:172.21.15.81:3300/0,v1:172.21.15.81:6789/0] conn(0x7f0358077ab0 0x7f0358113980 unknown :-1 s=CLOSED pgs=48 cs=0 l=1 rev1=1 crypto rx=0 tx=0 comp rx=0 tx=0).stop
2024-04-23T14:37:52.638 INFO:teuthology.orchestra.run.smithi081.stdout:/usr/bin/ceph: stderr
2024-04-23T14:37:51.920+0000 7f035fe00700 1 -- 172.21.15.81:0/231674970 >> 172.21.15.81:0/231674970 conn(0x7f03580fe0b0 msgr2=0x7f03580fed80 unknown :-1 s=STATE_NONE l=0).mark_down
2024-04-23T14:37:52.638 INFO:teuthology.orchestra.run.smithi081.stdout:/usr/bin/ceph: stderr
2024-04-23T14:37:51.920+0000 7f035fe00700 1 -- 172.21.15.81:0/231674970 shutdown_connections
2024-04-23T14:37:52.638 INFO:teuthology.orchestra.run.smithi081.stdout:/usr/bin/ceph: stderr
2024-04-23T14:37:51.920+0000 7f035fe00700 1 -- 172.21.15.81:0/231674970 wait complete.
2024-04-23T14:37:52.638 INFO:teuthology.orchestra.run.smithi081.stdout:Deploying mgr service with default placement...
2024-04-23T14:37:53.198 INFO:journalctl@ceph.mon.smithi081.smithi081.stdout:Apr 23 14:37:52 smithi081 ceph-mon[25540]: from='client.14142 -' entity='client.admin' cmd=[{"prefix": "orch apply", "service_type": "mon", "target": ["mon-mgr", ""]}]: dispatch
2024-04-23T14:37:53.198 INFO:journalctl@ceph.mon.smithi081.smithi081.stdout:Apr 23 14:37:52 smithi081 ceph-mon[25540]: Saving service mon spec with placement count:5
2024-04-23T14:37:53.198 INFO:journalctl@ceph.mon.smithi081.smithi081.stdout:Apr 23 14:37:52 smithi081 ceph-mon[25540]: from='mgr.14120 172.21.15.81:0/2042221483' entity='mgr.smithi081.ldghvq'
2024-04-23T14:37:54.869 INFO:teuthology.orchestra.run.smithi081.stdout:/usr/bin/ceph: stdout Scheduled mgr update...
2024-04-23T14:37:54.869 INFO:teuthology.orchestra.run.smithi081.stdout:/usr/bin/ceph: stderr
2024-04-23T14:37:53.454+0000 7f1140000700 1 Processor -- start
2024-04-23T14:37:54.870 INFO:teuthology.orchestra.run.smithi081.stdout:/usr/bin/ceph: stderr
2024-04-23T14:37:53.454+0000 7f1140000700 1 -- start start
2024-04-23T14:37:54.870 INFO:teuthology.orchestra.run.smithi081.stdout:/usr/bin/ceph: stderr
2024-04-23T14:37:53.454+0000 7f1140000700 1 --2- >> [v2:172.21.15.81:3300/0,v1:172.21.15.81:6789/0] conn(0x7f1138077a70 0x7f1138076110 unknown :-1 s=NONE pgs=0 cs=0 l=0 rev1=0 crypto rx=0 tx=0 comp rx=0 tx=0).connect
2024-04-23T14:37:54.870 INFO:teuthology.orchestra.run.smithi081.stdout:/usr/bin/ceph: stderr
2024-04-23T14:37:53.454+0000 7f1140000700 1 -- --> [v2:172.21.15.81:3300/0,v1:172.21.15.81:6789/0] -- mon_getmap magic: 0 v1 -- 0x7f1138077e80 con 0x7f1138077a70
2024-04-23T14:37:54.870 INFO:teuthology.orchestra.run.smithi081.stdout:/usr/bin/ceph: stderr
2024-04-23T14:37:53.455+0000 7f113d600700 1 --2- >> [v2:172.21.15.81:3300/0,v1:172.21.15.81:6789/0] conn(0x7f1138077a70 0x7f1138076110 unknown :-1 s=BANNER_CONNECTING pgs=0 cs=0 l=0 rev1=0 crypto rx=0 tx=0 comp rx=0 tx=0)._handle_peer_banner_payload supported=3 required=0
2024-04-23T14:37:54.870 INFO:teuthology.orchestra.run.smithi081.stdout:/usr/bin/ceph: stderr
2024-04-23T14:37:53.455+0000 7f113d600700 1 --2- >> [v2:172.21.15.81:3300/0,v1:172.21.15.81:6789/0] conn(0x7f1138077a70 0x7f1138076110 unknown :-1 s=HELLO_CONNECTING pgs=0 cs=0 l=0 rev1=1 crypto rx=0 tx=0 comp rx=0 tx=0).handle_hello peer v2:172.21.15.81:3300/0 says I am v2:172.21.15.81:40906/0 (socket says 172.21.15.81:40906)
2024-04-23T14:37:54.870 INFO:teuthology.orchestra.run.smithi081.stdout:/usr/bin/ceph: stderr
2024-04-23T14:37:53.455+0000 7f113d600700 1 -- 172.21.15.81:0/1286482126 learned_addr learned my addr 172.21.15.81:0/1286482126 (peer_addr_for_me v2:172.21.15.81:0/0)
2024-04-23T14:37:54.870 INFO:teuthology.orchestra.run.smithi081.stdout:/usr/bin/ceph: stderr
2024-04-23T14:37:53.455+0000 7f113d600700 1 -- 172.21.15.81:0/1286482126 --> [v2:172.21.15.81:3300/0,v1:172.21.15.81:6789/0] -- mon_subscribe({config=0+,monmap=0+}) v3 -- 0x7f1138077fc0 con 0x7f1138077a70
2024-04-23T14:37:54.870 INFO:teuthology.orchestra.run.smithi081.stdout:/usr/bin/ceph: stderr
2024-04-23T14:37:53.456+0000 7f113d600700 1 --2- 172.21.15.81:0/1286482126 >> [v2:172.21.15.81:3300/0,v1:172.21.15.81:6789/0] conn(0x7f1138077a70 0x7f1138076110 secure :-1 s=READY pgs=49 cs=0 l=1 rev1=1 crypto rx=0x7f112c0098e0 tx=0x7f112c009250 comp rx=0 tx=0).ready entity=mon.0 client_cookie=380b1835e0995e65 server_cookie=0 in_seq=0 out_seq=0
2024-04-23T14:37:54.870 INFO:teuthology.orchestra.run.smithi081.stdout:/usr/bin/ceph: stderr
2024-04-23T14:37:53.456+0000 7f1137e00700 1 -- 172.21.15.81:0/1286482126 <== mon.0 v2:172.21.15.81:3300/0 1 ==== mon_map magic: 0 v1 ==== 229+0+0 (secure 0 0 0) 0x7f112c00b8f0 con 0x7f1138077a70
2024-04-23T14:37:54.870 INFO:teuthology.orchestra.run.smithi081.stdout:/usr/bin/ceph: stderr
2024-04-23T14:37:53.456+0000 7f1137e00700 1 -- 172.21.15.81:0/1286482126 <== mon.0 v2:172.21.15.81:3300/0 2 ==== config(27 keys) v1 ==== 1044+0+0 (secure 0 0 0) 0x7f112c011420 con 0x7f1138077a70
2024-04-23T14:37:54.870 INFO:teuthology.orchestra.run.smithi081.stdout:/usr/bin/ceph: stderr
2024-04-23T14:37:53.456+0000 7f1137e00700 1 -- 172.21.15.81:0/1286482126 <== mon.0 v2:172.21.15.81:3300/0 3 ==== mon_map magic: 0 v1 ==== 229+0+0 (secure 0 0 0) 0x7f112c010540 con 0x7f1138077a70
2024-04-23T14:37:54.870 INFO:teuthology.orchestra.run.smithi081.stdout:/usr/bin/ceph: stderr
2024-04-23T14:37:53.456+0000 7f1140000700 1 -- 172.21.15.81:0/1286482126 >> [v2:172.21.15.81:3300/0,v1:172.21.15.81:6789/0] conn(0x7f1138077a70 msgr2=0x7f1138076110 secure :-1 s=STATE_CONNECTION_ESTABLISHED l=1).mark_down
2024-04-23T14:37:54.870 INFO:teuthology.orchestra.run.smithi081.stdout:/usr/bin/ceph: stderr
2024-04-23T14:37:53.456+0000 7f1140000700 1 --2- 172.21.15.81:0/1286482126 >> [v2:172.21.15.81:3300/0,v1:172.21.15.81:6789/0] conn(0x7f1138077a70 0x7f1138076110 secure :-1 s=READY pgs=49 cs=0 l=1 rev1=1 crypto rx=0x7f112c0098e0 tx=0x7f112c009250 comp rx=0 tx=0).stop
2024-04-23T14:37:54.871 INFO:teuthology.orchestra.run.smithi081.stdout:/usr/bin/ceph: stderr
2024-04-23T14:37:53.457+0000 7f1140000700 1 -- 172.21.15.81:0/1286482126 shutdown_connections
2024-04-23T14:37:54.871 INFO:teuthology.orchestra.run.smithi081.stdout:/usr/bin/ceph: stderr
2024-04-23T14:37:53.457+0000 7f1140000700 1 --2- 172.21.15.81:0/1286482126 >> [v2:172.21.15.81:3300/0,v1:172.21.15.81:6789/0] conn(0x7f1138077a70 0x7f1138076110 unknown :-1 s=CLOSED pgs=49 cs=0 l=1 rev1=1 crypto rx=0 tx=0 comp rx=0 tx=0).stop
2024-04-23T14:37:54.871 INFO:teuthology.orchestra.run.smithi081.stdout:/usr/bin/ceph: stderr
2024-04-23T14:37:53.457+0000 7f1140000700 1 -- 172.21.15.81:0/1286482126 >> 172.21.15.81:0/1286482126 conn(0x7f11380fe0e0 msgr2=0x7f1138100510 unknown :-1 s=STATE_NONE l=0).mark_down
2024-04-23T14:37:54.871 INFO:teuthology.orchestra.run.smithi081.stdout:/usr/bin/ceph: stderr
2024-04-23T14:37:53.457+0000 7f1140000700 1 -- 172.21.15.81:0/1286482126 shutdown_connections
2024-04-23T14:37:54.871 INFO:teuthology.orchestra.run.smithi081.stdout:/usr/bin/ceph: stderr
2024-04-23T14:37:53.457+0000 7f1140000700 1 -- 172.21.15.81:0/1286482126 wait complete.
2024-04-23T14:37:54.871 INFO:teuthology.orchestra.run.smithi081.stdout:/usr/bin/ceph: stderr
2024-04-23T14:37:53.458+0000 7f1140000700 1 Processor -- start
2024-04-23T14:37:54.871 INFO:teuthology.orchestra.run.smithi081.stdout:/usr/bin/ceph: stderr
2024-04-23T14:37:53.458+0000 7f1140000700 1 -- start start
2024-04-23T14:37:54.871 INFO:teuthology.orchestra.run.smithi081.stdout:/usr/bin/ceph: stderr
2024-04-23T14:37:53.458+0000 7f1140000700 1 --2- >> [v2:172.21.15.81:3300/0,v1:172.21.15.81:6789/0] conn(0x7f1138077a70 0x7f11381139c0 unknown :-1 s=NONE pgs=0 cs=0 l=1 rev1=0 crypto rx=0 tx=0 comp rx=0 tx=0).connect
2024-04-23T14:37:54.871 INFO:teuthology.orchestra.run.smithi081.stdout:/usr/bin/ceph: stderr
2024-04-23T14:37:53.458+0000 7f1140000700 1 -- --> [v2:172.21.15.81:3300/0,v1:172.21.15.81:6789/0] -- mon_getmap magic: 0 v1 -- 0x7f1138113f00 con 0x7f1138077a70
2024-04-23T14:37:54.871 INFO:teuthology.orchestra.run.smithi081.stdout:/usr/bin/ceph: stderr
2024-04-23T14:37:53.458+0000 7f113d600700 1 --2- >> [v2:172.21.15.81:3300/0,v1:172.21.15.81:6789/0] conn(0x7f1138077a70 0x7f11381139c0 unknown :-1 s=BANNER_CONNECTING pgs=0 cs=0 l=1 rev1=0 crypto rx=0 tx=0 comp rx=0 tx=0)._handle_peer_banner_payload supported=3 required=0
2024-04-23T14:37:54.871 INFO:teuthology.orchestra.run.smithi081.stdout:/usr/bin/ceph: stderr
2024-04-23T14:37:53.458+0000 7f113d600700 1 --2- >> [v2:172.21.15.81:3300/0,v1:172.21.15.81:6789/0] conn(0x7f1138077a70 0x7f11381139c0 unknown :-1 s=HELLO_CONNECTING pgs=0 cs=0 l=1 rev1=1 crypto rx=0 tx=0 comp rx=0 tx=0).handle_hello peer v2:172.21.15.81:3300/0 says I am v2:172.21.15.81:40914/0 (socket says 172.21.15.81:40914)
2024-04-23T14:37:54.871 INFO:teuthology.orchestra.run.smithi081.stdout:/usr/bin/ceph: stderr
2024-04-23T14:37:53.458+0000 7f113d600700 1 -- 172.21.15.81:0/1724795926 learned_addr learned my addr 172.21.15.81:0/1724795926 (peer_addr_for_me v2:172.21.15.81:0/0)
2024-04-23T14:37:54.871 INFO:teuthology.orchestra.run.smithi081.stdout:/usr/bin/ceph: stderr
2024-04-23T14:37:53.459+0000 7f113d600700 1 -- 172.21.15.81:0/1724795926 --> [v2:172.21.15.81:3300/0,v1:172.21.15.81:6789/0] -- mon_subscribe({config=0+,monmap=0+}) v3 -- 0x7f112c0094f0 con 0x7f1138077a70
2024-04-23T14:37:54.871 INFO:teuthology.orchestra.run.smithi081.stdout:/usr/bin/ceph: stderr
2024-04-23T14:37:53.459+0000 7f113d600700 1 --2- 172.21.15.81:0/1724795926 >> [v2:172.21.15.81:3300/0,v1:172.21.15.81:6789/0] conn(0x7f1138077a70 0x7f11381139c0 secure :-1 s=READY pgs=50 cs=0 l=1 rev1=1 crypto rx=0x7f112c011db0 tx=0x7f112c009250 comp rx=0 tx=0).ready entity=mon.0 client_cookie=0 server_cookie=0 in_seq=0 out_seq=0
2024-04-23T14:37:54.871 INFO:teuthology.orchestra.run.smithi081.stdout:/usr/bin/ceph: stderr
2024-04-23T14:37:53.459+0000 7f1135600700 1 -- 172.21.15.81:0/1724795926 <== mon.0 v2:172.21.15.81:3300/0 1 ==== mon_map magic: 0 v1 ==== 229+0+0 (secure 0 0 0) 0x7f112c0107b0 con 0x7f1138077a70
2024-04-23T14:37:54.872 INFO:teuthology.orchestra.run.smithi081.stdout:/usr/bin/ceph: stderr
2024-04-23T14:37:53.459+0000 7f1135600700 1 -- 172.21.15.81:0/1724795926 <== mon.0 v2:172.21.15.81:3300/0 2 ==== config(27 keys) v1 ==== 1044+0+0 (secure 0 0 0) 0x7f112c010da0 con 0x7f1138077a70
2024-04-23T14:37:54.872 INFO:teuthology.orchestra.run.smithi081.stdout:/usr/bin/ceph: stderr
2024-04-23T14:37:53.459+0000 7f1135600700 1 -- 172.21.15.81:0/1724795926 <== mon.0 v2:172.21.15.81:3300/0 3 ==== mon_map magic: 0 v1 ==== 229+0+0 (secure 0 0 0) 0x7f112c01ad60 con 0x7f1138077a70
2024-04-23T14:37:54.872 INFO:teuthology.orchestra.run.smithi081.stdout:/usr/bin/ceph: stderr
2024-04-23T14:37:53.459+0000 7f1140000700 1 -- 172.21.15.81:0/1724795926 --> [v2:172.21.15.81:3300/0,v1:172.21.15.81:6789/0] -- mon_subscribe({mgrmap=0+}) v3 -- 0x7f1138114100 con 0x7f1138077a70
2024-04-23T14:37:54.872 INFO:teuthology.orchestra.run.smithi081.stdout:/usr/bin/ceph: stderr
2024-04-23T14:37:53.459+0000 7f1140000700 1 -- 172.21.15.81:0/1724795926 --> [v2:172.21.15.81:3300/0,v1:172.21.15.81:6789/0] -- mon_subscribe({osdmap=0}) v3 -- 0x7f1138114c70 con 0x7f1138077a70
2024-04-23T14:37:54.872 INFO:teuthology.orchestra.run.smithi081.stdout:/usr/bin/ceph: stderr
2024-04-23T14:37:53.460+0000 7f1135600700 1 -- 172.21.15.81:0/1724795926 <== mon.0 v2:172.21.15.81:3300/0 4 ==== mgrmap(e 8) v1 ==== 43376+0+0 (secure 0 0 0) 0x7f112c01a5c0 con 0x7f1138077a70
2024-04-23T14:37:54.872 INFO:teuthology.orchestra.run.smithi081.stdout:/usr/bin/ceph: stderr
2024-04-23T14:37:53.460+0000 7f1140000700 1 -- 172.21.15.81:0/1724795926 --> [v2:172.21.15.81:3300/0,v1:172.21.15.81:6789/0] -- mon_command({"prefix": "get_command_descriptions"} v 0) v1 -- 0x7f113805f5f0 con 0x7f1138077a70
2024-04-23T14:37:54.872 INFO:teuthology.orchestra.run.smithi081.stdout:/usr/bin/ceph: stderr
2024-04-23T14:37:53.461+0000 7f1135600700 1 --2- 172.21.15.81:0/1724795926 >> [v2:172.21.15.81:6800/2072638798,v1:172.21.15.81:6801/2072638798] conn(0x7f11200367e0 0x7f1120038c90 unknown :-1 s=NONE pgs=0 cs=0 l=1 rev1=0 crypto rx=0 tx=0 comp rx=0 tx=0).connect
2024-04-23T14:37:54.872 INFO:teuthology.orchestra.run.smithi081.stdout:/usr/bin/ceph: stderr
2024-04-23T14:37:53.461+0000 7f1135600700 1 -- 172.21.15.81:0/1724795926 <== mon.0 v2:172.21.15.81:3300/0 5 ==== osd_map(2..2 src has 1..2) v4 ==== 936+0+0 (secure 0 0 0) 0x7f112c04acb0 con 0x7f1138077a70
2024-04-23T14:37:54.872 INFO:teuthology.orchestra.run.smithi081.stdout:/usr/bin/ceph: stderr
2024-04-23T14:37:53.461+0000 7f113cc00700 1 --2- 172.21.15.81:0/1724795926 >> [v2:172.21.15.81:6800/2072638798,v1:172.21.15.81:6801/2072638798] conn(0x7f11200367e0 0x7f1120038c90 unknown :-1 s=BANNER_CONNECTING pgs=0 cs=0 l=1 rev1=0 crypto rx=0 tx=0 comp rx=0 tx=0)._handle_peer_banner_payload supported=3 required=0
2024-04-23T14:37:54.872 INFO:teuthology.orchestra.run.smithi081.stdout:/usr/bin/ceph: stderr
2024-04-23T14:37:53.462+0000 7f113cc00700 1 --2- 172.21.15.81:0/1724795926 >> [v2:172.21.15.81:6800/2072638798,v1:172.21.15.81:6801/2072638798] conn(0x7f11200367e0 0x7f1120038c90 secure :-1 s=READY pgs=13 cs=0 l=1 rev1=1 crypto rx=0x7f1124009990 tx=0x7f1124006e40 comp rx=0 tx=0).ready entity=mgr.14120 client_cookie=0 server_cookie=0 in_seq=0 out_seq=0
2024-04-23T14:37:54.872 INFO:teuthology.orchestra.run.smithi081.stdout:/usr/bin/ceph: stderr
2024-04-23T14:37:53.466+0000 7f1135600700 1 -- 172.21.15.81:0/1724795926 <== mon.0 v2:172.21.15.81:3300/0 6 ==== mon_command_ack([{"prefix": "get_command_descriptions"}]=0 v0) v1 ==== 72+0+176702 (secure 0 0 0) 0x7f112c0239e0 con 0x7f1138077a70
2024-04-23T14:37:54.872 INFO:teuthology.orchestra.run.smithi081.stdout:/usr/bin/ceph: stderr
2024-04-23T14:37:53.689+0000 7f1140000700 1 -- 172.21.15.81:0/1724795926 --> [v2:172.21.15.81:6800/2072638798,v1:172.21.15.81:6801/2072638798] -- mgr_command(tid 0: {"prefix": "orch apply", "service_type": "mgr", "target": ["mon-mgr", ""]}) v1 -- 0x7f11381157f0 con 0x7f11200367e0
2024-04-23T14:37:54.872 INFO:teuthology.orchestra.run.smithi081.stdout:/usr/bin/ceph: stderr
2024-04-23T14:37:53.696+0000 7f1135600700 1 -- 172.21.15.81:0/1724795926 <== mgr.14120 v2:172.21.15.81:6800/2072638798 1 ==== mgr_command_reply(tid 0: 0 ) v1 ==== 8+0+24 (secure 0 0 0) 0x7f11381157f0 con 0x7f11200367e0
2024-04-23T14:37:54.872 INFO:teuthology.orchestra.run.smithi081.stdout:/usr/bin/ceph: stderr
2024-04-23T14:37:53.699+0000 7f1140000700 1 -- 172.21.15.81:0/1724795926 >> [v2:172.21.15.81:6800/2072638798,v1:172.21.15.81:6801/2072638798] conn(0x7f11200367e0 msgr2=0x7f1120038c90 secure :-1 s=STATE_CONNECTION_ESTABLISHED l=1).mark_down
2024-04-23T14:37:54.872 INFO:teuthology.orchestra.run.smithi081.stdout:/usr/bin/ceph: stderr
2024-04-23T14:37:53.699+0000 7f1140000700 1 --2- 172.21.15.81:0/1724795926 >> [v2:172.21.15.81:6800/2072638798,v1:172.21.15.81:6801/2072638798] conn(0x7f11200367e0 0x7f1120038c90 secure :-1 s=READY pgs=13 cs=0 l=1 rev1=1 crypto rx=0x7f1124009990 tx=0x7f1124006e40 comp rx=0 tx=0).stop
2024-04-23T14:37:54.873 INFO:teuthology.orchestra.run.smithi081.stdout:/usr/bin/ceph: stderr
2024-04-23T14:37:53.699+0000 7f1140000700 1 -- 172.21.15.81:0/1724795926 >> [v2:172.21.15.81:3300/0,v1:172.21.15.81:6789/0] conn(0x7f1138077a70 msgr2=0x7f11381139c0 secure :-1 s=STATE_CONNECTION_ESTABLISHED l=1).mark_down
2024-04-23T14:37:54.873 INFO:teuthology.orchestra.run.smithi081.stdout:/usr/bin/ceph: stderr
2024-04-23T14:37:53.699+0000 7f1140000700 1 --2- 172.21.15.81:0/1724795926 >> [v2:172.21.15.81:3300/0,v1:172.21.15.81:6789/0] conn(0x7f1138077a70 0x7f11381139c0 secure :-1 s=READY pgs=50 cs=0 l=1 rev1=1 crypto rx=0x7f112c011db0 tx=0x7f112c009250 comp rx=0 tx=0).stop
2024-04-23T14:37:54.873 INFO:teuthology.orchestra.run.smithi081.stdout:/usr/bin/ceph: stderr
2024-04-23T14:37:53.699+0000 7f1140000700 1 -- 172.21.15.81:0/1724795926 shutdown_connections
2024-04-23T14:37:54.873 INFO:teuthology.orchestra.run.smithi081.stdout:/usr/bin/ceph: stderr
2024-04-23T14:37:53.699+0000 7f1140000700 1 --2- 172.21.15.81:0/1724795926 >> [v2:172.21.15.81:6800/2072638798,v1:172.21.15.81:6801/2072638798] conn(0x7f11200367e0 0x7f1120038c90 unknown :-1 s=CLOSED pgs=13 cs=0 l=1 rev1=1 crypto rx=0 tx=0 comp rx=0 tx=0).stop
2024-04-23T14:37:54.873 INFO:teuthology.orchestra.run.smithi081.stdout:/usr/bin/ceph: stderr
2024-04-23T14:37:53.699+0000 7f1140000700 1 --2- 172.21.15.81:0/1724795926 >> [v2:172.21.15.81:3300/0,v1:172.21.15.81:6789/0] conn(0x7f1138077a70 0x7f11381139c0 unknown :-1 s=CLOSED pgs=50 cs=0 l=1 rev1=1 crypto rx=0 tx=0 comp rx=0 tx=0).stop
2024-04-23T14:37:54.873 INFO:teuthology.orchestra.run.smithi081.stdout:/usr/bin/ceph: stderr
2024-04-23T14:37:53.699+0000 7f1140000700 1 -- 172.21.15.81:0/1724795926 >> 172.21.15.81:0/1724795926 conn(0x7f11380fe0e0 msgr2=0x7f11380fee20 unknown :-1 s=STATE_NONE l=0).mark_down
2024-04-23T14:37:54.873 INFO:teuthology.orchestra.run.smithi081.stdout:/usr/bin/ceph: stderr
2024-04-23T14:37:53.699+0000 7f1140000700 1 -- 172.21.15.81:0/1724795926 shutdown_connections
2024-04-23T14:37:54.873 INFO:teuthology.orchestra.run.smithi081.stdout:/usr/bin/ceph: stderr
2024-04-23T14:37:53.699+0000 7f1140000700 1 -- 172.21.15.81:0/1724795926 wait complete.
2024-04-23T14:37:54.873 INFO:teuthology.orchestra.run.smithi081.stdout:Deploying crash service with default placement...
2024-04-23T14:37:55.027 INFO:journalctl@ceph.mon.smithi081.smithi081.stdout:Apr 23 14:37:54 smithi081 ceph-mon[25540]: from='client.14144 -' entity='client.admin' cmd=[{"prefix": "orch apply", "service_type": "mgr", "target": ["mon-mgr", ""]}]: dispatch
2024-04-23T14:37:55.027 INFO:journalctl@ceph.mon.smithi081.smithi081.stdout:Apr 23 14:37:54 smithi081 ceph-mon[25540]: Saving service mgr spec with placement count:2
2024-04-23T14:37:55.027 INFO:journalctl@ceph.mon.smithi081.smithi081.stdout:Apr 23 14:37:54 smithi081 ceph-mon[25540]: from='mgr.14120 172.21.15.81:0/2042221483' entity='mgr.smithi081.ldghvq'
2024-04-23T14:37:55.028 INFO:journalctl@ceph.mon.smithi081.smithi081.stdout:Apr 23 14:37:54 smithi081 ceph-mon[25540]: from='mgr.14120 172.21.15.81:0/2042221483' entity='mgr.smithi081.ldghvq'
2024-04-23T14:37:56.326 INFO:journalctl@ceph.mon.smithi081.smithi081.stdout:Apr 23 14:37:56 smithi081 ceph-mon[25540]: from='mgr.14120 172.21.15.81:0/2042221483' entity='mgr.smithi081.ldghvq'
2024-04-23T14:37:56.327 INFO:journalctl@ceph.mon.smithi081.smithi081.stdout:Apr 23 14:37:56 smithi081 ceph-mon[25540]: from='client.14146 -' entity='client.admin' cmd=[{"prefix": "orch apply", "service_type": "crash", "target": ["mon-mgr", ""]}]: dispatch
2024-04-23T14:37:56.327 INFO:journalctl@ceph.mon.smithi081.smithi081.stdout:Apr 23 14:37:56 smithi081 ceph-mon[25540]: Saving service crash spec with placement *
2024-04-23T14:37:56.327 INFO:journalctl@ceph.mon.smithi081.smithi081.stdout:Apr 23 14:37:56 smithi081 ceph-mon[25540]: from='mgr.14120 172.21.15.81:0/2042221483' entity='mgr.smithi081.ldghvq'
2024-04-23T14:37:56.375 INFO:teuthology.orchestra.run.smithi081.stdout:/usr/bin/ceph: stdout Scheduled crash update...
2024-04-23T14:37:56.376 INFO:teuthology.orchestra.run.smithi081.stdout:/usr/bin/ceph: stderr
2024-04-23T14:37:55.437+0000 7f0d66400700 1 Processor -- start
2024-04-23T14:37:56.376 INFO:teuthology.orchestra.run.smithi081.stdout:/usr/bin/ceph: stderr
2024-04-23T14:37:55.437+0000 7f0d66400700 1 -- start start
2024-04-23T14:37:56.376 INFO:teuthology.orchestra.run.smithi081.stdout:/usr/bin/ceph: stderr
2024-04-23T14:37:55.437+0000 7f0d66400700 1 --2- >> [v2:172.21.15.81:3300/0,v1:172.21.15.81:6789/0] conn(0x7f0d60078cb0 0x7f0d600772a0 unknown :-1 s=NONE pgs=0 cs=0 l=0 rev1=0 crypto rx=0 tx=0 comp rx=0 tx=0).connect
2024-04-23T14:37:56.376 INFO:teuthology.orchestra.run.smithi081.stdout:/usr/bin/ceph: stderr
2024-04-23T14:37:55.437+0000 7f0d66400700 1 -- --> [v2:172.21.15.81:3300/0,v1:172.21.15.81:6789/0] -- mon_getmap magic: 0 v1 -- 0x7f0d600790c0 con 0x7f0d60078cb0
2024-04-23T14:37:56.376 INFO:teuthology.orchestra.run.smithi081.stdout:/usr/bin/ceph: stderr
2024-04-23T14:37:55.437+0000 7f0d5f400700 1 --2- >> [v2:172.21.15.81:3300/0,v1:172.21.15.81:6789/0] conn(0x7f0d60078cb0 0x7f0d600772a0 unknown :-1 s=BANNER_CONNECTING pgs=0 cs=0 l=0 rev1=0 crypto rx=0 tx=0 comp rx=0 tx=0)._handle_peer_banner_payload supported=3 required=0
2024-04-23T14:37:56.377 INFO:teuthology.orchestra.run.smithi081.stdout:/usr/bin/ceph: stderr
2024-04-23T14:37:55.438+0000 7f0d5f400700 1 --2- >> [v2:172.21.15.81:3300/0,v1:172.21.15.81:6789/0] conn(0x7f0d60078cb0 0x7f0d600772a0 unknown :-1 s=HELLO_CONNECTING pgs=0 cs=0 l=0 rev1=1 crypto rx=0 tx=0 comp rx=0 tx=0).handle_hello peer v2:172.21.15.81:3300/0 says I am v2:172.21.15.81:38828/0 (socket says 172.21.15.81:38828)
2024-04-23T14:37:56.378 INFO:teuthology.orchestra.run.smithi081.stdout:/usr/bin/ceph: stderr
2024-04-23T14:37:55.438+0000 7f0d5f400700 1 -- 172.21.15.81:0/55282959 learned_addr learned my addr 172.21.15.81:0/55282959 (peer_addr_for_me v2:172.21.15.81:0/0)
2024-04-23T14:37:56.378 INFO:teuthology.orchestra.run.smithi081.stdout:/usr/bin/ceph: stderr
2024-04-23T14:37:55.438+0000 7f0d5f400700 1 -- 172.21.15.81:0/55282959 --> [v2:172.21.15.81:3300/0,v1:172.21.15.81:6789/0] -- mon_subscribe({config=0+,monmap=0+}) v3 -- 0x7f0d600777e0 con 0x7f0d60078cb0
2024-04-23T14:37:56.379 INFO:teuthology.orchestra.run.smithi081.stdout:/usr/bin/ceph: stderr
2024-04-23T14:37:55.438+0000 7f0d5f400700 1 --2- 172.21.15.81:0/55282959 >> [v2:172.21.15.81:3300/0,v1:172.21.15.81:6789/0] conn(0x7f0d60078cb0 0x7f0d600772a0 secure :-1 s=READY pgs=51 cs=0 l=1 rev1=1 crypto rx=0x7f0d500098e0 tx=0x7f0d50009250 comp rx=0 tx=0).ready entity=mon.0 client_cookie=b59c3d1d72728a81 server_cookie=0 in_seq=0 out_seq=0
2024-04-23T14:37:56.379 INFO:teuthology.orchestra.run.smithi081.stdout:/usr/bin/ceph: stderr
2024-04-23T14:37:55.439+0000 7f0d5e000700 1 -- 172.21.15.81:0/55282959 <== mon.0 v2:172.21.15.81:3300/0 1 ==== mon_map magic: 0 v1 ==== 229+0+0 (secure 0 0 0) 0x7f0d5000b860 con 0x7f0d60078cb0
2024-04-23T14:37:56.379 INFO:teuthology.orchestra.run.smithi081.stdout:/usr/bin/ceph: stderr
2024-04-23T14:37:55.439+0000 7f0d5e000700 1 -- 172.21.15.81:0/55282959 <== mon.0 v2:172.21.15.81:3300/0 2 ==== config(27 keys) v1 ==== 1109+0+0 (secure 0 0 0) 0x7f0d5000be90 con 0x7f0d60078cb0
2024-04-23T14:37:56.379 INFO:teuthology.orchestra.run.smithi081.stdout:/usr/bin/ceph: stderr
2024-04-23T14:37:55.439+0000 7f0d5e000700 1 -- 172.21.15.81:0/55282959 <== mon.0 v2:172.21.15.81:3300/0 3 ==== mon_map magic: 0 v1 ==== 229+0+0 (secure 0 0 0) 0x7f0d500103c0 con 0x7f0d60078cb0
2024-04-23T14:37:56.379 INFO:teuthology.orchestra.run.smithi081.stdout:/usr/bin/ceph: stderr
2024-04-23T14:37:55.439+0000 7f0d66400700 1 -- 172.21.15.81:0/55282959 >> [v2:172.21.15.81:3300/0,v1:172.21.15.81:6789/0] conn(0x7f0d60078cb0 msgr2=0x7f0d600772a0 secure :-1 s=STATE_CONNECTION_ESTABLISHED l=1).mark_down
2024-04-23T14:37:56.379 INFO:teuthology.orchestra.run.smithi081.stdout:/usr/bin/ceph: stderr
2024-04-23T14:37:55.439+0000 7f0d66400700 1 --2- 172.21.15.81:0/55282959 >> [v2:172.21.15.81:3300/0,v1:172.21.15.81:6789/0] conn(0x7f0d60078cb0 0x7f0d600772a0 secure :-1 s=READY pgs=51 cs=0 l=1 rev1=1 crypto rx=0x7f0d500098e0 tx=0x7f0d50009250 comp rx=0 tx=0).stop
2024-04-23T14:37:56.379 INFO:teuthology.orchestra.run.smithi081.stdout:/usr/bin/ceph: stderr
2024-04-23T14:37:55.440+0000 7f0d66400700 1 -- 172.21.15.81:0/55282959 shutdown_connections
2024-04-23T14:37:56.379 INFO:teuthology.orchestra.run.smithi081.stdout:/usr/bin/ceph: stderr
2024-04-23T14:37:55.440+0000 7f0d66400700 1 --2- 172.21.15.81:0/55282959 >> [v2:172.21.15.81:3300/0,v1:172.21.15.81:6789/0] conn(0x7f0d60078cb0 0x7f0d600772a0 unknown :-1 s=CLOSED pgs=51 cs=0 l=1 rev1=1 crypto rx=0 tx=0 comp rx=0 tx=0).stop
2024-04-23T14:37:56.379 INFO:teuthology.orchestra.run.smithi081.stdout:/usr/bin/ceph: stderr
2024-04-23T14:37:55.440+0000 7f0d66400700 1 -- 172.21.15.81:0/55282959 >> 172.21.15.81:0/55282959 conn(0x7f0d600fe0e0 msgr2=0x7f0d601004f0 unknown :-1 s=STATE_NONE l=0).mark_down
2024-04-23T14:37:56.379 INFO:teuthology.orchestra.run.smithi081.stdout:/usr/bin/ceph: stderr
2024-04-23T14:37:55.440+0000 7f0d66400700 1 -- 172.21.15.81:0/55282959 shutdown_connections
2024-04-23T14:37:56.383 INFO:teuthology.orchestra.run.smithi081.stdout:/usr/bin/ceph: stderr
2024-04-23T14:37:55.440+0000 7f0d66400700 1 -- 172.21.15.81:0/55282959 wait complete.
2024-04-23T14:37:56.383 INFO:teuthology.orchestra.run.smithi081.stdout:/usr/bin/ceph: stderr
2024-04-23T14:37:55.441+0000 7f0d66400700 1 Processor -- start
2024-04-23T14:37:56.383 INFO:teuthology.orchestra.run.smithi081.stdout:/usr/bin/ceph: stderr
2024-04-23T14:37:55.441+0000 7f0d66400700 1 -- start start
2024-04-23T14:37:56.383 INFO:teuthology.orchestra.run.smithi081.stdout:/usr/bin/ceph: stderr
2024-04-23T14:37:55.441+0000 7f0d66400700 1 --2- >> [v2:172.21.15.81:3300/0,v1:172.21.15.81:6789/0] conn(0x7f0d60078cb0 0x7f0d60117d00 unknown :-1 s=NONE pgs=0 cs=0 l=1 rev1=0 crypto rx=0 tx=0 comp rx=0 tx=0).connect
2024-04-23T14:37:56.383 INFO:teuthology.orchestra.run.smithi081.stdout:/usr/bin/ceph: stderr
2024-04-23T14:37:55.441+0000 7f0d66400700 1 -- --> [v2:172.21.15.81:3300/0,v1:172.21.15.81:6789/0] -- mon_getmap magic: 0 v1 -- 0x7f0d60118240 con 0x7f0d60078cb0
2024-04-23T14:37:56.383 INFO:teuthology.orchestra.run.smithi081.stdout:/usr/bin/ceph: stderr
2024-04-23T14:37:55.441+0000 7f0d5f400700 1 --2- >> [v2:172.21.15.81:3300/0,v1:172.21.15.81:6789/0] conn(0x7f0d60078cb0 0x7f0d60117d00 unknown :-1 s=BANNER_CONNECTING pgs=0 cs=0 l=1 rev1=0 crypto rx=0 tx=0 comp rx=0 tx=0)._handle_peer_banner_payload supported=3 required=0
2024-04-23T14:37:56.383 INFO:teuthology.orchestra.run.smithi081.stdout:/usr/bin/ceph: stderr
2024-04-23T14:37:55.441+0000 7f0d5f400700 1 --2- >> [v2:172.21.15.81:3300/0,v1:172.21.15.81:6789/0] conn(0x7f0d60078cb0 0x7f0d60117d00 unknown :-1 s=HELLO_CONNECTING pgs=0 cs=0 l=1 rev1=1 crypto rx=0 tx=0 comp rx=0 tx=0).handle_hello peer v2:172.21.15.81:3300/0 says I am v2:172.21.15.81:38830/0 (socket says 172.21.15.81:38830)
2024-04-23T14:37:56.384 INFO:teuthology.orchestra.run.smithi081.stdout:/usr/bin/ceph: stderr
2024-04-23T14:37:55.441+0000 7f0d5f400700 1 -- 172.21.15.81:0/2773441834 learned_addr learned my addr 172.21.15.81:0/2773441834 (peer_addr_for_me v2:172.21.15.81:0/0)
2024-04-23T14:37:56.384 INFO:teuthology.orchestra.run.smithi081.stdout:/usr/bin/ceph: stderr
2024-04-23T14:37:55.442+0000 7f0d5f400700 1 -- 172.21.15.81:0/2773441834 --> [v2:172.21.15.81:3300/0,v1:172.21.15.81:6789/0] -- mon_subscribe({config=0+,monmap=0+}) v3 -- 0x7f0d500094f0 con 0x7f0d60078cb0
2024-04-23T14:37:56.384 INFO:teuthology.orchestra.run.smithi081.stdout:/usr/bin/ceph: stderr
2024-04-23T14:37:55.442+0000 7f0d5f400700 1 --2- 172.21.15.81:0/2773441834 >> [v2:172.21.15.81:3300/0,v1:172.21.15.81:6789/0] conn(0x7f0d60078cb0 0x7f0d60117d00 secure :-1 s=READY pgs=52 cs=0 l=1 rev1=1 crypto rx=0x7f0d50006d40 tx=0x7f0d50009250 comp rx=0 tx=0).ready entity=mon.0 client_cookie=0 server_cookie=0 in_seq=0 out_seq=0
2024-04-23T14:37:56.384 INFO:teuthology.orchestra.run.smithi081.stdout:/usr/bin/ceph: stderr
2024-04-23T14:37:55.442+0000 7f0d57400700 1 -- 172.21.15.81:0/2773441834 <== mon.0 v2:172.21.15.81:3300/0 1 ==== mon_map magic: 0 v1 ==== 229+0+0 (secure 0 0 0) 0x7f0d50010840 con 0x7f0d60078cb0
2024-04-23T14:37:56.384 INFO:teuthology.orchestra.run.smithi081.stdout:/usr/bin/ceph: stderr
2024-04-23T14:37:55.442+0000 7f0d57400700 1 -- 172.21.15.81:0/2773441834 <== mon.0 v2:172.21.15.81:3300/0 2 ==== config(27 keys) v1 ==== 1109+0+0 (secure 0 0 0) 0x7f0d50010e70 con 0x7f0d60078cb0
2024-04-23T14:37:56.384 INFO:teuthology.orchestra.run.smithi081.stdout:/usr/bin/ceph: stderr
2024-04-23T14:37:55.443+0000 7f0d57400700 1 -- 172.21.15.81:0/2773441834 <== mon.0 v2:172.21.15.81:3300/0 3 ==== mon_map magic: 0 v1 ==== 229+0+0 (secure 0 0 0) 0x7f0d50024ea0 con 0x7f0d60078cb0
2024-04-23T14:37:56.384 INFO:teuthology.orchestra.run.smithi081.stdout:/usr/bin/ceph: stderr
2024-04-23T14:37:55.443+0000 7f0d66400700 1 -- 172.21.15.81:0/2773441834 --> [v2:172.21.15.81:3300/0,v1:172.21.15.81:6789/0] -- mon_subscribe({mgrmap=0+}) v3 -- 0x7f0d60118440 con 0x7f0d60078cb0
2024-04-23T14:37:56.384 INFO:teuthology.orchestra.run.smithi081.stdout:/usr/bin/ceph: stderr
2024-04-23T14:37:55.443+0000 7f0d66400700 1 -- 172.21.15.81:0/2773441834 --> [v2:172.21.15.81:3300/0,v1:172.21.15.81:6789/0] -- mon_subscribe({osdmap=0}) v3 -- 0x7f0d60118f60 con 0x7f0d60078cb0
2024-04-23T14:37:56.384 INFO:teuthology.orchestra.run.smithi081.stdout:/usr/bin/ceph: stderr
2024-04-23T14:37:55.444+0000 7f0d66400700 1 -- 172.21.15.81:0/2773441834 --> [v2:172.21.15.81:3300/0,v1:172.21.15.81:6789/0] -- mon_command({"prefix": "get_command_descriptions"} v 0) v1 -- 0x7f0d6005f5f0 con 0x7f0d60078cb0
2024-04-23T14:37:56.384 INFO:teuthology.orchestra.run.smithi081.stdout:/usr/bin/ceph: stderr
2024-04-23T14:37:55.444+0000 7f0d57400700 1 -- 172.21.15.81:0/2773441834 <== mon.0 v2:172.21.15.81:3300/0 4 ==== mgrmap(e 8) v1 ==== 43376+0+0 (secure 0 0 0) 0x7f0d50024780 con 0x7f0d60078cb0
2024-04-23T14:37:56.384 INFO:teuthology.orchestra.run.smithi081.stdout:/usr/bin/ceph: stderr
2024-04-23T14:37:55.445+0000 7f0d57400700 1 --2- 172.21.15.81:0/2773441834 >> [v2:172.21.15.81:6800/2072638798,v1:172.21.15.81:6801/2072638798] conn(0x7f0d44036740 0x7f0d44038bf0 unknown :-1 s=NONE pgs=0 cs=0 l=1 rev1=0 crypto rx=0 tx=0 comp rx=0 tx=0).connect
2024-04-23T14:37:56.384 INFO:teuthology.orchestra.run.smithi081.stdout:/usr/bin/ceph: stderr
2024-04-23T14:37:55.445+0000 7f0d57400700 1 -- 172.21.15.81:0/2773441834 <== mon.0 v2:172.21.15.81:3300/0 5 ==== osd_map(2..2 src has 1..2) v4 ==== 936+0+0 (secure 0 0 0) 0x7f0d5004a750 con 0x7f0d60078cb0
2024-04-23T14:37:56.385 INFO:teuthology.orchestra.run.smithi081.stdout:/usr/bin/ceph: stderr
2024-04-23T14:37:55.445+0000 7f0d5ea00700 1 --2- 172.21.15.81:0/2773441834 >> [v2:172.21.15.81:6800/2072638798,v1:172.21.15.81:6801/2072638798] conn(0x7f0d44036740 0x7f0d44038bf0 unknown :-1 s=BANNER_CONNECTING pgs=0 cs=0 l=1 rev1=0 crypto rx=0 tx=0 comp rx=0 tx=0)._handle_peer_banner_payload supported=3 required=0
2024-04-23T14:37:56.385 INFO:teuthology.orchestra.run.smithi081.stdout:/usr/bin/ceph: stderr
2024-04-23T14:37:55.446+0000 7f0d5ea00700 1 --2- 172.21.15.81:0/2773441834 >> [v2:172.21.15.81:6800/2072638798,v1:172.21.15.81:6801/2072638798] conn(0x7f0d44036740 0x7f0d44038bf0 secure :-1 s=READY pgs=14 cs=0 l=1 rev1=1 crypto rx=0x7f0d4c009990 tx=0x7f0d4c006e40 comp rx=0 tx=0).ready entity=mgr.14120 client_cookie=0 server_cookie=0 in_seq=0 out_seq=0
2024-04-23T14:37:56.385 INFO:teuthology.orchestra.run.smithi081.stdout:/usr/bin/ceph: stderr
2024-04-23T14:37:55.450+0000 7f0d57400700 1 -- 172.21.15.81:0/2773441834 <== mon.0 v2:172.21.15.81:3300/0 6 ==== mon_command_ack([{"prefix": "get_command_descriptions"}]=0 v0) v1 ==== 72+0+176702 (secure 0 0 0) 0x7f0d5002c910 con 0x7f0d60078cb0
2024-04-23T14:37:56.385 INFO:teuthology.orchestra.run.smithi081.stdout:/usr/bin/ceph: stderr
2024-04-23T14:37:55.685+0000 7f0d66400700 1 -- 172.21.15.81:0/2773441834 --> [v2:172.21.15.81:6800/2072638798,v1:172.21.15.81:6801/2072638798] -- mgr_command(tid 0: {"prefix": "orch apply", "service_type": "crash", "target": ["mon-mgr", ""]}) v1 -- 0x7f0d60119af0 con 0x7f0d44036740
2024-04-23T14:37:56.385 INFO:teuthology.orchestra.run.smithi081.stdout:/usr/bin/ceph: stderr
2024-04-23T14:37:55.690+0000 7f0d57400700 1 -- 172.21.15.81:0/2773441834 <== mgr.14120 v2:172.21.15.81:6800/2072638798 1 ==== mgr_command_reply(tid 0: 0 ) v1 ==== 8+0+26 (secure 0 0 0) 0x7f0d60119af0 con 0x7f0d44036740
2024-04-23T14:37:56.385 INFO:teuthology.orchestra.run.smithi081.stdout:/usr/bin/ceph: stderr
2024-04-23T14:37:55.693+0000 7f0d66400700 1 -- 172.21.15.81:0/2773441834 >> [v2:172.21.15.81:6800/2072638798,v1:172.21.15.81:6801/2072638798] conn(0x7f0d44036740 msgr2=0x7f0d44038bf0 secure :-1 s=STATE_CONNECTION_ESTABLISHED l=1).mark_down
2024-04-23T14:37:56.385 INFO:teuthology.orchestra.run.smithi081.stdout:/usr/bin/ceph: stderr
2024-04-23T14:37:55.693+0000 7f0d66400700 1 --2- 172.21.15.81:0/2773441834 >> [v2:172.21.15.81:6800/2072638798,v1:172.21.15.81:6801/2072638798] conn(0x7f0d44036740 0x7f0d44038bf0 secure :-1 s=READY pgs=14 cs=0 l=1 rev1=1 crypto rx=0x7f0d4c009990 tx=0x7f0d4c006e40 comp rx=0 tx=0).stop
2024-04-23T14:37:56.385 INFO:teuthology.orchestra.run.smithi081.stdout:/usr/bin/ceph: stderr
2024-04-23T14:37:55.693+0000 7f0d66400700 1 -- 172.21.15.81:0/2773441834 >> [v2:172.21.15.81:3300/0,v1:172.21.15.81:6789/0] conn(0x7f0d60078cb0 msgr2=0x7f0d60117d00 secure :-1 s=STATE_CONNECTION_ESTABLISHED l=1).mark_down
2024-04-23T14:37:56.385 INFO:teuthology.orchestra.run.smithi081.stdout:/usr/bin/ceph: stderr
2024-04-23T14:37:55.693+0000 7f0d66400700 1 --2- 172.21.15.81:0/2773441834 >> [v2:172.21.15.81:3300/0,v1:172.21.15.81:6789/0] conn(0x7f0d60078cb0 0x7f0d60117d00 secure :-1 s=READY pgs=52 cs=0 l=1 rev1=1 crypto rx=0x7f0d50006d40 tx=0x7f0d50009250 comp rx=0 tx=0).stop
2024-04-23T14:37:56.385 INFO:teuthology.orchestra.run.smithi081.stdout:/usr/bin/ceph: stderr
2024-04-23T14:37:55.693+0000 7f0d66400700 1 -- 172.21.15.81:0/2773441834 shutdown_connections
2024-04-23T14:37:56.385 INFO:teuthology.orchestra.run.smithi081.stdout:/usr/bin/ceph: stderr
2024-04-23T14:37:55.693+0000 7f0d66400700 1 --2- 172.21.15.81:0/2773441834 >> [v2:172.21.15.81:6800/2072638798,v1:172.21.15.81:6801/2072638798] conn(0x7f0d44036740 0x7f0d44038bf0 unknown :-1 s=CLOSED pgs=14 cs=0 l=1 rev1=1 crypto rx=0 tx=0 comp rx=0 tx=0).stop
2024-04-23T14:37:56.385 INFO:teuthology.orchestra.run.smithi081.stdout:/usr/bin/ceph: stderr
2024-04-23T14:37:55.693+0000 7f0d66400700 1 --2- 172.21.15.81:0/2773441834 >> [v2:172.21.15.81:3300/0,v1:172.21.15.81:6789/0] conn(0x7f0d60078cb0 0x7f0d60117d00 unknown :-1 s=CLOSED pgs=52 cs=0 l=1 rev1=1 crypto rx=0 tx=0 comp rx=0 tx=0).stop
2024-04-23T14:37:56.386 INFO:teuthology.orchestra.run.smithi081.stdout:/usr/bin/ceph: stderr
2024-04-23T14:37:55.693+0000 7f0d66400700 1 -- 172.21.15.81:0/2773441834 >> 172.21.15.81:0/2773441834 conn(0x7f0d600fe0e0 msgr2=0x7f0d6010f010 unknown :-1 s=STATE_NONE l=0).mark_down
2024-04-23T14:37:56.386 INFO:teuthology.orchestra.run.smithi081.stdout:/usr/bin/ceph: stderr
2024-04-23T14:37:55.693+0000 7f0d66400700 1 -- 172.21.15.81:0/2773441834 shutdown_connections
2024-04-23T14:37:56.386 INFO:teuthology.orchestra.run.smithi081.stdout:/usr/bin/ceph: stderr
2024-04-23T14:37:55.694+0000 7f0d66400700 1 -- 172.21.15.81:0/2773441834 wait complete.
2024-04-23T14:37:56.386 INFO:teuthology.orchestra.run.smithi081.stdout:Deploying prometheus service with default placement...
2024-04-23T14:37:58.576 INFO:journalctl@ceph.mon.smithi081.smithi081.stdout:Apr 23 14:37:58 smithi081 ceph-mon[25540]: from='mgr.14120 172.21.15.81:0/2042221483' entity='mgr.smithi081.ldghvq'
2024-04-23T14:37:58.576 INFO:journalctl@ceph.mon.smithi081.smithi081.stdout:Apr 23 14:37:58 smithi081 ceph-mon[25540]: from='mgr.14120 172.21.15.81:0/2042221483' entity='mgr.smithi081.ldghvq'
2024-04-23T14:37:58.642 INFO:teuthology.orchestra.run.smithi081.stdout:/usr/bin/ceph: stdout Scheduled prometheus update...
2024-04-23T14:37:58.642 INFO:teuthology.orchestra.run.smithi081.stdout:/usr/bin/ceph: stderr
2024-04-23T14:37:57.678+0000 7fad5e200700 1 Processor -- start
2024-04-23T14:37:58.642 INFO:teuthology.orchestra.run.smithi081.stdout:/usr/bin/ceph: stderr
2024-04-23T14:37:57.678+0000 7fad5e200700 1 -- start start
2024-04-23T14:37:58.642 INFO:teuthology.orchestra.run.smithi081.stdout:/usr/bin/ceph: stderr
2024-04-23T14:37:57.679+0000 7fad5e200700 1 --2- >> [v2:172.21.15.81:3300/0,v1:172.21.15.81:6789/0] conn(0x7fad581029a0 0x7fad58102db0 unknown :-1 s=NONE pgs=0 cs=0 l=0 rev1=0 crypto rx=0 tx=0 comp rx=0 tx=0).connect
2024-04-23T14:37:58.642 INFO:teuthology.orchestra.run.smithi081.stdout:/usr/bin/ceph: stderr
2024-04-23T14:37:57.679+0000 7fad5e200700 1 -- --> [v2:172.21.15.81:3300/0,v1:172.21.15.81:6789/0] -- mon_getmap magic: 0 v1 -- 0x7fad581032f0 con 0x7fad581029a0
2024-04-23T14:37:58.642 INFO:teuthology.orchestra.run.smithi081.stdout:/usr/bin/ceph: stderr
2024-04-23T14:37:57.679+0000 7fad57400700 1 --2- >> [v2:172.21.15.81:3300/0,v1:172.21.15.81:6789/0] conn(0x7fad581029a0 0x7fad58102db0 unknown :-1 s=BANNER_CONNECTING pgs=0 cs=0 l=0 rev1=0 crypto rx=0 tx=0 comp rx=0 tx=0)._handle_peer_banner_payload supported=3 required=0
2024-04-23T14:37:58.642 INFO:teuthology.orchestra.run.smithi081.stdout:/usr/bin/ceph: stderr
2024-04-23T14:37:57.679+0000 7fad57400700 1 --2- >> [v2:172.21.15.81:3300/0,v1:172.21.15.81:6789/0] conn(0x7fad581029a0 0x7fad58102db0 unknown :-1 s=HELLO_CONNECTING pgs=0 cs=0 l=0 rev1=1 crypto rx=0 tx=0 comp rx=0 tx=0).handle_hello peer v2:172.21.15.81:3300/0 says I am v2:172.21.15.81:38838/0 (socket says 172.21.15.81:38838)
2024-04-23T14:37:58.643 INFO:teuthology.orchestra.run.smithi081.stdout:/usr/bin/ceph: stderr
2024-04-23T14:37:57.679+0000 7fad57400700 1 -- 172.21.15.81:0/2826134752 learned_addr learned my addr 172.21.15.81:0/2826134752 (peer_addr_for_me v2:172.21.15.81:0/0)
2024-04-23T14:37:58.643 INFO:teuthology.orchestra.run.smithi081.stdout:/usr/bin/ceph: stderr
2024-04-23T14:37:57.679+0000 7fad57400700 1 -- 172.21.15.81:0/2826134752 --> [v2:172.21.15.81:3300/0,v1:172.21.15.81:6789/0] -- mon_subscribe({config=0+,monmap=0+}) v3 -- 0x7fad58103430 con 0x7fad581029a0
2024-04-23T14:37:58.643 INFO:teuthology.orchestra.run.smithi081.stdout:/usr/bin/ceph: stderr
2024-04-23T14:37:57.680+0000 7fad57400700 1 --2- 172.21.15.81:0/2826134752 >> [v2:172.21.15.81:3300/0,v1:172.21.15.81:6789/0] conn(0x7fad581029a0 0x7fad58102db0 secure :-1 s=READY pgs=53 cs=0 l=1 rev1=1 crypto rx=0x7fad480098e0 tx=0x7fad48009250 comp rx=0 tx=0).ready entity=mon.0 client_cookie=99c170806e7eafe7 server_cookie=0 in_seq=0 out_seq=0
2024-04-23T14:37:58.643 INFO:teuthology.orchestra.run.smithi081.stdout:/usr/bin/ceph: stderr
2024-04-23T14:37:57.680+0000 7fad56000700 1 -- 172.21.15.81:0/2826134752 <== mon.0 v2:172.21.15.81:3300/0 1 ==== mon_map magic: 0 v1 ==== 229+0+0 (secure 0 0 0) 0x7fad4800b8f0 con 0x7fad581029a0
2024-04-23T14:37:58.643 INFO:teuthology.orchestra.run.smithi081.stdout:/usr/bin/ceph: stderr
2024-04-23T14:37:57.681+0000 7fad56000700 1 -- 172.21.15.81:0/2826134752 <== mon.0 v2:172.21.15.81:3300/0 2 ==== config(27 keys) v1 ==== 1109+0+0 (secure 0 0 0) 0x7fad48011420 con 0x7fad581029a0
2024-04-23T14:37:58.643 INFO:teuthology.orchestra.run.smithi081.stdout:/usr/bin/ceph: stderr
2024-04-23T14:37:57.681+0000 7fad56000700 1 -- 172.21.15.81:0/2826134752 <== mon.0 v2:172.21.15.81:3300/0 3 ==== mon_map magic: 0 v1 ==== 229+0+0 (secure 0 0 0) 0x7fad48010540 con 0x7fad581029a0
2024-04-23T14:37:58.643 INFO:teuthology.orchestra.run.smithi081.stdout:/usr/bin/ceph: stderr
2024-04-23T14:37:57.681+0000 7fad5e200700 1 -- 172.21.15.81:0/2826134752 >> [v2:172.21.15.81:3300/0,v1:172.21.15.81:6789/0] conn(0x7fad581029a0 msgr2=0x7fad58102db0 secure :-1 s=STATE_CONNECTION_ESTABLISHED l=1).mark_down
2024-04-23T14:37:58.643 INFO:teuthology.orchestra.run.smithi081.stdout:/usr/bin/ceph: stderr
2024-04-23T14:37:57.681+0000 7fad5e200700 1 --2- 172.21.15.81:0/2826134752 >> [v2:172.21.15.81:3300/0,v1:172.21.15.81:6789/0] conn(0x7fad581029a0 0x7fad58102db0 secure :-1 s=READY pgs=53 cs=0 l=1 rev1=1 crypto rx=0x7fad480098e0 tx=0x7fad48009250 comp rx=0 tx=0).stop
2024-04-23T14:37:58.643 INFO:teuthology.orchestra.run.smithi081.stdout:/usr/bin/ceph: stderr
2024-04-23T14:37:57.682+0000 7fad5e200700 1 -- 172.21.15.81:0/2826134752 shutdown_connections
2024-04-23T14:37:58.643 INFO:teuthology.orchestra.run.smithi081.stdout:/usr/bin/ceph: stderr
2024-04-23T14:37:57.682+0000 7fad5e200700 1 --2- 172.21.15.81:0/2826134752 >> [v2:172.21.15.81:3300/0,v1:172.21.15.81:6789/0] conn(0x7fad581029a0 0x7fad58102db0 unknown :-1 s=CLOSED pgs=53 cs=0 l=1 rev1=1 crypto rx=0 tx=0 comp rx=0 tx=0).stop
2024-04-23T14:37:58.643 INFO:teuthology.orchestra.run.smithi081.stdout:/usr/bin/ceph: stderr
2024-04-23T14:37:57.682+0000 7fad5e200700 1 -- 172.21.15.81:0/2826134752 >> 172.21.15.81:0/2826134752 conn(0x7fad580fe0e0 msgr2=0x7fad58100530 unknown :-1 s=STATE_NONE l=0).mark_down
2024-04-23T14:37:58.643 INFO:teuthology.orchestra.run.smithi081.stdout:/usr/bin/ceph: stderr
2024-04-23T14:37:57.682+0000 7fad5e200700 1 -- 172.21.15.81:0/2826134752 shutdown_connections
2024-04-23T14:37:58.644 INFO:teuthology.orchestra.run.smithi081.stdout:/usr/bin/ceph: stderr
2024-04-23T14:37:57.682+0000 7fad5e200700 1 -- 172.21.15.81:0/2826134752 wait complete.
2024-04-23T14:37:58.644 INFO:teuthology.orchestra.run.smithi081.stdout:/usr/bin/ceph: stderr
2024-04-23T14:37:57.683+0000 7fad5e200700 1 Processor -- start
2024-04-23T14:37:58.644 INFO:teuthology.orchestra.run.smithi081.stdout:/usr/bin/ceph: stderr
2024-04-23T14:37:57.683+0000 7fad5e200700 1 -- start start
2024-04-23T14:37:58.644 INFO:teuthology.orchestra.run.smithi081.stdout:/usr/bin/ceph: stderr
2024-04-23T14:37:57.683+0000 7fad5e200700 1 --2- >> [v2:172.21.15.81:3300/0,v1:172.21.15.81:6789/0] conn(0x7fad581029a0 0x7fad58078c50 unknown :-1 s=NONE pgs=0 cs=0 l=1 rev1=0 crypto rx=0 tx=0 comp rx=0 tx=0).connect
2024-04-23T14:37:58.644 INFO:teuthology.orchestra.run.smithi081.stdout:/usr/bin/ceph: stderr
2024-04-23T14:37:57.683+0000 7fad5e200700 1 -- --> [v2:172.21.15.81:3300/0,v1:172.21.15.81:6789/0] -- mon_getmap magic: 0 v1 -- 0x7fad58079190 con 0x7fad581029a0
2024-04-23T14:37:58.644 INFO:teuthology.orchestra.run.smithi081.stdout:/usr/bin/ceph: stderr
2024-04-23T14:37:57.683+0000 7fad57400700 1 --2- >> [v2:172.21.15.81:3300/0,v1:172.21.15.81:6789/0] conn(0x7fad581029a0 0x7fad58078c50 unknown :-1 s=BANNER_CONNECTING pgs=0 cs=0 l=1 rev1=0 crypto rx=0 tx=0 comp rx=0 tx=0)._handle_peer_banner_payload supported=3 required=0
2024-04-23T14:37:58.644 INFO:teuthology.orchestra.run.smithi081.stdout:/usr/bin/ceph: stderr
2024-04-23T14:37:57.684+0000 7fad57400700 1 --2- >> [v2:172.21.15.81:3300/0,v1:172.21.15.81:6789/0] conn(0x7fad581029a0 0x7fad58078c50 unknown :-1 s=HELLO_CONNECTING pgs=0 cs=0 l=1 rev1=1 crypto rx=0 tx=0 comp rx=0 tx=0).handle_hello peer v2:172.21.15.81:3300/0 says I am v2:172.21.15.81:38852/0 (socket says 172.21.15.81:38852)
2024-04-23T14:37:58.644 INFO:teuthology.orchestra.run.smithi081.stdout:/usr/bin/ceph: stderr
2024-04-23T14:37:57.684+0000 7fad57400700 1 -- 172.21.15.81:0/2782037372 learned_addr learned my addr 172.21.15.81:0/2782037372 (peer_addr_for_me v2:172.21.15.81:0/0)
2024-04-23T14:37:58.644 INFO:teuthology.orchestra.run.smithi081.stdout:/usr/bin/ceph: stderr
2024-04-23T14:37:57.684+0000 7fad57400700 1 -- 172.21.15.81:0/2782037372 --> [v2:172.21.15.81:3300/0,v1:172.21.15.81:6789/0] -- mon_subscribe({config=0+,monmap=0+}) v3 -- 0x7fad480094f0 con 0x7fad581029a0
2024-04-23T14:37:58.644 INFO:teuthology.orchestra.run.smithi081.stdout:/usr/bin/ceph: stderr
2024-04-23T14:37:57.684+0000 7fad57400700 1 --2- 172.21.15.81:0/2782037372 >> [v2:172.21.15.81:3300/0,v1:172.21.15.81:6789/0] conn(0x7fad581029a0 0x7fad58078c50 secure :-1 s=READY pgs=54 cs=0 l=1 rev1=1 crypto rx=0x7fad480090b0 tx=0x7fad48009250 comp rx=0 tx=0).ready entity=mon.0 client_cookie=0 server_cookie=0 in_seq=0 out_seq=0
2024-04-23T14:37:58.644 INFO:teuthology.orchestra.run.smithi081.stdout:/usr/bin/ceph: stderr
2024-04-23T14:37:57.685+0000 7fad4f400700 1 -- 172.21.15.81:0/2782037372 <== mon.0 v2:172.21.15.81:3300/0 1 ==== mon_map magic: 0 v1 ==== 229+0+0 (secure 0 0 0) 0x7fad480107b0 con 0x7fad581029a0
2024-04-23T14:37:58.644 INFO:teuthology.orchestra.run.smithi081.stdout:/usr/bin/ceph: stderr
2024-04-23T14:37:57.685+0000 7fad4f400700 1 -- 172.21.15.81:0/2782037372 <== mon.0 v2:172.21.15.81:3300/0 2 ==== config(27 keys) v1 ==== 1109+0+0 (secure 0 0 0) 0x7fad48010de0 con 0x7fad581029a0
2024-04-23T14:37:58.645 INFO:teuthology.orchestra.run.smithi081.stdout:/usr/bin/ceph: stderr
2024-04-23T14:37:57.685+0000 7fad5e200700 1 -- 172.21.15.81:0/2782037372 --> [v2:172.21.15.81:3300/0,v1:172.21.15.81:6789/0] -- mon_subscribe({mgrmap=0+}) v3 -- 0x7fad58077200 con 0x7fad581029a0
2024-04-23T14:37:58.645 INFO:teuthology.orchestra.run.smithi081.stdout:/usr/bin/ceph: stderr
2024-04-23T14:37:57.685+0000 7fad4f400700 1 -- 172.21.15.81:0/2782037372 <== mon.0 v2:172.21.15.81:3300/0 3 ==== mon_map magic: 0 v1 ==== 229+0+0 (secure 0 0 0) 0x7fad4801ae50 con 0x7fad581029a0
2024-04-23T14:37:58.645 INFO:teuthology.orchestra.run.smithi081.stdout:/usr/bin/ceph: stderr
2024-04-23T14:37:57.685+0000 7fad5e200700 1 -- 172.21.15.81:0/2782037372 --> [v2:172.21.15.81:3300/0,v1:172.21.15.81:6789/0] -- mon_subscribe({osdmap=0}) v3 -- 0x7fad580776f0 con 0x7fad581029a0
2024-04-23T14:37:58.645 INFO:teuthology.orchestra.run.smithi081.stdout:/usr/bin/ceph: stderr
2024-04-23T14:37:57.686+0000 7fad5e200700 1 -- 172.21.15.81:0/2782037372 --> [v2:172.21.15.81:3300/0,v1:172.21.15.81:6789/0] -- mon_command({"prefix": "get_command_descriptions"} v 0) v1 -- 0x7fad5804bed0 con 0x7fad581029a0
2024-04-23T14:37:58.645 INFO:teuthology.orchestra.run.smithi081.stdout:/usr/bin/ceph: stderr
2024-04-23T14:37:57.686+0000 7fad4f400700 1 -- 172.21.15.81:0/2782037372 <== mon.0 v2:172.21.15.81:3300/0 4 ==== mgrmap(e 8) v1 ==== 43376+0+0 (secure 0 0 0) 0x7fad4801a430 con 0x7fad581029a0
2024-04-23T14:37:58.645 INFO:teuthology.orchestra.run.smithi081.stdout:/usr/bin/ceph: stderr
2024-04-23T14:37:57.687+0000 7fad4f400700 1 --2- 172.21.15.81:0/2782037372 >> [v2:172.21.15.81:6800/2072638798,v1:172.21.15.81:6801/2072638798] conn(0x7fad3c036810 0x7fad3c038cc0 unknown :-1 s=NONE pgs=0 cs=0 l=1 rev1=0 crypto rx=0 tx=0 comp rx=0 tx=0).connect
2024-04-23T14:37:58.645 INFO:teuthology.orchestra.run.smithi081.stdout:/usr/bin/ceph: stderr
2024-04-23T14:37:57.687+0000 7fad4f400700 1 -- 172.21.15.81:0/2782037372 <== mon.0 v2:172.21.15.81:3300/0 5 ==== osd_map(2..2 src has 1..2) v4 ==== 936+0+0 (secure 0 0 0) 0x7fad4804a0f0 con 0x7fad581029a0
