2024-04-23T14:37:44.595 INFO:teuthology.orchestra.run.smithi081.stdout:/usr/bin/ceph: stderr
2024-04-23T14:37:43.534+0000 7f99b0c00700 1 -- 172.21.15.81:0/854027148 <== mon.0 v2:172.21.15.81:3300/0 5 ==== osd_map(2..2 src has 1..2) v4 ==== 936+0+0 (secure 0 0 0) 0x7f99a804a710 con 0x7f99b4101680
2024-04-23T14:37:44.595 INFO:teuthology.orchestra.run.smithi081.stdout:/usr/bin/ceph: stderr
2024-04-23T14:37:43.534+0000 7f99b3e00700 1 --2- 172.21.15.81:0/854027148 >> [v2:172.21.15.81:6800/2072638798,v1:172.21.15.81:6801/2072638798] conn(0x7f999c036790 0x7f999c038c40 unknown :-1 s=BANNER_CONNECTING pgs=0 cs=0 l=1 rev1=0 crypto rx=0 tx=0 comp rx=0 tx=0)._handle_peer_banner_payload supported=3 required=0
2024-04-23T14:37:44.595 INFO:teuthology.orchestra.run.smithi081.stdout:/usr/bin/ceph: stderr
2024-04-23T14:37:43.535+0000 7f99b3e00700 1 --2- 172.21.15.81:0/854027148 >> [v2:172.21.15.81:6800/2072638798,v1:172.21.15.81:6801/2072638798] conn(0x7f999c036790 0x7f999c038c40 secure :-1 s=READY pgs=9 cs=0 l=1 rev1=1 crypto rx=0x7f99a0009990 tx=0x7f99a0006e40 comp rx=0 tx=0).ready entity=mgr.14120 client_cookie=0 server_cookie=0 in_seq=0 out_seq=0
2024-04-23T14:37:44.595 INFO:teuthology.orchestra.run.smithi081.stdout:/usr/bin/ceph: stderr
2024-04-23T14:37:43.540+0000 7f99b0c00700 1 -- 172.21.15.81:0/854027148 <== mon.0 v2:172.21.15.81:3300/0 6 ==== mon_command_ack([{"prefix": "get_command_descriptions"}]=0 v0) v1 ==== 72+0+176702 (secure 0 0 0) 0x7f99a8010920 con 0x7f99b4101680
2024-04-23T14:37:44.596 INFO:teuthology.orchestra.run.smithi081.stdout:/usr/bin/ceph: stderr
2024-04-23T14:37:43.752+0000 7f99ba200700 1 -- 172.21.15.81:0/854027148 --> [v2:172.21.15.81:6800/2072638798,v1:172.21.15.81:6801/2072638798] -- mgr_command(tid 0: {"prefix": "cephadm generate-key", "target": ["mon-mgr", ""]}) v1 -- 0x7f99b4115510 con 0x7f999c036790
2024-04-23T14:37:44.596 INFO:teuthology.orchestra.run.smithi081.stdout:/usr/bin/ceph: stderr
2024-04-23T14:37:43.875+0000 7f99b0c00700 1 -- 172.21.15.81:0/854027148 <== mgr.14120 v2:172.21.15.81:6800/2072638798 1 ==== mgr_command_reply(tid 0: 0 ) v1 ==== 8+0+0 (secure 0 0 0) 0x7f99b4115510 con 0x7f999c036790
2024-04-23T14:37:44.596 INFO:teuthology.orchestra.run.smithi081.stdout:/usr/bin/ceph: stderr
2024-04-23T14:37:43.878+0000 7f99ba200700 1 -- 172.21.15.81:0/854027148 >> [v2:172.21.15.81:6800/2072638798,v1:172.21.15.81:6801/2072638798] conn(0x7f999c036790 msgr2=0x7f999c038c40 secure :-1 s=STATE_CONNECTION_ESTABLISHED l=1).mark_down
2024-04-23T14:37:44.596 INFO:teuthology.orchestra.run.smithi081.stdout:/usr/bin/ceph: stderr
2024-04-23T14:37:43.878+0000 7f99ba200700 1 --2- 172.21.15.81:0/854027148 >> [v2:172.21.15.81:6800/2072638798,v1:172.21.15.81:6801/2072638798] conn(0x7f999c036790 0x7f999c038c40 secure :-1 s=READY pgs=9 cs=0 l=1 rev1=1 crypto rx=0x7f99a0009990 tx=0x7f99a0006e40 comp rx=0 tx=0).stop
2024-04-23T14:37:44.596 INFO:teuthology.orchestra.run.smithi081.stdout:/usr/bin/ceph: stderr
2024-04-23T14:37:43.878+0000 7f99ba200700 1 -- 172.21.15.81:0/854027148 >> [v2:172.21.15.81:3300/0,v1:172.21.15.81:6789/0] conn(0x7f99b4101680 msgr2=0x7f99b41136d0 secure :-1 s=STATE_CONNECTION_ESTABLISHED l=1).mark_down
2024-04-23T14:37:44.597 INFO:teuthology.orchestra.run.smithi081.stdout:/usr/bin/ceph: stderr
2024-04-23T14:37:43.878+0000 7f99ba200700 1 --2- 172.21.15.81:0/854027148 >> [v2:172.21.15.81:3300/0,v1:172.21.15.81:6789/0] conn(0x7f99b4101680 0x7f99b41136d0 secure :-1 s=READY pgs=42 cs=0 l=1 rev1=1 crypto rx=0x7f99a8000c00 tx=0x7f99a8009250 comp rx=0 tx=0).stop
2024-04-23T14:37:44.597 INFO:teuthology.orchestra.run.smithi081.stdout:/usr/bin/ceph: stderr
2024-04-23T14:37:43.878+0000 7f99ba200700 1 -- 172.21.15.81:0/854027148 shutdown_connections
2024-04-23T14:37:44.598 INFO:teuthology.orchestra.run.smithi081.stdout:/usr/bin/ceph: stderr
2024-04-23T14:37:43.878+0000 7f99ba200700 1 --2- 172.21.15.81:0/854027148 >> [v2:172.21.15.81:6800/2072638798,v1:172.21.15.81:6801/2072638798] conn(0x7f999c036790 0x7f999c038c40 unknown :-1 s=CLOSED pgs=9 cs=0 l=1 rev1=1 crypto rx=0 tx=0 comp rx=0 tx=0).stop
2024-04-23T14:37:44.598 INFO:teuthology.orchestra.run.smithi081.stdout:/usr/bin/ceph: stderr
2024-04-23T14:37:43.878+0000 7f99ba200700 1 --2- 172.21.15.81:0/854027148 >> [v2:172.21.15.81:3300/0,v1:172.21.15.81:6789/0] conn(0x7f99b4101680 0x7f99b41136d0 unknown :-1 s=CLOSED pgs=42 cs=0 l=1 rev1=1 crypto rx=0 tx=0 comp rx=0 tx=0).stop
2024-04-23T14:37:44.598 INFO:teuthology.orchestra.run.smithi081.stdout:/usr/bin/ceph: stderr
2024-04-23T14:37:43.878+0000 7f99ba200700 1 -- 172.21.15.81:0/854027148 >> 172.21.15.81:0/854027148 conn(0x7f99b40fce20 msgr2=0x7f99b40fdcc0 unknown :-1 s=STATE_NONE l=0).mark_down
2024-04-23T14:37:44.598 INFO:teuthology.orchestra.run.smithi081.stdout:/usr/bin/ceph: stderr
2024-04-23T14:37:43.878+0000 7f99ba200700 1 -- 172.21.15.81:0/854027148 shutdown_connections
2024-04-23T14:37:44.598 INFO:teuthology.orchestra.run.smithi081.stdout:/usr/bin/ceph: stderr
2024-04-23T14:37:43.878+0000 7f99ba200700 1 -- 172.21.15.81:0/854027148 wait complete.
2024-04-23T14:37:45.172 INFO:journalctl@ceph.mon.smithi081.smithi081.stdout:Apr 23 14:37:44 smithi081 ceph-mon[25540]: from='client.14136 -' entity='client.admin' cmd=[{"prefix": "cephadm generate-key", "target": ["mon-mgr", ""]}]: dispatch
2024-04-23T14:37:45.172 INFO:journalctl@ceph.mon.smithi081.smithi081.stdout:Apr 23 14:37:44 smithi081 ceph-mon[25540]: Generating ssh key...
2024-04-23T14:37:45.172 INFO:journalctl@ceph.mon.smithi081.smithi081.stdout:Apr 23 14:37:44 smithi081 ceph-mon[25540]: from='mgr.14120 172.21.15.81:0/2042221483' entity='mgr.smithi081.ldghvq'
2024-04-23T14:37:45.172 INFO:journalctl@ceph.mon.smithi081.smithi081.stdout:Apr 23 14:37:44 smithi081 ceph-mon[25540]: from='mgr.14120 172.21.15.81:0/2042221483' entity='mgr.smithi081.ldghvq'
2024-04-23T14:37:46.076 INFO:journalctl@ceph.mon.smithi081.smithi081.stdout:Apr 23 14:37:45 smithi081 ceph-mon[25540]: from='client.14138 -' entity='client.admin' cmd=[{"prefix": "cephadm get-pub-key", "target": ["mon-mgr", ""]}]: dispatch
2024-04-23T14:37:46.090 INFO:teuthology.orchestra.run.smithi081.stdout:/usr/bin/ceph: stdout ssh-rsa AAAAB3NzaC1yc2EAAAADAQABAAABgQCsevqb/hswC1sxFpdHRNQO+ZpC3PJgalaBmLm2tgWBvq3xYbIW59qV9UK1MOiE56kch5BE9JGa9YdSlbi/rnXlUBMjqUokGAaGIMcyj6xHsemgvQVV37f5uHC1mcoxRVTZRXa5iBgz9B+zXU2qJoTlqRqOhRWJZ16Nce4vpDkj4wuT+GN+zqcXxen95YdE+Cqq3WAoiETiri8ZZiEKxULvv9tzL4j1MTFAYrFtKFzee4SwNMDsZxhuZn+6heIjekxyCpwocnKVZR+kW+txR5cYysnKXDmB6gBq2BcDfDriFMw6lnaYjrF3X9FIeOfMwcv9N/k4YJMzVDEL6Qhh02/OJkXtT/j6KdhvxmQJZ1frCp41gy6CdUvoxZ0lDj6QhqKtNGqYnzjXYqGr0nh+zewSWOwEflJhqMiqMWQbp5CoBsbJMiSL0J3F0+6SsfO6NiOIWU5ZRvGA6EvwSIbVqFOyCvyXpZe1RTnO2mfQ2oNCY9Fww/rSsAQ5ftM8U63YQis= ceph-7a641bea-017e-11ef-bc93-c7b262605968
2024-04-23T14:37:46.090 INFO:teuthology.orchestra.run.smithi081.stdout:/usr/bin/ceph: stderr
2024-04-23T14:37:45.171+0000 7f5595600700 1 Processor -- start
2024-04-23T14:37:46.090 INFO:teuthology.orchestra.run.smithi081.stdout:/usr/bin/ceph: stderr
2024-04-23T14:37:45.171+0000 7f5595600700 1 -- start start
2024-04-23T14:37:46.090 INFO:teuthology.orchestra.run.smithi081.stdout:/usr/bin/ceph: stderr
2024-04-23T14:37:45.172+0000 7f5595600700 1 --2- >> [v2:172.21.15.81:3300/0,v1:172.21.15.81:6789/0] conn(0x7f559007cff0 0x7f559010bce0 unknown :-1 s=NONE pgs=0 cs=0 l=0 rev1=0 crypto rx=0 tx=0 comp rx=0 tx=0).connect
2024-04-23T14:37:46.090 INFO:teuthology.orchestra.run.smithi081.stdout:/usr/bin/ceph: stderr
2024-04-23T14:37:45.172+0000 7f5595600700 1 -- --> [v2:172.21.15.81:3300/0,v1:172.21.15.81:6789/0] -- mon_getmap magic: 0 v1 -- 0x7f559007d490 con 0x7f559007cff0
2024-04-23T14:37:46.090 INFO:teuthology.orchestra.run.smithi081.stdout:/usr/bin/ceph: stderr
2024-04-23T14:37:45.172+0000 7f558ea00700 1 --2- >> [v2:172.21.15.81:3300/0,v1:172.21.15.81:6789/0] conn(0x7f559007cff0 0x7f559010bce0 unknown :-1 s=BANNER_CONNECTING pgs=0 cs=0 l=0 rev1=0 crypto rx=0 tx=0 comp rx=0 tx=0)._handle_peer_banner_payload supported=3 required=0
2024-04-23T14:37:46.090 INFO:teuthology.orchestra.run.smithi081.stdout:/usr/bin/ceph: stderr
2024-04-23T14:37:45.172+0000 7f558ea00700 1 --2- >> [v2:172.21.15.81:3300/0,v1:172.21.15.81:6789/0] conn(0x7f559007cff0 0x7f559010bce0 unknown :-1 s=HELLO_CONNECTING pgs=0 cs=0 l=0 rev1=1 crypto rx=0 tx=0 comp rx=0 tx=0).handle_hello peer v2:172.21.15.81:3300/0 says I am v2:172.21.15.81:40840/0 (socket says 172.21.15.81:40840)
2024-04-23T14:37:46.090 INFO:teuthology.orchestra.run.smithi081.stdout:/usr/bin/ceph: stderr
2024-04-23T14:37:45.172+0000 7f558ea00700 1 -- 172.21.15.81:0/2386108451 learned_addr learned my addr 172.21.15.81:0/2386108451 (peer_addr_for_me v2:172.21.15.81:0/0)
2024-04-23T14:37:46.091 INFO:teuthology.orchestra.run.smithi081.stdout:/usr/bin/ceph: stderr
2024-04-23T14:37:45.173+0000 7f558ea00700 1 -- 172.21.15.81:0/2386108451 --> [v2:172.21.15.81:3300/0,v1:172.21.15.81:6789/0] -- mon_subscribe({config=0+,monmap=0+}) v3 -- 0x7f559010c220 con 0x7f559007cff0
2024-04-23T14:37:46.091 INFO:teuthology.orchestra.run.smithi081.stdout:/usr/bin/ceph: stderr
2024-04-23T14:37:45.173+0000 7f558ea00700 1 --2- 172.21.15.81:0/2386108451 >> [v2:172.21.15.81:3300/0,v1:172.21.15.81:6789/0] conn(0x7f559007cff0 0x7f559010bce0 secure :-1 s=READY pgs=43 cs=0 l=1 rev1=1 crypto rx=0x7f55800098e0 tx=0x7f5580009250 comp rx=0 tx=0).ready entity=mon.0 client_cookie=168d096db0985c95 server_cookie=0 in_seq=0 out_seq=0
2024-04-23T14:37:46.091 INFO:teuthology.orchestra.run.smithi081.stdout:/usr/bin/ceph: stderr
2024-04-23T14:37:45.173+0000 7f558d600700 1 -- 172.21.15.81:0/2386108451 <== mon.0 v2:172.21.15.81:3300/0 1 ==== mon_map magic: 0 v1 ==== 229+0+0 (secure 0 0 0) 0x7f558000b860 con 0x7f559007cff0
2024-04-23T14:37:46.091 INFO:teuthology.orchestra.run.smithi081.stdout:/usr/bin/ceph: stderr
2024-04-23T14:37:45.174+0000 7f558d600700 1 -- 172.21.15.81:0/2386108451 <== mon.0 v2:172.21.15.81:3300/0 2 ==== config(27 keys) v1 ==== 1044+0+0 (secure 0 0 0) 0x7f558000be50 con 0x7f559007cff0
2024-04-23T14:37:46.091 INFO:teuthology.orchestra.run.smithi081.stdout:/usr/bin/ceph: stderr
2024-04-23T14:37:45.174+0000 7f558d600700 1 -- 172.21.15.81:0/2386108451 <== mon.0 v2:172.21.15.81:3300/0 3 ==== mon_map magic: 0 v1 ==== 229+0+0 (secure 0 0 0) 0x7f5580010380 con 0x7f559007cff0
2024-04-23T14:37:46.095 INFO:teuthology.orchestra.run.smithi081.stdout:/usr/bin/ceph: stderr
2024-04-23T14:37:45.174+0000 7f5595600700 1 -- 172.21.15.81:0/2386108451 >> [v2:172.21.15.81:3300/0,v1:172.21.15.81:6789/0] conn(0x7f559007cff0 msgr2=0x7f559010bce0 secure :-1 s=STATE_CONNECTION_ESTABLISHED l=1).mark_down
2024-04-23T14:37:46.095 INFO:teuthology.orchestra.run.smithi081.stdout:/usr/bin/ceph: stderr
2024-04-23T14:37:45.174+0000 7f5595600700 1 --2- 172.21.15.81:0/2386108451 >> [v2:172.21.15.81:3300/0,v1:172.21.15.81:6789/0] conn(0x7f559007cff0 0x7f559010bce0 secure :-1 s=READY pgs=43 cs=0 l=1 rev1=1 crypto rx=0x7f55800098e0 tx=0x7f5580009250 comp rx=0 tx=0).stop
2024-04-23T14:37:46.096 INFO:teuthology.orchestra.run.smithi081.stdout:/usr/bin/ceph: stderr
2024-04-23T14:37:45.174+0000 7f5595600700 1 -- 172.21.15.81:0/2386108451 shutdown_connections
2024-04-23T14:37:46.096 INFO:teuthology.orchestra.run.smithi081.stdout:/usr/bin/ceph: stderr
2024-04-23T14:37:45.174+0000 7f5595600700 1 --2- 172.21.15.81:0/2386108451 >> [v2:172.21.15.81:3300/0,v1:172.21.15.81:6789/0] conn(0x7f559007cff0 0x7f559010bce0 unknown :-1 s=CLOSED pgs=43 cs=0 l=1 rev1=1 crypto rx=0 tx=0 comp rx=0 tx=0).stop
2024-04-23T14:37:46.096 INFO:teuthology.orchestra.run.smithi081.stdout:/usr/bin/ceph: stderr
2024-04-23T14:37:45.174+0000 7f5595600700 1 -- 172.21.15.81:0/2386108451 >> 172.21.15.81:0/2386108451 conn(0x7f5590078540 msgr2=0x7f559007a950 unknown :-1 s=STATE_NONE l=0).mark_down
2024-04-23T14:37:46.096 INFO:teuthology.orchestra.run.smithi081.stdout:/usr/bin/ceph: stderr
2024-04-23T14:37:45.175+0000 7f5595600700 1 -- 172.21.15.81:0/2386108451 shutdown_connections
2024-04-23T14:37:46.096 INFO:teuthology.orchestra.run.smithi081.stdout:/usr/bin/ceph: stderr
2024-04-23T14:37:45.175+0000 7f5595600700 1 -- 172.21.15.81:0/2386108451 wait complete.
2024-04-23T14:37:46.096 INFO:teuthology.orchestra.run.smithi081.stdout:/usr/bin/ceph: stderr
2024-04-23T14:37:45.175+0000 7f5595600700 1 Processor -- start
2024-04-23T14:37:46.096 INFO:teuthology.orchestra.run.smithi081.stdout:/usr/bin/ceph: stderr
2024-04-23T14:37:45.176+0000 7f5595600700 1 -- start start
2024-04-23T14:37:46.096 INFO:teuthology.orchestra.run.smithi081.stdout:/usr/bin/ceph: stderr
2024-04-23T14:37:45.176+0000 7f5595600700 1 --2- >> [v2:172.21.15.81:3300/0,v1:172.21.15.81:6789/0] conn(0x7f559007cff0 0x7f5590117c00 unknown :-1 s=NONE pgs=0 cs=0 l=1 rev1=0 crypto rx=0 tx=0 comp rx=0 tx=0).connect
2024-04-23T14:37:46.096 INFO:teuthology.orchestra.run.smithi081.stdout:/usr/bin/ceph: stderr
2024-04-23T14:37:45.176+0000 7f5595600700 1 -- --> [v2:172.21.15.81:3300/0,v1:172.21.15.81:6789/0] -- mon_getmap magic: 0 v1 -- 0x7f5590118140 con 0x7f559007cff0
2024-04-23T14:37:46.096 INFO:teuthology.orchestra.run.smithi081.stdout:/usr/bin/ceph: stderr
2024-04-23T14:37:45.176+0000 7f558ea00700 1 --2- >> [v2:172.21.15.81:3300/0,v1:172.21.15.81:6789/0] conn(0x7f559007cff0 0x7f5590117c00 unknown :-1 s=BANNER_CONNECTING pgs=0 cs=0 l=1 rev1=0 crypto rx=0 tx=0 comp rx=0 tx=0)._handle_peer_banner_payload supported=3 required=0
2024-04-23T14:37:46.096 INFO:teuthology.orchestra.run.smithi081.stdout:/usr/bin/ceph: stderr
2024-04-23T14:37:45.176+0000 7f558ea00700 1 --2- >> [v2:172.21.15.81:3300/0,v1:172.21.15.81:6789/0] conn(0x7f559007cff0 0x7f5590117c00 unknown :-1 s=HELLO_CONNECTING pgs=0 cs=0 l=1 rev1=1 crypto rx=0 tx=0 comp rx=0 tx=0).handle_hello peer v2:172.21.15.81:3300/0 says I am v2:172.21.15.81:40850/0 (socket says 172.21.15.81:40850)
2024-04-23T14:37:46.096 INFO:teuthology.orchestra.run.smithi081.stdout:/usr/bin/ceph: stderr
2024-04-23T14:37:45.176+0000 7f558ea00700 1 -- 172.21.15.81:0/712260514 learned_addr learned my addr 172.21.15.81:0/712260514 (peer_addr_for_me v2:172.21.15.81:0/0)
2024-04-23T14:37:46.096 INFO:teuthology.orchestra.run.smithi081.stdout:/usr/bin/ceph: stderr
2024-04-23T14:37:45.177+0000 7f558ea00700 1 -- 172.21.15.81:0/712260514 --> [v2:172.21.15.81:3300/0,v1:172.21.15.81:6789/0] -- mon_subscribe({config=0+,monmap=0+}) v3 -- 0x7f55800094f0 con 0x7f559007cff0
2024-04-23T14:37:46.096 INFO:teuthology.orchestra.run.smithi081.stdout:/usr/bin/ceph: stderr
2024-04-23T14:37:45.177+0000 7f558ea00700 1 --2- 172.21.15.81:0/712260514 >> [v2:172.21.15.81:3300/0,v1:172.21.15.81:6789/0] conn(0x7f559007cff0 0x7f5590117c00 secure :-1 s=READY pgs=44 cs=0 l=1 rev1=1 crypto rx=0x7f5580000c00 tx=0x7f5580009250 comp rx=0 tx=0).ready entity=mon.0 client_cookie=0 server_cookie=0 in_seq=0 out_seq=0
2024-04-23T14:37:46.097 INFO:teuthology.orchestra.run.smithi081.stdout:/usr/bin/ceph: stderr
2024-04-23T14:37:45.177+0000 7f5586a00700 1 -- 172.21.15.81:0/712260514 <== mon.0 v2:172.21.15.81:3300/0 1 ==== mon_map magic: 0 v1 ==== 229+0+0 (secure 0 0 0) 0x7f55800107c0 con 0x7f559007cff0
2024-04-23T14:37:46.097 INFO:teuthology.orchestra.run.smithi081.stdout:/usr/bin/ceph: stderr
2024-04-23T14:37:45.177+0000 7f5586a00700 1 -- 172.21.15.81:0/712260514 <== mon.0 v2:172.21.15.81:3300/0 2 ==== config(27 keys) v1 ==== 1044+0+0 (secure 0 0 0) 0x7f5580010db0 con 0x7f559007cff0
2024-04-23T14:37:46.097 INFO:teuthology.orchestra.run.smithi081.stdout:/usr/bin/ceph: stderr
2024-04-23T14:37:45.177+0000 7f5595600700 1 -- 172.21.15.81:0/712260514 --> [v2:172.21.15.81:3300/0,v1:172.21.15.81:6789/0] -- mon_subscribe({mgrmap=0+}) v3 -- 0x7f5590118340 con 0x7f559007cff0
2024-04-23T14:37:46.097 INFO:teuthology.orchestra.run.smithi081.stdout:/usr/bin/ceph: stderr
2024-04-23T14:37:45.177+0000 7f5586a00700 1 -- 172.21.15.81:0/712260514 <== mon.0 v2:172.21.15.81:3300/0 3 ==== mon_map magic: 0 v1 ==== 229+0+0 (secure 0 0 0) 0x7f558001ad00 con 0x7f559007cff0
2024-04-23T14:37:46.097 INFO:teuthology.orchestra.run.smithi081.stdout:/usr/bin/ceph: stderr
2024-04-23T14:37:45.177+0000 7f5595600700 1 -- 172.21.15.81:0/712260514 --> [v2:172.21.15.81:3300/0,v1:172.21.15.81:6789/0] -- mon_subscribe({osdmap=0}) v3 -- 0x7f5590118eb0 con 0x7f559007cff0
2024-04-23T14:37:46.097 INFO:teuthology.orchestra.run.smithi081.stdout:/usr/bin/ceph: stderr
2024-04-23T14:37:45.178+0000 7f5586a00700 1 -- 172.21.15.81:0/712260514 <== mon.0 v2:172.21.15.81:3300/0 4 ==== mgrmap(e 8) v1 ==== 43376+0+0 (secure 0 0 0) 0x7f55800193c0 con 0x7f559007cff0
2024-04-23T14:37:46.097 INFO:teuthology.orchestra.run.smithi081.stdout:/usr/bin/ceph: stderr
2024-04-23T14:37:45.179+0000 7f5595600700 1 -- 172.21.15.81:0/712260514 --> [v2:172.21.15.81:3300/0,v1:172.21.15.81:6789/0] -- mon_command({"prefix": "get_command_descriptions"} v 0) v1 -- 0x7f559005f5f0 con 0x7f559007cff0
2024-04-23T14:37:46.097 INFO:teuthology.orchestra.run.smithi081.stdout:/usr/bin/ceph: stderr
2024-04-23T14:37:45.179+0000 7f5586a00700 1 --2- 172.21.15.81:0/712260514 >> [v2:172.21.15.81:6800/2072638798,v1:172.21.15.81:6801/2072638798] conn(0x7f5574036830 0x7f5574038ce0 unknown :-1 s=NONE pgs=0 cs=0 l=1 rev1=0 crypto rx=0 tx=0 comp rx=0 tx=0).connect
2024-04-23T14:37:46.097 INFO:teuthology.orchestra.run.smithi081.stdout:/usr/bin/ceph: stderr
2024-04-23T14:37:45.179+0000 7f5586a00700 1 -- 172.21.15.81:0/712260514 <== mon.0 v2:172.21.15.81:3300/0 5 ==== osd_map(2..2 src has 1..2) v4 ==== 936+0+0 (secure 0 0 0) 0x7f558004a6d0 con 0x7f559007cff0
2024-04-23T14:37:46.097 INFO:teuthology.orchestra.run.smithi081.stdout:/usr/bin/ceph: stderr
2024-04-23T14:37:45.179+0000 7f558e000700 1 --2- 172.21.15.81:0/712260514 >> [v2:172.21.15.81:6800/2072638798,v1:172.21.15.81:6801/2072638798] conn(0x7f5574036830 0x7f5574038ce0 unknown :-1 s=BANNER_CONNECTING pgs=0 cs=0 l=1 rev1=0 crypto rx=0 tx=0 comp rx=0 tx=0)._handle_peer_banner_payload supported=3 required=0
2024-04-23T14:37:46.097 INFO:teuthology.orchestra.run.smithi081.stdout:/usr/bin/ceph: stderr
2024-04-23T14:37:45.180+0000 7f558e000700 1 --2- 172.21.15.81:0/712260514 >> [v2:172.21.15.81:6800/2072638798,v1:172.21.15.81:6801/2072638798] conn(0x7f5574036830 0x7f5574038ce0 secure :-1 s=READY pgs=10 cs=0 l=1 rev1=1 crypto rx=0x7f557c009990 tx=0x7f557c006e40 comp rx=0 tx=0).ready entity=mgr.14120 client_cookie=0 server_cookie=0 in_seq=0 out_seq=0
2024-04-23T14:37:46.097 INFO:teuthology.orchestra.run.smithi081.stdout:/usr/bin/ceph: stderr
2024-04-23T14:37:45.184+0000 7f5586a00700 1 -- 172.21.15.81:0/712260514 <== mon.0 v2:172.21.15.81:3300/0 6 ==== mon_command_ack([{"prefix": "get_command_descriptions"}]=0 v0) v1 ==== 72+0+176702 (secure 0 0 0) 0x7f5580022930 con 0x7f559007cff0
2024-04-23T14:37:46.097 INFO:teuthology.orchestra.run.smithi081.stdout:/usr/bin/ceph: stderr
2024-04-23T14:37:45.396+0000 7f5595600700 1 -- 172.21.15.81:0/712260514 --> [v2:172.21.15.81:6800/2072638798,v1:172.21.15.81:6801/2072638798] -- mgr_command(tid 0: {"prefix": "cephadm get-pub-key", "target": ["mon-mgr", ""]}) v1 -- 0x7f559007a790 con 0x7f5574036830
2024-04-23T14:37:46.097 INFO:teuthology.orchestra.run.smithi081.stdout:/usr/bin/ceph: stderr
2024-04-23T14:37:45.397+0000 7f5586a00700 1 -- 172.21.15.81:0/712260514 <== mgr.14120 v2:172.21.15.81:6800/2072638798 1 ==== mgr_command_reply(tid 0: 0 ) v1 ==== 8+0+595 (secure 0 0 0) 0x7f559007a790 con 0x7f5574036830
2024-04-23T14:37:46.097 INFO:teuthology.orchestra.run.smithi081.stdout:/usr/bin/ceph: stderr
2024-04-23T14:37:45.400+0000 7f5595600700 1 -- 172.21.15.81:0/712260514 >> [v2:172.21.15.81:6800/2072638798,v1:172.21.15.81:6801/2072638798] conn(0x7f5574036830 msgr2=0x7f5574038ce0 secure :-1 s=STATE_CONNECTION_ESTABLISHED l=1).mark_down
2024-04-23T14:37:46.098 INFO:teuthology.orchestra.run.smithi081.stdout:/usr/bin/ceph: stderr
2024-04-23T14:37:45.400+0000 7f5595600700 1 --2- 172.21.15.81:0/712260514 >> [v2:172.21.15.81:6800/2072638798,v1:172.21.15.81:6801/2072638798] conn(0x7f5574036830 0x7f5574038ce0 secure :-1 s=READY pgs=10 cs=0 l=1 rev1=1 crypto rx=0x7f557c009990 tx=0x7f557c006e40 comp rx=0 tx=0).stop
2024-04-23T14:37:46.098 INFO:teuthology.orchestra.run.smithi081.stdout:/usr/bin/ceph: stderr
2024-04-23T14:37:45.400+0000 7f5595600700 1 -- 172.21.15.81:0/712260514 >> [v2:172.21.15.81:3300/0,v1:172.21.15.81:6789/0] conn(0x7f559007cff0 msgr2=0x7f5590117c00 secure :-1 s=STATE_CONNECTION_ESTABLISHED l=1).mark_down
2024-04-23T14:37:46.098 INFO:teuthology.orchestra.run.smithi081.stdout:/usr/bin/ceph: stderr
2024-04-23T14:37:45.400+0000 7f5595600700 1 --2- 172.21.15.81:0/712260514 >> [v2:172.21.15.81:3300/0,v1:172.21.15.81:6789/0] conn(0x7f559007cff0 0x7f5590117c00 secure :-1 s=READY pgs=44 cs=0 l=1 rev1=1 crypto rx=0x7f5580000c00 tx=0x7f5580009250 comp rx=0 tx=0).stop
2024-04-23T14:37:46.098 INFO:teuthology.orchestra.run.smithi081.stdout:/usr/bin/ceph: stderr
2024-04-23T14:37:45.400+0000 7f5595600700 1 -- 172.21.15.81:0/712260514 shutdown_connections
2024-04-23T14:37:46.098 INFO:teuthology.orchestra.run.smithi081.stdout:/usr/bin/ceph: stderr
2024-04-23T14:37:45.400+0000 7f5595600700 1 --2- 172.21.15.81:0/712260514 >> [v2:172.21.15.81:6800/2072638798,v1:172.21.15.81:6801/2072638798] conn(0x7f5574036830 0x7f5574038ce0 unknown :-1 s=CLOSED pgs=10 cs=0 l=1 rev1=1 crypto rx=0 tx=0 comp rx=0 tx=0).stop
2024-04-23T14:37:46.098 INFO:teuthology.orchestra.run.smithi081.stdout:/usr/bin/ceph: stderr
2024-04-23T14:37:45.400+0000 7f5595600700 1 --2- 172.21.15.81:0/712260514 >> [v2:172.21.15.81:3300/0,v1:172.21.15.81:6789/0] conn(0x7f559007cff0 0x7f5590117c00 unknown :-1 s=CLOSED pgs=44 cs=0 l=1 rev1=1 crypto rx=0 tx=0 comp rx=0 tx=0).stop
2024-04-23T14:37:46.098 INFO:teuthology.orchestra.run.smithi081.stdout:/usr/bin/ceph: stderr
2024-04-23T14:37:45.400+0000 7f5595600700 1 -- 172.21.15.81:0/712260514 >> 172.21.15.81:0/712260514 conn(0x7f5590078540 msgr2=0x7f559007a080 unknown :-1 s=STATE_NONE l=0).mark_down
2024-04-23T14:37:46.098 INFO:teuthology.orchestra.run.smithi081.stdout:/usr/bin/ceph: stderr
2024-04-23T14:37:45.400+0000 7f5595600700 1 -- 172.21.15.81:0/712260514 shutdown_connections
2024-04-23T14:37:46.098 INFO:teuthology.orchestra.run.smithi081.stdout:/usr/bin/ceph: stderr
2024-04-23T14:37:45.401+0000 7f5595600700 1 -- 172.21.15.81:0/712260514 wait complete.
2024-04-23T14:37:46.098 INFO:teuthology.orchestra.run.smithi081.stdout:Wrote public SSH key to /home/ubuntu/cephtest/ceph.pub
2024-04-23T14:37:46.098 INFO:teuthology.orchestra.run.smithi081.stdout:Adding key to root@localhost authorized_keys...
2024-04-23T14:37:46.102 INFO:teuthology.orchestra.run.smithi081.stdout:Adding host smithi081...
2024-04-23T14:37:48.147 INFO:journalctl@ceph.mon.smithi081.smithi081.stdout:Apr 23 14:37:47 smithi081 ceph-mon[25540]: from='client.14140 -' entity='client.admin' cmd=[{"prefix": "orch host add", "hostname": "smithi081", "addr": "172.21.15.81", "target": ["mon-mgr", ""]}]: dispatch
2024-04-23T14:37:48.974 INFO:journalctl@ceph.mon.smithi081.smithi081.stdout:Apr 23 14:37:48 smithi081 ceph-mon[25540]: Deploying cephadm binary to smithi081
2024-04-23T14:37:51.015 INFO:teuthology.orchestra.run.smithi081.stdout:/usr/bin/ceph: stdout Added host 'smithi081' with addr '172.21.15.81'
2024-04-23T14:37:51.015 INFO:teuthology.orchestra.run.smithi081.stdout:/usr/bin/ceph: stderr
2024-04-23T14:37:46.700+0000 7f53d9a00700 1 Processor -- start
2024-04-23T14:37:51.015 INFO:teuthology.orchestra.run.smithi081.stdout:/usr/bin/ceph: stderr
2024-04-23T14:37:46.700+0000 7f53d9a00700 1 -- start start
2024-04-23T14:37:51.015 INFO:teuthology.orchestra.run.smithi081.stdout:/usr/bin/ceph: stderr
2024-04-23T14:37:46.701+0000 7f53d9a00700 1 --2- >> [v2:172.21.15.81:3300/0,v1:172.21.15.81:6789/0] conn(0x7f53d4077be0 0x7f53d4076190 unknown :-1 s=NONE pgs=0 cs=0 l=0 rev1=0 crypto rx=0 tx=0 comp rx=0 tx=0).connect
2024-04-23T14:37:51.015 INFO:teuthology.orchestra.run.smithi081.stdout:/usr/bin/ceph: stderr
2024-04-23T14:37:46.701+0000 7f53d9a00700 1 -- --> [v2:172.21.15.81:3300/0,v1:172.21.15.81:6789/0] -- mon_getmap magic: 0 v1 -- 0x7f53d4077ff0 con 0x7f53d4077be0
2024-04-23T14:37:51.015 INFO:teuthology.orchestra.run.smithi081.stdout:/usr/bin/ceph: stderr
2024-04-23T14:37:46.701+0000 7f53d2a00700 1 --2- >> [v2:172.21.15.81:3300/0,v1:172.21.15.81:6789/0] conn(0x7f53d4077be0 0x7f53d4076190 unknown :-1 s=BANNER_CONNECTING pgs=0 cs=0 l=0 rev1=0 crypto rx=0 tx=0 comp rx=0 tx=0)._handle_peer_banner_payload supported=3 required=0
2024-04-23T14:37:51.015 INFO:teuthology.orchestra.run.smithi081.stdout:/usr/bin/ceph: stderr
2024-04-23T14:37:46.701+0000 7f53d2a00700 1 --2- >> [v2:172.21.15.81:3300/0,v1:172.21.15.81:6789/0] conn(0x7f53d4077be0 0x7f53d4076190 unknown :-1 s=HELLO_CONNECTING pgs=0 cs=0 l=0 rev1=1 crypto rx=0 tx=0 comp rx=0 tx=0).handle_hello peer v2:172.21.15.81:3300/0 says I am v2:172.21.15.81:40864/0 (socket says 172.21.15.81:40864)
2024-04-23T14:37:51.015 INFO:teuthology.orchestra.run.smithi081.stdout:/usr/bin/ceph: stderr
2024-04-23T14:37:46.701+0000 7f53d2a00700 1 -- 172.21.15.81:0/3362324505 learned_addr learned my addr 172.21.15.81:0/3362324505 (peer_addr_for_me v2:172.21.15.81:0/0)
2024-04-23T14:37:51.015 INFO:teuthology.orchestra.run.smithi081.stdout:/usr/bin/ceph: stderr
2024-04-23T14:37:46.702+0000 7f53d2a00700 1 -- 172.21.15.81:0/3362324505 --> [v2:172.21.15.81:3300/0,v1:172.21.15.81:6789/0] -- mon_subscribe({config=0+,monmap=0+}) v3 -- 0x7f53d40766d0 con 0x7f53d4077be0
2024-04-23T14:37:51.015 INFO:teuthology.orchestra.run.smithi081.stdout:/usr/bin/ceph: stderr
2024-04-23T14:37:46.702+0000 7f53d2a00700 1 --2- 172.21.15.81:0/3362324505 >> [v2:172.21.15.81:3300/0,v1:172.21.15.81:6789/0] conn(0x7f53d4077be0 0x7f53d4076190 secure :-1 s=READY pgs=45 cs=0 l=1 rev1=1 crypto rx=0x7f53c40098e0 tx=0x7f53c4009250 comp rx=0 tx=0).ready entity=mon.0 client_cookie=40effa38926a870a server_cookie=0 in_seq=0 out_seq=0
2024-04-23T14:37:51.015 INFO:teuthology.orchestra.run.smithi081.stdout:/usr/bin/ceph: stderr
2024-04-23T14:37:46.702+0000 7f53d1600700 1 -- 172.21.15.81:0/3362324505 <== mon.0 v2:172.21.15.81:3300/0 1 ==== mon_map magic: 0 v1 ==== 229+0+0 (secure 0 0 0) 0x7f53c400b860 con 0x7f53d4077be0
2024-04-23T14:37:51.016 INFO:teuthology.orchestra.run.smithi081.stdout:/usr/bin/ceph: stderr
2024-04-23T14:37:46.703+0000 7f53d1600700 1 -- 172.21.15.81:0/3362324505 <== mon.0 v2:172.21.15.81:3300/0 2 ==== config(27 keys) v1 ==== 1044+0+0 (secure 0 0 0) 0x7f53c400be50 con 0x7f53d4077be0
2024-04-23T14:37:51.019 INFO:teuthology.orchestra.run.smithi081.stdout:/usr/bin/ceph: stderr
2024-04-23T14:37:46.703+0000 7f53d1600700 1 -- 172.21.15.81:0/3362324505 <== mon.0 v2:172.21.15.81:3300/0 3 ==== mon_map magic: 0 v1 ==== 229+0+0 (secure 0 0 0) 0x7f53c4010380 con 0x7f53d4077be0
2024-04-23T14:37:51.020 INFO:teuthology.orchestra.run.smithi081.stdout:/usr/bin/ceph: stderr
2024-04-23T14:37:46.703+0000 7f53d9a00700 1 -- 172.21.15.81:0/3362324505 >> [v2:172.21.15.81:3300/0,v1:172.21.15.81:6789/0] conn(0x7f53d4077be0 msgr2=0x7f53d4076190 secure :-1 s=STATE_CONNECTION_ESTABLISHED l=1).mark_down
2024-04-23T14:37:51.020 INFO:teuthology.orchestra.run.smithi081.stdout:/usr/bin/ceph: stderr
2024-04-23T14:37:46.703+0000 7f53d9a00700 1 --2- 172.21.15.81:0/3362324505 >> [v2:172.21.15.81:3300/0,v1:172.21.15.81:6789/0] conn(0x7f53d4077be0 0x7f53d4076190 secure :-1 s=READY pgs=45 cs=0 l=1 rev1=1 crypto rx=0x7f53c40098e0 tx=0x7f53c4009250 comp rx=0 tx=0).stop
2024-04-23T14:37:51.020 INFO:teuthology.orchestra.run.smithi081.stdout:/usr/bin/ceph: stderr
2024-04-23T14:37:46.703+0000 7f53d9a00700 1 -- 172.21.15.81:0/3362324505 shutdown_connections
2024-04-23T14:37:51.020 INFO:teuthology.orchestra.run.smithi081.stdout:/usr/bin/ceph: stderr
2024-04-23T14:37:46.703+0000 7f53d9a00700 1 --2- 172.21.15.81:0/3362324505 >> [v2:172.21.15.81:3300/0,v1:172.21.15.81:6789/0] conn(0x7f53d4077be0 0x7f53d4076190 unknown :-1 s=CLOSED pgs=45 cs=0 l=1 rev1=1 crypto rx=0 tx=0 comp rx=0 tx=0).stop
2024-04-23T14:37:51.020 INFO:teuthology.orchestra.run.smithi081.stdout:/usr/bin/ceph: stderr
2024-04-23T14:37:46.703+0000 7f53d9a00700 1 -- 172.21.15.81:0/3362324505 >> 172.21.15.81:0/3362324505 conn(0x7f53d40fe0e0 msgr2=0x7f53d41004f0 unknown :-1 s=STATE_NONE l=0).mark_down
2024-04-23T14:37:51.020 INFO:teuthology.orchestra.run.smithi081.stdout:/usr/bin/ceph: stderr
2024-04-23T14:37:46.703+0000 7f53d9a00700 1 -- 172.21.15.81:0/3362324505 shutdown_connections
2024-04-23T14:37:51.020 INFO:teuthology.orchestra.run.smithi081.stdout:/usr/bin/ceph: stderr
2024-04-23T14:37:46.703+0000 7f53d9a00700 1 -- 172.21.15.81:0/3362324505 wait complete.
2024-04-23T14:37:51.020 INFO:teuthology.orchestra.run.smithi081.stdout:/usr/bin/ceph: stderr
2024-04-23T14:37:46.704+0000 7f53d9a00700 1 Processor -- start
2024-04-23T14:37:51.020 INFO:teuthology.orchestra.run.smithi081.stdout:/usr/bin/ceph: stderr
2024-04-23T14:37:46.704+0000 7f53d9a00700 1 -- start start
2024-04-23T14:37:51.020 INFO:teuthology.orchestra.run.smithi081.stdout:/usr/bin/ceph: stderr
2024-04-23T14:37:46.705+0000 7f53d9a00700 1 --2- >> [v2:172.21.15.81:3300/0,v1:172.21.15.81:6789/0] conn(0x7f53d4077be0 0x7f53d4113990 unknown :-1 s=NONE pgs=0 cs=0 l=1 rev1=0 crypto rx=0 tx=0 comp rx=0 tx=0).connect
2024-04-23T14:37:51.020 INFO:teuthology.orchestra.run.smithi081.stdout:/usr/bin/ceph: stderr
2024-04-23T14:37:46.705+0000 7f53d9a00700 1 -- --> [v2:172.21.15.81:3300/0,v1:172.21.15.81:6789/0] -- mon_getmap magic: 0 v1 -- 0x7f53d4113ed0 con 0x7f53d4077be0
2024-04-23T14:37:51.020 INFO:teuthology.orchestra.run.smithi081.stdout:/usr/bin/ceph: stderr
2024-04-23T14:37:46.705+0000 7f53d2a00700 1 --2- >> [v2:172.21.15.81:3300/0,v1:172.21.15.81:6789/0] conn(0x7f53d4077be0 0x7f53d4113990 unknown :-1 s=BANNER_CONNECTING pgs=0 cs=0 l=1 rev1=0 crypto rx=0 tx=0 comp rx=0 tx=0)._handle_peer_banner_payload supported=3 required=0
2024-04-23T14:37:51.020 INFO:teuthology.orchestra.run.smithi081.stdout:/usr/bin/ceph: stderr
2024-04-23T14:37:46.705+0000 7f53d2a00700 1 --2- >> [v2:172.21.15.81:3300/0,v1:172.21.15.81:6789/0] conn(0x7f53d4077be0 0x7f53d4113990 unknown :-1 s=HELLO_CONNECTING pgs=0 cs=0 l=1 rev1=1 crypto rx=0 tx=0 comp rx=0 tx=0).handle_hello peer v2:172.21.15.81:3300/0 says I am v2:172.21.15.81:40878/0 (socket says 172.21.15.81:40878)
2024-04-23T14:37:51.020 INFO:teuthology.orchestra.run.smithi081.stdout:/usr/bin/ceph: stderr
2024-04-23T14:37:46.705+0000 7f53d2a00700 1 -- 172.21.15.81:0/3512302622 learned_addr learned my addr 172.21.15.81:0/3512302622 (peer_addr_for_me v2:172.21.15.81:0/0)
2024-04-23T14:37:51.021 INFO:teuthology.orchestra.run.smithi081.stdout:/usr/bin/ceph: stderr
2024-04-23T14:37:46.705+0000 7f53d2a00700 1 -- 172.21.15.81:0/3512302622 --> [v2:172.21.15.81:3300/0,v1:172.21.15.81:6789/0] -- mon_subscribe({config=0+,monmap=0+}) v3 -- 0x7f53c40094f0 con 0x7f53d4077be0
2024-04-23T14:37:51.021 INFO:teuthology.orchestra.run.smithi081.stdout:/usr/bin/ceph: stderr
2024-04-23T14:37:46.706+0000 7f53d2a00700 1 --2- 172.21.15.81:0/3512302622 >> [v2:172.21.15.81:3300/0,v1:172.21.15.81:6789/0] conn(0x7f53d4077be0 0x7f53d4113990 secure :-1 s=READY pgs=46 cs=0 l=1 rev1=1 crypto rx=0x7f53c4011bd0 tx=0x7f53c4009250 comp rx=0 tx=0).ready entity=mon.0 client_cookie=0 server_cookie=0 in_seq=0 out_seq=0
2024-04-23T14:37:51.021 INFO:teuthology.orchestra.run.smithi081.stdout:/usr/bin/ceph: stderr
2024-04-23T14:37:46.706+0000 7f53caa00700 1 -- 172.21.15.81:0/3512302622 <== mon.0 v2:172.21.15.81:3300/0 1 ==== mon_map magic: 0 v1 ==== 229+0+0 (secure 0 0 0) 0x7f53c40107c0 con 0x7f53d4077be0
2024-04-23T14:37:51.021 INFO:teuthology.orchestra.run.smithi081.stdout:/usr/bin/ceph: stderr
2024-04-23T14:37:46.706+0000 7f53caa00700 1 -- 172.21.15.81:0/3512302622 <== mon.0 v2:172.21.15.81:3300/0 2 ==== config(27 keys) v1 ==== 1044+0+0 (secure 0 0 0) 0x7f53c4010db0 con 0x7f53d4077be0
2024-04-23T14:37:51.021 INFO:teuthology.orchestra.run.smithi081.stdout:/usr/bin/ceph: stderr
2024-04-23T14:37:46.706+0000 7f53caa00700 1 -- 172.21.15.81:0/3512302622 <== mon.0 v2:172.21.15.81:3300/0 3 ==== mon_map magic: 0 v1 ==== 229+0+0 (secure 0 0 0) 0x7f53c401ad00 con 0x7f53d4077be0
2024-04-23T14:37:51.021 INFO:teuthology.orchestra.run.smithi081.stdout:/usr/bin/ceph: stderr
2024-04-23T14:37:46.706+0000 7f53d9a00700 1 -- 172.21.15.81:0/3512302622 --> [v2:172.21.15.81:3300/0,v1:172.21.15.81:6789/0] -- mon_subscribe({mgrmap=0+}) v3 -- 0x7f53d41140d0 con 0x7f53d4077be0
2024-04-23T14:37:51.021 INFO:teuthology.orchestra.run.smithi081.stdout:/usr/bin/ceph: stderr
2024-04-23T14:37:46.706+0000 7f53d9a00700 1 -- 172.21.15.81:0/3512302622 --> [v2:172.21.15.81:3300/0,v1:172.21.15.81:6789/0] -- mon_subscribe({osdmap=0}) v3 -- 0x7f53d4114c40 con 0x7f53d4077be0
2024-04-23T14:37:51.021 INFO:teuthology.orchestra.run.smithi081.stdout:/usr/bin/ceph: stderr
2024-04-23T14:37:46.707+0000 7f53caa00700 1 -- 172.21.15.81:0/3512302622 <== mon.0 v2:172.21.15.81:3300/0 4 ==== mgrmap(e 8) v1 ==== 43376+0+0 (secure 0 0 0) 0x7f53c401a560 con 0x7f53d4077be0
2024-04-23T14:37:51.021 INFO:teuthology.orchestra.run.smithi081.stdout:/usr/bin/ceph: stderr
2024-04-23T14:37:46.707+0000 7f53d9a00700 1 -- 172.21.15.81:0/3512302622 --> [v2:172.21.15.81:3300/0,v1:172.21.15.81:6789/0] -- mon_command({"prefix": "get_command_descriptions"} v 0) v1 -- 0x7f53d405f5f0 con 0x7f53d4077be0
2024-04-23T14:37:51.021 INFO:teuthology.orchestra.run.smithi081.stdout:/usr/bin/ceph: stderr
2024-04-23T14:37:46.708+0000 7f53caa00700 1 --2- 172.21.15.81:0/3512302622 >> [v2:172.21.15.81:6800/2072638798,v1:172.21.15.81:6801/2072638798] conn(0x7f53b8036790 0x7f53b8038c40 unknown :-1 s=NONE pgs=0 cs=0 l=1 rev1=0 crypto rx=0 tx=0 comp rx=0 tx=0).connect
2024-04-23T14:37:51.021 INFO:teuthology.orchestra.run.smithi081.stdout:/usr/bin/ceph: stderr
2024-04-23T14:37:46.708+0000 7f53caa00700 1 -- 172.21.15.81:0/3512302622 <== mon.0 v2:172.21.15.81:3300/0 5 ==== osd_map(2..2 src has 1..2) v4 ==== 936+0+0 (secure 0 0 0) 0x7f53c404a200 con 0x7f53d4077be0
2024-04-23T14:37:51.022 INFO:teuthology.orchestra.run.smithi081.stdout:/usr/bin/ceph: stderr
2024-04-23T14:37:46.708+0000 7f53d2000700 1 --2- 172.21.15.81:0/3512302622 >> [v2:172.21.15.81:6800/2072638798,v1:172.21.15.81:6801/2072638798] conn(0x7f53b8036790 0x7f53b8038c40 unknown :-1 s=BANNER_CONNECTING pgs=0 cs=0 l=1 rev1=0 crypto rx=0 tx=0 comp rx=0 tx=0)._handle_peer_banner_payload supported=3 required=0
2024-04-23T14:37:51.022 INFO:teuthology.orchestra.run.smithi081.stdout:/usr/bin/ceph: stderr
2024-04-23T14:37:46.709+0000 7f53d2000700 1 --2- 172.21.15.81:0/3512302622 >> [v2:172.21.15.81:6800/2072638798,v1:172.21.15.81:6801/2072638798] conn(0x7f53b8036790 0x7f53b8038c40 secure :-1 s=READY pgs=11 cs=0 l=1 rev1=1 crypto rx=0x7f53c0009990 tx=0x7f53c0006e40 comp rx=0 tx=0).ready entity=mgr.14120 client_cookie=0 server_cookie=0 in_seq=0 out_seq=0
2024-04-23T14:37:51.022 INFO:teuthology.orchestra.run.smithi081.stdout:/usr/bin/ceph: stderr
2024-04-23T14:37:46.713+0000 7f53caa00700 1 -- 172.21.15.81:0/3512302622 <== mon.0 v2:172.21.15.81:3300/0 6 ==== mon_command_ack([{"prefix": "get_command_descriptions"}]=0 v0) v1 ==== 72+0+176702 (secure 0 0 0) 0x7f53c4024590 con 0x7f53d4077be0
2024-04-23T14:37:51.022 INFO:teuthology.orchestra.run.smithi081.stdout:/usr/bin/ceph: stderr
2024-04-23T14:37:46.929+0000 7f53d9a00700 1 -- 172.21.15.81:0/3512302622 --> [v2:172.21.15.81:6800/2072638798,v1:172.21.15.81:6801/2072638798] -- mgr_command(tid 0: {"prefix": "orch host add", "hostname": "smithi081", "addr": "172.21.15.81", "target": ["mon-mgr", ""]}) v1 -- 0x7f53d40ff4b0 con 0x7f53b8036790
2024-04-23T14:37:51.022 INFO:teuthology.orchestra.run.smithi081.stdout:/usr/bin/ceph: stderr
2024-04-23T14:37:50.339+0000 7f53caa00700 1 -- 172.21.15.81:0/3512302622 <== mgr.14120 v2:172.21.15.81:6800/2072638798 1 ==== mgr_command_reply(tid 0: 0 ) v1 ==== 8+0+48 (secure 0 0 0) 0x7f53d40ff4b0 con 0x7f53b8036790
2024-04-23T14:37:51.022 INFO:teuthology.orchestra.run.smithi081.stdout:/usr/bin/ceph: stderr
2024-04-23T14:37:50.343+0000 7f53d9a00700 1 -- 172.21.15.81:0/3512302622 >> [v2:172.21.15.81:6800/2072638798,v1:172.21.15.81:6801/2072638798] conn(0x7f53b8036790 msgr2=0x7f53b8038c40 secure :-1 s=STATE_CONNECTION_ESTABLISHED l=1).mark_down
2024-04-23T14:37:51.022 INFO:teuthology.orchestra.run.smithi081.stdout:/usr/bin/ceph: stderr
2024-04-23T14:37:50.343+0000 7f53d9a00700 1 --2- 172.21.15.81:0/3512302622 >> [v2:172.21.15.81:6800/2072638798,v1:172.21.15.81:6801/2072638798] conn(0x7f53b8036790 0x7f53b8038c40 secure :-1 s=READY pgs=11 cs=0 l=1 rev1=1 crypto rx=0x7f53c0009990 tx=0x7f53c0006e40 comp rx=0 tx=0).stop
2024-04-23T14:37:51.022 INFO:teuthology.orchestra.run.smithi081.stdout:/usr/bin/ceph: stderr
2024-04-23T14:37:50.343+0000 7f53d9a00700 1 -- 172.21.15.81:0/3512302622 >> [v2:172.21.15.81:3300/0,v1:172.21.15.81:6789/0] conn(0x7f53d4077be0 msgr2=0x7f53d4113990 secure :-1 s=STATE_CONNECTION_ESTABLISHED l=1).mark_down
2024-04-23T14:37:51.024 INFO:teuthology.orchestra.run.smithi081.stdout:/usr/bin/ceph: stderr
2024-04-23T14:37:50.343+0000 7f53d9a00700 1 --2- 172.21.15.81:0/3512302622 >> [v2:172.21.15.81:3300/0,v1:172.21.15.81:6789/0] conn(0x7f53d4077be0 0x7f53d4113990 secure :-1 s=READY pgs=46 cs=0 l=1 rev1=1 crypto rx=0x7f53c4011bd0 tx=0x7f53c4009250 comp rx=0 tx=0).stop
2024-04-23T14:37:51.024 INFO:teuthology.orchestra.run.smithi081.stdout:/usr/bin/ceph: stderr
2024-04-23T14:37:50.344+0000 7f53d9a00700 1 -- 172.21.15.81:0/3512302622 shutdown_connections
2024-04-23T14:37:51.024 INFO:teuthology.orchestra.run.smithi081.stdout:/usr/bin/ceph: stderr
2024-04-23T14:37:50.344+0000 7f53d9a00700 1 --2- 172.21.15.81:0/3512302622 >> [v2:172.21.15.81:6800/2072638798,v1:172.21.15.81:6801/2072638798] conn(0x7f53b8036790 0x7f53b8038c40 unknown :-1 s=CLOSED pgs=11 cs=0 l=1 rev1=1 crypto rx=0 tx=0 comp rx=0 tx=0).stop
2024-04-23T14:37:51.025 INFO:teuthology.orchestra.run.smithi081.stdout:/usr/bin/ceph: stderr
2024-04-23T14:37:50.344+0000 7f53d9a00700 1 --2- 172.21.15.81:0/3512302622 >> [v2:172.21.15.81:3300/0,v1:172.21.15.81:6789/0] conn(0x7f53d4077be0 0x7f53d4113990 unknown :-1 s=CLOSED pgs=46 cs=0 l=1 rev1=1 crypto rx=0 tx=0 comp rx=0 tx=0).stop
2024-04-23T14:37:51.025 INFO:teuthology.orchestra.run.smithi081.stdout:/usr/bin/ceph: stderr
2024-04-23T14:37:50.344+0000 7f53d9a00700 1 -- 172.21.15.81:0/3512302622 >> 172.21.15.81:0/3512302622 conn(0x7f53d40fe0e0 msgr2=0x7f53d40fece0 unknown :-1 s=STATE_NONE l=0).mark_down
2024-04-23T14:37:51.025 INFO:teuthology.orchestra.run.smithi081.stdout:/usr/bin/ceph: stderr
2024-04-23T14:37:50.344+0000 7f53d9a00700 1 -- 172.21.15.81:0/3512302622 shutdown_connections
2024-04-23T14:37:51.025 INFO:teuthology.orchestra.run.smithi081.stdout:/usr/bin/ceph: stderr
2024-04-23T14:37:50.344+0000 7f53d9a00700 1 -- 172.21.15.81:0/3512302622 wait complete.
2024-04-23T14:37:51.025 INFO:teuthology.orchestra.run.smithi081.stdout:Deploying mon service with default placement...
2024-04-23T14:37:51.613 INFO:journalctl@ceph.mon.smithi081.smithi081.stdout:Apr 23 14:37:51 smithi081 ceph-mon[25540]: from='mgr.14120 172.21.15.81:0/2042221483' entity='mgr.smithi081.ldghvq'
2024-04-23T14:37:51.613 INFO:journalctl@ceph.mon.smithi081.smithi081.stdout:Apr 23 14:37:51 smithi081 ceph-mon[25540]: Added host smithi081
2024-04-23T14:37:51.613 INFO:journalctl@ceph.mon.smithi081.smithi081.stdout:Apr 23 14:37:51 smithi081 ceph-mon[25540]: from='mgr.14120 172.21.15.81:0/2042221483' entity='mgr.smithi081.ldghvq' cmd=[{"prefix": "config dump", "format": "json"}]: dispatch
2024-04-23T14:37:52.634 INFO:teuthology.orchestra.run.smithi081.stdout:/usr/bin/ceph: stdout Scheduled mon update...
2024-04-23T14:37:52.634 INFO:teuthology.orchestra.run.smithi081.stdout:/usr/bin/ceph: stderr
2024-04-23T14:37:51.669+0000 7f035fe00700 1 Processor -- start
2024-04-23T14:37:52.634 INFO:teuthology.orchestra.run.smithi081.stdout:/usr/bin/ceph: stderr
2024-04-23T14:37:51.669+0000 7f035fe00700 1 -- start start
2024-04-23T14:37:52.634 INFO:teuthology.orchestra.run.smithi081.stdout:/usr/bin/ceph: stderr
2024-04-23T14:37:51.670+0000 7f035fe00700 1 --2- >> [v2:172.21.15.81:3300/0,v1:172.21.15.81:6789/0] conn(0x7f0358077ab0 0x7f0358076150 unknown :-1 s=NONE pgs=0 cs=0 l=0 rev1=0 crypto rx=0 tx=0 comp rx=0 tx=0).connect
2024-04-23T14:37:52.634 INFO:teuthology.orchestra.run.smithi081.stdout:/usr/bin/ceph: stderr
2024-04-23T14:37:51.670+0000 7f035fe00700 1 -- --> [v2:172.21.15.81:3300/0,v1:172.21.15.81:6789/0] -- mon_getmap magic: 0 v1 -- 0x7f0358077ec0 con 0x7f0358077ab0
2024-04-23T14:37:52.634 INFO:teuthology.orchestra.run.smithi081.stdout:/usr/bin/ceph: stderr
2024-04-23T14:37:51.670+0000 7f035d400700 1 --2- >> [v2:172.21.15.81:3300/0,v1:172.21.15.81:6789/0] conn(0x7f0358077ab0 0x7f0358076150 unknown :-1 s=BANNER_CONNECTING pgs=0 cs=0 l=0 rev1=0 crypto rx=0 tx=0 comp rx=0 tx=0)._handle_peer_banner_payload supported=3 required=0
2024-04-23T14:37:52.634 INFO:teuthology.orchestra.run.smithi081.stdout:/usr/bin/ceph: stderr
2024-04-23T14:37:51.670+0000 7f035d400700 1 --2- >> [v2:172.21.15.81:3300/0,v1:172.21.15.81:6789/0] conn(0x7f0358077ab0 0x7f0358076150 unknown :-1 s=HELLO_CONNECTING pgs=0 cs=0 l=0 rev1=1 crypto rx=0 tx=0 comp rx=0 tx=0).handle_hello peer v2:172.21.15.81:3300/0 says I am v2:172.21.15.81:40886/0 (socket says 172.21.15.81:40886)
2024-04-23T14:37:52.634 INFO:teuthology.orchestra.run.smithi081.stdout:/usr/bin/ceph: stderr
2024-04-23T14:37:51.670+0000 7f035d400700 1 -- 172.21.15.81:0/2229187147 learned_addr learned my addr 172.21.15.81:0/2229187147 (peer_addr_for_me v2:172.21.15.81:0/0)
2024-04-23T14:37:52.635 INFO:teuthology.orchestra.run.smithi081.stdout:/usr/bin/ceph: stderr
2024-04-23T14:37:51.671+0000 7f035d400700 1 -- 172.21.15.81:0/2229187147 --> [v2:172.21.15.81:3300/0,v1:172.21.15.81:6789/0] -- mon_subscribe({config=0+,monmap=0+}) v3 -- 0x7f0358078000 con 0x7f0358077ab0
2024-04-23T14:37:52.635 INFO:teuthology.orchestra.run.smithi081.stdout:/usr/bin/ceph: stderr
2024-04-23T14:37:51.671+0000 7f035d400700 1 --2- 172.21.15.81:0/2229187147 >> [v2:172.21.15.81:3300/0,v1:172.21.15.81:6789/0] conn(0x7f0358077ab0 0x7f0358076150 secure :-1 s=READY pgs=47 cs=0 l=1 rev1=1 crypto rx=0x7f034c009e50 tx=0x7f034c009840 comp rx=0 tx=0).ready entity=mon.0 client_cookie=6719102f20886c95 server_cookie=0 in_seq=0 out_seq=0
2024-04-23T14:37:52.635 INFO:teuthology.orchestra.run.smithi081.stdout:/usr/bin/ceph: stderr
2024-04-23T14:37:51.672+0000 7f0357e00700 1 -- 172.21.15.81:0/2229187147 <== mon.0 v2:172.21.15.81:3300/0 1 ==== mon_map magic: 0 v1 ==== 229+0+0 (secure 0 0 0) 0x7f034c0092e0 con 0x7f0358077ab0
2024-04-23T14:37:52.635 INFO:teuthology.orchestra.run.smithi081.stdout:/usr/bin/ceph: stderr
2024-04-23T14:37:51.672+0000 7f0357e00700 1 -- 172.21.15.81:0/2229187147 <== mon.0 v2:172.21.15.81:3300/0 2 ==== config(27 keys) v1 ==== 1044+0+0 (secure 0 0 0) 0x7f034c012430 con 0x7f0358077ab0
2024-04-23T14:37:52.635 INFO:teuthology.orchestra.run.smithi081.stdout:/usr/bin/ceph: stderr
2024-04-23T14:37:51.672+0000 7f0357e00700 1 -- 172.21.15.81:0/2229187147 <== mon.0 v2:172.21.15.81:3300/0 3 ==== mon_map magic: 0 v1 ==== 229+0+0 (secure 0 0 0) 0x7f034c0075c0 con 0x7f0358077ab0
2024-04-23T14:37:52.635 INFO:teuthology.orchestra.run.smithi081.stdout:/usr/bin/ceph: stderr
2024-04-23T14:37:51.673+0000 7f035fe00700 1 -- 172.21.15.81:0/2229187147 >> [v2:172.21.15.81:3300/0,v1:172.21.15.81:6789/0] conn(0x7f0358077ab0 msgr2=0x7f0358076150 secure :-1 s=STATE_CONNECTION_ESTABLISHED l=1).mark_down
2024-04-23T14:37:52.635 INFO:teuthology.orchestra.run.smithi081.stdout:/usr/bin/ceph: stderr
2024-04-23T14:37:51.673+0000 7f035fe00700 1 --2- 172.21.15.81:0/2229187147 >> [v2:172.21.15.81:3300/0,v1:172.21.15.81:6789/0] conn(0x7f0358077ab0 0x7f0358076150 secure :-1 s=READY pgs=47 cs=0 l=1 rev1=1 crypto rx=0x7f034c009e50 tx=0x7f034c009840 comp rx=0 tx=0).stop
2024-04-23T14:37:52.635 INFO:teuthology.orchestra.run.smithi081.stdout:/usr/bin/ceph: stderr
2024-04-23T14:37:51.673+0000 7f035fe00700 1 -- 172.21.15.81:0/2229187147 shutdown_connections
2024-04-23T14:37:52.635 INFO:teuthology.orchestra.run.smithi081.stdout:/usr/bin/ceph: stderr
2024-04-23T14:37:51.673+0000 7f035fe00700 1 --2- 172.21.15.81:0/2229187147 >> [v2:172.21.15.81:3300/0,v1:172.21.15.81:6789/0] conn(0x7f0358077ab0 0x7f0358076150 unknown :-1 s=CLOSED pgs=47 cs=0 l=1 rev1=1 crypto rx=0 tx=0 comp rx=0 tx=0).stop
2024-04-23T14:37:52.635 INFO:teuthology.orchestra.run.smithi081.stdout:/usr/bin/ceph: stderr
2024-04-23T14:37:51.673+0000 7f035fe00700 1 -- 172.21.15.81:0/2229187147 >> 172.21.15.81:0/2229187147 conn(0x7f03580fe0b0 msgr2=0x7f0358100500 unknown :-1 s=STATE_NONE l=0).mark_down
2024-04-23T14:37:52.635 INFO:teuthology.orchestra.run.smithi081.stdout:/usr/bin/ceph: stderr
2024-04-23T14:37:51.673+0000 7f035fe00700 1 -- 172.21.15.81:0/2229187147 shutdown_connections
2024-04-23T14:37:52.635 INFO:teuthology.orchestra.run.smithi081.stdout:/usr/bin/ceph: stderr
2024-04-23T14:37:51.673+0000 7f035fe00700 1 -- 172.21.15.81:0/2229187147 wait complete.
2024-04-23T14:37:52.635 INFO:teuthology.orchestra.run.smithi081.stdout:/usr/bin/ceph: stderr
2024-04-23T14:37:51.674+0000 7f035fe00700 1 Processor -- start
2024-04-23T14:37:52.636 INFO:teuthology.orchestra.run.smithi081.stdout:/usr/bin/ceph: stderr
2024-04-23T14:37:51.674+0000 7f035fe00700 1 -- start start
2024-04-23T14:37:52.636 INFO:teuthology.orchestra.run.smithi081.stdout:/usr/bin/ceph: stderr
2024-04-23T14:37:51.674+0000 7f035fe00700 1 --2- >> [v2:172.21.15.81:3300/0,v1:172.21.15.81:6789/0] conn(0x7f0358077ab0 0x7f0358113980 unknown :-1 s=NONE pgs=0 cs=0 l=1 rev1=0 crypto rx=0 tx=0 comp rx=0 tx=0).connect
2024-04-23T14:37:52.636 INFO:teuthology.orchestra.run.smithi081.stdout:/usr/bin/ceph: stderr
2024-04-23T14:37:51.674+0000 7f035fe00700 1 -- --> [v2:172.21.15.81:3300/0,v1:172.21.15.81:6789/0] -- mon_getmap magic: 0 v1 -- 0x7f0358113ec0 con 0x7f0358077ab0
2024-04-23T14:37:52.636 INFO:teuthology.orchestra.run.smithi081.stdout:/usr/bin/ceph: stderr
2024-04-23T14:37:51.674+0000 7f035d400700 1 --2- >> [v2:172.21.15.81:3300/0,v1:172.21.15.81:6789/0] conn(0x7f0358077ab0 0x7f0358113980 unknown :-1 s=BANNER_CONNECTING pgs=0 cs=0 l=1 rev1=0 crypto rx=0 tx=0 comp rx=0 tx=0)._handle_peer_banner_payload supported=3 required=0
2024-04-23T14:37:52.636 INFO:teuthology.orchestra.run.smithi081.stdout:/usr/bin/ceph: stderr
2024-04-23T14:37:51.674+0000 7f035d400700 1 --2- >> [v2:172.21.15.81:3300/0,v1:172.21.15.81:6789/0] conn(0x7f0358077ab0 0x7f0358113980 unknown :-1 s=HELLO_CONNECTING pgs=0 cs=0 l=1 rev1=1 crypto rx=0 tx=0 comp rx=0 tx=0).handle_hello peer v2:172.21.15.81:3300/0 says I am v2:172.21.15.81:40894/0 (socket says 172.21.15.81:40894)
2024-04-23T14:37:52.636 INFO:teuthology.orchestra.run.smithi081.stdout:/usr/bin/ceph: stderr
2024-04-23T14:37:51.675+0000 7f035d400700 1 -- 172.21.15.81:0/231674970 learned_addr learned my addr 172.21.15.81:0/231674970 (peer_addr_for_me v2:172.21.15.81:0/0)
2024-04-23T14:37:52.636 INFO:teuthology.orchestra.run.smithi081.stdout:/usr/bin/ceph: stderr
2024-04-23T14:37:51.675+0000 7f035d400700 1 -- 172.21.15.81:0/231674970 --> [v2:172.21.15.81:3300/0,v1:172.21.15.81:6789/0] -- mon_subscribe({config=0+,monmap=0+}) v3 -- 0x7f034c009ae0 con 0x7f0358077ab0
2024-04-23T14:37:52.636 INFO:teuthology.orchestra.run.smithi081.stdout:/usr/bin/ceph: stderr
2024-04-23T14:37:51.675+0000 7f035d400700 1 --2- 172.21.15.81:0/231674970 >> [v2:172.21.15.81:3300/0,v1:172.21.15.81:6789/0] conn(0x7f0358077ab0 0x7f0358113980 secure :-1 s=READY pgs=48 cs=0 l=1 rev1=1 crypto rx=0x7f034c000f80 tx=0x7f034c009840 comp rx=0 tx=0).ready entity=mon.0 client_cookie=0 server_cookie=0 in_seq=0 out_seq=0
2024-04-23T14:37:52.636 INFO:teuthology.orchestra.run.smithi081.stdout:/usr/bin/ceph: stderr
2024-04-23T14:37:51.675+0000 7f0355600700 1 -- 172.21.15.81:0/231674970 <== mon.0 v2:172.21.15.81:3300/0 1 ==== mon_map magic: 0 v1 ==== 229+0+0 (secure 0 0 0) 0x7f034c0092e0 con 0x7f0358077ab0
2024-04-23T14:37:52.636 INFO:teuthology.orchestra.run.smithi081.stdout:/usr/bin/ceph: stderr
2024-04-23T14:37:51.675+0000 7f0355600700 1 -- 172.21.15.81:0/231674970 <== mon.0 v2:172.21.15.81:3300/0 2 ==== config(27 keys) v1 ==== 1044+0+0 (secure 0 0 0) 0x7f034c007cc0 con 0x7f0358077ab0
2024-04-23T14:37:52.636 INFO:teuthology.orchestra.run.smithi081.stdout:/usr/bin/ceph: stderr
2024-04-23T14:37:51.675+0000 7f0355600700 1 -- 172.21.15.81:0/231674970 <== mon.0 v2:172.21.15.81:3300/0 3 ==== mon_map magic: 0 v1 ==== 229+0+0 (secure 0 0 0) 0x7f034c01c960 con 0x7f0358077ab0
2024-04-23T14:37:52.636 INFO:teuthology.orchestra.run.smithi081.stdout:/usr/bin/ceph: stderr
2024-04-23T14:37:51.676+0000 7f035fe00700 1 -- 172.21.15.81:0/231674970 --> [v2:172.21.15.81:3300/0,v1:172.21.15.81:6789/0] -- mon_subscribe({mgrmap=0+}) v3 -- 0x7f03581140c0 con 0x7f0358077ab0
2024-04-23T14:37:52.636 INFO:teuthology.orchestra.run.smithi081.stdout:/usr/bin/ceph: stderr
2024-04-23T14:37:51.676+0000 7f035fe00700 1 -- 172.21.15.81:0/231674970 --> [v2:172.21.15.81:3300/0,v1:172.21.15.81:6789/0] -- mon_subscribe({osdmap=0}) v3 -- 0x7f0358114c30 con 0x7f0358077ab0
2024-04-23T14:37:52.637 INFO:teuthology.orchestra.run.smithi081.stdout:/usr/bin/ceph: stderr
2024-04-23T14:37:51.677+0000 7f035fe00700 1 -- 172.21.15.81:0/231674970 --> [v2:172.21.15.81:3300/0,v1:172.21.15.81:6789/0] -- mon_command({"prefix": "get_command_descriptions"} v 0) v1 -- 0x7f035805f5f0 con 0x7f0358077ab0
2024-04-23T14:37:52.637 INFO:teuthology.orchestra.run.smithi081.stdout:/usr/bin/ceph: stderr
2024-04-23T14:37:51.677+0000 7f0355600700 1 -- 172.21.15.81:0/231674970 <== mon.0 v2:172.21.15.81:3300/0 4 ==== mgrmap(e 8) v1 ==== 43376+0+0 (secure 0 0 0) 0x7f034c019070 con 0x7f0358077ab0
2024-04-23T14:37:52.637 INFO:teuthology.orchestra.run.smithi081.stdout:/usr/bin/ceph: stderr
2024-04-23T14:37:51.678+0000 7f0355600700 1 --2- 172.21.15.81:0/231674970 >> [v2:172.21.15.81:6800/2072638798,v1:172.21.15.81:6801/2072638798] conn(0x7f03400367e0 0x7f0340038c90 unknown :-1 s=NONE pgs=0 cs=0 l=1 rev1=0 crypto rx=0 tx=0 comp rx=0 tx=0).connect
2024-04-23T14:37:52.637 INFO:teuthology.orchestra.run.smithi081.stdout:/usr/bin/ceph: stderr
