2024-04-23T14:38:05.153+0000 7f363d800700 1 --2- >> [v2:172.21.15.44:3300/0,v1:172.21.15.44:6789/0] conn(0x7f363807dd60 0x7f363819e850 unknown :-1 s=BANNER_CONNECTING pgs=0 cs=0 l=1 rev1=0 crypto rx=0 tx=0 comp rx=0 tx=0)._handle_peer_banner_payload supported=3 required=0
2024-04-23T14:38:13.118 INFO:teuthology.orchestra.run.smithi044.stdout:/usr/bin/ceph: stderr
2024-04-23T14:38:05.153+0000 7f363d800700 1 --2- >> [v2:172.21.15.44:3300/0,v1:172.21.15.44:6789/0] conn(0x7f363807dd60 0x7f363819e850 unknown :-1 s=HELLO_CONNECTING pgs=0 cs=0 l=1 rev1=1 crypto rx=0 tx=0 comp rx=0 tx=0).handle_hello peer v2:172.21.15.44:3300/0 says I am v2:172.21.15.44:48814/0 (socket says 172.21.15.44:48814)
2024-04-23T14:38:13.118 INFO:teuthology.orchestra.run.smithi044.stdout:/usr/bin/ceph: stderr
2024-04-23T14:38:05.154+0000 7f363d800700 1 -- 172.21.15.44:0/3499699916 learned_addr learned my addr 172.21.15.44:0/3499699916 (peer_addr_for_me v2:172.21.15.44:0/0)
2024-04-23T14:38:13.118 INFO:teuthology.orchestra.run.smithi044.stdout:/usr/bin/ceph: stderr
2024-04-23T14:38:05.154+0000 7f363d800700 1 -- 172.21.15.44:0/3499699916 --> [v2:172.21.15.44:3300/0,v1:172.21.15.44:6789/0] -- mon_subscribe({config=0+,monmap=0+}) -- 0x7f363819ed90 con 0x7f363807dd60
2024-04-23T14:38:13.118 INFO:teuthology.orchestra.run.smithi044.stdout:/usr/bin/ceph: stderr
2024-04-23T14:38:05.154+0000 7f363d800700 1 --2- 172.21.15.44:0/3499699916 >> [v2:172.21.15.44:3300/0,v1:172.21.15.44:6789/0] conn(0x7f363807dd60 0x7f363819e850 secure :-1 s=READY pgs=62 cs=0 l=1 rev1=1 crypto rx=0x7f362c0117e0 tx=0x7f362c011ba0 comp rx=0 tx=0).ready entity=mon.0 client_cookie=0 server_cookie=0 in_seq=0 out_seq=0
2024-04-23T14:38:13.119 INFO:teuthology.orchestra.run.smithi044.stdout:/usr/bin/ceph: stderr
2024-04-23T14:38:05.155+0000 7f3636000700 1 -- 172.21.15.44:0/3499699916 <== mon.0 v2:172.21.15.44:3300/0 1 ==== mon_map magic: 0 ==== 205+0+0 (secure 0 0 0) 0x7f362c003ba0 con 0x7f363807dd60
2024-04-23T14:38:13.119 INFO:teuthology.orchestra.run.smithi044.stdout:/usr/bin/ceph: stderr
2024-04-23T14:38:05.155+0000 7f3636000700 1 -- 172.21.15.44:0/3499699916 <== mon.0 v2:172.21.15.44:3300/0 2 ==== config(27 keys) ==== 1140+0+0 (secure 0 0 0) 0x7f362c01a910 con 0x7f363807dd60
2024-04-23T14:38:13.119 INFO:teuthology.orchestra.run.smithi044.stdout:/usr/bin/ceph: stderr
2024-04-23T14:38:05.155+0000 7f3636000700 1 -- 172.21.15.44:0/3499699916 <== mon.0 v2:172.21.15.44:3300/0 3 ==== mon_map magic: 0 ==== 205+0+0 (secure 0 0 0) 0x7f362c0248f0 con 0x7f363807dd60
2024-04-23T14:38:13.119 INFO:teuthology.orchestra.run.smithi044.stdout:/usr/bin/ceph: stderr
2024-04-23T14:38:05.155+0000 7f3640200700 1 -- 172.21.15.44:0/3499699916 --> [v2:172.21.15.44:3300/0,v1:172.21.15.44:6789/0] -- mon_subscribe({mgrmap=0+}) -- 0x7f363819f020 con 0x7f363807dd60
2024-04-23T14:38:13.119 INFO:teuthology.orchestra.run.smithi044.stdout:/usr/bin/ceph: stderr
2024-04-23T14:38:05.155+0000 7f3640200700 1 -- 172.21.15.44:0/3499699916 --> [v2:172.21.15.44:3300/0,v1:172.21.15.44:6789/0] -- mon_subscribe({osdmap=0}) -- 0x7f363819f480 con 0x7f363807dd60
2024-04-23T14:38:13.119 INFO:teuthology.orchestra.run.smithi044.stdout:/usr/bin/ceph: stderr
2024-04-23T14:38:05.156+0000 7f3636000700 1 -- 172.21.15.44:0/3499699916 <== mon.0 v2:172.21.15.44:3300/0 4 ==== mgrmap(e 9) ==== 46571+0+0 (secure 0 0 0) 0x7f362c022020 con 0x7f363807dd60
2024-04-23T14:38:13.119 INFO:teuthology.orchestra.run.smithi044.stdout:/usr/bin/ceph: stderr
2024-04-23T14:38:05.157+0000 7f3636000700 1 --2- 172.21.15.44:0/3499699916 >> [v2:172.21.15.44:6800/1156517954,v1:172.21.15.44:6801/1156517954] conn(0x7f3620039660 0x7f362003bb20 unknown :-1 s=NONE pgs=0 cs=0 l=1 rev1=0 crypto rx=0 tx=0 comp rx=0 tx=0).connect
2024-04-23T14:38:13.119 INFO:teuthology.orchestra.run.smithi044.stdout:/usr/bin/ceph: stderr
2024-04-23T14:38:05.157+0000 7f3636000700 1 -- 172.21.15.44:0/3499699916 --> [v2:172.21.15.44:6800/1156517954,v1:172.21.15.44:6801/1156517954] -- command(tid 0: {"prefix": "get_command_descriptions"}) -- 0x7f362003c230 con 0x7f3620039660
2024-04-23T14:38:13.119 INFO:teuthology.orchestra.run.smithi044.stdout:/usr/bin/ceph: stderr
2024-04-23T14:38:05.157+0000 7f3636000700 1 -- 172.21.15.44:0/3499699916 <== mon.0 v2:172.21.15.44:3300/0 5 ==== osd_map(2..2 src has 1..2) ==== 940+0+0 (secure 0 0 0) 0x7f362c04dc30 con 0x7f363807dd60
2024-04-23T14:38:13.119 INFO:teuthology.orchestra.run.smithi044.stdout:/usr/bin/ceph: stderr
2024-04-23T14:38:05.157+0000 7f363ce00700 1 -- 172.21.15.44:0/3499699916 >> [v2:172.21.15.44:6800/1156517954,v1:172.21.15.44:6801/1156517954] conn(0x7f3620039660 msgr2=0x7f362003bb20 unknown :-1 s=STATE_CONNECTING_RE l=1).process reconnect failed to v2:172.21.15.44:6800/1156517954
2024-04-23T14:38:13.119 INFO:teuthology.orchestra.run.smithi044.stdout:/usr/bin/ceph: stderr
2024-04-23T14:38:05.157+0000 7f363ce00700 1 --2- 172.21.15.44:0/3499699916 >> [v2:172.21.15.44:6800/1156517954,v1:172.21.15.44:6801/1156517954] conn(0x7f3620039660 0x7f362003bb20 unknown :-1 s=START_CONNECT pgs=0 cs=0 l=1 rev1=0 crypto rx=0 tx=0 comp rx=0 tx=0)._fault waiting 0.200000
2024-04-23T14:38:13.119 INFO:teuthology.orchestra.run.smithi044.stdout:/usr/bin/ceph: stderr
2024-04-23T14:38:05.358+0000 7f363ce00700 1 -- 172.21.15.44:0/3499699916 >> [v2:172.21.15.44:6800/1156517954,v1:172.21.15.44:6801/1156517954] conn(0x7f3620039660 msgr2=0x7f362003bb20 unknown :-1 s=STATE_CONNECTING_RE l=1).process reconnect failed to v2:172.21.15.44:6800/1156517954
2024-04-23T14:38:13.119 INFO:teuthology.orchestra.run.smithi044.stdout:/usr/bin/ceph: stderr
2024-04-23T14:38:05.358+0000 7f363ce00700 1 --2- 172.21.15.44:0/3499699916 >> [v2:172.21.15.44:6800/1156517954,v1:172.21.15.44:6801/1156517954] conn(0x7f3620039660 0x7f362003bb20 unknown :-1 s=START_CONNECT pgs=0 cs=0 l=1 rev1=0 crypto rx=0 tx=0 comp rx=0 tx=0)._fault waiting 0.400000
2024-04-23T14:38:13.119 INFO:teuthology.orchestra.run.smithi044.stdout:/usr/bin/ceph: stderr
2024-04-23T14:38:05.759+0000 7f363ce00700 1 -- 172.21.15.44:0/3499699916 >> [v2:172.21.15.44:6800/1156517954,v1:172.21.15.44:6801/1156517954] conn(0x7f3620039660 msgr2=0x7f362003bb20 unknown :-1 s=STATE_CONNECTING_RE l=1).process reconnect failed to v2:172.21.15.44:6800/1156517954
2024-04-23T14:38:13.119 INFO:teuthology.orchestra.run.smithi044.stdout:/usr/bin/ceph: stderr
2024-04-23T14:38:05.759+0000 7f363ce00700 1 --2- 172.21.15.44:0/3499699916 >> [v2:172.21.15.44:6800/1156517954,v1:172.21.15.44:6801/1156517954] conn(0x7f3620039660 0x7f362003bb20 unknown :-1 s=START_CONNECT pgs=0 cs=0 l=1 rev1=0 crypto rx=0 tx=0 comp rx=0 tx=0)._fault waiting 0.800000
2024-04-23T14:38:13.120 INFO:teuthology.orchestra.run.smithi044.stdout:/usr/bin/ceph: stderr
2024-04-23T14:38:06.560+0000 7f363ce00700 1 -- 172.21.15.44:0/3499699916 >> [v2:172.21.15.44:6800/1156517954,v1:172.21.15.44:6801/1156517954] conn(0x7f3620039660 msgr2=0x7f362003bb20 unknown :-1 s=STATE_CONNECTING_RE l=1).process reconnect failed to v2:172.21.15.44:6800/1156517954
2024-04-23T14:38:13.120 INFO:teuthology.orchestra.run.smithi044.stdout:/usr/bin/ceph: stderr
2024-04-23T14:38:06.560+0000 7f363ce00700 1 --2- 172.21.15.44:0/3499699916 >> [v2:172.21.15.44:6800/1156517954,v1:172.21.15.44:6801/1156517954] conn(0x7f3620039660 0x7f362003bb20 unknown :-1 s=START_CONNECT pgs=0 cs=0 l=1 rev1=0 crypto rx=0 tx=0 comp rx=0 tx=0)._fault waiting 1.600000
2024-04-23T14:38:13.120 INFO:teuthology.orchestra.run.smithi044.stdout:/usr/bin/ceph: stderr
2024-04-23T14:38:08.161+0000 7f363ce00700 1 -- 172.21.15.44:0/3499699916 >> [v2:172.21.15.44:6800/1156517954,v1:172.21.15.44:6801/1156517954] conn(0x7f3620039660 msgr2=0x7f362003bb20 unknown :-1 s=STATE_CONNECTING_RE l=1).process reconnect failed to v2:172.21.15.44:6800/1156517954
2024-04-23T14:38:13.120 INFO:teuthology.orchestra.run.smithi044.stdout:/usr/bin/ceph: stderr
2024-04-23T14:38:08.161+0000 7f363ce00700 1 --2- 172.21.15.44:0/3499699916 >> [v2:172.21.15.44:6800/1156517954,v1:172.21.15.44:6801/1156517954] conn(0x7f3620039660 0x7f362003bb20 unknown :-1 s=START_CONNECT pgs=0 cs=0 l=1 rev1=0 crypto rx=0 tx=0 comp rx=0 tx=0)._fault waiting 3.200000
2024-04-23T14:38:13.120 INFO:teuthology.orchestra.run.smithi044.stdout:/usr/bin/ceph: stderr
2024-04-23T14:38:11.364+0000 7f363ce00700 1 -- 172.21.15.44:0/3499699916 >> [v2:172.21.15.44:6800/1156517954,v1:172.21.15.44:6801/1156517954] conn(0x7f3620039660 msgr2=0x7f362003bb20 unknown :-1 s=STATE_CONNECTING_RE l=1).process reconnect failed to v2:172.21.15.44:6800/1156517954
2024-04-23T14:38:13.120 INFO:teuthology.orchestra.run.smithi044.stdout:/usr/bin/ceph: stderr
2024-04-23T14:38:11.364+0000 7f363ce00700 1 --2- 172.21.15.44:0/3499699916 >> [v2:172.21.15.44:6800/1156517954,v1:172.21.15.44:6801/1156517954] conn(0x7f3620039660 0x7f362003bb20 unknown :-1 s=START_CONNECT pgs=0 cs=0 l=1 rev1=0 crypto rx=0 tx=0 comp rx=0 tx=0)._fault waiting 6.400000
2024-04-23T14:38:13.120 INFO:teuthology.orchestra.run.smithi044.stdout:/usr/bin/ceph: stderr
2024-04-23T14:38:11.440+0000 7f3636000700 1 -- 172.21.15.44:0/3499699916 <== mon.0 v2:172.21.15.44:3300/0 6 ==== mgrmap(e 10) ==== 46338+0+0 (secure 0 0 0) 0x7f362c02d3f0 con 0x7f363807dd60
2024-04-23T14:38:13.120 INFO:teuthology.orchestra.run.smithi044.stdout:/usr/bin/ceph: stderr
2024-04-23T14:38:11.441+0000 7f3636000700 1 -- 172.21.15.44:0/3499699916 >> [v2:172.21.15.44:6800/1156517954,v1:172.21.15.44:6801/1156517954] conn(0x7f3620039660 msgr2=0x7f362003bb20 unknown :-1 s=STATE_CONNECTING l=1).mark_down
2024-04-23T14:38:13.120 INFO:teuthology.orchestra.run.smithi044.stdout:/usr/bin/ceph: stderr
2024-04-23T14:38:11.441+0000 7f3636000700 1 --2- 172.21.15.44:0/3499699916 >> [v2:172.21.15.44:6800/1156517954,v1:172.21.15.44:6801/1156517954] conn(0x7f3620039660 0x7f362003bb20 unknown :-1 s=START_CONNECT pgs=0 cs=0 l=1 rev1=0 crypto rx=0 tx=0 comp rx=0 tx=0).stop
2024-04-23T14:38:13.120 INFO:teuthology.orchestra.run.smithi044.stdout:/usr/bin/ceph: stderr
2024-04-23T14:38:12.444+0000 7f3636000700 1 -- 172.21.15.44:0/3499699916 <== mon.0 v2:172.21.15.44:3300/0 7 ==== mgrmap(e 11) ==== 46465+0+0 (secure 0 0 0) 0x7f362c04f980 con 0x7f363807dd60
2024-04-23T14:38:13.120 INFO:teuthology.orchestra.run.smithi044.stdout:/usr/bin/ceph: stderr
2024-04-23T14:38:12.444+0000 7f3636000700 1 --2- 172.21.15.44:0/3499699916 >> [v2:172.21.15.44:6800/1947909270,v1:172.21.15.44:6801/1947909270] conn(0x7f362003cff0 0x7f362003f3e0 unknown :-1 s=NONE pgs=0 cs=0 l=1 rev1=0 crypto rx=0 tx=0 comp rx=0 tx=0).connect
2024-04-23T14:38:13.120 INFO:teuthology.orchestra.run.smithi044.stdout:/usr/bin/ceph: stderr
2024-04-23T14:38:12.444+0000 7f3636000700 1 -- 172.21.15.44:0/3499699916 --> [v2:172.21.15.44:6800/1947909270,v1:172.21.15.44:6801/1947909270] -- command(tid 0: {"prefix": "get_command_descriptions"}) -- 0x7f362c001d30 con 0x7f362003cff0
2024-04-23T14:38:13.120 INFO:teuthology.orchestra.run.smithi044.stdout:/usr/bin/ceph: stderr
2024-04-23T14:38:12.445+0000 7f363ce00700 1 --2- 172.21.15.44:0/3499699916 >> [v2:172.21.15.44:6800/1947909270,v1:172.21.15.44:6801/1947909270] conn(0x7f362003cff0 0x7f362003f3e0 unknown :-1 s=BANNER_CONNECTING pgs=0 cs=0 l=1 rev1=0 crypto rx=0 tx=0 comp rx=0 tx=0)._handle_peer_banner_payload supported=3 required=0
2024-04-23T14:38:13.120 INFO:teuthology.orchestra.run.smithi044.stdout:/usr/bin/ceph: stderr
2024-04-23T14:38:12.447+0000 7f363ce00700 1 --2- 172.21.15.44:0/3499699916 >> [v2:172.21.15.44:6800/1947909270,v1:172.21.15.44:6801/1947909270] conn(0x7f362003cff0 0x7f362003f3e0 secure :-1 s=READY pgs=3 cs=0 l=1 rev1=1 crypto rx=0x7f3624003a10 tx=0x7f3624009270 comp rx=0 tx=0).ready entity=mgr.14152 client_cookie=0 server_cookie=0 in_seq=0 out_seq=0
2024-04-23T14:38:13.121 INFO:teuthology.orchestra.run.smithi044.stdout:/usr/bin/ceph: stderr
2024-04-23T14:38:12.448+0000 7f3636000700 1 -- 172.21.15.44:0/3499699916 <== mgr.14152 v2:172.21.15.44:6800/1947909270 1 ==== command_reply(tid 0: 0 ) ==== 8+0+7774 (secure 0 0 0) 0x7f362c001d30 con 0x7f362003cff0
2024-04-23T14:38:13.121 INFO:teuthology.orchestra.run.smithi044.stdout:/usr/bin/ceph: stderr
2024-04-23T14:38:12.455+0000 7f3640200700 1 -- 172.21.15.44:0/3499699916 --> [v2:172.21.15.44:6800/1947909270,v1:172.21.15.44:6801/1947909270] -- command(tid 1: {"prefix": "mgr_status"}) -- 0x7f3638069c70 con 0x7f362003cff0
2024-04-23T14:38:13.121 INFO:teuthology.orchestra.run.smithi044.stdout:/usr/bin/ceph: stderr
2024-04-23T14:38:12.455+0000 7f3636000700 1 -- 172.21.15.44:0/3499699916 <== mgr.14152 v2:172.21.15.44:6800/1947909270 2 ==== command_reply(tid 1: 0 ) ==== 8+0+52 (secure 0 0 0) 0x7f3638069c70 con 0x7f362003cff0
2024-04-23T14:38:13.121 INFO:teuthology.orchestra.run.smithi044.stdout:/usr/bin/ceph: stderr
2024-04-23T14:38:12.456+0000 7f3640200700 1 -- 172.21.15.44:0/3499699916 >> [v2:172.21.15.44:6800/1947909270,v1:172.21.15.44:6801/1947909270] conn(0x7f362003cff0 msgr2=0x7f362003f3e0 secure :-1 s=STATE_CONNECTION_ESTABLISHED l=1).mark_down
2024-04-23T14:38:13.121 INFO:teuthology.orchestra.run.smithi044.stdout:/usr/bin/ceph: stderr
2024-04-23T14:38:12.456+0000 7f3640200700 1 --2- 172.21.15.44:0/3499699916 >> [v2:172.21.15.44:6800/1947909270,v1:172.21.15.44:6801/1947909270] conn(0x7f362003cff0 0x7f362003f3e0 secure :-1 s=READY pgs=3 cs=0 l=1 rev1=1 crypto rx=0x7f3624003a10 tx=0x7f3624009270 comp rx=0 tx=0).stop
2024-04-23T14:38:13.121 INFO:teuthology.orchestra.run.smithi044.stdout:/usr/bin/ceph: stderr
2024-04-23T14:38:12.456+0000 7f3640200700 1 -- 172.21.15.44:0/3499699916 >> [v2:172.21.15.44:3300/0,v1:172.21.15.44:6789/0] conn(0x7f363807dd60 msgr2=0x7f363819e850 secure :-1 s=STATE_CONNECTION_ESTABLISHED l=1).mark_down
2024-04-23T14:38:13.121 INFO:teuthology.orchestra.run.smithi044.stdout:/usr/bin/ceph: stderr
2024-04-23T14:38:12.456+0000 7f3640200700 1 --2- 172.21.15.44:0/3499699916 >> [v2:172.21.15.44:3300/0,v1:172.21.15.44:6789/0] conn(0x7f363807dd60 0x7f363819e850 secure :-1 s=READY pgs=62 cs=0 l=1 rev1=1 crypto rx=0x7f362c0117e0 tx=0x7f362c011ba0 comp rx=0 tx=0).stop
2024-04-23T14:38:13.121 INFO:teuthology.orchestra.run.smithi044.stdout:/usr/bin/ceph: stderr
2024-04-23T14:38:12.456+0000 7f3640200700 1 -- 172.21.15.44:0/3499699916 shutdown_connections
2024-04-23T14:38:13.121 INFO:teuthology.orchestra.run.smithi044.stdout:/usr/bin/ceph: stderr
2024-04-23T14:38:12.456+0000 7f3640200700 1 --2- 172.21.15.44:0/3499699916 >> [v2:172.21.15.44:6800/1947909270,v1:172.21.15.44:6801/1947909270] conn(0x7f362003cff0 0x7f362003f3e0 unknown :-1 s=CLOSED pgs=3 cs=0 l=1 rev1=1 crypto rx=0 tx=0 comp rx=0 tx=0).stop
2024-04-23T14:38:13.121 INFO:teuthology.orchestra.run.smithi044.stdout:/usr/bin/ceph: stderr
2024-04-23T14:38:12.456+0000 7f3640200700 1 --2- 172.21.15.44:0/3499699916 >> [v2:172.21.15.44:3300/0,v1:172.21.15.44:6789/0] conn(0x7f363807dd60 0x7f363819e850 unknown :-1 s=CLOSED pgs=62 cs=0 l=1 rev1=1 crypto rx=0 tx=0 comp rx=0 tx=0).stop
2024-04-23T14:38:13.121 INFO:teuthology.orchestra.run.smithi044.stdout:/usr/bin/ceph: stderr
2024-04-23T14:38:12.456+0000 7f3640200700 1 --2- 172.21.15.44:0/3499699916 >> [v2:172.21.15.44:6800/1156517954,v1:172.21.15.44:6801/1156517954] conn(0x7f3620039660 0x7f362003bb20 unknown :-1 s=CLOSED pgs=0 cs=0 l=1 rev1=0 crypto rx=0 tx=0 comp rx=0 tx=0).stop
2024-04-23T14:38:13.121 INFO:teuthology.orchestra.run.smithi044.stdout:/usr/bin/ceph: stderr
2024-04-23T14:38:12.456+0000 7f3640200700 1 -- 172.21.15.44:0/3499699916 >> 172.21.15.44:0/3499699916 conn(0x7f3638103d00 msgr2=0x7f3638104780 unknown :-1 s=STATE_NONE l=0).mark_down
2024-04-23T14:38:13.121 INFO:teuthology.orchestra.run.smithi044.stdout:/usr/bin/ceph: stderr
2024-04-23T14:38:12.456+0000 7f3640200700 1 -- 172.21.15.44:0/3499699916 shutdown_connections
2024-04-23T14:38:13.121 INFO:teuthology.orchestra.run.smithi044.stdout:/usr/bin/ceph: stderr
2024-04-23T14:38:12.456+0000 7f3640200700 1 -- 172.21.15.44:0/3499699916 wait complete.
2024-04-23T14:38:13.121 INFO:teuthology.orchestra.run.smithi044.stdout:mgr epoch 9 is available
2024-04-23T14:38:13.121 INFO:teuthology.orchestra.run.smithi044.stdout:Generating a dashboard self-signed certificate...
2024-04-23T14:38:13.705 INFO:journalctl@ceph.mon.a.smithi044.stdout:Apr 23 14:38:13 smithi044 ceph-mon[28067]: from='client.14156 -' entity='client.admin' cmd=[{"prefix": "get_command_descriptions"}]: dispatch
2024-04-23T14:38:13.705 INFO:journalctl@ceph.mon.a.smithi044.stdout:Apr 23 14:38:13 smithi044 ceph-mon[28067]: from='client.14156 -' entity='client.admin' cmd=[{"prefix": "mgr_status"}]: dispatch
2024-04-23T14:38:14.790 INFO:journalctl@ceph.mon.a.smithi044.stdout:Apr 23 14:38:14 smithi044 ceph-mon[28067]: mgrmap e12: x(active, since 2s)
2024-04-23T14:38:14.790 INFO:journalctl@ceph.mon.a.smithi044.stdout:Apr 23 14:38:14 smithi044 ceph-mon[28067]: from='client.14164 -' entity='client.admin' cmd=[{"prefix": "dashboard create-self-signed-cert", "target": ["mon-mgr", ""]}]: dispatch
2024-04-23T14:38:14.790 INFO:journalctl@ceph.mon.a.smithi044.stdout:Apr 23 14:38:14 smithi044 ceph-mon[28067]: from='mgr.14152 172.21.15.44:0/2146114803' entity='mgr.x'
2024-04-23T14:38:14.790 INFO:journalctl@ceph.mon.a.smithi044.stdout:Apr 23 14:38:14 smithi044 ceph-mon[28067]: from='mgr.14152 172.21.15.44:0/2146114803' entity='mgr.x'
2024-04-23T14:38:14.790 INFO:journalctl@ceph.mon.a.smithi044.stdout:Apr 23 14:38:14 smithi044 ceph-mon[28067]: from='mgr.14152 172.21.15.44:0/2146114803' entity='mgr.x'
2024-04-23T14:38:14.985 INFO:teuthology.orchestra.run.smithi044.stdout:/usr/bin/ceph: stdout Self-signed certificate created
2024-04-23T14:38:14.985 INFO:teuthology.orchestra.run.smithi044.stdout:/usr/bin/ceph: stderr
2024-04-23T14:38:13.970+0000 7f9105400700 1 Processor -- start
2024-04-23T14:38:14.985 INFO:teuthology.orchestra.run.smithi044.stdout:/usr/bin/ceph: stderr
2024-04-23T14:38:13.970+0000 7f9105400700 1 -- start start
2024-04-23T14:38:14.985 INFO:teuthology.orchestra.run.smithi044.stdout:/usr/bin/ceph: stderr
2024-04-23T14:38:13.970+0000 7f9105400700 1 --2- >> [v2:172.21.15.44:3300/0,v1:172.21.15.44:6789/0] conn(0x7f910010a960 0x7f910010ad80 unknown :-1 s=NONE pgs=0 cs=0 l=0 rev1=0 crypto rx=0 tx=0 comp rx=0 tx=0).connect
2024-04-23T14:38:14.985 INFO:teuthology.orchestra.run.smithi044.stdout:/usr/bin/ceph: stderr
2024-04-23T14:38:13.971+0000 7f9105400700 1 -- --> [v2:172.21.15.44:3300/0,v1:172.21.15.44:6789/0] -- mon_getmap magic: 0 -- 0x7f910010b350 con 0x7f910010a960
2024-04-23T14:38:14.986 INFO:teuthology.orchestra.run.smithi044.stdout:/usr/bin/ceph: stderr
2024-04-23T14:38:13.971+0000 7f90fe800700 1 --2- >> [v2:172.21.15.44:3300/0,v1:172.21.15.44:6789/0] conn(0x7f910010a960 0x7f910010ad80 unknown :-1 s=BANNER_CONNECTING pgs=0 cs=0 l=0 rev1=0 crypto rx=0 tx=0 comp rx=0 tx=0)._handle_peer_banner_payload supported=3 required=0
2024-04-23T14:38:14.986 INFO:teuthology.orchestra.run.smithi044.stdout:/usr/bin/ceph: stderr
2024-04-23T14:38:13.971+0000 7f90fe800700 1 --2- >> [v2:172.21.15.44:3300/0,v1:172.21.15.44:6789/0] conn(0x7f910010a960 0x7f910010ad80 unknown :-1 s=HELLO_CONNECTING pgs=0 cs=0 l=0 rev1=1 crypto rx=0 tx=0 comp rx=0 tx=0).handle_hello peer v2:172.21.15.44:3300/0 says I am v2:172.21.15.44:48888/0 (socket says 172.21.15.44:48888)
2024-04-23T14:38:14.986 INFO:teuthology.orchestra.run.smithi044.stdout:/usr/bin/ceph: stderr
2024-04-23T14:38:13.971+0000 7f90fe800700 1 -- 172.21.15.44:0/4198996190 learned_addr learned my addr 172.21.15.44:0/4198996190 (peer_addr_for_me v2:172.21.15.44:0/0)
2024-04-23T14:38:14.986 INFO:teuthology.orchestra.run.smithi044.stdout:/usr/bin/ceph: stderr
2024-04-23T14:38:13.972+0000 7f90fe800700 1 -- 172.21.15.44:0/4198996190 --> [v2:172.21.15.44:3300/0,v1:172.21.15.44:6789/0] -- mon_subscribe({config=0+,monmap=0+}) -- 0x7f910010bb30 con 0x7f910010a960
2024-04-23T14:38:14.986 INFO:teuthology.orchestra.run.smithi044.stdout:/usr/bin/ceph: stderr
2024-04-23T14:38:13.972+0000 7f90fe800700 1 --2- 172.21.15.44:0/4198996190 >> [v2:172.21.15.44:3300/0,v1:172.21.15.44:6789/0] conn(0x7f910010a960 0x7f910010ad80 secure :-1 s=READY pgs=70 cs=0 l=1 rev1=1 crypto rx=0x7f90f00098a0 tx=0x7f90f0009bb0 comp rx=0 tx=0).ready entity=mon.0 client_cookie=8ca16f1ec289161c server_cookie=0 in_seq=0 out_seq=0
2024-04-23T14:38:14.986 INFO:teuthology.orchestra.run.smithi044.stdout:/usr/bin/ceph: stderr
2024-04-23T14:38:13.972+0000 7f90fd400700 1 -- 172.21.15.44:0/4198996190 <== mon.0 v2:172.21.15.44:3300/0 1 ==== mon_map magic: 0 ==== 205+0+0 (secure 0 0 0) 0x7f90f0004160 con 0x7f910010a960
2024-04-23T14:38:14.986 INFO:teuthology.orchestra.run.smithi044.stdout:/usr/bin/ceph: stderr
2024-04-23T14:38:13.972+0000 7f90fd400700 1 -- 172.21.15.44:0/4198996190 <== mon.0 v2:172.21.15.44:3300/0 2 ==== config(27 keys) ==== 1140+0+0 (secure 0 0 0) 0x7f90f0004300 con 0x7f910010a960
2024-04-23T14:38:14.986 INFO:teuthology.orchestra.run.smithi044.stdout:/usr/bin/ceph: stderr
2024-04-23T14:38:13.972+0000 7f90fd400700 1 -- 172.21.15.44:0/4198996190 <== mon.0 v2:172.21.15.44:3300/0 3 ==== mon_map magic: 0 ==== 205+0+0 (secure 0 0 0) 0x7f90f0011b20 con 0x7f910010a960
2024-04-23T14:38:14.986 INFO:teuthology.orchestra.run.smithi044.stdout:/usr/bin/ceph: stderr
2024-04-23T14:38:13.973+0000 7f9105400700 1 -- 172.21.15.44:0/4198996190 >> [v2:172.21.15.44:3300/0,v1:172.21.15.44:6789/0] conn(0x7f910010a960 msgr2=0x7f910010ad80 secure :-1 s=STATE_CONNECTION_ESTABLISHED l=1).mark_down
2024-04-23T14:38:14.986 INFO:teuthology.orchestra.run.smithi044.stdout:/usr/bin/ceph: stderr
2024-04-23T14:38:13.973+0000 7f9105400700 1 --2- 172.21.15.44:0/4198996190 >> [v2:172.21.15.44:3300/0,v1:172.21.15.44:6789/0] conn(0x7f910010a960 0x7f910010ad80 secure :-1 s=READY pgs=70 cs=0 l=1 rev1=1 crypto rx=0x7f90f00098a0 tx=0x7f90f0009bb0 comp rx=0 tx=0).stop
2024-04-23T14:38:14.986 INFO:teuthology.orchestra.run.smithi044.stdout:/usr/bin/ceph: stderr
2024-04-23T14:38:13.973+0000 7f9105400700 1 -- 172.21.15.44:0/4198996190 shutdown_connections
2024-04-23T14:38:14.986 INFO:teuthology.orchestra.run.smithi044.stdout:/usr/bin/ceph: stderr
2024-04-23T14:38:13.973+0000 7f9105400700 1 --2- 172.21.15.44:0/4198996190 >> [v2:172.21.15.44:3300/0,v1:172.21.15.44:6789/0] conn(0x7f910010a960 0x7f910010ad80 unknown :-1 s=CLOSED pgs=70 cs=0 l=1 rev1=1 crypto rx=0 tx=0 comp rx=0 tx=0).stop
2024-04-23T14:38:14.986 INFO:teuthology.orchestra.run.smithi044.stdout:/usr/bin/ceph: stderr
2024-04-23T14:38:13.973+0000 7f9105400700 1 -- 172.21.15.44:0/4198996190 >> 172.21.15.44:0/4198996190 conn(0x7f910007dd80 msgr2=0x7f910007e190 unknown :-1 s=STATE_NONE l=0).mark_down
2024-04-23T14:38:14.987 INFO:teuthology.orchestra.run.smithi044.stdout:/usr/bin/ceph: stderr
2024-04-23T14:38:13.973+0000 7f9105400700 1 -- 172.21.15.44:0/4198996190 shutdown_connections
2024-04-23T14:38:14.987 INFO:teuthology.orchestra.run.smithi044.stdout:/usr/bin/ceph: stderr
2024-04-23T14:38:13.973+0000 7f9105400700 1 -- 172.21.15.44:0/4198996190 wait complete.
2024-04-23T14:38:14.987 INFO:teuthology.orchestra.run.smithi044.stdout:/usr/bin/ceph: stderr
2024-04-23T14:38:13.974+0000 7f9105400700 1 Processor -- start
2024-04-23T14:38:14.987 INFO:teuthology.orchestra.run.smithi044.stdout:/usr/bin/ceph: stderr
2024-04-23T14:38:13.975+0000 7f9105400700 1 -- start start
2024-04-23T14:38:14.987 INFO:teuthology.orchestra.run.smithi044.stdout:/usr/bin/ceph: stderr
2024-04-23T14:38:13.975+0000 7f9105400700 1 --2- >> [v2:172.21.15.44:3300/0,v1:172.21.15.44:6789/0] conn(0x7f910010a960 0x7f910019ebd0 unknown :-1 s=NONE pgs=0 cs=0 l=1 rev1=0 crypto rx=0 tx=0 comp rx=0 tx=0).connect
2024-04-23T14:38:14.987 INFO:teuthology.orchestra.run.smithi044.stdout:/usr/bin/ceph: stderr
2024-04-23T14:38:13.975+0000 7f9105400700 1 -- --> [v2:172.21.15.44:3300/0,v1:172.21.15.44:6789/0] -- mon_getmap magic: 0 -- 0x7f910010eee0 con 0x7f910010a960
2024-04-23T14:38:14.987 INFO:teuthology.orchestra.run.smithi044.stdout:/usr/bin/ceph: stderr
2024-04-23T14:38:13.975+0000 7f90fe800700 1 --2- >> [v2:172.21.15.44:3300/0,v1:172.21.15.44:6789/0] conn(0x7f910010a960 0x7f910019ebd0 unknown :-1 s=BANNER_CONNECTING pgs=0 cs=0 l=1 rev1=0 crypto rx=0 tx=0 comp rx=0 tx=0)._handle_peer_banner_payload supported=3 required=0
2024-04-23T14:38:14.987 INFO:teuthology.orchestra.run.smithi044.stdout:/usr/bin/ceph: stderr
2024-04-23T14:38:13.975+0000 7f90fe800700 1 --2- >> [v2:172.21.15.44:3300/0,v1:172.21.15.44:6789/0] conn(0x7f910010a960 0x7f910019ebd0 unknown :-1 s=HELLO_CONNECTING pgs=0 cs=0 l=1 rev1=1 crypto rx=0 tx=0 comp rx=0 tx=0).handle_hello peer v2:172.21.15.44:3300/0 says I am v2:172.21.15.44:48894/0 (socket says 172.21.15.44:48894)
2024-04-23T14:38:14.990 INFO:teuthology.orchestra.run.smithi044.stdout:/usr/bin/ceph: stderr
2024-04-23T14:38:13.975+0000 7f90fe800700 1 -- 172.21.15.44:0/1517384298 learned_addr learned my addr 172.21.15.44:0/1517384298 (peer_addr_for_me v2:172.21.15.44:0/0)
2024-04-23T14:38:14.990 INFO:teuthology.orchestra.run.smithi044.stdout:/usr/bin/ceph: stderr
2024-04-23T14:38:13.976+0000 7f90fe800700 1 -- 172.21.15.44:0/1517384298 --> [v2:172.21.15.44:3300/0,v1:172.21.15.44:6789/0] -- mon_subscribe({config=0+,monmap=0+}) -- 0x7f910019f110 con 0x7f910010a960
2024-04-23T14:38:14.990 INFO:teuthology.orchestra.run.smithi044.stdout:/usr/bin/ceph: stderr
2024-04-23T14:38:13.976+0000 7f90fe800700 1 --2- 172.21.15.44:0/1517384298 >> [v2:172.21.15.44:3300/0,v1:172.21.15.44:6789/0] conn(0x7f910010a960 0x7f910019ebd0 secure :-1 s=READY pgs=71 cs=0 l=1 rev1=1 crypto rx=0x7f90f00116a0 tx=0x7f90f0011ba0 comp rx=0 tx=0).ready entity=mon.0 client_cookie=0 server_cookie=0 in_seq=0 out_seq=0
2024-04-23T14:38:14.990 INFO:teuthology.orchestra.run.smithi044.stdout:/usr/bin/ceph: stderr
2024-04-23T14:38:13.977+0000 7f90f7400700 1 -- 172.21.15.44:0/1517384298 <== mon.0 v2:172.21.15.44:3300/0 1 ==== mon_map magic: 0 ==== 205+0+0 (secure 0 0 0) 0x7f90f0003a40 con 0x7f910010a960
2024-04-23T14:38:14.990 INFO:teuthology.orchestra.run.smithi044.stdout:/usr/bin/ceph: stderr
2024-04-23T14:38:13.977+0000 7f90f7400700 1 -- 172.21.15.44:0/1517384298 <== mon.0 v2:172.21.15.44:3300/0 2 ==== config(27 keys) ==== 1140+0+0 (secure 0 0 0) 0x7f90f0003be0 con 0x7f910010a960
2024-04-23T14:38:14.990 INFO:teuthology.orchestra.run.smithi044.stdout:/usr/bin/ceph: stderr
2024-04-23T14:38:13.977+0000 7f90f7400700 1 -- 172.21.15.44:0/1517384298 <== mon.0 v2:172.21.15.44:3300/0 3 ==== mon_map magic: 0 ==== 205+0+0 (secure 0 0 0) 0x7f90f001a720 con 0x7f910010a960
2024-04-23T14:38:14.991 INFO:teuthology.orchestra.run.smithi044.stdout:/usr/bin/ceph: stderr
2024-04-23T14:38:13.977+0000 7f9105400700 1 -- 172.21.15.44:0/1517384298 --> [v2:172.21.15.44:3300/0,v1:172.21.15.44:6789/0] -- mon_subscribe({mgrmap=0+}) -- 0x7f910019f3a0 con 0x7f910010a960
2024-04-23T14:38:14.991 INFO:teuthology.orchestra.run.smithi044.stdout:/usr/bin/ceph: stderr
2024-04-23T14:38:13.977+0000 7f9105400700 1 -- 172.21.15.44:0/1517384298 --> [v2:172.21.15.44:3300/0,v1:172.21.15.44:6789/0] -- mon_subscribe({osdmap=0}) -- 0x7f910019f800 con 0x7f910010a960
2024-04-23T14:38:14.991 INFO:teuthology.orchestra.run.smithi044.stdout:/usr/bin/ceph: stderr
2024-04-23T14:38:13.978+0000 7f9105400700 1 -- 172.21.15.44:0/1517384298 --> [v2:172.21.15.44:3300/0,v1:172.21.15.44:6789/0] -- mon_command({"prefix": "get_command_descriptions"} v 0) -- 0x7f9100064150 con 0x7f910010a960
2024-04-23T14:38:14.991 INFO:teuthology.orchestra.run.smithi044.stdout:/usr/bin/ceph: stderr
2024-04-23T14:38:13.978+0000 7f90f7400700 1 -- 172.21.15.44:0/1517384298 <== mon.0 v2:172.21.15.44:3300/0 4 ==== mgrmap(e 12) ==== 46571+0+0 (secure 0 0 0) 0x7f90f0024aa0 con 0x7f910010a960
2024-04-23T14:38:14.991 INFO:teuthology.orchestra.run.smithi044.stdout:/usr/bin/ceph: stderr
2024-04-23T14:38:13.979+0000 7f90f7400700 1 --2- 172.21.15.44:0/1517384298 >> [v2:172.21.15.44:6800/1947909270,v1:172.21.15.44:6801/1947909270] conn(0x7f90e4039610 0x7f90e403bad0 unknown :-1 s=NONE pgs=0 cs=0 l=1 rev1=0 crypto rx=0 tx=0 comp rx=0 tx=0).connect
2024-04-23T14:38:14.991 INFO:teuthology.orchestra.run.smithi044.stdout:/usr/bin/ceph: stderr
2024-04-23T14:38:13.979+0000 7f90f7400700 1 -- 172.21.15.44:0/1517384298 <== mon.0 v2:172.21.15.44:3300/0 5 ==== osd_map(3..3 src has 1..3) ==== 1155+0+0 (secure 0 0 0) 0x7f90f004de20 con 0x7f910010a960
2024-04-23T14:38:14.991 INFO:teuthology.orchestra.run.smithi044.stdout:/usr/bin/ceph: stderr
2024-04-23T14:38:13.979+0000 7f90fde00700 1 --2- 172.21.15.44:0/1517384298 >> [v2:172.21.15.44:6800/1947909270,v1:172.21.15.44:6801/1947909270] conn(0x7f90e4039610 0x7f90e403bad0 unknown :-1 s=BANNER_CONNECTING pgs=0 cs=0 l=1 rev1=0 crypto rx=0 tx=0 comp rx=0 tx=0)._handle_peer_banner_payload supported=3 required=0
2024-04-23T14:38:14.991 INFO:teuthology.orchestra.run.smithi044.stdout:/usr/bin/ceph: stderr
2024-04-23T14:38:13.980+0000 7f90fde00700 1 --2- 172.21.15.44:0/1517384298 >> [v2:172.21.15.44:6800/1947909270,v1:172.21.15.44:6801/1947909270] conn(0x7f90e4039610 0x7f90e403bad0 secure :-1 s=READY pgs=7 cs=0 l=1 rev1=1 crypto rx=0x7f90ec006fd0 tx=0x7f90ec006e40 comp rx=0 tx=0).ready entity=mgr.14152 client_cookie=0 server_cookie=0 in_seq=0 out_seq=0
2024-04-23T14:38:14.991 INFO:teuthology.orchestra.run.smithi044.stdout:/usr/bin/ceph: stderr
2024-04-23T14:38:13.985+0000 7f90f7400700 1 -- 172.21.15.44:0/1517384298 <== mon.0 v2:172.21.15.44:3300/0 6 ==== mon_command_ack([{"prefix": "get_command_descriptions"}]=0 v0) ==== 72+0+188370 (secure 0 0 0) 0x7f90f0011e20 con 0x7f910010a960
2024-04-23T14:38:14.991 INFO:teuthology.orchestra.run.smithi044.stdout:/usr/bin/ceph: stderr
2024-04-23T14:38:14.222+0000 7f9105400700 1 -- 172.21.15.44:0/1517384298 --> [v2:172.21.15.44:6800/1947909270,v1:172.21.15.44:6801/1947909270] -- mgr_command(tid 0: {"prefix": "dashboard create-self-signed-cert", "target": ["mon-mgr", ""]}) -- 0x7f910002e150 con 0x7f90e4039610
2024-04-23T14:38:14.991 INFO:teuthology.orchestra.run.smithi044.stdout:/usr/bin/ceph: stderr
2024-04-23T14:38:14.306+0000 7f90f7400700 1 -- 172.21.15.44:0/1517384298 <== mgr.14152 v2:172.21.15.44:6800/1947909270 1 ==== mgr_command_reply(tid 0: 0 ) ==== 8+0+32 (secure 0 0 0) 0x7f910002e150 con 0x7f90e4039610
2024-04-23T14:38:14.991 INFO:teuthology.orchestra.run.smithi044.stdout:/usr/bin/ceph: stderr
2024-04-23T14:38:14.310+0000 7f9105400700 1 -- 172.21.15.44:0/1517384298 >> [v2:172.21.15.44:6800/1947909270,v1:172.21.15.44:6801/1947909270] conn(0x7f90e4039610 msgr2=0x7f90e403bad0 secure :-1 s=STATE_CONNECTION_ESTABLISHED l=1).mark_down
2024-04-23T14:38:14.991 INFO:teuthology.orchestra.run.smithi044.stdout:/usr/bin/ceph: stderr
2024-04-23T14:38:14.310+0000 7f9105400700 1 --2- 172.21.15.44:0/1517384298 >> [v2:172.21.15.44:6800/1947909270,v1:172.21.15.44:6801/1947909270] conn(0x7f90e4039610 0x7f90e403bad0 secure :-1 s=READY pgs=7 cs=0 l=1 rev1=1 crypto rx=0x7f90ec006fd0 tx=0x7f90ec006e40 comp rx=0 tx=0).stop
2024-04-23T14:38:14.991 INFO:teuthology.orchestra.run.smithi044.stdout:/usr/bin/ceph: stderr
2024-04-23T14:38:14.310+0000 7f9105400700 1 -- 172.21.15.44:0/1517384298 >> [v2:172.21.15.44:3300/0,v1:172.21.15.44:6789/0] conn(0x7f910010a960 msgr2=0x7f910019ebd0 secure :-1 s=STATE_CONNECTION_ESTABLISHED l=1).mark_down
2024-04-23T14:38:14.991 INFO:teuthology.orchestra.run.smithi044.stdout:/usr/bin/ceph: stderr
2024-04-23T14:38:14.310+0000 7f9105400700 1 --2- 172.21.15.44:0/1517384298 >> [v2:172.21.15.44:3300/0,v1:172.21.15.44:6789/0] conn(0x7f910010a960 0x7f910019ebd0 secure :-1 s=READY pgs=71 cs=0 l=1 rev1=1 crypto rx=0x7f90f00116a0 tx=0x7f90f0011ba0 comp rx=0 tx=0).stop
2024-04-23T14:38:14.991 INFO:teuthology.orchestra.run.smithi044.stdout:/usr/bin/ceph: stderr
2024-04-23T14:38:14.310+0000 7f9105400700 1 -- 172.21.15.44:0/1517384298 shutdown_connections
2024-04-23T14:38:14.992 INFO:teuthology.orchestra.run.smithi044.stdout:/usr/bin/ceph: stderr
2024-04-23T14:38:14.310+0000 7f9105400700 1 --2- 172.21.15.44:0/1517384298 >> [v2:172.21.15.44:6800/1947909270,v1:172.21.15.44:6801/1947909270] conn(0x7f90e4039610 0x7f90e403bad0 unknown :-1 s=CLOSED pgs=7 cs=0 l=1 rev1=1 crypto rx=0 tx=0 comp rx=0 tx=0).stop
2024-04-23T14:38:14.992 INFO:teuthology.orchestra.run.smithi044.stdout:/usr/bin/ceph: stderr
2024-04-23T14:38:14.310+0000 7f9105400700 1 --2- 172.21.15.44:0/1517384298 >> [v2:172.21.15.44:3300/0,v1:172.21.15.44:6789/0] conn(0x7f910010a960 0x7f910019ebd0 unknown :-1 s=CLOSED pgs=71 cs=0 l=1 rev1=1 crypto rx=0 tx=0 comp rx=0 tx=0).stop
2024-04-23T14:38:14.992 INFO:teuthology.orchestra.run.smithi044.stdout:/usr/bin/ceph: stderr
2024-04-23T14:38:14.310+0000 7f9105400700 1 -- 172.21.15.44:0/1517384298 >> 172.21.15.44:0/1517384298 conn(0x7f910007dd80 msgr2=0x7f9100108690 unknown :-1 s=STATE_NONE l=0).mark_down
2024-04-23T14:38:14.992 INFO:teuthology.orchestra.run.smithi044.stdout:/usr/bin/ceph: stderr
2024-04-23T14:38:14.310+0000 7f9105400700 1 -- 172.21.15.44:0/1517384298 shutdown_connections
2024-04-23T14:38:14.992 INFO:teuthology.orchestra.run.smithi044.stdout:/usr/bin/ceph: stderr
2024-04-23T14:38:14.311+0000 7f9105400700 1 -- 172.21.15.44:0/1517384298 wait complete.
2024-04-23T14:38:14.992 INFO:teuthology.orchestra.run.smithi044.stdout:Creating initial admin user...
2024-04-23T14:38:16.926 INFO:teuthology.orchestra.run.smithi044.stdout:/usr/bin/ceph: stdout {"username": "admin", "password": "$2b$12$qkgJh/8yhrs2oRg8qwZZ0ePe6mEYqadOOpn7P37nB16HtDa2r0nb2", "roles": ["administrator"], "name": null, "email": null, "lastUpdate": 1713883096, "enabled": true, "pwdExpirationDate": null, "pwdUpdateRequired": true}
2024-04-23T14:38:16.926 INFO:teuthology.orchestra.run.smithi044.stdout:/usr/bin/ceph: stderr
2024-04-23T14:38:15.637+0000 7fadbf600700 1 Processor -- start
2024-04-23T14:38:16.926 INFO:teuthology.orchestra.run.smithi044.stdout:/usr/bin/ceph: stderr
2024-04-23T14:38:15.638+0000 7fadbf600700 1 -- start start
2024-04-23T14:38:16.926 INFO:teuthology.orchestra.run.smithi044.stdout:/usr/bin/ceph: stderr
2024-04-23T14:38:15.638+0000 7fadbf600700 1 --2- >> [v2:172.21.15.44:3300/0,v1:172.21.15.44:6789/0] conn(0x7fadb8109250 0x7fadb810b640 unknown :-1 s=NONE pgs=0 cs=0 l=0 rev1=0 crypto rx=0 tx=0 comp rx=0 tx=0).connect
2024-04-23T14:38:16.926 INFO:teuthology.orchestra.run.smithi044.stdout:/usr/bin/ceph: stderr
2024-04-23T14:38:15.638+0000 7fadbf600700 1 -- --> [v2:172.21.15.44:3300/0,v1:172.21.15.44:6789/0] -- mon_getmap magic: 0 -- 0x7fadb8063d50 con 0x7fadb8109250
2024-04-23T14:38:16.926 INFO:teuthology.orchestra.run.smithi044.stdout:/usr/bin/ceph: stderr
2024-04-23T14:38:15.639+0000 7fadbcc00700 1 --2- >> [v2:172.21.15.44:3300/0,v1:172.21.15.44:6789/0] conn(0x7fadb8109250 0x7fadb810b640 unknown :-1 s=BANNER_CONNECTING pgs=0 cs=0 l=0 rev1=0 crypto rx=0 tx=0 comp rx=0 tx=0)._handle_peer_banner_payload supported=3 required=0
2024-04-23T14:38:16.926 INFO:teuthology.orchestra.run.smithi044.stdout:/usr/bin/ceph: stderr
2024-04-23T14:38:15.639+0000 7fadbcc00700 1 --2- >> [v2:172.21.15.44:3300/0,v1:172.21.15.44:6789/0] conn(0x7fadb8109250 0x7fadb810b640 unknown :-1 s=HELLO_CONNECTING pgs=0 cs=0 l=0 rev1=1 crypto rx=0 tx=0 comp rx=0 tx=0).handle_hello peer v2:172.21.15.44:3300/0 says I am v2:172.21.15.44:55376/0 (socket says 172.21.15.44:55376)
2024-04-23T14:38:16.926 INFO:teuthology.orchestra.run.smithi044.stdout:/usr/bin/ceph: stderr
2024-04-23T14:38:15.639+0000 7fadbcc00700 1 -- 172.21.15.44:0/3706156130 learned_addr learned my addr 172.21.15.44:0/3706156130 (peer_addr_for_me v2:172.21.15.44:0/0)
2024-04-23T14:38:16.926 INFO:teuthology.orchestra.run.smithi044.stdout:/usr/bin/ceph: stderr
2024-04-23T14:38:15.639+0000 7fadbcc00700 1 -- 172.21.15.44:0/3706156130 --> [v2:172.21.15.44:3300/0,v1:172.21.15.44:6789/0] -- mon_subscribe({config=0+,monmap=0+}) -- 0x7fadb810bb80 con 0x7fadb8109250
2024-04-23T14:38:16.927 INFO:teuthology.orchestra.run.smithi044.stdout:/usr/bin/ceph: stderr
2024-04-23T14:38:15.640+0000 7fadbcc00700 1 --2- 172.21.15.44:0/3706156130 >> [v2:172.21.15.44:3300/0,v1:172.21.15.44:6789/0] conn(0x7fadb8109250 0x7fadb810b640 secure :-1 s=READY pgs=72 cs=0 l=1 rev1=1 crypto rx=0x7fadac0098a0 tx=0x7fadac009bb0 comp rx=0 tx=0).ready entity=mon.0 client_cookie=caea34078056414c server_cookie=0 in_seq=0 out_seq=0
2024-04-23T14:38:16.927 INFO:teuthology.orchestra.run.smithi044.stdout:/usr/bin/ceph: stderr
2024-04-23T14:38:15.640+0000 7fadb7400700 1 -- 172.21.15.44:0/3706156130 <== mon.0 v2:172.21.15.44:3300/0 1 ==== mon_map magic: 0 ==== 205+0+0 (secure 0 0 0) 0x7fadac004160 con 0x7fadb8109250
2024-04-23T14:38:16.927 INFO:teuthology.orchestra.run.smithi044.stdout:/usr/bin/ceph: stderr
2024-04-23T14:38:15.640+0000 7fadb7400700 1 -- 172.21.15.44:0/3706156130 <== mon.0 v2:172.21.15.44:3300/0 2 ==== config(27 keys) ==== 1140+0+0 (secure 0 0 0) 0x7fadac004300 con 0x7fadb8109250
2024-04-23T14:38:16.927 INFO:teuthology.orchestra.run.smithi044.stdout:/usr/bin/ceph: stderr
2024-04-23T14:38:15.640+0000 7fadb7400700 1 -- 172.21.15.44:0/3706156130 <== mon.0 v2:172.21.15.44:3300/0 3 ==== mon_map magic: 0 ==== 205+0+0 (secure 0 0 0) 0x7fadac011b20 con 0x7fadb8109250
2024-04-23T14:38:16.927 INFO:teuthology.orchestra.run.smithi044.stdout:/usr/bin/ceph: stderr
2024-04-23T14:38:15.641+0000 7fadbf600700 1 -- 172.21.15.44:0/3706156130 >> [v2:172.21.15.44:3300/0,v1:172.21.15.44:6789/0] conn(0x7fadb8109250 msgr2=0x7fadb810b640 secure :-1 s=STATE_CONNECTION_ESTABLISHED l=1).mark_down
2024-04-23T14:38:16.927 INFO:teuthology.orchestra.run.smithi044.stdout:/usr/bin/ceph: stderr
2024-04-23T14:38:15.641+0000 7fadbf600700 1 --2- 172.21.15.44:0/3706156130 >> [v2:172.21.15.44:3300/0,v1:172.21.15.44:6789/0] conn(0x7fadb8109250 0x7fadb810b640 secure :-1 s=READY pgs=72 cs=0 l=1 rev1=1 crypto rx=0x7fadac0098a0 tx=0x7fadac009bb0 comp rx=0 tx=0).stop
2024-04-23T14:38:16.927 INFO:teuthology.orchestra.run.smithi044.stdout:/usr/bin/ceph: stderr
2024-04-23T14:38:15.641+0000 7fadbf600700 1 -- 172.21.15.44:0/3706156130 shutdown_connections
2024-04-23T14:38:16.927 INFO:teuthology.orchestra.run.smithi044.stdout:/usr/bin/ceph: stderr
2024-04-23T14:38:15.641+0000 7fadbf600700 1 --2- 172.21.15.44:0/3706156130 >> [v2:172.21.15.44:3300/0,v1:172.21.15.44:6789/0] conn(0x7fadb8109250 0x7fadb810b640 unknown :-1 s=CLOSED pgs=72 cs=0 l=1 rev1=1 crypto rx=0 tx=0 comp rx=0 tx=0).stop
2024-04-23T14:38:16.927 INFO:teuthology.orchestra.run.smithi044.stdout:/usr/bin/ceph: stderr
2024-04-23T14:38:15.641+0000 7fadbf600700 1 -- 172.21.15.44:0/3706156130 >> 172.21.15.44:0/3706156130 conn(0x7fadb8102c60 msgr2=0x7fadb8105080 unknown :-1 s=STATE_NONE l=0).mark_down
2024-04-23T14:38:16.927 INFO:teuthology.orchestra.run.smithi044.stdout:/usr/bin/ceph: stderr
2024-04-23T14:38:15.641+0000 7fadbf600700 1 -- 172.21.15.44:0/3706156130 shutdown_connections
2024-04-23T14:38:16.927 INFO:teuthology.orchestra.run.smithi044.stdout:/usr/bin/ceph: stderr
2024-04-23T14:38:15.641+0000 7fadbf600700 1 -- 172.21.15.44:0/3706156130 wait complete.
2024-04-23T14:38:16.927 INFO:teuthology.orchestra.run.smithi044.stdout:/usr/bin/ceph: stderr
2024-04-23T14:38:15.642+0000 7fadbf600700 1 Processor -- start
2024-04-23T14:38:16.927 INFO:teuthology.orchestra.run.smithi044.stdout:/usr/bin/ceph: stderr
2024-04-23T14:38:15.643+0000 7fadbf600700 1 -- start start
2024-04-23T14:38:16.927 INFO:teuthology.orchestra.run.smithi044.stdout:/usr/bin/ceph: stderr
2024-04-23T14:38:15.643+0000 7fadbf600700 1 --2- >> [v2:172.21.15.44:3300/0,v1:172.21.15.44:6789/0] conn(0x7fadb8109250 0x7fadb819c650 unknown :-1 s=NONE pgs=0 cs=0 l=1 rev1=0 crypto rx=0 tx=0 comp rx=0 tx=0).connect
2024-04-23T14:38:16.928 INFO:teuthology.orchestra.run.smithi044.stdout:/usr/bin/ceph: stderr
2024-04-23T14:38:15.643+0000 7fadbf600700 1 -- --> [v2:172.21.15.44:3300/0,v1:172.21.15.44:6789/0] -- mon_getmap magic: 0 -- 0x7fadb810cb30 con 0x7fadb8109250
2024-04-23T14:38:16.928 INFO:teuthology.orchestra.run.smithi044.stdout:/usr/bin/ceph: stderr
2024-04-23T14:38:15.643+0000 7fadbcc00700 1 --2- >> [v2:172.21.15.44:3300/0,v1:172.21.15.44:6789/0] conn(0x7fadb8109250 0x7fadb819c650 unknown :-1 s=BANNER_CONNECTING pgs=0 cs=0 l=1 rev1=0 crypto rx=0 tx=0 comp rx=0 tx=0)._handle_peer_banner_payload supported=3 required=0
2024-04-23T14:38:16.928 INFO:teuthology.orchestra.run.smithi044.stdout:/usr/bin/ceph: stderr
2024-04-23T14:38:15.643+0000 7fadbcc00700 1 --2- >> [v2:172.21.15.44:3300/0,v1:172.21.15.44:6789/0] conn(0x7fadb8109250 0x7fadb819c650 unknown :-1 s=HELLO_CONNECTING pgs=0 cs=0 l=1 rev1=1 crypto rx=0 tx=0 comp rx=0 tx=0).handle_hello peer v2:172.21.15.44:3300/0 says I am v2:172.21.15.44:55392/0 (socket says 172.21.15.44:55392)
2024-04-23T14:38:16.928 INFO:teuthology.orchestra.run.smithi044.stdout:/usr/bin/ceph: stderr
2024-04-23T14:38:15.643+0000 7fadbcc00700 1 -- 172.21.15.44:0/3580300522 learned_addr learned my addr 172.21.15.44:0/3580300522 (peer_addr_for_me v2:172.21.15.44:0/0)
2024-04-23T14:38:16.928 INFO:teuthology.orchestra.run.smithi044.stdout:/usr/bin/ceph: stderr
2024-04-23T14:38:15.644+0000 7fadbcc00700 1 -- 172.21.15.44:0/3580300522 --> [v2:172.21.15.44:3300/0,v1:172.21.15.44:6789/0] -- mon_subscribe({config=0+,monmap=0+}) -- 0x7fadb819cb90 con 0x7fadb8109250
2024-04-23T14:38:16.928 INFO:teuthology.orchestra.run.smithi044.stdout:/usr/bin/ceph: stderr
2024-04-23T14:38:15.644+0000 7fadbcc00700 1 --2- 172.21.15.44:0/3580300522 >> [v2:172.21.15.44:3300/0,v1:172.21.15.44:6789/0] conn(0x7fadb8109250 0x7fadb819c650 secure :-1 s=READY pgs=73 cs=0 l=1 rev1=1 crypto rx=0x7fadac0117e0 tx=0x7fadac011ba0 comp rx=0 tx=0).ready entity=mon.0 client_cookie=0 server_cookie=0 in_seq=0 out_seq=0
2024-04-23T14:38:16.928 INFO:teuthology.orchestra.run.smithi044.stdout:/usr/bin/ceph: stderr
2024-04-23T14:38:15.644+0000 7fadb5600700 1 -- 172.21.15.44:0/3580300522 <== mon.0 v2:172.21.15.44:3300/0 1 ==== mon_map magic: 0 ==== 205+0+0 (secure 0 0 0) 0x7fadac003ba0 con 0x7fadb8109250
2024-04-23T14:38:16.928 INFO:teuthology.orchestra.run.smithi044.stdout:/usr/bin/ceph: stderr
2024-04-23T14:38:15.644+0000 7fadb5600700 1 -- 172.21.15.44:0/3580300522 <== mon.0 v2:172.21.15.44:3300/0 2 ==== config(27 keys) ==== 1140+0+0 (secure 0 0 0) 0x7fadac01a910 con 0x7fadb8109250
2024-04-23T14:38:16.928 INFO:teuthology.orchestra.run.smithi044.stdout:/usr/bin/ceph: stderr
2024-04-23T14:38:15.644+0000 7fadbf600700 1 -- 172.21.15.44:0/3580300522 --> [v2:172.21.15.44:3300/0,v1:172.21.15.44:6789/0] -- mon_subscribe({mgrmap=0+}) -- 0x7fadb819ce20 con 0x7fadb8109250
2024-04-23T14:38:16.928 INFO:teuthology.orchestra.run.smithi044.stdout:/usr/bin/ceph: stderr
2024-04-23T14:38:15.644+0000 7fadb5600700 1 -- 172.21.15.44:0/3580300522 <== mon.0 v2:172.21.15.44:3300/0 3 ==== mon_map magic: 0 ==== 205+0+0 (secure 0 0 0) 0x7fadac0248f0 con 0x7fadb8109250
2024-04-23T14:38:16.928 INFO:teuthology.orchestra.run.smithi044.stdout:/usr/bin/ceph: stderr
2024-04-23T14:38:15.644+0000 7fadbf600700 1 -- 172.21.15.44:0/3580300522 --> [v2:172.21.15.44:3300/0,v1:172.21.15.44:6789/0] -- mon_subscribe({osdmap=0}) -- 0x7fadb819d280 con 0x7fadb8109250
2024-04-23T14:38:16.928 INFO:teuthology.orchestra.run.smithi044.stdout:/usr/bin/ceph: stderr
2024-04-23T14:38:15.646+0000 7fadb5600700 1 -- 172.21.15.44:0/3580300522 <== mon.0 v2:172.21.15.44:3300/0 4 ==== mgrmap(e 12) ==== 46571+0+0 (secure 0 0 0) 0x7fadac022020 con 0x7fadb8109250
2024-04-23T14:38:16.928 INFO:teuthology.orchestra.run.smithi044.stdout:/usr/bin/ceph: stderr
2024-04-23T14:38:15.646+0000 7fadbf600700 1 -- 172.21.15.44:0/3580300522 --> [v2:172.21.15.44:3300/0,v1:172.21.15.44:6789/0] -- mon_command({"prefix": "get_command_descriptions"} v 0) -- 0x7fadb8064150 con 0x7fadb8109250
2024-04-23T14:38:16.928 INFO:teuthology.orchestra.run.smithi044.stdout:/usr/bin/ceph: stderr
2024-04-23T14:38:15.646+0000 7fadb5600700 1 --2- 172.21.15.44:0/3580300522 >> [v2:172.21.15.44:6800/1947909270,v1:172.21.15.44:6801/1947909270] conn(0x7fada0039660 0x7fada003bb20 unknown :-1 s=NONE pgs=0 cs=0 l=1 rev1=0 crypto rx=0 tx=0 comp rx=0 tx=0).connect
2024-04-23T14:38:16.928 INFO:teuthology.orchestra.run.smithi044.stdout:/usr/bin/ceph: stderr
2024-04-23T14:38:15.646+0000 7fadb5600700 1 -- 172.21.15.44:0/3580300522 <== mon.0 v2:172.21.15.44:3300/0 5 ==== osd_map(3..3 src has 1..3) ==== 1155+0+0 (secure 0 0 0) 0x7fadac04df40 con 0x7fadb8109250
2024-04-23T14:38:16.929 INFO:teuthology.orchestra.run.smithi044.stdout:/usr/bin/ceph: stderr
2024-04-23T14:38:15.647+0000 7fadb7e00700 1 --2- 172.21.15.44:0/3580300522 >> [v2:172.21.15.44:6800/1947909270,v1:172.21.15.44:6801/1947909270] conn(0x7fada0039660 0x7fada003bb20 unknown :-1 s=BANNER_CONNECTING pgs=0 cs=0 l=1 rev1=0 crypto rx=0 tx=0 comp rx=0 tx=0)._handle_peer_banner_payload supported=3 required=0
2024-04-23T14:38:16.929 INFO:teuthology.orchestra.run.smithi044.stdout:/usr/bin/ceph: stderr
2024-04-23T14:38:15.647+0000 7fadb7e00700 1 --2- 172.21.15.44:0/3580300522 >> [v2:172.21.15.44:6800/1947909270,v1:172.21.15.44:6801/1947909270] conn(0x7fada0039660 0x7fada003bb20 secure :-1 s=READY pgs=8 cs=0 l=1 rev1=1 crypto rx=0x7fada4006fd0 tx=0x7fada4006e40 comp rx=0 tx=0).ready entity=mgr.14152 client_cookie=0 server_cookie=0 in_seq=0 out_seq=0
2024-04-23T14:38:16.929 INFO:teuthology.orchestra.run.smithi044.stdout:/usr/bin/ceph: stderr
2024-04-23T14:38:15.652+0000 7fadb5600700 1 -- 172.21.15.44:0/3580300522 <== mon.0 v2:172.21.15.44:3300/0 6 ==== mon_command_ack([{"prefix": "get_command_descriptions"}]=0 v0) ==== 72+0+188370 (secure 0 0 0) 0x7fadac00e260 con 0x7fadb8109250
2024-04-23T14:38:16.929 INFO:teuthology.orchestra.run.smithi044.stdout:/usr/bin/ceph: stderr
2024-04-23T14:38:15.898+0000 7fadbf600700 1 -- 172.21.15.44:0/3580300522 --> [v2:172.21.15.44:6800/1947909270,v1:172.21.15.44:6801/1947909270] -- mgr_command(tid 0: {"prefix": "dashboard ac-user-create", "username": "admin", "rolename": "administrator", "force_password": true, "pwd_update_required": true, "target": ["mon-mgr", ""]}) -- 0x7fadb819fcb0 con 0x7fada0039660
2024-04-23T14:38:16.929 INFO:teuthology.orchestra.run.smithi044.stdout:/usr/bin/ceph: stderr
2024-04-23T14:38:16.158+0000 7fadb5600700 1 -- 172.21.15.44:0/3580300522 <== mgr.14152 v2:172.21.15.44:6800/1947909270 1 ==== mgr_command_reply(tid 0: 0 ) ==== 8+0+252 (secure 0 0 0) 0x7fadb819fcb0 con 0x7fada0039660
2024-04-23T14:38:16.929 INFO:teuthology.orchestra.run.smithi044.stdout:/usr/bin/ceph: stderr
2024-04-23T14:38:16.160+0000 7fadbf600700 1 -- 172.21.15.44:0/3580300522 >> [v2:172.21.15.44:6800/1947909270,v1:172.21.15.44:6801/1947909270] conn(0x7fada0039660 msgr2=0x7fada003bb20 secure :-1 s=STATE_CONNECTION_ESTABLISHED l=1).mark_down
2024-04-23T14:38:16.929 INFO:teuthology.orchestra.run.smithi044.stdout:/usr/bin/ceph: stderr
2024-04-23T14:38:16.161+0000 7fadbf600700 1 --2- 172.21.15.44:0/3580300522 >> [v2:172.21.15.44:6800/1947909270,v1:172.21.15.44:6801/1947909270] conn(0x7fada0039660 0x7fada003bb20 secure :-1 s=READY pgs=8 cs=0 l=1 rev1=1 crypto rx=0x7fada4006fd0 tx=0x7fada4006e40 comp rx=0 tx=0).stop
2024-04-23T14:38:16.929 INFO:teuthology.orchestra.run.smithi044.stdout:/usr/bin/ceph: stderr
2024-04-23T14:38:16.161+0000 7fadbf600700 1 -- 172.21.15.44:0/3580300522 >> [v2:172.21.15.44:3300/0,v1:172.21.15.44:6789/0] conn(0x7fadb8109250 msgr2=0x7fadb819c650 secure :-1 s=STATE_CONNECTION_ESTABLISHED l=1).mark_down
2024-04-23T14:38:16.929 INFO:teuthology.orchestra.run.smithi044.stdout:/usr/bin/ceph: stderr
2024-04-23T14:38:16.161+0000 7fadbf600700 1 --2- 172.21.15.44:0/3580300522 >> [v2:172.21.15.44:3300/0,v1:172.21.15.44:6789/0] conn(0x7fadb8109250 0x7fadb819c650 secure :-1 s=READY pgs=73 cs=0 l=1 rev1=1 crypto rx=0x7fadac0117e0 tx=0x7fadac011ba0 comp rx=0 tx=0).stop
2024-04-23T14:38:16.929 INFO:teuthology.orchestra.run.smithi044.stdout:/usr/bin/ceph: stderr
2024-04-23T14:38:16.161+0000 7fadbf600700 1 -- 172.21.15.44:0/3580300522 shutdown_connections
2024-04-23T14:38:16.929 INFO:teuthology.orchestra.run.smithi044.stdout:/usr/bin/ceph: stderr
2024-04-23T14:38:16.161+0000 7fadbf600700 1 --2- 172.21.15.44:0/3580300522 >> [v2:172.21.15.44:6800/1947909270,v1:172.21.15.44:6801/1947909270] conn(0x7fada0039660 0x7fada003bb20 unknown :-1 s=CLOSED pgs=8 cs=0 l=1 rev1=1 crypto rx=0 tx=0 comp rx=0 tx=0).stop
2024-04-23T14:38:16.929 INFO:teuthology.orchestra.run.smithi044.stdout:/usr/bin/ceph: stderr
2024-04-23T14:38:16.161+0000 7fadbf600700 1 --2- 172.21.15.44:0/3580300522 >> [v2:172.21.15.44:3300/0,v1:172.21.15.44:6789/0] conn(0x7fadb8109250 0x7fadb819c650 unknown :-1 s=CLOSED pgs=73 cs=0 l=1 rev1=1 crypto rx=0 tx=0 comp rx=0 tx=0).stop
2024-04-23T14:38:16.929 INFO:teuthology.orchestra.run.smithi044.stdout:/usr/bin/ceph: stderr
2024-04-23T14:38:16.161+0000 7fadbf600700 1 -- 172.21.15.44:0/3580300522 >> 172.21.15.44:0/3580300522 conn(0x7fadb8102c60 msgr2=0x7fadb8103700 unknown :-1 s=STATE_NONE l=0).mark_down
2024-04-23T14:38:16.929 INFO:teuthology.orchestra.run.smithi044.stdout:/usr/bin/ceph: stderr
2024-04-23T14:38:16.161+0000 7fadbf600700 1 -- 172.21.15.44:0/3580300522 shutdown_connections
2024-04-23T14:38:16.929 INFO:teuthology.orchestra.run.smithi044.stdout:/usr/bin/ceph: stderr
2024-04-23T14:38:16.161+0000 7fadbf600700 1 -- 172.21.15.44:0/3580300522 wait complete.
2024-04-23T14:38:16.930 INFO:teuthology.orchestra.run.smithi044.stdout:Fetching dashboard port number...
2024-04-23T14:38:17.186 INFO:journalctl@ceph.mon.a.smithi044.stdout:Apr 23 14:38:17 smithi044 ceph-mon[28067]: from='client.14166 -' entity='client.admin' cmd=[{"prefix": "dashboard ac-user-create", "username": "admin", "rolename": "administrator", "force_password": true, "pwd_update_required": true, "target": ["mon-mgr", ""]}]: dispatch
2024-04-23T14:38:17.187 INFO:journalctl@ceph.mon.a.smithi044.stdout:Apr 23 14:38:17 smithi044 ceph-mon[28067]: from='mgr.14152 172.21.15.44:0/2146114803' entity='mgr.x'
2024-04-23T14:38:17.187 INFO:journalctl@ceph.mon.a.smithi044.stdout:Apr 23 14:38:17 smithi044 ceph-mon[28067]: from='mgr.14152 172.21.15.44:0/2146114803' entity='mgr.x'
2024-04-23T14:38:18.425 INFO:journalctl@ceph.mon.a.smithi044.stdout:Apr 23 14:38:18 smithi044 ceph-mon[28067]: from='client.? 172.21.15.44:0/3738147670' entity='client.admin' cmd=[{"prefix": "config get", "who": "mgr", "key": "mgr/dashboard/ssl_server_port"}]: dispatch
