2024-04-23T14:36:28.577 INFO:teuthology.orchestra.run.smithi066.stdout:/usr/bin/ceph: stderr
2024-04-23T14:36:27.120+0000 7f311ea00700 1 -- 172.21.15.66:0/2420599612 <== mon.0 v2:172.21.15.66:3300/0 6 ==== mon_command_ack([{"prefix": "get_command_descriptions"}]=0 v0) v1 ==== 72+0+177933 (secure 0 0 0) 0x7f3118018ca0 con 0x7f3128105b10
2024-04-23T14:36:28.577 INFO:teuthology.orchestra.run.smithi066.stdout:/usr/bin/ceph: stderr
2024-04-23T14:36:27.372+0000 7f312ca00700 1 -- 172.21.15.66:0/2420599612 --> [v2:172.21.15.66:6800/2979397119,v1:172.21.15.66:6801/2979397119] -- mgr_command(tid 0: {"prefix": "dashboard ac-user-create", "username": "admin", "rolename": "administrator", "force_password": true, "pwd_update_required": true, "target": ["mon-mgr", ""]}) v1 -- 0x7f31280621a0 con 0x7f310c038490
2024-04-23T14:36:28.577 INFO:teuthology.orchestra.run.smithi066.stdout:/usr/bin/ceph: stderr
2024-04-23T14:36:27.635+0000 7f311ea00700 1 -- 172.21.15.66:0/2420599612 <== mgr.14164 v2:172.21.15.66:6800/2979397119 1 ==== mgr_command_reply(tid 0: 0 ) v1 ==== 8+0+252 (secure 0 0 0) 0x7f31280621a0 con 0x7f310c038490
2024-04-23T14:36:28.577 INFO:teuthology.orchestra.run.smithi066.stdout:/usr/bin/ceph: stderr
2024-04-23T14:36:27.638+0000 7f312ca00700 1 -- 172.21.15.66:0/2420599612 >> [v2:172.21.15.66:6800/2979397119,v1:172.21.15.66:6801/2979397119] conn(0x7f310c038490 msgr2=0x7f310c03a940 secure :-1 s=STATE_CONNECTION_ESTABLISHED l=1).mark_down
2024-04-23T14:36:28.577 INFO:teuthology.orchestra.run.smithi066.stdout:/usr/bin/ceph: stderr
2024-04-23T14:36:27.638+0000 7f312ca00700 1 --2- 172.21.15.66:0/2420599612 >> [v2:172.21.15.66:6800/2979397119,v1:172.21.15.66:6801/2979397119] conn(0x7f310c038490 0x7f310c03a940 secure :-1 s=READY pgs=8 cs=0 l=1 rev1=1 crypto rx=0x7f3114006fd0 tx=0x7f3114006e40 comp rx=0 tx=0).stop
2024-04-23T14:36:28.577 INFO:teuthology.orchestra.run.smithi066.stdout:/usr/bin/ceph: stderr
2024-04-23T14:36:27.638+0000 7f312ca00700 1 -- 172.21.15.66:0/2420599612 >> [v2:172.21.15.66:3300/0,v1:172.21.15.66:6789/0] conn(0x7f3128105b10 msgr2=0x7f312807ab30 secure :-1 s=STATE_CONNECTION_ESTABLISHED l=1).mark_down
2024-04-23T14:36:28.577 INFO:teuthology.orchestra.run.smithi066.stdout:/usr/bin/ceph: stderr
2024-04-23T14:36:27.638+0000 7f312ca00700 1 --2- 172.21.15.66:0/2420599612 >> [v2:172.21.15.66:3300/0,v1:172.21.15.66:6789/0] conn(0x7f3128105b10 0x7f312807ab30 secure :-1 s=READY pgs=85 cs=0 l=1 rev1=1 crypto rx=0x7f3118011ad0 tx=0x7f3118011bb0 comp rx=0 tx=0).stop
2024-04-23T14:36:28.577 INFO:teuthology.orchestra.run.smithi066.stdout:/usr/bin/ceph: stderr
2024-04-23T14:36:27.639+0000 7f312ca00700 1 -- 172.21.15.66:0/2420599612 shutdown_connections
2024-04-23T14:36:28.577 INFO:teuthology.orchestra.run.smithi066.stdout:/usr/bin/ceph: stderr
2024-04-23T14:36:27.639+0000 7f312ca00700 1 --2- 172.21.15.66:0/2420599612 >> [v2:172.21.15.66:6800/2979397119,v1:172.21.15.66:6801/2979397119] conn(0x7f310c038490 0x7f310c03a940 unknown :-1 s=CLOSED pgs=8 cs=0 l=1 rev1=1 crypto rx=0 tx=0 comp rx=0 tx=0).stop
2024-04-23T14:36:28.577 INFO:teuthology.orchestra.run.smithi066.stdout:/usr/bin/ceph: stderr
2024-04-23T14:36:27.639+0000 7f312ca00700 1 --2- 172.21.15.66:0/2420599612 >> [v2:172.21.15.66:3300/0,v1:172.21.15.66:6789/0] conn(0x7f3128105b10 0x7f312807ab30 unknown :-1 s=CLOSED pgs=85 cs=0 l=1 rev1=1 crypto rx=0 tx=0 comp rx=0 tx=0).stop
2024-04-23T14:36:28.577 INFO:teuthology.orchestra.run.smithi066.stdout:/usr/bin/ceph: stderr
2024-04-23T14:36:27.639+0000 7f312ca00700 1 -- 172.21.15.66:0/2420599612 >> 172.21.15.66:0/2420599612 conn(0x7f3128101160 msgr2=0x7f3128102830 unknown :-1 s=STATE_NONE l=0).mark_down
2024-04-23T14:36:28.577 INFO:teuthology.orchestra.run.smithi066.stdout:/usr/bin/ceph: stderr
2024-04-23T14:36:27.639+0000 7f312ca00700 1 -- 172.21.15.66:0/2420599612 shutdown_connections
2024-04-23T14:36:28.577 INFO:teuthology.orchestra.run.smithi066.stdout:/usr/bin/ceph: stderr
2024-04-23T14:36:27.639+0000 7f312ca00700 1 -- 172.21.15.66:0/2420599612 wait complete.
2024-04-23T14:36:28.577 INFO:teuthology.orchestra.run.smithi066.stdout:Fetching dashboard port number...
2024-04-23T14:36:28.853 INFO:journalctl@ceph.mon.smithi066.smithi066.stdout:Apr 23 14:36:28 smithi066 ceph-mon[25786]: from='client.14178 -' entity='client.admin' cmd=[{"prefix": "dashboard ac-user-create", "username": "admin", "rolename": "administrator", "force_password": true, "pwd_update_required": true, "target": ["mon-mgr", ""]}]: dispatch
2024-04-23T14:36:28.853 INFO:journalctl@ceph.mon.smithi066.smithi066.stdout:Apr 23 14:36:28 smithi066 ceph-mon[25786]: from='mgr.14164 172.21.15.66:0/2045553501' entity='mgr.smithi066.dxtroq'
2024-04-23T14:36:29.673 INFO:journalctl@ceph.mon.smithi066.smithi066.stdout:Apr 23 14:36:29 smithi066 ceph-mon[25786]: mgrmap e13: smithi066.dxtroq(active, since 6s)
2024-04-23T14:36:30.461 INFO:teuthology.orchestra.run.smithi066.stdout:/usr/bin/ceph: stdout 8443
2024-04-23T14:36:30.462 INFO:teuthology.orchestra.run.smithi066.stdout:/usr/bin/ceph: stderr
2024-04-23T14:36:29.573+0000 7fe418200700 1 Processor -- start
2024-04-23T14:36:30.462 INFO:teuthology.orchestra.run.smithi066.stdout:/usr/bin/ceph: stderr
2024-04-23T14:36:29.573+0000 7fe418200700 1 -- start start
2024-04-23T14:36:30.462 INFO:teuthology.orchestra.run.smithi066.stdout:/usr/bin/ceph: stderr
2024-04-23T14:36:29.574+0000 7fe418200700 1 --2- >> [v2:172.21.15.66:3300/0,v1:172.21.15.66:6789/0] conn(0x7fe410107d00 0x7fe410108110 unknown :-1 s=NONE pgs=0 cs=0 l=0 rev1=0 crypto rx=0 tx=0 comp rx=0 tx=0).connect
2024-04-23T14:36:30.462 INFO:teuthology.orchestra.run.smithi066.stdout:/usr/bin/ceph: stderr
2024-04-23T14:36:29.574+0000 7fe418200700 1 -- --> [v2:172.21.15.66:3300/0,v1:172.21.15.66:6789/0] -- mon_getmap magic: 0 v1 -- 0x7fe410108650 con 0x7fe410107d00
2024-04-23T14:36:30.462 INFO:teuthology.orchestra.run.smithi066.stdout:/usr/bin/ceph: stderr
2024-04-23T14:36:29.574+0000 7fe415800700 1 --2- >> [v2:172.21.15.66:3300/0,v1:172.21.15.66:6789/0] conn(0x7fe410107d00 0x7fe410108110 unknown :-1 s=BANNER_CONNECTING pgs=0 cs=0 l=0 rev1=0 crypto rx=0 tx=0 comp rx=0 tx=0)._handle_peer_banner_payload supported=3 required=0
2024-04-23T14:36:30.462 INFO:teuthology.orchestra.run.smithi066.stdout:/usr/bin/ceph: stderr
2024-04-23T14:36:29.574+0000 7fe415800700 1 --2- >> [v2:172.21.15.66:3300/0,v1:172.21.15.66:6789/0] conn(0x7fe410107d00 0x7fe410108110 unknown :-1 s=HELLO_CONNECTING pgs=0 cs=0 l=0 rev1=1 crypto rx=0 tx=0 comp rx=0 tx=0).handle_hello peer v2:172.21.15.66:3300/0 says I am v2:172.21.15.66:54798/0 (socket says 172.21.15.66:54798)
2024-04-23T14:36:30.462 INFO:teuthology.orchestra.run.smithi066.stdout:/usr/bin/ceph: stderr
2024-04-23T14:36:29.574+0000 7fe415800700 1 -- 172.21.15.66:0/1468018044 learned_addr learned my addr 172.21.15.66:0/1468018044 (peer_addr_for_me v2:172.21.15.66:0/0)
2024-04-23T14:36:30.462 INFO:teuthology.orchestra.run.smithi066.stdout:/usr/bin/ceph: stderr
2024-04-23T14:36:29.574+0000 7fe415800700 1 -- 172.21.15.66:0/1468018044 --> [v2:172.21.15.66:3300/0,v1:172.21.15.66:6789/0] -- mon_subscribe({config=0+,monmap=0+}) v3 -- 0x7fe410108790 con 0x7fe410107d00
2024-04-23T14:36:30.462 INFO:teuthology.orchestra.run.smithi066.stdout:/usr/bin/ceph: stderr
2024-04-23T14:36:29.575+0000 7fe415800700 1 --2- 172.21.15.66:0/1468018044 >> [v2:172.21.15.66:3300/0,v1:172.21.15.66:6789/0] conn(0x7fe410107d00 0x7fe410108110 secure :-1 s=READY pgs=86 cs=0 l=1 rev1=1 crypto rx=0x7fe4040098a0 tx=0x7fe404009bb0 comp rx=0 tx=0).ready entity=mon.0 client_cookie=9a67fdc7d8ef1dbd server_cookie=0 in_seq=0 out_seq=0
2024-04-23T14:36:30.462 INFO:teuthology.orchestra.run.smithi066.stdout:/usr/bin/ceph: stderr
2024-04-23T14:36:29.575+0000 7fe40fe00700 1 -- 172.21.15.66:0/1468018044 <== mon.0 v2:172.21.15.66:3300/0 1 ==== mon_map magic: 0 v1 ==== 229+0+0 (secure 0 0 0) 0x7fe404004180 con 0x7fe410107d00
2024-04-23T14:36:30.463 INFO:teuthology.orchestra.run.smithi066.stdout:/usr/bin/ceph: stderr
2024-04-23T14:36:29.575+0000 7fe40fe00700 1 -- 172.21.15.66:0/1468018044 <== mon.0 v2:172.21.15.66:3300/0 2 ==== config(27 keys) v1 ==== 1101+0+0 (secure 0 0 0) 0x7fe4040042e0 con 0x7fe410107d00
2024-04-23T14:36:30.463 INFO:teuthology.orchestra.run.smithi066.stdout:/usr/bin/ceph: stderr
2024-04-23T14:36:29.575+0000 7fe40fe00700 1 -- 172.21.15.66:0/1468018044 <== mon.0 v2:172.21.15.66:3300/0 3 ==== mon_map magic: 0 v1 ==== 229+0+0 (secure 0 0 0) 0x7fe404011af0 con 0x7fe410107d00
2024-04-23T14:36:30.463 INFO:teuthology.orchestra.run.smithi066.stdout:/usr/bin/ceph: stderr
2024-04-23T14:36:29.576+0000 7fe418200700 1 -- 172.21.15.66:0/1468018044 >> [v2:172.21.15.66:3300/0,v1:172.21.15.66:6789/0] conn(0x7fe410107d00 msgr2=0x7fe410108110 secure :-1 s=STATE_CONNECTION_ESTABLISHED l=1).mark_down
2024-04-23T14:36:30.463 INFO:teuthology.orchestra.run.smithi066.stdout:/usr/bin/ceph: stderr
2024-04-23T14:36:29.576+0000 7fe418200700 1 --2- 172.21.15.66:0/1468018044 >> [v2:172.21.15.66:3300/0,v1:172.21.15.66:6789/0] conn(0x7fe410107d00 0x7fe410108110 secure :-1 s=READY pgs=86 cs=0 l=1 rev1=1 crypto rx=0x7fe4040098a0 tx=0x7fe404009bb0 comp rx=0 tx=0).stop
2024-04-23T14:36:30.463 INFO:teuthology.orchestra.run.smithi066.stdout:/usr/bin/ceph: stderr
2024-04-23T14:36:29.576+0000 7fe418200700 1 -- 172.21.15.66:0/1468018044 shutdown_connections
2024-04-23T14:36:30.463 INFO:teuthology.orchestra.run.smithi066.stdout:/usr/bin/ceph: stderr
2024-04-23T14:36:29.576+0000 7fe418200700 1 --2- 172.21.15.66:0/1468018044 >> [v2:172.21.15.66:3300/0,v1:172.21.15.66:6789/0] conn(0x7fe410107d00 0x7fe410108110 unknown :-1 s=CLOSED pgs=86 cs=0 l=1 rev1=1 crypto rx=0 tx=0 comp rx=0 tx=0).stop
2024-04-23T14:36:30.463 INFO:teuthology.orchestra.run.smithi066.stdout:/usr/bin/ceph: stderr
2024-04-23T14:36:29.576+0000 7fe418200700 1 -- 172.21.15.66:0/1468018044 >> 172.21.15.66:0/1468018044 conn(0x7fe41007b220 msgr2=0x7fe41007b620 unknown :-1 s=STATE_NONE l=0).mark_down
2024-04-23T14:36:30.463 INFO:teuthology.orchestra.run.smithi066.stdout:/usr/bin/ceph: stderr
2024-04-23T14:36:29.576+0000 7fe418200700 1 -- 172.21.15.66:0/1468018044 shutdown_connections
2024-04-23T14:36:30.463 INFO:teuthology.orchestra.run.smithi066.stdout:/usr/bin/ceph: stderr
2024-04-23T14:36:29.576+0000 7fe418200700 1 -- 172.21.15.66:0/1468018044 wait complete.
2024-04-23T14:36:30.463 INFO:teuthology.orchestra.run.smithi066.stdout:/usr/bin/ceph: stderr
2024-04-23T14:36:29.577+0000 7fe418200700 1 Processor -- start
2024-04-23T14:36:30.463 INFO:teuthology.orchestra.run.smithi066.stdout:/usr/bin/ceph: stderr
2024-04-23T14:36:29.578+0000 7fe418200700 1 -- start start
2024-04-23T14:36:30.463 INFO:teuthology.orchestra.run.smithi066.stdout:/usr/bin/ceph: stderr
2024-04-23T14:36:29.578+0000 7fe418200700 1 --2- >> [v2:172.21.15.66:3300/0,v1:172.21.15.66:6789/0] conn(0x7fe410107d00 0x7fe41019bac0 unknown :-1 s=NONE pgs=0 cs=0 l=1 rev1=0 crypto rx=0 tx=0 comp rx=0 tx=0).connect
2024-04-23T14:36:30.463 INFO:teuthology.orchestra.run.smithi066.stdout:/usr/bin/ceph: stderr
2024-04-23T14:36:29.578+0000 7fe418200700 1 -- --> [v2:172.21.15.66:3300/0,v1:172.21.15.66:6789/0] -- mon_getmap magic: 0 v1 -- 0x7fe41019c000 con 0x7fe410107d00
2024-04-23T14:36:30.463 INFO:teuthology.orchestra.run.smithi066.stdout:/usr/bin/ceph: stderr
2024-04-23T14:36:29.578+0000 7fe415800700 1 --2- >> [v2:172.21.15.66:3300/0,v1:172.21.15.66:6789/0] conn(0x7fe410107d00 0x7fe41019bac0 unknown :-1 s=BANNER_CONNECTING pgs=0 cs=0 l=1 rev1=0 crypto rx=0 tx=0 comp rx=0 tx=0)._handle_peer_banner_payload supported=3 required=0
2024-04-23T14:36:30.464 INFO:teuthology.orchestra.run.smithi066.stdout:/usr/bin/ceph: stderr
2024-04-23T14:36:29.578+0000 7fe415800700 1 --2- >> [v2:172.21.15.66:3300/0,v1:172.21.15.66:6789/0] conn(0x7fe410107d00 0x7fe41019bac0 unknown :-1 s=HELLO_CONNECTING pgs=0 cs=0 l=1 rev1=1 crypto rx=0 tx=0 comp rx=0 tx=0).handle_hello peer v2:172.21.15.66:3300/0 says I am v2:172.21.15.66:54814/0 (socket says 172.21.15.66:54814)
2024-04-23T14:36:30.464 INFO:teuthology.orchestra.run.smithi066.stdout:/usr/bin/ceph: stderr
2024-04-23T14:36:29.578+0000 7fe415800700 1 -- 172.21.15.66:0/1697935075 learned_addr learned my addr 172.21.15.66:0/1697935075 (peer_addr_for_me v2:172.21.15.66:0/0)
2024-04-23T14:36:30.464 INFO:teuthology.orchestra.run.smithi066.stdout:/usr/bin/ceph: stderr
2024-04-23T14:36:29.579+0000 7fe415800700 1 -- 172.21.15.66:0/1697935075 --> [v2:172.21.15.66:3300/0,v1:172.21.15.66:6789/0] -- mon_subscribe({config=0+,monmap=0+}) v3 -- 0x7fe404009550 con 0x7fe410107d00
2024-04-23T14:36:30.464 INFO:teuthology.orchestra.run.smithi066.stdout:/usr/bin/ceph: stderr
2024-04-23T14:36:29.579+0000 7fe415800700 1 --2- 172.21.15.66:0/1697935075 >> [v2:172.21.15.66:3300/0,v1:172.21.15.66:6789/0] conn(0x7fe410107d00 0x7fe41019bac0 secure :-1 s=READY pgs=87 cs=0 l=1 rev1=1 crypto rx=0x7fe404011670 tx=0x7fe404011b50 comp rx=0 tx=0).ready entity=mon.0 client_cookie=0 server_cookie=0 in_seq=0 out_seq=0
2024-04-23T14:36:30.464 INFO:teuthology.orchestra.run.smithi066.stdout:/usr/bin/ceph: stderr
2024-04-23T14:36:29.579+0000 7fe40e000700 1 -- 172.21.15.66:0/1697935075 <== mon.0 v2:172.21.15.66:3300/0 1 ==== mon_map magic: 0 v1 ==== 229+0+0 (secure 0 0 0) 0x7fe404003a40 con 0x7fe410107d00
2024-04-23T14:36:30.464 INFO:teuthology.orchestra.run.smithi066.stdout:/usr/bin/ceph: stderr
2024-04-23T14:36:29.579+0000 7fe40e000700 1 -- 172.21.15.66:0/1697935075 <== mon.0 v2:172.21.15.66:3300/0 2 ==== config(27 keys) v1 ==== 1101+0+0 (secure 0 0 0) 0x7fe404003ba0 con 0x7fe410107d00
2024-04-23T14:36:30.464 INFO:teuthology.orchestra.run.smithi066.stdout:/usr/bin/ceph: stderr
2024-04-23T14:36:29.579+0000 7fe40e000700 1 -- 172.21.15.66:0/1697935075 <== mon.0 v2:172.21.15.66:3300/0 3 ==== mon_map magic: 0 v1 ==== 229+0+0 (secure 0 0 0) 0x7fe404024790 con 0x7fe410107d00
2024-04-23T14:36:30.464 INFO:teuthology.orchestra.run.smithi066.stdout:/usr/bin/ceph: stderr
2024-04-23T14:36:29.579+0000 7fe418200700 1 -- 172.21.15.66:0/1697935075 --> [v2:172.21.15.66:3300/0,v1:172.21.15.66:6789/0] -- mon_subscribe({mgrmap=0+}) v3 -- 0x7fe41019c200 con 0x7fe410107d00
2024-04-23T14:36:30.464 INFO:teuthology.orchestra.run.smithi066.stdout:/usr/bin/ceph: stderr
2024-04-23T14:36:29.579+0000 7fe418200700 1 -- 172.21.15.66:0/1697935075 --> [v2:172.21.15.66:3300/0,v1:172.21.15.66:6789/0] -- mon_subscribe({osdmap=0}) v3 -- 0x7fe41019c620 con 0x7fe410107d00
2024-04-23T14:36:30.464 INFO:teuthology.orchestra.run.smithi066.stdout:/usr/bin/ceph: stderr
2024-04-23T14:36:29.580+0000 7fe418200700 1 -- 172.21.15.66:0/1697935075 --> [v2:172.21.15.66:3300/0,v1:172.21.15.66:6789/0] -- mon_command({"prefix": "get_command_descriptions"} v 0) v1 -- 0x7fe410062380 con 0x7fe410107d00
2024-04-23T14:36:30.464 INFO:teuthology.orchestra.run.smithi066.stdout:/usr/bin/ceph: stderr
2024-04-23T14:36:29.581+0000 7fe40e000700 1 -- 172.21.15.66:0/1697935075 <== mon.0 v2:172.21.15.66:3300/0 4 ==== mgrmap(e 13) v1 ==== 45140+0+0 (secure 0 0 0) 0x7fe40401a430 con 0x7fe410107d00
2024-04-23T14:36:30.464 INFO:teuthology.orchestra.run.smithi066.stdout:/usr/bin/ceph: stderr
2024-04-23T14:36:29.581+0000 7fe40e000700 1 --2- 172.21.15.66:0/1697935075 >> [v2:172.21.15.66:6800/2979397119,v1:172.21.15.66:6801/2979397119] conn(0x7fe3f80384e0 0x7fe3f803a990 unknown :-1 s=NONE pgs=0 cs=0 l=1 rev1=0 crypto rx=0 tx=0 comp rx=0 tx=0).connect
2024-04-23T14:36:30.464 INFO:teuthology.orchestra.run.smithi066.stdout:/usr/bin/ceph: stderr
2024-04-23T14:36:29.581+0000 7fe40e000700 1 -- 172.21.15.66:0/1697935075 <== mon.0 v2:172.21.15.66:3300/0 5 ==== osd_map(3..3 src has 1..3) v4 ==== 1155+0+0 (secure 0 0 0) 0x7fe40404c7e0 con 0x7fe410107d00
2024-04-23T14:36:30.464 INFO:teuthology.orchestra.run.smithi066.stdout:/usr/bin/ceph: stderr
2024-04-23T14:36:29.582+0000 7fe414e00700 1 --2- 172.21.15.66:0/1697935075 >> [v2:172.21.15.66:6800/2979397119,v1:172.21.15.66:6801/2979397119] conn(0x7fe3f80384e0 0x7fe3f803a990 unknown :-1 s=BANNER_CONNECTING pgs=0 cs=0 l=1 rev1=0 crypto rx=0 tx=0 comp rx=0 tx=0)._handle_peer_banner_payload supported=3 required=0
2024-04-23T14:36:30.465 INFO:teuthology.orchestra.run.smithi066.stdout:/usr/bin/ceph: stderr
2024-04-23T14:36:29.582+0000 7fe414e00700 1 --2- 172.21.15.66:0/1697935075 >> [v2:172.21.15.66:6800/2979397119,v1:172.21.15.66:6801/2979397119] conn(0x7fe3f80384e0 0x7fe3f803a990 secure :-1 s=READY pgs=9 cs=0 l=1 rev1=1 crypto rx=0x7fe3fc006fd0 tx=0x7fe3fc006e40 comp rx=0 tx=0).ready entity=mgr.14164 client_cookie=0 server_cookie=0 in_seq=0 out_seq=0
2024-04-23T14:36:30.465 INFO:teuthology.orchestra.run.smithi066.stdout:/usr/bin/ceph: stderr
2024-04-23T14:36:29.586+0000 7fe40e000700 1 -- 172.21.15.66:0/1697935075 <== mon.0 v2:172.21.15.66:3300/0 6 ==== mon_command_ack([{"prefix": "get_command_descriptions"}]=0 v0) v1 ==== 72+0+177933 (secure 0 0 0) 0x7fe404018b40 con 0x7fe410107d00
2024-04-23T14:36:30.465 INFO:teuthology.orchestra.run.smithi066.stdout:/usr/bin/ceph: stderr
2024-04-23T14:36:29.813+0000 7fe418200700 1 -- 172.21.15.66:0/1697935075 --> [v2:172.21.15.66:3300/0,v1:172.21.15.66:6789/0] -- mon_command({"prefix": "config get", "who": "mgr", "key": "mgr/dashboard/ssl_server_port"} v 0) v1 -- 0x7fe41019f480 con 0x7fe410107d00
2024-04-23T14:36:30.465 INFO:teuthology.orchestra.run.smithi066.stdout:/usr/bin/ceph: stderr
2024-04-23T14:36:29.813+0000 7fe40e000700 1 -- 172.21.15.66:0/1697935075 <== mon.0 v2:172.21.15.66:3300/0 7 ==== mon_command_ack([{"prefix": "config get", "who": "mgr", "key": "mgr/dashboard/ssl_server_port"}]=0 v8) v1 ==== 112+0+5 (secure 0 0 0) 0x7fe404018b40 con 0x7fe410107d00
2024-04-23T14:36:30.465 INFO:teuthology.orchestra.run.smithi066.stdout:/usr/bin/ceph: stderr
2024-04-23T14:36:29.817+0000 7fe418200700 1 -- 172.21.15.66:0/1697935075 >> [v2:172.21.15.66:6800/2979397119,v1:172.21.15.66:6801/2979397119] conn(0x7fe3f80384e0 msgr2=0x7fe3f803a990 secure :-1 s=STATE_CONNECTION_ESTABLISHED l=1).mark_down
2024-04-23T14:36:30.465 INFO:teuthology.orchestra.run.smithi066.stdout:/usr/bin/ceph: stderr
2024-04-23T14:36:29.817+0000 7fe418200700 1 --2- 172.21.15.66:0/1697935075 >> [v2:172.21.15.66:6800/2979397119,v1:172.21.15.66:6801/2979397119] conn(0x7fe3f80384e0 0x7fe3f803a990 secure :-1 s=READY pgs=9 cs=0 l=1 rev1=1 crypto rx=0x7fe3fc006fd0 tx=0x7fe3fc006e40 comp rx=0 tx=0).stop
2024-04-23T14:36:30.465 INFO:teuthology.orchestra.run.smithi066.stdout:/usr/bin/ceph: stderr
2024-04-23T14:36:29.817+0000 7fe418200700 1 -- 172.21.15.66:0/1697935075 >> [v2:172.21.15.66:3300/0,v1:172.21.15.66:6789/0] conn(0x7fe410107d00 msgr2=0x7fe41019bac0 secure :-1 s=STATE_CONNECTION_ESTABLISHED l=1).mark_down
2024-04-23T14:36:30.465 INFO:teuthology.orchestra.run.smithi066.stdout:/usr/bin/ceph: stderr
2024-04-23T14:36:29.817+0000 7fe418200700 1 --2- 172.21.15.66:0/1697935075 >> [v2:172.21.15.66:3300/0,v1:172.21.15.66:6789/0] conn(0x7fe410107d00 0x7fe41019bac0 secure :-1 s=READY pgs=87 cs=0 l=1 rev1=1 crypto rx=0x7fe404011670 tx=0x7fe404011b50 comp rx=0 tx=0).stop
2024-04-23T14:36:30.465 INFO:teuthology.orchestra.run.smithi066.stdout:/usr/bin/ceph: stderr
2024-04-23T14:36:29.817+0000 7fe418200700 1 -- 172.21.15.66:0/1697935075 shutdown_connections
2024-04-23T14:36:30.465 INFO:teuthology.orchestra.run.smithi066.stdout:/usr/bin/ceph: stderr
2024-04-23T14:36:29.817+0000 7fe418200700 1 --2- 172.21.15.66:0/1697935075 >> [v2:172.21.15.66:6800/2979397119,v1:172.21.15.66:6801/2979397119] conn(0x7fe3f80384e0 0x7fe3f803a990 unknown :-1 s=CLOSED pgs=9 cs=0 l=1 rev1=1 crypto rx=0 tx=0 comp rx=0 tx=0).stop
2024-04-23T14:36:30.465 INFO:teuthology.orchestra.run.smithi066.stdout:/usr/bin/ceph: stderr
2024-04-23T14:36:29.817+0000 7fe418200700 1 --2- 172.21.15.66:0/1697935075 >> [v2:172.21.15.66:3300/0,v1:172.21.15.66:6789/0] conn(0x7fe410107d00 0x7fe41019bac0 unknown :-1 s=CLOSED pgs=87 cs=0 l=1 rev1=1 crypto rx=0 tx=0 comp rx=0 tx=0).stop
2024-04-23T14:36:30.466 INFO:teuthology.orchestra.run.smithi066.stdout:/usr/bin/ceph: stderr
2024-04-23T14:36:29.817+0000 7fe418200700 1 -- 172.21.15.66:0/1697935075 >> 172.21.15.66:0/1697935075 conn(0x7fe41007b220 msgr2=0x7fe4101060e0 unknown :-1 s=STATE_NONE l=0).mark_down
2024-04-23T14:36:30.466 INFO:teuthology.orchestra.run.smithi066.stdout:/usr/bin/ceph: stderr
2024-04-23T14:36:29.817+0000 7fe418200700 1 -- 172.21.15.66:0/1697935075 shutdown_connections
2024-04-23T14:36:30.466 INFO:teuthology.orchestra.run.smithi066.stdout:/usr/bin/ceph: stderr
2024-04-23T14:36:29.817+0000 7fe418200700 1 -- 172.21.15.66:0/1697935075 wait complete.
2024-04-23T14:36:30.490 INFO:teuthology.orchestra.run.smithi066.stdout:Non-zero exit code 1 from systemctl is-enabled firewalld.service
2024-04-23T14:36:30.491 INFO:teuthology.orchestra.run.smithi066.stdout:systemctl: stdout disabled
2024-04-23T14:36:30.514 INFO:teuthology.orchestra.run.smithi066.stdout:Non-zero exit code 3 from systemctl is-active firewalld.service
2024-04-23T14:36:30.514 INFO:teuthology.orchestra.run.smithi066.stdout:systemctl: stdout inactive
2024-04-23T14:36:30.514 INFO:teuthology.orchestra.run.smithi066.stdout:firewalld.service is not enabled
2024-04-23T14:36:30.515 INFO:teuthology.orchestra.run.smithi066.stdout:Not possible to open ports <[8443]>. firewalld.service is not available
2024-04-23T14:36:30.522 INFO:teuthology.orchestra.run.smithi066.stdout:Ceph Dashboard is now available at:
2024-04-23T14:36:30.522 INFO:teuthology.orchestra.run.smithi066.stdout:
2024-04-23T14:36:30.523 INFO:teuthology.orchestra.run.smithi066.stdout: URL: https://smithi066.front.sepia.ceph.com:8443/
2024-04-23T14:36:30.523 INFO:teuthology.orchestra.run.smithi066.stdout: User: admin
2024-04-23T14:36:30.523 INFO:teuthology.orchestra.run.smithi066.stdout: Password: 8saej77lmz
2024-04-23T14:36:30.523 INFO:teuthology.orchestra.run.smithi066.stdout:
2024-04-23T14:36:30.524 INFO:teuthology.orchestra.run.smithi066.stdout:Saving cluster configuration to /var/lib/ceph/859ea43a-017e-11ef-bc93-c7b262605968/config directory
2024-04-23T14:36:30.526 INFO:teuthology.orchestra.run.smithi066.stdout:Enabling autotune for osd_memory_target
2024-04-23T14:36:30.794 INFO:journalctl@ceph.mon.smithi066.smithi066.stdout:Apr 23 14:36:30 smithi066 ceph-mon[25786]: from='client.? 172.21.15.66:0/1697935075' entity='client.admin' cmd=[{"prefix": "config get", "who": "mgr", "key": "mgr/dashboard/ssl_server_port"}]: dispatch
2024-04-23T14:36:31.961 INFO:teuthology.orchestra.run.smithi066.stdout:/usr/bin/ceph: stderr
2024-04-23T14:36:31.124+0000 7fa841800700 1 Processor -- start
2024-04-23T14:36:31.961 INFO:teuthology.orchestra.run.smithi066.stdout:/usr/bin/ceph: stderr
2024-04-23T14:36:31.124+0000 7fa841800700 1 -- start start
2024-04-23T14:36:31.961 INFO:teuthology.orchestra.run.smithi066.stdout:/usr/bin/ceph: stderr
2024-04-23T14:36:31.125+0000 7fa841800700 1 --2- >> [v2:172.21.15.66:3300/0,v1:172.21.15.66:6789/0] conn(0x7fa83c0802e0 0x7fa83c10ecd0 unknown :-1 s=NONE pgs=0 cs=0 l=0 rev1=0 crypto rx=0 tx=0 comp rx=0 tx=0).connect
2024-04-23T14:36:31.966 INFO:teuthology.orchestra.run.smithi066.stdout:/usr/bin/ceph: stderr
2024-04-23T14:36:31.125+0000 7fa841800700 1 -- --> [v2:172.21.15.66:3300/0,v1:172.21.15.66:6789/0] -- mon_getmap magic: 0 v1 -- 0x7fa83c10f210 con 0x7fa83c0802e0
2024-04-23T14:36:31.967 INFO:teuthology.orchestra.run.smithi066.stdout:/usr/bin/ceph: stderr
2024-04-23T14:36:31.125+0000 7fa83aa00700 1 --2- >> [v2:172.21.15.66:3300/0,v1:172.21.15.66:6789/0] conn(0x7fa83c0802e0 0x7fa83c10ecd0 unknown :-1 s=BANNER_CONNECTING pgs=0 cs=0 l=0 rev1=0 crypto rx=0 tx=0 comp rx=0 tx=0)._handle_peer_banner_payload supported=3 required=0
2024-04-23T14:36:31.967 INFO:teuthology.orchestra.run.smithi066.stdout:/usr/bin/ceph: stderr
2024-04-23T14:36:31.125+0000 7fa83aa00700 1 --2- >> [v2:172.21.15.66:3300/0,v1:172.21.15.66:6789/0] conn(0x7fa83c0802e0 0x7fa83c10ecd0 unknown :-1 s=HELLO_CONNECTING pgs=0 cs=0 l=0 rev1=1 crypto rx=0 tx=0 comp rx=0 tx=0).handle_hello peer v2:172.21.15.66:3300/0 says I am v2:172.21.15.66:54828/0 (socket says 172.21.15.66:54828)
2024-04-23T14:36:31.967 INFO:teuthology.orchestra.run.smithi066.stdout:/usr/bin/ceph: stderr
2024-04-23T14:36:31.125+0000 7fa83aa00700 1 -- 172.21.15.66:0/1816793587 learned_addr learned my addr 172.21.15.66:0/1816793587 (peer_addr_for_me v2:172.21.15.66:0/0)
2024-04-23T14:36:31.967 INFO:teuthology.orchestra.run.smithi066.stdout:/usr/bin/ceph: stderr
2024-04-23T14:36:31.126+0000 7fa83aa00700 1 -- 172.21.15.66:0/1816793587 --> [v2:172.21.15.66:3300/0,v1:172.21.15.66:6789/0] -- mon_subscribe({config=0+,monmap=0+}) v3 -- 0x7fa83c10f350 con 0x7fa83c0802e0
2024-04-23T14:36:31.967 INFO:teuthology.orchestra.run.smithi066.stdout:/usr/bin/ceph: stderr
2024-04-23T14:36:31.126+0000 7fa83aa00700 1 --2- 172.21.15.66:0/1816793587 >> [v2:172.21.15.66:3300/0,v1:172.21.15.66:6789/0] conn(0x7fa83c0802e0 0x7fa83c10ecd0 secure :-1 s=READY pgs=88 cs=0 l=1 rev1=1 crypto rx=0x7fa82c0098a0 tx=0x7fa82c009bb0 comp rx=0 tx=0).ready entity=mon.0 client_cookie=c5c2a26cc363d434 server_cookie=0 in_seq=0 out_seq=0
2024-04-23T14:36:31.967 INFO:teuthology.orchestra.run.smithi066.stdout:/usr/bin/ceph: stderr
2024-04-23T14:36:31.127+0000 7fa839600700 1 -- 172.21.15.66:0/1816793587 <== mon.0 v2:172.21.15.66:3300/0 1 ==== mon_map magic: 0 v1 ==== 229+0+0 (secure 0 0 0) 0x7fa82c004180 con 0x7fa83c0802e0
2024-04-23T14:36:31.967 INFO:teuthology.orchestra.run.smithi066.stdout:/usr/bin/ceph: stderr
2024-04-23T14:36:31.127+0000 7fa839600700 1 -- 172.21.15.66:0/1816793587 <== mon.0 v2:172.21.15.66:3300/0 2 ==== config(27 keys) v1 ==== 1101+0+0 (secure 0 0 0) 0x7fa82c0042e0 con 0x7fa83c0802e0
2024-04-23T14:36:31.967 INFO:teuthology.orchestra.run.smithi066.stdout:/usr/bin/ceph: stderr
2024-04-23T14:36:31.127+0000 7fa839600700 1 -- 172.21.15.66:0/1816793587 <== mon.0 v2:172.21.15.66:3300/0 3 ==== mon_map magic: 0 v1 ==== 229+0+0 (secure 0 0 0) 0x7fa82c011af0 con 0x7fa83c0802e0
2024-04-23T14:36:31.967 INFO:teuthology.orchestra.run.smithi066.stdout:/usr/bin/ceph: stderr
2024-04-23T14:36:31.127+0000 7fa841800700 1 -- 172.21.15.66:0/1816793587 >> [v2:172.21.15.66:3300/0,v1:172.21.15.66:6789/0] conn(0x7fa83c0802e0 msgr2=0x7fa83c10ecd0 secure :-1 s=STATE_CONNECTION_ESTABLISHED l=1).mark_down
2024-04-23T14:36:31.967 INFO:teuthology.orchestra.run.smithi066.stdout:/usr/bin/ceph: stderr
2024-04-23T14:36:31.127+0000 7fa841800700 1 --2- 172.21.15.66:0/1816793587 >> [v2:172.21.15.66:3300/0,v1:172.21.15.66:6789/0] conn(0x7fa83c0802e0 0x7fa83c10ecd0 secure :-1 s=READY pgs=88 cs=0 l=1 rev1=1 crypto rx=0x7fa82c0098a0 tx=0x7fa82c009bb0 comp rx=0 tx=0).stop
2024-04-23T14:36:31.967 INFO:teuthology.orchestra.run.smithi066.stdout:/usr/bin/ceph: stderr
2024-04-23T14:36:31.128+0000 7fa841800700 1 -- 172.21.15.66:0/1816793587 shutdown_connections
2024-04-23T14:36:31.967 INFO:teuthology.orchestra.run.smithi066.stdout:/usr/bin/ceph: stderr
2024-04-23T14:36:31.128+0000 7fa841800700 1 --2- 172.21.15.66:0/1816793587 >> [v2:172.21.15.66:3300/0,v1:172.21.15.66:6789/0] conn(0x7fa83c0802e0 0x7fa83c10ecd0 unknown :-1 s=CLOSED pgs=88 cs=0 l=1 rev1=1 crypto rx=0 tx=0 comp rx=0 tx=0).stop
2024-04-23T14:36:31.967 INFO:teuthology.orchestra.run.smithi066.stdout:/usr/bin/ceph: stderr
2024-04-23T14:36:31.128+0000 7fa841800700 1 -- 172.21.15.66:0/1816793587 >> 172.21.15.66:0/1816793587 conn(0x7fa83c07b220 msgr2=0x7fa83c07d650 unknown :-1 s=STATE_NONE l=0).mark_down
2024-04-23T14:36:31.967 INFO:teuthology.orchestra.run.smithi066.stdout:/usr/bin/ceph: stderr
2024-04-23T14:36:31.128+0000 7fa841800700 1 -- 172.21.15.66:0/1816793587 shutdown_connections
2024-04-23T14:36:31.968 INFO:teuthology.orchestra.run.smithi066.stdout:/usr/bin/ceph: stderr
2024-04-23T14:36:31.128+0000 7fa841800700 1 -- 172.21.15.66:0/1816793587 wait complete.
2024-04-23T14:36:31.968 INFO:teuthology.orchestra.run.smithi066.stdout:/usr/bin/ceph: stderr
2024-04-23T14:36:31.129+0000 7fa841800700 1 Processor -- start
2024-04-23T14:36:31.968 INFO:teuthology.orchestra.run.smithi066.stdout:/usr/bin/ceph: stderr
2024-04-23T14:36:31.129+0000 7fa841800700 1 -- start start
2024-04-23T14:36:31.968 INFO:teuthology.orchestra.run.smithi066.stdout:/usr/bin/ceph: stderr
2024-04-23T14:36:31.129+0000 7fa841800700 1 --2- >> [v2:172.21.15.66:3300/0,v1:172.21.15.66:6789/0] conn(0x7fa83c0802e0 0x7fa83c19fe70 unknown :-1 s=NONE pgs=0 cs=0 l=1 rev1=0 crypto rx=0 tx=0 comp rx=0 tx=0).connect
2024-04-23T14:36:31.968 INFO:teuthology.orchestra.run.smithi066.stdout:/usr/bin/ceph: stderr
2024-04-23T14:36:31.129+0000 7fa841800700 1 -- --> [v2:172.21.15.66:3300/0,v1:172.21.15.66:6789/0] -- mon_getmap magic: 0 v1 -- 0x7fa83c1a03b0 con 0x7fa83c0802e0
2024-04-23T14:36:31.968 INFO:teuthology.orchestra.run.smithi066.stdout:/usr/bin/ceph: stderr
2024-04-23T14:36:31.130+0000 7fa83aa00700 1 --2- >> [v2:172.21.15.66:3300/0,v1:172.21.15.66:6789/0] conn(0x7fa83c0802e0 0x7fa83c19fe70 unknown :-1 s=BANNER_CONNECTING pgs=0 cs=0 l=1 rev1=0 crypto rx=0 tx=0 comp rx=0 tx=0)._handle_peer_banner_payload supported=3 required=0
2024-04-23T14:36:31.968 INFO:teuthology.orchestra.run.smithi066.stdout:/usr/bin/ceph: stderr
2024-04-23T14:36:31.130+0000 7fa83aa00700 1 --2- >> [v2:172.21.15.66:3300/0,v1:172.21.15.66:6789/0] conn(0x7fa83c0802e0 0x7fa83c19fe70 unknown :-1 s=HELLO_CONNECTING pgs=0 cs=0 l=1 rev1=1 crypto rx=0 tx=0 comp rx=0 tx=0).handle_hello peer v2:172.21.15.66:3300/0 says I am v2:172.21.15.66:54842/0 (socket says 172.21.15.66:54842)
2024-04-23T14:36:31.968 INFO:teuthology.orchestra.run.smithi066.stdout:/usr/bin/ceph: stderr
2024-04-23T14:36:31.130+0000 7fa83aa00700 1 -- 172.21.15.66:0/2482049769 learned_addr learned my addr 172.21.15.66:0/2482049769 (peer_addr_for_me v2:172.21.15.66:0/0)
2024-04-23T14:36:31.968 INFO:teuthology.orchestra.run.smithi066.stdout:/usr/bin/ceph: stderr
2024-04-23T14:36:31.130+0000 7fa83aa00700 1 -- 172.21.15.66:0/2482049769 --> [v2:172.21.15.66:3300/0,v1:172.21.15.66:6789/0] -- mon_subscribe({config=0+,monmap=0+}) v3 -- 0x7fa82c009550 con 0x7fa83c0802e0
2024-04-23T14:36:31.968 INFO:teuthology.orchestra.run.smithi066.stdout:/usr/bin/ceph: stderr
2024-04-23T14:36:31.130+0000 7fa83aa00700 1 --2- 172.21.15.66:0/2482049769 >> [v2:172.21.15.66:3300/0,v1:172.21.15.66:6789/0] conn(0x7fa83c0802e0 0x7fa83c19fe70 secure :-1 s=READY pgs=89 cs=0 l=1 rev1=1 crypto rx=0x7fa82c000c00 tx=0x7fa82c011b50 comp rx=0 tx=0).ready entity=mon.0 client_cookie=0 server_cookie=0 in_seq=0 out_seq=0
2024-04-23T14:36:31.968 INFO:teuthology.orchestra.run.smithi066.stdout:/usr/bin/ceph: stderr
2024-04-23T14:36:31.131+0000 7fa833400700 1 -- 172.21.15.66:0/2482049769 <== mon.0 v2:172.21.15.66:3300/0 1 ==== mon_map magic: 0 v1 ==== 229+0+0 (secure 0 0 0) 0x7fa82c003a70 con 0x7fa83c0802e0
2024-04-23T14:36:31.968 INFO:teuthology.orchestra.run.smithi066.stdout:/usr/bin/ceph: stderr
2024-04-23T14:36:31.131+0000 7fa833400700 1 -- 172.21.15.66:0/2482049769 <== mon.0 v2:172.21.15.66:3300/0 2 ==== config(27 keys) v1 ==== 1101+0+0 (secure 0 0 0) 0x7fa82c003bd0 con 0x7fa83c0802e0
2024-04-23T14:36:31.968 INFO:teuthology.orchestra.run.smithi066.stdout:/usr/bin/ceph: stderr
2024-04-23T14:36:31.131+0000 7fa833400700 1 -- 172.21.15.66:0/2482049769 <== mon.0 v2:172.21.15.66:3300/0 3 ==== mon_map magic: 0 v1 ==== 229+0+0 (secure 0 0 0) 0x7fa82c0238c0 con 0x7fa83c0802e0
2024-04-23T14:36:31.968 INFO:teuthology.orchestra.run.smithi066.stdout:/usr/bin/ceph: stderr
2024-04-23T14:36:31.131+0000 7fa841800700 1 -- 172.21.15.66:0/2482049769 --> [v2:172.21.15.66:3300/0,v1:172.21.15.66:6789/0] -- mon_subscribe({mgrmap=0+}) v3 -- 0x7fa83c1a05b0 con 0x7fa83c0802e0
2024-04-23T14:36:31.968 INFO:teuthology.orchestra.run.smithi066.stdout:/usr/bin/ceph: stderr
2024-04-23T14:36:31.131+0000 7fa841800700 1 -- 172.21.15.66:0/2482049769 --> [v2:172.21.15.66:3300/0,v1:172.21.15.66:6789/0] -- mon_subscribe({osdmap=0}) v3 -- 0x7fa83c1a09d0 con 0x7fa83c0802e0
2024-04-23T14:36:31.969 INFO:teuthology.orchestra.run.smithi066.stdout:/usr/bin/ceph: stderr
2024-04-23T14:36:31.132+0000 7fa833400700 1 -- 172.21.15.66:0/2482049769 <== mon.0 v2:172.21.15.66:3300/0 4 ==== mgrmap(e 13) v1 ==== 45140+0+0 (secure 0 0 0) 0x7fa82c01a430 con 0x7fa83c0802e0
2024-04-23T14:36:31.969 INFO:teuthology.orchestra.run.smithi066.stdout:/usr/bin/ceph: stderr
2024-04-23T14:36:31.132+0000 7fa841800700 1 -- 172.21.15.66:0/2482049769 --> [v2:172.21.15.66:3300/0,v1:172.21.15.66:6789/0] -- mon_command({"prefix": "get_command_descriptions"} v 0) v1 -- 0x7fa83c062380 con 0x7fa83c0802e0
2024-04-23T14:36:31.969 INFO:teuthology.orchestra.run.smithi066.stdout:/usr/bin/ceph: stderr
2024-04-23T14:36:31.133+0000 7fa833400700 1 --2- 172.21.15.66:0/2482049769 >> [v2:172.21.15.66:6800/2979397119,v1:172.21.15.66:6801/2979397119] conn(0x7fa820038530 0x7fa82003a9e0 unknown :-1 s=NONE pgs=0 cs=0 l=1 rev1=0 crypto rx=0 tx=0 comp rx=0 tx=0).connect
2024-04-23T14:36:31.969 INFO:teuthology.orchestra.run.smithi066.stdout:/usr/bin/ceph: stderr
2024-04-23T14:36:31.133+0000 7fa833400700 1 -- 172.21.15.66:0/2482049769 <== mon.0 v2:172.21.15.66:3300/0 5 ==== osd_map(3..3 src has 1..3) v4 ==== 1155+0+0 (secure 0 0 0) 0x7fa82c04c490 con 0x7fa83c0802e0
2024-04-23T14:36:31.969 INFO:teuthology.orchestra.run.smithi066.stdout:/usr/bin/ceph: stderr
2024-04-23T14:36:31.133+0000 7fa83a000700 1 --2- 172.21.15.66:0/2482049769 >> [v2:172.21.15.66:6800/2979397119,v1:172.21.15.66:6801/2979397119] conn(0x7fa820038530 0x7fa82003a9e0 unknown :-1 s=BANNER_CONNECTING pgs=0 cs=0 l=1 rev1=0 crypto rx=0 tx=0 comp rx=0 tx=0)._handle_peer_banner_payload supported=3 required=0
2024-04-23T14:36:31.969 INFO:teuthology.orchestra.run.smithi066.stdout:/usr/bin/ceph: stderr
2024-04-23T14:36:31.134+0000 7fa83a000700 1 --2- 172.21.15.66:0/2482049769 >> [v2:172.21.15.66:6800/2979397119,v1:172.21.15.66:6801/2979397119] conn(0x7fa820038530 0x7fa82003a9e0 secure :-1 s=READY pgs=10 cs=0 l=1 rev1=1 crypto rx=0x7fa828006fd0 tx=0x7fa828006e40 comp rx=0 tx=0).ready entity=mgr.14164 client_cookie=0 server_cookie=0 in_seq=0 out_seq=0
2024-04-23T14:36:31.969 INFO:teuthology.orchestra.run.smithi066.stdout:/usr/bin/ceph: stderr
2024-04-23T14:36:31.138+0000 7fa833400700 1 -- 172.21.15.66:0/2482049769 <== mon.0 v2:172.21.15.66:3300/0 6 ==== mon_command_ack([{"prefix": "get_command_descriptions"}]=0 v0) v1 ==== 72+0+177933 (secure 0 0 0) 0x7fa82c010560 con 0x7fa83c0802e0
2024-04-23T14:36:31.969 INFO:teuthology.orchestra.run.smithi066.stdout:/usr/bin/ceph: stderr
2024-04-23T14:36:31.358+0000 7fa841800700 1 -- 172.21.15.66:0/2482049769 --> [v2:172.21.15.66:3300/0,v1:172.21.15.66:6789/0] -- mon_command([{prefix=config set, name=osd_memory_target_autotune}] v 0) v1 -- 0x7fa83c1a38c0 con 0x7fa83c0802e0
2024-04-23T14:36:31.969 INFO:teuthology.orchestra.run.smithi066.stdout:/usr/bin/ceph: stderr
2024-04-23T14:36:31.359+0000 7fa833400700 1 -- 172.21.15.66:0/2482049769 <== mon.0 v2:172.21.15.66:3300/0 7 ==== mon_command_ack([{prefix=config set, name=osd_memory_target_autotune}]=0 v8)=0 v8) v1 ==== 127+0+0 (secure 0 0 0) 0x7fa82c010380 con 0x7fa83c0802e0
2024-04-23T14:36:31.969 INFO:teuthology.orchestra.run.smithi066.stdout:/usr/bin/ceph: stderr
2024-04-23T14:36:31.362+0000 7fa841800700 1 -- 172.21.15.66:0/2482049769 >> [v2:172.21.15.66:6800/2979397119,v1:172.21.15.66:6801/2979397119] conn(0x7fa820038530 msgr2=0x7fa82003a9e0 secure :-1 s=STATE_CONNECTION_ESTABLISHED l=1).mark_down
2024-04-23T14:36:31.969 INFO:teuthology.orchestra.run.smithi066.stdout:/usr/bin/ceph: stderr
2024-04-23T14:36:31.362+0000 7fa841800700 1 --2- 172.21.15.66:0/2482049769 >> [v2:172.21.15.66:6800/2979397119,v1:172.21.15.66:6801/2979397119] conn(0x7fa820038530 0x7fa82003a9e0 secure :-1 s=READY pgs=10 cs=0 l=1 rev1=1 crypto rx=0x7fa828006fd0 tx=0x7fa828006e40 comp rx=0 tx=0).stop
2024-04-23T14:36:31.969 INFO:teuthology.orchestra.run.smithi066.stdout:/usr/bin/ceph: stderr
2024-04-23T14:36:31.362+0000 7fa841800700 1 -- 172.21.15.66:0/2482049769 >> [v2:172.21.15.66:3300/0,v1:172.21.15.66:6789/0] conn(0x7fa83c0802e0 msgr2=0x7fa83c19fe70 secure :-1 s=STATE_CONNECTION_ESTABLISHED l=1).mark_down
2024-04-23T14:36:31.969 INFO:teuthology.orchestra.run.smithi066.stdout:/usr/bin/ceph: stderr
2024-04-23T14:36:31.362+0000 7fa841800700 1 --2- 172.21.15.66:0/2482049769 >> [v2:172.21.15.66:3300/0,v1:172.21.15.66:6789/0] conn(0x7fa83c0802e0 0x7fa83c19fe70 secure :-1 s=READY pgs=89 cs=0 l=1 rev1=1 crypto rx=0x7fa82c000c00 tx=0x7fa82c011b50 comp rx=0 tx=0).stop
2024-04-23T14:36:31.969 INFO:teuthology.orchestra.run.smithi066.stdout:/usr/bin/ceph: stderr
2024-04-23T14:36:31.362+0000 7fa841800700 1 -- 172.21.15.66:0/2482049769 shutdown_connections
2024-04-23T14:36:31.970 INFO:teuthology.orchestra.run.smithi066.stdout:/usr/bin/ceph: stderr
2024-04-23T14:36:31.362+0000 7fa841800700 1 --2- 172.21.15.66:0/2482049769 >> [v2:172.21.15.66:6800/2979397119,v1:172.21.15.66:6801/2979397119] conn(0x7fa820038530 0x7fa82003a9e0 unknown :-1 s=CLOSED pgs=10 cs=0 l=1 rev1=1 crypto rx=0 tx=0 comp rx=0 tx=0).stop
2024-04-23T14:36:31.970 INFO:teuthology.orchestra.run.smithi066.stdout:/usr/bin/ceph: stderr
2024-04-23T14:36:31.362+0000 7fa841800700 1 --2- 172.21.15.66:0/2482049769 >> [v2:172.21.15.66:3300/0,v1:172.21.15.66:6789/0] conn(0x7fa83c0802e0 0x7fa83c19fe70 unknown :-1 s=CLOSED pgs=89 cs=0 l=1 rev1=1 crypto rx=0 tx=0 comp rx=0 tx=0).stop
2024-04-23T14:36:31.970 INFO:teuthology.orchestra.run.smithi066.stdout:/usr/bin/ceph: stderr
2024-04-23T14:36:31.362+0000 7fa841800700 1 -- 172.21.15.66:0/2482049769 >> 172.21.15.66:0/2482049769 conn(0x7fa83c07b220 msgr2=0x7fa83c07c960 unknown :-1 s=STATE_NONE l=0).mark_down
2024-04-23T14:36:31.970 INFO:teuthology.orchestra.run.smithi066.stdout:/usr/bin/ceph: stderr
2024-04-23T14:36:31.363+0000 7fa841800700 1 -- 172.21.15.66:0/2482049769 shutdown_connections
2024-04-23T14:36:31.970 INFO:teuthology.orchestra.run.smithi066.stdout:/usr/bin/ceph: stderr
2024-04-23T14:36:31.363+0000 7fa841800700 1 -- 172.21.15.66:0/2482049769 wait complete.
2024-04-23T14:36:33.645 INFO:teuthology.orchestra.run.smithi066.stdout:/usr/bin/ceph: stderr
2024-04-23T14:36:32.618+0000 7f6e08400700 1 Processor -- start
2024-04-23T14:36:33.645 INFO:teuthology.orchestra.run.smithi066.stdout:/usr/bin/ceph: stderr
2024-04-23T14:36:32.618+0000 7f6e08400700 1 -- start start
2024-04-23T14:36:33.645 INFO:teuthology.orchestra.run.smithi066.stdout:/usr/bin/ceph: stderr
2024-04-23T14:36:32.619+0000 7f6e08400700 1 --2- >> [v2:172.21.15.66:3300/0,v1:172.21.15.66:6789/0] conn(0x7f6e00105b10 0x7f6e00105f20 unknown :-1 s=NONE pgs=0 cs=0 l=0 rev1=0 crypto rx=0 tx=0 comp rx=0 tx=0).connect
2024-04-23T14:36:33.645 INFO:teuthology.orchestra.run.smithi066.stdout:/usr/bin/ceph: stderr
2024-04-23T14:36:32.619+0000 7f6e08400700 1 -- --> [v2:172.21.15.66:3300/0,v1:172.21.15.66:6789/0] -- mon_getmap magic: 0 v1 -- 0x7f6e00106460 con 0x7f6e00105b10
2024-04-23T14:36:33.645 INFO:teuthology.orchestra.run.smithi066.stdout:/usr/bin/ceph: stderr
2024-04-23T14:36:32.619+0000 7f6e05a00700 1 --2- >> [v2:172.21.15.66:3300/0,v1:172.21.15.66:6789/0] conn(0x7f6e00105b10 0x7f6e00105f20 unknown :-1 s=BANNER_CONNECTING pgs=0 cs=0 l=0 rev1=0 crypto rx=0 tx=0 comp rx=0 tx=0)._handle_peer_banner_payload supported=3 required=0
2024-04-23T14:36:33.645 INFO:teuthology.orchestra.run.smithi066.stdout:/usr/bin/ceph: stderr
2024-04-23T14:36:32.620+0000 7f6e05a00700 1 --2- >> [v2:172.21.15.66:3300/0,v1:172.21.15.66:6789/0] conn(0x7f6e00105b10 0x7f6e00105f20 unknown :-1 s=HELLO_CONNECTING pgs=0 cs=0 l=0 rev1=1 crypto rx=0 tx=0 comp rx=0 tx=0).handle_hello peer v2:172.21.15.66:3300/0 says I am v2:172.21.15.66:54856/0 (socket says 172.21.15.66:54856)
2024-04-23T14:36:33.646 INFO:teuthology.orchestra.run.smithi066.stdout:/usr/bin/ceph: stderr
2024-04-23T14:36:32.620+0000 7f6e05a00700 1 -- 172.21.15.66:0/1246961509 learned_addr learned my addr 172.21.15.66:0/1246961509 (peer_addr_for_me v2:172.21.15.66:0/0)
2024-04-23T14:36:33.646 INFO:teuthology.orchestra.run.smithi066.stdout:/usr/bin/ceph: stderr
2024-04-23T14:36:32.620+0000 7f6e05a00700 1 -- 172.21.15.66:0/1246961509 --> [v2:172.21.15.66:3300/0,v1:172.21.15.66:6789/0] -- mon_subscribe({config=0+,monmap=0+}) v3 -- 0x7f6e001065a0 con 0x7f6e00105b10
2024-04-23T14:36:33.646 INFO:teuthology.orchestra.run.smithi066.stdout:/usr/bin/ceph: stderr
2024-04-23T14:36:32.620+0000 7f6e05a00700 1 --2- 172.21.15.66:0/1246961509 >> [v2:172.21.15.66:3300/0,v1:172.21.15.66:6789/0] conn(0x7f6e00105b10 0x7f6e00105f20 secure :-1 s=READY pgs=90 cs=0 l=1 rev1=1 crypto rx=0x7f6df40098a0 tx=0x7f6df4009bb0 comp rx=0 tx=0).ready entity=mon.0 client_cookie=5ef61949621553c0 server_cookie=0 in_seq=0 out_seq=0
2024-04-23T14:36:33.646 INFO:teuthology.orchestra.run.smithi066.stdout:/usr/bin/ceph: stderr
2024-04-23T14:36:32.621+0000 7f6dffe00700 1 -- 172.21.15.66:0/1246961509 <== mon.0 v2:172.21.15.66:3300/0 1 ==== mon_map magic: 0 v1 ==== 229+0+0 (secure 0 0 0) 0x7f6df4004180 con 0x7f6e00105b10
2024-04-23T14:36:33.646 INFO:teuthology.orchestra.run.smithi066.stdout:/usr/bin/ceph: stderr
2024-04-23T14:36:32.621+0000 7f6dffe00700 1 -- 172.21.15.66:0/1246961509 <== mon.0 v2:172.21.15.66:3300/0 2 ==== config(27 keys) v1 ==== 1101+0+0 (secure 0 0 0) 0x7f6df40042e0 con 0x7f6e00105b10
2024-04-23T14:36:33.646 INFO:teuthology.orchestra.run.smithi066.stdout:/usr/bin/ceph: stderr
2024-04-23T14:36:32.621+0000 7f6dffe00700 1 -- 172.21.15.66:0/1246961509 <== mon.0 v2:172.21.15.66:3300/0 3 ==== mon_map magic: 0 v1 ==== 229+0+0 (secure 0 0 0) 0x7f6df4011af0 con 0x7f6e00105b10
2024-04-23T14:36:33.646 INFO:teuthology.orchestra.run.smithi066.stdout:/usr/bin/ceph: stderr
2024-04-23T14:36:32.621+0000 7f6e08400700 1 -- 172.21.15.66:0/1246961509 >> [v2:172.21.15.66:3300/0,v1:172.21.15.66:6789/0] conn(0x7f6e00105b10 msgr2=0x7f6e00105f20 secure :-1 s=STATE_CONNECTION_ESTABLISHED l=1).mark_down
2024-04-23T14:36:33.646 INFO:teuthology.orchestra.run.smithi066.stdout:/usr/bin/ceph: stderr
2024-04-23T14:36:32.621+0000 7f6e08400700 1 --2- 172.21.15.66:0/1246961509 >> [v2:172.21.15.66:3300/0,v1:172.21.15.66:6789/0] conn(0x7f6e00105b10 0x7f6e00105f20 secure :-1 s=READY pgs=90 cs=0 l=1 rev1=1 crypto rx=0x7f6df40098a0 tx=0x7f6df4009bb0 comp rx=0 tx=0).stop
2024-04-23T14:36:33.646 INFO:teuthology.orchestra.run.smithi066.stdout:/usr/bin/ceph: stderr
2024-04-23T14:36:32.622+0000 7f6e08400700 1 -- 172.21.15.66:0/1246961509 shutdown_connections
2024-04-23T14:36:33.646 INFO:teuthology.orchestra.run.smithi066.stdout:/usr/bin/ceph: stderr
2024-04-23T14:36:32.622+0000 7f6e08400700 1 --2- 172.21.15.66:0/1246961509 >> [v2:172.21.15.66:3300/0,v1:172.21.15.66:6789/0] conn(0x7f6e00105b10 0x7f6e00105f20 unknown :-1 s=CLOSED pgs=90 cs=0 l=1 rev1=1 crypto rx=0 tx=0 comp rx=0 tx=0).stop
2024-04-23T14:36:33.646 INFO:teuthology.orchestra.run.smithi066.stdout:/usr/bin/ceph: stderr
2024-04-23T14:36:32.622+0000 7f6e08400700 1 -- 172.21.15.66:0/1246961509 >> 172.21.15.66:0/1246961509 conn(0x7f6e00101180 msgr2=0x7f6e00103590 unknown :-1 s=STATE_NONE l=0).mark_down
2024-04-23T14:36:33.646 INFO:teuthology.orchestra.run.smithi066.stdout:/usr/bin/ceph: stderr
2024-04-23T14:36:32.622+0000 7f6e08400700 1 -- 172.21.15.66:0/1246961509 shutdown_connections
2024-04-23T14:36:33.646 INFO:teuthology.orchestra.run.smithi066.stdout:/usr/bin/ceph: stderr
2024-04-23T14:36:32.622+0000 7f6e08400700 1 -- 172.21.15.66:0/1246961509 wait complete.
2024-04-23T14:36:33.647 INFO:teuthology.orchestra.run.smithi066.stdout:/usr/bin/ceph: stderr
2024-04-23T14:36:32.623+0000 7f6e08400700 1 Processor -- start
2024-04-23T14:36:33.647 INFO:teuthology.orchestra.run.smithi066.stdout:/usr/bin/ceph: stderr
2024-04-23T14:36:32.623+0000 7f6e08400700 1 -- start start
2024-04-23T14:36:33.647 INFO:teuthology.orchestra.run.smithi066.stdout:/usr/bin/ceph: stderr
2024-04-23T14:36:32.623+0000 7f6e08400700 1 --2- >> [v2:172.21.15.66:3300/0,v1:172.21.15.66:6789/0] conn(0x7f6e00105b10 0x7f6e0019ba80 unknown :-1 s=NONE pgs=0 cs=0 l=1 rev1=0 crypto rx=0 tx=0 comp rx=0 tx=0).connect
2024-04-23T14:36:33.647 INFO:teuthology.orchestra.run.smithi066.stdout:/usr/bin/ceph: stderr
2024-04-23T14:36:32.623+0000 7f6e08400700 1 -- --> [v2:172.21.15.66:3300/0,v1:172.21.15.66:6789/0] -- mon_getmap magic: 0 v1 -- 0x7f6e0019bfc0 con 0x7f6e00105b10
2024-04-23T14:36:33.647 INFO:teuthology.orchestra.run.smithi066.stdout:/usr/bin/ceph: stderr
2024-04-23T14:36:32.624+0000 7f6e05a00700 1 --2- >> [v2:172.21.15.66:3300/0,v1:172.21.15.66:6789/0] conn(0x7f6e00105b10 0x7f6e0019ba80 unknown :-1 s=BANNER_CONNECTING pgs=0 cs=0 l=1 rev1=0 crypto rx=0 tx=0 comp rx=0 tx=0)._handle_peer_banner_payload supported=3 required=0
2024-04-23T14:36:33.647 INFO:teuthology.orchestra.run.smithi066.stdout:/usr/bin/ceph: stderr
2024-04-23T14:36:32.624+0000 7f6e05a00700 1 --2- >> [v2:172.21.15.66:3300/0,v1:172.21.15.66:6789/0] conn(0x7f6e00105b10 0x7f6e0019ba80 unknown :-1 s=HELLO_CONNECTING pgs=0 cs=0 l=1 rev1=1 crypto rx=0 tx=0 comp rx=0 tx=0).handle_hello peer v2:172.21.15.66:3300/0 says I am v2:172.21.15.66:54864/0 (socket says 172.21.15.66:54864)
2024-04-23T14:36:33.647 INFO:teuthology.orchestra.run.smithi066.stdout:/usr/bin/ceph: stderr
2024-04-23T14:36:32.624+0000 7f6e05a00700 1 -- 172.21.15.66:0/823056825 learned_addr learned my addr 172.21.15.66:0/823056825 (peer_addr_for_me v2:172.21.15.66:0/0)
2024-04-23T14:36:33.647 INFO:teuthology.orchestra.run.smithi066.stdout:/usr/bin/ceph: stderr
2024-04-23T14:36:32.624+0000 7f6e05a00700 1 -- 172.21.15.66:0/823056825 --> [v2:172.21.15.66:3300/0,v1:172.21.15.66:6789/0] -- mon_subscribe({config=0+,monmap=0+}) v3 -- 0x7f6df4009550 con 0x7f6e00105b10
2024-04-23T14:36:33.647 INFO:teuthology.orchestra.run.smithi066.stdout:/usr/bin/ceph: stderr
2024-04-23T14:36:32.624+0000 7f6e05a00700 1 --2- 172.21.15.66:0/823056825 >> [v2:172.21.15.66:3300/0,v1:172.21.15.66:6789/0] conn(0x7f6e00105b10 0x7f6e0019ba80 secure :-1 s=READY pgs=91 cs=0 l=1 rev1=1 crypto rx=0x7f6df4011ad0 tx=0x7f6df4011bb0 comp rx=0 tx=0).ready entity=mon.0 client_cookie=0 server_cookie=0 in_seq=0 out_seq=0
2024-04-23T14:36:33.647 INFO:teuthology.orchestra.run.smithi066.stdout:/usr/bin/ceph: stderr
2024-04-23T14:36:32.625+0000 7f6dfe000700 1 -- 172.21.15.66:0/823056825 <== mon.0 v2:172.21.15.66:3300/0 1 ==== mon_map magic: 0 v1 ==== 229+0+0 (secure 0 0 0) 0x7f6df4003ab0 con 0x7f6e00105b10
2024-04-23T14:36:33.647 INFO:teuthology.orchestra.run.smithi066.stdout:/usr/bin/ceph: stderr
2024-04-23T14:36:32.625+0000 7f6dfe000700 1 -- 172.21.15.66:0/823056825 <== mon.0 v2:172.21.15.66:3300/0 2 ==== config(27 keys) v1 ==== 1101+0+0 (secure 0 0 0) 0x7f6df4003c10 con 0x7f6e00105b10
2024-04-23T14:36:33.647 INFO:teuthology.orchestra.run.smithi066.stdout:/usr/bin/ceph: stderr
2024-04-23T14:36:32.625+0000 7f6e08400700 1 -- 172.21.15.66:0/823056825 --> [v2:172.21.15.66:3300/0,v1:172.21.15.66:6789/0] -- mon_subscribe({mgrmap=0+}) v3 -- 0x7f6e0019c1c0 con 0x7f6e00105b10
2024-04-23T14:36:33.647 INFO:teuthology.orchestra.run.smithi066.stdout:/usr/bin/ceph: stderr
2024-04-23T14:36:32.625+0000 7f6dfe000700 1 -- 172.21.15.66:0/823056825 <== mon.0 v2:172.21.15.66:3300/0 3 ==== mon_map magic: 0 v1 ==== 229+0+0 (secure 0 0 0) 0x7f6df40198e0 con 0x7f6e00105b10
2024-04-23T14:36:33.647 INFO:teuthology.orchestra.run.smithi066.stdout:/usr/bin/ceph: stderr
2024-04-23T14:36:32.625+0000 7f6e08400700 1 -- 172.21.15.66:0/823056825 --> [v2:172.21.15.66:3300/0,v1:172.21.15.66:6789/0] -- mon_subscribe({osdmap=0}) v3 -- 0x7f6e0019c5e0 con 0x7f6e00105b10
2024-04-23T14:36:33.648 INFO:teuthology.orchestra.run.smithi066.stdout:/usr/bin/ceph: stderr
2024-04-23T14:36:32.626+0000 7f6dfe000700 1 -- 172.21.15.66:0/823056825 <== mon.0 v2:172.21.15.66:3300/0 4 ==== mgrmap(e 13) v1 ==== 45140+0+0 (secure 0 0 0) 0x7f6df4019ba0 con 0x7f6e00105b10
2024-04-23T14:36:33.648 INFO:teuthology.orchestra.run.smithi066.stdout:/usr/bin/ceph: stderr
2024-04-23T14:36:32.626+0000 7f6e08400700 1 -- 172.21.15.66:0/823056825 --> [v2:172.21.15.66:3300/0,v1:172.21.15.66:6789/0] -- mon_command({"prefix": "get_command_descriptions"} v 0) v1 -- 0x7f6e00062380 con 0x7f6e00105b10
2024-04-23T14:36:33.648 INFO:teuthology.orchestra.run.smithi066.stdout:/usr/bin/ceph: stderr
2024-04-23T14:36:32.626+0000 7f6dfe000700 1 --2- 172.21.15.66:0/823056825 >> [v2:172.21.15.66:6800/2979397119,v1:172.21.15.66:6801/2979397119] conn(0x7f6de80384e0 0x7f6de803a990 unknown :-1 s=NONE pgs=0 cs=0 l=1 rev1=0 crypto rx=0 tx=0 comp rx=0 tx=0).connect
2024-04-23T14:36:33.648 INFO:teuthology.orchestra.run.smithi066.stdout:/usr/bin/ceph: stderr
2024-04-23T14:36:32.627+0000 7f6dfe000700 1 -- 172.21.15.66:0/823056825 <== mon.0 v2:172.21.15.66:3300/0 5 ==== osd_map(3..3 src has 1..3) v4 ==== 1155+0+0 (secure 0 0 0) 0x7f6df404c380 con 0x7f6e00105b10
2024-04-23T14:36:33.648 INFO:teuthology.orchestra.run.smithi066.stdout:/usr/bin/ceph: stderr
2024-04-23T14:36:32.627+0000 7f6e05000700 1 --2- 172.21.15.66:0/823056825 >> [v2:172.21.15.66:6800/2979397119,v1:172.21.15.66:6801/2979397119] conn(0x7f6de80384e0 0x7f6de803a990 unknown :-1 s=BANNER_CONNECTING pgs=0 cs=0 l=1 rev1=0 crypto rx=0 tx=0 comp rx=0 tx=0)._handle_peer_banner_payload supported=3 required=0
2024-04-23T14:36:33.648 INFO:teuthology.orchestra.run.smithi066.stdout:/usr/bin/ceph: stderr
2024-04-23T14:36:32.628+0000 7f6e05000700 1 --2- 172.21.15.66:0/823056825 >> [v2:172.21.15.66:6800/2979397119,v1:172.21.15.66:6801/2979397119] conn(0x7f6de80384e0 0x7f6de803a990 secure :-1 s=READY pgs=11 cs=0 l=1 rev1=1 crypto rx=0x7f6dec006fd0 tx=0x7f6dec006e40 comp rx=0 tx=0).ready entity=mgr.14164 client_cookie=0 server_cookie=0 in_seq=0 out_seq=0
2024-04-23T14:36:33.648 INFO:teuthology.orchestra.run.smithi066.stdout:/usr/bin/ceph: stderr
2024-04-23T14:36:32.632+0000 7f6dfe000700 1 -- 172.21.15.66:0/823056825 <== mon.0 v2:172.21.15.66:3300/0 6 ==== mon_command_ack([{"prefix": "get_command_descriptions"}]=0 v0) v1 ==== 72+0+177933 (secure 0 0 0) 0x7f6df4018b40 con 0x7f6e00105b10
2024-04-23T14:36:33.648 INFO:teuthology.orchestra.run.smithi066.stdout:/usr/bin/ceph: stderr
