2024-04-23T14:35:59.183+0000 7f7abfe00700 1 --2- 172.21.15.77:0/2607935926 >> [v2:172.21.15.77:3300/0,v1:172.21.15.77:6789/0] conn(0x7f7ac01070e0 0x7f7ac01094d0 secure :-1 s=READY pgs=22 cs=0 l=1 rev1=1 crypto rx=0x7f7ab00098a0 tx=0x7f7ab0009bb0 comp rx=0 tx=0).ready entity=mon.0 client_cookie=17f655e17b2791ea server_cookie=0 in_seq=0 out_seq=0
2024-04-23T14:36:00.274 INFO:teuthology.orchestra.run.smithi077.stdout:/usr/bin/ceph: stderr
2024-04-23T14:35:59.183+0000 7f7abea00700 1 -- 172.21.15.77:0/2607935926 <== mon.0 v2:172.21.15.77:3300/0 1 ==== mon_map magic: 0 v1 ==== 229+0+0 (secure 0 0 0) 0x7f7ab0004180 con 0x7f7ac01070e0
2024-04-23T14:36:00.274 INFO:teuthology.orchestra.run.smithi077.stdout:/usr/bin/ceph: stderr
2024-04-23T14:35:59.183+0000 7f7abea00700 1 -- 172.21.15.77:0/2607935926 <== mon.0 v2:172.21.15.77:3300/0 2 ==== config(27 keys) v1 ==== 1042+0+0 (secure 0 0 0) 0x7f7ab00042e0 con 0x7f7ac01070e0
2024-04-23T14:36:00.274 INFO:teuthology.orchestra.run.smithi077.stdout:/usr/bin/ceph: stderr
2024-04-23T14:35:59.183+0000 7f7abea00700 1 -- 172.21.15.77:0/2607935926 <== mon.0 v2:172.21.15.77:3300/0 3 ==== mon_map magic: 0 v1 ==== 229+0+0 (secure 0 0 0) 0x7f7ab0011a70 con 0x7f7ac01070e0
2024-04-23T14:36:00.274 INFO:teuthology.orchestra.run.smithi077.stdout:/usr/bin/ceph: stderr
2024-04-23T14:35:59.184+0000 7f7ac6c00700 1 -- 172.21.15.77:0/2607935926 >> [v2:172.21.15.77:3300/0,v1:172.21.15.77:6789/0] conn(0x7f7ac01070e0 msgr2=0x7f7ac01094d0 secure :-1 s=STATE_CONNECTION_ESTABLISHED l=1).mark_down
2024-04-23T14:36:00.274 INFO:teuthology.orchestra.run.smithi077.stdout:/usr/bin/ceph: stderr
2024-04-23T14:35:59.184+0000 7f7ac6c00700 1 --2- 172.21.15.77:0/2607935926 >> [v2:172.21.15.77:3300/0,v1:172.21.15.77:6789/0] conn(0x7f7ac01070e0 0x7f7ac01094d0 secure :-1 s=READY pgs=22 cs=0 l=1 rev1=1 crypto rx=0x7f7ab00098a0 tx=0x7f7ab0009bb0 comp rx=0 tx=0).stop
2024-04-23T14:36:00.274 INFO:teuthology.orchestra.run.smithi077.stdout:/usr/bin/ceph: stderr
2024-04-23T14:35:59.184+0000 7f7ac6c00700 1 -- 172.21.15.77:0/2607935926 shutdown_connections
2024-04-23T14:36:00.274 INFO:teuthology.orchestra.run.smithi077.stdout:/usr/bin/ceph: stderr
2024-04-23T14:35:59.184+0000 7f7ac6c00700 1 --2- 172.21.15.77:0/2607935926 >> [v2:172.21.15.77:3300/0,v1:172.21.15.77:6789/0] conn(0x7f7ac01070e0 0x7f7ac01094d0 unknown :-1 s=CLOSED pgs=22 cs=0 l=1 rev1=1 crypto rx=0 tx=0 comp rx=0 tx=0).stop
2024-04-23T14:36:00.274 INFO:teuthology.orchestra.run.smithi077.stdout:/usr/bin/ceph: stderr
2024-04-23T14:35:59.184+0000 7f7ac6c00700 1 -- 172.21.15.77:0/2607935926 >> 172.21.15.77:0/2607935926 conn(0x7f7ac0100ab0 msgr2=0x7f7ac0102ed0 unknown :-1 s=STATE_NONE l=0).mark_down
2024-04-23T14:36:00.274 INFO:teuthology.orchestra.run.smithi077.stdout:/usr/bin/ceph: stderr
2024-04-23T14:35:59.184+0000 7f7ac6c00700 1 -- 172.21.15.77:0/2607935926 shutdown_connections
2024-04-23T14:36:00.275 INFO:teuthology.orchestra.run.smithi077.stdout:/usr/bin/ceph: stderr
2024-04-23T14:35:59.184+0000 7f7ac6c00700 1 -- 172.21.15.77:0/2607935926 wait complete.
2024-04-23T14:36:00.275 INFO:teuthology.orchestra.run.smithi077.stdout:/usr/bin/ceph: stderr
2024-04-23T14:35:59.185+0000 7f7ac6c00700 1 Processor -- start
2024-04-23T14:36:00.275 INFO:teuthology.orchestra.run.smithi077.stdout:/usr/bin/ceph: stderr
2024-04-23T14:35:59.185+0000 7f7ac6c00700 1 -- start start
2024-04-23T14:36:00.275 INFO:teuthology.orchestra.run.smithi077.stdout:/usr/bin/ceph: stderr
2024-04-23T14:35:59.186+0000 7f7ac6c00700 1 --2- >> [v2:172.21.15.77:3300/0,v1:172.21.15.77:6789/0] conn(0x7f7ac01070e0 0x7f7ac0106910 unknown :-1 s=NONE pgs=0 cs=0 l=1 rev1=0 crypto rx=0 tx=0 comp rx=0 tx=0).connect
2024-04-23T14:36:00.275 INFO:teuthology.orchestra.run.smithi077.stdout:/usr/bin/ceph: stderr
2024-04-23T14:35:59.186+0000 7f7ac6c00700 1 -- --> [v2:172.21.15.77:3300/0,v1:172.21.15.77:6789/0] -- mon_getmap magic: 0 v1 -- 0x7f7ac0106e50 con 0x7f7ac01070e0
2024-04-23T14:36:00.275 INFO:teuthology.orchestra.run.smithi077.stdout:/usr/bin/ceph: stderr
2024-04-23T14:35:59.186+0000 7f7abfe00700 1 --2- >> [v2:172.21.15.77:3300/0,v1:172.21.15.77:6789/0] conn(0x7f7ac01070e0 0x7f7ac0106910 unknown :-1 s=BANNER_CONNECTING pgs=0 cs=0 l=1 rev1=0 crypto rx=0 tx=0 comp rx=0 tx=0)._handle_peer_banner_payload supported=3 required=0
2024-04-23T14:36:00.275 INFO:teuthology.orchestra.run.smithi077.stdout:/usr/bin/ceph: stderr
2024-04-23T14:35:59.186+0000 7f7abfe00700 1 --2- >> [v2:172.21.15.77:3300/0,v1:172.21.15.77:6789/0] conn(0x7f7ac01070e0 0x7f7ac0106910 unknown :-1 s=HELLO_CONNECTING pgs=0 cs=0 l=1 rev1=1 crypto rx=0 tx=0 comp rx=0 tx=0).handle_hello peer v2:172.21.15.77:3300/0 says I am v2:172.21.15.77:38600/0 (socket says 172.21.15.77:38600)
2024-04-23T14:36:00.275 INFO:teuthology.orchestra.run.smithi077.stdout:/usr/bin/ceph: stderr
2024-04-23T14:35:59.186+0000 7f7abfe00700 1 -- 172.21.15.77:0/2877617517 learned_addr learned my addr 172.21.15.77:0/2877617517 (peer_addr_for_me v2:172.21.15.77:0/0)
2024-04-23T14:36:00.275 INFO:teuthology.orchestra.run.smithi077.stdout:/usr/bin/ceph: stderr
2024-04-23T14:35:59.186+0000 7f7abfe00700 1 -- 172.21.15.77:0/2877617517 --> [v2:172.21.15.77:3300/0,v1:172.21.15.77:6789/0] -- mon_subscribe({config=0+,monmap=0+}) v3 -- 0x7f7ab0009550 con 0x7f7ac01070e0
2024-04-23T14:36:00.275 INFO:teuthology.orchestra.run.smithi077.stdout:/usr/bin/ceph: stderr
2024-04-23T14:35:59.186+0000 7f7abfe00700 1 --2- 172.21.15.77:0/2877617517 >> [v2:172.21.15.77:3300/0,v1:172.21.15.77:6789/0] conn(0x7f7ac01070e0 0x7f7ac0106910 secure :-1 s=READY pgs=23 cs=0 l=1 rev1=1 crypto rx=0x7f7ab0011710 tx=0x7f7ab00047c0 comp rx=0 tx=0).ready entity=mon.0 client_cookie=0 server_cookie=0 in_seq=0 out_seq=0
2024-04-23T14:36:00.275 INFO:teuthology.orchestra.run.smithi077.stdout:/usr/bin/ceph: stderr
2024-04-23T14:35:59.187+0000 7f7abcc00700 1 -- 172.21.15.77:0/2877617517 <== mon.0 v2:172.21.15.77:3300/0 1 ==== mon_map magic: 0 v1 ==== 229+0+0 (secure 0 0 0) 0x7f7ab0003b10 con 0x7f7ac01070e0
2024-04-23T14:36:00.275 INFO:teuthology.orchestra.run.smithi077.stdout:/usr/bin/ceph: stderr
2024-04-23T14:35:59.187+0000 7f7abcc00700 1 -- 172.21.15.77:0/2877617517 <== mon.0 v2:172.21.15.77:3300/0 2 ==== config(27 keys) v1 ==== 1042+0+0 (secure 0 0 0) 0x7f7ab001b8c0 con 0x7f7ac01070e0
2024-04-23T14:36:00.275 INFO:teuthology.orchestra.run.smithi077.stdout:/usr/bin/ceph: stderr
2024-04-23T14:35:59.187+0000 7f7ac6c00700 1 -- 172.21.15.77:0/2877617517 --> [v2:172.21.15.77:3300/0,v1:172.21.15.77:6789/0] -- mon_subscribe({mgrmap=0+}) v3 -- 0x7f7ac0105090 con 0x7f7ac01070e0
2024-04-23T14:36:00.275 INFO:teuthology.orchestra.run.smithi077.stdout:/usr/bin/ceph: stderr
2024-04-23T14:35:59.187+0000 7f7abcc00700 1 -- 172.21.15.77:0/2877617517 <== mon.0 v2:172.21.15.77:3300/0 3 ==== mon_map magic: 0 v1 ==== 229+0+0 (secure 0 0 0) 0x7f7ab00197e0 con 0x7f7ac01070e0
2024-04-23T14:36:00.275 INFO:teuthology.orchestra.run.smithi077.stdout:/usr/bin/ceph: stderr
2024-04-23T14:35:59.187+0000 7f7ac6c00700 1 -- 172.21.15.77:0/2877617517 --> [v2:172.21.15.77:3300/0,v1:172.21.15.77:6789/0] -- mon_subscribe({osdmap=0}) v3 -- 0x7f7ac0105530 con 0x7f7ac01070e0
2024-04-23T14:36:00.276 INFO:teuthology.orchestra.run.smithi077.stdout:/usr/bin/ceph: stderr
2024-04-23T14:35:59.188+0000 7f7abcc00700 1 -- 172.21.15.77:0/2877617517 <== mon.0 v2:172.21.15.77:3300/0 4 ==== mgrmap(e 4) v1 ==== 45545+0+0 (secure 0 0 0) 0x7f7ab001b440 con 0x7f7ac01070e0
2024-04-23T14:36:00.276 INFO:teuthology.orchestra.run.smithi077.stdout:/usr/bin/ceph: stderr
2024-04-23T14:35:59.188+0000 7f7ac6c00700 1 -- 172.21.15.77:0/2877617517 --> [v2:172.21.15.77:3300/0,v1:172.21.15.77:6789/0] -- mon_command({"prefix": "get_command_descriptions"} v 0) v1 -- 0x7f7ac010a6f0 con 0x7f7ac01070e0
2024-04-23T14:36:00.276 INFO:teuthology.orchestra.run.smithi077.stdout:/usr/bin/ceph: stderr
2024-04-23T14:35:59.188+0000 7f7abcc00700 1 --2- 172.21.15.77:0/2877617517 >> [v2:172.21.15.77:6800/3831537486,v1:172.21.15.77:6801/3831537486] conn(0x7f7aa4038720 0x7f7aa403abe0 unknown :-1 s=NONE pgs=0 cs=0 l=1 rev1=0 crypto rx=0 tx=0 comp rx=0 tx=0).connect
2024-04-23T14:36:00.276 INFO:teuthology.orchestra.run.smithi077.stdout:/usr/bin/ceph: stderr
2024-04-23T14:35:59.188+0000 7f7abcc00700 1 -- 172.21.15.77:0/2877617517 <== mon.0 v2:172.21.15.77:3300/0 5 ==== osd_map(1..1 src has 1..1) v4 ==== 725+0+0 (secure 0 0 0) 0x7f7ab004c880 con 0x7f7ac01070e0
2024-04-23T14:36:00.276 INFO:teuthology.orchestra.run.smithi077.stdout:/usr/bin/ceph: stderr
2024-04-23T14:35:59.189+0000 7f7abf400700 1 --2- 172.21.15.77:0/2877617517 >> [v2:172.21.15.77:6800/3831537486,v1:172.21.15.77:6801/3831537486] conn(0x7f7aa4038720 0x7f7aa403abe0 unknown :-1 s=BANNER_CONNECTING pgs=0 cs=0 l=1 rev1=0 crypto rx=0 tx=0 comp rx=0 tx=0)._handle_peer_banner_payload supported=3 required=0
2024-04-23T14:36:00.276 INFO:teuthology.orchestra.run.smithi077.stdout:/usr/bin/ceph: stderr
2024-04-23T14:35:59.189+0000 7f7abf400700 1 --2- 172.21.15.77:0/2877617517 >> [v2:172.21.15.77:6800/3831537486,v1:172.21.15.77:6801/3831537486] conn(0x7f7aa4038720 0x7f7aa403abe0 secure :-1 s=READY pgs=8 cs=0 l=1 rev1=1 crypto rx=0x7f7aac006fd0 tx=0x7f7aac006e40 comp rx=0 tx=0).ready entity=mgr.14100 client_cookie=0 server_cookie=0 in_seq=0 out_seq=0
2024-04-23T14:36:00.276 INFO:teuthology.orchestra.run.smithi077.stdout:/usr/bin/ceph: stderr
2024-04-23T14:35:59.194+0000 7f7abcc00700 1 -- 172.21.15.77:0/2877617517 <== mon.0 v2:172.21.15.77:3300/0 6 ==== mon_command_ack([{"prefix": "get_command_descriptions"}]=0 v0) v1 ==== 72+0+183351 (secure 0 0 0) 0x7f7ab001b6f0 con 0x7f7ac01070e0
2024-04-23T14:36:00.276 INFO:teuthology.orchestra.run.smithi077.stdout:/usr/bin/ceph: stderr
2024-04-23T14:35:59.451+0000 7f7ac6c00700 1 -- 172.21.15.77:0/2877617517 --> [v2:172.21.15.77:3300/0,v1:172.21.15.77:6789/0] -- mon_command({"prefix": "mgr module enable", "module": "cephadm"} v 0) v1 -- 0x7f7ac010a930 con 0x7f7ac01070e0
2024-04-23T14:36:00.276 INFO:teuthology.orchestra.run.smithi077.stdout:/usr/bin/ceph: stderr
2024-04-23T14:35:59.507+0000 7f7abcc00700 1 -- 172.21.15.77:0/2877617517 <== mon.0 v2:172.21.15.77:3300/0 7 ==== mgrmap(e 5) v1 ==== 45556+0+0 (secure 0 0 0) 0x7f7ab0019d50 con 0x7f7ac01070e0
2024-04-23T14:36:00.276 INFO:teuthology.orchestra.run.smithi077.stdout:/usr/bin/ceph: stderr
2024-04-23T14:35:59.510+0000 7f7abcc00700 1 -- 172.21.15.77:0/2877617517 <== mon.0 v2:172.21.15.77:3300/0 8 ==== mon_command_ack([{"prefix": "mgr module enable", "module": "cephadm"}]=0 v5) v1 ==== 86+0+0 (secure 0 0 0) 0x7f7ab0016dc0 con 0x7f7ac01070e0
2024-04-23T14:36:00.276 INFO:teuthology.orchestra.run.smithi077.stdout:/usr/bin/ceph: stderr
2024-04-23T14:35:59.513+0000 7f7ac6c00700 1 -- 172.21.15.77:0/2877617517 >> [v2:172.21.15.77:6800/3831537486,v1:172.21.15.77:6801/3831537486] conn(0x7f7aa4038720 msgr2=0x7f7aa403abe0 secure :-1 s=STATE_CONNECTION_ESTABLISHED l=1).mark_down
2024-04-23T14:36:00.276 INFO:teuthology.orchestra.run.smithi077.stdout:/usr/bin/ceph: stderr
2024-04-23T14:35:59.513+0000 7f7ac6c00700 1 --2- 172.21.15.77:0/2877617517 >> [v2:172.21.15.77:6800/3831537486,v1:172.21.15.77:6801/3831537486] conn(0x7f7aa4038720 0x7f7aa403abe0 secure :-1 s=READY pgs=8 cs=0 l=1 rev1=1 crypto rx=0x7f7aac006fd0 tx=0x7f7aac006e40 comp rx=0 tx=0).stop
2024-04-23T14:36:00.276 INFO:teuthology.orchestra.run.smithi077.stdout:/usr/bin/ceph: stderr
2024-04-23T14:35:59.513+0000 7f7ac6c00700 1 -- 172.21.15.77:0/2877617517 >> [v2:172.21.15.77:3300/0,v1:172.21.15.77:6789/0] conn(0x7f7ac01070e0 msgr2=0x7f7ac0106910 secure :-1 s=STATE_CONNECTION_ESTABLISHED l=1).mark_down
2024-04-23T14:36:00.276 INFO:teuthology.orchestra.run.smithi077.stdout:/usr/bin/ceph: stderr
2024-04-23T14:35:59.513+0000 7f7ac6c00700 1 --2- 172.21.15.77:0/2877617517 >> [v2:172.21.15.77:3300/0,v1:172.21.15.77:6789/0] conn(0x7f7ac01070e0 0x7f7ac0106910 secure :-1 s=READY pgs=23 cs=0 l=1 rev1=1 crypto rx=0x7f7ab0011710 tx=0x7f7ab00047c0 comp rx=0 tx=0).stop
2024-04-23T14:36:00.277 INFO:teuthology.orchestra.run.smithi077.stdout:/usr/bin/ceph: stderr
2024-04-23T14:35:59.514+0000 7f7ac6c00700 1 -- 172.21.15.77:0/2877617517 shutdown_connections
2024-04-23T14:36:00.277 INFO:teuthology.orchestra.run.smithi077.stdout:/usr/bin/ceph: stderr
2024-04-23T14:35:59.514+0000 7f7ac6c00700 1 --2- 172.21.15.77:0/2877617517 >> [v2:172.21.15.77:6800/3831537486,v1:172.21.15.77:6801/3831537486] conn(0x7f7aa4038720 0x7f7aa403abe0 unknown :-1 s=CLOSED pgs=8 cs=0 l=1 rev1=1 crypto rx=0 tx=0 comp rx=0 tx=0).stop
2024-04-23T14:36:00.277 INFO:teuthology.orchestra.run.smithi077.stdout:/usr/bin/ceph: stderr
2024-04-23T14:35:59.514+0000 7f7ac6c00700 1 --2- 172.21.15.77:0/2877617517 >> [v2:172.21.15.77:3300/0,v1:172.21.15.77:6789/0] conn(0x7f7ac01070e0 0x7f7ac0106910 unknown :-1 s=CLOSED pgs=23 cs=0 l=1 rev1=1 crypto rx=0 tx=0 comp rx=0 tx=0).stop
2024-04-23T14:36:00.277 INFO:teuthology.orchestra.run.smithi077.stdout:/usr/bin/ceph: stderr
2024-04-23T14:35:59.514+0000 7f7ac6c00700 1 -- 172.21.15.77:0/2877617517 >> 172.21.15.77:0/2877617517 conn(0x7f7ac0100ab0 msgr2=0x7f7ac0101620 unknown :-1 s=STATE_NONE l=0).mark_down
2024-04-23T14:36:00.277 INFO:teuthology.orchestra.run.smithi077.stdout:/usr/bin/ceph: stderr
2024-04-23T14:35:59.514+0000 7f7ac6c00700 1 -- 172.21.15.77:0/2877617517 shutdown_connections
2024-04-23T14:36:00.277 INFO:teuthology.orchestra.run.smithi077.stdout:/usr/bin/ceph: stderr
2024-04-23T14:35:59.514+0000 7f7ac6c00700 1 -- 172.21.15.77:0/2877617517 wait complete.
2024-04-23T14:36:00.702 INFO:journalctl@ceph.mon.smithi077.smithi077.stdout:Apr 23 14:36:00 smithi077 ceph-mon[25816]: from='client.? 172.21.15.77:0/2877617517' entity='client.admin' cmd='[{"prefix": "mgr module enable", "module": "cephadm"}]': finished
2024-04-23T14:36:00.703 INFO:journalctl@ceph.mon.smithi077.smithi077.stdout:Apr 23 14:36:00 smithi077 ceph-mon[25816]: mgrmap e5: smithi077.phwyvd(active, since 5s)
2024-04-23T14:36:01.795 INFO:journalctl@ceph.mon.smithi077.smithi077.stdout:Apr 23 14:36:01 smithi077 ceph-mon[25816]: from='client.? 172.21.15.77:0/3779383575' entity='client.admin' cmd=[{"prefix": "mgr stat"}]: dispatch
2024-04-23T14:36:01.809 INFO:teuthology.orchestra.run.smithi077.stdout:/usr/bin/ceph: stdout {
2024-04-23T14:36:01.809 INFO:teuthology.orchestra.run.smithi077.stdout:/usr/bin/ceph: stdout "epoch": 5,
2024-04-23T14:36:01.809 INFO:teuthology.orchestra.run.smithi077.stdout:/usr/bin/ceph: stdout "available": true,
2024-04-23T14:36:01.809 INFO:teuthology.orchestra.run.smithi077.stdout:/usr/bin/ceph: stdout "active_name": "smithi077.phwyvd",
2024-04-23T14:36:01.809 INFO:teuthology.orchestra.run.smithi077.stdout:/usr/bin/ceph: stdout "num_standby": 0
2024-04-23T14:36:01.809 INFO:teuthology.orchestra.run.smithi077.stdout:/usr/bin/ceph: stdout }
2024-04-23T14:36:01.809 INFO:teuthology.orchestra.run.smithi077.stdout:/usr/bin/ceph: stderr
2024-04-23T14:36:00.857+0000 7fcfd7800700 1 Processor -- start
2024-04-23T14:36:01.810 INFO:teuthology.orchestra.run.smithi077.stdout:/usr/bin/ceph: stderr
2024-04-23T14:36:00.857+0000 7fcfd7800700 1 -- start start
2024-04-23T14:36:01.810 INFO:teuthology.orchestra.run.smithi077.stdout:/usr/bin/ceph: stderr
2024-04-23T14:36:00.858+0000 7fcfd7800700 1 --2- >> [v2:172.21.15.77:3300/0,v1:172.21.15.77:6789/0] conn(0x7fcfd0107080 0x7fcfd0109470 unknown :-1 s=NONE pgs=0 cs=0 l=0 rev1=0 crypto rx=0 tx=0 comp rx=0 tx=0).connect
2024-04-23T14:36:01.810 INFO:teuthology.orchestra.run.smithi077.stdout:/usr/bin/ceph: stderr
2024-04-23T14:36:00.858+0000 7fcfd7800700 1 -- --> [v2:172.21.15.77:3300/0,v1:172.21.15.77:6789/0] -- mon_getmap magic: 0 v1 -- 0x7fcfd0074750 con 0x7fcfd0107080
2024-04-23T14:36:01.810 INFO:teuthology.orchestra.run.smithi077.stdout:/usr/bin/ceph: stderr
2024-04-23T14:36:00.858+0000 7fcfd4e00700 1 --2- >> [v2:172.21.15.77:3300/0,v1:172.21.15.77:6789/0] conn(0x7fcfd0107080 0x7fcfd0109470 unknown :-1 s=BANNER_CONNECTING pgs=0 cs=0 l=0 rev1=0 crypto rx=0 tx=0 comp rx=0 tx=0)._handle_peer_banner_payload supported=3 required=0
2024-04-23T14:36:01.810 INFO:teuthology.orchestra.run.smithi077.stdout:/usr/bin/ceph: stderr
2024-04-23T14:36:00.858+0000 7fcfd4e00700 1 --2- >> [v2:172.21.15.77:3300/0,v1:172.21.15.77:6789/0] conn(0x7fcfd0107080 0x7fcfd0109470 unknown :-1 s=HELLO_CONNECTING pgs=0 cs=0 l=0 rev1=1 crypto rx=0 tx=0 comp rx=0 tx=0).handle_hello peer v2:172.21.15.77:3300/0 says I am v2:172.21.15.77:38622/0 (socket says 172.21.15.77:38622)
2024-04-23T14:36:01.810 INFO:teuthology.orchestra.run.smithi077.stdout:/usr/bin/ceph: stderr
2024-04-23T14:36:00.858+0000 7fcfd4e00700 1 -- 172.21.15.77:0/929967108 learned_addr learned my addr 172.21.15.77:0/929967108 (peer_addr_for_me v2:172.21.15.77:0/0)
2024-04-23T14:36:01.810 INFO:teuthology.orchestra.run.smithi077.stdout:/usr/bin/ceph: stderr
2024-04-23T14:36:00.859+0000 7fcfd4e00700 1 -- 172.21.15.77:0/929967108 --> [v2:172.21.15.77:3300/0,v1:172.21.15.77:6789/0] -- mon_subscribe({config=0+,monmap=0+}) v3 -- 0x7fcfd01099b0 con 0x7fcfd0107080
2024-04-23T14:36:01.810 INFO:teuthology.orchestra.run.smithi077.stdout:/usr/bin/ceph: stderr
2024-04-23T14:36:00.859+0000 7fcfd4e00700 1 --2- 172.21.15.77:0/929967108 >> [v2:172.21.15.77:3300/0,v1:172.21.15.77:6789/0] conn(0x7fcfd0107080 0x7fcfd0109470 secure :-1 s=READY pgs=26 cs=0 l=1 rev1=1 crypto rx=0x7fcfc40098a0 tx=0x7fcfc4009bb0 comp rx=0 tx=0).ready entity=mon.0 client_cookie=38387cb8282733cd server_cookie=0 in_seq=0 out_seq=0
2024-04-23T14:36:01.810 INFO:teuthology.orchestra.run.smithi077.stdout:/usr/bin/ceph: stderr
2024-04-23T14:36:00.859+0000 7fcfcf400700 1 -- 172.21.15.77:0/929967108 <== mon.0 v2:172.21.15.77:3300/0 1 ==== mon_map magic: 0 v1 ==== 229+0+0 (secure 0 0 0) 0x7fcfc4004180 con 0x7fcfd0107080
2024-04-23T14:36:01.810 INFO:teuthology.orchestra.run.smithi077.stdout:/usr/bin/ceph: stderr
2024-04-23T14:36:00.859+0000 7fcfcf400700 1 -- 172.21.15.77:0/929967108 <== mon.0 v2:172.21.15.77:3300/0 2 ==== config(27 keys) v1 ==== 1042+0+0 (secure 0 0 0) 0x7fcfc40042e0 con 0x7fcfd0107080
2024-04-23T14:36:01.810 INFO:teuthology.orchestra.run.smithi077.stdout:/usr/bin/ceph: stderr
2024-04-23T14:36:00.859+0000 7fcfcf400700 1 -- 172.21.15.77:0/929967108 <== mon.0 v2:172.21.15.77:3300/0 3 ==== mon_map magic: 0 v1 ==== 229+0+0 (secure 0 0 0) 0x7fcfc4011a70 con 0x7fcfd0107080
2024-04-23T14:36:01.810 INFO:teuthology.orchestra.run.smithi077.stdout:/usr/bin/ceph: stderr
2024-04-23T14:36:00.860+0000 7fcfd7800700 1 -- 172.21.15.77:0/929967108 >> [v2:172.21.15.77:3300/0,v1:172.21.15.77:6789/0] conn(0x7fcfd0107080 msgr2=0x7fcfd0109470 secure :-1 s=STATE_CONNECTION_ESTABLISHED l=1).mark_down
2024-04-23T14:36:01.810 INFO:teuthology.orchestra.run.smithi077.stdout:/usr/bin/ceph: stderr
2024-04-23T14:36:00.860+0000 7fcfd7800700 1 --2- 172.21.15.77:0/929967108 >> [v2:172.21.15.77:3300/0,v1:172.21.15.77:6789/0] conn(0x7fcfd0107080 0x7fcfd0109470 secure :-1 s=READY pgs=26 cs=0 l=1 rev1=1 crypto rx=0x7fcfc40098a0 tx=0x7fcfc4009bb0 comp rx=0 tx=0).stop
2024-04-23T14:36:01.810 INFO:teuthology.orchestra.run.smithi077.stdout:/usr/bin/ceph: stderr
2024-04-23T14:36:00.860+0000 7fcfd7800700 1 -- 172.21.15.77:0/929967108 shutdown_connections
2024-04-23T14:36:01.811 INFO:teuthology.orchestra.run.smithi077.stdout:/usr/bin/ceph: stderr
2024-04-23T14:36:00.860+0000 7fcfd7800700 1 --2- 172.21.15.77:0/929967108 >> [v2:172.21.15.77:3300/0,v1:172.21.15.77:6789/0] conn(0x7fcfd0107080 0x7fcfd0109470 unknown :-1 s=CLOSED pgs=26 cs=0 l=1 rev1=1 crypto rx=0 tx=0 comp rx=0 tx=0).stop
2024-04-23T14:36:01.811 INFO:teuthology.orchestra.run.smithi077.stdout:/usr/bin/ceph: stderr
2024-04-23T14:36:00.860+0000 7fcfd7800700 1 -- 172.21.15.77:0/929967108 >> 172.21.15.77:0/929967108 conn(0x7fcfd0100a50 msgr2=0x7fcfd0102e90 unknown :-1 s=STATE_NONE l=0).mark_down
2024-04-23T14:36:01.811 INFO:teuthology.orchestra.run.smithi077.stdout:/usr/bin/ceph: stderr
2024-04-23T14:36:00.861+0000 7fcfd7800700 1 -- 172.21.15.77:0/929967108 shutdown_connections
2024-04-23T14:36:01.811 INFO:teuthology.orchestra.run.smithi077.stdout:/usr/bin/ceph: stderr
2024-04-23T14:36:00.861+0000 7fcfd7800700 1 -- 172.21.15.77:0/929967108 wait complete.
2024-04-23T14:36:01.811 INFO:teuthology.orchestra.run.smithi077.stdout:/usr/bin/ceph: stderr
2024-04-23T14:36:00.862+0000 7fcfd7800700 1 Processor -- start
2024-04-23T14:36:01.811 INFO:teuthology.orchestra.run.smithi077.stdout:/usr/bin/ceph: stderr
2024-04-23T14:36:00.862+0000 7fcfd7800700 1 -- start start
2024-04-23T14:36:01.811 INFO:teuthology.orchestra.run.smithi077.stdout:/usr/bin/ceph: stderr
2024-04-23T14:36:00.862+0000 7fcfd7800700 1 --2- >> [v2:172.21.15.77:3300/0,v1:172.21.15.77:6789/0] conn(0x7fcfd0107080 0x7fcfd019a2e0 unknown :-1 s=NONE pgs=0 cs=0 l=1 rev1=0 crypto rx=0 tx=0 comp rx=0 tx=0).connect
2024-04-23T14:36:01.811 INFO:teuthology.orchestra.run.smithi077.stdout:/usr/bin/ceph: stderr
2024-04-23T14:36:00.863+0000 7fcfd7800700 1 -- --> [v2:172.21.15.77:3300/0,v1:172.21.15.77:6789/0] -- mon_getmap magic: 0 v1 -- 0x7fcfd019a820 con 0x7fcfd0107080
2024-04-23T14:36:01.811 INFO:teuthology.orchestra.run.smithi077.stdout:/usr/bin/ceph: stderr
2024-04-23T14:36:00.863+0000 7fcfd4e00700 1 --2- >> [v2:172.21.15.77:3300/0,v1:172.21.15.77:6789/0] conn(0x7fcfd0107080 0x7fcfd019a2e0 unknown :-1 s=BANNER_CONNECTING pgs=0 cs=0 l=1 rev1=0 crypto rx=0 tx=0 comp rx=0 tx=0)._handle_peer_banner_payload supported=3 required=0
2024-04-23T14:36:01.811 INFO:teuthology.orchestra.run.smithi077.stdout:/usr/bin/ceph: stderr
2024-04-23T14:36:00.863+0000 7fcfd4e00700 1 --2- >> [v2:172.21.15.77:3300/0,v1:172.21.15.77:6789/0] conn(0x7fcfd0107080 0x7fcfd019a2e0 unknown :-1 s=HELLO_CONNECTING pgs=0 cs=0 l=1 rev1=1 crypto rx=0 tx=0 comp rx=0 tx=0).handle_hello peer v2:172.21.15.77:3300/0 says I am v2:172.21.15.77:38632/0 (socket says 172.21.15.77:38632)
2024-04-23T14:36:01.811 INFO:teuthology.orchestra.run.smithi077.stdout:/usr/bin/ceph: stderr
2024-04-23T14:36:00.863+0000 7fcfd4e00700 1 -- 172.21.15.77:0/3779383575 learned_addr learned my addr 172.21.15.77:0/3779383575 (peer_addr_for_me v2:172.21.15.77:0/0)
2024-04-23T14:36:01.811 INFO:teuthology.orchestra.run.smithi077.stdout:/usr/bin/ceph: stderr
2024-04-23T14:36:00.863+0000 7fcfd4e00700 1 -- 172.21.15.77:0/3779383575 --> [v2:172.21.15.77:3300/0,v1:172.21.15.77:6789/0] -- mon_subscribe({config=0+,monmap=0+}) v3 -- 0x7fcfc4009550 con 0x7fcfd0107080
2024-04-23T14:36:01.811 INFO:teuthology.orchestra.run.smithi077.stdout:/usr/bin/ceph: stderr
2024-04-23T14:36:00.863+0000 7fcfd4e00700 1 --2- 172.21.15.77:0/3779383575 >> [v2:172.21.15.77:3300/0,v1:172.21.15.77:6789/0] conn(0x7fcfd0107080 0x7fcfd019a2e0 secure :-1 s=READY pgs=27 cs=0 l=1 rev1=1 crypto rx=0x7fcfc4011710 tx=0x7fcfc40047c0 comp rx=0 tx=0).ready entity=mon.0 client_cookie=0 server_cookie=0 in_seq=0 out_seq=0
2024-04-23T14:36:01.811 INFO:teuthology.orchestra.run.smithi077.stdout:/usr/bin/ceph: stderr
2024-04-23T14:36:00.864+0000 7fcfcd600700 1 -- 172.21.15.77:0/3779383575 <== mon.0 v2:172.21.15.77:3300/0 1 ==== mon_map magic: 0 v1 ==== 229+0+0 (secure 0 0 0) 0x7fcfc4003b10 con 0x7fcfd0107080
2024-04-23T14:36:01.812 INFO:teuthology.orchestra.run.smithi077.stdout:/usr/bin/ceph: stderr
2024-04-23T14:36:00.864+0000 7fcfcd600700 1 -- 172.21.15.77:0/3779383575 <== mon.0 v2:172.21.15.77:3300/0 2 ==== config(27 keys) v1 ==== 1042+0+0 (secure 0 0 0) 0x7fcfc401b8c0 con 0x7fcfd0107080
2024-04-23T14:36:01.812 INFO:teuthology.orchestra.run.smithi077.stdout:/usr/bin/ceph: stderr
2024-04-23T14:36:00.864+0000 7fcfcd600700 1 -- 172.21.15.77:0/3779383575 <== mon.0 v2:172.21.15.77:3300/0 3 ==== mon_map magic: 0 v1 ==== 229+0+0 (secure 0 0 0) 0x7fcfc40197e0 con 0x7fcfd0107080
2024-04-23T14:36:01.812 INFO:teuthology.orchestra.run.smithi077.stdout:/usr/bin/ceph: stderr
2024-04-23T14:36:00.864+0000 7fcfd7800700 1 -- 172.21.15.77:0/3779383575 --> [v2:172.21.15.77:3300/0,v1:172.21.15.77:6789/0] -- mon_subscribe({mgrmap=0+}) v3 -- 0x7fcfd019aa20 con 0x7fcfd0107080
2024-04-23T14:36:01.812 INFO:teuthology.orchestra.run.smithi077.stdout:/usr/bin/ceph: stderr
2024-04-23T14:36:00.864+0000 7fcfd7800700 1 -- 172.21.15.77:0/3779383575 --> [v2:172.21.15.77:3300/0,v1:172.21.15.77:6789/0] -- mon_subscribe({osdmap=0}) v3 -- 0x7fcfd019aec0 con 0x7fcfd0107080
2024-04-23T14:36:01.812 INFO:teuthology.orchestra.run.smithi077.stdout:/usr/bin/ceph: stderr
2024-04-23T14:36:00.865+0000 7fcfcd600700 1 -- 172.21.15.77:0/3779383575 <== mon.0 v2:172.21.15.77:3300/0 4 ==== mgrmap(e 5) v1 ==== 45556+0+0 (secure 0 0 0) 0x7fcfc40199d0 con 0x7fcfd0107080
2024-04-23T14:36:01.812 INFO:teuthology.orchestra.run.smithi077.stdout:/usr/bin/ceph: stderr
2024-04-23T14:36:00.865+0000 7fcfcd600700 1 --2- 172.21.15.77:0/3779383575 >> [v2:172.21.15.77:6800/3831537486,v1:172.21.15.77:6801/3831537486] conn(0x7fcfb8038770 0x7fcfb803ac30 unknown :-1 s=NONE pgs=0 cs=0 l=1 rev1=0 crypto rx=0 tx=0 comp rx=0 tx=0).connect
2024-04-23T14:36:01.812 INFO:teuthology.orchestra.run.smithi077.stdout:/usr/bin/ceph: stderr
2024-04-23T14:36:00.865+0000 7fcfd7800700 1 -- 172.21.15.77:0/3779383575 --> [v2:172.21.15.77:3300/0,v1:172.21.15.77:6789/0] -- mon_command({"prefix": "get_command_descriptions"} v 0) v1 -- 0x7fcfd010a6d0 con 0x7fcfd0107080
2024-04-23T14:36:01.812 INFO:teuthology.orchestra.run.smithi077.stdout:/usr/bin/ceph: stderr
2024-04-23T14:36:00.865+0000 7fcfcd600700 1 -- 172.21.15.77:0/3779383575 <== mon.0 v2:172.21.15.77:3300/0 5 ==== osd_map(1..1 src has 1..1) v4 ==== 725+0+0 (secure 0 0 0) 0x7fcfc404ca60 con 0x7fcfd0107080
2024-04-23T14:36:01.812 INFO:teuthology.orchestra.run.smithi077.stdout:/usr/bin/ceph: stderr
2024-04-23T14:36:00.865+0000 7fcfcfe00700 1 -- 172.21.15.77:0/3779383575 >> [v2:172.21.15.77:6800/3831537486,v1:172.21.15.77:6801/3831537486] conn(0x7fcfb8038770 msgr2=0x7fcfb803ac30 unknown :-1 s=STATE_CONNECTING_RE l=1).process reconnect failed to v2:172.21.15.77:6800/3831537486
2024-04-23T14:36:01.812 INFO:teuthology.orchestra.run.smithi077.stdout:/usr/bin/ceph: stderr
2024-04-23T14:36:00.865+0000 7fcfcfe00700 1 --2- 172.21.15.77:0/3779383575 >> [v2:172.21.15.77:6800/3831537486,v1:172.21.15.77:6801/3831537486] conn(0x7fcfb8038770 0x7fcfb803ac30 unknown :-1 s=START_CONNECT pgs=0 cs=0 l=1 rev1=0 crypto rx=0 tx=0 comp rx=0 tx=0)._fault waiting 0.200000
2024-04-23T14:36:01.812 INFO:teuthology.orchestra.run.smithi077.stdout:/usr/bin/ceph: stderr
2024-04-23T14:36:00.871+0000 7fcfcd600700 1 -- 172.21.15.77:0/3779383575 <== mon.0 v2:172.21.15.77:3300/0 6 ==== mon_command_ack([{"prefix": "get_command_descriptions"}]=0 v0) v1 ==== 72+0+183351 (secure 0 0 0) 0x7fcfc4018530 con 0x7fcfd0107080
2024-04-23T14:36:01.812 INFO:teuthology.orchestra.run.smithi077.stdout:/usr/bin/ceph: stderr
2024-04-23T14:36:01.066+0000 7fcfcfe00700 1 -- 172.21.15.77:0/3779383575 >> [v2:172.21.15.77:6800/3831537486,v1:172.21.15.77:6801/3831537486] conn(0x7fcfb8038770 msgr2=0x7fcfb803ac30 unknown :-1 s=STATE_CONNECTING_RE l=1).process reconnect failed to v2:172.21.15.77:6800/3831537486
2024-04-23T14:36:01.812 INFO:teuthology.orchestra.run.smithi077.stdout:/usr/bin/ceph: stderr
2024-04-23T14:36:01.066+0000 7fcfcfe00700 1 --2- 172.21.15.77:0/3779383575 >> [v2:172.21.15.77:6800/3831537486,v1:172.21.15.77:6801/3831537486] conn(0x7fcfb8038770 0x7fcfb803ac30 unknown :-1 s=START_CONNECT pgs=0 cs=0 l=1 rev1=0 crypto rx=0 tx=0 comp rx=0 tx=0)._fault waiting 0.400000
2024-04-23T14:36:01.812 INFO:teuthology.orchestra.run.smithi077.stdout:/usr/bin/ceph: stderr
2024-04-23T14:36:01.149+0000 7fcfd7800700 1 -- 172.21.15.77:0/3779383575 --> [v2:172.21.15.77:3300/0,v1:172.21.15.77:6789/0] -- mon_command({"prefix": "mgr stat"} v 0) v1 -- 0x7fcfd019d750 con 0x7fcfd0107080
2024-04-23T14:36:01.812 INFO:teuthology.orchestra.run.smithi077.stdout:/usr/bin/ceph: stderr
2024-04-23T14:36:01.150+0000 7fcfcd600700 1 -- 172.21.15.77:0/3779383575 <== mon.0 v2:172.21.15.77:3300/0 7 ==== mon_command_ack([{"prefix": "mgr stat"}]=0 v5) v1 ==== 56+0+103 (secure 0 0 0) 0x7fcfc4018350 con 0x7fcfd0107080
2024-04-23T14:36:01.813 INFO:teuthology.orchestra.run.smithi077.stdout:/usr/bin/ceph: stderr
2024-04-23T14:36:01.152+0000 7fcfd7800700 1 -- 172.21.15.77:0/3779383575 >> [v2:172.21.15.77:6800/3831537486,v1:172.21.15.77:6801/3831537486] conn(0x7fcfb8038770 msgr2=0x7fcfb803ac30 unknown :-1 s=STATE_CONNECTING l=1).mark_down
2024-04-23T14:36:01.813 INFO:teuthology.orchestra.run.smithi077.stdout:/usr/bin/ceph: stderr
2024-04-23T14:36:01.152+0000 7fcfd7800700 1 --2- 172.21.15.77:0/3779383575 >> [v2:172.21.15.77:6800/3831537486,v1:172.21.15.77:6801/3831537486] conn(0x7fcfb8038770 0x7fcfb803ac30 unknown :-1 s=START_CONNECT pgs=0 cs=0 l=1 rev1=0 crypto rx=0 tx=0 comp rx=0 tx=0).stop
2024-04-23T14:36:01.813 INFO:teuthology.orchestra.run.smithi077.stdout:/usr/bin/ceph: stderr
2024-04-23T14:36:01.152+0000 7fcfd7800700 1 -- 172.21.15.77:0/3779383575 >> [v2:172.21.15.77:3300/0,v1:172.21.15.77:6789/0] conn(0x7fcfd0107080 msgr2=0x7fcfd019a2e0 secure :-1 s=STATE_CONNECTION_ESTABLISHED l=1).mark_down
2024-04-23T14:36:01.813 INFO:teuthology.orchestra.run.smithi077.stdout:/usr/bin/ceph: stderr
2024-04-23T14:36:01.152+0000 7fcfd7800700 1 --2- 172.21.15.77:0/3779383575 >> [v2:172.21.15.77:3300/0,v1:172.21.15.77:6789/0] conn(0x7fcfd0107080 0x7fcfd019a2e0 secure :-1 s=READY pgs=27 cs=0 l=1 rev1=1 crypto rx=0x7fcfc4011710 tx=0x7fcfc40047c0 comp rx=0 tx=0).stop
2024-04-23T14:36:01.813 INFO:teuthology.orchestra.run.smithi077.stdout:/usr/bin/ceph: stderr
2024-04-23T14:36:01.152+0000 7fcfd7800700 1 -- 172.21.15.77:0/3779383575 shutdown_connections
2024-04-23T14:36:01.813 INFO:teuthology.orchestra.run.smithi077.stdout:/usr/bin/ceph: stderr
2024-04-23T14:36:01.152+0000 7fcfd7800700 1 --2- 172.21.15.77:0/3779383575 >> [v2:172.21.15.77:6800/3831537486,v1:172.21.15.77:6801/3831537486] conn(0x7fcfb8038770 0x7fcfb803ac30 unknown :-1 s=CLOSED pgs=0 cs=0 l=1 rev1=0 crypto rx=0 tx=0 comp rx=0 tx=0).stop
2024-04-23T14:36:01.813 INFO:teuthology.orchestra.run.smithi077.stdout:/usr/bin/ceph: stderr
2024-04-23T14:36:01.152+0000 7fcfd7800700 1 --2- 172.21.15.77:0/3779383575 >> [v2:172.21.15.77:3300/0,v1:172.21.15.77:6789/0] conn(0x7fcfd0107080 0x7fcfd019a2e0 unknown :-1 s=CLOSED pgs=27 cs=0 l=1 rev1=1 crypto rx=0 tx=0 comp rx=0 tx=0).stop
2024-04-23T14:36:01.813 INFO:teuthology.orchestra.run.smithi077.stdout:/usr/bin/ceph: stderr
2024-04-23T14:36:01.152+0000 7fcfd7800700 1 -- 172.21.15.77:0/3779383575 >> 172.21.15.77:0/3779383575 conn(0x7fcfd0100a50 msgr2=0x7fcfd0101630 unknown :-1 s=STATE_NONE l=0).mark_down
2024-04-23T14:36:01.813 INFO:teuthology.orchestra.run.smithi077.stdout:/usr/bin/ceph: stderr
2024-04-23T14:36:01.152+0000 7fcfd7800700 1 -- 172.21.15.77:0/3779383575 shutdown_connections
2024-04-23T14:36:01.813 INFO:teuthology.orchestra.run.smithi077.stdout:/usr/bin/ceph: stderr
2024-04-23T14:36:01.153+0000 7fcfd7800700 1 -- 172.21.15.77:0/3779383575 wait complete.
2024-04-23T14:36:01.814 INFO:teuthology.orchestra.run.smithi077.stdout:Waiting for the mgr to restart...
2024-04-23T14:36:01.814 INFO:teuthology.orchestra.run.smithi077.stdout:Waiting for mgr epoch 5...
2024-04-23T14:36:08.608 INFO:journalctl@ceph.mon.smithi077.smithi077.stdout:Apr 23 14:36:08 smithi077 ceph-mon[25816]: Active manager daemon smithi077.phwyvd restarted
2024-04-23T14:36:08.608 INFO:journalctl@ceph.mon.smithi077.smithi077.stdout:Apr 23 14:36:08 smithi077 ceph-mon[25816]: Activating manager daemon smithi077.phwyvd
2024-04-23T14:36:08.608 INFO:journalctl@ceph.mon.smithi077.smithi077.stdout:Apr 23 14:36:08 smithi077 ceph-mon[25816]: osdmap e2: 0 total, 0 up, 0 in
2024-04-23T14:36:08.608 INFO:journalctl@ceph.mon.smithi077.smithi077.stdout:Apr 23 14:36:08 smithi077 ceph-mon[25816]: mgrmap e6: smithi077.phwyvd(active, starting, since 0.00482822s)
2024-04-23T14:36:08.608 INFO:journalctl@ceph.mon.smithi077.smithi077.stdout:Apr 23 14:36:08 smithi077 ceph-mon[25816]: from='mgr.14120 172.21.15.77:0/1105449311' entity='mgr.smithi077.phwyvd' cmd=[{"prefix": "mon metadata", "id": "smithi077"}]: dispatch
2024-04-23T14:36:08.608 INFO:journalctl@ceph.mon.smithi077.smithi077.stdout:Apr 23 14:36:08 smithi077 ceph-mon[25816]: from='mgr.14120 172.21.15.77:0/1105449311' entity='mgr.smithi077.phwyvd' cmd=[{"prefix": "mgr metadata", "who": "smithi077.phwyvd", "id": "smithi077.phwyvd"}]: dispatch
2024-04-23T14:36:08.608 INFO:journalctl@ceph.mon.smithi077.smithi077.stdout:Apr 23 14:36:08 smithi077 ceph-mon[25816]: from='mgr.14120 172.21.15.77:0/1105449311' entity='mgr.smithi077.phwyvd' cmd=[{"prefix": "mds metadata"}]: dispatch
2024-04-23T14:36:08.609 INFO:journalctl@ceph.mon.smithi077.smithi077.stdout:Apr 23 14:36:08 smithi077 ceph-mon[25816]: from='mgr.14120 172.21.15.77:0/1105449311' entity='mgr.smithi077.phwyvd' cmd=[{"prefix": "osd metadata"}]: dispatch
2024-04-23T14:36:08.609 INFO:journalctl@ceph.mon.smithi077.smithi077.stdout:Apr 23 14:36:08 smithi077 ceph-mon[25816]: from='mgr.14120 172.21.15.77:0/1105449311' entity='mgr.smithi077.phwyvd' cmd=[{"prefix": "mon metadata"}]: dispatch
2024-04-23T14:36:08.609 INFO:journalctl@ceph.mon.smithi077.smithi077.stdout:Apr 23 14:36:08 smithi077 ceph-mon[25816]: Manager daemon smithi077.phwyvd is now available
2024-04-23T14:36:08.609 INFO:journalctl@ceph.mon.smithi077.smithi077.stdout:Apr 23 14:36:08 smithi077 ceph-mon[25816]: from='mgr.14120 172.21.15.77:0/1105449311' entity='mgr.smithi077.phwyvd'
2024-04-23T14:36:08.609 INFO:journalctl@ceph.mon.smithi077.smithi077.stdout:Apr 23 14:36:08 smithi077 ceph-mon[25816]: from='mgr.14120 172.21.15.77:0/1105449311' entity='mgr.smithi077.phwyvd'
2024-04-23T14:36:09.608 INFO:journalctl@ceph.mon.smithi077.smithi077.stdout:Apr 23 14:36:09 smithi077 ceph-mon[25816]: Found migration_current of "None". Setting to last migration.
2024-04-23T14:36:09.608 INFO:journalctl@ceph.mon.smithi077.smithi077.stdout:Apr 23 14:36:09 smithi077 ceph-mon[25816]: from='mgr.14120 172.21.15.77:0/1105449311' entity='mgr.smithi077.phwyvd' cmd=[{"prefix": "config dump", "format": "json"}]: dispatch
2024-04-23T14:36:09.608 INFO:journalctl@ceph.mon.smithi077.smithi077.stdout:Apr 23 14:36:09 smithi077 ceph-mon[25816]: from='mgr.14120 172.21.15.77:0/1105449311' entity='mgr.smithi077.phwyvd' cmd=[{"prefix": "config dump", "format": "json"}]: dispatch
2024-04-23T14:36:09.608 INFO:journalctl@ceph.mon.smithi077.smithi077.stdout:Apr 23 14:36:09 smithi077 ceph-mon[25816]: from='mgr.14120 172.21.15.77:0/1105449311' entity='mgr.smithi077.phwyvd' cmd=[{"prefix":"config rm","who":"mgr","name":"mgr/rbd_support/smithi077.phwyvd/mirror_snapshot_schedule"}]: dispatch
2024-04-23T14:36:09.608 INFO:journalctl@ceph.mon.smithi077.smithi077.stdout:Apr 23 14:36:09 smithi077 ceph-mon[25816]: from='mgr.14120 172.21.15.77:0/1105449311' entity='mgr.smithi077.phwyvd' cmd=[{"prefix":"config rm","who":"mgr","name":"mgr/rbd_support/smithi077.phwyvd/trash_purge_schedule"}]: dispatch
2024-04-23T14:36:09.608 INFO:journalctl@ceph.mon.smithi077.smithi077.stdout:Apr 23 14:36:09 smithi077 ceph-mon[25816]: from='mgr.14120 172.21.15.77:0/1105449311' entity='mgr.smithi077.phwyvd'
2024-04-23T14:36:09.609 INFO:journalctl@ceph.mon.smithi077.smithi077.stdout:Apr 23 14:36:09 smithi077 ceph-mon[25816]: from='mgr.14120 172.21.15.77:0/1105449311' entity='mgr.smithi077.phwyvd'
2024-04-23T14:36:09.609 INFO:journalctl@ceph.mon.smithi077.smithi077.stdout:Apr 23 14:36:09 smithi077 ceph-mon[25816]: from='mgr.14120 172.21.15.77:0/1105449311' entity='mgr.smithi077.phwyvd' cmd=[{"prefix": "config dump", "format": "json"}]: dispatch
2024-04-23T14:36:09.609 INFO:journalctl@ceph.mon.smithi077.smithi077.stdout:Apr 23 14:36:09 smithi077 ceph-mon[25816]: mgrmap e7: smithi077.phwyvd(active, since 1.01208s)
2024-04-23T14:36:09.987 INFO:teuthology.orchestra.run.smithi077.stdout:/usr/bin/ceph: stdout {
2024-04-23T14:36:09.987 INFO:teuthology.orchestra.run.smithi077.stdout:/usr/bin/ceph: stdout "mgrmap_epoch": 7,
2024-04-23T14:36:09.987 INFO:teuthology.orchestra.run.smithi077.stdout:/usr/bin/ceph: stdout "initialized": true
2024-04-23T14:36:09.987 INFO:teuthology.orchestra.run.smithi077.stdout:/usr/bin/ceph: stdout }
2024-04-23T14:36:09.992 INFO:teuthology.orchestra.run.smithi077.stdout:/usr/bin/ceph: stderr
2024-04-23T14:36:02.437+0000 7fd16c000700 1 Processor -- start
2024-04-23T14:36:09.992 INFO:teuthology.orchestra.run.smithi077.stdout:/usr/bin/ceph: stderr
2024-04-23T14:36:02.437+0000 7fd16c000700 1 -- start start
2024-04-23T14:36:09.992 INFO:teuthology.orchestra.run.smithi077.stdout:/usr/bin/ceph: stderr
2024-04-23T14:36:02.438+0000 7fd16c000700 1 --2- >> [v2:172.21.15.77:3300/0,v1:172.21.15.77:6789/0] conn(0x7fd16407ad90 0x7fd1640791f0 unknown :-1 s=NONE pgs=0 cs=0 l=0 rev1=0 crypto rx=0 tx=0 comp rx=0 tx=0).connect
2024-04-23T14:36:09.992 INFO:teuthology.orchestra.run.smithi077.stdout:/usr/bin/ceph: stderr
2024-04-23T14:36:02.438+0000 7fd16c000700 1 -- --> [v2:172.21.15.77:3300/0,v1:172.21.15.77:6789/0] -- mon_getmap magic: 0 v1 -- 0x7fd1640797c0 con 0x7fd16407ad90
2024-04-23T14:36:09.992 INFO:teuthology.orchestra.run.smithi077.stdout:/usr/bin/ceph: stderr
2024-04-23T14:36:02.438+0000 7fd169600700 1 --2- >> [v2:172.21.15.77:3300/0,v1:172.21.15.77:6789/0] conn(0x7fd16407ad90 0x7fd1640791f0 unknown :-1 s=BANNER_CONNECTING pgs=0 cs=0 l=0 rev1=0 crypto rx=0 tx=0 comp rx=0 tx=0)._handle_peer_banner_payload supported=3 required=0
2024-04-23T14:36:09.992 INFO:teuthology.orchestra.run.smithi077.stdout:/usr/bin/ceph: stderr
2024-04-23T14:36:02.438+0000 7fd169600700 1 --2- >> [v2:172.21.15.77:3300/0,v1:172.21.15.77:6789/0] conn(0x7fd16407ad90 0x7fd1640791f0 unknown :-1 s=HELLO_CONNECTING pgs=0 cs=0 l=0 rev1=1 crypto rx=0 tx=0 comp rx=0 tx=0).handle_hello peer v2:172.21.15.77:3300/0 says I am v2:172.21.15.77:38638/0 (socket says 172.21.15.77:38638)
2024-04-23T14:36:09.992 INFO:teuthology.orchestra.run.smithi077.stdout:/usr/bin/ceph: stderr
2024-04-23T14:36:02.438+0000 7fd169600700 1 -- 172.21.15.77:0/63988321 learned_addr learned my addr 172.21.15.77:0/63988321 (peer_addr_for_me v2:172.21.15.77:0/0)
2024-04-23T14:36:09.992 INFO:teuthology.orchestra.run.smithi077.stdout:/usr/bin/ceph: stderr
2024-04-23T14:36:02.439+0000 7fd169600700 1 -- 172.21.15.77:0/63988321 --> [v2:172.21.15.77:3300/0,v1:172.21.15.77:6789/0] -- mon_subscribe({config=0+,monmap=0+}) v3 -- 0x7fd164079900 con 0x7fd16407ad90
2024-04-23T14:36:09.992 INFO:teuthology.orchestra.run.smithi077.stdout:/usr/bin/ceph: stderr
2024-04-23T14:36:02.439+0000 7fd169600700 1 --2- 172.21.15.77:0/63988321 >> [v2:172.21.15.77:3300/0,v1:172.21.15.77:6789/0] conn(0x7fd16407ad90 0x7fd1640791f0 secure :-1 s=READY pgs=28 cs=0 l=1 rev1=1 crypto rx=0x7fd1580098a0 tx=0x7fd158009bb0 comp rx=0 tx=0).ready entity=mon.0 client_cookie=74823f54d4108d53 server_cookie=0 in_seq=0 out_seq=0
2024-04-23T14:36:09.992 INFO:teuthology.orchestra.run.smithi077.stdout:/usr/bin/ceph: stderr
2024-04-23T14:36:02.439+0000 7fd163e00700 1 -- 172.21.15.77:0/63988321 <== mon.0 v2:172.21.15.77:3300/0 1 ==== mon_map magic: 0 v1 ==== 229+0+0 (secure 0 0 0) 0x7fd158004180 con 0x7fd16407ad90
2024-04-23T14:36:09.992 INFO:teuthology.orchestra.run.smithi077.stdout:/usr/bin/ceph: stderr
2024-04-23T14:36:02.439+0000 7fd163e00700 1 -- 172.21.15.77:0/63988321 <== mon.0 v2:172.21.15.77:3300/0 2 ==== config(27 keys) v1 ==== 1042+0+0 (secure 0 0 0) 0x7fd1580042e0 con 0x7fd16407ad90
2024-04-23T14:36:09.993 INFO:teuthology.orchestra.run.smithi077.stdout:/usr/bin/ceph: stderr
2024-04-23T14:36:02.439+0000 7fd163e00700 1 -- 172.21.15.77:0/63988321 <== mon.0 v2:172.21.15.77:3300/0 3 ==== mon_map magic: 0 v1 ==== 229+0+0 (secure 0 0 0) 0x7fd158011a70 con 0x7fd16407ad90
2024-04-23T14:36:09.993 INFO:teuthology.orchestra.run.smithi077.stdout:/usr/bin/ceph: stderr
2024-04-23T14:36:02.440+0000 7fd16c000700 1 -- 172.21.15.77:0/63988321 >> [v2:172.21.15.77:3300/0,v1:172.21.15.77:6789/0] conn(0x7fd16407ad90 msgr2=0x7fd1640791f0 secure :-1 s=STATE_CONNECTION_ESTABLISHED l=1).mark_down
2024-04-23T14:36:09.993 INFO:teuthology.orchestra.run.smithi077.stdout:/usr/bin/ceph: stderr
2024-04-23T14:36:02.440+0000 7fd16c000700 1 --2- 172.21.15.77:0/63988321 >> [v2:172.21.15.77:3300/0,v1:172.21.15.77:6789/0] conn(0x7fd16407ad90 0x7fd1640791f0 secure :-1 s=READY pgs=28 cs=0 l=1 rev1=1 crypto rx=0x7fd1580098a0 tx=0x7fd158009bb0 comp rx=0 tx=0).stop
2024-04-23T14:36:09.993 INFO:teuthology.orchestra.run.smithi077.stdout:/usr/bin/ceph: stderr
2024-04-23T14:36:02.440+0000 7fd16c000700 1 -- 172.21.15.77:0/63988321 shutdown_connections
2024-04-23T14:36:09.993 INFO:teuthology.orchestra.run.smithi077.stdout:/usr/bin/ceph: stderr
2024-04-23T14:36:02.440+0000 7fd16c000700 1 --2- 172.21.15.77:0/63988321 >> [v2:172.21.15.77:3300/0,v1:172.21.15.77:6789/0] conn(0x7fd16407ad90 0x7fd1640791f0 unknown :-1 s=CLOSED pgs=28 cs=0 l=1 rev1=1 crypto rx=0 tx=0 comp rx=0 tx=0).stop
2024-04-23T14:36:09.993 INFO:teuthology.orchestra.run.smithi077.stdout:/usr/bin/ceph: stderr
2024-04-23T14:36:02.440+0000 7fd16c000700 1 -- 172.21.15.77:0/63988321 >> 172.21.15.77:0/63988321 conn(0x7fd164101ba0 msgr2=0x7fd164103fc0 unknown :-1 s=STATE_NONE l=0).mark_down
2024-04-23T14:36:09.993 INFO:teuthology.orchestra.run.smithi077.stdout:/usr/bin/ceph: stderr
2024-04-23T14:36:02.440+0000 7fd16c000700 1 -- 172.21.15.77:0/63988321 shutdown_connections
2024-04-23T14:36:09.993 INFO:teuthology.orchestra.run.smithi077.stdout:/usr/bin/ceph: stderr
2024-04-23T14:36:02.440+0000 7fd16c000700 1 -- 172.21.15.77:0/63988321 wait complete.
2024-04-23T14:36:09.993 INFO:teuthology.orchestra.run.smithi077.stdout:/usr/bin/ceph: stderr
2024-04-23T14:36:02.441+0000 7fd16c000700 1 Processor -- start
2024-04-23T14:36:09.993 INFO:teuthology.orchestra.run.smithi077.stdout:/usr/bin/ceph: stderr
2024-04-23T14:36:02.441+0000 7fd16c000700 1 -- start start
2024-04-23T14:36:09.993 INFO:teuthology.orchestra.run.smithi077.stdout:/usr/bin/ceph: stderr
2024-04-23T14:36:02.442+0000 7fd16c000700 1 --2- >> [v2:172.21.15.77:3300/0,v1:172.21.15.77:6789/0] conn(0x7fd16407ad90 0x7fd16419c550 unknown :-1 s=NONE pgs=0 cs=0 l=1 rev1=0 crypto rx=0 tx=0 comp rx=0 tx=0).connect
2024-04-23T14:36:09.993 INFO:teuthology.orchestra.run.smithi077.stdout:/usr/bin/ceph: stderr
2024-04-23T14:36:02.442+0000 7fd16c000700 1 -- --> [v2:172.21.15.77:3300/0,v1:172.21.15.77:6789/0] -- mon_getmap magic: 0 v1 -- 0x7fd16419ca90 con 0x7fd16407ad90
2024-04-23T14:36:09.993 INFO:teuthology.orchestra.run.smithi077.stdout:/usr/bin/ceph: stderr
2024-04-23T14:36:02.442+0000 7fd169600700 1 --2- >> [v2:172.21.15.77:3300/0,v1:172.21.15.77:6789/0] conn(0x7fd16407ad90 0x7fd16419c550 unknown :-1 s=BANNER_CONNECTING pgs=0 cs=0 l=1 rev1=0 crypto rx=0 tx=0 comp rx=0 tx=0)._handle_peer_banner_payload supported=3 required=0
2024-04-23T14:36:09.993 INFO:teuthology.orchestra.run.smithi077.stdout:/usr/bin/ceph: stderr
2024-04-23T14:36:02.442+0000 7fd169600700 1 --2- >> [v2:172.21.15.77:3300/0,v1:172.21.15.77:6789/0] conn(0x7fd16407ad90 0x7fd16419c550 unknown :-1 s=HELLO_CONNECTING pgs=0 cs=0 l=1 rev1=1 crypto rx=0 tx=0 comp rx=0 tx=0).handle_hello peer v2:172.21.15.77:3300/0 says I am v2:172.21.15.77:38652/0 (socket says 172.21.15.77:38652)
2024-04-23T14:36:09.993 INFO:teuthology.orchestra.run.smithi077.stdout:/usr/bin/ceph: stderr
2024-04-23T14:36:02.442+0000 7fd169600700 1 -- 172.21.15.77:0/2373992307 learned_addr learned my addr 172.21.15.77:0/2373992307 (peer_addr_for_me v2:172.21.15.77:0/0)
2024-04-23T14:36:09.994 INFO:teuthology.orchestra.run.smithi077.stdout:/usr/bin/ceph: stderr
2024-04-23T14:36:02.442+0000 7fd169600700 1 -- 172.21.15.77:0/2373992307 --> [v2:172.21.15.77:3300/0,v1:172.21.15.77:6789/0] -- mon_subscribe({config=0+,monmap=0+}) v3 -- 0x7fd158009550 con 0x7fd16407ad90
2024-04-23T14:36:09.994 INFO:teuthology.orchestra.run.smithi077.stdout:/usr/bin/ceph: stderr
2024-04-23T14:36:02.443+0000 7fd169600700 1 --2- 172.21.15.77:0/2373992307 >> [v2:172.21.15.77:3300/0,v1:172.21.15.77:6789/0] conn(0x7fd16407ad90 0x7fd16419c550 secure :-1 s=READY pgs=29 cs=0 l=1 rev1=1 crypto rx=0x7fd158006af0 tx=0x7fd1580047c0 comp rx=0 tx=0).ready entity=mon.0 client_cookie=0 server_cookie=0 in_seq=0 out_seq=0
2024-04-23T14:36:09.994 INFO:teuthology.orchestra.run.smithi077.stdout:/usr/bin/ceph: stderr
2024-04-23T14:36:02.443+0000 7fd162000700 1 -- 172.21.15.77:0/2373992307 <== mon.0 v2:172.21.15.77:3300/0 1 ==== mon_map magic: 0 v1 ==== 229+0+0 (secure 0 0 0) 0x7fd158003a00 con 0x7fd16407ad90
2024-04-23T14:36:09.994 INFO:teuthology.orchestra.run.smithi077.stdout:/usr/bin/ceph: stderr
2024-04-23T14:36:02.443+0000 7fd162000700 1 -- 172.21.15.77:0/2373992307 <== mon.0 v2:172.21.15.77:3300/0 2 ==== config(27 keys) v1 ==== 1042+0+0 (secure 0 0 0) 0x7fd158003b60 con 0x7fd16407ad90
2024-04-23T14:36:09.994 INFO:teuthology.orchestra.run.smithi077.stdout:/usr/bin/ceph: stderr
2024-04-23T14:36:02.443+0000 7fd16c000700 1 -- 172.21.15.77:0/2373992307 --> [v2:172.21.15.77:3300/0,v1:172.21.15.77:6789/0] -- mon_subscribe({mgrmap=0+}) v3 -- 0x7fd16419cc90 con 0x7fd16407ad90
2024-04-23T14:36:09.994 INFO:teuthology.orchestra.run.smithi077.stdout:/usr/bin/ceph: stderr
2024-04-23T14:36:02.443+0000 7fd162000700 1 -- 172.21.15.77:0/2373992307 <== mon.0 v2:172.21.15.77:3300/0 3 ==== mon_map magic: 0 v1 ==== 229+0+0 (secure 0 0 0) 0x7fd158023750 con 0x7fd16407ad90
2024-04-23T14:36:09.994 INFO:teuthology.orchestra.run.smithi077.stdout:/usr/bin/ceph: stderr
2024-04-23T14:36:02.443+0000 7fd16c000700 1 -- 172.21.15.77:0/2373992307 --> [v2:172.21.15.77:3300/0,v1:172.21.15.77:6789/0] -- mon_subscribe({osdmap=0}) v3 -- 0x7fd16419d130 con 0x7fd16407ad90
2024-04-23T14:36:09.994 INFO:teuthology.orchestra.run.smithi077.stdout:/usr/bin/ceph: stderr
2024-04-23T14:36:02.444+0000 7fd162000700 1 -- 172.21.15.77:0/2373992307 <== mon.0 v2:172.21.15.77:3300/0 4 ==== mgrmap(e 5) v1 ==== 45556+0+0 (secure 0 0 0) 0x7fd158023980 con 0x7fd16407ad90
2024-04-23T14:36:09.994 INFO:teuthology.orchestra.run.smithi077.stdout:/usr/bin/ceph: stderr
2024-04-23T14:36:02.445+0000 7fd162000700 1 --2- 172.21.15.77:0/2373992307 >> [v2:172.21.15.77:6800/3831537486,v1:172.21.15.77:6801/3831537486] conn(0x7fd14c038770 0x7fd14c03ac30 unknown :-1 s=NONE pgs=0 cs=0 l=1 rev1=0 crypto rx=0 tx=0 comp rx=0 tx=0).connect
2024-04-23T14:36:09.994 INFO:teuthology.orchestra.run.smithi077.stdout:/usr/bin/ceph: stderr
2024-04-23T14:36:02.445+0000 7fd162000700 1 -- 172.21.15.77:0/2373992307 --> [v2:172.21.15.77:6800/3831537486,v1:172.21.15.77:6801/3831537486] -- command(tid 0: {"prefix": "get_command_descriptions"}) v1 -- 0x7fd14c03b340 con 0x7fd14c038770
2024-04-23T14:36:09.994 INFO:teuthology.orchestra.run.smithi077.stdout:/usr/bin/ceph: stderr
2024-04-23T14:36:02.445+0000 7fd162000700 1 -- 172.21.15.77:0/2373992307 <== mon.0 v2:172.21.15.77:3300/0 5 ==== osd_map(1..1 src has 1..1) v4 ==== 725+0+0 (secure 0 0 0) 0x7fd15804ca40 con 0x7fd16407ad90
2024-04-23T14:36:09.994 INFO:teuthology.orchestra.run.smithi077.stdout:/usr/bin/ceph: stderr
2024-04-23T14:36:02.445+0000 7fd168c00700 1 -- 172.21.15.77:0/2373992307 >> [v2:172.21.15.77:6800/3831537486,v1:172.21.15.77:6801/3831537486] conn(0x7fd14c038770 msgr2=0x7fd14c03ac30 unknown :-1 s=STATE_CONNECTING_RE l=1).process reconnect failed to v2:172.21.15.77:6800/3831537486
2024-04-23T14:36:09.994 INFO:teuthology.orchestra.run.smithi077.stdout:/usr/bin/ceph: stderr
2024-04-23T14:36:02.445+0000 7fd168c00700 1 --2- 172.21.15.77:0/2373992307 >> [v2:172.21.15.77:6800/3831537486,v1:172.21.15.77:6801/3831537486] conn(0x7fd14c038770 0x7fd14c03ac30 unknown :-1 s=START_CONNECT pgs=0 cs=0 l=1 rev1=0 crypto rx=0 tx=0 comp rx=0 tx=0)._fault waiting 0.200000
2024-04-23T14:36:09.995 INFO:teuthology.orchestra.run.smithi077.stdout:/usr/bin/ceph: stderr
2024-04-23T14:36:02.646+0000 7fd168c00700 1 -- 172.21.15.77:0/2373992307 >> [v2:172.21.15.77:6800/3831537486,v1:172.21.15.77:6801/3831537486] conn(0x7fd14c038770 msgr2=0x7fd14c03ac30 unknown :-1 s=STATE_CONNECTING_RE l=1).process reconnect failed to v2:172.21.15.77:6800/3831537486
2024-04-23T14:36:09.995 INFO:teuthology.orchestra.run.smithi077.stdout:/usr/bin/ceph: stderr
2024-04-23T14:36:02.646+0000 7fd168c00700 1 --2- 172.21.15.77:0/2373992307 >> [v2:172.21.15.77:6800/3831537486,v1:172.21.15.77:6801/3831537486] conn(0x7fd14c038770 0x7fd14c03ac30 unknown :-1 s=START_CONNECT pgs=0 cs=0 l=1 rev1=0 crypto rx=0 tx=0 comp rx=0 tx=0)._fault waiting 0.400000
2024-04-23T14:36:09.995 INFO:teuthology.orchestra.run.smithi077.stdout:/usr/bin/ceph: stderr
2024-04-23T14:36:03.047+0000 7fd168c00700 1 -- 172.21.15.77:0/2373992307 >> [v2:172.21.15.77:6800/3831537486,v1:172.21.15.77:6801/3831537486] conn(0x7fd14c038770 msgr2=0x7fd14c03ac30 unknown :-1 s=STATE_CONNECTING_RE l=1).process reconnect failed to v2:172.21.15.77:6800/3831537486
2024-04-23T14:36:09.997 INFO:teuthology.orchestra.run.smithi077.stdout:/usr/bin/ceph: stderr
2024-04-23T14:36:03.047+0000 7fd168c00700 1 --2- 172.21.15.77:0/2373992307 >> [v2:172.21.15.77:6800/3831537486,v1:172.21.15.77:6801/3831537486] conn(0x7fd14c038770 0x7fd14c03ac30 unknown :-1 s=START_CONNECT pgs=0 cs=0 l=1 rev1=0 crypto rx=0 tx=0 comp rx=0 tx=0)._fault waiting 0.800000
2024-04-23T14:36:09.997 INFO:teuthology.orchestra.run.smithi077.stdout:/usr/bin/ceph: stderr
2024-04-23T14:36:03.848+0000 7fd168c00700 1 -- 172.21.15.77:0/2373992307 >> [v2:172.21.15.77:6800/3831537486,v1:172.21.15.77:6801/3831537486] conn(0x7fd14c038770 msgr2=0x7fd14c03ac30 unknown :-1 s=STATE_CONNECTING_RE l=1).process reconnect failed to v2:172.21.15.77:6800/3831537486
2024-04-23T14:36:09.998 INFO:teuthology.orchestra.run.smithi077.stdout:/usr/bin/ceph: stderr
2024-04-23T14:36:03.848+0000 7fd168c00700 1 --2- 172.21.15.77:0/2373992307 >> [v2:172.21.15.77:6800/3831537486,v1:172.21.15.77:6801/3831537486] conn(0x7fd14c038770 0x7fd14c03ac30 unknown :-1 s=START_CONNECT pgs=0 cs=0 l=1 rev1=0 crypto rx=0 tx=0 comp rx=0 tx=0)._fault waiting 1.600000
2024-04-23T14:36:09.998 INFO:teuthology.orchestra.run.smithi077.stdout:/usr/bin/ceph: stderr
