2024-04-23T14:36:39.789 INFO:teuthology.orchestra.run.smithi077.stdout:/usr/bin/ceph: stderr
2024-04-23T14:36:38.923+0000 7fe2e6000700 1 -- 172.21.15.77:0/2866248937 <== mon.0 v2:172.21.15.77:3300/0 5 ==== osd_map(2..2 src has 1..2) v4 ==== 940+0+0 (secure 0 0 0) 0x7fe2dc04c880 con 0x7fe2e81065a0
2024-04-23T14:36:39.789 INFO:teuthology.orchestra.run.smithi077.stdout:/usr/bin/ceph: stderr
2024-04-23T14:36:38.923+0000 7fe2ece00700 1 --2- 172.21.15.77:0/2866248937 >> [v2:172.21.15.77:6800/2473968502,v1:172.21.15.77:6801/2473968502] conn(0x7fe2d0038770 0x7fe2d003ac30 unknown :-1 s=BANNER_CONNECTING pgs=0 cs=0 l=1 rev1=0 crypto rx=0 tx=0 comp rx=0 tx=0)._handle_peer_banner_payload supported=3 required=0
2024-04-23T14:36:39.789 INFO:teuthology.orchestra.run.smithi077.stdout:/usr/bin/ceph: stderr
2024-04-23T14:36:38.923+0000 7fe2ece00700 1 --2- 172.21.15.77:0/2866248937 >> [v2:172.21.15.77:6800/2473968502,v1:172.21.15.77:6801/2473968502] conn(0x7fe2d0038770 0x7fe2d003ac30 secure :-1 s=READY pgs=21 cs=0 l=1 rev1=1 crypto rx=0x7fe2d4006fd0 tx=0x7fe2d4006e40 comp rx=0 tx=0).ready entity=mgr.14120 client_cookie=0 server_cookie=0 in_seq=0 out_seq=0
2024-04-23T14:36:39.789 INFO:teuthology.orchestra.run.smithi077.stdout:/usr/bin/ceph: stderr
2024-04-23T14:36:38.928+0000 7fe2e6000700 1 -- 172.21.15.77:0/2866248937 <== mon.0 v2:172.21.15.77:3300/0 6 ==== mon_command_ack([{"prefix": "get_command_descriptions"}]=0 v0) v1 ==== 72+0+183351 (secure 0 0 0) 0x7fe2dc01a430 con 0x7fe2e81065a0
2024-04-23T14:36:39.790 INFO:teuthology.orchestra.run.smithi077.stdout:/usr/bin/ceph: stderr
2024-04-23T14:36:39.143+0000 7fe2f0200700 1 -- 172.21.15.77:0/2866248937 --> [v2:172.21.15.77:3300/0,v1:172.21.15.77:6789/0] -- mon_command([{prefix=config set, name=mgr/dashboard/ssl_server_port}] v 0) v1 -- 0x7fe2e819d7a0 con 0x7fe2e81065a0
2024-04-23T14:36:39.790 INFO:teuthology.orchestra.run.smithi077.stdout:/usr/bin/ceph: stderr
2024-04-23T14:36:39.148+0000 7fe2e6000700 1 -- 172.21.15.77:0/2866248937 <== mon.0 v2:172.21.15.77:3300/0 7 ==== mon_command_ack([{prefix=config set, name=mgr/dashboard/ssl_server_port}]=0 v8)=0 v8) v1 ==== 130+0+0 (secure 0 0 0) 0x7fe2dc018b40 con 0x7fe2e81065a0
2024-04-23T14:36:39.790 INFO:teuthology.orchestra.run.smithi077.stdout:/usr/bin/ceph: stderr
2024-04-23T14:36:39.151+0000 7fe2f0200700 1 -- 172.21.15.77:0/2866248937 >> [v2:172.21.15.77:6800/2473968502,v1:172.21.15.77:6801/2473968502] conn(0x7fe2d0038770 msgr2=0x7fe2d003ac30 secure :-1 s=STATE_CONNECTION_ESTABLISHED l=1).mark_down
2024-04-23T14:36:39.790 INFO:teuthology.orchestra.run.smithi077.stdout:/usr/bin/ceph: stderr
2024-04-23T14:36:39.151+0000 7fe2f0200700 1 --2- 172.21.15.77:0/2866248937 >> [v2:172.21.15.77:6800/2473968502,v1:172.21.15.77:6801/2473968502] conn(0x7fe2d0038770 0x7fe2d003ac30 secure :-1 s=READY pgs=21 cs=0 l=1 rev1=1 crypto rx=0x7fe2d4006fd0 tx=0x7fe2d4006e40 comp rx=0 tx=0).stop
2024-04-23T14:36:39.790 INFO:teuthology.orchestra.run.smithi077.stdout:/usr/bin/ceph: stderr
2024-04-23T14:36:39.151+0000 7fe2f0200700 1 -- 172.21.15.77:0/2866248937 >> [v2:172.21.15.77:3300/0,v1:172.21.15.77:6789/0] conn(0x7fe2e81065a0 msgr2=0x7fe2e819a330 secure :-1 s=STATE_CONNECTION_ESTABLISHED l=1).mark_down
2024-04-23T14:36:39.790 INFO:teuthology.orchestra.run.smithi077.stdout:/usr/bin/ceph: stderr
2024-04-23T14:36:39.151+0000 7fe2f0200700 1 --2- 172.21.15.77:0/2866248937 >> [v2:172.21.15.77:3300/0,v1:172.21.15.77:6789/0] conn(0x7fe2e81065a0 0x7fe2e819a330 secure :-1 s=READY pgs=66 cs=0 l=1 rev1=1 crypto rx=0x7fe2dc0117b0 tx=0x7fe2dc011890 comp rx=0 tx=0).stop
2024-04-23T14:36:39.790 INFO:teuthology.orchestra.run.smithi077.stdout:/usr/bin/ceph: stderr
2024-04-23T14:36:39.152+0000 7fe2f0200700 1 -- 172.21.15.77:0/2866248937 shutdown_connections
2024-04-23T14:36:39.790 INFO:teuthology.orchestra.run.smithi077.stdout:/usr/bin/ceph: stderr
2024-04-23T14:36:39.152+0000 7fe2f0200700 1 --2- 172.21.15.77:0/2866248937 >> [v2:172.21.15.77:6800/2473968502,v1:172.21.15.77:6801/2473968502] conn(0x7fe2d0038770 0x7fe2d003ac30 unknown :-1 s=CLOSED pgs=21 cs=0 l=1 rev1=1 crypto rx=0 tx=0 comp rx=0 tx=0).stop
2024-04-23T14:36:39.790 INFO:teuthology.orchestra.run.smithi077.stdout:/usr/bin/ceph: stderr
2024-04-23T14:36:39.152+0000 7fe2f0200700 1 --2- 172.21.15.77:0/2866248937 >> [v2:172.21.15.77:3300/0,v1:172.21.15.77:6789/0] conn(0x7fe2e81065a0 0x7fe2e819a330 unknown :-1 s=CLOSED pgs=66 cs=0 l=1 rev1=1 crypto rx=0 tx=0 comp rx=0 tx=0).stop
2024-04-23T14:36:39.790 INFO:teuthology.orchestra.run.smithi077.stdout:/usr/bin/ceph: stderr
2024-04-23T14:36:39.152+0000 7fe2f0200700 1 -- 172.21.15.77:0/2866248937 >> 172.21.15.77:0/2866248937 conn(0x7fe2e8101b80 msgr2=0x7fe2e81026f0 unknown :-1 s=STATE_NONE l=0).mark_down
2024-04-23T14:36:39.790 INFO:teuthology.orchestra.run.smithi077.stdout:/usr/bin/ceph: stderr
2024-04-23T14:36:39.152+0000 7fe2f0200700 1 -- 172.21.15.77:0/2866248937 shutdown_connections
2024-04-23T14:36:39.790 INFO:teuthology.orchestra.run.smithi077.stdout:/usr/bin/ceph: stderr
2024-04-23T14:36:39.152+0000 7fe2f0200700 1 -- 172.21.15.77:0/2866248937 wait complete.
2024-04-23T14:36:39.790 INFO:teuthology.orchestra.run.smithi077.stdout:Enabling the dashboard module...
2024-04-23T14:36:41.844 INFO:journalctl@ceph.mon.smithi077.smithi077.stdout:Apr 23 14:36:41 smithi077 ceph-mon[25816]: pgmap v9: 0 pgs: ; 0 B data, 0 B used, 0 B / 0 B avail
2024-04-23T14:36:41.844 INFO:journalctl@ceph.mon.smithi077.smithi077.stdout:Apr 23 14:36:41 smithi077 ceph-mon[25816]: from='client.? 172.21.15.77:0/4077929179' entity='client.admin' cmd=[{"prefix": "mgr module enable", "module": "dashboard"}]: dispatch
2024-04-23T14:36:42.281 INFO:teuthology.orchestra.run.smithi077.stdout:/usr/bin/ceph: stderr
2024-04-23T14:36:40.564+0000 7f2960600700 1 Processor -- start
2024-04-23T14:36:42.281 INFO:teuthology.orchestra.run.smithi077.stdout:/usr/bin/ceph: stderr
2024-04-23T14:36:40.564+0000 7f2960600700 1 -- start start
2024-04-23T14:36:42.281 INFO:teuthology.orchestra.run.smithi077.stdout:/usr/bin/ceph: stderr
2024-04-23T14:36:40.565+0000 7f2960600700 1 --2- >> [v2:172.21.15.77:3300/0,v1:172.21.15.77:6789/0] conn(0x7f2958108790 0x7f2958108bb0 unknown :-1 s=NONE pgs=0 cs=0 l=0 rev1=0 crypto rx=0 tx=0 comp rx=0 tx=0).connect
2024-04-23T14:36:42.281 INFO:teuthology.orchestra.run.smithi077.stdout:/usr/bin/ceph: stderr
2024-04-23T14:36:40.565+0000 7f2960600700 1 -- --> [v2:172.21.15.77:3300/0,v1:172.21.15.77:6789/0] -- mon_getmap magic: 0 v1 -- 0x7f2958109180 con 0x7f2958108790
2024-04-23T14:36:42.281 INFO:teuthology.orchestra.run.smithi077.stdout:/usr/bin/ceph: stderr
2024-04-23T14:36:40.565+0000 7f295dc00700 1 --2- >> [v2:172.21.15.77:3300/0,v1:172.21.15.77:6789/0] conn(0x7f2958108790 0x7f2958108bb0 unknown :-1 s=BANNER_CONNECTING pgs=0 cs=0 l=0 rev1=0 crypto rx=0 tx=0 comp rx=0 tx=0)._handle_peer_banner_payload supported=3 required=0
2024-04-23T14:36:42.281 INFO:teuthology.orchestra.run.smithi077.stdout:/usr/bin/ceph: stderr
2024-04-23T14:36:40.565+0000 7f295dc00700 1 --2- >> [v2:172.21.15.77:3300/0,v1:172.21.15.77:6789/0] conn(0x7f2958108790 0x7f2958108bb0 unknown :-1 s=HELLO_CONNECTING pgs=0 cs=0 l=0 rev1=1 crypto rx=0 tx=0 comp rx=0 tx=0).handle_hello peer v2:172.21.15.77:3300/0 says I am v2:172.21.15.77:41716/0 (socket says 172.21.15.77:41716)
2024-04-23T14:36:42.281 INFO:teuthology.orchestra.run.smithi077.stdout:/usr/bin/ceph: stderr
2024-04-23T14:36:40.565+0000 7f295dc00700 1 -- 172.21.15.77:0/1834646890 learned_addr learned my addr 172.21.15.77:0/1834646890 (peer_addr_for_me v2:172.21.15.77:0/0)
2024-04-23T14:36:42.281 INFO:teuthology.orchestra.run.smithi077.stdout:/usr/bin/ceph: stderr
2024-04-23T14:36:40.566+0000 7f295dc00700 1 -- 172.21.15.77:0/1834646890 --> [v2:172.21.15.77:3300/0,v1:172.21.15.77:6789/0] -- mon_subscribe({config=0+,monmap=0+}) v3 -- 0x7f2958109990 con 0x7f2958108790
2024-04-23T14:36:42.281 INFO:teuthology.orchestra.run.smithi077.stdout:/usr/bin/ceph: stderr
2024-04-23T14:36:40.566+0000 7f295dc00700 1 --2- 172.21.15.77:0/1834646890 >> [v2:172.21.15.77:3300/0,v1:172.21.15.77:6789/0] conn(0x7f2958108790 0x7f2958108bb0 secure :-1 s=READY pgs=67 cs=0 l=1 rev1=1 crypto rx=0x7f294c0098a0 tx=0x7f294c009bb0 comp rx=0 tx=0).ready entity=mon.0 client_cookie=844555eab7042881 server_cookie=0 in_seq=0 out_seq=0
2024-04-23T14:36:42.282 INFO:teuthology.orchestra.run.smithi077.stdout:/usr/bin/ceph: stderr
2024-04-23T14:36:40.566+0000 7f2957e00700 1 -- 172.21.15.77:0/1834646890 <== mon.0 v2:172.21.15.77:3300/0 1 ==== mon_map magic: 0 v1 ==== 229+0+0 (secure 0 0 0) 0x7f294c004180 con 0x7f2958108790
2024-04-23T14:36:42.282 INFO:teuthology.orchestra.run.smithi077.stdout:/usr/bin/ceph: stderr
2024-04-23T14:36:40.566+0000 7f2957e00700 1 -- 172.21.15.77:0/1834646890 <== mon.0 v2:172.21.15.77:3300/0 2 ==== config(27 keys) v1 ==== 1109+0+0 (secure 0 0 0) 0x7f294c0042e0 con 0x7f2958108790
2024-04-23T14:36:42.282 INFO:teuthology.orchestra.run.smithi077.stdout:/usr/bin/ceph: stderr
2024-04-23T14:36:40.566+0000 7f2957e00700 1 -- 172.21.15.77:0/1834646890 <== mon.0 v2:172.21.15.77:3300/0 3 ==== mon_map magic: 0 v1 ==== 229+0+0 (secure 0 0 0) 0x7f294c011b10 con 0x7f2958108790
2024-04-23T14:36:42.282 INFO:teuthology.orchestra.run.smithi077.stdout:/usr/bin/ceph: stderr
2024-04-23T14:36:40.567+0000 7f2960600700 1 -- 172.21.15.77:0/1834646890 >> [v2:172.21.15.77:3300/0,v1:172.21.15.77:6789/0] conn(0x7f2958108790 msgr2=0x7f2958108bb0 secure :-1 s=STATE_CONNECTION_ESTABLISHED l=1).mark_down
2024-04-23T14:36:42.282 INFO:teuthology.orchestra.run.smithi077.stdout:/usr/bin/ceph: stderr
2024-04-23T14:36:40.567+0000 7f2960600700 1 --2- 172.21.15.77:0/1834646890 >> [v2:172.21.15.77:3300/0,v1:172.21.15.77:6789/0] conn(0x7f2958108790 0x7f2958108bb0 secure :-1 s=READY pgs=67 cs=0 l=1 rev1=1 crypto rx=0x7f294c0098a0 tx=0x7f294c009bb0 comp rx=0 tx=0).stop
2024-04-23T14:36:42.282 INFO:teuthology.orchestra.run.smithi077.stdout:/usr/bin/ceph: stderr
2024-04-23T14:36:40.567+0000 7f2960600700 1 -- 172.21.15.77:0/1834646890 shutdown_connections
2024-04-23T14:36:42.282 INFO:teuthology.orchestra.run.smithi077.stdout:/usr/bin/ceph: stderr
2024-04-23T14:36:40.567+0000 7f2960600700 1 --2- 172.21.15.77:0/1834646890 >> [v2:172.21.15.77:3300/0,v1:172.21.15.77:6789/0] conn(0x7f2958108790 0x7f2958108bb0 unknown :-1 s=CLOSED pgs=67 cs=0 l=1 rev1=1 crypto rx=0 tx=0 comp rx=0 tx=0).stop
2024-04-23T14:36:42.282 INFO:teuthology.orchestra.run.smithi077.stdout:/usr/bin/ceph: stderr
2024-04-23T14:36:40.567+0000 7f2960600700 1 -- 172.21.15.77:0/1834646890 >> 172.21.15.77:0/1834646890 conn(0x7f295807bbf0 msgr2=0x7f29581064f0 unknown :-1 s=STATE_NONE l=0).mark_down
2024-04-23T14:36:42.282 INFO:teuthology.orchestra.run.smithi077.stdout:/usr/bin/ceph: stderr
2024-04-23T14:36:40.567+0000 7f2960600700 1 -- 172.21.15.77:0/1834646890 shutdown_connections
2024-04-23T14:36:42.282 INFO:teuthology.orchestra.run.smithi077.stdout:/usr/bin/ceph: stderr
2024-04-23T14:36:40.568+0000 7f2960600700 1 -- 172.21.15.77:0/1834646890 wait complete.
2024-04-23T14:36:42.282 INFO:teuthology.orchestra.run.smithi077.stdout:/usr/bin/ceph: stderr
2024-04-23T14:36:40.569+0000 7f2960600700 1 Processor -- start
2024-04-23T14:36:42.282 INFO:teuthology.orchestra.run.smithi077.stdout:/usr/bin/ceph: stderr
2024-04-23T14:36:40.569+0000 7f2960600700 1 -- start start
2024-04-23T14:36:42.282 INFO:teuthology.orchestra.run.smithi077.stdout:/usr/bin/ceph: stderr
2024-04-23T14:36:40.569+0000 7f2960600700 1 --2- >> [v2:172.21.15.77:3300/0,v1:172.21.15.77:6789/0] conn(0x7f2958108790 0x7f295819c500 unknown :-1 s=NONE pgs=0 cs=0 l=1 rev1=0 crypto rx=0 tx=0 comp rx=0 tx=0).connect
2024-04-23T14:36:42.282 INFO:teuthology.orchestra.run.smithi077.stdout:/usr/bin/ceph: stderr
2024-04-23T14:36:40.569+0000 7f2960600700 1 -- --> [v2:172.21.15.77:3300/0,v1:172.21.15.77:6789/0] -- mon_getmap magic: 0 v1 -- 0x7f295819ca40 con 0x7f2958108790
2024-04-23T14:36:42.283 INFO:teuthology.orchestra.run.smithi077.stdout:/usr/bin/ceph: stderr
2024-04-23T14:36:40.569+0000 7f295dc00700 1 --2- >> [v2:172.21.15.77:3300/0,v1:172.21.15.77:6789/0] conn(0x7f2958108790 0x7f295819c500 unknown :-1 s=BANNER_CONNECTING pgs=0 cs=0 l=1 rev1=0 crypto rx=0 tx=0 comp rx=0 tx=0)._handle_peer_banner_payload supported=3 required=0
2024-04-23T14:36:42.283 INFO:teuthology.orchestra.run.smithi077.stdout:/usr/bin/ceph: stderr
2024-04-23T14:36:40.569+0000 7f295dc00700 1 --2- >> [v2:172.21.15.77:3300/0,v1:172.21.15.77:6789/0] conn(0x7f2958108790 0x7f295819c500 unknown :-1 s=HELLO_CONNECTING pgs=0 cs=0 l=1 rev1=1 crypto rx=0 tx=0 comp rx=0 tx=0).handle_hello peer v2:172.21.15.77:3300/0 says I am v2:172.21.15.77:41722/0 (socket says 172.21.15.77:41722)
2024-04-23T14:36:42.283 INFO:teuthology.orchestra.run.smithi077.stdout:/usr/bin/ceph: stderr
2024-04-23T14:36:40.569+0000 7f295dc00700 1 -- 172.21.15.77:0/4077929179 learned_addr learned my addr 172.21.15.77:0/4077929179 (peer_addr_for_me v2:172.21.15.77:0/0)
2024-04-23T14:36:42.283 INFO:teuthology.orchestra.run.smithi077.stdout:/usr/bin/ceph: stderr
2024-04-23T14:36:40.570+0000 7f295dc00700 1 -- 172.21.15.77:0/4077929179 --> [v2:172.21.15.77:3300/0,v1:172.21.15.77:6789/0] -- mon_subscribe({config=0+,monmap=0+}) v3 -- 0x7f294c009550 con 0x7f2958108790
2024-04-23T14:36:42.283 INFO:teuthology.orchestra.run.smithi077.stdout:/usr/bin/ceph: stderr
2024-04-23T14:36:40.570+0000 7f295dc00700 1 --2- 172.21.15.77:0/4077929179 >> [v2:172.21.15.77:3300/0,v1:172.21.15.77:6789/0] conn(0x7f2958108790 0x7f295819c500 secure :-1 s=READY pgs=68 cs=0 l=1 rev1=1 crypto rx=0x7f294c0117b0 tx=0x7f294c011890 comp rx=0 tx=0).ready entity=mon.0 client_cookie=0 server_cookie=0 in_seq=0 out_seq=0
2024-04-23T14:36:42.283 INFO:teuthology.orchestra.run.smithi077.stdout:/usr/bin/ceph: stderr
2024-04-23T14:36:40.570+0000 7f2956000700 1 -- 172.21.15.77:0/4077929179 <== mon.0 v2:172.21.15.77:3300/0 1 ==== mon_map magic: 0 v1 ==== 229+0+0 (secure 0 0 0) 0x7f294c0038b0 con 0x7f2958108790
2024-04-23T14:36:42.283 INFO:teuthology.orchestra.run.smithi077.stdout:/usr/bin/ceph: stderr
2024-04-23T14:36:40.570+0000 7f2956000700 1 -- 172.21.15.77:0/4077929179 <== mon.0 v2:172.21.15.77:3300/0 2 ==== config(27 keys) v1 ==== 1109+0+0 (secure 0 0 0) 0x7f294c003a10 con 0x7f2958108790
2024-04-23T14:36:42.283 INFO:teuthology.orchestra.run.smithi077.stdout:/usr/bin/ceph: stderr
2024-04-23T14:36:40.570+0000 7f2960600700 1 -- 172.21.15.77:0/4077929179 --> [v2:172.21.15.77:3300/0,v1:172.21.15.77:6789/0] -- mon_subscribe({mgrmap=0+}) v3 -- 0x7f295819cc40 con 0x7f2958108790
2024-04-23T14:36:42.283 INFO:teuthology.orchestra.run.smithi077.stdout:/usr/bin/ceph: stderr
2024-04-23T14:36:40.570+0000 7f2956000700 1 -- 172.21.15.77:0/4077929179 <== mon.0 v2:172.21.15.77:3300/0 3 ==== mon_map magic: 0 v1 ==== 229+0+0 (secure 0 0 0) 0x7f294c0246e0 con 0x7f2958108790
2024-04-23T14:36:42.283 INFO:teuthology.orchestra.run.smithi077.stdout:/usr/bin/ceph: stderr
2024-04-23T14:36:40.570+0000 7f2960600700 1 -- 172.21.15.77:0/4077929179 --> [v2:172.21.15.77:3300/0,v1:172.21.15.77:6789/0] -- mon_subscribe({osdmap=0}) v3 -- 0x7f295819d0e0 con 0x7f2958108790
2024-04-23T14:36:42.283 INFO:teuthology.orchestra.run.smithi077.stdout:/usr/bin/ceph: stderr
2024-04-23T14:36:40.572+0000 7f2960600700 1 -- 172.21.15.77:0/4077929179 --> [v2:172.21.15.77:3300/0,v1:172.21.15.77:6789/0] -- mon_command({"prefix": "get_command_descriptions"} v 0) v1 -- 0x7f295810cbc0 con 0x7f2958108790
2024-04-23T14:36:42.283 INFO:teuthology.orchestra.run.smithi077.stdout:/usr/bin/ceph: stderr
2024-04-23T14:36:40.572+0000 7f2956000700 1 -- 172.21.15.77:0/4077929179 <== mon.0 v2:172.21.15.77:3300/0 4 ==== mgrmap(e 8) v1 ==== 45556+0+0 (secure 0 0 0) 0x7f294c01ab80 con 0x7f2958108790
2024-04-23T14:36:42.283 INFO:teuthology.orchestra.run.smithi077.stdout:/usr/bin/ceph: stderr
2024-04-23T14:36:40.572+0000 7f2956000700 1 --2- 172.21.15.77:0/4077929179 >> [v2:172.21.15.77:6800/2473968502,v1:172.21.15.77:6801/2473968502] conn(0x7f29400387c0 0x7f294003ac80 unknown :-1 s=NONE pgs=0 cs=0 l=1 rev1=0 crypto rx=0 tx=0 comp rx=0 tx=0).connect
2024-04-23T14:36:42.283 INFO:teuthology.orchestra.run.smithi077.stdout:/usr/bin/ceph: stderr
2024-04-23T14:36:40.572+0000 7f2956000700 1 -- 172.21.15.77:0/4077929179 <== mon.0 v2:172.21.15.77:3300/0 5 ==== osd_map(2..2 src has 1..2) v4 ==== 940+0+0 (secure 0 0 0) 0x7f294c04c940 con 0x7f2958108790
2024-04-23T14:36:42.284 INFO:teuthology.orchestra.run.smithi077.stdout:/usr/bin/ceph: stderr
2024-04-23T14:36:40.573+0000 7f295d200700 1 --2- 172.21.15.77:0/4077929179 >> [v2:172.21.15.77:6800/2473968502,v1:172.21.15.77:6801/2473968502] conn(0x7f29400387c0 0x7f294003ac80 unknown :-1 s=BANNER_CONNECTING pgs=0 cs=0 l=1 rev1=0 crypto rx=0 tx=0 comp rx=0 tx=0)._handle_peer_banner_payload supported=3 required=0
2024-04-23T14:36:42.284 INFO:teuthology.orchestra.run.smithi077.stdout:/usr/bin/ceph: stderr
2024-04-23T14:36:40.573+0000 7f295d200700 1 --2- 172.21.15.77:0/4077929179 >> [v2:172.21.15.77:6800/2473968502,v1:172.21.15.77:6801/2473968502] conn(0x7f29400387c0 0x7f294003ac80 secure :-1 s=READY pgs=22 cs=0 l=1 rev1=1 crypto rx=0x7f2944006fd0 tx=0x7f2944006e40 comp rx=0 tx=0).ready entity=mgr.14120 client_cookie=0 server_cookie=0 in_seq=0 out_seq=0
2024-04-23T14:36:42.284 INFO:teuthology.orchestra.run.smithi077.stdout:/usr/bin/ceph: stderr
2024-04-23T14:36:40.577+0000 7f2956000700 1 -- 172.21.15.77:0/4077929179 <== mon.0 v2:172.21.15.77:3300/0 6 ==== mon_command_ack([{"prefix": "get_command_descriptions"}]=0 v0) v1 ==== 72+0+183351 (secure 0 0 0) 0x7f294c01a430 con 0x7f2958108790
2024-04-23T14:36:42.284 INFO:teuthology.orchestra.run.smithi077.stdout:/usr/bin/ceph: stderr
2024-04-23T14:36:40.860+0000 7f2960600700 1 -- 172.21.15.77:0/4077929179 --> [v2:172.21.15.77:3300/0,v1:172.21.15.77:6789/0] -- mon_command({"prefix": "mgr module enable", "module": "dashboard"} v 0) v1 -- 0x7f295819f970 con 0x7f2958108790
2024-04-23T14:36:42.284 INFO:teuthology.orchestra.run.smithi077.stdout:/usr/bin/ceph: stderr
2024-04-23T14:36:41.538+0000 7f2956000700 1 -- 172.21.15.77:0/4077929179 <== mon.0 v2:172.21.15.77:3300/0 7 ==== mgrmap(e 9) v1 ==== 45569+0+0 (secure 0 0 0) 0x7f294c02d770 con 0x7f2958108790
2024-04-23T14:36:42.284 INFO:teuthology.orchestra.run.smithi077.stdout:/usr/bin/ceph: stderr
2024-04-23T14:36:41.542+0000 7f2956000700 1 -- 172.21.15.77:0/4077929179 <== mon.0 v2:172.21.15.77:3300/0 8 ==== mon_command_ack([{"prefix": "mgr module enable", "module": "dashboard"}]=0 v9) v1 ==== 88+0+0 (secure 0 0 0) 0x7f294c01a430 con 0x7f2958108790
2024-04-23T14:36:42.284 INFO:teuthology.orchestra.run.smithi077.stdout:/usr/bin/ceph: stderr
2024-04-23T14:36:41.546+0000 7f2960600700 1 -- 172.21.15.77:0/4077929179 >> [v2:172.21.15.77:6800/2473968502,v1:172.21.15.77:6801/2473968502] conn(0x7f29400387c0 msgr2=0x7f294003ac80 secure :-1 s=STATE_CONNECTION_ESTABLISHED l=1).mark_down
2024-04-23T14:36:42.284 INFO:teuthology.orchestra.run.smithi077.stdout:/usr/bin/ceph: stderr
2024-04-23T14:36:41.546+0000 7f2960600700 1 --2- 172.21.15.77:0/4077929179 >> [v2:172.21.15.77:6800/2473968502,v1:172.21.15.77:6801/2473968502] conn(0x7f29400387c0 0x7f294003ac80 secure :-1 s=READY pgs=22 cs=0 l=1 rev1=1 crypto rx=0x7f2944006fd0 tx=0x7f2944006e40 comp rx=0 tx=0).stop
2024-04-23T14:36:42.284 INFO:teuthology.orchestra.run.smithi077.stdout:/usr/bin/ceph: stderr
2024-04-23T14:36:41.546+0000 7f2960600700 1 -- 172.21.15.77:0/4077929179 >> [v2:172.21.15.77:3300/0,v1:172.21.15.77:6789/0] conn(0x7f2958108790 msgr2=0x7f295819c500 secure :-1 s=STATE_CONNECTION_ESTABLISHED l=1).mark_down
2024-04-23T14:36:42.284 INFO:teuthology.orchestra.run.smithi077.stdout:/usr/bin/ceph: stderr
2024-04-23T14:36:41.546+0000 7f2960600700 1 --2- 172.21.15.77:0/4077929179 >> [v2:172.21.15.77:3300/0,v1:172.21.15.77:6789/0] conn(0x7f2958108790 0x7f295819c500 secure :-1 s=READY pgs=68 cs=0 l=1 rev1=1 crypto rx=0x7f294c0117b0 tx=0x7f294c011890 comp rx=0 tx=0).stop
2024-04-23T14:36:42.284 INFO:teuthology.orchestra.run.smithi077.stdout:/usr/bin/ceph: stderr
2024-04-23T14:36:41.546+0000 7f2960600700 1 -- 172.21.15.77:0/4077929179 shutdown_connections
2024-04-23T14:36:42.284 INFO:teuthology.orchestra.run.smithi077.stdout:/usr/bin/ceph: stderr
2024-04-23T14:36:41.546+0000 7f2960600700 1 --2- 172.21.15.77:0/4077929179 >> [v2:172.21.15.77:6800/2473968502,v1:172.21.15.77:6801/2473968502] conn(0x7f29400387c0 0x7f294003ac80 unknown :-1 s=CLOSED pgs=22 cs=0 l=1 rev1=1 crypto rx=0 tx=0 comp rx=0 tx=0).stop
2024-04-23T14:36:42.284 INFO:teuthology.orchestra.run.smithi077.stdout:/usr/bin/ceph: stderr
2024-04-23T14:36:41.546+0000 7f2960600700 1 --2- 172.21.15.77:0/4077929179 >> [v2:172.21.15.77:3300/0,v1:172.21.15.77:6789/0] conn(0x7f2958108790 0x7f295819c500 unknown :-1 s=CLOSED pgs=68 cs=0 l=1 rev1=1 crypto rx=0 tx=0 comp rx=0 tx=0).stop
2024-04-23T14:36:42.285 INFO:teuthology.orchestra.run.smithi077.stdout:/usr/bin/ceph: stderr
2024-04-23T14:36:41.546+0000 7f2960600700 1 -- 172.21.15.77:0/4077929179 >> 172.21.15.77:0/4077929179 conn(0x7f295807bbf0 msgr2=0x7f2958105c10 unknown :-1 s=STATE_NONE l=0).mark_down
2024-04-23T14:36:42.285 INFO:teuthology.orchestra.run.smithi077.stdout:/usr/bin/ceph: stderr
2024-04-23T14:36:41.546+0000 7f2960600700 1 -- 172.21.15.77:0/4077929179 shutdown_connections
2024-04-23T14:36:42.285 INFO:teuthology.orchestra.run.smithi077.stdout:/usr/bin/ceph: stderr
2024-04-23T14:36:41.546+0000 7f2960600700 1 -- 172.21.15.77:0/4077929179 wait complete.
2024-04-23T14:36:42.857 INFO:journalctl@ceph.mon.smithi077.smithi077.stdout:Apr 23 14:36:42 smithi077 ceph-mon[25816]: from='client.? 172.21.15.77:0/4077929179' entity='client.admin' cmd='[{"prefix": "mgr module enable", "module": "dashboard"}]': finished
2024-04-23T14:36:42.857 INFO:journalctl@ceph.mon.smithi077.smithi077.stdout:Apr 23 14:36:42 smithi077 ceph-mon[25816]: mgrmap e9: smithi077.phwyvd(active, since 33s)
2024-04-23T14:36:43.777 INFO:journalctl@ceph.mon.smithi077.smithi077.stdout:Apr 23 14:36:43 smithi077 ceph-mon[25816]: from='client.? 172.21.15.77:0/1225833775' entity='client.admin' cmd=[{"prefix": "mgr stat"}]: dispatch
2024-04-23T14:36:43.785 INFO:teuthology.orchestra.run.smithi077.stdout:/usr/bin/ceph: stdout {
2024-04-23T14:36:43.785 INFO:teuthology.orchestra.run.smithi077.stdout:/usr/bin/ceph: stdout "epoch": 9,
2024-04-23T14:36:43.786 INFO:teuthology.orchestra.run.smithi077.stdout:/usr/bin/ceph: stdout "available": true,
2024-04-23T14:36:43.786 INFO:teuthology.orchestra.run.smithi077.stdout:/usr/bin/ceph: stdout "active_name": "smithi077.phwyvd",
2024-04-23T14:36:43.786 INFO:teuthology.orchestra.run.smithi077.stdout:/usr/bin/ceph: stdout "num_standby": 0
2024-04-23T14:36:43.786 INFO:teuthology.orchestra.run.smithi077.stdout:/usr/bin/ceph: stdout }
2024-04-23T14:36:43.787 INFO:teuthology.orchestra.run.smithi077.stdout:/usr/bin/ceph: stderr
2024-04-23T14:36:42.862+0000 7fbdeaa00700 1 Processor -- start
2024-04-23T14:36:43.787 INFO:teuthology.orchestra.run.smithi077.stdout:/usr/bin/ceph: stderr
2024-04-23T14:36:42.862+0000 7fbdeaa00700 1 -- start start
2024-04-23T14:36:43.787 INFO:teuthology.orchestra.run.smithi077.stdout:/usr/bin/ceph: stderr
2024-04-23T14:36:42.863+0000 7fbdeaa00700 1 --2- >> [v2:172.21.15.77:3300/0,v1:172.21.15.77:6789/0] conn(0x7fbde407ad90 0x7fbde40791f0 unknown :-1 s=NONE pgs=0 cs=0 l=0 rev1=0 crypto rx=0 tx=0 comp rx=0 tx=0).connect
2024-04-23T14:36:43.787 INFO:teuthology.orchestra.run.smithi077.stdout:/usr/bin/ceph: stderr
2024-04-23T14:36:42.863+0000 7fbdeaa00700 1 -- --> [v2:172.21.15.77:3300/0,v1:172.21.15.77:6789/0] -- mon_getmap magic: 0 v1 -- 0x7fbde40797c0 con 0x7fbde407ad90
2024-04-23T14:36:43.787 INFO:teuthology.orchestra.run.smithi077.stdout:/usr/bin/ceph: stderr
2024-04-23T14:36:42.863+0000 7fbde3e00700 1 --2- >> [v2:172.21.15.77:3300/0,v1:172.21.15.77:6789/0] conn(0x7fbde407ad90 0x7fbde40791f0 unknown :-1 s=BANNER_CONNECTING pgs=0 cs=0 l=0 rev1=0 crypto rx=0 tx=0 comp rx=0 tx=0)._handle_peer_banner_payload supported=3 required=0
2024-04-23T14:36:43.787 INFO:teuthology.orchestra.run.smithi077.stdout:/usr/bin/ceph: stderr
2024-04-23T14:36:42.863+0000 7fbde3e00700 1 --2- >> [v2:172.21.15.77:3300/0,v1:172.21.15.77:6789/0] conn(0x7fbde407ad90 0x7fbde40791f0 unknown :-1 s=HELLO_CONNECTING pgs=0 cs=0 l=0 rev1=1 crypto rx=0 tx=0 comp rx=0 tx=0).handle_hello peer v2:172.21.15.77:3300/0 says I am v2:172.21.15.77:41744/0 (socket says 172.21.15.77:41744)
2024-04-23T14:36:43.787 INFO:teuthology.orchestra.run.smithi077.stdout:/usr/bin/ceph: stderr
2024-04-23T14:36:42.863+0000 7fbde3e00700 1 -- 172.21.15.77:0/2804508205 learned_addr learned my addr 172.21.15.77:0/2804508205 (peer_addr_for_me v2:172.21.15.77:0/0)
2024-04-23T14:36:43.789 INFO:teuthology.orchestra.run.smithi077.stdout:/usr/bin/ceph: stderr
2024-04-23T14:36:42.864+0000 7fbde3e00700 1 -- 172.21.15.77:0/2804508205 --> [v2:172.21.15.77:3300/0,v1:172.21.15.77:6789/0] -- mon_subscribe({config=0+,monmap=0+}) v3 -- 0x7fbde4079900 con 0x7fbde407ad90
2024-04-23T14:36:43.789 INFO:teuthology.orchestra.run.smithi077.stdout:/usr/bin/ceph: stderr
2024-04-23T14:36:42.864+0000 7fbde3e00700 1 --2- 172.21.15.77:0/2804508205 >> [v2:172.21.15.77:3300/0,v1:172.21.15.77:6789/0] conn(0x7fbde407ad90 0x7fbde40791f0 secure :-1 s=READY pgs=71 cs=0 l=1 rev1=1 crypto rx=0x7fbdd40098a0 tx=0x7fbdd4009bb0 comp rx=0 tx=0).ready entity=mon.0 client_cookie=5c9d86fee19ee84f server_cookie=0 in_seq=0 out_seq=0
2024-04-23T14:36:43.789 INFO:teuthology.orchestra.run.smithi077.stdout:/usr/bin/ceph: stderr
2024-04-23T14:36:42.864+0000 7fbde2a00700 1 -- 172.21.15.77:0/2804508205 <== mon.0 v2:172.21.15.77:3300/0 1 ==== mon_map magic: 0 v1 ==== 229+0+0 (secure 0 0 0) 0x7fbdd4004180 con 0x7fbde407ad90
2024-04-23T14:36:43.789 INFO:teuthology.orchestra.run.smithi077.stdout:/usr/bin/ceph: stderr
2024-04-23T14:36:42.864+0000 7fbde2a00700 1 -- 172.21.15.77:0/2804508205 <== mon.0 v2:172.21.15.77:3300/0 2 ==== config(27 keys) v1 ==== 1109+0+0 (secure 0 0 0) 0x7fbdd40042e0 con 0x7fbde407ad90
2024-04-23T14:36:43.789 INFO:teuthology.orchestra.run.smithi077.stdout:/usr/bin/ceph: stderr
2024-04-23T14:36:42.864+0000 7fbde2a00700 1 -- 172.21.15.77:0/2804508205 <== mon.0 v2:172.21.15.77:3300/0 3 ==== mon_map magic: 0 v1 ==== 229+0+0 (secure 0 0 0) 0x7fbdd4011b10 con 0x7fbde407ad90
2024-04-23T14:36:43.789 INFO:teuthology.orchestra.run.smithi077.stdout:/usr/bin/ceph: stderr
2024-04-23T14:36:42.865+0000 7fbdeaa00700 1 -- 172.21.15.77:0/2804508205 >> [v2:172.21.15.77:3300/0,v1:172.21.15.77:6789/0] conn(0x7fbde407ad90 msgr2=0x7fbde40791f0 secure :-1 s=STATE_CONNECTION_ESTABLISHED l=1).mark_down
2024-04-23T14:36:43.789 INFO:teuthology.orchestra.run.smithi077.stdout:/usr/bin/ceph: stderr
2024-04-23T14:36:42.865+0000 7fbdeaa00700 1 --2- 172.21.15.77:0/2804508205 >> [v2:172.21.15.77:3300/0,v1:172.21.15.77:6789/0] conn(0x7fbde407ad90 0x7fbde40791f0 secure :-1 s=READY pgs=71 cs=0 l=1 rev1=1 crypto rx=0x7fbdd40098a0 tx=0x7fbdd4009bb0 comp rx=0 tx=0).stop
2024-04-23T14:36:43.789 INFO:teuthology.orchestra.run.smithi077.stdout:/usr/bin/ceph: stderr
2024-04-23T14:36:42.865+0000 7fbdeaa00700 1 -- 172.21.15.77:0/2804508205 shutdown_connections
2024-04-23T14:36:43.790 INFO:teuthology.orchestra.run.smithi077.stdout:/usr/bin/ceph: stderr
2024-04-23T14:36:42.865+0000 7fbdeaa00700 1 --2- 172.21.15.77:0/2804508205 >> [v2:172.21.15.77:3300/0,v1:172.21.15.77:6789/0] conn(0x7fbde407ad90 0x7fbde40791f0 unknown :-1 s=CLOSED pgs=71 cs=0 l=1 rev1=1 crypto rx=0 tx=0 comp rx=0 tx=0).stop
2024-04-23T14:36:43.790 INFO:teuthology.orchestra.run.smithi077.stdout:/usr/bin/ceph: stderr
2024-04-23T14:36:42.865+0000 7fbdeaa00700 1 -- 172.21.15.77:0/2804508205 >> 172.21.15.77:0/2804508205 conn(0x7fbde4101ba0 msgr2=0x7fbde4103fc0 unknown :-1 s=STATE_NONE l=0).mark_down
2024-04-23T14:36:43.790 INFO:teuthology.orchestra.run.smithi077.stdout:/usr/bin/ceph: stderr
2024-04-23T14:36:42.865+0000 7fbdeaa00700 1 -- 172.21.15.77:0/2804508205 shutdown_connections
2024-04-23T14:36:43.790 INFO:teuthology.orchestra.run.smithi077.stdout:/usr/bin/ceph: stderr
2024-04-23T14:36:42.865+0000 7fbdeaa00700 1 -- 172.21.15.77:0/2804508205 wait complete.
2024-04-23T14:36:43.790 INFO:teuthology.orchestra.run.smithi077.stdout:/usr/bin/ceph: stderr
2024-04-23T14:36:42.866+0000 7fbdeaa00700 1 Processor -- start
2024-04-23T14:36:43.790 INFO:teuthology.orchestra.run.smithi077.stdout:/usr/bin/ceph: stderr
2024-04-23T14:36:42.866+0000 7fbdeaa00700 1 -- start start
2024-04-23T14:36:43.790 INFO:teuthology.orchestra.run.smithi077.stdout:/usr/bin/ceph: stderr
2024-04-23T14:36:42.867+0000 7fbdeaa00700 1 --2- >> [v2:172.21.15.77:3300/0,v1:172.21.15.77:6789/0] conn(0x7fbde407ad90 0x7fbde419c590 unknown :-1 s=NONE pgs=0 cs=0 l=1 rev1=0 crypto rx=0 tx=0 comp rx=0 tx=0).connect
2024-04-23T14:36:43.793 INFO:teuthology.orchestra.run.smithi077.stdout:/usr/bin/ceph: stderr
2024-04-23T14:36:42.867+0000 7fbdeaa00700 1 -- --> [v2:172.21.15.77:3300/0,v1:172.21.15.77:6789/0] -- mon_getmap magic: 0 v1 -- 0x7fbde419cad0 con 0x7fbde407ad90
2024-04-23T14:36:43.793 INFO:teuthology.orchestra.run.smithi077.stdout:/usr/bin/ceph: stderr
2024-04-23T14:36:42.867+0000 7fbde3e00700 1 --2- >> [v2:172.21.15.77:3300/0,v1:172.21.15.77:6789/0] conn(0x7fbde407ad90 0x7fbde419c590 unknown :-1 s=BANNER_CONNECTING pgs=0 cs=0 l=1 rev1=0 crypto rx=0 tx=0 comp rx=0 tx=0)._handle_peer_banner_payload supported=3 required=0
2024-04-23T14:36:43.793 INFO:teuthology.orchestra.run.smithi077.stdout:/usr/bin/ceph: stderr
2024-04-23T14:36:42.867+0000 7fbde3e00700 1 --2- >> [v2:172.21.15.77:3300/0,v1:172.21.15.77:6789/0] conn(0x7fbde407ad90 0x7fbde419c590 unknown :-1 s=HELLO_CONNECTING pgs=0 cs=0 l=1 rev1=1 crypto rx=0 tx=0 comp rx=0 tx=0).handle_hello peer v2:172.21.15.77:3300/0 says I am v2:172.21.15.77:41748/0 (socket says 172.21.15.77:41748)
2024-04-23T14:36:43.793 INFO:teuthology.orchestra.run.smithi077.stdout:/usr/bin/ceph: stderr
2024-04-23T14:36:42.867+0000 7fbde3e00700 1 -- 172.21.15.77:0/1225833775 learned_addr learned my addr 172.21.15.77:0/1225833775 (peer_addr_for_me v2:172.21.15.77:0/0)
2024-04-23T14:36:43.793 INFO:teuthology.orchestra.run.smithi077.stdout:/usr/bin/ceph: stderr
2024-04-23T14:36:42.867+0000 7fbde3e00700 1 -- 172.21.15.77:0/1225833775 --> [v2:172.21.15.77:3300/0,v1:172.21.15.77:6789/0] -- mon_subscribe({config=0+,monmap=0+}) v3 -- 0x7fbdd4009550 con 0x7fbde407ad90
2024-04-23T14:36:43.793 INFO:teuthology.orchestra.run.smithi077.stdout:/usr/bin/ceph: stderr
2024-04-23T14:36:42.867+0000 7fbde3e00700 1 --2- 172.21.15.77:0/1225833775 >> [v2:172.21.15.77:3300/0,v1:172.21.15.77:6789/0] conn(0x7fbde407ad90 0x7fbde419c590 secure :-1 s=READY pgs=72 cs=0 l=1 rev1=1 crypto rx=0x7fbdd4004210 tx=0x7fbdd4011940 comp rx=0 tx=0).ready entity=mon.0 client_cookie=0 server_cookie=0 in_seq=0 out_seq=0
2024-04-23T14:36:43.793 INFO:teuthology.orchestra.run.smithi077.stdout:/usr/bin/ceph: stderr
2024-04-23T14:36:42.868+0000 7fbde0c00700 1 -- 172.21.15.77:0/1225833775 <== mon.0 v2:172.21.15.77:3300/0 1 ==== mon_map magic: 0 v1 ==== 229+0+0 (secure 0 0 0) 0x7fbdd40038b0 con 0x7fbde407ad90
2024-04-23T14:36:43.793 INFO:teuthology.orchestra.run.smithi077.stdout:/usr/bin/ceph: stderr
2024-04-23T14:36:42.868+0000 7fbde0c00700 1 -- 172.21.15.77:0/1225833775 <== mon.0 v2:172.21.15.77:3300/0 2 ==== config(27 keys) v1 ==== 1109+0+0 (secure 0 0 0) 0x7fbdd4003a10 con 0x7fbde407ad90
2024-04-23T14:36:43.793 INFO:teuthology.orchestra.run.smithi077.stdout:/usr/bin/ceph: stderr
2024-04-23T14:36:42.868+0000 7fbdeaa00700 1 -- 172.21.15.77:0/1225833775 --> [v2:172.21.15.77:3300/0,v1:172.21.15.77:6789/0] -- mon_subscribe({mgrmap=0+}) v3 -- 0x7fbde419ccd0 con 0x7fbde407ad90
2024-04-23T14:36:43.794 INFO:teuthology.orchestra.run.smithi077.stdout:/usr/bin/ceph: stderr
2024-04-23T14:36:42.868+0000 7fbde0c00700 1 -- 172.21.15.77:0/1225833775 <== mon.0 v2:172.21.15.77:3300/0 3 ==== mon_map magic: 0 v1 ==== 229+0+0 (secure 0 0 0) 0x7fbdd4024650 con 0x7fbde407ad90
2024-04-23T14:36:43.794 INFO:teuthology.orchestra.run.smithi077.stdout:/usr/bin/ceph: stderr
2024-04-23T14:36:42.868+0000 7fbdeaa00700 1 -- 172.21.15.77:0/1225833775 --> [v2:172.21.15.77:3300/0,v1:172.21.15.77:6789/0] -- mon_subscribe({osdmap=0}) v3 -- 0x7fbde419d170 con 0x7fbde407ad90
2024-04-23T14:36:43.794 INFO:teuthology.orchestra.run.smithi077.stdout:/usr/bin/ceph: stderr
2024-04-23T14:36:42.869+0000 7fbde0c00700 1 -- 172.21.15.77:0/1225833775 <== mon.0 v2:172.21.15.77:3300/0 4 ==== mgrmap(e 9) v1 ==== 45569+0+0 (secure 0 0 0) 0x7fbdd401a430 con 0x7fbde407ad90
2024-04-23T14:36:43.794 INFO:teuthology.orchestra.run.smithi077.stdout:/usr/bin/ceph: stderr
2024-04-23T14:36:42.869+0000 7fbdda000700 1 -- 172.21.15.77:0/1225833775 --> [v2:172.21.15.77:3300/0,v1:172.21.15.77:6789/0] -- mon_command({"prefix": "get_command_descriptions"} v 0) v1 -- 0x7fbdbc0052f0 con 0x7fbde407ad90
2024-04-23T14:36:43.794 INFO:teuthology.orchestra.run.smithi077.stdout:/usr/bin/ceph: stderr
2024-04-23T14:36:42.870+0000 7fbde0c00700 1 --2- 172.21.15.77:0/1225833775 >> [v2:172.21.15.77:6800/2473968502,v1:172.21.15.77:6801/2473968502] conn(0x7fbdc80387c0 0x7fbdc803ac80 unknown :-1 s=NONE pgs=0 cs=0 l=1 rev1=0 crypto rx=0 tx=0 comp rx=0 tx=0).connect
2024-04-23T14:36:43.794 INFO:teuthology.orchestra.run.smithi077.stdout:/usr/bin/ceph: stderr
2024-04-23T14:36:42.870+0000 7fbde0c00700 1 -- 172.21.15.77:0/1225833775 <== mon.0 v2:172.21.15.77:3300/0 5 ==== osd_map(2..2 src has 1..2) v4 ==== 940+0+0 (secure 0 0 0) 0x7fbdd404c6f0 con 0x7fbde407ad90
2024-04-23T14:36:43.794 INFO:teuthology.orchestra.run.smithi077.stdout:/usr/bin/ceph: stderr
2024-04-23T14:36:42.870+0000 7fbde3400700 1 -- 172.21.15.77:0/1225833775 >> [v2:172.21.15.77:6800/2473968502,v1:172.21.15.77:6801/2473968502] conn(0x7fbdc80387c0 msgr2=0x7fbdc803ac80 unknown :-1 s=STATE_CONNECTING_RE l=1).process reconnect failed to v2:172.21.15.77:6800/2473968502
2024-04-23T14:36:43.794 INFO:teuthology.orchestra.run.smithi077.stdout:/usr/bin/ceph: stderr
2024-04-23T14:36:42.870+0000 7fbde3400700 1 --2- 172.21.15.77:0/1225833775 >> [v2:172.21.15.77:6800/2473968502,v1:172.21.15.77:6801/2473968502] conn(0x7fbdc80387c0 0x7fbdc803ac80 unknown :-1 s=START_CONNECT pgs=0 cs=0 l=1 rev1=0 crypto rx=0 tx=0 comp rx=0 tx=0)._fault waiting 0.200000
2024-04-23T14:36:43.794 INFO:teuthology.orchestra.run.smithi077.stdout:/usr/bin/ceph: stderr
2024-04-23T14:36:42.875+0000 7fbde0c00700 1 -- 172.21.15.77:0/1225833775 <== mon.0 v2:172.21.15.77:3300/0 6 ==== mon_command_ack([{"prefix": "get_command_descriptions"}]=0 v0) v1 ==== 72+0+183351 (secure 0 0 0) 0x7fbdd4018350 con 0x7fbde407ad90
2024-04-23T14:36:43.794 INFO:teuthology.orchestra.run.smithi077.stdout:/usr/bin/ceph: stderr
2024-04-23T14:36:43.071+0000 7fbde3400700 1 -- 172.21.15.77:0/1225833775 >> [v2:172.21.15.77:6800/2473968502,v1:172.21.15.77:6801/2473968502] conn(0x7fbdc80387c0 msgr2=0x7fbdc803ac80 unknown :-1 s=STATE_CONNECTING_RE l=1).process reconnect failed to v2:172.21.15.77:6800/2473968502
2024-04-23T14:36:43.794 INFO:teuthology.orchestra.run.smithi077.stdout:/usr/bin/ceph: stderr
2024-04-23T14:36:43.071+0000 7fbde3400700 1 --2- 172.21.15.77:0/1225833775 >> [v2:172.21.15.77:6800/2473968502,v1:172.21.15.77:6801/2473968502] conn(0x7fbdc80387c0 0x7fbdc803ac80 unknown :-1 s=START_CONNECT pgs=0 cs=0 l=1 rev1=0 crypto rx=0 tx=0 comp rx=0 tx=0)._fault waiting 0.400000
2024-04-23T14:36:43.794 INFO:teuthology.orchestra.run.smithi077.stdout:/usr/bin/ceph: stderr
2024-04-23T14:36:43.141+0000 7fbdda000700 1 -- 172.21.15.77:0/1225833775 --> [v2:172.21.15.77:3300/0,v1:172.21.15.77:6789/0] -- mon_command({"prefix": "mgr stat"} v 0) v1 -- 0x7fbdbc005db0 con 0x7fbde407ad90
2024-04-23T14:36:43.794 INFO:teuthology.orchestra.run.smithi077.stdout:/usr/bin/ceph: stderr
2024-04-23T14:36:43.142+0000 7fbde0c00700 1 -- 172.21.15.77:0/1225833775 <== mon.0 v2:172.21.15.77:3300/0 7 ==== mon_command_ack([{"prefix": "mgr stat"}]=0 v9) v1 ==== 56+0+103 (secure 0 0 0) 0x7fbdd4018350 con 0x7fbde407ad90
2024-04-23T14:36:43.795 INFO:teuthology.orchestra.run.smithi077.stdout:/usr/bin/ceph: stderr
2024-04-23T14:36:43.146+0000 7fbdda000700 1 -- 172.21.15.77:0/1225833775 >> [v2:172.21.15.77:6800/2473968502,v1:172.21.15.77:6801/2473968502] conn(0x7fbdc80387c0 msgr2=0x7fbdc803ac80 unknown :-1 s=STATE_CONNECTING l=1).mark_down
2024-04-23T14:36:43.795 INFO:teuthology.orchestra.run.smithi077.stdout:/usr/bin/ceph: stderr
2024-04-23T14:36:43.146+0000 7fbdda000700 1 --2- 172.21.15.77:0/1225833775 >> [v2:172.21.15.77:6800/2473968502,v1:172.21.15.77:6801/2473968502] conn(0x7fbdc80387c0 0x7fbdc803ac80 unknown :-1 s=START_CONNECT pgs=0 cs=0 l=1 rev1=0 crypto rx=0 tx=0 comp rx=0 tx=0).stop
2024-04-23T14:36:43.795 INFO:teuthology.orchestra.run.smithi077.stdout:/usr/bin/ceph: stderr
2024-04-23T14:36:43.146+0000 7fbdda000700 1 -- 172.21.15.77:0/1225833775 >> [v2:172.21.15.77:3300/0,v1:172.21.15.77:6789/0] conn(0x7fbde407ad90 msgr2=0x7fbde419c590 secure :-1 s=STATE_CONNECTION_ESTABLISHED l=1).mark_down
2024-04-23T14:36:43.795 INFO:teuthology.orchestra.run.smithi077.stdout:/usr/bin/ceph: stderr
2024-04-23T14:36:43.146+0000 7fbdda000700 1 --2- 172.21.15.77:0/1225833775 >> [v2:172.21.15.77:3300/0,v1:172.21.15.77:6789/0] conn(0x7fbde407ad90 0x7fbde419c590 secure :-1 s=READY pgs=72 cs=0 l=1 rev1=1 crypto rx=0x7fbdd4004210 tx=0x7fbdd4011940 comp rx=0 tx=0).stop
2024-04-23T14:36:43.796 INFO:teuthology.orchestra.run.smithi077.stdout:/usr/bin/ceph: stderr
2024-04-23T14:36:43.146+0000 7fbdda000700 1 -- 172.21.15.77:0/1225833775 shutdown_connections
2024-04-23T14:36:43.796 INFO:teuthology.orchestra.run.smithi077.stdout:/usr/bin/ceph: stderr
2024-04-23T14:36:43.146+0000 7fbdda000700 1 --2- 172.21.15.77:0/1225833775 >> [v2:172.21.15.77:6800/2473968502,v1:172.21.15.77:6801/2473968502] conn(0x7fbdc80387c0 0x7fbdc803ac80 unknown :-1 s=CLOSED pgs=0 cs=0 l=1 rev1=0 crypto rx=0 tx=0 comp rx=0 tx=0).stop
2024-04-23T14:36:43.796 INFO:teuthology.orchestra.run.smithi077.stdout:/usr/bin/ceph: stderr
2024-04-23T14:36:43.146+0000 7fbdda000700 1 --2- 172.21.15.77:0/1225833775 >> [v2:172.21.15.77:3300/0,v1:172.21.15.77:6789/0] conn(0x7fbde407ad90 0x7fbde419c590 unknown :-1 s=CLOSED pgs=72 cs=0 l=1 rev1=1 crypto rx=0 tx=0 comp rx=0 tx=0).stop
2024-04-23T14:36:43.796 INFO:teuthology.orchestra.run.smithi077.stdout:/usr/bin/ceph: stderr
2024-04-23T14:36:43.146+0000 7fbdda000700 1 -- 172.21.15.77:0/1225833775 >> 172.21.15.77:0/1225833775 conn(0x7fbde4101ba0 msgr2=0x7fbde41027a0 unknown :-1 s=STATE_NONE l=0).mark_down
2024-04-23T14:36:43.796 INFO:teuthology.orchestra.run.smithi077.stdout:/usr/bin/ceph: stderr
2024-04-23T14:36:43.147+0000 7fbdda000700 1 -- 172.21.15.77:0/1225833775 shutdown_connections
2024-04-23T14:36:43.796 INFO:teuthology.orchestra.run.smithi077.stdout:/usr/bin/ceph: stderr
2024-04-23T14:36:43.147+0000 7fbdda000700 1 -- 172.21.15.77:0/1225833775 wait complete.
2024-04-23T14:36:43.796 INFO:teuthology.orchestra.run.smithi077.stdout:Waiting for the mgr to restart...
2024-04-23T14:36:43.796 INFO:teuthology.orchestra.run.smithi077.stdout:Waiting for mgr epoch 9...
2024-04-23T14:36:50.858 INFO:journalctl@ceph.mon.smithi077.smithi077.stdout:Apr 23 14:36:50 smithi077 ceph-mon[25816]: Active manager daemon smithi077.phwyvd restarted
2024-04-23T14:36:50.858 INFO:journalctl@ceph.mon.smithi077.smithi077.stdout:Apr 23 14:36:50 smithi077 ceph-mon[25816]: Activating manager daemon smithi077.phwyvd
2024-04-23T14:36:50.858 INFO:journalctl@ceph.mon.smithi077.smithi077.stdout:Apr 23 14:36:50 smithi077 ceph-mon[25816]: osdmap e3: 0 total, 0 up, 0 in
2024-04-23T14:36:50.858 INFO:journalctl@ceph.mon.smithi077.smithi077.stdout:Apr 23 14:36:50 smithi077 ceph-mon[25816]: mgrmap e10: smithi077.phwyvd(active, starting, since 0.00505323s)
2024-04-23T14:36:50.858 INFO:journalctl@ceph.mon.smithi077.smithi077.stdout:Apr 23 14:36:50 smithi077 ceph-mon[25816]: from='mgr.14164 172.21.15.77:0/97211172' entity='mgr.smithi077.phwyvd' cmd=[{"prefix": "mon metadata", "id": "smithi077"}]: dispatch
2024-04-23T14:36:50.858 INFO:journalctl@ceph.mon.smithi077.smithi077.stdout:Apr 23 14:36:50 smithi077 ceph-mon[25816]: from='mgr.14164 172.21.15.77:0/97211172' entity='mgr.smithi077.phwyvd' cmd=[{"prefix": "mgr metadata", "who": "smithi077.phwyvd", "id": "smithi077.phwyvd"}]: dispatch
2024-04-23T14:36:50.859 INFO:journalctl@ceph.mon.smithi077.smithi077.stdout:Apr 23 14:36:50 smithi077 ceph-mon[25816]: from='mgr.14164 172.21.15.77:0/97211172' entity='mgr.smithi077.phwyvd' cmd=[{"prefix": "mds metadata"}]: dispatch
2024-04-23T14:36:50.859 INFO:journalctl@ceph.mon.smithi077.smithi077.stdout:Apr 23 14:36:50 smithi077 ceph-mon[25816]: from='mgr.14164 172.21.15.77:0/97211172' entity='mgr.smithi077.phwyvd' cmd=[{"prefix": "osd metadata"}]: dispatch
2024-04-23T14:36:50.859 INFO:journalctl@ceph.mon.smithi077.smithi077.stdout:Apr 23 14:36:50 smithi077 ceph-mon[25816]: from='mgr.14164 172.21.15.77:0/97211172' entity='mgr.smithi077.phwyvd' cmd=[{"prefix": "mon metadata"}]: dispatch
2024-04-23T14:36:50.859 INFO:journalctl@ceph.mon.smithi077.smithi077.stdout:Apr 23 14:36:50 smithi077 ceph-mon[25816]: Manager daemon smithi077.phwyvd is now available
2024-04-23T14:36:50.859 INFO:journalctl@ceph.mon.smithi077.smithi077.stdout:Apr 23 14:36:50 smithi077 ceph-mon[25816]: from='mgr.14164 172.21.15.77:0/97211172' entity='mgr.smithi077.phwyvd' cmd=[{"prefix": "config dump", "format": "json"}]: dispatch
2024-04-23T14:36:51.857 INFO:journalctl@ceph.mon.smithi077.smithi077.stdout:Apr 23 14:36:51 smithi077 ceph-mon[25816]: from='mgr.14164 172.21.15.77:0/97211172' entity='mgr.smithi077.phwyvd' cmd=[{"prefix":"config rm","who":"mgr","name":"mgr/rbd_support/smithi077.phwyvd/mirror_snapshot_schedule"}]: dispatch
2024-04-23T14:36:51.857 INFO:journalctl@ceph.mon.smithi077.smithi077.stdout:Apr 23 14:36:51 smithi077 ceph-mon[25816]: from='mgr.14164 172.21.15.77:0/97211172' entity='mgr.smithi077.phwyvd' cmd=[{"prefix":"config rm","who":"mgr","name":"mgr/rbd_support/smithi077.phwyvd/trash_purge_schedule"}]: dispatch
2024-04-23T14:36:51.858 INFO:journalctl@ceph.mon.smithi077.smithi077.stdout:Apr 23 14:36:51 smithi077 ceph-mon[25816]: mgrmap e11: smithi077.phwyvd(active, since 1.01179s)
2024-04-23T14:36:52.495 INFO:teuthology.orchestra.run.smithi077.stdout:/usr/bin/ceph: stdout {
2024-04-23T14:36:52.496 INFO:teuthology.orchestra.run.smithi077.stdout:/usr/bin/ceph: stdout "mgrmap_epoch": 11,
2024-04-23T14:36:52.496 INFO:teuthology.orchestra.run.smithi077.stdout:/usr/bin/ceph: stdout "initialized": true
2024-04-23T14:36:52.496 INFO:teuthology.orchestra.run.smithi077.stdout:/usr/bin/ceph: stdout }
2024-04-23T14:36:52.496 INFO:teuthology.orchestra.run.smithi077.stdout:/usr/bin/ceph: stderr
2024-04-23T14:36:44.351+0000 7f7e43600700 1 Processor -- start
2024-04-23T14:36:52.496 INFO:teuthology.orchestra.run.smithi077.stdout:/usr/bin/ceph: stderr
2024-04-23T14:36:44.351+0000 7f7e43600700 1 -- start start
2024-04-23T14:36:52.496 INFO:teuthology.orchestra.run.smithi077.stdout:/usr/bin/ceph: stderr
2024-04-23T14:36:44.351+0000 7f7e43600700 1 --2- >> [v2:172.21.15.77:3300/0,v1:172.21.15.77:6789/0] conn(0x7f7e3c1054b0 0x7f7e3c1058d0 unknown :-1 s=NONE pgs=0 cs=0 l=0 rev1=0 crypto rx=0 tx=0 comp rx=0 tx=0).connect
2024-04-23T14:36:52.498 INFO:teuthology.orchestra.run.smithi077.stdout:/usr/bin/ceph: stderr
2024-04-23T14:36:44.351+0000 7f7e43600700 1 -- --> [v2:172.21.15.77:3300/0,v1:172.21.15.77:6789/0] -- mon_getmap magic: 0 v1 -- 0x7f7e3c105ea0 con 0x7f7e3c1054b0
2024-04-23T14:36:52.498 INFO:teuthology.orchestra.run.smithi077.stdout:/usr/bin/ceph: stderr
2024-04-23T14:36:44.352+0000 7f7e40c00700 1 --2- >> [v2:172.21.15.77:3300/0,v1:172.21.15.77:6789/0] conn(0x7f7e3c1054b0 0x7f7e3c1058d0 unknown :-1 s=BANNER_CONNECTING pgs=0 cs=0 l=0 rev1=0 crypto rx=0 tx=0 comp rx=0 tx=0)._handle_peer_banner_payload supported=3 required=0
2024-04-23T14:36:52.498 INFO:teuthology.orchestra.run.smithi077.stdout:/usr/bin/ceph: stderr
2024-04-23T14:36:44.352+0000 7f7e40c00700 1 --2- >> [v2:172.21.15.77:3300/0,v1:172.21.15.77:6789/0] conn(0x7f7e3c1054b0 0x7f7e3c1058d0 unknown :-1 s=HELLO_CONNECTING pgs=0 cs=0 l=0 rev1=1 crypto rx=0 tx=0 comp rx=0 tx=0).handle_hello peer v2:172.21.15.77:3300/0 says I am v2:172.21.15.77:41760/0 (socket says 172.21.15.77:41760)
2024-04-23T14:36:52.498 INFO:teuthology.orchestra.run.smithi077.stdout:/usr/bin/ceph: stderr
2024-04-23T14:36:44.352+0000 7f7e40c00700 1 -- 172.21.15.77:0/1479617373 learned_addr learned my addr 172.21.15.77:0/1479617373 (peer_addr_for_me v2:172.21.15.77:0/0)
2024-04-23T14:36:52.498 INFO:teuthology.orchestra.run.smithi077.stdout:/usr/bin/ceph: stderr
2024-04-23T14:36:44.352+0000 7f7e40c00700 1 -- 172.21.15.77:0/1479617373 --> [v2:172.21.15.77:3300/0,v1:172.21.15.77:6789/0] -- mon_subscribe({config=0+,monmap=0+}) v3 -- 0x7f7e3c1066b0 con 0x7f7e3c1054b0
2024-04-23T14:36:52.498 INFO:teuthology.orchestra.run.smithi077.stdout:/usr/bin/ceph: stderr
2024-04-23T14:36:44.353+0000 7f7e40c00700 1 --2- 172.21.15.77:0/1479617373 >> [v2:172.21.15.77:3300/0,v1:172.21.15.77:6789/0] conn(0x7f7e3c1054b0 0x7f7e3c1058d0 secure :-1 s=READY pgs=73 cs=0 l=1 rev1=1 crypto rx=0x7f7e300098a0 tx=0x7f7e30009bb0 comp rx=0 tx=0).ready entity=mon.0 client_cookie=720ed9e591cd2a14 server_cookie=0 in_seq=0 out_seq=0
2024-04-23T14:36:52.498 INFO:teuthology.orchestra.run.smithi077.stdout:/usr/bin/ceph: stderr
2024-04-23T14:36:44.353+0000 7f7e3b400700 1 -- 172.21.15.77:0/1479617373 <== mon.0 v2:172.21.15.77:3300/0 1 ==== mon_map magic: 0 v1 ==== 229+0+0 (secure 0 0 0) 0x7f7e30004180 con 0x7f7e3c1054b0
2024-04-23T14:36:52.499 INFO:teuthology.orchestra.run.smithi077.stdout:/usr/bin/ceph: stderr
2024-04-23T14:36:44.353+0000 7f7e3b400700 1 -- 172.21.15.77:0/1479617373 <== mon.0 v2:172.21.15.77:3300/0 2 ==== config(27 keys) v1 ==== 1109+0+0 (secure 0 0 0) 0x7f7e300042e0 con 0x7f7e3c1054b0
2024-04-23T14:36:52.499 INFO:teuthology.orchestra.run.smithi077.stdout:/usr/bin/ceph: stderr
2024-04-23T14:36:44.353+0000 7f7e3b400700 1 -- 172.21.15.77:0/1479617373 <== mon.0 v2:172.21.15.77:3300/0 3 ==== mon_map magic: 0 v1 ==== 229+0+0 (secure 0 0 0) 0x7f7e30011b10 con 0x7f7e3c1054b0
2024-04-23T14:36:52.499 INFO:teuthology.orchestra.run.smithi077.stdout:/usr/bin/ceph: stderr
2024-04-23T14:36:44.354+0000 7f7e43600700 1 -- 172.21.15.77:0/1479617373 >> [v2:172.21.15.77:3300/0,v1:172.21.15.77:6789/0] conn(0x7f7e3c1054b0 msgr2=0x7f7e3c1058d0 secure :-1 s=STATE_CONNECTION_ESTABLISHED l=1).mark_down
2024-04-23T14:36:52.499 INFO:teuthology.orchestra.run.smithi077.stdout:/usr/bin/ceph: stderr
2024-04-23T14:36:44.354+0000 7f7e43600700 1 --2- 172.21.15.77:0/1479617373 >> [v2:172.21.15.77:3300/0,v1:172.21.15.77:6789/0] conn(0x7f7e3c1054b0 0x7f7e3c1058d0 secure :-1 s=READY pgs=73 cs=0 l=1 rev1=1 crypto rx=0x7f7e300098a0 tx=0x7f7e30009bb0 comp rx=0 tx=0).stop
2024-04-23T14:36:52.499 INFO:teuthology.orchestra.run.smithi077.stdout:/usr/bin/ceph: stderr
2024-04-23T14:36:44.354+0000 7f7e43600700 1 -- 172.21.15.77:0/1479617373 shutdown_connections
2024-04-23T14:36:52.499 INFO:teuthology.orchestra.run.smithi077.stdout:/usr/bin/ceph: stderr
2024-04-23T14:36:44.354+0000 7f7e43600700 1 --2- 172.21.15.77:0/1479617373 >> [v2:172.21.15.77:3300/0,v1:172.21.15.77:6789/0] conn(0x7f7e3c1054b0 0x7f7e3c1058d0 unknown :-1 s=CLOSED pgs=73 cs=0 l=1 rev1=1 crypto rx=0 tx=0 comp rx=0 tx=0).stop
2024-04-23T14:36:52.499 INFO:teuthology.orchestra.run.smithi077.stdout:/usr/bin/ceph: stderr
2024-04-23T14:36:44.354+0000 7f7e43600700 1 -- 172.21.15.77:0/1479617373 >> 172.21.15.77:0/1479617373 conn(0x7f7e3c100a50 msgr2=0x7f7e3c102e90 unknown :-1 s=STATE_NONE l=0).mark_down
2024-04-23T14:36:52.499 INFO:teuthology.orchestra.run.smithi077.stdout:/usr/bin/ceph: stderr
2024-04-23T14:36:44.354+0000 7f7e43600700 1 -- 172.21.15.77:0/1479617373 shutdown_connections
2024-04-23T14:36:52.499 INFO:teuthology.orchestra.run.smithi077.stdout:/usr/bin/ceph: stderr
2024-04-23T14:36:44.354+0000 7f7e43600700 1 -- 172.21.15.77:0/1479617373 wait complete.
2024-04-23T14:36:52.500 INFO:teuthology.orchestra.run.smithi077.stdout:/usr/bin/ceph: stderr
2024-04-23T14:36:44.355+0000 7f7e43600700 1 Processor -- start
2024-04-23T14:36:52.500 INFO:teuthology.orchestra.run.smithi077.stdout:/usr/bin/ceph: stderr
2024-04-23T14:36:44.355+0000 7f7e43600700 1 -- start start
2024-04-23T14:36:52.501 INFO:teuthology.orchestra.run.smithi077.stdout:/usr/bin/ceph: stderr
2024-04-23T14:36:44.356+0000 7f7e43600700 1 --2- >> [v2:172.21.15.77:3300/0,v1:172.21.15.77:6789/0] conn(0x7f7e3c1054b0 0x7f7e3c19a450 unknown :-1 s=NONE pgs=0 cs=0 l=1 rev1=0 crypto rx=0 tx=0 comp rx=0 tx=0).connect
2024-04-23T14:36:52.501 INFO:teuthology.orchestra.run.smithi077.stdout:/usr/bin/ceph: stderr
2024-04-23T14:36:44.356+0000 7f7e43600700 1 -- --> [v2:172.21.15.77:3300/0,v1:172.21.15.77:6789/0] -- mon_getmap magic: 0 v1 -- 0x7f7e3c19a990 con 0x7f7e3c1054b0
2024-04-23T14:36:52.501 INFO:teuthology.orchestra.run.smithi077.stdout:/usr/bin/ceph: stderr
2024-04-23T14:36:44.356+0000 7f7e40c00700 1 --2- >> [v2:172.21.15.77:3300/0,v1:172.21.15.77:6789/0] conn(0x7f7e3c1054b0 0x7f7e3c19a450 unknown :-1 s=BANNER_CONNECTING pgs=0 cs=0 l=1 rev1=0 crypto rx=0 tx=0 comp rx=0 tx=0)._handle_peer_banner_payload supported=3 required=0
2024-04-23T14:36:52.501 INFO:teuthology.orchestra.run.smithi077.stdout:/usr/bin/ceph: stderr
2024-04-23T14:36:44.356+0000 7f7e40c00700 1 --2- >> [v2:172.21.15.77:3300/0,v1:172.21.15.77:6789/0] conn(0x7f7e3c1054b0 0x7f7e3c19a450 unknown :-1 s=HELLO_CONNECTING pgs=0 cs=0 l=1 rev1=1 crypto rx=0 tx=0 comp rx=0 tx=0).handle_hello peer v2:172.21.15.77:3300/0 says I am v2:172.21.15.77:41764/0 (socket says 172.21.15.77:41764)
2024-04-23T14:36:52.501 INFO:teuthology.orchestra.run.smithi077.stdout:/usr/bin/ceph: stderr
2024-04-23T14:36:44.356+0000 7f7e40c00700 1 -- 172.21.15.77:0/2797878904 learned_addr learned my addr 172.21.15.77:0/2797878904 (peer_addr_for_me v2:172.21.15.77:0/0)
2024-04-23T14:36:52.501 INFO:teuthology.orchestra.run.smithi077.stdout:/usr/bin/ceph: stderr
