2024-04-23T14:36:34.239+0000 7fdc44400700 1 -- 172.21.15.77:0/221428705 --> [v2:172.21.15.77:3300/0,v1:172.21.15.77:6789/0] -- mon_subscribe({osdmap=0}) v3 -- 0x7fdc3c19d1d0 con 0x7fdc3c1065a0
2024-04-23T14:36:35.154 INFO:teuthology.orchestra.run.smithi077.stdout:/usr/bin/ceph: stderr
2024-04-23T14:36:34.240+0000 7fdc3a000700 1 -- 172.21.15.77:0/221428705 <== mon.0 v2:172.21.15.77:3300/0 4 ==== mgrmap(e 8) v1 ==== 45556+0+0 (secure 0 0 0) 0x7fdc3001ac10 con 0x7fdc3c1065a0
2024-04-23T14:36:35.154 INFO:teuthology.orchestra.run.smithi077.stdout:/usr/bin/ceph: stderr
2024-04-23T14:36:34.240+0000 7fdc44400700 1 -- 172.21.15.77:0/221428705 --> [v2:172.21.15.77:3300/0,v1:172.21.15.77:6789/0] -- mon_command({"prefix": "get_command_descriptions"} v 0) v1 -- 0x7fdc3c10a9d0 con 0x7fdc3c1065a0
2024-04-23T14:36:35.154 INFO:teuthology.orchestra.run.smithi077.stdout:/usr/bin/ceph: stderr
2024-04-23T14:36:34.240+0000 7fdc3a000700 1 --2- 172.21.15.77:0/221428705 >> [v2:172.21.15.77:6800/2473968502,v1:172.21.15.77:6801/2473968502] conn(0x7fdc24038770 0x7fdc2403ac30 unknown :-1 s=NONE pgs=0 cs=0 l=1 rev1=0 crypto rx=0 tx=0 comp rx=0 tx=0).connect
2024-04-23T14:36:35.154 INFO:teuthology.orchestra.run.smithi077.stdout:/usr/bin/ceph: stderr
2024-04-23T14:36:34.240+0000 7fdc3a000700 1 -- 172.21.15.77:0/221428705 <== mon.0 v2:172.21.15.77:3300/0 5 ==== osd_map(2..2 src has 1..2) v4 ==== 940+0+0 (secure 0 0 0) 0x7fdc3004c680 con 0x7fdc3c1065a0
2024-04-23T14:36:35.154 INFO:teuthology.orchestra.run.smithi077.stdout:/usr/bin/ceph: stderr
2024-04-23T14:36:34.241+0000 7fdc41000700 1 --2- 172.21.15.77:0/221428705 >> [v2:172.21.15.77:6800/2473968502,v1:172.21.15.77:6801/2473968502] conn(0x7fdc24038770 0x7fdc2403ac30 unknown :-1 s=BANNER_CONNECTING pgs=0 cs=0 l=1 rev1=0 crypto rx=0 tx=0 comp rx=0 tx=0)._handle_peer_banner_payload supported=3 required=0
2024-04-23T14:36:35.154 INFO:teuthology.orchestra.run.smithi077.stdout:/usr/bin/ceph: stderr
2024-04-23T14:36:34.241+0000 7fdc41000700 1 --2- 172.21.15.77:0/221428705 >> [v2:172.21.15.77:6800/2473968502,v1:172.21.15.77:6801/2473968502] conn(0x7fdc24038770 0x7fdc2403ac30 secure :-1 s=READY pgs=18 cs=0 l=1 rev1=1 crypto rx=0x7fdc28006fd0 tx=0x7fdc28006e40 comp rx=0 tx=0).ready entity=mgr.14120 client_cookie=0 server_cookie=0 in_seq=0 out_seq=0
2024-04-23T14:36:35.154 INFO:teuthology.orchestra.run.smithi077.stdout:/usr/bin/ceph: stderr
2024-04-23T14:36:34.245+0000 7fdc3a000700 1 -- 172.21.15.77:0/221428705 <== mon.0 v2:172.21.15.77:3300/0 6 ==== mon_command_ack([{"prefix": "get_command_descriptions"}]=0 v0) v1 ==== 72+0+183351 (secure 0 0 0) 0x7fdc3001a430 con 0x7fdc3c1065a0
2024-04-23T14:36:35.154 INFO:teuthology.orchestra.run.smithi077.stdout:/usr/bin/ceph: stderr
2024-04-23T14:36:34.480+0000 7fdc44400700 1 -- 172.21.15.77:0/221428705 --> [v2:172.21.15.77:6800/2473968502,v1:172.21.15.77:6801/2473968502] -- mgr_command(tid 0: {"prefix": "orch apply", "service_type": "node-exporter", "target": ["mon-mgr", ""]}) v1 -- 0x7fdc3c19fa60 con 0x7fdc24038770
2024-04-23T14:36:35.154 INFO:teuthology.orchestra.run.smithi077.stdout:/usr/bin/ceph: stderr
2024-04-23T14:36:34.491+0000 7fdc3a000700 1 -- 172.21.15.77:0/221428705 <== mgr.14120 v2:172.21.15.77:6800/2473968502 1 ==== mgr_command_reply(tid 0: 0 ) v1 ==== 8+0+34 (secure 0 0 0) 0x7fdc3c19fa60 con 0x7fdc24038770
2024-04-23T14:36:35.154 INFO:teuthology.orchestra.run.smithi077.stdout:/usr/bin/ceph: stderr
2024-04-23T14:36:34.494+0000 7fdc44400700 1 -- 172.21.15.77:0/221428705 >> [v2:172.21.15.77:6800/2473968502,v1:172.21.15.77:6801/2473968502] conn(0x7fdc24038770 msgr2=0x7fdc2403ac30 secure :-1 s=STATE_CONNECTION_ESTABLISHED l=1).mark_down
2024-04-23T14:36:35.154 INFO:teuthology.orchestra.run.smithi077.stdout:/usr/bin/ceph: stderr
2024-04-23T14:36:34.494+0000 7fdc44400700 1 --2- 172.21.15.77:0/221428705 >> [v2:172.21.15.77:6800/2473968502,v1:172.21.15.77:6801/2473968502] conn(0x7fdc24038770 0x7fdc2403ac30 secure :-1 s=READY pgs=18 cs=0 l=1 rev1=1 crypto rx=0x7fdc28006fd0 tx=0x7fdc28006e40 comp rx=0 tx=0).stop
2024-04-23T14:36:35.154 INFO:teuthology.orchestra.run.smithi077.stdout:/usr/bin/ceph: stderr
2024-04-23T14:36:34.494+0000 7fdc44400700 1 -- 172.21.15.77:0/221428705 >> [v2:172.21.15.77:3300/0,v1:172.21.15.77:6789/0] conn(0x7fdc3c1065a0 msgr2=0x7fdc3c19c5f0 secure :-1 s=STATE_CONNECTION_ESTABLISHED l=1).mark_down
2024-04-23T14:36:35.155 INFO:teuthology.orchestra.run.smithi077.stdout:/usr/bin/ceph: stderr
2024-04-23T14:36:34.494+0000 7fdc44400700 1 --2- 172.21.15.77:0/221428705 >> [v2:172.21.15.77:3300/0,v1:172.21.15.77:6789/0] conn(0x7fdc3c1065a0 0x7fdc3c19c5f0 secure :-1 s=READY pgs=60 cs=0 l=1 rev1=1 crypto rx=0x7fdc30000c00 tx=0x7fdc30011890 comp rx=0 tx=0).stop
2024-04-23T14:36:35.155 INFO:teuthology.orchestra.run.smithi077.stdout:/usr/bin/ceph: stderr
2024-04-23T14:36:34.494+0000 7fdc44400700 1 -- 172.21.15.77:0/221428705 shutdown_connections
2024-04-23T14:36:35.155 INFO:teuthology.orchestra.run.smithi077.stdout:/usr/bin/ceph: stderr
2024-04-23T14:36:34.494+0000 7fdc44400700 1 --2- 172.21.15.77:0/221428705 >> [v2:172.21.15.77:6800/2473968502,v1:172.21.15.77:6801/2473968502] conn(0x7fdc24038770 0x7fdc2403ac30 unknown :-1 s=CLOSED pgs=18 cs=0 l=1 rev1=1 crypto rx=0 tx=0 comp rx=0 tx=0).stop
2024-04-23T14:36:35.155 INFO:teuthology.orchestra.run.smithi077.stdout:/usr/bin/ceph: stderr
2024-04-23T14:36:34.494+0000 7fdc44400700 1 --2- 172.21.15.77:0/221428705 >> [v2:172.21.15.77:3300/0,v1:172.21.15.77:6789/0] conn(0x7fdc3c1065a0 0x7fdc3c19c5f0 unknown :-1 s=CLOSED pgs=60 cs=0 l=1 rev1=1 crypto rx=0 tx=0 comp rx=0 tx=0).stop
2024-04-23T14:36:35.156 INFO:teuthology.orchestra.run.smithi077.stdout:/usr/bin/ceph: stderr
2024-04-23T14:36:34.494+0000 7fdc44400700 1 -- 172.21.15.77:0/221428705 >> 172.21.15.77:0/221428705 conn(0x7fdc3c101ba0 msgr2=0x7fdc3c1027b0 unknown :-1 s=STATE_NONE l=0).mark_down
2024-04-23T14:36:35.156 INFO:teuthology.orchestra.run.smithi077.stdout:/usr/bin/ceph: stderr
2024-04-23T14:36:34.494+0000 7fdc44400700 1 -- 172.21.15.77:0/221428705 shutdown_connections
2024-04-23T14:36:35.156 INFO:teuthology.orchestra.run.smithi077.stdout:/usr/bin/ceph: stderr
2024-04-23T14:36:34.494+0000 7fdc44400700 1 -- 172.21.15.77:0/221428705 wait complete.
2024-04-23T14:36:35.156 INFO:teuthology.orchestra.run.smithi077.stdout:Deploying alertmanager service with default placement...
2024-04-23T14:36:35.763 INFO:journalctl@ceph.mon.smithi077.smithi077.stdout:Apr 23 14:36:35 smithi077 ceph-mon[25816]: pgmap v6: 0 pgs: ; 0 B data, 0 B used, 0 B / 0 B avail
2024-04-23T14:36:35.763 INFO:journalctl@ceph.mon.smithi077.smithi077.stdout:Apr 23 14:36:35 smithi077 ceph-mon[25816]: from='client.14154 -' entity='client.admin' cmd=[{"prefix": "orch apply", "service_type": "node-exporter", "target": ["mon-mgr", ""]}]: dispatch
2024-04-23T14:36:35.763 INFO:journalctl@ceph.mon.smithi077.smithi077.stdout:Apr 23 14:36:35 smithi077 ceph-mon[25816]: Saving service node-exporter spec with placement *
2024-04-23T14:36:35.763 INFO:journalctl@ceph.mon.smithi077.smithi077.stdout:Apr 23 14:36:35 smithi077 ceph-mon[25816]: from='mgr.14120 172.21.15.77:0/1105449311' entity='mgr.smithi077.phwyvd'
2024-04-23T14:36:36.689 INFO:teuthology.orchestra.run.smithi077.stdout:/usr/bin/ceph: stdout Scheduled alertmanager update...
2024-04-23T14:36:36.690 INFO:teuthology.orchestra.run.smithi077.stdout:/usr/bin/ceph: stderr
2024-04-23T14:36:35.762+0000 7f05b5200700 1 Processor -- start
2024-04-23T14:36:36.690 INFO:teuthology.orchestra.run.smithi077.stdout:/usr/bin/ceph: stderr
2024-04-23T14:36:35.762+0000 7f05b5200700 1 -- start start
2024-04-23T14:36:36.690 INFO:teuthology.orchestra.run.smithi077.stdout:/usr/bin/ceph: stderr
2024-04-23T14:36:35.762+0000 7f05b5200700 1 --2- >> [v2:172.21.15.77:3300/0,v1:172.21.15.77:6789/0] conn(0x7f05b01087b0 0x7f05b0108bd0 unknown :-1 s=NONE pgs=0 cs=0 l=0 rev1=0 crypto rx=0 tx=0 comp rx=0 tx=0).connect
2024-04-23T14:36:36.690 INFO:teuthology.orchestra.run.smithi077.stdout:/usr/bin/ceph: stderr
2024-04-23T14:36:35.762+0000 7f05b5200700 1 -- --> [v2:172.21.15.77:3300/0,v1:172.21.15.77:6789/0] -- mon_getmap magic: 0 v1 -- 0x7f05b01091a0 con 0x7f05b01087b0
2024-04-23T14:36:36.690 INFO:teuthology.orchestra.run.smithi077.stdout:/usr/bin/ceph: stderr
2024-04-23T14:36:35.763+0000 7f05ade00700 1 --2- >> [v2:172.21.15.77:3300/0,v1:172.21.15.77:6789/0] conn(0x7f05b01087b0 0x7f05b0108bd0 unknown :-1 s=BANNER_CONNECTING pgs=0 cs=0 l=0 rev1=0 crypto rx=0 tx=0 comp rx=0 tx=0)._handle_peer_banner_payload supported=3 required=0
2024-04-23T14:36:36.690 INFO:teuthology.orchestra.run.smithi077.stdout:/usr/bin/ceph: stderr
2024-04-23T14:36:35.763+0000 7f05ade00700 1 --2- >> [v2:172.21.15.77:3300/0,v1:172.21.15.77:6789/0] conn(0x7f05b01087b0 0x7f05b0108bd0 unknown :-1 s=HELLO_CONNECTING pgs=0 cs=0 l=0 rev1=1 crypto rx=0 tx=0 comp rx=0 tx=0).handle_hello peer v2:172.21.15.77:3300/0 says I am v2:172.21.15.77:32940/0 (socket says 172.21.15.77:32940)
2024-04-23T14:36:36.690 INFO:teuthology.orchestra.run.smithi077.stdout:/usr/bin/ceph: stderr
2024-04-23T14:36:35.763+0000 7f05ade00700 1 -- 172.21.15.77:0/3464779950 learned_addr learned my addr 172.21.15.77:0/3464779950 (peer_addr_for_me v2:172.21.15.77:0/0)
2024-04-23T14:36:36.690 INFO:teuthology.orchestra.run.smithi077.stdout:/usr/bin/ceph: stderr
2024-04-23T14:36:35.763+0000 7f05ade00700 1 -- 172.21.15.77:0/3464779950 --> [v2:172.21.15.77:3300/0,v1:172.21.15.77:6789/0] -- mon_subscribe({config=0+,monmap=0+}) v3 -- 0x7f05b01099b0 con 0x7f05b01087b0
2024-04-23T14:36:36.690 INFO:teuthology.orchestra.run.smithi077.stdout:/usr/bin/ceph: stderr
2024-04-23T14:36:35.764+0000 7f05ade00700 1 --2- 172.21.15.77:0/3464779950 >> [v2:172.21.15.77:3300/0,v1:172.21.15.77:6789/0] conn(0x7f05b01087b0 0x7f05b0108bd0 secure :-1 s=READY pgs=61 cs=0 l=1 rev1=1 crypto rx=0x7f05a00098a0 tx=0x7f05a0009bb0 comp rx=0 tx=0).ready entity=mon.0 client_cookie=b96f7e29a7cdc83 server_cookie=0 in_seq=0 out_seq=0
2024-04-23T14:36:36.690 INFO:teuthology.orchestra.run.smithi077.stdout:/usr/bin/ceph: stderr
2024-04-23T14:36:35.764+0000 7f05aca00700 1 -- 172.21.15.77:0/3464779950 <== mon.0 v2:172.21.15.77:3300/0 1 ==== mon_map magic: 0 v1 ==== 229+0+0 (secure 0 0 0) 0x7f05a0004180 con 0x7f05b01087b0
2024-04-23T14:36:36.690 INFO:teuthology.orchestra.run.smithi077.stdout:/usr/bin/ceph: stderr
2024-04-23T14:36:35.764+0000 7f05aca00700 1 -- 172.21.15.77:0/3464779950 <== mon.0 v2:172.21.15.77:3300/0 2 ==== config(27 keys) v1 ==== 1109+0+0 (secure 0 0 0) 0x7f05a00042e0 con 0x7f05b01087b0
2024-04-23T14:36:36.691 INFO:teuthology.orchestra.run.smithi077.stdout:/usr/bin/ceph: stderr
2024-04-23T14:36:35.764+0000 7f05aca00700 1 -- 172.21.15.77:0/3464779950 <== mon.0 v2:172.21.15.77:3300/0 3 ==== mon_map magic: 0 v1 ==== 229+0+0 (secure 0 0 0) 0x7f05a0011b10 con 0x7f05b01087b0
2024-04-23T14:36:36.691 INFO:teuthology.orchestra.run.smithi077.stdout:/usr/bin/ceph: stderr
2024-04-23T14:36:35.765+0000 7f05b5200700 1 -- 172.21.15.77:0/3464779950 >> [v2:172.21.15.77:3300/0,v1:172.21.15.77:6789/0] conn(0x7f05b01087b0 msgr2=0x7f05b0108bd0 secure :-1 s=STATE_CONNECTION_ESTABLISHED l=1).mark_down
2024-04-23T14:36:36.691 INFO:teuthology.orchestra.run.smithi077.stdout:/usr/bin/ceph: stderr
2024-04-23T14:36:35.765+0000 7f05b5200700 1 --2- 172.21.15.77:0/3464779950 >> [v2:172.21.15.77:3300/0,v1:172.21.15.77:6789/0] conn(0x7f05b01087b0 0x7f05b0108bd0 secure :-1 s=READY pgs=61 cs=0 l=1 rev1=1 crypto rx=0x7f05a00098a0 tx=0x7f05a0009bb0 comp rx=0 tx=0).stop
2024-04-23T14:36:36.691 INFO:teuthology.orchestra.run.smithi077.stdout:/usr/bin/ceph: stderr
2024-04-23T14:36:35.765+0000 7f05b5200700 1 -- 172.21.15.77:0/3464779950 shutdown_connections
2024-04-23T14:36:36.691 INFO:teuthology.orchestra.run.smithi077.stdout:/usr/bin/ceph: stderr
2024-04-23T14:36:35.765+0000 7f05b5200700 1 --2- 172.21.15.77:0/3464779950 >> [v2:172.21.15.77:3300/0,v1:172.21.15.77:6789/0] conn(0x7f05b01087b0 0x7f05b0108bd0 unknown :-1 s=CLOSED pgs=61 cs=0 l=1 rev1=1 crypto rx=0 tx=0 comp rx=0 tx=0).stop
2024-04-23T14:36:36.691 INFO:teuthology.orchestra.run.smithi077.stdout:/usr/bin/ceph: stderr
2024-04-23T14:36:35.765+0000 7f05b5200700 1 -- 172.21.15.77:0/3464779950 >> 172.21.15.77:0/3464779950 conn(0x7f05b007bbf0 msgr2=0x7f05b01064f0 unknown :-1 s=STATE_NONE l=0).mark_down
2024-04-23T14:36:36.691 INFO:teuthology.orchestra.run.smithi077.stdout:/usr/bin/ceph: stderr
2024-04-23T14:36:35.765+0000 7f05b5200700 1 -- 172.21.15.77:0/3464779950 shutdown_connections
2024-04-23T14:36:36.691 INFO:teuthology.orchestra.run.smithi077.stdout:/usr/bin/ceph: stderr
2024-04-23T14:36:35.765+0000 7f05b5200700 1 -- 172.21.15.77:0/3464779950 wait complete.
2024-04-23T14:36:36.691 INFO:teuthology.orchestra.run.smithi077.stdout:/usr/bin/ceph: stderr
2024-04-23T14:36:35.766+0000 7f05b5200700 1 Processor -- start
2024-04-23T14:36:36.691 INFO:teuthology.orchestra.run.smithi077.stdout:/usr/bin/ceph: stderr
2024-04-23T14:36:35.766+0000 7f05b5200700 1 -- start start
2024-04-23T14:36:36.691 INFO:teuthology.orchestra.run.smithi077.stdout:/usr/bin/ceph: stderr
2024-04-23T14:36:35.766+0000 7f05b5200700 1 --2- >> [v2:172.21.15.77:3300/0,v1:172.21.15.77:6789/0] conn(0x7f05b01087b0 0x7f05b019c500 unknown :-1 s=NONE pgs=0 cs=0 l=1 rev1=0 crypto rx=0 tx=0 comp rx=0 tx=0).connect
2024-04-23T14:36:36.691 INFO:teuthology.orchestra.run.smithi077.stdout:/usr/bin/ceph: stderr
2024-04-23T14:36:35.766+0000 7f05b5200700 1 -- --> [v2:172.21.15.77:3300/0,v1:172.21.15.77:6789/0] -- mon_getmap magic: 0 v1 -- 0x7f05b019ca40 con 0x7f05b01087b0
2024-04-23T14:36:36.691 INFO:teuthology.orchestra.run.smithi077.stdout:/usr/bin/ceph: stderr
2024-04-23T14:36:35.767+0000 7f05ade00700 1 --2- >> [v2:172.21.15.77:3300/0,v1:172.21.15.77:6789/0] conn(0x7f05b01087b0 0x7f05b019c500 unknown :-1 s=BANNER_CONNECTING pgs=0 cs=0 l=1 rev1=0 crypto rx=0 tx=0 comp rx=0 tx=0)._handle_peer_banner_payload supported=3 required=0
2024-04-23T14:36:36.691 INFO:teuthology.orchestra.run.smithi077.stdout:/usr/bin/ceph: stderr
2024-04-23T14:36:35.767+0000 7f05ade00700 1 --2- >> [v2:172.21.15.77:3300/0,v1:172.21.15.77:6789/0] conn(0x7f05b01087b0 0x7f05b019c500 unknown :-1 s=HELLO_CONNECTING pgs=0 cs=0 l=1 rev1=1 crypto rx=0 tx=0 comp rx=0 tx=0).handle_hello peer v2:172.21.15.77:3300/0 says I am v2:172.21.15.77:32946/0 (socket says 172.21.15.77:32946)
2024-04-23T14:36:36.691 INFO:teuthology.orchestra.run.smithi077.stdout:/usr/bin/ceph: stderr
2024-04-23T14:36:35.767+0000 7f05ade00700 1 -- 172.21.15.77:0/258903388 learned_addr learned my addr 172.21.15.77:0/258903388 (peer_addr_for_me v2:172.21.15.77:0/0)
2024-04-23T14:36:36.691 INFO:teuthology.orchestra.run.smithi077.stdout:/usr/bin/ceph: stderr
2024-04-23T14:36:35.767+0000 7f05ade00700 1 -- 172.21.15.77:0/258903388 --> [v2:172.21.15.77:3300/0,v1:172.21.15.77:6789/0] -- mon_subscribe({config=0+,monmap=0+}) v3 -- 0x7f05a0009550 con 0x7f05b01087b0
2024-04-23T14:36:36.692 INFO:teuthology.orchestra.run.smithi077.stdout:/usr/bin/ceph: stderr
2024-04-23T14:36:35.767+0000 7f05ade00700 1 --2- 172.21.15.77:0/258903388 >> [v2:172.21.15.77:3300/0,v1:172.21.15.77:6789/0] conn(0x7f05b01087b0 0x7f05b019c500 secure :-1 s=READY pgs=62 cs=0 l=1 rev1=1 crypto rx=0x7f05a00117b0 tx=0x7f05a0011890 comp rx=0 tx=0).ready entity=mon.0 client_cookie=0 server_cookie=0 in_seq=0 out_seq=0
2024-04-23T14:36:36.692 INFO:teuthology.orchestra.run.smithi077.stdout:/usr/bin/ceph: stderr
2024-04-23T14:36:35.768+0000 7f05a6a00700 1 -- 172.21.15.77:0/258903388 <== mon.0 v2:172.21.15.77:3300/0 1 ==== mon_map magic: 0 v1 ==== 229+0+0 (secure 0 0 0) 0x7f05a00038b0 con 0x7f05b01087b0
2024-04-23T14:36:36.692 INFO:teuthology.orchestra.run.smithi077.stdout:/usr/bin/ceph: stderr
2024-04-23T14:36:35.768+0000 7f05a6a00700 1 -- 172.21.15.77:0/258903388 <== mon.0 v2:172.21.15.77:3300/0 2 ==== config(27 keys) v1 ==== 1109+0+0 (secure 0 0 0) 0x7f05a0003a10 con 0x7f05b01087b0
2024-04-23T14:36:36.692 INFO:teuthology.orchestra.run.smithi077.stdout:/usr/bin/ceph: stderr
2024-04-23T14:36:35.768+0000 7f05a6a00700 1 -- 172.21.15.77:0/258903388 <== mon.0 v2:172.21.15.77:3300/0 3 ==== mon_map magic: 0 v1 ==== 229+0+0 (secure 0 0 0) 0x7f05a00246e0 con 0x7f05b01087b0
2024-04-23T14:36:36.692 INFO:teuthology.orchestra.run.smithi077.stdout:/usr/bin/ceph: stderr
2024-04-23T14:36:35.768+0000 7f05b5200700 1 -- 172.21.15.77:0/258903388 --> [v2:172.21.15.77:3300/0,v1:172.21.15.77:6789/0] -- mon_subscribe({mgrmap=0+}) v3 -- 0x7f05b019cc40 con 0x7f05b01087b0
2024-04-23T14:36:36.692 INFO:teuthology.orchestra.run.smithi077.stdout:/usr/bin/ceph: stderr
2024-04-23T14:36:35.768+0000 7f05b5200700 1 -- 172.21.15.77:0/258903388 --> [v2:172.21.15.77:3300/0,v1:172.21.15.77:6789/0] -- mon_subscribe({osdmap=0}) v3 -- 0x7f05b019d0e0 con 0x7f05b01087b0
2024-04-23T14:36:36.692 INFO:teuthology.orchestra.run.smithi077.stdout:/usr/bin/ceph: stderr
2024-04-23T14:36:35.769+0000 7f05a6a00700 1 -- 172.21.15.77:0/258903388 <== mon.0 v2:172.21.15.77:3300/0 4 ==== mgrmap(e 8) v1 ==== 45556+0+0 (secure 0 0 0) 0x7f05a001a430 con 0x7f05b01087b0
2024-04-23T14:36:36.692 INFO:teuthology.orchestra.run.smithi077.stdout:/usr/bin/ceph: stderr
2024-04-23T14:36:35.769+0000 7f059be00700 1 -- 172.21.15.77:0/258903388 --> [v2:172.21.15.77:3300/0,v1:172.21.15.77:6789/0] -- mon_command({"prefix": "get_command_descriptions"} v 0) v1 -- 0x7f05b010cbe0 con 0x7f05b01087b0
2024-04-23T14:36:36.692 INFO:teuthology.orchestra.run.smithi077.stdout:/usr/bin/ceph: stderr
2024-04-23T14:36:35.769+0000 7f05a6a00700 1 --2- 172.21.15.77:0/258903388 >> [v2:172.21.15.77:6800/2473968502,v1:172.21.15.77:6801/2473968502] conn(0x7f0594038770 0x7f059403ac30 unknown :-1 s=NONE pgs=0 cs=0 l=1 rev1=0 crypto rx=0 tx=0 comp rx=0 tx=0).connect
2024-04-23T14:36:36.692 INFO:teuthology.orchestra.run.smithi077.stdout:/usr/bin/ceph: stderr
2024-04-23T14:36:35.769+0000 7f05a6a00700 1 -- 172.21.15.77:0/258903388 <== mon.0 v2:172.21.15.77:3300/0 5 ==== osd_map(2..2 src has 1..2) v4 ==== 940+0+0 (secure 0 0 0) 0x7f05a004c8b0 con 0x7f05b01087b0
2024-04-23T14:36:36.692 INFO:teuthology.orchestra.run.smithi077.stdout:/usr/bin/ceph: stderr
2024-04-23T14:36:35.770+0000 7f05ad400700 1 --2- 172.21.15.77:0/258903388 >> [v2:172.21.15.77:6800/2473968502,v1:172.21.15.77:6801/2473968502] conn(0x7f0594038770 0x7f059403ac30 unknown :-1 s=BANNER_CONNECTING pgs=0 cs=0 l=1 rev1=0 crypto rx=0 tx=0 comp rx=0 tx=0)._handle_peer_banner_payload supported=3 required=0
2024-04-23T14:36:36.692 INFO:teuthology.orchestra.run.smithi077.stdout:/usr/bin/ceph: stderr
2024-04-23T14:36:35.770+0000 7f05ad400700 1 --2- 172.21.15.77:0/258903388 >> [v2:172.21.15.77:6800/2473968502,v1:172.21.15.77:6801/2473968502] conn(0x7f0594038770 0x7f059403ac30 secure :-1 s=READY pgs=19 cs=0 l=1 rev1=1 crypto rx=0x7f059c006fd0 tx=0x7f059c006e40 comp rx=0 tx=0).ready entity=mgr.14120 client_cookie=0 server_cookie=0 in_seq=0 out_seq=0
2024-04-23T14:36:36.692 INFO:teuthology.orchestra.run.smithi077.stdout:/usr/bin/ceph: stderr
2024-04-23T14:36:35.774+0000 7f05a6a00700 1 -- 172.21.15.77:0/258903388 <== mon.0 v2:172.21.15.77:3300/0 6 ==== mon_command_ack([{"prefix": "get_command_descriptions"}]=0 v0) v1 ==== 72+0+183351 (secure 0 0 0) 0x7f05a0018b40 con 0x7f05b01087b0
2024-04-23T14:36:36.692 INFO:teuthology.orchestra.run.smithi077.stdout:/usr/bin/ceph: stderr
2024-04-23T14:36:36.005+0000 7f059be00700 1 -- 172.21.15.77:0/258903388 --> [v2:172.21.15.77:6800/2473968502,v1:172.21.15.77:6801/2473968502] -- mgr_command(tid 0: {"prefix": "orch apply", "service_type": "alertmanager", "target": ["mon-mgr", ""]}) v1 -- 0x7f05b0061d70 con 0x7f0594038770
2024-04-23T14:36:36.692 INFO:teuthology.orchestra.run.smithi077.stdout:/usr/bin/ceph: stderr
2024-04-23T14:36:36.013+0000 7f05a6a00700 1 -- 172.21.15.77:0/258903388 <== mgr.14120 v2:172.21.15.77:6800/2473968502 1 ==== mgr_command_reply(tid 0: 0 ) v1 ==== 8+0+33 (secure 0 0 0) 0x7f05b0061d70 con 0x7f0594038770
2024-04-23T14:36:36.693 INFO:teuthology.orchestra.run.smithi077.stdout:/usr/bin/ceph: stderr
2024-04-23T14:36:36.016+0000 7f059be00700 1 -- 172.21.15.77:0/258903388 >> [v2:172.21.15.77:6800/2473968502,v1:172.21.15.77:6801/2473968502] conn(0x7f0594038770 msgr2=0x7f059403ac30 secure :-1 s=STATE_CONNECTION_ESTABLISHED l=1).mark_down
2024-04-23T14:36:36.693 INFO:teuthology.orchestra.run.smithi077.stdout:/usr/bin/ceph: stderr
2024-04-23T14:36:36.016+0000 7f059be00700 1 --2- 172.21.15.77:0/258903388 >> [v2:172.21.15.77:6800/2473968502,v1:172.21.15.77:6801/2473968502] conn(0x7f0594038770 0x7f059403ac30 secure :-1 s=READY pgs=19 cs=0 l=1 rev1=1 crypto rx=0x7f059c006fd0 tx=0x7f059c006e40 comp rx=0 tx=0).stop
2024-04-23T14:36:36.693 INFO:teuthology.orchestra.run.smithi077.stdout:/usr/bin/ceph: stderr
2024-04-23T14:36:36.016+0000 7f059be00700 1 -- 172.21.15.77:0/258903388 >> [v2:172.21.15.77:3300/0,v1:172.21.15.77:6789/0] conn(0x7f05b01087b0 msgr2=0x7f05b019c500 secure :-1 s=STATE_CONNECTION_ESTABLISHED l=1).mark_down
2024-04-23T14:36:36.693 INFO:teuthology.orchestra.run.smithi077.stdout:/usr/bin/ceph: stderr
2024-04-23T14:36:36.016+0000 7f059be00700 1 --2- 172.21.15.77:0/258903388 >> [v2:172.21.15.77:3300/0,v1:172.21.15.77:6789/0] conn(0x7f05b01087b0 0x7f05b019c500 secure :-1 s=READY pgs=62 cs=0 l=1 rev1=1 crypto rx=0x7f05a00117b0 tx=0x7f05a0011890 comp rx=0 tx=0).stop
2024-04-23T14:36:36.693 INFO:teuthology.orchestra.run.smithi077.stdout:/usr/bin/ceph: stderr
2024-04-23T14:36:36.016+0000 7f059be00700 1 -- 172.21.15.77:0/258903388 shutdown_connections
2024-04-23T14:36:36.693 INFO:teuthology.orchestra.run.smithi077.stdout:/usr/bin/ceph: stderr
2024-04-23T14:36:36.016+0000 7f059be00700 1 --2- 172.21.15.77:0/258903388 >> [v2:172.21.15.77:6800/2473968502,v1:172.21.15.77:6801/2473968502] conn(0x7f0594038770 0x7f059403ac30 unknown :-1 s=CLOSED pgs=19 cs=0 l=1 rev1=1 crypto rx=0 tx=0 comp rx=0 tx=0).stop
2024-04-23T14:36:36.693 INFO:teuthology.orchestra.run.smithi077.stdout:/usr/bin/ceph: stderr
2024-04-23T14:36:36.016+0000 7f059be00700 1 --2- 172.21.15.77:0/258903388 >> [v2:172.21.15.77:3300/0,v1:172.21.15.77:6789/0] conn(0x7f05b01087b0 0x7f05b019c500 unknown :-1 s=CLOSED pgs=62 cs=0 l=1 rev1=1 crypto rx=0 tx=0 comp rx=0 tx=0).stop
2024-04-23T14:36:36.693 INFO:teuthology.orchestra.run.smithi077.stdout:/usr/bin/ceph: stderr
2024-04-23T14:36:36.016+0000 7f059be00700 1 -- 172.21.15.77:0/258903388 >> 172.21.15.77:0/258903388 conn(0x7f05b007bbf0 msgr2=0x7f05b0105c00 unknown :-1 s=STATE_NONE l=0).mark_down
2024-04-23T14:36:36.693 INFO:teuthology.orchestra.run.smithi077.stdout:/usr/bin/ceph: stderr
2024-04-23T14:36:36.017+0000 7f059be00700 1 -- 172.21.15.77:0/258903388 shutdown_connections
2024-04-23T14:36:36.693 INFO:teuthology.orchestra.run.smithi077.stdout:/usr/bin/ceph: stderr
2024-04-23T14:36:36.017+0000 7f059be00700 1 -- 172.21.15.77:0/258903388 wait complete.
2024-04-23T14:36:37.290 INFO:journalctl@ceph.mon.smithi077.smithi077.stdout:Apr 23 14:36:37 smithi077 ceph-mon[25816]: from='client.14156 -' entity='client.admin' cmd=[{"prefix": "orch apply", "service_type": "alertmanager", "target": ["mon-mgr", ""]}]: dispatch
2024-04-23T14:36:37.290 INFO:journalctl@ceph.mon.smithi077.smithi077.stdout:Apr 23 14:36:37 smithi077 ceph-mon[25816]: Saving service alertmanager spec with placement count:1
2024-04-23T14:36:37.290 INFO:journalctl@ceph.mon.smithi077.smithi077.stdout:Apr 23 14:36:37 smithi077 ceph-mon[25816]: from='mgr.14120 172.21.15.77:0/1105449311' entity='mgr.smithi077.phwyvd'
2024-04-23T14:36:37.290 INFO:journalctl@ceph.mon.smithi077.smithi077.stdout:Apr 23 14:36:37 smithi077 ceph-mon[25816]: pgmap v7: 0 pgs: ; 0 B data, 0 B used, 0 B / 0 B avail
2024-04-23T14:36:38.258 INFO:teuthology.orchestra.run.smithi077.stdout:/usr/bin/ceph: stderr
2024-04-23T14:36:37.289+0000 7f246e800700 1 Processor -- start
2024-04-23T14:36:38.258 INFO:teuthology.orchestra.run.smithi077.stdout:/usr/bin/ceph: stderr
2024-04-23T14:36:37.289+0000 7f246e800700 1 -- start start
2024-04-23T14:36:38.258 INFO:teuthology.orchestra.run.smithi077.stdout:/usr/bin/ceph: stderr
2024-04-23T14:36:37.289+0000 7f246e800700 1 --2- >> [v2:172.21.15.77:3300/0,v1:172.21.15.77:6789/0] conn(0x7f246810d080 0x7f246810d4a0 unknown :-1 s=NONE pgs=0 cs=0 l=0 rev1=0 crypto rx=0 tx=0 comp rx=0 tx=0).connect
2024-04-23T14:36:38.258 INFO:teuthology.orchestra.run.smithi077.stdout:/usr/bin/ceph: stderr
2024-04-23T14:36:37.289+0000 7f246e800700 1 -- --> [v2:172.21.15.77:3300/0,v1:172.21.15.77:6789/0] -- mon_getmap magic: 0 v1 -- 0x7f246810da70 con 0x7f246810d080
2024-04-23T14:36:38.258 INFO:teuthology.orchestra.run.smithi077.stdout:/usr/bin/ceph: stderr
2024-04-23T14:36:37.290+0000 7f2467400700 1 --2- >> [v2:172.21.15.77:3300/0,v1:172.21.15.77:6789/0] conn(0x7f246810d080 0x7f246810d4a0 unknown :-1 s=BANNER_CONNECTING pgs=0 cs=0 l=0 rev1=0 crypto rx=0 tx=0 comp rx=0 tx=0)._handle_peer_banner_payload supported=3 required=0
2024-04-23T14:36:38.258 INFO:teuthology.orchestra.run.smithi077.stdout:/usr/bin/ceph: stderr
2024-04-23T14:36:37.290+0000 7f2467400700 1 --2- >> [v2:172.21.15.77:3300/0,v1:172.21.15.77:6789/0] conn(0x7f246810d080 0x7f246810d4a0 unknown :-1 s=HELLO_CONNECTING pgs=0 cs=0 l=0 rev1=1 crypto rx=0 tx=0 comp rx=0 tx=0).handle_hello peer v2:172.21.15.77:3300/0 says I am v2:172.21.15.77:32958/0 (socket says 172.21.15.77:32958)
2024-04-23T14:36:38.258 INFO:teuthology.orchestra.run.smithi077.stdout:/usr/bin/ceph: stderr
2024-04-23T14:36:37.290+0000 7f2467400700 1 -- 172.21.15.77:0/2299888037 learned_addr learned my addr 172.21.15.77:0/2299888037 (peer_addr_for_me v2:172.21.15.77:0/0)
2024-04-23T14:36:38.258 INFO:teuthology.orchestra.run.smithi077.stdout:/usr/bin/ceph: stderr
2024-04-23T14:36:37.290+0000 7f2467400700 1 -- 172.21.15.77:0/2299888037 --> [v2:172.21.15.77:3300/0,v1:172.21.15.77:6789/0] -- mon_subscribe({config=0+,monmap=0+}) v3 -- 0x7f246810de00 con 0x7f246810d080
2024-04-23T14:36:38.259 INFO:teuthology.orchestra.run.smithi077.stdout:/usr/bin/ceph: stderr
2024-04-23T14:36:37.290+0000 7f2467400700 1 --2- 172.21.15.77:0/2299888037 >> [v2:172.21.15.77:3300/0,v1:172.21.15.77:6789/0] conn(0x7f246810d080 0x7f246810d4a0 secure :-1 s=READY pgs=63 cs=0 l=1 rev1=1 crypto rx=0x7f24580098a0 tx=0x7f2458009bb0 comp rx=0 tx=0).ready entity=mon.0 client_cookie=24fa1f9dae7b6541 server_cookie=0 in_seq=0 out_seq=0
2024-04-23T14:36:38.259 INFO:teuthology.orchestra.run.smithi077.stdout:/usr/bin/ceph: stderr
2024-04-23T14:36:37.291+0000 7f2466000700 1 -- 172.21.15.77:0/2299888037 <== mon.0 v2:172.21.15.77:3300/0 1 ==== mon_map magic: 0 v1 ==== 229+0+0 (secure 0 0 0) 0x7f2458004180 con 0x7f246810d080
2024-04-23T14:36:38.259 INFO:teuthology.orchestra.run.smithi077.stdout:/usr/bin/ceph: stderr
2024-04-23T14:36:37.291+0000 7f2466000700 1 -- 172.21.15.77:0/2299888037 <== mon.0 v2:172.21.15.77:3300/0 2 ==== config(27 keys) v1 ==== 1109+0+0 (secure 0 0 0) 0x7f24580042e0 con 0x7f246810d080
2024-04-23T14:36:38.259 INFO:teuthology.orchestra.run.smithi077.stdout:/usr/bin/ceph: stderr
2024-04-23T14:36:37.291+0000 7f2466000700 1 -- 172.21.15.77:0/2299888037 <== mon.0 v2:172.21.15.77:3300/0 3 ==== mon_map magic: 0 v1 ==== 229+0+0 (secure 0 0 0) 0x7f2458011b10 con 0x7f246810d080
2024-04-23T14:36:38.259 INFO:teuthology.orchestra.run.smithi077.stdout:/usr/bin/ceph: stderr
2024-04-23T14:36:37.291+0000 7f246e800700 1 -- 172.21.15.77:0/2299888037 >> [v2:172.21.15.77:3300/0,v1:172.21.15.77:6789/0] conn(0x7f246810d080 msgr2=0x7f246810d4a0 secure :-1 s=STATE_CONNECTION_ESTABLISHED l=1).mark_down
2024-04-23T14:36:38.259 INFO:teuthology.orchestra.run.smithi077.stdout:/usr/bin/ceph: stderr
2024-04-23T14:36:37.291+0000 7f246e800700 1 --2- 172.21.15.77:0/2299888037 >> [v2:172.21.15.77:3300/0,v1:172.21.15.77:6789/0] conn(0x7f246810d080 0x7f246810d4a0 secure :-1 s=READY pgs=63 cs=0 l=1 rev1=1 crypto rx=0x7f24580098a0 tx=0x7f2458009bb0 comp rx=0 tx=0).stop
2024-04-23T14:36:38.259 INFO:teuthology.orchestra.run.smithi077.stdout:/usr/bin/ceph: stderr
2024-04-23T14:36:37.292+0000 7f246e800700 1 -- 172.21.15.77:0/2299888037 shutdown_connections
2024-04-23T14:36:38.259 INFO:teuthology.orchestra.run.smithi077.stdout:/usr/bin/ceph: stderr
2024-04-23T14:36:37.292+0000 7f246e800700 1 --2- 172.21.15.77:0/2299888037 >> [v2:172.21.15.77:3300/0,v1:172.21.15.77:6789/0] conn(0x7f246810d080 0x7f246810d4a0 unknown :-1 s=CLOSED pgs=63 cs=0 l=1 rev1=1 crypto rx=0 tx=0 comp rx=0 tx=0).stop
2024-04-23T14:36:38.259 INFO:teuthology.orchestra.run.smithi077.stdout:/usr/bin/ceph: stderr
2024-04-23T14:36:37.292+0000 7f246e800700 1 -- 172.21.15.77:0/2299888037 >> 172.21.15.77:0/2299888037 conn(0x7f246807bbf0 msgr2=0x7f246807e010 unknown :-1 s=STATE_NONE l=0).mark_down
2024-04-23T14:36:38.259 INFO:teuthology.orchestra.run.smithi077.stdout:/usr/bin/ceph: stderr
2024-04-23T14:36:37.292+0000 7f246e800700 1 -- 172.21.15.77:0/2299888037 shutdown_connections
2024-04-23T14:36:38.259 INFO:teuthology.orchestra.run.smithi077.stdout:/usr/bin/ceph: stderr
2024-04-23T14:36:37.292+0000 7f246e800700 1 -- 172.21.15.77:0/2299888037 wait complete.
2024-04-23T14:36:38.259 INFO:teuthology.orchestra.run.smithi077.stdout:/usr/bin/ceph: stderr
2024-04-23T14:36:37.293+0000 7f246e800700 1 Processor -- start
2024-04-23T14:36:38.259 INFO:teuthology.orchestra.run.smithi077.stdout:/usr/bin/ceph: stderr
2024-04-23T14:36:37.293+0000 7f246e800700 1 -- start start
2024-04-23T14:36:38.259 INFO:teuthology.orchestra.run.smithi077.stdout:/usr/bin/ceph: stderr
2024-04-23T14:36:37.293+0000 7f246e800700 1 --2- >> [v2:172.21.15.77:3300/0,v1:172.21.15.77:6789/0] conn(0x7f246810d080 0x7f24681a0930 unknown :-1 s=NONE pgs=0 cs=0 l=1 rev1=0 crypto rx=0 tx=0 comp rx=0 tx=0).connect
2024-04-23T14:36:38.260 INFO:teuthology.orchestra.run.smithi077.stdout:/usr/bin/ceph: stderr
2024-04-23T14:36:37.293+0000 7f246e800700 1 -- --> [v2:172.21.15.77:3300/0,v1:172.21.15.77:6789/0] -- mon_getmap magic: 0 v1 -- 0x7f24681a0e70 con 0x7f246810d080
2024-04-23T14:36:38.260 INFO:teuthology.orchestra.run.smithi077.stdout:/usr/bin/ceph: stderr
2024-04-23T14:36:37.294+0000 7f2467400700 1 --2- >> [v2:172.21.15.77:3300/0,v1:172.21.15.77:6789/0] conn(0x7f246810d080 0x7f24681a0930 unknown :-1 s=BANNER_CONNECTING pgs=0 cs=0 l=1 rev1=0 crypto rx=0 tx=0 comp rx=0 tx=0)._handle_peer_banner_payload supported=3 required=0
2024-04-23T14:36:38.260 INFO:teuthology.orchestra.run.smithi077.stdout:/usr/bin/ceph: stderr
2024-04-23T14:36:37.294+0000 7f2467400700 1 --2- >> [v2:172.21.15.77:3300/0,v1:172.21.15.77:6789/0] conn(0x7f246810d080 0x7f24681a0930 unknown :-1 s=HELLO_CONNECTING pgs=0 cs=0 l=1 rev1=1 crypto rx=0 tx=0 comp rx=0 tx=0).handle_hello peer v2:172.21.15.77:3300/0 says I am v2:172.21.15.77:32974/0 (socket says 172.21.15.77:32974)
2024-04-23T14:36:38.260 INFO:teuthology.orchestra.run.smithi077.stdout:/usr/bin/ceph: stderr
2024-04-23T14:36:37.294+0000 7f2467400700 1 -- 172.21.15.77:0/1355949084 learned_addr learned my addr 172.21.15.77:0/1355949084 (peer_addr_for_me v2:172.21.15.77:0/0)
2024-04-23T14:36:38.260 INFO:teuthology.orchestra.run.smithi077.stdout:/usr/bin/ceph: stderr
2024-04-23T14:36:37.294+0000 7f2467400700 1 -- 172.21.15.77:0/1355949084 --> [v2:172.21.15.77:3300/0,v1:172.21.15.77:6789/0] -- mon_subscribe({config=0+,monmap=0+}) v3 -- 0x7f2458009550 con 0x7f246810d080
2024-04-23T14:36:38.260 INFO:teuthology.orchestra.run.smithi077.stdout:/usr/bin/ceph: stderr
2024-04-23T14:36:37.294+0000 7f2467400700 1 --2- 172.21.15.77:0/1355949084 >> [v2:172.21.15.77:3300/0,v1:172.21.15.77:6789/0] conn(0x7f246810d080 0x7f24681a0930 secure :-1 s=READY pgs=64 cs=0 l=1 rev1=1 crypto rx=0x7f24580117b0 tx=0x7f2458011890 comp rx=0 tx=0).ready entity=mon.0 client_cookie=0 server_cookie=0 in_seq=0 out_seq=0
2024-04-23T14:36:38.260 INFO:teuthology.orchestra.run.smithi077.stdout:/usr/bin/ceph: stderr
2024-04-23T14:36:37.294+0000 7f245fe00700 1 -- 172.21.15.77:0/1355949084 <== mon.0 v2:172.21.15.77:3300/0 1 ==== mon_map magic: 0 v1 ==== 229+0+0 (secure 0 0 0) 0x7f24580038b0 con 0x7f246810d080
2024-04-23T14:36:38.260 INFO:teuthology.orchestra.run.smithi077.stdout:/usr/bin/ceph: stderr
2024-04-23T14:36:37.295+0000 7f245fe00700 1 -- 172.21.15.77:0/1355949084 <== mon.0 v2:172.21.15.77:3300/0 2 ==== config(27 keys) v1 ==== 1109+0+0 (secure 0 0 0) 0x7f2458003a10 con 0x7f246810d080
2024-04-23T14:36:38.262 INFO:teuthology.orchestra.run.smithi077.stdout:/usr/bin/ceph: stderr
2024-04-23T14:36:37.295+0000 7f246e800700 1 -- 172.21.15.77:0/1355949084 --> [v2:172.21.15.77:3300/0,v1:172.21.15.77:6789/0] -- mon_subscribe({mgrmap=0+}) v3 -- 0x7f24681a1070 con 0x7f246810d080
2024-04-23T14:36:38.262 INFO:teuthology.orchestra.run.smithi077.stdout:/usr/bin/ceph: stderr
2024-04-23T14:36:37.295+0000 7f245fe00700 1 -- 172.21.15.77:0/1355949084 <== mon.0 v2:172.21.15.77:3300/0 3 ==== mon_map magic: 0 v1 ==== 229+0+0 (secure 0 0 0) 0x7f24580246e0 con 0x7f246810d080
2024-04-23T14:36:38.262 INFO:teuthology.orchestra.run.smithi077.stdout:/usr/bin/ceph: stderr
2024-04-23T14:36:37.295+0000 7f246e800700 1 -- 172.21.15.77:0/1355949084 --> [v2:172.21.15.77:3300/0,v1:172.21.15.77:6789/0] -- mon_subscribe({osdmap=0}) v3 -- 0x7f24681a1510 con 0x7f246810d080
2024-04-23T14:36:38.262 INFO:teuthology.orchestra.run.smithi077.stdout:/usr/bin/ceph: stderr
2024-04-23T14:36:37.296+0000 7f246e800700 1 -- 172.21.15.77:0/1355949084 --> [v2:172.21.15.77:3300/0,v1:172.21.15.77:6789/0] -- mon_command({"prefix": "get_command_descriptions"} v 0) v1 -- 0x7f2468111030 con 0x7f246810d080
2024-04-23T14:36:38.263 INFO:teuthology.orchestra.run.smithi077.stdout:/usr/bin/ceph: stderr
2024-04-23T14:36:37.296+0000 7f245fe00700 1 -- 172.21.15.77:0/1355949084 <== mon.0 v2:172.21.15.77:3300/0 4 ==== mgrmap(e 8) v1 ==== 45556+0+0 (secure 0 0 0) 0x7f245801ab80 con 0x7f246810d080
2024-04-23T14:36:38.263 INFO:teuthology.orchestra.run.smithi077.stdout:/usr/bin/ceph: stderr
2024-04-23T14:36:37.296+0000 7f245fe00700 1 --2- 172.21.15.77:0/1355949084 >> [v2:172.21.15.77:6800/2473968502,v1:172.21.15.77:6801/2473968502] conn(0x7f244c038770 0x7f244c03ac30 unknown :-1 s=NONE pgs=0 cs=0 l=1 rev1=0 crypto rx=0 tx=0 comp rx=0 tx=0).connect
2024-04-23T14:36:38.263 INFO:teuthology.orchestra.run.smithi077.stdout:/usr/bin/ceph: stderr
2024-04-23T14:36:37.296+0000 7f245fe00700 1 -- 172.21.15.77:0/1355949084 <== mon.0 v2:172.21.15.77:3300/0 5 ==== osd_map(2..2 src has 1..2) v4 ==== 940+0+0 (secure 0 0 0) 0x7f245804c900 con 0x7f246810d080
2024-04-23T14:36:38.263 INFO:teuthology.orchestra.run.smithi077.stdout:/usr/bin/ceph: stderr
2024-04-23T14:36:37.297+0000 7f2466a00700 1 --2- 172.21.15.77:0/1355949084 >> [v2:172.21.15.77:6800/2473968502,v1:172.21.15.77:6801/2473968502] conn(0x7f244c038770 0x7f244c03ac30 unknown :-1 s=BANNER_CONNECTING pgs=0 cs=0 l=1 rev1=0 crypto rx=0 tx=0 comp rx=0 tx=0)._handle_peer_banner_payload supported=3 required=0
2024-04-23T14:36:38.263 INFO:teuthology.orchestra.run.smithi077.stdout:/usr/bin/ceph: stderr
2024-04-23T14:36:37.297+0000 7f2466a00700 1 --2- 172.21.15.77:0/1355949084 >> [v2:172.21.15.77:6800/2473968502,v1:172.21.15.77:6801/2473968502] conn(0x7f244c038770 0x7f244c03ac30 secure :-1 s=READY pgs=20 cs=0 l=1 rev1=1 crypto rx=0x7f2454006fd0 tx=0x7f2454006e40 comp rx=0 tx=0).ready entity=mgr.14120 client_cookie=0 server_cookie=0 in_seq=0 out_seq=0
2024-04-23T14:36:38.263 INFO:teuthology.orchestra.run.smithi077.stdout:/usr/bin/ceph: stderr
2024-04-23T14:36:37.302+0000 7f245fe00700 1 -- 172.21.15.77:0/1355949084 <== mon.0 v2:172.21.15.77:3300/0 6 ==== mon_command_ack([{"prefix": "get_command_descriptions"}]=0 v0) v1 ==== 72+0+183351 (secure 0 0 0) 0x7f245801a430 con 0x7f246810d080
2024-04-23T14:36:38.263 INFO:teuthology.orchestra.run.smithi077.stdout:/usr/bin/ceph: stderr
2024-04-23T14:36:37.520+0000 7f246e800700 1 -- 172.21.15.77:0/1355949084 --> [v2:172.21.15.77:3300/0,v1:172.21.15.77:6789/0] -- mon_command([{prefix=config set, name=mgr/cephadm/container_init}] v 0) v1 -- 0x7f24681a4170 con 0x7f246810d080
2024-04-23T14:36:38.263 INFO:teuthology.orchestra.run.smithi077.stdout:/usr/bin/ceph: stderr
2024-04-23T14:36:37.528+0000 7f245fe00700 1 -- 172.21.15.77:0/1355949084 <== mon.0 v2:172.21.15.77:3300/0 7 ==== mon_command_ack([{prefix=config set, name=mgr/cephadm/container_init}]=0 v7)=0 v7) v1 ==== 142+0+0 (secure 0 0 0) 0x7f2458018b40 con 0x7f246810d080
2024-04-23T14:36:38.263 INFO:teuthology.orchestra.run.smithi077.stdout:/usr/bin/ceph: stderr
2024-04-23T14:36:37.532+0000 7f246e800700 1 -- 172.21.15.77:0/1355949084 >> [v2:172.21.15.77:6800/2473968502,v1:172.21.15.77:6801/2473968502] conn(0x7f244c038770 msgr2=0x7f244c03ac30 secure :-1 s=STATE_CONNECTION_ESTABLISHED l=1).mark_down
2024-04-23T14:36:38.263 INFO:teuthology.orchestra.run.smithi077.stdout:/usr/bin/ceph: stderr
2024-04-23T14:36:37.532+0000 7f246e800700 1 --2- 172.21.15.77:0/1355949084 >> [v2:172.21.15.77:6800/2473968502,v1:172.21.15.77:6801/2473968502] conn(0x7f244c038770 0x7f244c03ac30 secure :-1 s=READY pgs=20 cs=0 l=1 rev1=1 crypto rx=0x7f2454006fd0 tx=0x7f2454006e40 comp rx=0 tx=0).stop
2024-04-23T14:36:38.263 INFO:teuthology.orchestra.run.smithi077.stdout:/usr/bin/ceph: stderr
2024-04-23T14:36:37.532+0000 7f246e800700 1 -- 172.21.15.77:0/1355949084 >> [v2:172.21.15.77:3300/0,v1:172.21.15.77:6789/0] conn(0x7f246810d080 msgr2=0x7f24681a0930 secure :-1 s=STATE_CONNECTION_ESTABLISHED l=1).mark_down
2024-04-23T14:36:38.263 INFO:teuthology.orchestra.run.smithi077.stdout:/usr/bin/ceph: stderr
2024-04-23T14:36:37.532+0000 7f246e800700 1 --2- 172.21.15.77:0/1355949084 >> [v2:172.21.15.77:3300/0,v1:172.21.15.77:6789/0] conn(0x7f246810d080 0x7f24681a0930 secure :-1 s=READY pgs=64 cs=0 l=1 rev1=1 crypto rx=0x7f24580117b0 tx=0x7f2458011890 comp rx=0 tx=0).stop
2024-04-23T14:36:38.263 INFO:teuthology.orchestra.run.smithi077.stdout:/usr/bin/ceph: stderr
2024-04-23T14:36:37.532+0000 7f246e800700 1 -- 172.21.15.77:0/1355949084 shutdown_connections
2024-04-23T14:36:38.263 INFO:teuthology.orchestra.run.smithi077.stdout:/usr/bin/ceph: stderr
2024-04-23T14:36:37.532+0000 7f246e800700 1 --2- 172.21.15.77:0/1355949084 >> [v2:172.21.15.77:6800/2473968502,v1:172.21.15.77:6801/2473968502] conn(0x7f244c038770 0x7f244c03ac30 unknown :-1 s=CLOSED pgs=20 cs=0 l=1 rev1=1 crypto rx=0 tx=0 comp rx=0 tx=0).stop
2024-04-23T14:36:38.263 INFO:teuthology.orchestra.run.smithi077.stdout:/usr/bin/ceph: stderr
2024-04-23T14:36:37.532+0000 7f246e800700 1 --2- 172.21.15.77:0/1355949084 >> [v2:172.21.15.77:3300/0,v1:172.21.15.77:6789/0] conn(0x7f246810d080 0x7f24681a0930 unknown :-1 s=CLOSED pgs=64 cs=0 l=1 rev1=1 crypto rx=0 tx=0 comp rx=0 tx=0).stop
2024-04-23T14:36:38.263 INFO:teuthology.orchestra.run.smithi077.stdout:/usr/bin/ceph: stderr
2024-04-23T14:36:37.532+0000 7f246e800700 1 -- 172.21.15.77:0/1355949084 >> 172.21.15.77:0/1355949084 conn(0x7f246807bbf0 msgr2=0x7f246807c700 unknown :-1 s=STATE_NONE l=0).mark_down
2024-04-23T14:36:38.264 INFO:teuthology.orchestra.run.smithi077.stdout:/usr/bin/ceph: stderr
2024-04-23T14:36:37.533+0000 7f246e800700 1 -- 172.21.15.77:0/1355949084 shutdown_connections
2024-04-23T14:36:38.264 INFO:teuthology.orchestra.run.smithi077.stdout:/usr/bin/ceph: stderr
2024-04-23T14:36:37.533+0000 7f246e800700 1 -- 172.21.15.77:0/1355949084 wait complete.
2024-04-23T14:36:38.858 INFO:journalctl@ceph.mon.smithi077.smithi077.stdout:Apr 23 14:36:38 smithi077 ceph-mon[25816]: from='client.? 172.21.15.77:0/1355949084' entity='client.admin'
2024-04-23T14:36:39.773 INFO:journalctl@ceph.mon.smithi077.smithi077.stdout:Apr 23 14:36:39 smithi077 ceph-mon[25816]: pgmap v8: 0 pgs: ; 0 B data, 0 B used, 0 B / 0 B avail
2024-04-23T14:36:39.773 INFO:journalctl@ceph.mon.smithi077.smithi077.stdout:Apr 23 14:36:39 smithi077 ceph-mon[25816]: from='client.? 172.21.15.77:0/2866248937' entity='client.admin'
2024-04-23T14:36:39.781 INFO:teuthology.orchestra.run.smithi077.stdout:/usr/bin/ceph: stderr
2024-04-23T14:36:38.914+0000 7fe2f0200700 1 Processor -- start
2024-04-23T14:36:39.781 INFO:teuthology.orchestra.run.smithi077.stdout:/usr/bin/ceph: stderr
2024-04-23T14:36:38.915+0000 7fe2f0200700 1 -- start start
2024-04-23T14:36:39.782 INFO:teuthology.orchestra.run.smithi077.stdout:/usr/bin/ceph: stderr
2024-04-23T14:36:38.915+0000 7fe2f0200700 1 --2- >> [v2:172.21.15.77:3300/0,v1:172.21.15.77:6789/0] conn(0x7fe2e81065a0 0x7fe2e81069c0 unknown :-1 s=NONE pgs=0 cs=0 l=0 rev1=0 crypto rx=0 tx=0 comp rx=0 tx=0).connect
2024-04-23T14:36:39.783 INFO:teuthology.orchestra.run.smithi077.stdout:/usr/bin/ceph: stderr
2024-04-23T14:36:38.915+0000 7fe2f0200700 1 -- --> [v2:172.21.15.77:3300/0,v1:172.21.15.77:6789/0] -- mon_getmap magic: 0 v1 -- 0x7fe2e8106f90 con 0x7fe2e81065a0
2024-04-23T14:36:39.783 INFO:teuthology.orchestra.run.smithi077.stdout:/usr/bin/ceph: stderr
2024-04-23T14:36:38.916+0000 7fe2ed800700 1 --2- >> [v2:172.21.15.77:3300/0,v1:172.21.15.77:6789/0] conn(0x7fe2e81065a0 0x7fe2e81069c0 unknown :-1 s=BANNER_CONNECTING pgs=0 cs=0 l=0 rev1=0 crypto rx=0 tx=0 comp rx=0 tx=0)._handle_peer_banner_payload supported=3 required=0
2024-04-23T14:36:39.783 INFO:teuthology.orchestra.run.smithi077.stdout:/usr/bin/ceph: stderr
2024-04-23T14:36:38.916+0000 7fe2ed800700 1 --2- >> [v2:172.21.15.77:3300/0,v1:172.21.15.77:6789/0] conn(0x7fe2e81065a0 0x7fe2e81069c0 unknown :-1 s=HELLO_CONNECTING pgs=0 cs=0 l=0 rev1=1 crypto rx=0 tx=0 comp rx=0 tx=0).handle_hello peer v2:172.21.15.77:3300/0 says I am v2:172.21.15.77:41698/0 (socket says 172.21.15.77:41698)
2024-04-23T14:36:39.783 INFO:teuthology.orchestra.run.smithi077.stdout:/usr/bin/ceph: stderr
2024-04-23T14:36:38.916+0000 7fe2ed800700 1 -- 172.21.15.77:0/2481946910 learned_addr learned my addr 172.21.15.77:0/2481946910 (peer_addr_for_me v2:172.21.15.77:0/0)
2024-04-23T14:36:39.783 INFO:teuthology.orchestra.run.smithi077.stdout:/usr/bin/ceph: stderr
2024-04-23T14:36:38.916+0000 7fe2ed800700 1 -- 172.21.15.77:0/2481946910 --> [v2:172.21.15.77:3300/0,v1:172.21.15.77:6789/0] -- mon_subscribe({config=0+,monmap=0+}) v3 -- 0x7fe2e81077a0 con 0x7fe2e81065a0
2024-04-23T14:36:39.783 INFO:teuthology.orchestra.run.smithi077.stdout:/usr/bin/ceph: stderr
2024-04-23T14:36:38.916+0000 7fe2ed800700 1 --2- 172.21.15.77:0/2481946910 >> [v2:172.21.15.77:3300/0,v1:172.21.15.77:6789/0] conn(0x7fe2e81065a0 0x7fe2e81069c0 secure :-1 s=READY pgs=65 cs=0 l=1 rev1=1 crypto rx=0x7fe2dc0098a0 tx=0x7fe2dc009bb0 comp rx=0 tx=0).ready entity=mon.0 client_cookie=caa7e267fd660a6d server_cookie=0 in_seq=0 out_seq=0
2024-04-23T14:36:39.783 INFO:teuthology.orchestra.run.smithi077.stdout:/usr/bin/ceph: stderr
2024-04-23T14:36:38.916+0000 7fe2e7e00700 1 -- 172.21.15.77:0/2481946910 <== mon.0 v2:172.21.15.77:3300/0 1 ==== mon_map magic: 0 v1 ==== 229+0+0 (secure 0 0 0) 0x7fe2dc004180 con 0x7fe2e81065a0
2024-04-23T14:36:39.784 INFO:teuthology.orchestra.run.smithi077.stdout:/usr/bin/ceph: stderr
2024-04-23T14:36:38.917+0000 7fe2e7e00700 1 -- 172.21.15.77:0/2481946910 <== mon.0 v2:172.21.15.77:3300/0 2 ==== config(27 keys) v1 ==== 1109+0+0 (secure 0 0 0) 0x7fe2dc0042e0 con 0x7fe2e81065a0
2024-04-23T14:36:39.784 INFO:teuthology.orchestra.run.smithi077.stdout:/usr/bin/ceph: stderr
2024-04-23T14:36:38.917+0000 7fe2e7e00700 1 -- 172.21.15.77:0/2481946910 <== mon.0 v2:172.21.15.77:3300/0 3 ==== mon_map magic: 0 v1 ==== 229+0+0 (secure 0 0 0) 0x7fe2dc011b10 con 0x7fe2e81065a0
2024-04-23T14:36:39.784 INFO:teuthology.orchestra.run.smithi077.stdout:/usr/bin/ceph: stderr
2024-04-23T14:36:38.917+0000 7fe2f0200700 1 -- 172.21.15.77:0/2481946910 >> [v2:172.21.15.77:3300/0,v1:172.21.15.77:6789/0] conn(0x7fe2e81065a0 msgr2=0x7fe2e81069c0 secure :-1 s=STATE_CONNECTION_ESTABLISHED l=1).mark_down
2024-04-23T14:36:39.784 INFO:teuthology.orchestra.run.smithi077.stdout:/usr/bin/ceph: stderr
2024-04-23T14:36:38.917+0000 7fe2f0200700 1 --2- 172.21.15.77:0/2481946910 >> [v2:172.21.15.77:3300/0,v1:172.21.15.77:6789/0] conn(0x7fe2e81065a0 0x7fe2e81069c0 secure :-1 s=READY pgs=65 cs=0 l=1 rev1=1 crypto rx=0x7fe2dc0098a0 tx=0x7fe2dc009bb0 comp rx=0 tx=0).stop
2024-04-23T14:36:39.784 INFO:teuthology.orchestra.run.smithi077.stdout:/usr/bin/ceph: stderr
2024-04-23T14:36:38.917+0000 7fe2f0200700 1 -- 172.21.15.77:0/2481946910 shutdown_connections
2024-04-23T14:36:39.788 INFO:teuthology.orchestra.run.smithi077.stdout:/usr/bin/ceph: stderr
2024-04-23T14:36:38.917+0000 7fe2f0200700 1 --2- 172.21.15.77:0/2481946910 >> [v2:172.21.15.77:3300/0,v1:172.21.15.77:6789/0] conn(0x7fe2e81065a0 0x7fe2e81069c0 unknown :-1 s=CLOSED pgs=65 cs=0 l=1 rev1=1 crypto rx=0 tx=0 comp rx=0 tx=0).stop
2024-04-23T14:36:39.788 INFO:teuthology.orchestra.run.smithi077.stdout:/usr/bin/ceph: stderr
2024-04-23T14:36:38.917+0000 7fe2f0200700 1 -- 172.21.15.77:0/2481946910 >> 172.21.15.77:0/2481946910 conn(0x7fe2e8101b80 msgr2=0x7fe2e8103fa0 unknown :-1 s=STATE_NONE l=0).mark_down
2024-04-23T14:36:39.788 INFO:teuthology.orchestra.run.smithi077.stdout:/usr/bin/ceph: stderr
2024-04-23T14:36:38.918+0000 7fe2f0200700 1 -- 172.21.15.77:0/2481946910 shutdown_connections
2024-04-23T14:36:39.788 INFO:teuthology.orchestra.run.smithi077.stdout:/usr/bin/ceph: stderr
2024-04-23T14:36:38.918+0000 7fe2f0200700 1 -- 172.21.15.77:0/2481946910 wait complete.
2024-04-23T14:36:39.788 INFO:teuthology.orchestra.run.smithi077.stdout:/usr/bin/ceph: stderr
2024-04-23T14:36:38.919+0000 7fe2f0200700 1 Processor -- start
2024-04-23T14:36:39.788 INFO:teuthology.orchestra.run.smithi077.stdout:/usr/bin/ceph: stderr
2024-04-23T14:36:38.919+0000 7fe2f0200700 1 -- start start
2024-04-23T14:36:39.788 INFO:teuthology.orchestra.run.smithi077.stdout:/usr/bin/ceph: stderr
2024-04-23T14:36:38.919+0000 7fe2f0200700 1 --2- >> [v2:172.21.15.77:3300/0,v1:172.21.15.77:6789/0] conn(0x7fe2e81065a0 0x7fe2e819a330 unknown :-1 s=NONE pgs=0 cs=0 l=1 rev1=0 crypto rx=0 tx=0 comp rx=0 tx=0).connect
2024-04-23T14:36:39.788 INFO:teuthology.orchestra.run.smithi077.stdout:/usr/bin/ceph: stderr
2024-04-23T14:36:38.920+0000 7fe2f0200700 1 -- --> [v2:172.21.15.77:3300/0,v1:172.21.15.77:6789/0] -- mon_getmap magic: 0 v1 -- 0x7fe2e819a870 con 0x7fe2e81065a0
2024-04-23T14:36:39.789 INFO:teuthology.orchestra.run.smithi077.stdout:/usr/bin/ceph: stderr
2024-04-23T14:36:38.920+0000 7fe2ed800700 1 --2- >> [v2:172.21.15.77:3300/0,v1:172.21.15.77:6789/0] conn(0x7fe2e81065a0 0x7fe2e819a330 unknown :-1 s=BANNER_CONNECTING pgs=0 cs=0 l=1 rev1=0 crypto rx=0 tx=0 comp rx=0 tx=0)._handle_peer_banner_payload supported=3 required=0
2024-04-23T14:36:39.789 INFO:teuthology.orchestra.run.smithi077.stdout:/usr/bin/ceph: stderr
2024-04-23T14:36:38.920+0000 7fe2ed800700 1 --2- >> [v2:172.21.15.77:3300/0,v1:172.21.15.77:6789/0] conn(0x7fe2e81065a0 0x7fe2e819a330 unknown :-1 s=HELLO_CONNECTING pgs=0 cs=0 l=1 rev1=1 crypto rx=0 tx=0 comp rx=0 tx=0).handle_hello peer v2:172.21.15.77:3300/0 says I am v2:172.21.15.77:41708/0 (socket says 172.21.15.77:41708)
2024-04-23T14:36:39.789 INFO:teuthology.orchestra.run.smithi077.stdout:/usr/bin/ceph: stderr
2024-04-23T14:36:38.920+0000 7fe2ed800700 1 -- 172.21.15.77:0/2866248937 learned_addr learned my addr 172.21.15.77:0/2866248937 (peer_addr_for_me v2:172.21.15.77:0/0)
2024-04-23T14:36:39.789 INFO:teuthology.orchestra.run.smithi077.stdout:/usr/bin/ceph: stderr
2024-04-23T14:36:38.920+0000 7fe2ed800700 1 -- 172.21.15.77:0/2866248937 --> [v2:172.21.15.77:3300/0,v1:172.21.15.77:6789/0] -- mon_subscribe({config=0+,monmap=0+}) v3 -- 0x7fe2dc009550 con 0x7fe2e81065a0
2024-04-23T14:36:39.789 INFO:teuthology.orchestra.run.smithi077.stdout:/usr/bin/ceph: stderr
2024-04-23T14:36:38.920+0000 7fe2ed800700 1 --2- 172.21.15.77:0/2866248937 >> [v2:172.21.15.77:3300/0,v1:172.21.15.77:6789/0] conn(0x7fe2e81065a0 0x7fe2e819a330 secure :-1 s=READY pgs=66 cs=0 l=1 rev1=1 crypto rx=0x7fe2dc0117b0 tx=0x7fe2dc011890 comp rx=0 tx=0).ready entity=mon.0 client_cookie=0 server_cookie=0 in_seq=0 out_seq=0
2024-04-23T14:36:39.789 INFO:teuthology.orchestra.run.smithi077.stdout:/usr/bin/ceph: stderr
2024-04-23T14:36:38.921+0000 7fe2e6000700 1 -- 172.21.15.77:0/2866248937 <== mon.0 v2:172.21.15.77:3300/0 1 ==== mon_map magic: 0 v1 ==== 229+0+0 (secure 0 0 0) 0x7fe2dc0038b0 con 0x7fe2e81065a0
2024-04-23T14:36:39.789 INFO:teuthology.orchestra.run.smithi077.stdout:/usr/bin/ceph: stderr
2024-04-23T14:36:38.921+0000 7fe2e6000700 1 -- 172.21.15.77:0/2866248937 <== mon.0 v2:172.21.15.77:3300/0 2 ==== config(27 keys) v1 ==== 1109+0+0 (secure 0 0 0) 0x7fe2dc003a10 con 0x7fe2e81065a0
2024-04-23T14:36:39.789 INFO:teuthology.orchestra.run.smithi077.stdout:/usr/bin/ceph: stderr
2024-04-23T14:36:38.921+0000 7fe2f0200700 1 -- 172.21.15.77:0/2866248937 --> [v2:172.21.15.77:3300/0,v1:172.21.15.77:6789/0] -- mon_subscribe({mgrmap=0+}) v3 -- 0x7fe2e819aa70 con 0x7fe2e81065a0
2024-04-23T14:36:39.789 INFO:teuthology.orchestra.run.smithi077.stdout:/usr/bin/ceph: stderr
2024-04-23T14:36:38.921+0000 7fe2e6000700 1 -- 172.21.15.77:0/2866248937 <== mon.0 v2:172.21.15.77:3300/0 3 ==== mon_map magic: 0 v1 ==== 229+0+0 (secure 0 0 0) 0x7fe2dc0246e0 con 0x7fe2e81065a0
2024-04-23T14:36:39.789 INFO:teuthology.orchestra.run.smithi077.stdout:/usr/bin/ceph: stderr
2024-04-23T14:36:38.921+0000 7fe2f0200700 1 -- 172.21.15.77:0/2866248937 --> [v2:172.21.15.77:3300/0,v1:172.21.15.77:6789/0] -- mon_subscribe({osdmap=0}) v3 -- 0x7fe2e819af10 con 0x7fe2e81065a0
2024-04-23T14:36:39.789 INFO:teuthology.orchestra.run.smithi077.stdout:/usr/bin/ceph: stderr
2024-04-23T14:36:38.922+0000 7fe2e6000700 1 -- 172.21.15.77:0/2866248937 <== mon.0 v2:172.21.15.77:3300/0 4 ==== mgrmap(e 8) v1 ==== 45556+0+0 (secure 0 0 0) 0x7fe2dc01ab80 con 0x7fe2e81065a0
2024-04-23T14:36:39.789 INFO:teuthology.orchestra.run.smithi077.stdout:/usr/bin/ceph: stderr
2024-04-23T14:36:38.922+0000 7fe2f0200700 1 -- 172.21.15.77:0/2866248937 --> [v2:172.21.15.77:3300/0,v1:172.21.15.77:6789/0] -- mon_command({"prefix": "get_command_descriptions"} v 0) v1 -- 0x7fe2e810a9d0 con 0x7fe2e81065a0
2024-04-23T14:36:39.789 INFO:teuthology.orchestra.run.smithi077.stdout:/usr/bin/ceph: stderr
2024-04-23T14:36:38.922+0000 7fe2e6000700 1 --2- 172.21.15.77:0/2866248937 >> [v2:172.21.15.77:6800/2473968502,v1:172.21.15.77:6801/2473968502] conn(0x7fe2d0038770 0x7fe2d003ac30 unknown :-1 s=NONE pgs=0 cs=0 l=1 rev1=0 crypto rx=0 tx=0 comp rx=0 tx=0).connect
