2024-04-23T14:35:31.043+0000 7f6051400700 1 --2- 172.21.15.110:0/3311116806 >> [v2:172.21.15.110:6800/3059360635,v1:172.21.15.110:6801/3059360635] conn(0x7f6038038770 0x7f603803ac30 unknown :-1 s=START_CONNECT pgs=0 cs=0 l=1 rev1=0 crypto rx=0 tx=0 comp rx=0 tx=0)._fault waiting 1.600000
2024-04-23T14:35:37.338 INFO:teuthology.orchestra.run.smithi110.stdout:/usr/bin/ceph: stderr
2024-04-23T14:35:32.644+0000 7f6051400700 1 -- 172.21.15.110:0/3311116806 >> [v2:172.21.15.110:6800/3059360635,v1:172.21.15.110:6801/3059360635] conn(0x7f6038038770 msgr2=0x7f603803ac30 unknown :-1 s=STATE_CONNECTING_RE l=1).process reconnect failed to v2:172.21.15.110:6800/3059360635
2024-04-23T14:35:37.338 INFO:teuthology.orchestra.run.smithi110.stdout:/usr/bin/ceph: stderr
2024-04-23T14:35:32.644+0000 7f6051400700 1 --2- 172.21.15.110:0/3311116806 >> [v2:172.21.15.110:6800/3059360635,v1:172.21.15.110:6801/3059360635] conn(0x7f6038038770 0x7f603803ac30 unknown :-1 s=START_CONNECT pgs=0 cs=0 l=1 rev1=0 crypto rx=0 tx=0 comp rx=0 tx=0)._fault waiting 3.200000
2024-04-23T14:35:37.338 INFO:teuthology.orchestra.run.smithi110.stdout:/usr/bin/ceph: stderr
2024-04-23T14:35:35.671+0000 7f604aa00700 1 -- 172.21.15.110:0/3311116806 <== mon.0 v2:172.21.15.110:3300/0 6 ==== mgrmap(e 6) v1 ==== 45323+0+0 (secure 0 0 0) 0x7f604401b440 con 0x7f6054106590
2024-04-23T14:35:37.338 INFO:teuthology.orchestra.run.smithi110.stdout:/usr/bin/ceph: stderr
2024-04-23T14:35:35.671+0000 7f604aa00700 1 -- 172.21.15.110:0/3311116806 >> [v2:172.21.15.110:6800/3059360635,v1:172.21.15.110:6801/3059360635] conn(0x7f6038038770 msgr2=0x7f603803ac30 unknown :-1 s=STATE_CONNECTING l=1).mark_down
2024-04-23T14:35:37.338 INFO:teuthology.orchestra.run.smithi110.stdout:/usr/bin/ceph: stderr
2024-04-23T14:35:35.671+0000 7f604aa00700 1 --2- 172.21.15.110:0/3311116806 >> [v2:172.21.15.110:6800/3059360635,v1:172.21.15.110:6801/3059360635] conn(0x7f6038038770 0x7f603803ac30 unknown :-1 s=START_CONNECT pgs=0 cs=0 l=1 rev1=0 crypto rx=0 tx=0 comp rx=0 tx=0).stop
2024-04-23T14:35:37.338 INFO:teuthology.orchestra.run.smithi110.stdout:/usr/bin/ceph: stderr
2024-04-23T14:35:36.674+0000 7f604aa00700 1 -- 172.21.15.110:0/3311116806 <== mon.0 v2:172.21.15.110:3300/0 7 ==== mgrmap(e 7) v1 ==== 45450+0+0 (secure 0 0 0) 0x7f604404df50 con 0x7f6054106590
2024-04-23T14:35:37.338 INFO:teuthology.orchestra.run.smithi110.stdout:/usr/bin/ceph: stderr
2024-04-23T14:35:36.675+0000 7f604aa00700 1 --2- 172.21.15.110:0/3311116806 >> [v2:172.21.15.110:6800/646529375,v1:172.21.15.110:6801/646529375] conn(0x7f603803bfb0 0x7f603803e3a0 unknown :-1 s=NONE pgs=0 cs=0 l=1 rev1=0 crypto rx=0 tx=0 comp rx=0 tx=0).connect
2024-04-23T14:35:37.338 INFO:teuthology.orchestra.run.smithi110.stdout:/usr/bin/ceph: stderr
2024-04-23T14:35:36.675+0000 7f604aa00700 1 -- 172.21.15.110:0/3311116806 --> [v2:172.21.15.110:6800/646529375,v1:172.21.15.110:6801/646529375] -- command(tid 0: {"prefix": "get_command_descriptions"}) v1 -- 0x7f603803b340 con 0x7f603803bfb0
2024-04-23T14:35:37.338 INFO:teuthology.orchestra.run.smithi110.stdout:/usr/bin/ceph: stderr
2024-04-23T14:35:36.677+0000 7f6051400700 1 --2- 172.21.15.110:0/3311116806 >> [v2:172.21.15.110:6800/646529375,v1:172.21.15.110:6801/646529375] conn(0x7f603803bfb0 0x7f603803e3a0 unknown :-1 s=BANNER_CONNECTING pgs=0 cs=0 l=1 rev1=0 crypto rx=0 tx=0 comp rx=0 tx=0)._handle_peer_banner_payload supported=3 required=0
2024-04-23T14:35:37.338 INFO:teuthology.orchestra.run.smithi110.stdout:/usr/bin/ceph: stderr
2024-04-23T14:35:36.680+0000 7f6051400700 1 --2- 172.21.15.110:0/3311116806 >> [v2:172.21.15.110:6800/646529375,v1:172.21.15.110:6801/646529375] conn(0x7f603803bfb0 0x7f603803e3a0 secure :-1 s=READY pgs=2 cs=0 l=1 rev1=1 crypto rx=0x7f6040003a10 tx=0x7f60400092b0 comp rx=0 tx=0).ready entity=mgr.14120 client_cookie=0 server_cookie=0 in_seq=0 out_seq=0
2024-04-23T14:35:37.338 INFO:teuthology.orchestra.run.smithi110.stdout:/usr/bin/ceph: stderr
2024-04-23T14:35:36.682+0000 7f604aa00700 1 -- 172.21.15.110:0/3311116806 <== mgr.14120 v2:172.21.15.110:6800/646529375 1 ==== command_reply(tid 0: 0 ) v1 ==== 8+0+6910 (secure 0 0 0) 0x7f603803b340 con 0x7f603803bfb0
2024-04-23T14:35:37.338 INFO:teuthology.orchestra.run.smithi110.stdout:/usr/bin/ceph: stderr
2024-04-23T14:35:36.689+0000 7f6058e00700 1 -- 172.21.15.110:0/3311116806 --> [v2:172.21.15.110:6800/646529375,v1:172.21.15.110:6801/646529375] -- command(tid 1: {"prefix": "mgr_status"}) v1 -- 0x7f6054062510 con 0x7f603803bfb0
2024-04-23T14:35:37.339 INFO:teuthology.orchestra.run.smithi110.stdout:/usr/bin/ceph: stderr
2024-04-23T14:35:36.689+0000 7f604aa00700 1 -- 172.21.15.110:0/3311116806 <== mgr.14120 v2:172.21.15.110:6800/646529375 2 ==== command_reply(tid 1: 0 ) v1 ==== 8+0+51 (secure 0 0 0) 0x7f6054062510 con 0x7f603803bfb0
2024-04-23T14:35:37.339 INFO:teuthology.orchestra.run.smithi110.stdout:/usr/bin/ceph: stderr
2024-04-23T14:35:36.690+0000 7f6058e00700 1 -- 172.21.15.110:0/3311116806 >> [v2:172.21.15.110:6800/646529375,v1:172.21.15.110:6801/646529375] conn(0x7f603803bfb0 msgr2=0x7f603803e3a0 secure :-1 s=STATE_CONNECTION_ESTABLISHED l=1).mark_down
2024-04-23T14:35:37.339 INFO:teuthology.orchestra.run.smithi110.stdout:/usr/bin/ceph: stderr
2024-04-23T14:35:36.690+0000 7f6058e00700 1 --2- 172.21.15.110:0/3311116806 >> [v2:172.21.15.110:6800/646529375,v1:172.21.15.110:6801/646529375] conn(0x7f603803bfb0 0x7f603803e3a0 secure :-1 s=READY pgs=2 cs=0 l=1 rev1=1 crypto rx=0x7f6040003a10 tx=0x7f60400092b0 comp rx=0 tx=0).stop
2024-04-23T14:35:37.339 INFO:teuthology.orchestra.run.smithi110.stdout:/usr/bin/ceph: stderr
2024-04-23T14:35:36.690+0000 7f6058e00700 1 -- 172.21.15.110:0/3311116806 >> [v2:172.21.15.110:3300/0,v1:172.21.15.110:6789/0] conn(0x7f6054106590 msgr2=0x7f605419c530 secure :-1 s=STATE_CONNECTION_ESTABLISHED l=1).mark_down
2024-04-23T14:35:37.339 INFO:teuthology.orchestra.run.smithi110.stdout:/usr/bin/ceph: stderr
2024-04-23T14:35:36.690+0000 7f6058e00700 1 --2- 172.21.15.110:0/3311116806 >> [v2:172.21.15.110:3300/0,v1:172.21.15.110:6789/0] conn(0x7f6054106590 0x7f605419c530 secure :-1 s=READY pgs=29 cs=0 l=1 rev1=1 crypto rx=0x7f6044011710 tx=0x7f60440047c0 comp rx=0 tx=0).stop
2024-04-23T14:35:37.339 INFO:teuthology.orchestra.run.smithi110.stdout:/usr/bin/ceph: stderr
2024-04-23T14:35:36.690+0000 7f6058e00700 1 -- 172.21.15.110:0/3311116806 shutdown_connections
2024-04-23T14:35:37.339 INFO:teuthology.orchestra.run.smithi110.stdout:/usr/bin/ceph: stderr
2024-04-23T14:35:36.690+0000 7f6058e00700 1 --2- 172.21.15.110:0/3311116806 >> [v2:172.21.15.110:6800/646529375,v1:172.21.15.110:6801/646529375] conn(0x7f603803bfb0 0x7f603803e3a0 unknown :-1 s=CLOSED pgs=2 cs=0 l=1 rev1=1 crypto rx=0 tx=0 comp rx=0 tx=0).stop
2024-04-23T14:35:37.339 INFO:teuthology.orchestra.run.smithi110.stdout:/usr/bin/ceph: stderr
2024-04-23T14:35:36.690+0000 7f6058e00700 1 --2- 172.21.15.110:0/3311116806 >> [v2:172.21.15.110:3300/0,v1:172.21.15.110:6789/0] conn(0x7f6054106590 0x7f605419c530 unknown :-1 s=CLOSED pgs=29 cs=0 l=1 rev1=1 crypto rx=0 tx=0 comp rx=0 tx=0).stop
2024-04-23T14:35:37.339 INFO:teuthology.orchestra.run.smithi110.stdout:/usr/bin/ceph: stderr
2024-04-23T14:35:36.690+0000 7f6058e00700 1 --2- 172.21.15.110:0/3311116806 >> [v2:172.21.15.110:6800/3059360635,v1:172.21.15.110:6801/3059360635] conn(0x7f6038038770 0x7f603803ac30 unknown :-1 s=CLOSED pgs=0 cs=0 l=1 rev1=0 crypto rx=0 tx=0 comp rx=0 tx=0).stop
2024-04-23T14:35:37.339 INFO:teuthology.orchestra.run.smithi110.stdout:/usr/bin/ceph: stderr
2024-04-23T14:35:36.690+0000 7f6058e00700 1 -- 172.21.15.110:0/3311116806 >> 172.21.15.110:0/3311116806 conn(0x7f6054101b70 msgr2=0x7f6054102690 unknown :-1 s=STATE_NONE l=0).mark_down
2024-04-23T14:35:37.339 INFO:teuthology.orchestra.run.smithi110.stdout:/usr/bin/ceph: stderr
2024-04-23T14:35:36.691+0000 7f6058e00700 1 -- 172.21.15.110:0/3311116806 shutdown_connections
2024-04-23T14:35:37.339 INFO:teuthology.orchestra.run.smithi110.stdout:/usr/bin/ceph: stderr
2024-04-23T14:35:36.691+0000 7f6058e00700 1 -- 172.21.15.110:0/3311116806 wait complete.
2024-04-23T14:35:37.339 INFO:teuthology.orchestra.run.smithi110.stdout:mgr epoch 5 is available
2024-04-23T14:35:37.340 INFO:teuthology.orchestra.run.smithi110.stdout:Setting orchestrator backend to cephadm...
2024-04-23T14:35:37.887 INFO:journalctl@ceph.mon.smithi110.smithi110.stdout:Apr 23 14:35:37 smithi110 ceph-mon[25693]: from='client.14124 -' entity='client.admin' cmd=[{"prefix": "get_command_descriptions"}]: dispatch
2024-04-23T14:35:37.887 INFO:journalctl@ceph.mon.smithi110.smithi110.stdout:Apr 23 14:35:37 smithi110 ceph-mon[25693]: from='client.14124 -' entity='client.admin' cmd=[{"prefix": "mgr_status"}]: dispatch
2024-04-23T14:35:37.887 INFO:journalctl@ceph.mon.smithi110.smithi110.stdout:Apr 23 14:35:37 smithi110 ceph-mon[25693]: from='mgr.14120 172.21.15.110:0/1006479905' entity='mgr.smithi110.jjtgnx' cmd=[{"prefix": "config dump", "format": "json"}]: dispatch
2024-04-23T14:35:38.779 INFO:journalctl@ceph.mon.smithi110.smithi110.stdout:Apr 23 14:35:38 smithi110 ceph-mon[25693]: [23/Apr/2024:14:35:37] ENGINE Bus STARTING
2024-04-23T14:35:38.779 INFO:journalctl@ceph.mon.smithi110.smithi110.stdout:Apr 23 14:35:38 smithi110 ceph-mon[25693]: [23/Apr/2024:14:35:37] ENGINE Serving on https://172.21.15.110:7150
2024-04-23T14:35:38.779 INFO:journalctl@ceph.mon.smithi110.smithi110.stdout:Apr 23 14:35:38 smithi110 ceph-mon[25693]: [23/Apr/2024:14:35:37] ENGINE Serving on http://172.21.15.110:8765
2024-04-23T14:35:38.779 INFO:journalctl@ceph.mon.smithi110.smithi110.stdout:Apr 23 14:35:38 smithi110 ceph-mon[25693]: [23/Apr/2024:14:35:37] ENGINE Bus STARTED
2024-04-23T14:35:38.779 INFO:journalctl@ceph.mon.smithi110.smithi110.stdout:Apr 23 14:35:38 smithi110 ceph-mon[25693]: mgrmap e8: smithi110.jjtgnx(active, since 2s)
2024-04-23T14:35:38.779 INFO:journalctl@ceph.mon.smithi110.smithi110.stdout:Apr 23 14:35:38 smithi110 ceph-mon[25693]: from='mgr.14120 172.21.15.110:0/1006479905' entity='mgr.smithi110.jjtgnx'
2024-04-23T14:35:38.780 INFO:journalctl@ceph.mon.smithi110.smithi110.stdout:Apr 23 14:35:38 smithi110 ceph-mon[25693]: from='mgr.14120 172.21.15.110:0/1006479905' entity='mgr.smithi110.jjtgnx' cmd=[{"prefix": "config dump", "format": "json"}]: dispatch
2024-04-23T14:35:38.795 INFO:teuthology.orchestra.run.smithi110.stdout:/usr/bin/ceph: stderr
2024-04-23T14:35:37.885+0000 7fd5bf600700 1 Processor -- start
2024-04-23T14:35:38.796 INFO:teuthology.orchestra.run.smithi110.stdout:/usr/bin/ceph: stderr
2024-04-23T14:35:37.885+0000 7fd5bf600700 1 -- start start
2024-04-23T14:35:38.796 INFO:teuthology.orchestra.run.smithi110.stdout:/usr/bin/ceph: stderr
2024-04-23T14:35:37.885+0000 7fd5bf600700 1 --2- >> [v2:172.21.15.110:3300/0,v1:172.21.15.110:6789/0] conn(0x7fd5b810d130 0x7fd5b810d550 unknown :-1 s=NONE pgs=0 cs=0 l=0 rev1=0 crypto rx=0 tx=0 comp rx=0 tx=0).connect
2024-04-23T14:35:38.796 INFO:teuthology.orchestra.run.smithi110.stdout:/usr/bin/ceph: stderr
2024-04-23T14:35:37.885+0000 7fd5bf600700 1 -- --> [v2:172.21.15.110:3300/0,v1:172.21.15.110:6789/0] -- mon_getmap magic: 0 v1 -- 0x7fd5b810db20 con 0x7fd5b810d130
2024-04-23T14:35:38.796 INFO:teuthology.orchestra.run.smithi110.stdout:/usr/bin/ceph: stderr
2024-04-23T14:35:37.886+0000 7fd5bcc00700 1 --2- >> [v2:172.21.15.110:3300/0,v1:172.21.15.110:6789/0] conn(0x7fd5b810d130 0x7fd5b810d550 unknown :-1 s=BANNER_CONNECTING pgs=0 cs=0 l=0 rev1=0 crypto rx=0 tx=0 comp rx=0 tx=0)._handle_peer_banner_payload supported=3 required=0
2024-04-23T14:35:38.796 INFO:teuthology.orchestra.run.smithi110.stdout:/usr/bin/ceph: stderr
2024-04-23T14:35:37.886+0000 7fd5bcc00700 1 --2- >> [v2:172.21.15.110:3300/0,v1:172.21.15.110:6789/0] conn(0x7fd5b810d130 0x7fd5b810d550 unknown :-1 s=HELLO_CONNECTING pgs=0 cs=0 l=0 rev1=1 crypto rx=0 tx=0 comp rx=0 tx=0).handle_hello peer v2:172.21.15.110:3300/0 says I am v2:172.21.15.110:45684/0 (socket says 172.21.15.110:45684)
2024-04-23T14:35:38.796 INFO:teuthology.orchestra.run.smithi110.stdout:/usr/bin/ceph: stderr
2024-04-23T14:35:37.886+0000 7fd5bcc00700 1 -- 172.21.15.110:0/2632519037 learned_addr learned my addr 172.21.15.110:0/2632519037 (peer_addr_for_me v2:172.21.15.110:0/0)
2024-04-23T14:35:38.796 INFO:teuthology.orchestra.run.smithi110.stdout:/usr/bin/ceph: stderr
2024-04-23T14:35:37.886+0000 7fd5bcc00700 1 -- 172.21.15.110:0/2632519037 --> [v2:172.21.15.110:3300/0,v1:172.21.15.110:6789/0] -- mon_subscribe({config=0+,monmap=0+}) v3 -- 0x7fd5b810dda0 con 0x7fd5b810d130
2024-04-23T14:35:38.796 INFO:teuthology.orchestra.run.smithi110.stdout:/usr/bin/ceph: stderr
2024-04-23T14:35:37.887+0000 7fd5bcc00700 1 --2- 172.21.15.110:0/2632519037 >> [v2:172.21.15.110:3300/0,v1:172.21.15.110:6789/0] conn(0x7fd5b810d130 0x7fd5b810d550 secure :-1 s=READY pgs=37 cs=0 l=1 rev1=1 crypto rx=0x7fd5a80098a0 tx=0x7fd5a8009bb0 comp rx=0 tx=0).ready entity=mon.0 client_cookie=4e8843fc6e2f33a4 server_cookie=0 in_seq=0 out_seq=0
2024-04-23T14:35:38.801 INFO:teuthology.orchestra.run.smithi110.stdout:/usr/bin/ceph: stderr
2024-04-23T14:35:37.887+0000 7fd5b7e00700 1 -- 172.21.15.110:0/2632519037 <== mon.0 v2:172.21.15.110:3300/0 1 ==== mon_map magic: 0 v1 ==== 229+0+0 (secure 0 0 0) 0x7fd5a8004180 con 0x7fd5b810d130
2024-04-23T14:35:38.801 INFO:teuthology.orchestra.run.smithi110.stdout:/usr/bin/ceph: stderr
2024-04-23T14:35:37.887+0000 7fd5b7e00700 1 -- 172.21.15.110:0/2632519037 <== mon.0 v2:172.21.15.110:3300/0 2 ==== config(27 keys) v1 ==== 1042+0+0 (secure 0 0 0) 0x7fd5a80042e0 con 0x7fd5b810d130
2024-04-23T14:35:38.802 INFO:teuthology.orchestra.run.smithi110.stdout:/usr/bin/ceph: stderr
2024-04-23T14:35:37.887+0000 7fd5b7e00700 1 -- 172.21.15.110:0/2632519037 <== mon.0 v2:172.21.15.110:3300/0 3 ==== mon_map magic: 0 v1 ==== 229+0+0 (secure 0 0 0) 0x7fd5a8011a70 con 0x7fd5b810d130
2024-04-23T14:35:38.802 INFO:teuthology.orchestra.run.smithi110.stdout:/usr/bin/ceph: stderr
2024-04-23T14:35:37.888+0000 7fd5bf600700 1 -- 172.21.15.110:0/2632519037 >> [v2:172.21.15.110:3300/0,v1:172.21.15.110:6789/0] conn(0x7fd5b810d130 msgr2=0x7fd5b810d550 secure :-1 s=STATE_CONNECTION_ESTABLISHED l=1).mark_down
2024-04-23T14:35:38.802 INFO:teuthology.orchestra.run.smithi110.stdout:/usr/bin/ceph: stderr
2024-04-23T14:35:37.888+0000 7fd5bf600700 1 --2- 172.21.15.110:0/2632519037 >> [v2:172.21.15.110:3300/0,v1:172.21.15.110:6789/0] conn(0x7fd5b810d130 0x7fd5b810d550 secure :-1 s=READY pgs=37 cs=0 l=1 rev1=1 crypto rx=0x7fd5a80098a0 tx=0x7fd5a8009bb0 comp rx=0 tx=0).stop
2024-04-23T14:35:38.802 INFO:teuthology.orchestra.run.smithi110.stdout:/usr/bin/ceph: stderr
2024-04-23T14:35:37.888+0000 7fd5bf600700 1 -- 172.21.15.110:0/2632519037 shutdown_connections
2024-04-23T14:35:38.802 INFO:teuthology.orchestra.run.smithi110.stdout:/usr/bin/ceph: stderr
2024-04-23T14:35:37.888+0000 7fd5bf600700 1 --2- 172.21.15.110:0/2632519037 >> [v2:172.21.15.110:3300/0,v1:172.21.15.110:6789/0] conn(0x7fd5b810d130 0x7fd5b810d550 unknown :-1 s=CLOSED pgs=37 cs=0 l=1 rev1=1 crypto rx=0 tx=0 comp rx=0 tx=0).stop
2024-04-23T14:35:38.802 INFO:teuthology.orchestra.run.smithi110.stdout:/usr/bin/ceph: stderr
2024-04-23T14:35:37.888+0000 7fd5bf600700 1 -- 172.21.15.110:0/2632519037 >> 172.21.15.110:0/2632519037 conn(0x7fd5b807bbf0 msgr2=0x7fd5b807e030 unknown :-1 s=STATE_NONE l=0).mark_down
2024-04-23T14:35:38.802 INFO:teuthology.orchestra.run.smithi110.stdout:/usr/bin/ceph: stderr
2024-04-23T14:35:37.888+0000 7fd5bf600700 1 -- 172.21.15.110:0/2632519037 shutdown_connections
2024-04-23T14:35:38.802 INFO:teuthology.orchestra.run.smithi110.stdout:/usr/bin/ceph: stderr
2024-04-23T14:35:37.888+0000 7fd5bf600700 1 -- 172.21.15.110:0/2632519037 wait complete.
2024-04-23T14:35:38.802 INFO:teuthology.orchestra.run.smithi110.stdout:/usr/bin/ceph: stderr
2024-04-23T14:35:37.889+0000 7fd5bf600700 1 Processor -- start
2024-04-23T14:35:38.802 INFO:teuthology.orchestra.run.smithi110.stdout:/usr/bin/ceph: stderr
2024-04-23T14:35:37.889+0000 7fd5bf600700 1 -- start start
2024-04-23T14:35:38.802 INFO:teuthology.orchestra.run.smithi110.stdout:/usr/bin/ceph: stderr
2024-04-23T14:35:37.890+0000 7fd5bf600700 1 --2- >> [v2:172.21.15.110:3300/0,v1:172.21.15.110:6789/0] conn(0x7fd5b810d130 0x7fd5b81a08c0 unknown :-1 s=NONE pgs=0 cs=0 l=1 rev1=0 crypto rx=0 tx=0 comp rx=0 tx=0).connect
2024-04-23T14:35:38.803 INFO:teuthology.orchestra.run.smithi110.stdout:/usr/bin/ceph: stderr
2024-04-23T14:35:37.890+0000 7fd5bf600700 1 -- --> [v2:172.21.15.110:3300/0,v1:172.21.15.110:6789/0] -- mon_getmap magic: 0 v1 -- 0x7fd5b81a0e00 con 0x7fd5b810d130
2024-04-23T14:35:38.803 INFO:teuthology.orchestra.run.smithi110.stdout:/usr/bin/ceph: stderr
2024-04-23T14:35:37.890+0000 7fd5bcc00700 1 --2- >> [v2:172.21.15.110:3300/0,v1:172.21.15.110:6789/0] conn(0x7fd5b810d130 0x7fd5b81a08c0 unknown :-1 s=BANNER_CONNECTING pgs=0 cs=0 l=1 rev1=0 crypto rx=0 tx=0 comp rx=0 tx=0)._handle_peer_banner_payload supported=3 required=0
2024-04-23T14:35:38.803 INFO:teuthology.orchestra.run.smithi110.stdout:/usr/bin/ceph: stderr
2024-04-23T14:35:37.890+0000 7fd5bcc00700 1 --2- >> [v2:172.21.15.110:3300/0,v1:172.21.15.110:6789/0] conn(0x7fd5b810d130 0x7fd5b81a08c0 unknown :-1 s=HELLO_CONNECTING pgs=0 cs=0 l=1 rev1=1 crypto rx=0 tx=0 comp rx=0 tx=0).handle_hello peer v2:172.21.15.110:3300/0 says I am v2:172.21.15.110:45696/0 (socket says 172.21.15.110:45696)
2024-04-23T14:35:38.803 INFO:teuthology.orchestra.run.smithi110.stdout:/usr/bin/ceph: stderr
2024-04-23T14:35:37.890+0000 7fd5bcc00700 1 -- 172.21.15.110:0/3871620468 learned_addr learned my addr 172.21.15.110:0/3871620468 (peer_addr_for_me v2:172.21.15.110:0/0)
2024-04-23T14:35:38.803 INFO:teuthology.orchestra.run.smithi110.stdout:/usr/bin/ceph: stderr
2024-04-23T14:35:37.890+0000 7fd5bcc00700 1 -- 172.21.15.110:0/3871620468 --> [v2:172.21.15.110:3300/0,v1:172.21.15.110:6789/0] -- mon_subscribe({config=0+,monmap=0+}) v3 -- 0x7fd5a8009550 con 0x7fd5b810d130
2024-04-23T14:35:38.803 INFO:teuthology.orchestra.run.smithi110.stdout:/usr/bin/ceph: stderr
2024-04-23T14:35:37.891+0000 7fd5bcc00700 1 --2- 172.21.15.110:0/3871620468 >> [v2:172.21.15.110:3300/0,v1:172.21.15.110:6789/0] conn(0x7fd5b810d130 0x7fd5b81a08c0 secure :-1 s=READY pgs=38 cs=0 l=1 rev1=1 crypto rx=0x7fd5a8011710 tx=0x7fd5a80047c0 comp rx=0 tx=0).ready entity=mon.0 client_cookie=0 server_cookie=0 in_seq=0 out_seq=0
2024-04-23T14:35:38.803 INFO:teuthology.orchestra.run.smithi110.stdout:/usr/bin/ceph: stderr
2024-04-23T14:35:37.891+0000 7fd5b6000700 1 -- 172.21.15.110:0/3871620468 <== mon.0 v2:172.21.15.110:3300/0 1 ==== mon_map magic: 0 v1 ==== 229+0+0 (secure 0 0 0) 0x7fd5a8003b10 con 0x7fd5b810d130
2024-04-23T14:35:38.803 INFO:teuthology.orchestra.run.smithi110.stdout:/usr/bin/ceph: stderr
2024-04-23T14:35:37.891+0000 7fd5b6000700 1 -- 172.21.15.110:0/3871620468 <== mon.0 v2:172.21.15.110:3300/0 2 ==== config(27 keys) v1 ==== 1042+0+0 (secure 0 0 0) 0x7fd5a801b8c0 con 0x7fd5b810d130
2024-04-23T14:35:38.803 INFO:teuthology.orchestra.run.smithi110.stdout:/usr/bin/ceph: stderr
2024-04-23T14:35:37.891+0000 7fd5bf600700 1 -- 172.21.15.110:0/3871620468 --> [v2:172.21.15.110:3300/0,v1:172.21.15.110:6789/0] -- mon_subscribe({mgrmap=0+}) v3 -- 0x7fd5b81a1000 con 0x7fd5b810d130
2024-04-23T14:35:38.803 INFO:teuthology.orchestra.run.smithi110.stdout:/usr/bin/ceph: stderr
2024-04-23T14:35:37.891+0000 7fd5b6000700 1 -- 172.21.15.110:0/3871620468 <== mon.0 v2:172.21.15.110:3300/0 3 ==== mon_map magic: 0 v1 ==== 229+0+0 (secure 0 0 0) 0x7fd5a8019770 con 0x7fd5b810d130
2024-04-23T14:35:38.803 INFO:teuthology.orchestra.run.smithi110.stdout:/usr/bin/ceph: stderr
2024-04-23T14:35:37.891+0000 7fd5bf600700 1 -- 172.21.15.110:0/3871620468 --> [v2:172.21.15.110:3300/0,v1:172.21.15.110:6789/0] -- mon_subscribe({osdmap=0}) v3 -- 0x7fd5b81a14a0 con 0x7fd5b810d130
2024-04-23T14:35:38.804 INFO:teuthology.orchestra.run.smithi110.stdout:/usr/bin/ceph: stderr
2024-04-23T14:35:37.892+0000 7fd5b6000700 1 -- 172.21.15.110:0/3871620468 <== mon.0 v2:172.21.15.110:3300/0 4 ==== mgrmap(e 8) v1 ==== 45556+0+0 (secure 0 0 0) 0x7fd5a801b440 con 0x7fd5b810d130
2024-04-23T14:35:38.804 INFO:teuthology.orchestra.run.smithi110.stdout:/usr/bin/ceph: stderr
2024-04-23T14:35:37.892+0000 7fd5bf600700 1 -- 172.21.15.110:0/3871620468 --> [v2:172.21.15.110:3300/0,v1:172.21.15.110:6789/0] -- mon_command({"prefix": "get_command_descriptions"} v 0) v1 -- 0x7fd5b8110fd0 con 0x7fd5b810d130
2024-04-23T14:35:38.804 INFO:teuthology.orchestra.run.smithi110.stdout:/usr/bin/ceph: stderr
2024-04-23T14:35:37.892+0000 7fd5b6000700 1 --2- 172.21.15.110:0/3871620468 >> [v2:172.21.15.110:6800/646529375,v1:172.21.15.110:6801/646529375] conn(0x7fd59c038770 0x7fd59c03ac30 unknown :-1 s=NONE pgs=0 cs=0 l=1 rev1=0 crypto rx=0 tx=0 comp rx=0 tx=0).connect
2024-04-23T14:35:38.804 INFO:teuthology.orchestra.run.smithi110.stdout:/usr/bin/ceph: stderr
2024-04-23T14:35:37.892+0000 7fd5b6000700 1 -- 172.21.15.110:0/3871620468 <== mon.0 v2:172.21.15.110:3300/0 5 ==== osd_map(2..2 src has 1..2) v4 ==== 940+0+0 (secure 0 0 0) 0x7fd5a804c980 con 0x7fd5b810d130
2024-04-23T14:35:38.804 INFO:teuthology.orchestra.run.smithi110.stdout:/usr/bin/ceph: stderr
2024-04-23T14:35:37.893+0000 7fd5afe00700 1 --2- 172.21.15.110:0/3871620468 >> [v2:172.21.15.110:6800/646529375,v1:172.21.15.110:6801/646529375] conn(0x7fd59c038770 0x7fd59c03ac30 unknown :-1 s=BANNER_CONNECTING pgs=0 cs=0 l=1 rev1=0 crypto rx=0 tx=0 comp rx=0 tx=0)._handle_peer_banner_payload supported=3 required=0
2024-04-23T14:35:38.804 INFO:teuthology.orchestra.run.smithi110.stdout:/usr/bin/ceph: stderr
2024-04-23T14:35:37.894+0000 7fd5afe00700 1 --2- 172.21.15.110:0/3871620468 >> [v2:172.21.15.110:6800/646529375,v1:172.21.15.110:6801/646529375] conn(0x7fd59c038770 0x7fd59c03ac30 secure :-1 s=READY pgs=7 cs=0 l=1 rev1=1 crypto rx=0x7fd5a0006fd0 tx=0x7fd5a0006e40 comp rx=0 tx=0).ready entity=mgr.14120 client_cookie=0 server_cookie=0 in_seq=0 out_seq=0
2024-04-23T14:35:38.804 INFO:teuthology.orchestra.run.smithi110.stdout:/usr/bin/ceph: stderr
2024-04-23T14:35:37.899+0000 7fd5b6000700 1 -- 172.21.15.110:0/3871620468 <== mon.0 v2:172.21.15.110:3300/0 6 ==== mon_command_ack([{"prefix": "get_command_descriptions"}]=0 v0) v1 ==== 72+0+183351 (secure 0 0 0) 0x7fd5a8018530 con 0x7fd5b810d130
2024-04-23T14:35:38.804 INFO:teuthology.orchestra.run.smithi110.stdout:/usr/bin/ceph: stderr
2024-04-23T14:35:38.117+0000 7fd5bf600700 1 -- 172.21.15.110:0/3871620468 --> [v2:172.21.15.110:6800/646529375,v1:172.21.15.110:6801/646529375] -- mgr_command(tid 0: {"prefix": "orch set backend", "module_name": "cephadm", "target": ["mon-mgr", ""]}) v1 -- 0x7fd5b807ce30 con 0x7fd59c038770
2024-04-23T14:35:38.804 INFO:teuthology.orchestra.run.smithi110.stdout:/usr/bin/ceph: stderr
2024-04-23T14:35:38.138+0000 7fd5b6000700 1 -- 172.21.15.110:0/3871620468 <== mgr.14120 v2:172.21.15.110:6800/646529375 1 ==== mgr_command_reply(tid 0: 0 ) v1 ==== 8+0+0 (secure 0 0 0) 0x7fd5b807ce30 con 0x7fd59c038770
2024-04-23T14:35:38.804 INFO:teuthology.orchestra.run.smithi110.stdout:/usr/bin/ceph: stderr
2024-04-23T14:35:38.141+0000 7fd5bf600700 1 -- 172.21.15.110:0/3871620468 >> [v2:172.21.15.110:6800/646529375,v1:172.21.15.110:6801/646529375] conn(0x7fd59c038770 msgr2=0x7fd59c03ac30 secure :-1 s=STATE_CONNECTION_ESTABLISHED l=1).mark_down
2024-04-23T14:35:38.804 INFO:teuthology.orchestra.run.smithi110.stdout:/usr/bin/ceph: stderr
2024-04-23T14:35:38.141+0000 7fd5bf600700 1 --2- 172.21.15.110:0/3871620468 >> [v2:172.21.15.110:6800/646529375,v1:172.21.15.110:6801/646529375] conn(0x7fd59c038770 0x7fd59c03ac30 secure :-1 s=READY pgs=7 cs=0 l=1 rev1=1 crypto rx=0x7fd5a0006fd0 tx=0x7fd5a0006e40 comp rx=0 tx=0).stop
2024-04-23T14:35:38.804 INFO:teuthology.orchestra.run.smithi110.stdout:/usr/bin/ceph: stderr
2024-04-23T14:35:38.141+0000 7fd5bf600700 1 -- 172.21.15.110:0/3871620468 >> [v2:172.21.15.110:3300/0,v1:172.21.15.110:6789/0] conn(0x7fd5b810d130 msgr2=0x7fd5b81a08c0 secure :-1 s=STATE_CONNECTION_ESTABLISHED l=1).mark_down
2024-04-23T14:35:38.805 INFO:teuthology.orchestra.run.smithi110.stdout:/usr/bin/ceph: stderr
2024-04-23T14:35:38.141+0000 7fd5bf600700 1 --2- 172.21.15.110:0/3871620468 >> [v2:172.21.15.110:3300/0,v1:172.21.15.110:6789/0] conn(0x7fd5b810d130 0x7fd5b81a08c0 secure :-1 s=READY pgs=38 cs=0 l=1 rev1=1 crypto rx=0x7fd5a8011710 tx=0x7fd5a80047c0 comp rx=0 tx=0).stop
2024-04-23T14:35:38.805 INFO:teuthology.orchestra.run.smithi110.stdout:/usr/bin/ceph: stderr
2024-04-23T14:35:38.141+0000 7fd5bf600700 1 -- 172.21.15.110:0/3871620468 shutdown_connections
2024-04-23T14:35:38.805 INFO:teuthology.orchestra.run.smithi110.stdout:/usr/bin/ceph: stderr
2024-04-23T14:35:38.141+0000 7fd5bf600700 1 --2- 172.21.15.110:0/3871620468 >> [v2:172.21.15.110:6800/646529375,v1:172.21.15.110:6801/646529375] conn(0x7fd59c038770 0x7fd59c03ac30 unknown :-1 s=CLOSED pgs=7 cs=0 l=1 rev1=1 crypto rx=0 tx=0 comp rx=0 tx=0).stop
2024-04-23T14:35:38.805 INFO:teuthology.orchestra.run.smithi110.stdout:/usr/bin/ceph: stderr
2024-04-23T14:35:38.141+0000 7fd5bf600700 1 --2- 172.21.15.110:0/3871620468 >> [v2:172.21.15.110:3300/0,v1:172.21.15.110:6789/0] conn(0x7fd5b810d130 0x7fd5b81a08c0 unknown :-1 s=CLOSED pgs=38 cs=0 l=1 rev1=1 crypto rx=0 tx=0 comp rx=0 tx=0).stop
2024-04-23T14:35:38.805 INFO:teuthology.orchestra.run.smithi110.stdout:/usr/bin/ceph: stderr
2024-04-23T14:35:38.141+0000 7fd5bf600700 1 -- 172.21.15.110:0/3871620468 >> 172.21.15.110:0/3871620468 conn(0x7fd5b807bbf0 msgr2=0x7fd5b807c720 unknown :-1 s=STATE_NONE l=0).mark_down
2024-04-23T14:35:38.805 INFO:teuthology.orchestra.run.smithi110.stdout:/usr/bin/ceph: stderr
2024-04-23T14:35:38.141+0000 7fd5bf600700 1 -- 172.21.15.110:0/3871620468 shutdown_connections
2024-04-23T14:35:38.805 INFO:teuthology.orchestra.run.smithi110.stdout:/usr/bin/ceph: stderr
2024-04-23T14:35:38.141+0000 7fd5bf600700 1 -- 172.21.15.110:0/3871620468 wait complete.
2024-04-23T14:35:39.989 INFO:journalctl@ceph.mon.smithi110.smithi110.stdout:Apr 23 14:35:39 smithi110 ceph-mon[25693]: from='client.14132 -' entity='client.admin' cmd=[{"prefix": "orch set backend", "module_name": "cephadm", "target": ["mon-mgr", ""]}]: dispatch
2024-04-23T14:35:40.383 INFO:teuthology.orchestra.run.smithi110.stdout:/usr/bin/ceph: stdout value unchanged
2024-04-23T14:35:40.384 INFO:teuthology.orchestra.run.smithi110.stdout:/usr/bin/ceph: stderr
2024-04-23T14:35:39.417+0000 7fad80000700 1 Processor -- start
2024-04-23T14:35:40.384 INFO:teuthology.orchestra.run.smithi110.stdout:/usr/bin/ceph: stderr
2024-04-23T14:35:39.417+0000 7fad80000700 1 -- start start
2024-04-23T14:35:40.384 INFO:teuthology.orchestra.run.smithi110.stdout:/usr/bin/ceph: stderr
2024-04-23T14:35:39.418+0000 7fad80000700 1 --2- >> [v2:172.21.15.110:3300/0,v1:172.21.15.110:6789/0] conn(0x7fad781087e0 0x7fad78108c00 unknown :-1 s=NONE pgs=0 cs=0 l=0 rev1=0 crypto rx=0 tx=0 comp rx=0 tx=0).connect
2024-04-23T14:35:40.384 INFO:teuthology.orchestra.run.smithi110.stdout:/usr/bin/ceph: stderr
2024-04-23T14:35:39.418+0000 7fad80000700 1 -- --> [v2:172.21.15.110:3300/0,v1:172.21.15.110:6789/0] -- mon_getmap magic: 0 v1 -- 0x7fad781091d0 con 0x7fad781087e0
2024-04-23T14:35:40.384 INFO:teuthology.orchestra.run.smithi110.stdout:/usr/bin/ceph: stderr
2024-04-23T14:35:39.418+0000 7fad7d600700 1 --2- >> [v2:172.21.15.110:3300/0,v1:172.21.15.110:6789/0] conn(0x7fad781087e0 0x7fad78108c00 unknown :-1 s=BANNER_CONNECTING pgs=0 cs=0 l=0 rev1=0 crypto rx=0 tx=0 comp rx=0 tx=0)._handle_peer_banner_payload supported=3 required=0
2024-04-23T14:35:40.384 INFO:teuthology.orchestra.run.smithi110.stdout:/usr/bin/ceph: stderr
2024-04-23T14:35:39.419+0000 7fad7d600700 1 --2- >> [v2:172.21.15.110:3300/0,v1:172.21.15.110:6789/0] conn(0x7fad781087e0 0x7fad78108c00 unknown :-1 s=HELLO_CONNECTING pgs=0 cs=0 l=0 rev1=1 crypto rx=0 tx=0 comp rx=0 tx=0).handle_hello peer v2:172.21.15.110:3300/0 says I am v2:172.21.15.110:45708/0 (socket says 172.21.15.110:45708)
2024-04-23T14:35:40.384 INFO:teuthology.orchestra.run.smithi110.stdout:/usr/bin/ceph: stderr
2024-04-23T14:35:39.419+0000 7fad7d600700 1 -- 172.21.15.110:0/2383930756 learned_addr learned my addr 172.21.15.110:0/2383930756 (peer_addr_for_me v2:172.21.15.110:0/0)
2024-04-23T14:35:40.384 INFO:teuthology.orchestra.run.smithi110.stdout:/usr/bin/ceph: stderr
2024-04-23T14:35:39.419+0000 7fad7d600700 1 -- 172.21.15.110:0/2383930756 --> [v2:172.21.15.110:3300/0,v1:172.21.15.110:6789/0] -- mon_subscribe({config=0+,monmap=0+}) v3 -- 0x7fad78109990 con 0x7fad781087e0
2024-04-23T14:35:40.384 INFO:teuthology.orchestra.run.smithi110.stdout:/usr/bin/ceph: stderr
2024-04-23T14:35:39.419+0000 7fad7d600700 1 --2- 172.21.15.110:0/2383930756 >> [v2:172.21.15.110:3300/0,v1:172.21.15.110:6789/0] conn(0x7fad781087e0 0x7fad78108c00 secure :-1 s=READY pgs=39 cs=0 l=1 rev1=1 crypto rx=0x7fad6c0098a0 tx=0x7fad6c009bb0 comp rx=0 tx=0).ready entity=mon.0 client_cookie=70a2de1a66bd7ef1 server_cookie=0 in_seq=0 out_seq=0
2024-04-23T14:35:40.384 INFO:teuthology.orchestra.run.smithi110.stdout:/usr/bin/ceph: stderr
2024-04-23T14:35:39.420+0000 7fad77e00700 1 -- 172.21.15.110:0/2383930756 <== mon.0 v2:172.21.15.110:3300/0 1 ==== mon_map magic: 0 v1 ==== 229+0+0 (secure 0 0 0) 0x7fad6c004180 con 0x7fad781087e0
2024-04-23T14:35:40.384 INFO:teuthology.orchestra.run.smithi110.stdout:/usr/bin/ceph: stderr
2024-04-23T14:35:39.420+0000 7fad77e00700 1 -- 172.21.15.110:0/2383930756 <== mon.0 v2:172.21.15.110:3300/0 2 ==== config(27 keys) v1 ==== 1042+0+0 (secure 0 0 0) 0x7fad6c0042e0 con 0x7fad781087e0
2024-04-23T14:35:40.385 INFO:teuthology.orchestra.run.smithi110.stdout:/usr/bin/ceph: stderr
2024-04-23T14:35:39.420+0000 7fad77e00700 1 -- 172.21.15.110:0/2383930756 <== mon.0 v2:172.21.15.110:3300/0 3 ==== mon_map magic: 0 v1 ==== 229+0+0 (secure 0 0 0) 0x7fad6c011a70 con 0x7fad781087e0
2024-04-23T14:35:40.385 INFO:teuthology.orchestra.run.smithi110.stdout:/usr/bin/ceph: stderr
2024-04-23T14:35:39.421+0000 7fad80000700 1 -- 172.21.15.110:0/2383930756 >> [v2:172.21.15.110:3300/0,v1:172.21.15.110:6789/0] conn(0x7fad781087e0 msgr2=0x7fad78108c00 secure :-1 s=STATE_CONNECTION_ESTABLISHED l=1).mark_down
2024-04-23T14:35:40.385 INFO:teuthology.orchestra.run.smithi110.stdout:/usr/bin/ceph: stderr
2024-04-23T14:35:39.421+0000 7fad80000700 1 --2- 172.21.15.110:0/2383930756 >> [v2:172.21.15.110:3300/0,v1:172.21.15.110:6789/0] conn(0x7fad781087e0 0x7fad78108c00 secure :-1 s=READY pgs=39 cs=0 l=1 rev1=1 crypto rx=0x7fad6c0098a0 tx=0x7fad6c009bb0 comp rx=0 tx=0).stop
2024-04-23T14:35:40.385 INFO:teuthology.orchestra.run.smithi110.stdout:/usr/bin/ceph: stderr
2024-04-23T14:35:39.421+0000 7fad80000700 1 -- 172.21.15.110:0/2383930756 shutdown_connections
2024-04-23T14:35:40.385 INFO:teuthology.orchestra.run.smithi110.stdout:/usr/bin/ceph: stderr
2024-04-23T14:35:39.421+0000 7fad80000700 1 --2- 172.21.15.110:0/2383930756 >> [v2:172.21.15.110:3300/0,v1:172.21.15.110:6789/0] conn(0x7fad781087e0 0x7fad78108c00 unknown :-1 s=CLOSED pgs=39 cs=0 l=1 rev1=1 crypto rx=0 tx=0 comp rx=0 tx=0).stop
2024-04-23T14:35:40.385 INFO:teuthology.orchestra.run.smithi110.stdout:/usr/bin/ceph: stderr
2024-04-23T14:35:39.421+0000 7fad80000700 1 -- 172.21.15.110:0/2383930756 >> 172.21.15.110:0/2383930756 conn(0x7fad78103d80 msgr2=0x7fad781061c0 unknown :-1 s=STATE_NONE l=0).mark_down
2024-04-23T14:35:40.385 INFO:teuthology.orchestra.run.smithi110.stdout:/usr/bin/ceph: stderr
2024-04-23T14:35:39.421+0000 7fad80000700 1 -- 172.21.15.110:0/2383930756 shutdown_connections
2024-04-23T14:35:40.385 INFO:teuthology.orchestra.run.smithi110.stdout:/usr/bin/ceph: stderr
2024-04-23T14:35:39.421+0000 7fad80000700 1 -- 172.21.15.110:0/2383930756 wait complete.
2024-04-23T14:35:40.385 INFO:teuthology.orchestra.run.smithi110.stdout:/usr/bin/ceph: stderr
2024-04-23T14:35:39.422+0000 7fad80000700 1 Processor -- start
2024-04-23T14:35:40.385 INFO:teuthology.orchestra.run.smithi110.stdout:/usr/bin/ceph: stderr
2024-04-23T14:35:39.422+0000 7fad80000700 1 -- start start
2024-04-23T14:35:40.385 INFO:teuthology.orchestra.run.smithi110.stdout:/usr/bin/ceph: stderr
2024-04-23T14:35:39.423+0000 7fad80000700 1 --2- >> [v2:172.21.15.110:3300/0,v1:172.21.15.110:6789/0] conn(0x7fad781087e0 0x7fad7819c540 unknown :-1 s=NONE pgs=0 cs=0 l=1 rev1=0 crypto rx=0 tx=0 comp rx=0 tx=0).connect
2024-04-23T14:35:40.386 INFO:teuthology.orchestra.run.smithi110.stdout:/usr/bin/ceph: stderr
2024-04-23T14:35:39.423+0000 7fad80000700 1 -- --> [v2:172.21.15.110:3300/0,v1:172.21.15.110:6789/0] -- mon_getmap magic: 0 v1 -- 0x7fad7819ca80 con 0x7fad781087e0
2024-04-23T14:35:40.386 INFO:teuthology.orchestra.run.smithi110.stdout:/usr/bin/ceph: stderr
2024-04-23T14:35:39.423+0000 7fad7d600700 1 --2- >> [v2:172.21.15.110:3300/0,v1:172.21.15.110:6789/0] conn(0x7fad781087e0 0x7fad7819c540 unknown :-1 s=BANNER_CONNECTING pgs=0 cs=0 l=1 rev1=0 crypto rx=0 tx=0 comp rx=0 tx=0)._handle_peer_banner_payload supported=3 required=0
2024-04-23T14:35:40.386 INFO:teuthology.orchestra.run.smithi110.stdout:/usr/bin/ceph: stderr
2024-04-23T14:35:39.423+0000 7fad7d600700 1 --2- >> [v2:172.21.15.110:3300/0,v1:172.21.15.110:6789/0] conn(0x7fad781087e0 0x7fad7819c540 unknown :-1 s=HELLO_CONNECTING pgs=0 cs=0 l=1 rev1=1 crypto rx=0 tx=0 comp rx=0 tx=0).handle_hello peer v2:172.21.15.110:3300/0 says I am v2:172.21.15.110:45724/0 (socket says 172.21.15.110:45724)
2024-04-23T14:35:40.386 INFO:teuthology.orchestra.run.smithi110.stdout:/usr/bin/ceph: stderr
2024-04-23T14:35:39.423+0000 7fad7d600700 1 -- 172.21.15.110:0/954335742 learned_addr learned my addr 172.21.15.110:0/954335742 (peer_addr_for_me v2:172.21.15.110:0/0)
2024-04-23T14:35:40.386 INFO:teuthology.orchestra.run.smithi110.stdout:/usr/bin/ceph: stderr
2024-04-23T14:35:39.423+0000 7fad7d600700 1 -- 172.21.15.110:0/954335742 --> [v2:172.21.15.110:3300/0,v1:172.21.15.110:6789/0] -- mon_subscribe({config=0+,monmap=0+}) v3 -- 0x7fad6c009550 con 0x7fad781087e0
2024-04-23T14:35:40.386 INFO:teuthology.orchestra.run.smithi110.stdout:/usr/bin/ceph: stderr
2024-04-23T14:35:39.424+0000 7fad7d600700 1 --2- 172.21.15.110:0/954335742 >> [v2:172.21.15.110:3300/0,v1:172.21.15.110:6789/0] conn(0x7fad781087e0 0x7fad7819c540 secure :-1 s=READY pgs=40 cs=0 l=1 rev1=1 crypto rx=0x7fad6c006af0 tx=0x7fad6c0047c0 comp rx=0 tx=0).ready entity=mon.0 client_cookie=0 server_cookie=0 in_seq=0 out_seq=0
2024-04-23T14:35:40.386 INFO:teuthology.orchestra.run.smithi110.stdout:/usr/bin/ceph: stderr
2024-04-23T14:35:39.424+0000 7fad76000700 1 -- 172.21.15.110:0/954335742 <== mon.0 v2:172.21.15.110:3300/0 1 ==== mon_map magic: 0 v1 ==== 229+0+0 (secure 0 0 0) 0x7fad6c003a00 con 0x7fad781087e0
2024-04-23T14:35:40.386 INFO:teuthology.orchestra.run.smithi110.stdout:/usr/bin/ceph: stderr
2024-04-23T14:35:39.424+0000 7fad76000700 1 -- 172.21.15.110:0/954335742 <== mon.0 v2:172.21.15.110:3300/0 2 ==== config(27 keys) v1 ==== 1042+0+0 (secure 0 0 0) 0x7fad6c003b60 con 0x7fad781087e0
2024-04-23T14:35:40.386 INFO:teuthology.orchestra.run.smithi110.stdout:/usr/bin/ceph: stderr
2024-04-23T14:35:39.424+0000 7fad80000700 1 -- 172.21.15.110:0/954335742 --> [v2:172.21.15.110:3300/0,v1:172.21.15.110:6789/0] -- mon_subscribe({mgrmap=0+}) v3 -- 0x7fad7819cc80 con 0x7fad781087e0
2024-04-23T14:35:40.386 INFO:teuthology.orchestra.run.smithi110.stdout:/usr/bin/ceph: stderr
2024-04-23T14:35:39.424+0000 7fad76000700 1 -- 172.21.15.110:0/954335742 <== mon.0 v2:172.21.15.110:3300/0 3 ==== mon_map magic: 0 v1 ==== 229+0+0 (secure 0 0 0) 0x7fad6c023750 con 0x7fad781087e0
2024-04-23T14:35:40.386 INFO:teuthology.orchestra.run.smithi110.stdout:/usr/bin/ceph: stderr
2024-04-23T14:35:39.424+0000 7fad80000700 1 -- 172.21.15.110:0/954335742 --> [v2:172.21.15.110:3300/0,v1:172.21.15.110:6789/0] -- mon_subscribe({osdmap=0}) v3 -- 0x7fad7819d120 con 0x7fad781087e0
2024-04-23T14:35:40.387 INFO:teuthology.orchestra.run.smithi110.stdout:/usr/bin/ceph: stderr
2024-04-23T14:35:39.426+0000 7fad80000700 1 -- 172.21.15.110:0/954335742 --> [v2:172.21.15.110:3300/0,v1:172.21.15.110:6789/0] -- mon_command({"prefix": "get_command_descriptions"} v 0) v1 -- 0x7fad7810cbc0 con 0x7fad781087e0
2024-04-23T14:35:40.387 INFO:teuthology.orchestra.run.smithi110.stdout:/usr/bin/ceph: stderr
2024-04-23T14:35:39.426+0000 7fad76000700 1 -- 172.21.15.110:0/954335742 <== mon.0 v2:172.21.15.110:3300/0 4 ==== mgrmap(e 8) v1 ==== 45556+0+0 (secure 0 0 0) 0x7fad6c023940 con 0x7fad781087e0
2024-04-23T14:35:40.387 INFO:teuthology.orchestra.run.smithi110.stdout:/usr/bin/ceph: stderr
2024-04-23T14:35:39.426+0000 7fad76000700 1 --2- 172.21.15.110:0/954335742 >> [v2:172.21.15.110:6800/646529375,v1:172.21.15.110:6801/646529375] conn(0x7fad60038770 0x7fad6003ac30 unknown :-1 s=NONE pgs=0 cs=0 l=1 rev1=0 crypto rx=0 tx=0 comp rx=0 tx=0).connect
2024-04-23T14:35:40.387 INFO:teuthology.orchestra.run.smithi110.stdout:/usr/bin/ceph: stderr
2024-04-23T14:35:39.426+0000 7fad76000700 1 -- 172.21.15.110:0/954335742 <== mon.0 v2:172.21.15.110:3300/0 5 ==== osd_map(2..2 src has 1..2) v4 ==== 940+0+0 (secure 0 0 0) 0x7fad6c04ca40 con 0x7fad781087e0
2024-04-23T14:35:40.387 INFO:teuthology.orchestra.run.smithi110.stdout:/usr/bin/ceph: stderr
2024-04-23T14:35:39.426+0000 7fad7cc00700 1 --2- 172.21.15.110:0/954335742 >> [v2:172.21.15.110:6800/646529375,v1:172.21.15.110:6801/646529375] conn(0x7fad60038770 0x7fad6003ac30 unknown :-1 s=BANNER_CONNECTING pgs=0 cs=0 l=1 rev1=0 crypto rx=0 tx=0 comp rx=0 tx=0)._handle_peer_banner_payload supported=3 required=0
2024-04-23T14:35:40.387 INFO:teuthology.orchestra.run.smithi110.stdout:/usr/bin/ceph: stderr
2024-04-23T14:35:39.427+0000 7fad7cc00700 1 --2- 172.21.15.110:0/954335742 >> [v2:172.21.15.110:6800/646529375,v1:172.21.15.110:6801/646529375] conn(0x7fad60038770 0x7fad6003ac30 secure :-1 s=READY pgs=8 cs=0 l=1 rev1=1 crypto rx=0x7fad68006fd0 tx=0x7fad68006e40 comp rx=0 tx=0).ready entity=mgr.14120 client_cookie=0 server_cookie=0 in_seq=0 out_seq=0
2024-04-23T14:35:40.387 INFO:teuthology.orchestra.run.smithi110.stdout:/usr/bin/ceph: stderr
2024-04-23T14:35:39.431+0000 7fad76000700 1 -- 172.21.15.110:0/954335742 <== mon.0 v2:172.21.15.110:3300/0 6 ==== mon_command_ack([{"prefix": "get_command_descriptions"}]=0 v0) v1 ==== 72+0+183351 (secure 0 0 0) 0x7fad6c02b760 con 0x7fad781087e0
2024-04-23T14:35:40.387 INFO:teuthology.orchestra.run.smithi110.stdout:/usr/bin/ceph: stderr
2024-04-23T14:35:39.650+0000 7fad80000700 1 -- 172.21.15.110:0/954335742 --> [v2:172.21.15.110:6800/646529375,v1:172.21.15.110:6801/646529375] -- mgr_command(tid 0: {"prefix": "cephadm set-user", "user": "root", "target": ["mon-mgr", ""]}) v1 -- 0x7fad78105040 con 0x7fad60038770
2024-04-23T14:35:40.387 INFO:teuthology.orchestra.run.smithi110.stdout:/usr/bin/ceph: stderr
2024-04-23T14:35:39.651+0000 7fad76000700 1 -- 172.21.15.110:0/954335742 <== mgr.14120 v2:172.21.15.110:6800/646529375 1 ==== mgr_command_reply(tid 0: 0 ) v1 ==== 8+0+16 (secure 0 0 0) 0x7fad78105040 con 0x7fad60038770
2024-04-23T14:35:40.387 INFO:teuthology.orchestra.run.smithi110.stdout:/usr/bin/ceph: stderr
2024-04-23T14:35:39.654+0000 7fad80000700 1 -- 172.21.15.110:0/954335742 >> [v2:172.21.15.110:6800/646529375,v1:172.21.15.110:6801/646529375] conn(0x7fad60038770 msgr2=0x7fad6003ac30 secure :-1 s=STATE_CONNECTION_ESTABLISHED l=1).mark_down
2024-04-23T14:35:40.388 INFO:teuthology.orchestra.run.smithi110.stdout:/usr/bin/ceph: stderr
2024-04-23T14:35:39.654+0000 7fad80000700 1 --2- 172.21.15.110:0/954335742 >> [v2:172.21.15.110:6800/646529375,v1:172.21.15.110:6801/646529375] conn(0x7fad60038770 0x7fad6003ac30 secure :-1 s=READY pgs=8 cs=0 l=1 rev1=1 crypto rx=0x7fad68006fd0 tx=0x7fad68006e40 comp rx=0 tx=0).stop
2024-04-23T14:35:40.388 INFO:teuthology.orchestra.run.smithi110.stdout:/usr/bin/ceph: stderr
2024-04-23T14:35:39.654+0000 7fad80000700 1 -- 172.21.15.110:0/954335742 >> [v2:172.21.15.110:3300/0,v1:172.21.15.110:6789/0] conn(0x7fad781087e0 msgr2=0x7fad7819c540 secure :-1 s=STATE_CONNECTION_ESTABLISHED l=1).mark_down
2024-04-23T14:35:40.388 INFO:teuthology.orchestra.run.smithi110.stdout:/usr/bin/ceph: stderr
2024-04-23T14:35:39.654+0000 7fad80000700 1 --2- 172.21.15.110:0/954335742 >> [v2:172.21.15.110:3300/0,v1:172.21.15.110:6789/0] conn(0x7fad781087e0 0x7fad7819c540 secure :-1 s=READY pgs=40 cs=0 l=1 rev1=1 crypto rx=0x7fad6c006af0 tx=0x7fad6c0047c0 comp rx=0 tx=0).stop
2024-04-23T14:35:40.388 INFO:teuthology.orchestra.run.smithi110.stdout:/usr/bin/ceph: stderr
2024-04-23T14:35:39.654+0000 7fad80000700 1 -- 172.21.15.110:0/954335742 shutdown_connections
2024-04-23T14:35:40.388 INFO:teuthology.orchestra.run.smithi110.stdout:/usr/bin/ceph: stderr
2024-04-23T14:35:39.654+0000 7fad80000700 1 --2- 172.21.15.110:0/954335742 >> [v2:172.21.15.110:6800/646529375,v1:172.21.15.110:6801/646529375] conn(0x7fad60038770 0x7fad6003ac30 unknown :-1 s=CLOSED pgs=8 cs=0 l=1 rev1=1 crypto rx=0 tx=0 comp rx=0 tx=0).stop
2024-04-23T14:35:40.388 INFO:teuthology.orchestra.run.smithi110.stdout:/usr/bin/ceph: stderr
2024-04-23T14:35:39.654+0000 7fad80000700 1 --2- 172.21.15.110:0/954335742 >> [v2:172.21.15.110:3300/0,v1:172.21.15.110:6789/0] conn(0x7fad781087e0 0x7fad7819c540 unknown :-1 s=CLOSED pgs=40 cs=0 l=1 rev1=1 crypto rx=0 tx=0 comp rx=0 tx=0).stop
2024-04-23T14:35:40.388 INFO:teuthology.orchestra.run.smithi110.stdout:/usr/bin/ceph: stderr
2024-04-23T14:35:39.654+0000 7fad80000700 1 -- 172.21.15.110:0/954335742 >> 172.21.15.110:0/954335742 conn(0x7fad78103d80 msgr2=0x7fad78104930 unknown :-1 s=STATE_NONE l=0).mark_down
2024-04-23T14:35:40.388 INFO:teuthology.orchestra.run.smithi110.stdout:/usr/bin/ceph: stderr
2024-04-23T14:35:39.654+0000 7fad80000700 1 -- 172.21.15.110:0/954335742 shutdown_connections
2024-04-23T14:35:40.388 INFO:teuthology.orchestra.run.smithi110.stdout:/usr/bin/ceph: stderr
2024-04-23T14:35:39.654+0000 7fad80000700 1 -- 172.21.15.110:0/954335742 wait complete.
2024-04-23T14:35:40.388 INFO:teuthology.orchestra.run.smithi110.stdout:Generating ssh key...
2024-04-23T14:35:40.989 INFO:journalctl@ceph.mon.smithi110.smithi110.stdout:Apr 23 14:35:40 smithi110 ceph-mon[25693]: from='client.14134 -' entity='client.admin' cmd=[{"prefix": "cephadm set-user", "user": "root", "target": ["mon-mgr", ""]}]: dispatch
2024-04-23T14:35:42.006 INFO:teuthology.orchestra.run.smithi110.stdout:/usr/bin/ceph: stderr
2024-04-23T14:35:41.008+0000 7fce70600700 1 Processor -- start
2024-04-23T14:35:42.006 INFO:teuthology.orchestra.run.smithi110.stdout:/usr/bin/ceph: stderr
2024-04-23T14:35:41.008+0000 7fce70600700 1 -- start start
2024-04-23T14:35:42.006 INFO:teuthology.orchestra.run.smithi110.stdout:/usr/bin/ceph: stderr
2024-04-23T14:35:41.009+0000 7fce70600700 1 --2- >> [v2:172.21.15.110:3300/0,v1:172.21.15.110:6789/0] conn(0x7fce6807bf00 0x7fce6807a360 unknown :-1 s=NONE pgs=0 cs=0 l=0 rev1=0 crypto rx=0 tx=0 comp rx=0 tx=0).connect
2024-04-23T14:35:42.006 INFO:teuthology.orchestra.run.smithi110.stdout:/usr/bin/ceph: stderr
2024-04-23T14:35:41.009+0000 7fce70600700 1 -- --> [v2:172.21.15.110:3300/0,v1:172.21.15.110:6789/0] -- mon_getmap magic: 0 v1 -- 0x7fce6807a930 con 0x7fce6807bf00
2024-04-23T14:35:42.006 INFO:teuthology.orchestra.run.smithi110.stdout:/usr/bin/ceph: stderr
2024-04-23T14:35:41.009+0000 7fce6dc00700 1 --2- >> [v2:172.21.15.110:3300/0,v1:172.21.15.110:6789/0] conn(0x7fce6807bf00 0x7fce6807a360 unknown :-1 s=BANNER_CONNECTING pgs=0 cs=0 l=0 rev1=0 crypto rx=0 tx=0 comp rx=0 tx=0)._handle_peer_banner_payload supported=3 required=0
2024-04-23T14:35:42.006 INFO:teuthology.orchestra.run.smithi110.stdout:/usr/bin/ceph: stderr
2024-04-23T14:35:41.009+0000 7fce6dc00700 1 --2- >> [v2:172.21.15.110:3300/0,v1:172.21.15.110:6789/0] conn(0x7fce6807bf00 0x7fce6807a360 unknown :-1 s=HELLO_CONNECTING pgs=0 cs=0 l=0 rev1=1 crypto rx=0 tx=0 comp rx=0 tx=0).handle_hello peer v2:172.21.15.110:3300/0 says I am v2:172.21.15.110:41134/0 (socket says 172.21.15.110:41134)
2024-04-23T14:35:42.006 INFO:teuthology.orchestra.run.smithi110.stdout:/usr/bin/ceph: stderr
2024-04-23T14:35:41.009+0000 7fce6dc00700 1 -- 172.21.15.110:0/1490521581 learned_addr learned my addr 172.21.15.110:0/1490521581 (peer_addr_for_me v2:172.21.15.110:0/0)
2024-04-23T14:35:42.007 INFO:teuthology.orchestra.run.smithi110.stdout:/usr/bin/ceph: stderr
2024-04-23T14:35:41.010+0000 7fce6dc00700 1 -- 172.21.15.110:0/1490521581 --> [v2:172.21.15.110:3300/0,v1:172.21.15.110:6789/0] -- mon_subscribe({config=0+,monmap=0+}) v3 -- 0x7fce6807aa70 con 0x7fce6807bf00
2024-04-23T14:35:42.007 INFO:teuthology.orchestra.run.smithi110.stdout:/usr/bin/ceph: stderr
2024-04-23T14:35:41.010+0000 7fce6dc00700 1 --2- 172.21.15.110:0/1490521581 >> [v2:172.21.15.110:3300/0,v1:172.21.15.110:6789/0] conn(0x7fce6807bf00 0x7fce6807a360 secure :-1 s=READY pgs=41 cs=0 l=1 rev1=1 crypto rx=0x7fce5c009e80 tx=0x7fce5c00b330 comp rx=0 tx=0).ready entity=mon.0 client_cookie=8bce18065fe0a054 server_cookie=0 in_seq=0 out_seq=0
2024-04-23T14:35:42.007 INFO:teuthology.orchestra.run.smithi110.stdout:/usr/bin/ceph: stderr
2024-04-23T14:35:41.010+0000 7fce67e00700 1 -- 172.21.15.110:0/1490521581 <== mon.0 v2:172.21.15.110:3300/0 1 ==== mon_map magic: 0 v1 ==== 229+0+0 (secure 0 0 0) 0x7fce5c00e070 con 0x7fce6807bf00
2024-04-23T14:35:42.007 INFO:teuthology.orchestra.run.smithi110.stdout:/usr/bin/ceph: stderr
2024-04-23T14:35:41.010+0000 7fce67e00700 1 -- 172.21.15.110:0/1490521581 <== mon.0 v2:172.21.15.110:3300/0 2 ==== config(27 keys) v1 ==== 1042+0+0 (secure 0 0 0) 0x7fce5c00b8c0 con 0x7fce6807bf00
2024-04-23T14:35:42.007 INFO:teuthology.orchestra.run.smithi110.stdout:/usr/bin/ceph: stderr
2024-04-23T14:35:41.010+0000 7fce67e00700 1 -- 172.21.15.110:0/1490521581 <== mon.0 v2:172.21.15.110:3300/0 3 ==== mon_map magic: 0 v1 ==== 229+0+0 (secure 0 0 0) 0x7fce5c004440 con 0x7fce6807bf00
2024-04-23T14:35:42.007 INFO:teuthology.orchestra.run.smithi110.stdout:/usr/bin/ceph: stderr
2024-04-23T14:35:41.011+0000 7fce70600700 1 -- 172.21.15.110:0/1490521581 >> [v2:172.21.15.110:3300/0,v1:172.21.15.110:6789/0] conn(0x7fce6807bf00 msgr2=0x7fce6807a360 secure :-1 s=STATE_CONNECTION_ESTABLISHED l=1).mark_down
2024-04-23T14:35:42.007 INFO:teuthology.orchestra.run.smithi110.stdout:/usr/bin/ceph: stderr
2024-04-23T14:35:41.011+0000 7fce70600700 1 --2- 172.21.15.110:0/1490521581 >> [v2:172.21.15.110:3300/0,v1:172.21.15.110:6789/0] conn(0x7fce6807bf00 0x7fce6807a360 secure :-1 s=READY pgs=41 cs=0 l=1 rev1=1 crypto rx=0x7fce5c009e80 tx=0x7fce5c00b330 comp rx=0 tx=0).stop
2024-04-23T14:35:42.007 INFO:teuthology.orchestra.run.smithi110.stdout:/usr/bin/ceph: stderr
2024-04-23T14:35:41.011+0000 7fce70600700 1 -- 172.21.15.110:0/1490521581 shutdown_connections
2024-04-23T14:35:42.007 INFO:teuthology.orchestra.run.smithi110.stdout:/usr/bin/ceph: stderr
2024-04-23T14:35:41.011+0000 7fce70600700 1 --2- 172.21.15.110:0/1490521581 >> [v2:172.21.15.110:3300/0,v1:172.21.15.110:6789/0] conn(0x7fce6807bf00 0x7fce6807a360 unknown :-1 s=CLOSED pgs=41 cs=0 l=1 rev1=1 crypto rx=0 tx=0 comp rx=0 tx=0).stop
2024-04-23T14:35:42.007 INFO:teuthology.orchestra.run.smithi110.stdout:/usr/bin/ceph: stderr
2024-04-23T14:35:41.011+0000 7fce70600700 1 -- 172.21.15.110:0/1490521581 >> 172.21.15.110:0/1490521581 conn(0x7fce68101be0 msgr2=0x7fce68104000 unknown :-1 s=STATE_NONE l=0).mark_down
2024-04-23T14:35:42.007 INFO:teuthology.orchestra.run.smithi110.stdout:/usr/bin/ceph: stderr
2024-04-23T14:35:41.011+0000 7fce70600700 1 -- 172.21.15.110:0/1490521581 shutdown_connections
2024-04-23T14:35:42.007 INFO:teuthology.orchestra.run.smithi110.stdout:/usr/bin/ceph: stderr
2024-04-23T14:35:41.012+0000 7fce70600700 1 -- 172.21.15.110:0/1490521581 wait complete.
2024-04-23T14:35:42.007 INFO:teuthology.orchestra.run.smithi110.stdout:/usr/bin/ceph: stderr
2024-04-23T14:35:41.013+0000 7fce70600700 1 Processor -- start
2024-04-23T14:35:42.008 INFO:teuthology.orchestra.run.smithi110.stdout:/usr/bin/ceph: stderr
2024-04-23T14:35:41.013+0000 7fce70600700 1 -- start start
2024-04-23T14:35:42.008 INFO:teuthology.orchestra.run.smithi110.stdout:/usr/bin/ceph: stderr
2024-04-23T14:35:41.013+0000 7fce70600700 1 --2- >> [v2:172.21.15.110:3300/0,v1:172.21.15.110:6789/0] conn(0x7fce6807bf00 0x7fce681a08b0 unknown :-1 s=NONE pgs=0 cs=0 l=1 rev1=0 crypto rx=0 tx=0 comp rx=0 tx=0).connect
2024-04-23T14:35:42.008 INFO:teuthology.orchestra.run.smithi110.stdout:/usr/bin/ceph: stderr
2024-04-23T14:35:41.013+0000 7fce70600700 1 -- --> [v2:172.21.15.110:3300/0,v1:172.21.15.110:6789/0] -- mon_getmap magic: 0 v1 -- 0x7fce681a0df0 con 0x7fce6807bf00
2024-04-23T14:35:42.008 INFO:teuthology.orchestra.run.smithi110.stdout:/usr/bin/ceph: stderr
2024-04-23T14:35:41.013+0000 7fce6dc00700 1 --2- >> [v2:172.21.15.110:3300/0,v1:172.21.15.110:6789/0] conn(0x7fce6807bf00 0x7fce681a08b0 unknown :-1 s=BANNER_CONNECTING pgs=0 cs=0 l=1 rev1=0 crypto rx=0 tx=0 comp rx=0 tx=0)._handle_peer_banner_payload supported=3 required=0
2024-04-23T14:35:42.008 INFO:teuthology.orchestra.run.smithi110.stdout:/usr/bin/ceph: stderr
2024-04-23T14:35:41.013+0000 7fce6dc00700 1 --2- >> [v2:172.21.15.110:3300/0,v1:172.21.15.110:6789/0] conn(0x7fce6807bf00 0x7fce681a08b0 unknown :-1 s=HELLO_CONNECTING pgs=0 cs=0 l=1 rev1=1 crypto rx=0 tx=0 comp rx=0 tx=0).handle_hello peer v2:172.21.15.110:3300/0 says I am v2:172.21.15.110:41136/0 (socket says 172.21.15.110:41136)
2024-04-23T14:35:42.008 INFO:teuthology.orchestra.run.smithi110.stdout:/usr/bin/ceph: stderr
2024-04-23T14:35:41.013+0000 7fce6dc00700 1 -- 172.21.15.110:0/249270215 learned_addr learned my addr 172.21.15.110:0/249270215 (peer_addr_for_me v2:172.21.15.110:0/0)
2024-04-23T14:35:42.008 INFO:teuthology.orchestra.run.smithi110.stdout:/usr/bin/ceph: stderr
2024-04-23T14:35:41.014+0000 7fce6dc00700 1 -- 172.21.15.110:0/249270215 --> [v2:172.21.15.110:3300/0,v1:172.21.15.110:6789/0] -- mon_subscribe({config=0+,monmap=0+}) v3 -- 0x7fce5c009b30 con 0x7fce6807bf00
2024-04-23T14:35:42.008 INFO:teuthology.orchestra.run.smithi110.stdout:/usr/bin/ceph: stderr
