2024-04-23T14:35:55.766+0000 7fd8b5e00700 1 -- 172.21.15.110:0/2425098650 --> [v2:172.21.15.110:3300/0,v1:172.21.15.110:6789/0] -- mon_subscribe({config=0+,monmap=0+}) v3 -- 0x7fd8a4009550 con 0x7fd8b007adf0
2024-04-23T14:35:56.715 INFO:teuthology.orchestra.run.smithi110.stdout:/usr/bin/ceph: stderr
2024-04-23T14:35:55.767+0000 7fd8b5e00700 1 --2- 172.21.15.110:0/2425098650 >> [v2:172.21.15.110:3300/0,v1:172.21.15.110:6789/0] conn(0x7fd8b007adf0 0x7fd8b019c560 secure :-1 s=READY pgs=54 cs=0 l=1 rev1=1 crypto rx=0x7fd8a40117b0 tx=0x7fd8a4011890 comp rx=0 tx=0).ready entity=mon.0 client_cookie=0 server_cookie=0 in_seq=0 out_seq=0
2024-04-23T14:35:56.715 INFO:teuthology.orchestra.run.smithi110.stdout:/usr/bin/ceph: stderr
2024-04-23T14:35:55.767+0000 7fd8aaa00700 1 -- 172.21.15.110:0/2425098650 <== mon.0 v2:172.21.15.110:3300/0 1 ==== mon_map magic: 0 v1 ==== 229+0+0 (secure 0 0 0) 0x7fd8a40038b0 con 0x7fd8b007adf0
2024-04-23T14:35:56.715 INFO:teuthology.orchestra.run.smithi110.stdout:/usr/bin/ceph: stderr
2024-04-23T14:35:55.767+0000 7fd8aaa00700 1 -- 172.21.15.110:0/2425098650 <== mon.0 v2:172.21.15.110:3300/0 2 ==== config(27 keys) v1 ==== 1109+0+0 (secure 0 0 0) 0x7fd8a4003a10 con 0x7fd8b007adf0
2024-04-23T14:35:56.715 INFO:teuthology.orchestra.run.smithi110.stdout:/usr/bin/ceph: stderr
2024-04-23T14:35:55.767+0000 7fd8aaa00700 1 -- 172.21.15.110:0/2425098650 <== mon.0 v2:172.21.15.110:3300/0 3 ==== mon_map magic: 0 v1 ==== 229+0+0 (secure 0 0 0) 0x7fd8a40246e0 con 0x7fd8b007adf0
2024-04-23T14:35:56.716 INFO:teuthology.orchestra.run.smithi110.stdout:/usr/bin/ceph: stderr
2024-04-23T14:35:55.767+0000 7fd8b8800700 1 -- 172.21.15.110:0/2425098650 --> [v2:172.21.15.110:3300/0,v1:172.21.15.110:6789/0] -- mon_subscribe({mgrmap=0+}) v3 -- 0x7fd8b019cca0 con 0x7fd8b007adf0
2024-04-23T14:35:56.716 INFO:teuthology.orchestra.run.smithi110.stdout:/usr/bin/ceph: stderr
2024-04-23T14:35:55.767+0000 7fd8b8800700 1 -- 172.21.15.110:0/2425098650 --> [v2:172.21.15.110:3300/0,v1:172.21.15.110:6789/0] -- mon_subscribe({osdmap=0}) v3 -- 0x7fd8b019d140 con 0x7fd8b007adf0
2024-04-23T14:35:56.716 INFO:teuthology.orchestra.run.smithi110.stdout:/usr/bin/ceph: stderr
2024-04-23T14:35:55.768+0000 7fd8aaa00700 1 -- 172.21.15.110:0/2425098650 <== mon.0 v2:172.21.15.110:3300/0 4 ==== mgrmap(e 8) v1 ==== 45556+0+0 (secure 0 0 0) 0x7fd8a401a430 con 0x7fd8b007adf0
2024-04-23T14:35:56.716 INFO:teuthology.orchestra.run.smithi110.stdout:/usr/bin/ceph: stderr
2024-04-23T14:35:55.768+0000 7fd8aaa00700 1 --2- 172.21.15.110:0/2425098650 >> [v2:172.21.15.110:6800/646529375,v1:172.21.15.110:6801/646529375] conn(0x7fd898038720 0x7fd89803abe0 unknown :-1 s=NONE pgs=0 cs=0 l=1 rev1=0 crypto rx=0 tx=0 comp rx=0 tx=0).connect
2024-04-23T14:35:56.716 INFO:teuthology.orchestra.run.smithi110.stdout:/usr/bin/ceph: stderr
2024-04-23T14:35:55.768+0000 7fd8aaa00700 1 -- 172.21.15.110:0/2425098650 <== mon.0 v2:172.21.15.110:3300/0 5 ==== osd_map(2..2 src has 1..2) v4 ==== 940+0+0 (secure 0 0 0) 0x7fd8a404c900 con 0x7fd8b007adf0
2024-04-23T14:35:56.716 INFO:teuthology.orchestra.run.smithi110.stdout:/usr/bin/ceph: stderr
2024-04-23T14:35:55.769+0000 7fd8b8800700 1 -- 172.21.15.110:0/2425098650 --> [v2:172.21.15.110:3300/0,v1:172.21.15.110:6789/0] -- mon_command({"prefix": "get_command_descriptions"} v 0) v1 -- 0x7fd8b010c960 con 0x7fd8b007adf0
2024-04-23T14:35:56.716 INFO:teuthology.orchestra.run.smithi110.stdout:/usr/bin/ceph: stderr
2024-04-23T14:35:55.769+0000 7fd8b5400700 1 --2- 172.21.15.110:0/2425098650 >> [v2:172.21.15.110:6800/646529375,v1:172.21.15.110:6801/646529375] conn(0x7fd898038720 0x7fd89803abe0 unknown :-1 s=BANNER_CONNECTING pgs=0 cs=0 l=1 rev1=0 crypto rx=0 tx=0 comp rx=0 tx=0)._handle_peer_banner_payload supported=3 required=0
2024-04-23T14:35:56.716 INFO:teuthology.orchestra.run.smithi110.stdout:/usr/bin/ceph: stderr
2024-04-23T14:35:55.770+0000 7fd8b5400700 1 --2- 172.21.15.110:0/2425098650 >> [v2:172.21.15.110:6800/646529375,v1:172.21.15.110:6801/646529375] conn(0x7fd898038720 0x7fd89803abe0 secure :-1 s=READY pgs=15 cs=0 l=1 rev1=1 crypto rx=0x7fd8a0006fd0 tx=0x7fd8a0006e40 comp rx=0 tx=0).ready entity=mgr.14120 client_cookie=0 server_cookie=0 in_seq=0 out_seq=0
2024-04-23T14:35:56.716 INFO:teuthology.orchestra.run.smithi110.stdout:/usr/bin/ceph: stderr
2024-04-23T14:35:55.775+0000 7fd8aaa00700 1 -- 172.21.15.110:0/2425098650 <== mon.0 v2:172.21.15.110:3300/0 6 ==== mon_command_ack([{"prefix": "get_command_descriptions"}]=0 v0) v1 ==== 72+0+183351 (secure 0 0 0) 0x7fd8a4018b40 con 0x7fd8b007adf0
2024-04-23T14:35:56.716 INFO:teuthology.orchestra.run.smithi110.stdout:/usr/bin/ceph: stderr
2024-04-23T14:35:56.015+0000 7fd8b8800700 1 -- 172.21.15.110:0/2425098650 --> [v2:172.21.15.110:6800/646529375,v1:172.21.15.110:6801/646529375] -- mgr_command(tid 0: {"prefix": "orch apply", "service_type": "ceph-exporter", "target": ["mon-mgr", ""]}) v1 -- 0x7fd8b019f9d0 con 0x7fd898038720
2024-04-23T14:35:56.716 INFO:teuthology.orchestra.run.smithi110.stdout:/usr/bin/ceph: stderr
2024-04-23T14:35:56.022+0000 7fd8aaa00700 1 -- 172.21.15.110:0/2425098650 <== mgr.14120 v2:172.21.15.110:6800/646529375 1 ==== mgr_command_reply(tid 0: 0 ) v1 ==== 8+0+34 (secure 0 0 0) 0x7fd8b019f9d0 con 0x7fd898038720
2024-04-23T14:35:56.716 INFO:teuthology.orchestra.run.smithi110.stdout:/usr/bin/ceph: stderr
2024-04-23T14:35:56.025+0000 7fd8b8800700 1 -- 172.21.15.110:0/2425098650 >> [v2:172.21.15.110:6800/646529375,v1:172.21.15.110:6801/646529375] conn(0x7fd898038720 msgr2=0x7fd89803abe0 secure :-1 s=STATE_CONNECTION_ESTABLISHED l=1).mark_down
2024-04-23T14:35:56.716 INFO:teuthology.orchestra.run.smithi110.stdout:/usr/bin/ceph: stderr
2024-04-23T14:35:56.025+0000 7fd8b8800700 1 --2- 172.21.15.110:0/2425098650 >> [v2:172.21.15.110:6800/646529375,v1:172.21.15.110:6801/646529375] conn(0x7fd898038720 0x7fd89803abe0 secure :-1 s=READY pgs=15 cs=0 l=1 rev1=1 crypto rx=0x7fd8a0006fd0 tx=0x7fd8a0006e40 comp rx=0 tx=0).stop
2024-04-23T14:35:56.717 INFO:teuthology.orchestra.run.smithi110.stdout:/usr/bin/ceph: stderr
2024-04-23T14:35:56.025+0000 7fd8b8800700 1 -- 172.21.15.110:0/2425098650 >> [v2:172.21.15.110:3300/0,v1:172.21.15.110:6789/0] conn(0x7fd8b007adf0 msgr2=0x7fd8b019c560 secure :-1 s=STATE_CONNECTION_ESTABLISHED l=1).mark_down
2024-04-23T14:35:56.717 INFO:teuthology.orchestra.run.smithi110.stdout:/usr/bin/ceph: stderr
2024-04-23T14:35:56.026+0000 7fd8b8800700 1 --2- 172.21.15.110:0/2425098650 >> [v2:172.21.15.110:3300/0,v1:172.21.15.110:6789/0] conn(0x7fd8b007adf0 0x7fd8b019c560 secure :-1 s=READY pgs=54 cs=0 l=1 rev1=1 crypto rx=0x7fd8a40117b0 tx=0x7fd8a4011890 comp rx=0 tx=0).stop
2024-04-23T14:35:56.717 INFO:teuthology.orchestra.run.smithi110.stdout:/usr/bin/ceph: stderr
2024-04-23T14:35:56.026+0000 7fd8b8800700 1 -- 172.21.15.110:0/2425098650 shutdown_connections
2024-04-23T14:35:56.717 INFO:teuthology.orchestra.run.smithi110.stdout:/usr/bin/ceph: stderr
2024-04-23T14:35:56.026+0000 7fd8b8800700 1 --2- 172.21.15.110:0/2425098650 >> [v2:172.21.15.110:6800/646529375,v1:172.21.15.110:6801/646529375] conn(0x7fd898038720 0x7fd89803abe0 unknown :-1 s=CLOSED pgs=15 cs=0 l=1 rev1=1 crypto rx=0 tx=0 comp rx=0 tx=0).stop
2024-04-23T14:35:56.717 INFO:teuthology.orchestra.run.smithi110.stdout:/usr/bin/ceph: stderr
2024-04-23T14:35:56.026+0000 7fd8b8800700 1 --2- 172.21.15.110:0/2425098650 >> [v2:172.21.15.110:3300/0,v1:172.21.15.110:6789/0] conn(0x7fd8b007adf0 0x7fd8b019c560 unknown :-1 s=CLOSED pgs=54 cs=0 l=1 rev1=1 crypto rx=0 tx=0 comp rx=0 tx=0).stop
2024-04-23T14:35:56.717 INFO:teuthology.orchestra.run.smithi110.stdout:/usr/bin/ceph: stderr
2024-04-23T14:35:56.026+0000 7fd8b8800700 1 -- 172.21.15.110:0/2425098650 >> 172.21.15.110:0/2425098650 conn(0x7fd8b0101b70 msgr2=0x7fd8b0102780 unknown :-1 s=STATE_NONE l=0).mark_down
2024-04-23T14:35:56.717 INFO:teuthology.orchestra.run.smithi110.stdout:/usr/bin/ceph: stderr
2024-04-23T14:35:56.026+0000 7fd8b8800700 1 -- 172.21.15.110:0/2425098650 shutdown_connections
2024-04-23T14:35:56.717 INFO:teuthology.orchestra.run.smithi110.stdout:/usr/bin/ceph: stderr
2024-04-23T14:35:56.026+0000 7fd8b8800700 1 -- 172.21.15.110:0/2425098650 wait complete.
2024-04-23T14:35:56.717 INFO:teuthology.orchestra.run.smithi110.stdout:Deploying prometheus service with default placement...
2024-04-23T14:35:57.239 INFO:journalctl@ceph.mon.smithi110.smithi110.stdout:Apr 23 14:35:56 smithi110 ceph-mon[25693]: pgmap v3: 0 pgs: ; 0 B data, 0 B used, 0 B / 0 B avail
2024-04-23T14:35:57.239 INFO:journalctl@ceph.mon.smithi110.smithi110.stdout:Apr 23 14:35:56 smithi110 ceph-mon[25693]: from='mgr.14120 172.21.15.110:0/1006479905' entity='mgr.smithi110.jjtgnx'
2024-04-23T14:35:57.239 INFO:journalctl@ceph.mon.smithi110.smithi110.stdout:Apr 23 14:35:56 smithi110 ceph-mon[25693]: from='mgr.14120 172.21.15.110:0/1006479905' entity='mgr.smithi110.jjtgnx'
2024-04-23T14:35:58.243 INFO:journalctl@ceph.mon.smithi110.smithi110.stdout:Apr 23 14:35:57 smithi110 ceph-mon[25693]: from='client.14148 -' entity='client.admin' cmd=[{"prefix": "orch apply", "service_type": "ceph-exporter", "target": ["mon-mgr", ""]}]: dispatch
2024-04-23T14:35:58.243 INFO:journalctl@ceph.mon.smithi110.smithi110.stdout:Apr 23 14:35:57 smithi110 ceph-mon[25693]: Saving service ceph-exporter spec with placement *
2024-04-23T14:35:58.243 INFO:journalctl@ceph.mon.smithi110.smithi110.stdout:Apr 23 14:35:57 smithi110 ceph-mon[25693]: from='mgr.14120 172.21.15.110:0/1006479905' entity='mgr.smithi110.jjtgnx'
2024-04-23T14:35:58.953 INFO:teuthology.orchestra.run.smithi110.stdout:/usr/bin/ceph: stdout Scheduled prometheus update...
2024-04-23T14:35:58.954 INFO:teuthology.orchestra.run.smithi110.stdout:/usr/bin/ceph: stderr
2024-04-23T14:35:57.295+0000 7fefeb000700 1 Processor -- start
2024-04-23T14:35:58.955 INFO:teuthology.orchestra.run.smithi110.stdout:/usr/bin/ceph: stderr
2024-04-23T14:35:57.295+0000 7fefeb000700 1 -- start start
2024-04-23T14:35:58.955 INFO:teuthology.orchestra.run.smithi110.stdout:/usr/bin/ceph: stderr
2024-04-23T14:35:57.295+0000 7fefeb000700 1 --2- >> [v2:172.21.15.110:3300/0,v1:172.21.15.110:6789/0] conn(0x7fefe4107020 0x7fefe4109410 unknown :-1 s=NONE pgs=0 cs=0 l=0 rev1=0 crypto rx=0 tx=0 comp rx=0 tx=0).connect
2024-04-23T14:35:58.955 INFO:teuthology.orchestra.run.smithi110.stdout:/usr/bin/ceph: stderr
2024-04-23T14:35:57.295+0000 7fefeb000700 1 -- --> [v2:172.21.15.110:3300/0,v1:172.21.15.110:6789/0] -- mon_getmap magic: 0 v1 -- 0x7fefe40747b0 con 0x7fefe4107020
2024-04-23T14:35:58.955 INFO:teuthology.orchestra.run.smithi110.stdout:/usr/bin/ceph: stderr
2024-04-23T14:35:57.295+0000 7fefe3e00700 1 --2- >> [v2:172.21.15.110:3300/0,v1:172.21.15.110:6789/0] conn(0x7fefe4107020 0x7fefe4109410 unknown :-1 s=BANNER_CONNECTING pgs=0 cs=0 l=0 rev1=0 crypto rx=0 tx=0 comp rx=0 tx=0)._handle_peer_banner_payload supported=3 required=0
2024-04-23T14:35:58.958 INFO:teuthology.orchestra.run.smithi110.stdout:/usr/bin/ceph: stderr
2024-04-23T14:35:57.295+0000 7fefe3e00700 1 --2- >> [v2:172.21.15.110:3300/0,v1:172.21.15.110:6789/0] conn(0x7fefe4107020 0x7fefe4109410 unknown :-1 s=HELLO_CONNECTING pgs=0 cs=0 l=0 rev1=1 crypto rx=0 tx=0 comp rx=0 tx=0).handle_hello peer v2:172.21.15.110:3300/0 says I am v2:172.21.15.110:52018/0 (socket says 172.21.15.110:52018)
2024-04-23T14:35:58.959 INFO:teuthology.orchestra.run.smithi110.stdout:/usr/bin/ceph: stderr
2024-04-23T14:35:57.295+0000 7fefe3e00700 1 -- 172.21.15.110:0/792249230 learned_addr learned my addr 172.21.15.110:0/792249230 (peer_addr_for_me v2:172.21.15.110:0/0)
2024-04-23T14:35:58.959 INFO:teuthology.orchestra.run.smithi110.stdout:/usr/bin/ceph: stderr
2024-04-23T14:35:57.296+0000 7fefe3e00700 1 -- 172.21.15.110:0/792249230 --> [v2:172.21.15.110:3300/0,v1:172.21.15.110:6789/0] -- mon_subscribe({config=0+,monmap=0+}) v3 -- 0x7fefe4109950 con 0x7fefe4107020
2024-04-23T14:35:58.959 INFO:teuthology.orchestra.run.smithi110.stdout:/usr/bin/ceph: stderr
2024-04-23T14:35:57.296+0000 7fefe3e00700 1 --2- 172.21.15.110:0/792249230 >> [v2:172.21.15.110:3300/0,v1:172.21.15.110:6789/0] conn(0x7fefe4107020 0x7fefe4109410 secure :-1 s=READY pgs=55 cs=0 l=1 rev1=1 crypto rx=0x7fefd40098a0 tx=0x7fefd4009bb0 comp rx=0 tx=0).ready entity=mon.0 client_cookie=56fdc39e0075c580 server_cookie=0 in_seq=0 out_seq=0
2024-04-23T14:35:58.959 INFO:teuthology.orchestra.run.smithi110.stdout:/usr/bin/ceph: stderr
2024-04-23T14:35:57.296+0000 7fefe2a00700 1 -- 172.21.15.110:0/792249230 <== mon.0 v2:172.21.15.110:3300/0 1 ==== mon_map magic: 0 v1 ==== 229+0+0 (secure 0 0 0) 0x7fefd4004180 con 0x7fefe4107020
2024-04-23T14:35:58.959 INFO:teuthology.orchestra.run.smithi110.stdout:/usr/bin/ceph: stderr
2024-04-23T14:35:57.296+0000 7fefe2a00700 1 -- 172.21.15.110:0/792249230 <== mon.0 v2:172.21.15.110:3300/0 2 ==== config(27 keys) v1 ==== 1109+0+0 (secure 0 0 0) 0x7fefd40042e0 con 0x7fefe4107020
2024-04-23T14:35:58.959 INFO:teuthology.orchestra.run.smithi110.stdout:/usr/bin/ceph: stderr
2024-04-23T14:35:57.296+0000 7fefe2a00700 1 -- 172.21.15.110:0/792249230 <== mon.0 v2:172.21.15.110:3300/0 3 ==== mon_map magic: 0 v1 ==== 229+0+0 (secure 0 0 0) 0x7fefd4011b10 con 0x7fefe4107020
2024-04-23T14:35:58.959 INFO:teuthology.orchestra.run.smithi110.stdout:/usr/bin/ceph: stderr
2024-04-23T14:35:57.297+0000 7fefeb000700 1 -- 172.21.15.110:0/792249230 >> [v2:172.21.15.110:3300/0,v1:172.21.15.110:6789/0] conn(0x7fefe4107020 msgr2=0x7fefe4109410 secure :-1 s=STATE_CONNECTION_ESTABLISHED l=1).mark_down
2024-04-23T14:35:58.959 INFO:teuthology.orchestra.run.smithi110.stdout:/usr/bin/ceph: stderr
2024-04-23T14:35:57.297+0000 7fefeb000700 1 --2- 172.21.15.110:0/792249230 >> [v2:172.21.15.110:3300/0,v1:172.21.15.110:6789/0] conn(0x7fefe4107020 0x7fefe4109410 secure :-1 s=READY pgs=55 cs=0 l=1 rev1=1 crypto rx=0x7fefd40098a0 tx=0x7fefd4009bb0 comp rx=0 tx=0).stop
2024-04-23T14:35:58.959 INFO:teuthology.orchestra.run.smithi110.stdout:/usr/bin/ceph: stderr
2024-04-23T14:35:57.297+0000 7fefeb000700 1 -- 172.21.15.110:0/792249230 shutdown_connections
2024-04-23T14:35:58.959 INFO:teuthology.orchestra.run.smithi110.stdout:/usr/bin/ceph: stderr
2024-04-23T14:35:57.297+0000 7fefeb000700 1 --2- 172.21.15.110:0/792249230 >> [v2:172.21.15.110:3300/0,v1:172.21.15.110:6789/0] conn(0x7fefe4107020 0x7fefe4109410 unknown :-1 s=CLOSED pgs=55 cs=0 l=1 rev1=1 crypto rx=0 tx=0 comp rx=0 tx=0).stop
2024-04-23T14:35:58.959 INFO:teuthology.orchestra.run.smithi110.stdout:/usr/bin/ceph: stderr
2024-04-23T14:35:57.297+0000 7fefeb000700 1 -- 172.21.15.110:0/792249230 >> 172.21.15.110:0/792249230 conn(0x7fefe4100a50 msgr2=0x7fefe4102e90 unknown :-1 s=STATE_NONE l=0).mark_down
2024-04-23T14:35:58.959 INFO:teuthology.orchestra.run.smithi110.stdout:/usr/bin/ceph: stderr
2024-04-23T14:35:57.297+0000 7fefeb000700 1 -- 172.21.15.110:0/792249230 shutdown_connections
2024-04-23T14:35:58.959 INFO:teuthology.orchestra.run.smithi110.stdout:/usr/bin/ceph: stderr
2024-04-23T14:35:57.298+0000 7fefeb000700 1 -- 172.21.15.110:0/792249230 wait complete.
2024-04-23T14:35:58.960 INFO:teuthology.orchestra.run.smithi110.stdout:/usr/bin/ceph: stderr
2024-04-23T14:35:57.298+0000 7fefeb000700 1 Processor -- start
2024-04-23T14:35:58.960 INFO:teuthology.orchestra.run.smithi110.stdout:/usr/bin/ceph: stderr
2024-04-23T14:35:57.299+0000 7fefeb000700 1 -- start start
2024-04-23T14:35:58.960 INFO:teuthology.orchestra.run.smithi110.stdout:/usr/bin/ceph: stderr
2024-04-23T14:35:57.299+0000 7fefeb000700 1 --2- >> [v2:172.21.15.110:3300/0,v1:172.21.15.110:6789/0] conn(0x7fefe4107020 0x7fefe419c580 unknown :-1 s=NONE pgs=0 cs=0 l=1 rev1=0 crypto rx=0 tx=0 comp rx=0 tx=0).connect
2024-04-23T14:35:58.960 INFO:teuthology.orchestra.run.smithi110.stdout:/usr/bin/ceph: stderr
2024-04-23T14:35:57.299+0000 7fefeb000700 1 -- --> [v2:172.21.15.110:3300/0,v1:172.21.15.110:6789/0] -- mon_getmap magic: 0 v1 -- 0x7fefe419cac0 con 0x7fefe4107020
2024-04-23T14:35:58.960 INFO:teuthology.orchestra.run.smithi110.stdout:/usr/bin/ceph: stderr
2024-04-23T14:35:57.299+0000 7fefe3e00700 1 --2- >> [v2:172.21.15.110:3300/0,v1:172.21.15.110:6789/0] conn(0x7fefe4107020 0x7fefe419c580 unknown :-1 s=BANNER_CONNECTING pgs=0 cs=0 l=1 rev1=0 crypto rx=0 tx=0 comp rx=0 tx=0)._handle_peer_banner_payload supported=3 required=0
2024-04-23T14:35:58.960 INFO:teuthology.orchestra.run.smithi110.stdout:/usr/bin/ceph: stderr
2024-04-23T14:35:57.299+0000 7fefe3e00700 1 --2- >> [v2:172.21.15.110:3300/0,v1:172.21.15.110:6789/0] conn(0x7fefe4107020 0x7fefe419c580 unknown :-1 s=HELLO_CONNECTING pgs=0 cs=0 l=1 rev1=1 crypto rx=0 tx=0 comp rx=0 tx=0).handle_hello peer v2:172.21.15.110:3300/0 says I am v2:172.21.15.110:52032/0 (socket says 172.21.15.110:52032)
2024-04-23T14:35:58.960 INFO:teuthology.orchestra.run.smithi110.stdout:/usr/bin/ceph: stderr
2024-04-23T14:35:57.299+0000 7fefe3e00700 1 -- 172.21.15.110:0/3755044052 learned_addr learned my addr 172.21.15.110:0/3755044052 (peer_addr_for_me v2:172.21.15.110:0/0)
2024-04-23T14:35:58.960 INFO:teuthology.orchestra.run.smithi110.stdout:/usr/bin/ceph: stderr
2024-04-23T14:35:57.300+0000 7fefe3e00700 1 -- 172.21.15.110:0/3755044052 --> [v2:172.21.15.110:3300/0,v1:172.21.15.110:6789/0] -- mon_subscribe({config=0+,monmap=0+}) v3 -- 0x7fefd4009550 con 0x7fefe4107020
2024-04-23T14:35:58.960 INFO:teuthology.orchestra.run.smithi110.stdout:/usr/bin/ceph: stderr
2024-04-23T14:35:57.300+0000 7fefe3e00700 1 --2- 172.21.15.110:0/3755044052 >> [v2:172.21.15.110:3300/0,v1:172.21.15.110:6789/0] conn(0x7fefe4107020 0x7fefe419c580 secure :-1 s=READY pgs=56 cs=0 l=1 rev1=1 crypto rx=0x7fefd40117b0 tx=0x7fefd4011890 comp rx=0 tx=0).ready entity=mon.0 client_cookie=0 server_cookie=0 in_seq=0 out_seq=0
2024-04-23T14:35:58.960 INFO:teuthology.orchestra.run.smithi110.stdout:/usr/bin/ceph: stderr
2024-04-23T14:35:57.300+0000 7fefe0c00700 1 -- 172.21.15.110:0/3755044052 <== mon.0 v2:172.21.15.110:3300/0 1 ==== mon_map magic: 0 v1 ==== 229+0+0 (secure 0 0 0) 0x7fefd40038b0 con 0x7fefe4107020
2024-04-23T14:35:58.960 INFO:teuthology.orchestra.run.smithi110.stdout:/usr/bin/ceph: stderr
2024-04-23T14:35:57.300+0000 7fefe0c00700 1 -- 172.21.15.110:0/3755044052 <== mon.0 v2:172.21.15.110:3300/0 2 ==== config(27 keys) v1 ==== 1109+0+0 (secure 0 0 0) 0x7fefd4003a10 con 0x7fefe4107020
2024-04-23T14:35:58.960 INFO:teuthology.orchestra.run.smithi110.stdout:/usr/bin/ceph: stderr
2024-04-23T14:35:57.300+0000 7fefe0c00700 1 -- 172.21.15.110:0/3755044052 <== mon.0 v2:172.21.15.110:3300/0 3 ==== mon_map magic: 0 v1 ==== 229+0+0 (secure 0 0 0) 0x7fefd4024780 con 0x7fefe4107020
2024-04-23T14:35:58.961 INFO:teuthology.orchestra.run.smithi110.stdout:/usr/bin/ceph: stderr
2024-04-23T14:35:57.300+0000 7fefeb000700 1 -- 172.21.15.110:0/3755044052 --> [v2:172.21.15.110:3300/0,v1:172.21.15.110:6789/0] -- mon_subscribe({mgrmap=0+}) v3 -- 0x7fefe419ccc0 con 0x7fefe4107020
2024-04-23T14:35:58.961 INFO:teuthology.orchestra.run.smithi110.stdout:/usr/bin/ceph: stderr
2024-04-23T14:35:57.300+0000 7fefeb000700 1 -- 172.21.15.110:0/3755044052 --> [v2:172.21.15.110:3300/0,v1:172.21.15.110:6789/0] -- mon_subscribe({osdmap=0}) v3 -- 0x7fefe419d160 con 0x7fefe4107020
2024-04-23T14:35:58.961 INFO:teuthology.orchestra.run.smithi110.stdout:/usr/bin/ceph: stderr
2024-04-23T14:35:57.302+0000 7fefeb000700 1 -- 172.21.15.110:0/3755044052 --> [v2:172.21.15.110:3300/0,v1:172.21.15.110:6789/0] -- mon_command({"prefix": "get_command_descriptions"} v 0) v1 -- 0x7fefe410a740 con 0x7fefe4107020
2024-04-23T14:35:58.963 INFO:teuthology.orchestra.run.smithi110.stdout:/usr/bin/ceph: stderr
2024-04-23T14:35:57.302+0000 7fefe0c00700 1 -- 172.21.15.110:0/3755044052 <== mon.0 v2:172.21.15.110:3300/0 4 ==== mgrmap(e 8) v1 ==== 45556+0+0 (secure 0 0 0) 0x7fefd401a430 con 0x7fefe4107020
2024-04-23T14:35:58.963 INFO:teuthology.orchestra.run.smithi110.stdout:/usr/bin/ceph: stderr
2024-04-23T14:35:57.302+0000 7fefe0c00700 1 --2- 172.21.15.110:0/3755044052 >> [v2:172.21.15.110:6800/646529375,v1:172.21.15.110:6801/646529375] conn(0x7fefc8038770 0x7fefc803ac30 unknown :-1 s=NONE pgs=0 cs=0 l=1 rev1=0 crypto rx=0 tx=0 comp rx=0 tx=0).connect
2024-04-23T14:35:58.963 INFO:teuthology.orchestra.run.smithi110.stdout:/usr/bin/ceph: stderr
2024-04-23T14:35:57.302+0000 7fefe0c00700 1 -- 172.21.15.110:0/3755044052 <== mon.0 v2:172.21.15.110:3300/0 5 ==== osd_map(2..2 src has 1..2) v4 ==== 940+0+0 (secure 0 0 0) 0x7fefd404c720 con 0x7fefe4107020
2024-04-23T14:35:58.963 INFO:teuthology.orchestra.run.smithi110.stdout:/usr/bin/ceph: stderr
2024-04-23T14:35:57.303+0000 7fefe3400700 1 --2- 172.21.15.110:0/3755044052 >> [v2:172.21.15.110:6800/646529375,v1:172.21.15.110:6801/646529375] conn(0x7fefc8038770 0x7fefc803ac30 unknown :-1 s=BANNER_CONNECTING pgs=0 cs=0 l=1 rev1=0 crypto rx=0 tx=0 comp rx=0 tx=0)._handle_peer_banner_payload supported=3 required=0
2024-04-23T14:35:58.963 INFO:teuthology.orchestra.run.smithi110.stdout:/usr/bin/ceph: stderr
2024-04-23T14:35:57.303+0000 7fefe3400700 1 --2- 172.21.15.110:0/3755044052 >> [v2:172.21.15.110:6800/646529375,v1:172.21.15.110:6801/646529375] conn(0x7fefc8038770 0x7fefc803ac30 secure :-1 s=READY pgs=16 cs=0 l=1 rev1=1 crypto rx=0x7fefd0006fd0 tx=0x7fefd0006e40 comp rx=0 tx=0).ready entity=mgr.14120 client_cookie=0 server_cookie=0 in_seq=0 out_seq=0
2024-04-23T14:35:58.963 INFO:teuthology.orchestra.run.smithi110.stdout:/usr/bin/ceph: stderr
2024-04-23T14:35:57.308+0000 7fefe0c00700 1 -- 172.21.15.110:0/3755044052 <== mon.0 v2:172.21.15.110:3300/0 6 ==== mon_command_ack([{"prefix": "get_command_descriptions"}]=0 v0) v1 ==== 72+0+183351 (secure 0 0 0) 0x7fefd401a6e0 con 0x7fefe4107020
2024-04-23T14:35:58.963 INFO:teuthology.orchestra.run.smithi110.stdout:/usr/bin/ceph: stderr
2024-04-23T14:35:57.533+0000 7fefeb000700 1 -- 172.21.15.110:0/3755044052 --> [v2:172.21.15.110:6800/646529375,v1:172.21.15.110:6801/646529375] -- mgr_command(tid 0: {"prefix": "orch apply", "service_type": "prometheus", "target": ["mon-mgr", ""]}) v1 -- 0x7fefe419fa50 con 0x7fefc8038770
2024-04-23T14:35:58.963 INFO:teuthology.orchestra.run.smithi110.stdout:/usr/bin/ceph: stderr
2024-04-23T14:35:57.545+0000 7fefe0c00700 1 -- 172.21.15.110:0/3755044052 <== mgr.14120 v2:172.21.15.110:6800/646529375 1 ==== mgr_command_reply(tid 0: 0 ) v1 ==== 8+0+31 (secure 0 0 0) 0x7fefe419fa50 con 0x7fefc8038770
2024-04-23T14:35:58.964 INFO:teuthology.orchestra.run.smithi110.stdout:/usr/bin/ceph: stderr
2024-04-23T14:35:57.548+0000 7fefeb000700 1 -- 172.21.15.110:0/3755044052 >> [v2:172.21.15.110:6800/646529375,v1:172.21.15.110:6801/646529375] conn(0x7fefc8038770 msgr2=0x7fefc803ac30 secure :-1 s=STATE_CONNECTION_ESTABLISHED l=1).mark_down
2024-04-23T14:35:58.964 INFO:teuthology.orchestra.run.smithi110.stdout:/usr/bin/ceph: stderr
2024-04-23T14:35:57.548+0000 7fefeb000700 1 --2- 172.21.15.110:0/3755044052 >> [v2:172.21.15.110:6800/646529375,v1:172.21.15.110:6801/646529375] conn(0x7fefc8038770 0x7fefc803ac30 secure :-1 s=READY pgs=16 cs=0 l=1 rev1=1 crypto rx=0x7fefd0006fd0 tx=0x7fefd0006e40 comp rx=0 tx=0).stop
2024-04-23T14:35:58.964 INFO:teuthology.orchestra.run.smithi110.stdout:/usr/bin/ceph: stderr
2024-04-23T14:35:57.548+0000 7fefeb000700 1 -- 172.21.15.110:0/3755044052 >> [v2:172.21.15.110:3300/0,v1:172.21.15.110:6789/0] conn(0x7fefe4107020 msgr2=0x7fefe419c580 secure :-1 s=STATE_CONNECTION_ESTABLISHED l=1).mark_down
2024-04-23T14:35:58.964 INFO:teuthology.orchestra.run.smithi110.stdout:/usr/bin/ceph: stderr
2024-04-23T14:35:57.548+0000 7fefeb000700 1 --2- 172.21.15.110:0/3755044052 >> [v2:172.21.15.110:3300/0,v1:172.21.15.110:6789/0] conn(0x7fefe4107020 0x7fefe419c580 secure :-1 s=READY pgs=56 cs=0 l=1 rev1=1 crypto rx=0x7fefd40117b0 tx=0x7fefd4011890 comp rx=0 tx=0).stop
2024-04-23T14:35:58.964 INFO:teuthology.orchestra.run.smithi110.stdout:/usr/bin/ceph: stderr
2024-04-23T14:35:57.549+0000 7fefeb000700 1 -- 172.21.15.110:0/3755044052 shutdown_connections
2024-04-23T14:35:58.964 INFO:teuthology.orchestra.run.smithi110.stdout:/usr/bin/ceph: stderr
2024-04-23T14:35:57.549+0000 7fefeb000700 1 --2- 172.21.15.110:0/3755044052 >> [v2:172.21.15.110:6800/646529375,v1:172.21.15.110:6801/646529375] conn(0x7fefc8038770 0x7fefc803ac30 unknown :-1 s=CLOSED pgs=16 cs=0 l=1 rev1=1 crypto rx=0 tx=0 comp rx=0 tx=0).stop
2024-04-23T14:35:58.964 INFO:teuthology.orchestra.run.smithi110.stdout:/usr/bin/ceph: stderr
2024-04-23T14:35:57.549+0000 7fefeb000700 1 --2- 172.21.15.110:0/3755044052 >> [v2:172.21.15.110:3300/0,v1:172.21.15.110:6789/0] conn(0x7fefe4107020 0x7fefe419c580 unknown :-1 s=CLOSED pgs=56 cs=0 l=1 rev1=1 crypto rx=0 tx=0 comp rx=0 tx=0).stop
2024-04-23T14:35:58.964 INFO:teuthology.orchestra.run.smithi110.stdout:/usr/bin/ceph: stderr
2024-04-23T14:35:57.549+0000 7fefeb000700 1 -- 172.21.15.110:0/3755044052 >> 172.21.15.110:0/3755044052 conn(0x7fefe4100a50 msgr2=0x7fefe4101520 unknown :-1 s=STATE_NONE l=0).mark_down
2024-04-23T14:35:58.964 INFO:teuthology.orchestra.run.smithi110.stdout:/usr/bin/ceph: stderr
2024-04-23T14:35:57.549+0000 7fefeb000700 1 -- 172.21.15.110:0/3755044052 shutdown_connections
2024-04-23T14:35:58.964 INFO:teuthology.orchestra.run.smithi110.stdout:/usr/bin/ceph: stderr
2024-04-23T14:35:57.549+0000 7fefeb000700 1 -- 172.21.15.110:0/3755044052 wait complete.
2024-04-23T14:35:58.964 INFO:teuthology.orchestra.run.smithi110.stdout:Deploying grafana service with default placement...
2024-04-23T14:35:59.233 INFO:journalctl@ceph.mon.smithi110.smithi110.stdout:Apr 23 14:35:58 smithi110 ceph-mon[25693]: from='client.14150 -' entity='client.admin' cmd=[{"prefix": "orch apply", "service_type": "prometheus", "target": ["mon-mgr", ""]}]: dispatch
2024-04-23T14:35:59.233 INFO:journalctl@ceph.mon.smithi110.smithi110.stdout:Apr 23 14:35:58 smithi110 ceph-mon[25693]: Saving service prometheus spec with placement count:1
2024-04-23T14:35:59.233 INFO:journalctl@ceph.mon.smithi110.smithi110.stdout:Apr 23 14:35:58 smithi110 ceph-mon[25693]: pgmap v4: 0 pgs: ; 0 B data, 0 B used, 0 B / 0 B avail
2024-04-23T14:36:00.371 INFO:teuthology.orchestra.run.smithi110.stdout:/usr/bin/ceph: stdout Scheduled grafana update...
2024-04-23T14:36:00.371 INFO:teuthology.orchestra.run.smithi110.stdout:/usr/bin/ceph: stderr
2024-04-23T14:35:59.547+0000 7fbc71400700 1 Processor -- start
2024-04-23T14:36:00.371 INFO:teuthology.orchestra.run.smithi110.stdout:/usr/bin/ceph: stderr
2024-04-23T14:35:59.547+0000 7fbc71400700 1 -- start start
2024-04-23T14:36:00.371 INFO:teuthology.orchestra.run.smithi110.stdout:/usr/bin/ceph: stderr
2024-04-23T14:35:59.547+0000 7fbc71400700 1 --2- >> [v2:172.21.15.110:3300/0,v1:172.21.15.110:6789/0] conn(0x7fbc6c10cfd0 0x7fbc6c10d3f0 unknown :-1 s=NONE pgs=0 cs=0 l=0 rev1=0 crypto rx=0 tx=0 comp rx=0 tx=0).connect
2024-04-23T14:36:00.371 INFO:teuthology.orchestra.run.smithi110.stdout:/usr/bin/ceph: stderr
2024-04-23T14:35:59.547+0000 7fbc71400700 1 -- --> [v2:172.21.15.110:3300/0,v1:172.21.15.110:6789/0] -- mon_getmap magic: 0 v1 -- 0x7fbc6c10d9c0 con 0x7fbc6c10cfd0
2024-04-23T14:36:00.372 INFO:teuthology.orchestra.run.smithi110.stdout:/usr/bin/ceph: stderr
2024-04-23T14:35:59.548+0000 7fbc6a800700 1 --2- >> [v2:172.21.15.110:3300/0,v1:172.21.15.110:6789/0] conn(0x7fbc6c10cfd0 0x7fbc6c10d3f0 unknown :-1 s=BANNER_CONNECTING pgs=0 cs=0 l=0 rev1=0 crypto rx=0 tx=0 comp rx=0 tx=0)._handle_peer_banner_payload supported=3 required=0
2024-04-23T14:36:00.372 INFO:teuthology.orchestra.run.smithi110.stdout:/usr/bin/ceph: stderr
2024-04-23T14:35:59.548+0000 7fbc6a800700 1 --2- >> [v2:172.21.15.110:3300/0,v1:172.21.15.110:6789/0] conn(0x7fbc6c10cfd0 0x7fbc6c10d3f0 unknown :-1 s=HELLO_CONNECTING pgs=0 cs=0 l=0 rev1=1 crypto rx=0 tx=0 comp rx=0 tx=0).handle_hello peer v2:172.21.15.110:3300/0 says I am v2:172.21.15.110:52040/0 (socket says 172.21.15.110:52040)
2024-04-23T14:36:00.372 INFO:teuthology.orchestra.run.smithi110.stdout:/usr/bin/ceph: stderr
2024-04-23T14:35:59.548+0000 7fbc6a800700 1 -- 172.21.15.110:0/2625987648 learned_addr learned my addr 172.21.15.110:0/2625987648 (peer_addr_for_me v2:172.21.15.110:0/0)
2024-04-23T14:36:00.372 INFO:teuthology.orchestra.run.smithi110.stdout:/usr/bin/ceph: stderr
2024-04-23T14:35:59.549+0000 7fbc6a800700 1 -- 172.21.15.110:0/2625987648 --> [v2:172.21.15.110:3300/0,v1:172.21.15.110:6789/0] -- mon_subscribe({config=0+,monmap=0+}) v3 -- 0x7fbc6c10ddc0 con 0x7fbc6c10cfd0
2024-04-23T14:36:00.372 INFO:teuthology.orchestra.run.smithi110.stdout:/usr/bin/ceph: stderr
2024-04-23T14:35:59.549+0000 7fbc6a800700 1 --2- 172.21.15.110:0/2625987648 >> [v2:172.21.15.110:3300/0,v1:172.21.15.110:6789/0] conn(0x7fbc6c10cfd0 0x7fbc6c10d3f0 secure :-1 s=READY pgs=57 cs=0 l=1 rev1=1 crypto rx=0x7fbc5c0098a0 tx=0x7fbc5c009bb0 comp rx=0 tx=0).ready entity=mon.0 client_cookie=d74edd2097f6fa3c server_cookie=0 in_seq=0 out_seq=0
2024-04-23T14:36:00.372 INFO:teuthology.orchestra.run.smithi110.stdout:/usr/bin/ceph: stderr
2024-04-23T14:35:59.549+0000 7fbc69e00700 1 -- 172.21.15.110:0/2625987648 <== mon.0 v2:172.21.15.110:3300/0 1 ==== mon_map magic: 0 v1 ==== 229+0+0 (secure 0 0 0) 0x7fbc5c004180 con 0x7fbc6c10cfd0
2024-04-23T14:36:00.372 INFO:teuthology.orchestra.run.smithi110.stdout:/usr/bin/ceph: stderr
2024-04-23T14:35:59.549+0000 7fbc69e00700 1 -- 172.21.15.110:0/2625987648 <== mon.0 v2:172.21.15.110:3300/0 2 ==== config(27 keys) v1 ==== 1109+0+0 (secure 0 0 0) 0x7fbc5c0042e0 con 0x7fbc6c10cfd0
2024-04-23T14:36:00.372 INFO:teuthology.orchestra.run.smithi110.stdout:/usr/bin/ceph: stderr
2024-04-23T14:35:59.549+0000 7fbc69e00700 1 -- 172.21.15.110:0/2625987648 <== mon.0 v2:172.21.15.110:3300/0 3 ==== mon_map magic: 0 v1 ==== 229+0+0 (secure 0 0 0) 0x7fbc5c011b10 con 0x7fbc6c10cfd0
2024-04-23T14:36:00.372 INFO:teuthology.orchestra.run.smithi110.stdout:/usr/bin/ceph: stderr
2024-04-23T14:35:59.550+0000 7fbc71400700 1 -- 172.21.15.110:0/2625987648 >> [v2:172.21.15.110:3300/0,v1:172.21.15.110:6789/0] conn(0x7fbc6c10cfd0 msgr2=0x7fbc6c10d3f0 secure :-1 s=STATE_CONNECTION_ESTABLISHED l=1).mark_down
2024-04-23T14:36:00.372 INFO:teuthology.orchestra.run.smithi110.stdout:/usr/bin/ceph: stderr
2024-04-23T14:35:59.550+0000 7fbc71400700 1 --2- 172.21.15.110:0/2625987648 >> [v2:172.21.15.110:3300/0,v1:172.21.15.110:6789/0] conn(0x7fbc6c10cfd0 0x7fbc6c10d3f0 secure :-1 s=READY pgs=57 cs=0 l=1 rev1=1 crypto rx=0x7fbc5c0098a0 tx=0x7fbc5c009bb0 comp rx=0 tx=0).stop
2024-04-23T14:36:00.372 INFO:teuthology.orchestra.run.smithi110.stdout:/usr/bin/ceph: stderr
2024-04-23T14:35:59.550+0000 7fbc71400700 1 -- 172.21.15.110:0/2625987648 shutdown_connections
2024-04-23T14:36:00.373 INFO:teuthology.orchestra.run.smithi110.stdout:/usr/bin/ceph: stderr
2024-04-23T14:35:59.550+0000 7fbc71400700 1 --2- 172.21.15.110:0/2625987648 >> [v2:172.21.15.110:3300/0,v1:172.21.15.110:6789/0] conn(0x7fbc6c10cfd0 0x7fbc6c10d3f0 unknown :-1 s=CLOSED pgs=57 cs=0 l=1 rev1=1 crypto rx=0 tx=0 comp rx=0 tx=0).stop
2024-04-23T14:36:00.373 INFO:teuthology.orchestra.run.smithi110.stdout:/usr/bin/ceph: stderr
2024-04-23T14:35:59.550+0000 7fbc71400700 1 -- 172.21.15.110:0/2625987648 >> 172.21.15.110:0/2625987648 conn(0x7fbc6c07bbf0 msgr2=0x7fbc6c07e030 unknown :-1 s=STATE_NONE l=0).mark_down
2024-04-23T14:36:00.373 INFO:teuthology.orchestra.run.smithi110.stdout:/usr/bin/ceph: stderr
2024-04-23T14:35:59.550+0000 7fbc71400700 1 -- 172.21.15.110:0/2625987648 shutdown_connections
2024-04-23T14:36:00.373 INFO:teuthology.orchestra.run.smithi110.stdout:/usr/bin/ceph: stderr
2024-04-23T14:35:59.550+0000 7fbc71400700 1 -- 172.21.15.110:0/2625987648 wait complete.
2024-04-23T14:36:00.373 INFO:teuthology.orchestra.run.smithi110.stdout:/usr/bin/ceph: stderr
2024-04-23T14:35:59.551+0000 7fbc71400700 1 Processor -- start
2024-04-23T14:36:00.373 INFO:teuthology.orchestra.run.smithi110.stdout:/usr/bin/ceph: stderr
2024-04-23T14:35:59.552+0000 7fbc71400700 1 -- start start
2024-04-23T14:36:00.373 INFO:teuthology.orchestra.run.smithi110.stdout:/usr/bin/ceph: stderr
2024-04-23T14:35:59.552+0000 7fbc71400700 1 --2- >> [v2:172.21.15.110:3300/0,v1:172.21.15.110:6789/0] conn(0x7fbc6c10cfd0 0x7fbc6c1a08a0 unknown :-1 s=NONE pgs=0 cs=0 l=1 rev1=0 crypto rx=0 tx=0 comp rx=0 tx=0).connect
2024-04-23T14:36:00.373 INFO:teuthology.orchestra.run.smithi110.stdout:/usr/bin/ceph: stderr
2024-04-23T14:35:59.552+0000 7fbc71400700 1 -- --> [v2:172.21.15.110:3300/0,v1:172.21.15.110:6789/0] -- mon_getmap magic: 0 v1 -- 0x7fbc6c1a0de0 con 0x7fbc6c10cfd0
2024-04-23T14:36:00.373 INFO:teuthology.orchestra.run.smithi110.stdout:/usr/bin/ceph: stderr
2024-04-23T14:35:59.552+0000 7fbc6a800700 1 --2- >> [v2:172.21.15.110:3300/0,v1:172.21.15.110:6789/0] conn(0x7fbc6c10cfd0 0x7fbc6c1a08a0 unknown :-1 s=BANNER_CONNECTING pgs=0 cs=0 l=1 rev1=0 crypto rx=0 tx=0 comp rx=0 tx=0)._handle_peer_banner_payload supported=3 required=0
2024-04-23T14:36:00.373 INFO:teuthology.orchestra.run.smithi110.stdout:/usr/bin/ceph: stderr
2024-04-23T14:35:59.552+0000 7fbc6a800700 1 --2- >> [v2:172.21.15.110:3300/0,v1:172.21.15.110:6789/0] conn(0x7fbc6c10cfd0 0x7fbc6c1a08a0 unknown :-1 s=HELLO_CONNECTING pgs=0 cs=0 l=1 rev1=1 crypto rx=0 tx=0 comp rx=0 tx=0).handle_hello peer v2:172.21.15.110:3300/0 says I am v2:172.21.15.110:52056/0 (socket says 172.21.15.110:52056)
2024-04-23T14:36:00.373 INFO:teuthology.orchestra.run.smithi110.stdout:/usr/bin/ceph: stderr
2024-04-23T14:35:59.552+0000 7fbc6a800700 1 -- 172.21.15.110:0/1150104105 learned_addr learned my addr 172.21.15.110:0/1150104105 (peer_addr_for_me v2:172.21.15.110:0/0)
2024-04-23T14:36:00.373 INFO:teuthology.orchestra.run.smithi110.stdout:/usr/bin/ceph: stderr
2024-04-23T14:35:59.553+0000 7fbc6a800700 1 -- 172.21.15.110:0/1150104105 --> [v2:172.21.15.110:3300/0,v1:172.21.15.110:6789/0] -- mon_subscribe({config=0+,monmap=0+}) v3 -- 0x7fbc5c009550 con 0x7fbc6c10cfd0
2024-04-23T14:36:00.374 INFO:teuthology.orchestra.run.smithi110.stdout:/usr/bin/ceph: stderr
2024-04-23T14:35:59.553+0000 7fbc6a800700 1 --2- 172.21.15.110:0/1150104105 >> [v2:172.21.15.110:3300/0,v1:172.21.15.110:6789/0] conn(0x7fbc6c10cfd0 0x7fbc6c1a08a0 secure :-1 s=READY pgs=58 cs=0 l=1 rev1=1 crypto rx=0x7fbc5c0117b0 tx=0x7fbc5c011890 comp rx=0 tx=0).ready entity=mon.0 client_cookie=0 server_cookie=0 in_seq=0 out_seq=0
2024-04-23T14:36:00.374 INFO:teuthology.orchestra.run.smithi110.stdout:/usr/bin/ceph: stderr
2024-04-23T14:35:59.553+0000 7fbc63400700 1 -- 172.21.15.110:0/1150104105 <== mon.0 v2:172.21.15.110:3300/0 1 ==== mon_map magic: 0 v1 ==== 229+0+0 (secure 0 0 0) 0x7fbc5c0038b0 con 0x7fbc6c10cfd0
2024-04-23T14:36:00.374 INFO:teuthology.orchestra.run.smithi110.stdout:/usr/bin/ceph: stderr
2024-04-23T14:35:59.553+0000 7fbc63400700 1 -- 172.21.15.110:0/1150104105 <== mon.0 v2:172.21.15.110:3300/0 2 ==== config(27 keys) v1 ==== 1109+0+0 (secure 0 0 0) 0x7fbc5c003a10 con 0x7fbc6c10cfd0
2024-04-23T14:36:00.374 INFO:teuthology.orchestra.run.smithi110.stdout:/usr/bin/ceph: stderr
2024-04-23T14:35:59.553+0000 7fbc63400700 1 -- 172.21.15.110:0/1150104105 <== mon.0 v2:172.21.15.110:3300/0 3 ==== mon_map magic: 0 v1 ==== 229+0+0 (secure 0 0 0) 0x7fbc5c024780 con 0x7fbc6c10cfd0
2024-04-23T14:36:00.374 INFO:teuthology.orchestra.run.smithi110.stdout:/usr/bin/ceph: stderr
2024-04-23T14:35:59.553+0000 7fbc71400700 1 -- 172.21.15.110:0/1150104105 --> [v2:172.21.15.110:3300/0,v1:172.21.15.110:6789/0] -- mon_subscribe({mgrmap=0+}) v3 -- 0x7fbc6c1a0fe0 con 0x7fbc6c10cfd0
2024-04-23T14:36:00.374 INFO:teuthology.orchestra.run.smithi110.stdout:/usr/bin/ceph: stderr
2024-04-23T14:35:59.553+0000 7fbc71400700 1 -- 172.21.15.110:0/1150104105 --> [v2:172.21.15.110:3300/0,v1:172.21.15.110:6789/0] -- mon_subscribe({osdmap=0}) v3 -- 0x7fbc6c1a1480 con 0x7fbc6c10cfd0
2024-04-23T14:36:00.374 INFO:teuthology.orchestra.run.smithi110.stdout:/usr/bin/ceph: stderr
2024-04-23T14:35:59.554+0000 7fbc63400700 1 -- 172.21.15.110:0/1150104105 <== mon.0 v2:172.21.15.110:3300/0 4 ==== mgrmap(e 8) v1 ==== 45556+0+0 (secure 0 0 0) 0x7fbc5c01ac10 con 0x7fbc6c10cfd0
2024-04-23T14:36:00.374 INFO:teuthology.orchestra.run.smithi110.stdout:/usr/bin/ceph: stderr
2024-04-23T14:35:59.554+0000 7fbc71400700 1 -- 172.21.15.110:0/1150104105 --> [v2:172.21.15.110:3300/0,v1:172.21.15.110:6789/0] -- mon_command({"prefix": "get_command_descriptions"} v 0) v1 -- 0x7fbc6c110ff0 con 0x7fbc6c10cfd0
2024-04-23T14:36:00.374 INFO:teuthology.orchestra.run.smithi110.stdout:/usr/bin/ceph: stderr
2024-04-23T14:35:59.555+0000 7fbc63400700 1 --2- 172.21.15.110:0/1150104105 >> [v2:172.21.15.110:6800/646529375,v1:172.21.15.110:6801/646529375] conn(0x7fbc50038770 0x7fbc5003ac30 unknown :-1 s=NONE pgs=0 cs=0 l=1 rev1=0 crypto rx=0 tx=0 comp rx=0 tx=0).connect
2024-04-23T14:36:00.374 INFO:teuthology.orchestra.run.smithi110.stdout:/usr/bin/ceph: stderr
2024-04-23T14:35:59.555+0000 7fbc63400700 1 -- 172.21.15.110:0/1150104105 <== mon.0 v2:172.21.15.110:3300/0 5 ==== osd_map(2..2 src has 1..2) v4 ==== 940+0+0 (secure 0 0 0) 0x7fbc5c04c840 con 0x7fbc6c10cfd0
2024-04-23T14:36:00.374 INFO:teuthology.orchestra.run.smithi110.stdout:/usr/bin/ceph: stderr
2024-04-23T14:35:59.555+0000 7fbc63e00700 1 --2- 172.21.15.110:0/1150104105 >> [v2:172.21.15.110:6800/646529375,v1:172.21.15.110:6801/646529375] conn(0x7fbc50038770 0x7fbc5003ac30 unknown :-1 s=BANNER_CONNECTING pgs=0 cs=0 l=1 rev1=0 crypto rx=0 tx=0 comp rx=0 tx=0)._handle_peer_banner_payload supported=3 required=0
2024-04-23T14:36:00.375 INFO:teuthology.orchestra.run.smithi110.stdout:/usr/bin/ceph: stderr
2024-04-23T14:35:59.556+0000 7fbc63e00700 1 --2- 172.21.15.110:0/1150104105 >> [v2:172.21.15.110:6800/646529375,v1:172.21.15.110:6801/646529375] conn(0x7fbc50038770 0x7fbc5003ac30 secure :-1 s=READY pgs=17 cs=0 l=1 rev1=1 crypto rx=0x7fbc54006fd0 tx=0x7fbc54006e40 comp rx=0 tx=0).ready entity=mgr.14120 client_cookie=0 server_cookie=0 in_seq=0 out_seq=0
2024-04-23T14:36:00.375 INFO:teuthology.orchestra.run.smithi110.stdout:/usr/bin/ceph: stderr
2024-04-23T14:35:59.560+0000 7fbc63400700 1 -- 172.21.15.110:0/1150104105 <== mon.0 v2:172.21.15.110:3300/0 6 ==== mon_command_ack([{"prefix": "get_command_descriptions"}]=0 v0) v1 ==== 72+0+183351 (secure 0 0 0) 0x7fbc5c018760 con 0x7fbc6c10cfd0
2024-04-23T14:36:00.375 INFO:teuthology.orchestra.run.smithi110.stdout:/usr/bin/ceph: stderr
2024-04-23T14:35:59.795+0000 7fbc71400700 1 -- 172.21.15.110:0/1150104105 --> [v2:172.21.15.110:6800/646529375,v1:172.21.15.110:6801/646529375] -- mgr_command(tid 0: {"prefix": "orch apply", "service_type": "grafana", "target": ["mon-mgr", ""]}) v1 -- 0x7fbc6c1a3d10 con 0x7fbc50038770
2024-04-23T14:36:00.375 INFO:teuthology.orchestra.run.smithi110.stdout:/usr/bin/ceph: stderr
2024-04-23T14:35:59.804+0000 7fbc63400700 1 -- 172.21.15.110:0/1150104105 <== mgr.14120 v2:172.21.15.110:6800/646529375 1 ==== mgr_command_reply(tid 0: 0 ) v1 ==== 8+0+28 (secure 0 0 0) 0x7fbc6c1a3d10 con 0x7fbc50038770
2024-04-23T14:36:00.375 INFO:teuthology.orchestra.run.smithi110.stdout:/usr/bin/ceph: stderr
2024-04-23T14:35:59.808+0000 7fbc71400700 1 -- 172.21.15.110:0/1150104105 >> [v2:172.21.15.110:6800/646529375,v1:172.21.15.110:6801/646529375] conn(0x7fbc50038770 msgr2=0x7fbc5003ac30 secure :-1 s=STATE_CONNECTION_ESTABLISHED l=1).mark_down
2024-04-23T14:36:00.375 INFO:teuthology.orchestra.run.smithi110.stdout:/usr/bin/ceph: stderr
2024-04-23T14:35:59.808+0000 7fbc71400700 1 --2- 172.21.15.110:0/1150104105 >> [v2:172.21.15.110:6800/646529375,v1:172.21.15.110:6801/646529375] conn(0x7fbc50038770 0x7fbc5003ac30 secure :-1 s=READY pgs=17 cs=0 l=1 rev1=1 crypto rx=0x7fbc54006fd0 tx=0x7fbc54006e40 comp rx=0 tx=0).stop
2024-04-23T14:36:00.375 INFO:teuthology.orchestra.run.smithi110.stdout:/usr/bin/ceph: stderr
2024-04-23T14:35:59.808+0000 7fbc71400700 1 -- 172.21.15.110:0/1150104105 >> [v2:172.21.15.110:3300/0,v1:172.21.15.110:6789/0] conn(0x7fbc6c10cfd0 msgr2=0x7fbc6c1a08a0 secure :-1 s=STATE_CONNECTION_ESTABLISHED l=1).mark_down
2024-04-23T14:36:00.375 INFO:teuthology.orchestra.run.smithi110.stdout:/usr/bin/ceph: stderr
2024-04-23T14:35:59.808+0000 7fbc71400700 1 --2- 172.21.15.110:0/1150104105 >> [v2:172.21.15.110:3300/0,v1:172.21.15.110:6789/0] conn(0x7fbc6c10cfd0 0x7fbc6c1a08a0 secure :-1 s=READY pgs=58 cs=0 l=1 rev1=1 crypto rx=0x7fbc5c0117b0 tx=0x7fbc5c011890 comp rx=0 tx=0).stop
2024-04-23T14:36:00.375 INFO:teuthology.orchestra.run.smithi110.stdout:/usr/bin/ceph: stderr
2024-04-23T14:35:59.808+0000 7fbc71400700 1 -- 172.21.15.110:0/1150104105 shutdown_connections
2024-04-23T14:36:00.375 INFO:teuthology.orchestra.run.smithi110.stdout:/usr/bin/ceph: stderr
2024-04-23T14:35:59.808+0000 7fbc71400700 1 --2- 172.21.15.110:0/1150104105 >> [v2:172.21.15.110:6800/646529375,v1:172.21.15.110:6801/646529375] conn(0x7fbc50038770 0x7fbc5003ac30 unknown :-1 s=CLOSED pgs=17 cs=0 l=1 rev1=1 crypto rx=0 tx=0 comp rx=0 tx=0).stop
2024-04-23T14:36:00.375 INFO:teuthology.orchestra.run.smithi110.stdout:/usr/bin/ceph: stderr
2024-04-23T14:35:59.808+0000 7fbc71400700 1 --2- 172.21.15.110:0/1150104105 >> [v2:172.21.15.110:3300/0,v1:172.21.15.110:6789/0] conn(0x7fbc6c10cfd0 0x7fbc6c1a08a0 unknown :-1 s=CLOSED pgs=58 cs=0 l=1 rev1=1 crypto rx=0 tx=0 comp rx=0 tx=0).stop
2024-04-23T14:36:00.376 INFO:teuthology.orchestra.run.smithi110.stdout:/usr/bin/ceph: stderr
2024-04-23T14:35:59.808+0000 7fbc71400700 1 -- 172.21.15.110:0/1150104105 >> 172.21.15.110:0/1150104105 conn(0x7fbc6c07bbf0 msgr2=0x7fbc6c07c6f0 unknown :-1 s=STATE_NONE l=0).mark_down
2024-04-23T14:36:00.376 INFO:teuthology.orchestra.run.smithi110.stdout:/usr/bin/ceph: stderr
2024-04-23T14:35:59.808+0000 7fbc71400700 1 -- 172.21.15.110:0/1150104105 shutdown_connections
2024-04-23T14:36:00.376 INFO:teuthology.orchestra.run.smithi110.stdout:/usr/bin/ceph: stderr
2024-04-23T14:35:59.809+0000 7fbc71400700 1 -- 172.21.15.110:0/1150104105 wait complete.
2024-04-23T14:36:00.376 INFO:teuthology.orchestra.run.smithi110.stdout:Deploying node-exporter service with default placement...
2024-04-23T14:36:01.239 INFO:journalctl@ceph.mon.smithi110.smithi110.stdout:Apr 23 14:36:00 smithi110 ceph-mon[25693]: pgmap v5: 0 pgs: ; 0 B data, 0 B used, 0 B / 0 B avail
2024-04-23T14:36:01.240 INFO:journalctl@ceph.mon.smithi110.smithi110.stdout:Apr 23 14:36:00 smithi110 ceph-mon[25693]: from='client.14152 -' entity='client.admin' cmd=[{"prefix": "orch apply", "service_type": "grafana", "target": ["mon-mgr", ""]}]: dispatch
2024-04-23T14:36:01.240 INFO:journalctl@ceph.mon.smithi110.smithi110.stdout:Apr 23 14:36:00 smithi110 ceph-mon[25693]: Saving service grafana spec with placement count:1
2024-04-23T14:36:01.240 INFO:journalctl@ceph.mon.smithi110.smithi110.stdout:Apr 23 14:36:00 smithi110 ceph-mon[25693]: from='mgr.14120 172.21.15.110:0/1006479905' entity='mgr.smithi110.jjtgnx'
2024-04-23T14:36:01.922 INFO:teuthology.orchestra.run.smithi110.stdout:/usr/bin/ceph: stdout Scheduled node-exporter update...
2024-04-23T14:36:01.923 INFO:teuthology.orchestra.run.smithi110.stdout:/usr/bin/ceph: stderr
2024-04-23T14:36:00.994+0000 7fad02200700 1 Processor -- start
2024-04-23T14:36:01.923 INFO:teuthology.orchestra.run.smithi110.stdout:/usr/bin/ceph: stderr
2024-04-23T14:36:00.994+0000 7fad02200700 1 -- start start
2024-04-23T14:36:01.923 INFO:teuthology.orchestra.run.smithi110.stdout:/usr/bin/ceph: stderr
2024-04-23T14:36:00.995+0000 7fad02200700 1 --2- >> [v2:172.21.15.110:3300/0,v1:172.21.15.110:6789/0] conn(0x7facfc07ad90 0x7facfc0791f0 unknown :-1 s=NONE pgs=0 cs=0 l=0 rev1=0 crypto rx=0 tx=0 comp rx=0 tx=0).connect
2024-04-23T14:36:01.928 INFO:teuthology.orchestra.run.smithi110.stdout:/usr/bin/ceph: stderr
2024-04-23T14:36:00.995+0000 7fad02200700 1 -- --> [v2:172.21.15.110:3300/0,v1:172.21.15.110:6789/0] -- mon_getmap magic: 0 v1 -- 0x7facfc0797c0 con 0x7facfc07ad90
2024-04-23T14:36:01.928 INFO:teuthology.orchestra.run.smithi110.stdout:/usr/bin/ceph: stderr
2024-04-23T14:36:00.995+0000 7facfb400700 1 --2- >> [v2:172.21.15.110:3300/0,v1:172.21.15.110:6789/0] conn(0x7facfc07ad90 0x7facfc0791f0 unknown :-1 s=BANNER_CONNECTING pgs=0 cs=0 l=0 rev1=0 crypto rx=0 tx=0 comp rx=0 tx=0)._handle_peer_banner_payload supported=3 required=0
2024-04-23T14:36:01.929 INFO:teuthology.orchestra.run.smithi110.stdout:/usr/bin/ceph: stderr
2024-04-23T14:36:00.995+0000 7facfb400700 1 --2- >> [v2:172.21.15.110:3300/0,v1:172.21.15.110:6789/0] conn(0x7facfc07ad90 0x7facfc0791f0 unknown :-1 s=HELLO_CONNECTING pgs=0 cs=0 l=0 rev1=1 crypto rx=0 tx=0 comp rx=0 tx=0).handle_hello peer v2:172.21.15.110:3300/0 says I am v2:172.21.15.110:39144/0 (socket says 172.21.15.110:39144)
2024-04-23T14:36:01.929 INFO:teuthology.orchestra.run.smithi110.stdout:/usr/bin/ceph: stderr
2024-04-23T14:36:00.995+0000 7facfb400700 1 -- 172.21.15.110:0/1360257951 learned_addr learned my addr 172.21.15.110:0/1360257951 (peer_addr_for_me v2:172.21.15.110:0/0)
2024-04-23T14:36:01.929 INFO:teuthology.orchestra.run.smithi110.stdout:/usr/bin/ceph: stderr
2024-04-23T14:36:00.996+0000 7facfb400700 1 -- 172.21.15.110:0/1360257951 --> [v2:172.21.15.110:3300/0,v1:172.21.15.110:6789/0] -- mon_subscribe({config=0+,monmap=0+}) v3 -- 0x7facfc079900 con 0x7facfc07ad90
2024-04-23T14:36:01.929 INFO:teuthology.orchestra.run.smithi110.stdout:/usr/bin/ceph: stderr
2024-04-23T14:36:00.996+0000 7facfb400700 1 --2- 172.21.15.110:0/1360257951 >> [v2:172.21.15.110:3300/0,v1:172.21.15.110:6789/0] conn(0x7facfc07ad90 0x7facfc0791f0 secure :-1 s=READY pgs=59 cs=0 l=1 rev1=1 crypto rx=0x7facec0098a0 tx=0x7facec009bb0 comp rx=0 tx=0).ready entity=mon.0 client_cookie=7acb33b47a3415e0 server_cookie=0 in_seq=0 out_seq=0
2024-04-23T14:36:01.929 INFO:teuthology.orchestra.run.smithi110.stdout:/usr/bin/ceph: stderr
2024-04-23T14:36:00.996+0000 7facfaa00700 1 -- 172.21.15.110:0/1360257951 <== mon.0 v2:172.21.15.110:3300/0 1 ==== mon_map magic: 0 v1 ==== 229+0+0 (secure 0 0 0) 0x7facec004180 con 0x7facfc07ad90
2024-04-23T14:36:01.929 INFO:teuthology.orchestra.run.smithi110.stdout:/usr/bin/ceph: stderr
2024-04-23T14:36:00.996+0000 7facfaa00700 1 -- 172.21.15.110:0/1360257951 <== mon.0 v2:172.21.15.110:3300/0 2 ==== config(27 keys) v1 ==== 1109+0+0 (secure 0 0 0) 0x7facec0042e0 con 0x7facfc07ad90
2024-04-23T14:36:01.929 INFO:teuthology.orchestra.run.smithi110.stdout:/usr/bin/ceph: stderr
2024-04-23T14:36:00.996+0000 7facfaa00700 1 -- 172.21.15.110:0/1360257951 <== mon.0 v2:172.21.15.110:3300/0 3 ==== mon_map magic: 0 v1 ==== 229+0+0 (secure 0 0 0) 0x7facec011b10 con 0x7facfc07ad90
2024-04-23T14:36:01.929 INFO:teuthology.orchestra.run.smithi110.stdout:/usr/bin/ceph: stderr
2024-04-23T14:36:00.997+0000 7fad02200700 1 -- 172.21.15.110:0/1360257951 >> [v2:172.21.15.110:3300/0,v1:172.21.15.110:6789/0] conn(0x7facfc07ad90 msgr2=0x7facfc0791f0 secure :-1 s=STATE_CONNECTION_ESTABLISHED l=1).mark_down
2024-04-23T14:36:01.929 INFO:teuthology.orchestra.run.smithi110.stdout:/usr/bin/ceph: stderr
2024-04-23T14:36:00.997+0000 7fad02200700 1 --2- 172.21.15.110:0/1360257951 >> [v2:172.21.15.110:3300/0,v1:172.21.15.110:6789/0] conn(0x7facfc07ad90 0x7facfc0791f0 secure :-1 s=READY pgs=59 cs=0 l=1 rev1=1 crypto rx=0x7facec0098a0 tx=0x7facec009bb0 comp rx=0 tx=0).stop
2024-04-23T14:36:01.929 INFO:teuthology.orchestra.run.smithi110.stdout:/usr/bin/ceph: stderr
2024-04-23T14:36:00.997+0000 7fad02200700 1 -- 172.21.15.110:0/1360257951 shutdown_connections
2024-04-23T14:36:01.929 INFO:teuthology.orchestra.run.smithi110.stdout:/usr/bin/ceph: stderr
2024-04-23T14:36:00.997+0000 7fad02200700 1 --2- 172.21.15.110:0/1360257951 >> [v2:172.21.15.110:3300/0,v1:172.21.15.110:6789/0] conn(0x7facfc07ad90 0x7facfc0791f0 unknown :-1 s=CLOSED pgs=59 cs=0 l=1 rev1=1 crypto rx=0 tx=0 comp rx=0 tx=0).stop
2024-04-23T14:36:01.929 INFO:teuthology.orchestra.run.smithi110.stdout:/usr/bin/ceph: stderr
2024-04-23T14:36:00.997+0000 7fad02200700 1 -- 172.21.15.110:0/1360257951 >> 172.21.15.110:0/1360257951 conn(0x7facfc101ba0 msgr2=0x7facfc103fc0 unknown :-1 s=STATE_NONE l=0).mark_down
2024-04-23T14:36:01.930 INFO:teuthology.orchestra.run.smithi110.stdout:/usr/bin/ceph: stderr
2024-04-23T14:36:00.997+0000 7fad02200700 1 -- 172.21.15.110:0/1360257951 shutdown_connections
2024-04-23T14:36:01.930 INFO:teuthology.orchestra.run.smithi110.stdout:/usr/bin/ceph: stderr
2024-04-23T14:36:00.997+0000 7fad02200700 1 -- 172.21.15.110:0/1360257951 wait complete.
2024-04-23T14:36:01.930 INFO:teuthology.orchestra.run.smithi110.stdout:/usr/bin/ceph: stderr
2024-04-23T14:36:00.999+0000 7fad02200700 1 Processor -- start
2024-04-23T14:36:01.930 INFO:teuthology.orchestra.run.smithi110.stdout:/usr/bin/ceph: stderr
2024-04-23T14:36:00.999+0000 7fad02200700 1 -- start start
2024-04-23T14:36:01.930 INFO:teuthology.orchestra.run.smithi110.stdout:/usr/bin/ceph: stderr
2024-04-23T14:36:00.999+0000 7fad02200700 1 --2- >> [v2:172.21.15.110:3300/0,v1:172.21.15.110:6789/0] conn(0x7facfc07ad90 0x7facfc19c590 unknown :-1 s=NONE pgs=0 cs=0 l=1 rev1=0 crypto rx=0 tx=0 comp rx=0 tx=0).connect
2024-04-23T14:36:01.930 INFO:teuthology.orchestra.run.smithi110.stdout:/usr/bin/ceph: stderr
2024-04-23T14:36:00.999+0000 7fad02200700 1 -- --> [v2:172.21.15.110:3300/0,v1:172.21.15.110:6789/0] -- mon_getmap magic: 0 v1 -- 0x7facfc19cad0 con 0x7facfc07ad90
2024-04-23T14:36:01.930 INFO:teuthology.orchestra.run.smithi110.stdout:/usr/bin/ceph: stderr
2024-04-23T14:36:00.999+0000 7facfb400700 1 --2- >> [v2:172.21.15.110:3300/0,v1:172.21.15.110:6789/0] conn(0x7facfc07ad90 0x7facfc19c590 unknown :-1 s=BANNER_CONNECTING pgs=0 cs=0 l=1 rev1=0 crypto rx=0 tx=0 comp rx=0 tx=0)._handle_peer_banner_payload supported=3 required=0
2024-04-23T14:36:01.930 INFO:teuthology.orchestra.run.smithi110.stdout:/usr/bin/ceph: stderr
2024-04-23T14:36:00.999+0000 7facfb400700 1 --2- >> [v2:172.21.15.110:3300/0,v1:172.21.15.110:6789/0] conn(0x7facfc07ad90 0x7facfc19c590 unknown :-1 s=HELLO_CONNECTING pgs=0 cs=0 l=1 rev1=1 crypto rx=0 tx=0 comp rx=0 tx=0).handle_hello peer v2:172.21.15.110:3300/0 says I am v2:172.21.15.110:39150/0 (socket says 172.21.15.110:39150)
2024-04-23T14:36:01.930 INFO:teuthology.orchestra.run.smithi110.stdout:/usr/bin/ceph: stderr
