2024-04-24T05:46:35.544+0000 7f10d3400700 1 --2- 172.21.15.31:0/1891332759 >> [v2:172.21.15.31:3300/0,v1:172.21.15.31:6789/0] conn(0x7f10d407de30 0x7f10d419e5e0 secure :-1 s=READY pgs=62 cs=0 l=1 rev1=1 crypto rx=0x7f10c40117e0 tx=0x7f10c4011c10 comp rx=0 tx=0).ready entity=mon.0 client_cookie=0 server_cookie=0 in_seq=0 out_seq=0
2024-04-24T05:46:42.646 INFO:teuthology.orchestra.run.smithi031.stdout:/usr/bin/ceph: stderr
2024-04-24T05:46:35.544+0000 7f10cbe00700 1 -- 172.21.15.31:0/1891332759 <== mon.0 v2:172.21.15.31:3300/0 1 ==== mon_map magic: 0 ==== 205+0+0 (secure 0 0 0) 0x7f10c4003bf0 con 0x7f10d407de30
2024-04-24T05:46:42.646 INFO:teuthology.orchestra.run.smithi031.stdout:/usr/bin/ceph: stderr
2024-04-24T05:46:35.545+0000 7f10cbe00700 1 -- 172.21.15.31:0/1891332759 <== mon.0 v2:172.21.15.31:3300/0 2 ==== config(27 keys) ==== 1140+0+0 (secure 0 0 0) 0x7f10c401a910 con 0x7f10d407de30
2024-04-24T05:46:42.646 INFO:teuthology.orchestra.run.smithi031.stdout:/usr/bin/ceph: stderr
2024-04-24T05:46:35.545+0000 7f10cbe00700 1 -- 172.21.15.31:0/1891332759 <== mon.0 v2:172.21.15.31:3300/0 3 ==== mon_map magic: 0 ==== 205+0+0 (secure 0 0 0) 0x7f10c4024970 con 0x7f10d407de30
2024-04-24T05:46:42.646 INFO:teuthology.orchestra.run.smithi031.stdout:/usr/bin/ceph: stderr
2024-04-24T05:46:35.545+0000 7f10da000700 1 -- 172.21.15.31:0/1891332759 --> [v2:172.21.15.31:3300/0,v1:172.21.15.31:6789/0] -- mon_subscribe({mgrmap=0+}) -- 0x7f10d419edb0 con 0x7f10d407de30
2024-04-24T05:46:42.646 INFO:teuthology.orchestra.run.smithi031.stdout:/usr/bin/ceph: stderr
2024-04-24T05:46:35.545+0000 7f10da000700 1 -- 172.21.15.31:0/1891332759 --> [v2:172.21.15.31:3300/0,v1:172.21.15.31:6789/0] -- mon_subscribe({osdmap=0}) -- 0x7f10d419f210 con 0x7f10d407de30
2024-04-24T05:46:42.647 INFO:teuthology.orchestra.run.smithi031.stdout:/usr/bin/ceph: stderr
2024-04-24T05:46:35.546+0000 7f10cbe00700 1 -- 172.21.15.31:0/1891332759 <== mon.0 v2:172.21.15.31:3300/0 4 ==== mgrmap(e 9) ==== 46571+0+0 (secure 0 0 0) 0x7f10c4022020 con 0x7f10d407de30
2024-04-24T05:46:42.647 INFO:teuthology.orchestra.run.smithi031.stdout:/usr/bin/ceph: stderr
2024-04-24T05:46:35.546+0000 7f10cbe00700 1 --2- 172.21.15.31:0/1891332759 >> [v2:172.21.15.31:6800/3252894328,v1:172.21.15.31:6801/3252894328] conn(0x7f10b8039610 0x7f10b803bad0 unknown :-1 s=NONE pgs=0 cs=0 l=1 rev1=0 crypto rx=0 tx=0 comp rx=0 tx=0).connect
2024-04-24T05:46:42.647 INFO:teuthology.orchestra.run.smithi031.stdout:/usr/bin/ceph: stderr
2024-04-24T05:46:35.546+0000 7f10cbe00700 1 -- 172.21.15.31:0/1891332759 --> [v2:172.21.15.31:6800/3252894328,v1:172.21.15.31:6801/3252894328] -- command(tid 0: {"prefix": "get_command_descriptions"}) -- 0x7f10b803c1e0 con 0x7f10b8039610
2024-04-24T05:46:42.647 INFO:teuthology.orchestra.run.smithi031.stdout:/usr/bin/ceph: stderr
2024-04-24T05:46:35.546+0000 7f10cbe00700 1 -- 172.21.15.31:0/1891332759 <== mon.0 v2:172.21.15.31:3300/0 5 ==== osd_map(2..2 src has 1..2) ==== 940+0+0 (secure 0 0 0) 0x7f10c404dad0 con 0x7f10d407de30
2024-04-24T05:46:42.647 INFO:teuthology.orchestra.run.smithi031.stdout:/usr/bin/ceph: stderr
2024-04-24T05:46:35.546+0000 7f10d2a00700 1 -- 172.21.15.31:0/1891332759 >> [v2:172.21.15.31:6800/3252894328,v1:172.21.15.31:6801/3252894328] conn(0x7f10b8039610 msgr2=0x7f10b803bad0 unknown :-1 s=STATE_CONNECTING_RE l=1).process reconnect failed to v2:172.21.15.31:6800/3252894328
2024-04-24T05:46:42.647 INFO:teuthology.orchestra.run.smithi031.stdout:/usr/bin/ceph: stderr
2024-04-24T05:46:35.546+0000 7f10d2a00700 1 --2- 172.21.15.31:0/1891332759 >> [v2:172.21.15.31:6800/3252894328,v1:172.21.15.31:6801/3252894328] conn(0x7f10b8039610 0x7f10b803bad0 unknown :-1 s=START_CONNECT pgs=0 cs=0 l=1 rev1=0 crypto rx=0 tx=0 comp rx=0 tx=0)._fault waiting 0.200000
2024-04-24T05:46:42.647 INFO:teuthology.orchestra.run.smithi031.stdout:/usr/bin/ceph: stderr
2024-04-24T05:46:35.747+0000 7f10d2a00700 1 -- 172.21.15.31:0/1891332759 >> [v2:172.21.15.31:6800/3252894328,v1:172.21.15.31:6801/3252894328] conn(0x7f10b8039610 msgr2=0x7f10b803bad0 unknown :-1 s=STATE_CONNECTING_RE l=1).process reconnect failed to v2:172.21.15.31:6800/3252894328
2024-04-24T05:46:42.647 INFO:teuthology.orchestra.run.smithi031.stdout:/usr/bin/ceph: stderr
2024-04-24T05:46:35.747+0000 7f10d2a00700 1 --2- 172.21.15.31:0/1891332759 >> [v2:172.21.15.31:6800/3252894328,v1:172.21.15.31:6801/3252894328] conn(0x7f10b8039610 0x7f10b803bad0 unknown :-1 s=START_CONNECT pgs=0 cs=0 l=1 rev1=0 crypto rx=0 tx=0 comp rx=0 tx=0)._fault waiting 0.400000
2024-04-24T05:46:42.647 INFO:teuthology.orchestra.run.smithi031.stdout:/usr/bin/ceph: stderr
2024-04-24T05:46:36.148+0000 7f10d2a00700 1 -- 172.21.15.31:0/1891332759 >> [v2:172.21.15.31:6800/3252894328,v1:172.21.15.31:6801/3252894328] conn(0x7f10b8039610 msgr2=0x7f10b803bad0 unknown :-1 s=STATE_CONNECTING_RE l=1).process reconnect failed to v2:172.21.15.31:6800/3252894328
2024-04-24T05:46:42.647 INFO:teuthology.orchestra.run.smithi031.stdout:/usr/bin/ceph: stderr
2024-04-24T05:46:36.148+0000 7f10d2a00700 1 --2- 172.21.15.31:0/1891332759 >> [v2:172.21.15.31:6800/3252894328,v1:172.21.15.31:6801/3252894328] conn(0x7f10b8039610 0x7f10b803bad0 unknown :-1 s=START_CONNECT pgs=0 cs=0 l=1 rev1=0 crypto rx=0 tx=0 comp rx=0 tx=0)._fault waiting 0.800000
2024-04-24T05:46:42.647 INFO:teuthology.orchestra.run.smithi031.stdout:/usr/bin/ceph: stderr
2024-04-24T05:46:36.949+0000 7f10d2a00700 1 -- 172.21.15.31:0/1891332759 >> [v2:172.21.15.31:6800/3252894328,v1:172.21.15.31:6801/3252894328] conn(0x7f10b8039610 msgr2=0x7f10b803bad0 unknown :-1 s=STATE_CONNECTING_RE l=1).process reconnect failed to v2:172.21.15.31:6800/3252894328
2024-04-24T05:46:42.647 INFO:teuthology.orchestra.run.smithi031.stdout:/usr/bin/ceph: stderr
2024-04-24T05:46:36.949+0000 7f10d2a00700 1 --2- 172.21.15.31:0/1891332759 >> [v2:172.21.15.31:6800/3252894328,v1:172.21.15.31:6801/3252894328] conn(0x7f10b8039610 0x7f10b803bad0 unknown :-1 s=START_CONNECT pgs=0 cs=0 l=1 rev1=0 crypto rx=0 tx=0 comp rx=0 tx=0)._fault waiting 1.600000
2024-04-24T05:46:42.647 INFO:teuthology.orchestra.run.smithi031.stdout:/usr/bin/ceph: stderr
2024-04-24T05:46:38.551+0000 7f10d2a00700 1 -- 172.21.15.31:0/1891332759 >> [v2:172.21.15.31:6800/3252894328,v1:172.21.15.31:6801/3252894328] conn(0x7f10b8039610 msgr2=0x7f10b803bad0 unknown :-1 s=STATE_CONNECTING_RE l=1).process reconnect failed to v2:172.21.15.31:6800/3252894328
2024-04-24T05:46:42.647 INFO:teuthology.orchestra.run.smithi031.stdout:/usr/bin/ceph: stderr
2024-04-24T05:46:38.551+0000 7f10d2a00700 1 --2- 172.21.15.31:0/1891332759 >> [v2:172.21.15.31:6800/3252894328,v1:172.21.15.31:6801/3252894328] conn(0x7f10b8039610 0x7f10b803bad0 unknown :-1 s=START_CONNECT pgs=0 cs=0 l=1 rev1=0 crypto rx=0 tx=0 comp rx=0 tx=0)._fault waiting 3.200000
2024-04-24T05:46:42.648 INFO:teuthology.orchestra.run.smithi031.stdout:/usr/bin/ceph: stderr
2024-04-24T05:46:40.784+0000 7f10cbe00700 1 -- 172.21.15.31:0/1891332759 <== mon.0 v2:172.21.15.31:3300/0 6 ==== mgrmap(e 10) ==== 46338+0+0 (secure 0 0 0) 0x7f10c401a430 con 0x7f10d407de30
2024-04-24T05:46:42.648 INFO:teuthology.orchestra.run.smithi031.stdout:/usr/bin/ceph: stderr
2024-04-24T05:46:40.784+0000 7f10cbe00700 1 -- 172.21.15.31:0/1891332759 >> [v2:172.21.15.31:6800/3252894328,v1:172.21.15.31:6801/3252894328] conn(0x7f10b8039610 msgr2=0x7f10b803bad0 unknown :-1 s=STATE_CONNECTING l=1).mark_down
2024-04-24T05:46:42.648 INFO:teuthology.orchestra.run.smithi031.stdout:/usr/bin/ceph: stderr
2024-04-24T05:46:40.784+0000 7f10cbe00700 1 --2- 172.21.15.31:0/1891332759 >> [v2:172.21.15.31:6800/3252894328,v1:172.21.15.31:6801/3252894328] conn(0x7f10b8039610 0x7f10b803bad0 unknown :-1 s=START_CONNECT pgs=0 cs=0 l=1 rev1=0 crypto rx=0 tx=0 comp rx=0 tx=0).stop
2024-04-24T05:46:42.648 INFO:teuthology.orchestra.run.smithi031.stdout:/usr/bin/ceph: stderr
2024-04-24T05:46:41.784+0000 7f10cbe00700 1 -- 172.21.15.31:0/1891332759 <== mon.0 v2:172.21.15.31:3300/0 7 ==== mgrmap(e 11) ==== 46465+0+0 (secure 0 0 0) 0x7f10c404f520 con 0x7f10d407de30
2024-04-24T05:46:42.648 INFO:teuthology.orchestra.run.smithi031.stdout:/usr/bin/ceph: stderr
2024-04-24T05:46:41.784+0000 7f10cbe00700 1 --2- 172.21.15.31:0/1891332759 >> [v2:172.21.15.31:6800/533665991,v1:172.21.15.31:6801/533665991] conn(0x7f10b803cff0 0x7f10b803f3e0 unknown :-1 s=NONE pgs=0 cs=0 l=1 rev1=0 crypto rx=0 tx=0 comp rx=0 tx=0).connect
2024-04-24T05:46:42.648 INFO:teuthology.orchestra.run.smithi031.stdout:/usr/bin/ceph: stderr
2024-04-24T05:46:41.784+0000 7f10cbe00700 1 -- 172.21.15.31:0/1891332759 --> [v2:172.21.15.31:6800/533665991,v1:172.21.15.31:6801/533665991] -- command(tid 0: {"prefix": "get_command_descriptions"}) -- 0x7f10c401ac60 con 0x7f10b803cff0
2024-04-24T05:46:42.648 INFO:teuthology.orchestra.run.smithi031.stdout:/usr/bin/ceph: stderr
2024-04-24T05:46:41.785+0000 7f10d2a00700 1 --2- 172.21.15.31:0/1891332759 >> [v2:172.21.15.31:6800/533665991,v1:172.21.15.31:6801/533665991] conn(0x7f10b803cff0 0x7f10b803f3e0 unknown :-1 s=BANNER_CONNECTING pgs=0 cs=0 l=1 rev1=0 crypto rx=0 tx=0 comp rx=0 tx=0)._handle_peer_banner_payload supported=3 required=0
2024-04-24T05:46:42.648 INFO:teuthology.orchestra.run.smithi031.stdout:/usr/bin/ceph: stderr
2024-04-24T05:46:41.786+0000 7f10d2a00700 1 --2- 172.21.15.31:0/1891332759 >> [v2:172.21.15.31:6800/533665991,v1:172.21.15.31:6801/533665991] conn(0x7f10b803cff0 0x7f10b803f3e0 secure :-1 s=READY pgs=1 cs=0 l=1 rev1=1 crypto rx=0x7f10c0003a10 tx=0x7f10c0009270 comp rx=0 tx=0).ready entity=mgr.14152 client_cookie=0 server_cookie=0 in_seq=0 out_seq=0
2024-04-24T05:46:42.648 INFO:teuthology.orchestra.run.smithi031.stdout:/usr/bin/ceph: stderr
2024-04-24T05:46:41.788+0000 7f10cbe00700 1 -- 172.21.15.31:0/1891332759 <== mgr.14152 v2:172.21.15.31:6800/533665991 1 ==== command_reply(tid 0: 0 ) ==== 8+0+7774 (secure 0 0 0) 0x7f10c401ac60 con 0x7f10b803cff0
2024-04-24T05:46:42.648 INFO:teuthology.orchestra.run.smithi031.stdout:/usr/bin/ceph: stderr
2024-04-24T05:46:41.796+0000 7f10da000700 1 -- 172.21.15.31:0/1891332759 --> [v2:172.21.15.31:6800/533665991,v1:172.21.15.31:6801/533665991] -- command(tid 1: {"prefix": "mgr_status"}) -- 0x7f10d4069c10 con 0x7f10b803cff0
2024-04-24T05:46:42.648 INFO:teuthology.orchestra.run.smithi031.stdout:/usr/bin/ceph: stderr
2024-04-24T05:46:41.796+0000 7f10cbe00700 1 -- 172.21.15.31:0/1891332759 <== mgr.14152 v2:172.21.15.31:6800/533665991 2 ==== command_reply(tid 1: 0 ) ==== 8+0+52 (secure 0 0 0) 0x7f10d4069c10 con 0x7f10b803cff0
2024-04-24T05:46:42.648 INFO:teuthology.orchestra.run.smithi031.stdout:/usr/bin/ceph: stderr
2024-04-24T05:46:41.797+0000 7f10da000700 1 -- 172.21.15.31:0/1891332759 >> [v2:172.21.15.31:6800/533665991,v1:172.21.15.31:6801/533665991] conn(0x7f10b803cff0 msgr2=0x7f10b803f3e0 secure :-1 s=STATE_CONNECTION_ESTABLISHED l=1).mark_down
2024-04-24T05:46:42.648 INFO:teuthology.orchestra.run.smithi031.stdout:/usr/bin/ceph: stderr
2024-04-24T05:46:41.797+0000 7f10da000700 1 --2- 172.21.15.31:0/1891332759 >> [v2:172.21.15.31:6800/533665991,v1:172.21.15.31:6801/533665991] conn(0x7f10b803cff0 0x7f10b803f3e0 secure :-1 s=READY pgs=1 cs=0 l=1 rev1=1 crypto rx=0x7f10c0003a10 tx=0x7f10c0009270 comp rx=0 tx=0).stop
2024-04-24T05:46:42.649 INFO:teuthology.orchestra.run.smithi031.stdout:/usr/bin/ceph: stderr
2024-04-24T05:46:41.797+0000 7f10da000700 1 -- 172.21.15.31:0/1891332759 >> [v2:172.21.15.31:3300/0,v1:172.21.15.31:6789/0] conn(0x7f10d407de30 msgr2=0x7f10d419e5e0 secure :-1 s=STATE_CONNECTION_ESTABLISHED l=1).mark_down
2024-04-24T05:46:42.649 INFO:teuthology.orchestra.run.smithi031.stdout:/usr/bin/ceph: stderr
2024-04-24T05:46:41.797+0000 7f10da000700 1 --2- 172.21.15.31:0/1891332759 >> [v2:172.21.15.31:3300/0,v1:172.21.15.31:6789/0] conn(0x7f10d407de30 0x7f10d419e5e0 secure :-1 s=READY pgs=62 cs=0 l=1 rev1=1 crypto rx=0x7f10c40117e0 tx=0x7f10c4011c10 comp rx=0 tx=0).stop
2024-04-24T05:46:42.649 INFO:teuthology.orchestra.run.smithi031.stdout:/usr/bin/ceph: stderr
2024-04-24T05:46:41.797+0000 7f10da000700 1 -- 172.21.15.31:0/1891332759 shutdown_connections
2024-04-24T05:46:42.649 INFO:teuthology.orchestra.run.smithi031.stdout:/usr/bin/ceph: stderr
2024-04-24T05:46:41.797+0000 7f10da000700 1 --2- 172.21.15.31:0/1891332759 >> [v2:172.21.15.31:6800/533665991,v1:172.21.15.31:6801/533665991] conn(0x7f10b803cff0 0x7f10b803f3e0 unknown :-1 s=CLOSED pgs=1 cs=0 l=1 rev1=1 crypto rx=0 tx=0 comp rx=0 tx=0).stop
2024-04-24T05:46:42.649 INFO:teuthology.orchestra.run.smithi031.stdout:/usr/bin/ceph: stderr
2024-04-24T05:46:41.797+0000 7f10da000700 1 --2- 172.21.15.31:0/1891332759 >> [v2:172.21.15.31:3300/0,v1:172.21.15.31:6789/0] conn(0x7f10d407de30 0x7f10d419e5e0 unknown :-1 s=CLOSED pgs=62 cs=0 l=1 rev1=1 crypto rx=0 tx=0 comp rx=0 tx=0).stop
2024-04-24T05:46:42.649 INFO:teuthology.orchestra.run.smithi031.stdout:/usr/bin/ceph: stderr
2024-04-24T05:46:41.797+0000 7f10da000700 1 --2- 172.21.15.31:0/1891332759 >> [v2:172.21.15.31:6800/3252894328,v1:172.21.15.31:6801/3252894328] conn(0x7f10b8039610 0x7f10b803bad0 unknown :-1 s=CLOSED pgs=0 cs=0 l=1 rev1=0 crypto rx=0 tx=0 comp rx=0 tx=0).stop
2024-04-24T05:46:42.649 INFO:teuthology.orchestra.run.smithi031.stdout:/usr/bin/ceph: stderr
2024-04-24T05:46:41.797+0000 7f10da000700 1 -- 172.21.15.31:0/1891332759 >> 172.21.15.31:0/1891332759 conn(0x7f10d4103ae0 msgr2=0x7f10d4104630 unknown :-1 s=STATE_NONE l=0).mark_down
2024-04-24T05:46:42.649 INFO:teuthology.orchestra.run.smithi031.stdout:/usr/bin/ceph: stderr
2024-04-24T05:46:41.797+0000 7f10da000700 1 -- 172.21.15.31:0/1891332759 shutdown_connections
2024-04-24T05:46:42.649 INFO:teuthology.orchestra.run.smithi031.stdout:/usr/bin/ceph: stderr
2024-04-24T05:46:41.797+0000 7f10da000700 1 -- 172.21.15.31:0/1891332759 wait complete.
2024-04-24T05:46:42.649 INFO:teuthology.orchestra.run.smithi031.stdout:mgr epoch 9 is available
2024-04-24T05:46:42.649 INFO:teuthology.orchestra.run.smithi031.stdout:Generating a dashboard self-signed certificate...
2024-04-24T05:46:42.948 INFO:journalctl@ceph.mon.a.smithi031.stdout:Apr 24 05:46:42 smithi031 ceph-mon[27731]: [24/Apr/2024:05:46:42] ENGINE Bus STARTING
2024-04-24T05:46:42.949 INFO:journalctl@ceph.mon.a.smithi031.stdout:Apr 24 05:46:42 smithi031 ceph-mon[27731]: [24/Apr/2024:05:46:42] ENGINE Serving on http://172.21.15.31:8765
2024-04-24T05:46:44.023 INFO:journalctl@ceph.mon.a.smithi031.stdout:Apr 24 05:46:43 smithi031 ceph-mon[27731]: [24/Apr/2024:05:46:42] ENGINE Serving on https://172.21.15.31:7150
2024-04-24T05:46:44.023 INFO:journalctl@ceph.mon.a.smithi031.stdout:Apr 24 05:46:43 smithi031 ceph-mon[27731]: [24/Apr/2024:05:46:42] ENGINE Bus STARTED
2024-04-24T05:46:44.024 INFO:journalctl@ceph.mon.a.smithi031.stdout:Apr 24 05:46:43 smithi031 ceph-mon[27731]: mgrmap e12: x(active, since 2s)
2024-04-24T05:46:44.928 INFO:teuthology.orchestra.run.smithi031.stdout:/usr/bin/ceph: stdout Self-signed certificate created
2024-04-24T05:46:44.928 INFO:teuthology.orchestra.run.smithi031.stdout:/usr/bin/ceph: stderr
2024-04-24T05:46:43.901+0000 7fb38c800700 1 Processor -- start
2024-04-24T05:46:44.928 INFO:teuthology.orchestra.run.smithi031.stdout:/usr/bin/ceph: stderr
2024-04-24T05:46:43.902+0000 7fb38c800700 1 -- start start
2024-04-24T05:46:44.929 INFO:teuthology.orchestra.run.smithi031.stdout:/usr/bin/ceph: stderr
2024-04-24T05:46:43.902+0000 7fb38c800700 1 --2- >> [v2:172.21.15.31:3300/0,v1:172.21.15.31:6789/0] conn(0x7fb384106e20 0x7fb384107240 unknown :-1 s=NONE pgs=0 cs=0 l=0 rev1=0 crypto rx=0 tx=0 comp rx=0 tx=0).connect
2024-04-24T05:46:44.929 INFO:teuthology.orchestra.run.smithi031.stdout:/usr/bin/ceph: stderr
2024-04-24T05:46:43.902+0000 7fb38c800700 1 -- --> [v2:172.21.15.31:3300/0,v1:172.21.15.31:6789/0] -- mon_getmap magic: 0 -- 0x7fb38407be10 con 0x7fb384106e20
2024-04-24T05:46:44.929 INFO:teuthology.orchestra.run.smithi031.stdout:/usr/bin/ceph: stderr
2024-04-24T05:46:43.903+0000 7fb389e00700 1 --2- >> [v2:172.21.15.31:3300/0,v1:172.21.15.31:6789/0] conn(0x7fb384106e20 0x7fb384107240 unknown :-1 s=BANNER_CONNECTING pgs=0 cs=0 l=0 rev1=0 crypto rx=0 tx=0 comp rx=0 tx=0)._handle_peer_banner_payload supported=3 required=0
2024-04-24T05:46:44.929 INFO:teuthology.orchestra.run.smithi031.stdout:/usr/bin/ceph: stderr
2024-04-24T05:46:43.903+0000 7fb389e00700 1 --2- >> [v2:172.21.15.31:3300/0,v1:172.21.15.31:6789/0] conn(0x7fb384106e20 0x7fb384107240 unknown :-1 s=HELLO_CONNECTING pgs=0 cs=0 l=0 rev1=1 crypto rx=0 tx=0 comp rx=0 tx=0).handle_hello peer v2:172.21.15.31:3300/0 says I am v2:172.21.15.31:35994/0 (socket says 172.21.15.31:35994)
2024-04-24T05:46:44.929 INFO:teuthology.orchestra.run.smithi031.stdout:/usr/bin/ceph: stderr
2024-04-24T05:46:43.903+0000 7fb389e00700 1 -- 172.21.15.31:0/2057656591 learned_addr learned my addr 172.21.15.31:0/2057656591 (peer_addr_for_me v2:172.21.15.31:0/0)
2024-04-24T05:46:44.930 INFO:teuthology.orchestra.run.smithi031.stdout:/usr/bin/ceph: stderr
2024-04-24T05:46:43.903+0000 7fb389e00700 1 -- 172.21.15.31:0/2057656591 --> [v2:172.21.15.31:3300/0,v1:172.21.15.31:6789/0] -- mon_subscribe({config=0+,monmap=0+}) -- 0x7fb384107780 con 0x7fb384106e20
2024-04-24T05:46:44.930 INFO:teuthology.orchestra.run.smithi031.stdout:/usr/bin/ceph: stderr
2024-04-24T05:46:43.903+0000 7fb389e00700 1 --2- 172.21.15.31:0/2057656591 >> [v2:172.21.15.31:3300/0,v1:172.21.15.31:6789/0] conn(0x7fb384106e20 0x7fb384107240 secure :-1 s=READY pgs=70 cs=0 l=1 rev1=1 crypto rx=0x7fb3780098a0 tx=0x7fb378009bb0 comp rx=0 tx=0).ready entity=mon.0 client_cookie=1d78f692eb24df60 server_cookie=0 in_seq=0 out_seq=0
2024-04-24T05:46:44.930 INFO:teuthology.orchestra.run.smithi031.stdout:/usr/bin/ceph: stderr
2024-04-24T05:46:43.904+0000 7fb388a00700 1 -- 172.21.15.31:0/2057656591 <== mon.0 v2:172.21.15.31:3300/0 1 ==== mon_map magic: 0 ==== 205+0+0 (secure 0 0 0) 0x7fb378004160 con 0x7fb384106e20
2024-04-24T05:46:44.930 INFO:teuthology.orchestra.run.smithi031.stdout:/usr/bin/ceph: stderr
2024-04-24T05:46:43.904+0000 7fb388a00700 1 -- 172.21.15.31:0/2057656591 <== mon.0 v2:172.21.15.31:3300/0 2 ==== config(27 keys) ==== 1140+0+0 (secure 0 0 0) 0x7fb378004300 con 0x7fb384106e20
2024-04-24T05:46:44.931 INFO:teuthology.orchestra.run.smithi031.stdout:/usr/bin/ceph: stderr
2024-04-24T05:46:43.904+0000 7fb388a00700 1 -- 172.21.15.31:0/2057656591 <== mon.0 v2:172.21.15.31:3300/0 3 ==== mon_map magic: 0 ==== 205+0+0 (secure 0 0 0) 0x7fb378011b20 con 0x7fb384106e20
2024-04-24T05:46:44.931 INFO:teuthology.orchestra.run.smithi031.stdout:/usr/bin/ceph: stderr
2024-04-24T05:46:43.905+0000 7fb38c800700 1 -- 172.21.15.31:0/2057656591 >> [v2:172.21.15.31:3300/0,v1:172.21.15.31:6789/0] conn(0x7fb384106e20 msgr2=0x7fb384107240 secure :-1 s=STATE_CONNECTION_ESTABLISHED l=1).mark_down
2024-04-24T05:46:44.931 INFO:teuthology.orchestra.run.smithi031.stdout:/usr/bin/ceph: stderr
2024-04-24T05:46:43.905+0000 7fb38c800700 1 --2- 172.21.15.31:0/2057656591 >> [v2:172.21.15.31:3300/0,v1:172.21.15.31:6789/0] conn(0x7fb384106e20 0x7fb384107240 secure :-1 s=READY pgs=70 cs=0 l=1 rev1=1 crypto rx=0x7fb3780098a0 tx=0x7fb378009bb0 comp rx=0 tx=0).stop
2024-04-24T05:46:44.931 INFO:teuthology.orchestra.run.smithi031.stdout:/usr/bin/ceph: stderr
2024-04-24T05:46:43.905+0000 7fb38c800700 1 -- 172.21.15.31:0/2057656591 shutdown_connections
2024-04-24T05:46:44.931 INFO:teuthology.orchestra.run.smithi031.stdout:/usr/bin/ceph: stderr
2024-04-24T05:46:43.905+0000 7fb38c800700 1 --2- 172.21.15.31:0/2057656591 >> [v2:172.21.15.31:3300/0,v1:172.21.15.31:6789/0] conn(0x7fb384106e20 0x7fb384107240 unknown :-1 s=CLOSED pgs=70 cs=0 l=1 rev1=1 crypto rx=0 tx=0 comp rx=0 tx=0).stop
2024-04-24T05:46:44.932 INFO:teuthology.orchestra.run.smithi031.stdout:/usr/bin/ceph: stderr
2024-04-24T05:46:43.905+0000 7fb38c800700 1 -- 172.21.15.31:0/2057656591 >> 172.21.15.31:0/2057656591 conn(0x7fb384102ac0 msgr2=0x7fb384104ee0 unknown :-1 s=STATE_NONE l=0).mark_down
2024-04-24T05:46:44.932 INFO:teuthology.orchestra.run.smithi031.stdout:/usr/bin/ceph: stderr
2024-04-24T05:46:43.905+0000 7fb38c800700 1 -- 172.21.15.31:0/2057656591 shutdown_connections
2024-04-24T05:46:44.932 INFO:teuthology.orchestra.run.smithi031.stdout:/usr/bin/ceph: stderr
2024-04-24T05:46:43.905+0000 7fb38c800700 1 -- 172.21.15.31:0/2057656591 wait complete.
2024-04-24T05:46:44.932 INFO:teuthology.orchestra.run.smithi031.stdout:/usr/bin/ceph: stderr
2024-04-24T05:46:43.906+0000 7fb38c800700 1 Processor -- start
2024-04-24T05:46:44.932 INFO:teuthology.orchestra.run.smithi031.stdout:/usr/bin/ceph: stderr
2024-04-24T05:46:43.906+0000 7fb38c800700 1 -- start start
2024-04-24T05:46:44.933 INFO:teuthology.orchestra.run.smithi031.stdout:/usr/bin/ceph: stderr
2024-04-24T05:46:43.907+0000 7fb38c800700 1 --2- >> [v2:172.21.15.31:3300/0,v1:172.21.15.31:6789/0] conn(0x7fb384106e20 0x7fb38419e710 unknown :-1 s=NONE pgs=0 cs=0 l=1 rev1=0 crypto rx=0 tx=0 comp rx=0 tx=0).connect
2024-04-24T05:46:44.933 INFO:teuthology.orchestra.run.smithi031.stdout:/usr/bin/ceph: stderr
2024-04-24T05:46:43.907+0000 7fb38c800700 1 -- --> [v2:172.21.15.31:3300/0,v1:172.21.15.31:6789/0] -- mon_getmap magic: 0 -- 0x7fb384108850 con 0x7fb384106e20
2024-04-24T05:46:44.933 INFO:teuthology.orchestra.run.smithi031.stdout:/usr/bin/ceph: stderr
2024-04-24T05:46:43.907+0000 7fb389e00700 1 --2- >> [v2:172.21.15.31:3300/0,v1:172.21.15.31:6789/0] conn(0x7fb384106e20 0x7fb38419e710 unknown :-1 s=BANNER_CONNECTING pgs=0 cs=0 l=1 rev1=0 crypto rx=0 tx=0 comp rx=0 tx=0)._handle_peer_banner_payload supported=3 required=0
2024-04-24T05:46:44.933 INFO:teuthology.orchestra.run.smithi031.stdout:/usr/bin/ceph: stderr
2024-04-24T05:46:43.907+0000 7fb389e00700 1 --2- >> [v2:172.21.15.31:3300/0,v1:172.21.15.31:6789/0] conn(0x7fb384106e20 0x7fb38419e710 unknown :-1 s=HELLO_CONNECTING pgs=0 cs=0 l=1 rev1=1 crypto rx=0 tx=0 comp rx=0 tx=0).handle_hello peer v2:172.21.15.31:3300/0 says I am v2:172.21.15.31:36004/0 (socket says 172.21.15.31:36004)
2024-04-24T05:46:44.933 INFO:teuthology.orchestra.run.smithi031.stdout:/usr/bin/ceph: stderr
2024-04-24T05:46:43.907+0000 7fb389e00700 1 -- 172.21.15.31:0/4076091607 learned_addr learned my addr 172.21.15.31:0/4076091607 (peer_addr_for_me v2:172.21.15.31:0/0)
2024-04-24T05:46:44.934 INFO:teuthology.orchestra.run.smithi031.stdout:/usr/bin/ceph: stderr
2024-04-24T05:46:43.908+0000 7fb389e00700 1 -- 172.21.15.31:0/4076091607 --> [v2:172.21.15.31:3300/0,v1:172.21.15.31:6789/0] -- mon_subscribe({config=0+,monmap=0+}) -- 0x7fb38419ec50 con 0x7fb384106e20
2024-04-24T05:46:44.934 INFO:teuthology.orchestra.run.smithi031.stdout:/usr/bin/ceph: stderr
2024-04-24T05:46:43.908+0000 7fb389e00700 1 --2- 172.21.15.31:0/4076091607 >> [v2:172.21.15.31:3300/0,v1:172.21.15.31:6789/0] conn(0x7fb384106e20 0x7fb38419e710 secure :-1 s=READY pgs=71 cs=0 l=1 rev1=1 crypto rx=0x7fb378011b60 tx=0x7fb378011c40 comp rx=0 tx=0).ready entity=mon.0 client_cookie=0 server_cookie=0 in_seq=0 out_seq=0
2024-04-24T05:46:44.934 INFO:teuthology.orchestra.run.smithi031.stdout:/usr/bin/ceph: stderr
2024-04-24T05:46:43.908+0000 7fb37ea00700 1 -- 172.21.15.31:0/4076091607 <== mon.0 v2:172.21.15.31:3300/0 1 ==== mon_map magic: 0 ==== 205+0+0 (secure 0 0 0) 0x7fb378003b60 con 0x7fb384106e20
2024-04-24T05:46:44.935 INFO:teuthology.orchestra.run.smithi031.stdout:/usr/bin/ceph: stderr
2024-04-24T05:46:43.908+0000 7fb37ea00700 1 -- 172.21.15.31:0/4076091607 <== mon.0 v2:172.21.15.31:3300/0 2 ==== config(27 keys) ==== 1140+0+0 (secure 0 0 0) 0x7fb37801a910 con 0x7fb384106e20
2024-04-24T05:46:44.935 INFO:teuthology.orchestra.run.smithi031.stdout:/usr/bin/ceph: stderr
2024-04-24T05:46:43.908+0000 7fb37ea00700 1 -- 172.21.15.31:0/4076091607 <== mon.0 v2:172.21.15.31:3300/0 3 ==== mon_map magic: 0 ==== 205+0+0 (secure 0 0 0) 0x7fb378024930 con 0x7fb384106e20
2024-04-24T05:46:44.935 INFO:teuthology.orchestra.run.smithi031.stdout:/usr/bin/ceph: stderr
2024-04-24T05:46:43.908+0000 7fb38c800700 1 -- 172.21.15.31:0/4076091607 --> [v2:172.21.15.31:3300/0,v1:172.21.15.31:6789/0] -- mon_subscribe({mgrmap=0+}) -- 0x7fb38419eee0 con 0x7fb384106e20
2024-04-24T05:46:44.935 INFO:teuthology.orchestra.run.smithi031.stdout:/usr/bin/ceph: stderr
2024-04-24T05:46:43.909+0000 7fb38c800700 1 -- 172.21.15.31:0/4076091607 --> [v2:172.21.15.31:3300/0,v1:172.21.15.31:6789/0] -- mon_subscribe({osdmap=0}) -- 0x7fb38419f340 con 0x7fb384106e20
2024-04-24T05:46:44.936 INFO:teuthology.orchestra.run.smithi031.stdout:/usr/bin/ceph: stderr
2024-04-24T05:46:43.910+0000 7fb37ea00700 1 -- 172.21.15.31:0/4076091607 <== mon.0 v2:172.21.15.31:3300/0 4 ==== mgrmap(e 12) ==== 46571+0+0 (secure 0 0 0) 0x7fb378022020 con 0x7fb384106e20
2024-04-24T05:46:44.936 INFO:teuthology.orchestra.run.smithi031.stdout:/usr/bin/ceph: stderr
2024-04-24T05:46:43.910+0000 7fb38c800700 1 -- 172.21.15.31:0/4076091607 --> [v2:172.21.15.31:3300/0,v1:172.21.15.31:6789/0] -- mon_command({"prefix": "get_command_descriptions"} v 0) -- 0x7fb384064150 con 0x7fb384106e20
2024-04-24T05:46:44.937 INFO:teuthology.orchestra.run.smithi031.stdout:/usr/bin/ceph: stderr
2024-04-24T05:46:43.911+0000 7fb37ea00700 1 --2- 172.21.15.31:0/4076091607 >> [v2:172.21.15.31:6800/533665991,v1:172.21.15.31:6801/533665991] conn(0x7fb36c0396b0 0x7fb36c03bb70 unknown :-1 s=NONE pgs=0 cs=0 l=1 rev1=0 crypto rx=0 tx=0 comp rx=0 tx=0).connect
2024-04-24T05:46:44.937 INFO:teuthology.orchestra.run.smithi031.stdout:/usr/bin/ceph: stderr
2024-04-24T05:46:43.911+0000 7fb37ea00700 1 -- 172.21.15.31:0/4076091607 <== mon.0 v2:172.21.15.31:3300/0 5 ==== osd_map(3..3 src has 1..3) ==== 1155+0+0 (secure 0 0 0) 0x7fb37804db80 con 0x7fb384106e20
2024-04-24T05:46:44.937 INFO:teuthology.orchestra.run.smithi031.stdout:/usr/bin/ceph: stderr
2024-04-24T05:46:43.911+0000 7fb389400700 1 --2- 172.21.15.31:0/4076091607 >> [v2:172.21.15.31:6800/533665991,v1:172.21.15.31:6801/533665991] conn(0x7fb36c0396b0 0x7fb36c03bb70 unknown :-1 s=BANNER_CONNECTING pgs=0 cs=0 l=1 rev1=0 crypto rx=0 tx=0 comp rx=0 tx=0)._handle_peer_banner_payload supported=3 required=0
2024-04-24T05:46:44.937 INFO:teuthology.orchestra.run.smithi031.stdout:/usr/bin/ceph: stderr
2024-04-24T05:46:43.912+0000 7fb389400700 1 --2- 172.21.15.31:0/4076091607 >> [v2:172.21.15.31:6800/533665991,v1:172.21.15.31:6801/533665991] conn(0x7fb36c0396b0 0x7fb36c03bb70 secure :-1 s=READY pgs=7 cs=0 l=1 rev1=1 crypto rx=0x7fb374006fd0 tx=0x7fb374006e40 comp rx=0 tx=0).ready entity=mgr.14152 client_cookie=0 server_cookie=0 in_seq=0 out_seq=0
2024-04-24T05:46:44.937 INFO:teuthology.orchestra.run.smithi031.stdout:/usr/bin/ceph: stderr
2024-04-24T05:46:43.917+0000 7fb37ea00700 1 -- 172.21.15.31:0/4076091607 <== mon.0 v2:172.21.15.31:3300/0 6 ==== mon_command_ack([{"prefix": "get_command_descriptions"}]=0 v0) ==== 72+0+188370 (secure 0 0 0) 0x7fb37801a4e0 con 0x7fb384106e20
2024-04-24T05:46:44.937 INFO:teuthology.orchestra.run.smithi031.stdout:/usr/bin/ceph: stderr
2024-04-24T05:46:44.174+0000 7fb38c800700 1 -- 172.21.15.31:0/4076091607 --> [v2:172.21.15.31:6800/533665991,v1:172.21.15.31:6801/533665991] -- mgr_command(tid 0: {"prefix": "dashboard create-self-signed-cert", "target": ["mon-mgr", ""]}) -- 0x7fb384062f30 con 0x7fb36c0396b0
2024-04-24T05:46:44.937 INFO:teuthology.orchestra.run.smithi031.stdout:/usr/bin/ceph: stderr
2024-04-24T05:46:44.258+0000 7fb37ea00700 1 -- 172.21.15.31:0/4076091607 <== mgr.14152 v2:172.21.15.31:6800/533665991 1 ==== mgr_command_reply(tid 0: 0 ) ==== 8+0+32 (secure 0 0 0) 0x7fb384062f30 con 0x7fb36c0396b0
2024-04-24T05:46:44.938 INFO:teuthology.orchestra.run.smithi031.stdout:/usr/bin/ceph: stderr
2024-04-24T05:46:44.261+0000 7fb38c800700 1 -- 172.21.15.31:0/4076091607 >> [v2:172.21.15.31:6800/533665991,v1:172.21.15.31:6801/533665991] conn(0x7fb36c0396b0 msgr2=0x7fb36c03bb70 secure :-1 s=STATE_CONNECTION_ESTABLISHED l=1).mark_down
2024-04-24T05:46:44.938 INFO:teuthology.orchestra.run.smithi031.stdout:/usr/bin/ceph: stderr
2024-04-24T05:46:44.261+0000 7fb38c800700 1 --2- 172.21.15.31:0/4076091607 >> [v2:172.21.15.31:6800/533665991,v1:172.21.15.31:6801/533665991] conn(0x7fb36c0396b0 0x7fb36c03bb70 secure :-1 s=READY pgs=7 cs=0 l=1 rev1=1 crypto rx=0x7fb374006fd0 tx=0x7fb374006e40 comp rx=0 tx=0).stop
2024-04-24T05:46:44.938 INFO:teuthology.orchestra.run.smithi031.stdout:/usr/bin/ceph: stderr
2024-04-24T05:46:44.261+0000 7fb38c800700 1 -- 172.21.15.31:0/4076091607 >> [v2:172.21.15.31:3300/0,v1:172.21.15.31:6789/0] conn(0x7fb384106e20 msgr2=0x7fb38419e710 secure :-1 s=STATE_CONNECTION_ESTABLISHED l=1).mark_down
2024-04-24T05:46:44.939 INFO:teuthology.orchestra.run.smithi031.stdout:/usr/bin/ceph: stderr
2024-04-24T05:46:44.261+0000 7fb38c800700 1 --2- 172.21.15.31:0/4076091607 >> [v2:172.21.15.31:3300/0,v1:172.21.15.31:6789/0] conn(0x7fb384106e20 0x7fb38419e710 secure :-1 s=READY pgs=71 cs=0 l=1 rev1=1 crypto rx=0x7fb378011b60 tx=0x7fb378011c40 comp rx=0 tx=0).stop
2024-04-24T05:46:44.939 INFO:teuthology.orchestra.run.smithi031.stdout:/usr/bin/ceph: stderr
2024-04-24T05:46:44.261+0000 7fb38c800700 1 -- 172.21.15.31:0/4076091607 shutdown_connections
2024-04-24T05:46:44.939 INFO:teuthology.orchestra.run.smithi031.stdout:/usr/bin/ceph: stderr
2024-04-24T05:46:44.261+0000 7fb38c800700 1 --2- 172.21.15.31:0/4076091607 >> [v2:172.21.15.31:6800/533665991,v1:172.21.15.31:6801/533665991] conn(0x7fb36c0396b0 0x7fb36c03bb70 unknown :-1 s=CLOSED pgs=7 cs=0 l=1 rev1=1 crypto rx=0 tx=0 comp rx=0 tx=0).stop
2024-04-24T05:46:44.939 INFO:teuthology.orchestra.run.smithi031.stdout:/usr/bin/ceph: stderr
2024-04-24T05:46:44.261+0000 7fb38c800700 1 --2- 172.21.15.31:0/4076091607 >> [v2:172.21.15.31:3300/0,v1:172.21.15.31:6789/0] conn(0x7fb384106e20 0x7fb38419e710 unknown :-1 s=CLOSED pgs=71 cs=0 l=1 rev1=1 crypto rx=0 tx=0 comp rx=0 tx=0).stop
2024-04-24T05:46:44.939 INFO:teuthology.orchestra.run.smithi031.stdout:/usr/bin/ceph: stderr
2024-04-24T05:46:44.261+0000 7fb38c800700 1 -- 172.21.15.31:0/4076091607 >> 172.21.15.31:0/4076091607 conn(0x7fb384102ac0 msgr2=0x7fb3841953d0 unknown :-1 s=STATE_NONE l=0).mark_down
2024-04-24T05:46:44.939 INFO:teuthology.orchestra.run.smithi031.stdout:/usr/bin/ceph: stderr
2024-04-24T05:46:44.262+0000 7fb38c800700 1 -- 172.21.15.31:0/4076091607 shutdown_connections
2024-04-24T05:46:44.939 INFO:teuthology.orchestra.run.smithi031.stdout:/usr/bin/ceph: stderr
2024-04-24T05:46:44.262+0000 7fb38c800700 1 -- 172.21.15.31:0/4076091607 wait complete.
2024-04-24T05:46:44.939 INFO:teuthology.orchestra.run.smithi031.stdout:Creating initial admin user...
2024-04-24T05:46:45.267 INFO:journalctl@ceph.mon.a.smithi031.stdout:Apr 24 05:46:44 smithi031 ceph-mon[27731]: from='mgr.14152 172.21.15.31:0/1142484119' entity='mgr.x'
2024-04-24T05:46:45.267 INFO:journalctl@ceph.mon.a.smithi031.stdout:Apr 24 05:46:44 smithi031 ceph-mon[27731]: from='client.14164 -' entity='client.admin' cmd=[{"prefix": "dashboard create-self-signed-cert", "target": ["mon-mgr", ""]}]: dispatch
2024-04-24T05:46:45.268 INFO:journalctl@ceph.mon.a.smithi031.stdout:Apr 24 05:46:44 smithi031 ceph-mon[27731]: from='mgr.14152 172.21.15.31:0/1142484119' entity='mgr.x'
2024-04-24T05:46:45.268 INFO:journalctl@ceph.mon.a.smithi031.stdout:Apr 24 05:46:44 smithi031 ceph-mon[27731]: from='mgr.14152 172.21.15.31:0/1142484119' entity='mgr.x'
2024-04-24T05:46:46.844 INFO:teuthology.orchestra.run.smithi031.stdout:/usr/bin/ceph: stdout {"username": "admin", "password": "$2b$12$kSS6pZ5tReAddrSOmg/nz.6Z.dF.QkItkw16f7.ULtPi461l1C9De", "roles": ["administrator"], "name": null, "email": null, "lastUpdate": 1713937606, "enabled": true, "pwdExpirationDate": null, "pwdUpdateRequired": true}
2024-04-24T05:46:46.844 INFO:teuthology.orchestra.run.smithi031.stdout:/usr/bin/ceph: stderr
2024-04-24T05:46:45.560+0000 7f0200000700 1 Processor -- start
2024-04-24T05:46:46.844 INFO:teuthology.orchestra.run.smithi031.stdout:/usr/bin/ceph: stderr
2024-04-24T05:46:45.561+0000 7f0200000700 1 -- start start
2024-04-24T05:46:46.844 INFO:teuthology.orchestra.run.smithi031.stdout:/usr/bin/ceph: stderr
2024-04-24T05:46:45.561+0000 7f0200000700 1 --2- >> [v2:172.21.15.31:3300/0,v1:172.21.15.31:6789/0] conn(0x7f01f8106870 0x7f01f8106c90 unknown :-1 s=NONE pgs=0 cs=0 l=0 rev1=0 crypto rx=0 tx=0 comp rx=0 tx=0).connect
2024-04-24T05:46:46.844 INFO:teuthology.orchestra.run.smithi031.stdout:/usr/bin/ceph: stderr
2024-04-24T05:46:45.561+0000 7f0200000700 1 -- --> [v2:172.21.15.31:3300/0,v1:172.21.15.31:6789/0] -- mon_getmap magic: 0 -- 0x7f01f8107260 con 0x7f01f8106870
2024-04-24T05:46:46.849 INFO:teuthology.orchestra.run.smithi031.stdout:/usr/bin/ceph: stderr
2024-04-24T05:46:45.562+0000 7f01fd600700 1 --2- >> [v2:172.21.15.31:3300/0,v1:172.21.15.31:6789/0] conn(0x7f01f8106870 0x7f01f8106c90 unknown :-1 s=BANNER_CONNECTING pgs=0 cs=0 l=0 rev1=0 crypto rx=0 tx=0 comp rx=0 tx=0)._handle_peer_banner_payload supported=3 required=0
2024-04-24T05:46:46.849 INFO:teuthology.orchestra.run.smithi031.stdout:/usr/bin/ceph: stderr
2024-04-24T05:46:45.562+0000 7f01fd600700 1 --2- >> [v2:172.21.15.31:3300/0,v1:172.21.15.31:6789/0] conn(0x7f01f8106870 0x7f01f8106c90 unknown :-1 s=HELLO_CONNECTING pgs=0 cs=0 l=0 rev1=1 crypto rx=0 tx=0 comp rx=0 tx=0).handle_hello peer v2:172.21.15.31:3300/0 says I am v2:172.21.15.31:36010/0 (socket says 172.21.15.31:36010)
2024-04-24T05:46:46.849 INFO:teuthology.orchestra.run.smithi031.stdout:/usr/bin/ceph: stderr
2024-04-24T05:46:45.562+0000 7f01fd600700 1 -- 172.21.15.31:0/552257443 learned_addr learned my addr 172.21.15.31:0/552257443 (peer_addr_for_me v2:172.21.15.31:0/0)
2024-04-24T05:46:46.849 INFO:teuthology.orchestra.run.smithi031.stdout:/usr/bin/ceph: stderr
2024-04-24T05:46:45.563+0000 7f01fd600700 1 -- 172.21.15.31:0/552257443 --> [v2:172.21.15.31:3300/0,v1:172.21.15.31:6789/0] -- mon_subscribe({config=0+,monmap=0+}) -- 0x7f01f8109800 con 0x7f01f8106870
2024-04-24T05:46:46.849 INFO:teuthology.orchestra.run.smithi031.stdout:/usr/bin/ceph: stderr
2024-04-24T05:46:45.563+0000 7f01fd600700 1 --2- 172.21.15.31:0/552257443 >> [v2:172.21.15.31:3300/0,v1:172.21.15.31:6789/0] conn(0x7f01f8106870 0x7f01f8106c90 secure :-1 s=READY pgs=72 cs=0 l=1 rev1=1 crypto rx=0x7f01ec0098a0 tx=0x7f01ec009bb0 comp rx=0 tx=0).ready entity=mon.0 client_cookie=cc9012b0db3a632 server_cookie=0 in_seq=0 out_seq=0
2024-04-24T05:46:46.849 INFO:teuthology.orchestra.run.smithi031.stdout:/usr/bin/ceph: stderr
2024-04-24T05:46:45.563+0000 7f01f7e00700 1 -- 172.21.15.31:0/552257443 <== mon.0 v2:172.21.15.31:3300/0 1 ==== mon_map magic: 0 ==== 205+0+0 (secure 0 0 0) 0x7f01ec004160 con 0x7f01f8106870
2024-04-24T05:46:46.849 INFO:teuthology.orchestra.run.smithi031.stdout:/usr/bin/ceph: stderr
2024-04-24T05:46:45.563+0000 7f01f7e00700 1 -- 172.21.15.31:0/552257443 <== mon.0 v2:172.21.15.31:3300/0 2 ==== config(27 keys) ==== 1140+0+0 (secure 0 0 0) 0x7f01ec004300 con 0x7f01f8106870
2024-04-24T05:46:46.849 INFO:teuthology.orchestra.run.smithi031.stdout:/usr/bin/ceph: stderr
2024-04-24T05:46:45.563+0000 7f01f7e00700 1 -- 172.21.15.31:0/552257443 <== mon.0 v2:172.21.15.31:3300/0 3 ==== mon_map magic: 0 ==== 205+0+0 (secure 0 0 0) 0x7f01ec011b20 con 0x7f01f8106870
2024-04-24T05:46:46.849 INFO:teuthology.orchestra.run.smithi031.stdout:/usr/bin/ceph: stderr
2024-04-24T05:46:45.564+0000 7f0200000700 1 -- 172.21.15.31:0/552257443 >> [v2:172.21.15.31:3300/0,v1:172.21.15.31:6789/0] conn(0x7f01f8106870 msgr2=0x7f01f8106c90 secure :-1 s=STATE_CONNECTION_ESTABLISHED l=1).mark_down
2024-04-24T05:46:46.849 INFO:teuthology.orchestra.run.smithi031.stdout:/usr/bin/ceph: stderr
2024-04-24T05:46:45.564+0000 7f0200000700 1 --2- 172.21.15.31:0/552257443 >> [v2:172.21.15.31:3300/0,v1:172.21.15.31:6789/0] conn(0x7f01f8106870 0x7f01f8106c90 secure :-1 s=READY pgs=72 cs=0 l=1 rev1=1 crypto rx=0x7f01ec0098a0 tx=0x7f01ec009bb0 comp rx=0 tx=0).stop
2024-04-24T05:46:46.849 INFO:teuthology.orchestra.run.smithi031.stdout:/usr/bin/ceph: stderr
2024-04-24T05:46:45.564+0000 7f0200000700 1 -- 172.21.15.31:0/552257443 shutdown_connections
2024-04-24T05:46:46.850 INFO:teuthology.orchestra.run.smithi031.stdout:/usr/bin/ceph: stderr
2024-04-24T05:46:45.564+0000 7f0200000700 1 --2- 172.21.15.31:0/552257443 >> [v2:172.21.15.31:3300/0,v1:172.21.15.31:6789/0] conn(0x7f01f8106870 0x7f01f8106c90 unknown :-1 s=CLOSED pgs=72 cs=0 l=1 rev1=1 crypto rx=0 tx=0 comp rx=0 tx=0).stop
2024-04-24T05:46:46.850 INFO:teuthology.orchestra.run.smithi031.stdout:/usr/bin/ceph: stderr
2024-04-24T05:46:45.564+0000 7f0200000700 1 -- 172.21.15.31:0/552257443 >> 172.21.15.31:0/552257443 conn(0x7f01f8102200 msgr2=0x7f01f8104620 unknown :-1 s=STATE_NONE l=0).mark_down
2024-04-24T05:46:46.850 INFO:teuthology.orchestra.run.smithi031.stdout:/usr/bin/ceph: stderr
2024-04-24T05:46:45.564+0000 7f0200000700 1 -- 172.21.15.31:0/552257443 shutdown_connections
2024-04-24T05:46:46.850 INFO:teuthology.orchestra.run.smithi031.stdout:/usr/bin/ceph: stderr
2024-04-24T05:46:45.564+0000 7f0200000700 1 -- 172.21.15.31:0/552257443 wait complete.
2024-04-24T05:46:46.850 INFO:teuthology.orchestra.run.smithi031.stdout:/usr/bin/ceph: stderr
2024-04-24T05:46:45.566+0000 7f0200000700 1 Processor -- start
2024-04-24T05:46:46.850 INFO:teuthology.orchestra.run.smithi031.stdout:/usr/bin/ceph: stderr
2024-04-24T05:46:45.566+0000 7f0200000700 1 -- start start
2024-04-24T05:46:46.850 INFO:teuthology.orchestra.run.smithi031.stdout:/usr/bin/ceph: stderr
2024-04-24T05:46:45.566+0000 7f0200000700 1 --2- >> [v2:172.21.15.31:3300/0,v1:172.21.15.31:6789/0] conn(0x7f01f8106870 0x7f01f819e6b0 unknown :-1 s=NONE pgs=0 cs=0 l=1 rev1=0 crypto rx=0 tx=0 comp rx=0 tx=0).connect
2024-04-24T05:46:46.850 INFO:teuthology.orchestra.run.smithi031.stdout:/usr/bin/ceph: stderr
2024-04-24T05:46:45.566+0000 7f0200000700 1 -- --> [v2:172.21.15.31:3300/0,v1:172.21.15.31:6789/0] -- mon_getmap magic: 0 -- 0x7f01f810cbb0 con 0x7f01f8106870
2024-04-24T05:46:46.850 INFO:teuthology.orchestra.run.smithi031.stdout:/usr/bin/ceph: stderr
2024-04-24T05:46:45.566+0000 7f01fd600700 1 --2- >> [v2:172.21.15.31:3300/0,v1:172.21.15.31:6789/0] conn(0x7f01f8106870 0x7f01f819e6b0 unknown :-1 s=BANNER_CONNECTING pgs=0 cs=0 l=1 rev1=0 crypto rx=0 tx=0 comp rx=0 tx=0)._handle_peer_banner_payload supported=3 required=0
2024-04-24T05:46:46.850 INFO:teuthology.orchestra.run.smithi031.stdout:/usr/bin/ceph: stderr
2024-04-24T05:46:45.567+0000 7f01fd600700 1 --2- >> [v2:172.21.15.31:3300/0,v1:172.21.15.31:6789/0] conn(0x7f01f8106870 0x7f01f819e6b0 unknown :-1 s=HELLO_CONNECTING pgs=0 cs=0 l=1 rev1=1 crypto rx=0 tx=0 comp rx=0 tx=0).handle_hello peer v2:172.21.15.31:3300/0 says I am v2:172.21.15.31:36024/0 (socket says 172.21.15.31:36024)
2024-04-24T05:46:46.850 INFO:teuthology.orchestra.run.smithi031.stdout:/usr/bin/ceph: stderr
2024-04-24T05:46:45.567+0000 7f01fd600700 1 -- 172.21.15.31:0/1377416536 learned_addr learned my addr 172.21.15.31:0/1377416536 (peer_addr_for_me v2:172.21.15.31:0/0)
2024-04-24T05:46:46.850 INFO:teuthology.orchestra.run.smithi031.stdout:/usr/bin/ceph: stderr
2024-04-24T05:46:45.567+0000 7f01fd600700 1 -- 172.21.15.31:0/1377416536 --> [v2:172.21.15.31:3300/0,v1:172.21.15.31:6789/0] -- mon_subscribe({config=0+,monmap=0+}) -- 0x7f01f819ebf0 con 0x7f01f8106870
2024-04-24T05:46:46.850 INFO:teuthology.orchestra.run.smithi031.stdout:/usr/bin/ceph: stderr
2024-04-24T05:46:45.567+0000 7f01fd600700 1 --2- 172.21.15.31:0/1377416536 >> [v2:172.21.15.31:3300/0,v1:172.21.15.31:6789/0] conn(0x7f01f8106870 0x7f01f819e6b0 secure :-1 s=READY pgs=73 cs=0 l=1 rev1=1 crypto rx=0x7f01ec0117e0 tx=0x7f01ec011ba0 comp rx=0 tx=0).ready entity=mon.0 client_cookie=0 server_cookie=0 in_seq=0 out_seq=0
2024-04-24T05:46:46.850 INFO:teuthology.orchestra.run.smithi031.stdout:/usr/bin/ceph: stderr
2024-04-24T05:46:45.568+0000 7f01f6000700 1 -- 172.21.15.31:0/1377416536 <== mon.0 v2:172.21.15.31:3300/0 1 ==== mon_map magic: 0 ==== 205+0+0 (secure 0 0 0) 0x7f01ec003bf0 con 0x7f01f8106870
2024-04-24T05:46:46.851 INFO:teuthology.orchestra.run.smithi031.stdout:/usr/bin/ceph: stderr
2024-04-24T05:46:45.568+0000 7f01f6000700 1 -- 172.21.15.31:0/1377416536 <== mon.0 v2:172.21.15.31:3300/0 2 ==== config(27 keys) ==== 1140+0+0 (secure 0 0 0) 0x7f01ec01a910 con 0x7f01f8106870
2024-04-24T05:46:46.851 INFO:teuthology.orchestra.run.smithi031.stdout:/usr/bin/ceph: stderr
2024-04-24T05:46:45.568+0000 7f0200000700 1 -- 172.21.15.31:0/1377416536 --> [v2:172.21.15.31:3300/0,v1:172.21.15.31:6789/0] -- mon_subscribe({mgrmap=0+}) -- 0x7f01f819ee80 con 0x7f01f8106870
2024-04-24T05:46:46.851 INFO:teuthology.orchestra.run.smithi031.stdout:/usr/bin/ceph: stderr
2024-04-24T05:46:45.568+0000 7f0200000700 1 -- 172.21.15.31:0/1377416536 --> [v2:172.21.15.31:3300/0,v1:172.21.15.31:6789/0] -- mon_subscribe({osdmap=0}) -- 0x7f01f819f2e0 con 0x7f01f8106870
2024-04-24T05:46:46.851 INFO:teuthology.orchestra.run.smithi031.stdout:/usr/bin/ceph: stderr
2024-04-24T05:46:45.568+0000 7f01f6000700 1 -- 172.21.15.31:0/1377416536 <== mon.0 v2:172.21.15.31:3300/0 3 ==== mon_map magic: 0 ==== 205+0+0 (secure 0 0 0) 0x7f01ec024970 con 0x7f01f8106870
2024-04-24T05:46:46.851 INFO:teuthology.orchestra.run.smithi031.stdout:/usr/bin/ceph: stderr
2024-04-24T05:46:45.569+0000 7f01f6000700 1 -- 172.21.15.31:0/1377416536 <== mon.0 v2:172.21.15.31:3300/0 4 ==== mgrmap(e 12) ==== 46571+0+0 (secure 0 0 0) 0x7f01ec022020 con 0x7f01f8106870
2024-04-24T05:46:46.851 INFO:teuthology.orchestra.run.smithi031.stdout:/usr/bin/ceph: stderr
2024-04-24T05:46:45.569+0000 7f0200000700 1 -- 172.21.15.31:0/1377416536 --> [v2:172.21.15.31:3300/0,v1:172.21.15.31:6789/0] -- mon_command({"prefix": "get_command_descriptions"} v 0) -- 0x7f01f8064150 con 0x7f01f8106870
2024-04-24T05:46:46.851 INFO:teuthology.orchestra.run.smithi031.stdout:/usr/bin/ceph: stderr
2024-04-24T05:46:45.570+0000 7f01f6000700 1 --2- 172.21.15.31:0/1377416536 >> [v2:172.21.15.31:6800/533665991,v1:172.21.15.31:6801/533665991] conn(0x7f01e0039600 0x7f01e003bac0 unknown :-1 s=NONE pgs=0 cs=0 l=1 rev1=0 crypto rx=0 tx=0 comp rx=0 tx=0).connect
2024-04-24T05:46:46.851 INFO:teuthology.orchestra.run.smithi031.stdout:/usr/bin/ceph: stderr
2024-04-24T05:46:45.570+0000 7f01f6000700 1 -- 172.21.15.31:0/1377416536 <== mon.0 v2:172.21.15.31:3300/0 5 ==== osd_map(3..3 src has 1..3) ==== 1155+0+0 (secure 0 0 0) 0x7f01ec04df70 con 0x7f01f8106870
2024-04-24T05:46:46.851 INFO:teuthology.orchestra.run.smithi031.stdout:/usr/bin/ceph: stderr
2024-04-24T05:46:45.571+0000 7f01fcc00700 1 --2- 172.21.15.31:0/1377416536 >> [v2:172.21.15.31:6800/533665991,v1:172.21.15.31:6801/533665991] conn(0x7f01e0039600 0x7f01e003bac0 unknown :-1 s=BANNER_CONNECTING pgs=0 cs=0 l=1 rev1=0 crypto rx=0 tx=0 comp rx=0 tx=0)._handle_peer_banner_payload supported=3 required=0
2024-04-24T05:46:46.851 INFO:teuthology.orchestra.run.smithi031.stdout:/usr/bin/ceph: stderr
2024-04-24T05:46:45.571+0000 7f01fcc00700 1 --2- 172.21.15.31:0/1377416536 >> [v2:172.21.15.31:6800/533665991,v1:172.21.15.31:6801/533665991] conn(0x7f01e0039600 0x7f01e003bac0 secure :-1 s=READY pgs=8 cs=0 l=1 rev1=1 crypto rx=0x7f01e4006fd0 tx=0x7f01e4006e40 comp rx=0 tx=0).ready entity=mgr.14152 client_cookie=0 server_cookie=0 in_seq=0 out_seq=0
2024-04-24T05:46:46.851 INFO:teuthology.orchestra.run.smithi031.stdout:/usr/bin/ceph: stderr
2024-04-24T05:46:45.576+0000 7f01f6000700 1 -- 172.21.15.31:0/1377416536 <== mon.0 v2:172.21.15.31:3300/0 6 ==== mon_command_ack([{"prefix": "get_command_descriptions"}]=0 v0) ==== 72+0+188370 (secure 0 0 0) 0x7f01ec0212c0 con 0x7f01f8106870
2024-04-24T05:46:46.853 INFO:teuthology.orchestra.run.smithi031.stdout:/usr/bin/ceph: stderr
2024-04-24T05:46:45.827+0000 7f0200000700 1 -- 172.21.15.31:0/1377416536 --> [v2:172.21.15.31:6800/533665991,v1:172.21.15.31:6801/533665991] -- mgr_command(tid 0: {"prefix": "dashboard ac-user-create", "username": "admin", "rolename": "administrator", "force_password": true, "pwd_update_required": true, "target": ["mon-mgr", ""]}) -- 0x7f01f81a1cf0 con 0x7f01e0039600
2024-04-24T05:46:46.853 INFO:teuthology.orchestra.run.smithi031.stdout:/usr/bin/ceph: stderr
2024-04-24T05:46:46.108+0000 7f01f6000700 1 -- 172.21.15.31:0/1377416536 <== mgr.14152 v2:172.21.15.31:6800/533665991 1 ==== mgr_command_reply(tid 0: 0 ) ==== 8+0+252 (secure 0 0 0) 0x7f01f81a1cf0 con 0x7f01e0039600
2024-04-24T05:46:46.853 INFO:teuthology.orchestra.run.smithi031.stdout:/usr/bin/ceph: stderr
2024-04-24T05:46:46.111+0000 7f0200000700 1 -- 172.21.15.31:0/1377416536 >> [v2:172.21.15.31:6800/533665991,v1:172.21.15.31:6801/533665991] conn(0x7f01e0039600 msgr2=0x7f01e003bac0 secure :-1 s=STATE_CONNECTION_ESTABLISHED l=1).mark_down
2024-04-24T05:46:46.853 INFO:teuthology.orchestra.run.smithi031.stdout:/usr/bin/ceph: stderr
2024-04-24T05:46:46.111+0000 7f0200000700 1 --2- 172.21.15.31:0/1377416536 >> [v2:172.21.15.31:6800/533665991,v1:172.21.15.31:6801/533665991] conn(0x7f01e0039600 0x7f01e003bac0 secure :-1 s=READY pgs=8 cs=0 l=1 rev1=1 crypto rx=0x7f01e4006fd0 tx=0x7f01e4006e40 comp rx=0 tx=0).stop
2024-04-24T05:46:46.853 INFO:teuthology.orchestra.run.smithi031.stdout:/usr/bin/ceph: stderr
2024-04-24T05:46:46.111+0000 7f0200000700 1 -- 172.21.15.31:0/1377416536 >> [v2:172.21.15.31:3300/0,v1:172.21.15.31:6789/0] conn(0x7f01f8106870 msgr2=0x7f01f819e6b0 secure :-1 s=STATE_CONNECTION_ESTABLISHED l=1).mark_down
2024-04-24T05:46:46.853 INFO:teuthology.orchestra.run.smithi031.stdout:/usr/bin/ceph: stderr
2024-04-24T05:46:46.111+0000 7f0200000700 1 --2- 172.21.15.31:0/1377416536 >> [v2:172.21.15.31:3300/0,v1:172.21.15.31:6789/0] conn(0x7f01f8106870 0x7f01f819e6b0 secure :-1 s=READY pgs=73 cs=0 l=1 rev1=1 crypto rx=0x7f01ec0117e0 tx=0x7f01ec011ba0 comp rx=0 tx=0).stop
2024-04-24T05:46:46.853 INFO:teuthology.orchestra.run.smithi031.stdout:/usr/bin/ceph: stderr
2024-04-24T05:46:46.111+0000 7f0200000700 1 -- 172.21.15.31:0/1377416536 shutdown_connections
2024-04-24T05:46:46.853 INFO:teuthology.orchestra.run.smithi031.stdout:/usr/bin/ceph: stderr
2024-04-24T05:46:46.111+0000 7f0200000700 1 --2- 172.21.15.31:0/1377416536 >> [v2:172.21.15.31:6800/533665991,v1:172.21.15.31:6801/533665991] conn(0x7f01e0039600 0x7f01e003bac0 unknown :-1 s=CLOSED pgs=8 cs=0 l=1 rev1=1 crypto rx=0 tx=0 comp rx=0 tx=0).stop
2024-04-24T05:46:46.853 INFO:teuthology.orchestra.run.smithi031.stdout:/usr/bin/ceph: stderr
2024-04-24T05:46:46.111+0000 7f0200000700 1 --2- 172.21.15.31:0/1377416536 >> [v2:172.21.15.31:3300/0,v1:172.21.15.31:6789/0] conn(0x7f01f8106870 0x7f01f819e6b0 unknown :-1 s=CLOSED pgs=73 cs=0 l=1 rev1=1 crypto rx=0 tx=0 comp rx=0 tx=0).stop
2024-04-24T05:46:46.853 INFO:teuthology.orchestra.run.smithi031.stdout:/usr/bin/ceph: stderr
2024-04-24T05:46:46.111+0000 7f0200000700 1 -- 172.21.15.31:0/1377416536 >> 172.21.15.31:0/1377416536 conn(0x7f01f8102200 msgr2=0x7f01f8102cd0 unknown :-1 s=STATE_NONE l=0).mark_down
2024-04-24T05:46:46.853 INFO:teuthology.orchestra.run.smithi031.stdout:/usr/bin/ceph: stderr
2024-04-24T05:46:46.111+0000 7f0200000700 1 -- 172.21.15.31:0/1377416536 shutdown_connections
2024-04-24T05:46:46.853 INFO:teuthology.orchestra.run.smithi031.stdout:/usr/bin/ceph: stderr
2024-04-24T05:46:46.111+0000 7f0200000700 1 -- 172.21.15.31:0/1377416536 wait complete.
2024-04-24T05:46:46.853 INFO:teuthology.orchestra.run.smithi031.stdout:Fetching dashboard port number...
2024-04-24T05:46:47.470 INFO:journalctl@ceph.mon.a.smithi031.stdout:Apr 24 05:46:47 smithi031 ceph-mon[27731]: from='client.14166 -' entity='client.admin' cmd=[{"prefix": "dashboard ac-user-create", "username": "admin", "rolename": "administrator", "force_password": true, "pwd_update_required": true, "target": ["mon-mgr", ""]}]: dispatch
2024-04-24T05:46:47.470 INFO:journalctl@ceph.mon.a.smithi031.stdout:Apr 24 05:46:47 smithi031 ceph-mon[27731]: from='mgr.14152 172.21.15.31:0/1142484119' entity='mgr.x'
2024-04-24T05:46:47.470 INFO:journalctl@ceph.mon.a.smithi031.stdout:Apr 24 05:46:47 smithi031 ceph-mon[27731]: from='mgr.14152 172.21.15.31:0/1142484119' entity='mgr.x'
2024-04-24T05:46:48.679 INFO:teuthology.orchestra.run.smithi031.stdout:/usr/bin/ceph: stdout 8443
2024-04-24T05:46:48.679 INFO:teuthology.orchestra.run.smithi031.stdout:/usr/bin/ceph: stderr
2024-04-24T05:46:47.509+0000 7f4714e00700 1 Processor -- start
2024-04-24T05:46:48.679 INFO:teuthology.orchestra.run.smithi031.stdout:/usr/bin/ceph: stderr
2024-04-24T05:46:47.509+0000 7f4714e00700 1 -- start start
2024-04-24T05:46:48.679 INFO:teuthology.orchestra.run.smithi031.stdout:/usr/bin/ceph: stderr
2024-04-24T05:46:47.510+0000 7f4714e00700 1 --2- >> [v2:172.21.15.31:3300/0,v1:172.21.15.31:6789/0] conn(0x7f4710107240 0x7f4710107660 unknown :-1 s=NONE pgs=0 cs=0 l=0 rev1=0 crypto rx=0 tx=0 comp rx=0 tx=0).connect
2024-04-24T05:46:48.679 INFO:teuthology.orchestra.run.smithi031.stdout:/usr/bin/ceph: stderr
2024-04-24T05:46:47.510+0000 7f4714e00700 1 -- --> [v2:172.21.15.31:3300/0,v1:172.21.15.31:6789/0] -- mon_getmap magic: 0 -- 0x7f4710107c30 con 0x7f4710107240
2024-04-24T05:46:48.679 INFO:teuthology.orchestra.run.smithi031.stdout:/usr/bin/ceph: stderr
2024-04-24T05:46:47.510+0000 7f470f400700 1 --2- >> [v2:172.21.15.31:3300/0,v1:172.21.15.31:6789/0] conn(0x7f4710107240 0x7f4710107660 unknown :-1 s=BANNER_CONNECTING pgs=0 cs=0 l=0 rev1=0 crypto rx=0 tx=0 comp rx=0 tx=0)._handle_peer_banner_payload supported=3 required=0
2024-04-24T05:46:48.679 INFO:teuthology.orchestra.run.smithi031.stdout:/usr/bin/ceph: stderr
2024-04-24T05:46:47.510+0000 7f470f400700 1 --2- >> [v2:172.21.15.31:3300/0,v1:172.21.15.31:6789/0] conn(0x7f4710107240 0x7f4710107660 unknown :-1 s=HELLO_CONNECTING pgs=0 cs=0 l=0 rev1=1 crypto rx=0 tx=0 comp rx=0 tx=0).handle_hello peer v2:172.21.15.31:3300/0 says I am v2:172.21.15.31:36026/0 (socket says 172.21.15.31:36026)
2024-04-24T05:46:48.679 INFO:teuthology.orchestra.run.smithi031.stdout:/usr/bin/ceph: stderr
2024-04-24T05:46:47.510+0000 7f470f400700 1 -- 172.21.15.31:0/233639036 learned_addr learned my addr 172.21.15.31:0/233639036 (peer_addr_for_me v2:172.21.15.31:0/0)
2024-04-24T05:46:48.680 INFO:teuthology.orchestra.run.smithi031.stdout:/usr/bin/ceph: stderr
