2024-04-24T05:45:52.268+0000 7fe263e00700 1 --2- 172.21.15.31:0/3559227009 >> [v2:172.21.15.31:3300/0,v1:172.21.15.31:6789/0] conn(0x7fe26410a7a0 0x7fe26410abc0 secure :-1 s=READY pgs=18 cs=0 l=1 rev1=1 crypto rx=0x7fe2540098a0 tx=0x7fe254009bb0 comp rx=0 tx=0).ready entity=mon.0 client_cookie=741345716a1ce69e server_cookie=0 in_seq=0 out_seq=0
2024-04-24T05:45:53.311 INFO:teuthology.orchestra.run.smithi031.stdout:/usr/bin/ceph: stderr
2024-04-24T05:45:52.269+0000 7fe262a00700 1 -- 172.21.15.31:0/3559227009 <== mon.0 v2:172.21.15.31:3300/0 1 ==== mon_map magic: 0 ==== 205+0+0 (secure 0 0 0) 0x7fe254004160 con 0x7fe26410a7a0
2024-04-24T05:45:53.311 INFO:teuthology.orchestra.run.smithi031.stdout:/usr/bin/ceph: stderr
2024-04-24T05:45:52.269+0000 7fe262a00700 1 -- 172.21.15.31:0/3559227009 <== mon.0 v2:172.21.15.31:3300/0 2 ==== config(27 keys) ==== 1109+0+0 (secure 0 0 0) 0x7fe254004300 con 0x7fe26410a7a0
2024-04-24T05:45:53.311 INFO:teuthology.orchestra.run.smithi031.stdout:/usr/bin/ceph: stderr
2024-04-24T05:45:52.269+0000 7fe262a00700 1 -- 172.21.15.31:0/3559227009 <== mon.0 v2:172.21.15.31:3300/0 3 ==== mon_map magic: 0 ==== 205+0+0 (secure 0 0 0) 0x7fe254011b50 con 0x7fe26410a7a0
2024-04-24T05:45:53.311 INFO:teuthology.orchestra.run.smithi031.stdout:/usr/bin/ceph: stderr
2024-04-24T05:45:52.269+0000 7fe26aa00700 1 -- 172.21.15.31:0/3559227009 >> [v2:172.21.15.31:3300/0,v1:172.21.15.31:6789/0] conn(0x7fe26410a7a0 msgr2=0x7fe26410abc0 secure :-1 s=STATE_CONNECTION_ESTABLISHED l=1).mark_down
2024-04-24T05:45:53.312 INFO:teuthology.orchestra.run.smithi031.stdout:/usr/bin/ceph: stderr
2024-04-24T05:45:52.269+0000 7fe26aa00700 1 --2- 172.21.15.31:0/3559227009 >> [v2:172.21.15.31:3300/0,v1:172.21.15.31:6789/0] conn(0x7fe26410a7a0 0x7fe26410abc0 secure :-1 s=READY pgs=18 cs=0 l=1 rev1=1 crypto rx=0x7fe2540098a0 tx=0x7fe254009bb0 comp rx=0 tx=0).stop
2024-04-24T05:45:53.312 INFO:teuthology.orchestra.run.smithi031.stdout:/usr/bin/ceph: stderr
2024-04-24T05:45:52.270+0000 7fe26aa00700 1 -- 172.21.15.31:0/3559227009 shutdown_connections
2024-04-24T05:45:53.312 INFO:teuthology.orchestra.run.smithi031.stdout:/usr/bin/ceph: stderr
2024-04-24T05:45:52.270+0000 7fe26aa00700 1 --2- 172.21.15.31:0/3559227009 >> [v2:172.21.15.31:3300/0,v1:172.21.15.31:6789/0] conn(0x7fe26410a7a0 0x7fe26410abc0 unknown :-1 s=CLOSED pgs=18 cs=0 l=1 rev1=1 crypto rx=0 tx=0 comp rx=0 tx=0).stop
2024-04-24T05:45:53.312 INFO:teuthology.orchestra.run.smithi031.stdout:/usr/bin/ceph: stderr
2024-04-24T05:45:52.270+0000 7fe26aa00700 1 -- 172.21.15.31:0/3559227009 >> 172.21.15.31:0/3559227009 conn(0x7fe26407ddb0 msgr2=0x7fe2641084b0 unknown :-1 s=STATE_NONE l=0).mark_down
2024-04-24T05:45:53.312 INFO:teuthology.orchestra.run.smithi031.stdout:/usr/bin/ceph: stderr
2024-04-24T05:45:52.270+0000 7fe26aa00700 1 -- 172.21.15.31:0/3559227009 shutdown_connections
2024-04-24T05:45:53.312 INFO:teuthology.orchestra.run.smithi031.stdout:/usr/bin/ceph: stderr
2024-04-24T05:45:52.270+0000 7fe26aa00700 1 -- 172.21.15.31:0/3559227009 wait complete.
2024-04-24T05:45:53.312 INFO:teuthology.orchestra.run.smithi031.stdout:/usr/bin/ceph: stderr
2024-04-24T05:45:52.271+0000 7fe26aa00700 1 Processor -- start
2024-04-24T05:45:53.312 INFO:teuthology.orchestra.run.smithi031.stdout:/usr/bin/ceph: stderr
2024-04-24T05:45:52.271+0000 7fe26aa00700 1 -- start start
2024-04-24T05:45:53.312 INFO:teuthology.orchestra.run.smithi031.stdout:/usr/bin/ceph: stderr
2024-04-24T05:45:52.271+0000 7fe26aa00700 1 --2- >> [v2:172.21.15.31:3300/0,v1:172.21.15.31:6789/0] conn(0x7fe26410a7a0 0x7fe26419e770 unknown :-1 s=NONE pgs=0 cs=0 l=1 rev1=0 crypto rx=0 tx=0 comp rx=0 tx=0).connect
2024-04-24T05:45:53.312 INFO:teuthology.orchestra.run.smithi031.stdout:/usr/bin/ceph: stderr
2024-04-24T05:45:52.272+0000 7fe26aa00700 1 -- --> [v2:172.21.15.31:3300/0,v1:172.21.15.31:6789/0] -- mon_getmap magic: 0 -- 0x7fe26410ed00 con 0x7fe26410a7a0
2024-04-24T05:45:53.312 INFO:teuthology.orchestra.run.smithi031.stdout:/usr/bin/ceph: stderr
2024-04-24T05:45:52.272+0000 7fe263e00700 1 --2- >> [v2:172.21.15.31:3300/0,v1:172.21.15.31:6789/0] conn(0x7fe26410a7a0 0x7fe26419e770 unknown :-1 s=BANNER_CONNECTING pgs=0 cs=0 l=1 rev1=0 crypto rx=0 tx=0 comp rx=0 tx=0)._handle_peer_banner_payload supported=3 required=0
2024-04-24T05:45:53.312 INFO:teuthology.orchestra.run.smithi031.stdout:/usr/bin/ceph: stderr
2024-04-24T05:45:52.272+0000 7fe263e00700 1 --2- >> [v2:172.21.15.31:3300/0,v1:172.21.15.31:6789/0] conn(0x7fe26410a7a0 0x7fe26419e770 unknown :-1 s=HELLO_CONNECTING pgs=0 cs=0 l=1 rev1=1 crypto rx=0 tx=0 comp rx=0 tx=0).handle_hello peer v2:172.21.15.31:3300/0 says I am v2:172.21.15.31:47352/0 (socket says 172.21.15.31:47352)
2024-04-24T05:45:53.313 INFO:teuthology.orchestra.run.smithi031.stdout:/usr/bin/ceph: stderr
2024-04-24T05:45:52.272+0000 7fe263e00700 1 -- 172.21.15.31:0/740143572 learned_addr learned my addr 172.21.15.31:0/740143572 (peer_addr_for_me v2:172.21.15.31:0/0)
2024-04-24T05:45:53.313 INFO:teuthology.orchestra.run.smithi031.stdout:/usr/bin/ceph: stderr
2024-04-24T05:45:52.272+0000 7fe263e00700 1 -- 172.21.15.31:0/740143572 --> [v2:172.21.15.31:3300/0,v1:172.21.15.31:6789/0] -- mon_subscribe({config=0+,monmap=0+}) -- 0x7fe26419ecb0 con 0x7fe26410a7a0
2024-04-24T05:45:53.313 INFO:teuthology.orchestra.run.smithi031.stdout:/usr/bin/ceph: stderr
2024-04-24T05:45:52.273+0000 7fe263e00700 1 --2- 172.21.15.31:0/740143572 >> [v2:172.21.15.31:3300/0,v1:172.21.15.31:6789/0] conn(0x7fe26410a7a0 0x7fe26419e770 secure :-1 s=READY pgs=19 cs=0 l=1 rev1=1 crypto rx=0x7fe254009fb0 tx=0x7fe254011bf0 comp rx=0 tx=0).ready entity=mon.0 client_cookie=0 server_cookie=0 in_seq=0 out_seq=0
2024-04-24T05:45:53.313 INFO:teuthology.orchestra.run.smithi031.stdout:/usr/bin/ceph: stderr
2024-04-24T05:45:52.273+0000 7fe260c00700 1 -- 172.21.15.31:0/740143572 <== mon.0 v2:172.21.15.31:3300/0 1 ==== mon_map magic: 0 ==== 205+0+0 (secure 0 0 0) 0x7fe2540038b0 con 0x7fe26410a7a0
2024-04-24T05:45:53.313 INFO:teuthology.orchestra.run.smithi031.stdout:/usr/bin/ceph: stderr
2024-04-24T05:45:52.273+0000 7fe260c00700 1 -- 172.21.15.31:0/740143572 <== mon.0 v2:172.21.15.31:3300/0 2 ==== config(27 keys) ==== 1109+0+0 (secure 0 0 0) 0x7fe254011e50 con 0x7fe26410a7a0
2024-04-24T05:45:53.313 INFO:teuthology.orchestra.run.smithi031.stdout:/usr/bin/ceph: stderr
2024-04-24T05:45:52.273+0000 7fe26aa00700 1 -- 172.21.15.31:0/740143572 --> [v2:172.21.15.31:3300/0,v1:172.21.15.31:6789/0] -- mon_subscribe({mgrmap=0+}) -- 0x7fe26419ef40 con 0x7fe26410a7a0
2024-04-24T05:45:53.313 INFO:teuthology.orchestra.run.smithi031.stdout:/usr/bin/ceph: stderr
2024-04-24T05:45:52.273+0000 7fe260c00700 1 -- 172.21.15.31:0/740143572 <== mon.0 v2:172.21.15.31:3300/0 3 ==== mon_map magic: 0 ==== 205+0+0 (secure 0 0 0) 0x7fe254019550 con 0x7fe26410a7a0
2024-04-24T05:45:53.313 INFO:teuthology.orchestra.run.smithi031.stdout:/usr/bin/ceph: stderr
2024-04-24T05:45:52.273+0000 7fe26aa00700 1 -- 172.21.15.31:0/740143572 --> [v2:172.21.15.31:3300/0,v1:172.21.15.31:6789/0] -- mon_subscribe({osdmap=0}) -- 0x7fe2641a1c30 con 0x7fe26410a7a0
2024-04-24T05:45:53.313 INFO:teuthology.orchestra.run.smithi031.stdout:/usr/bin/ceph: stderr
2024-04-24T05:45:52.274+0000 7fe260c00700 1 -- 172.21.15.31:0/740143572 <== mon.0 v2:172.21.15.31:3300/0 4 ==== mgrmap(e 4) ==== 46547+0+0 (secure 0 0 0) 0x7fe25401a430 con 0x7fe26410a7a0
2024-04-24T05:45:53.313 INFO:teuthology.orchestra.run.smithi031.stdout:/usr/bin/ceph: stderr
2024-04-24T05:45:52.274+0000 7fe26aa00700 1 -- 172.21.15.31:0/740143572 --> [v2:172.21.15.31:3300/0,v1:172.21.15.31:6789/0] -- mon_command({"prefix": "get_command_descriptions"} v 0) -- 0x7fe264064150 con 0x7fe26410a7a0
2024-04-24T05:45:53.313 INFO:teuthology.orchestra.run.smithi031.stdout:/usr/bin/ceph: stderr
2024-04-24T05:45:52.275+0000 7fe260c00700 1 --2- 172.21.15.31:0/740143572 >> [v2:172.21.15.31:6800/1691642344,v1:172.21.15.31:6801/1691642344] conn(0x7fe2480395b0 0x7fe24803ba70 unknown :-1 s=NONE pgs=0 cs=0 l=1 rev1=0 crypto rx=0 tx=0 comp rx=0 tx=0).connect
2024-04-24T05:45:53.313 INFO:teuthology.orchestra.run.smithi031.stdout:/usr/bin/ceph: stderr
2024-04-24T05:45:52.275+0000 7fe260c00700 1 -- 172.21.15.31:0/740143572 <== mon.0 v2:172.21.15.31:3300/0 5 ==== osd_map(1..1 src has 1..1) ==== 725+0+0 (secure 0 0 0) 0x7fe25404d880 con 0x7fe26410a7a0
2024-04-24T05:45:53.313 INFO:teuthology.orchestra.run.smithi031.stdout:/usr/bin/ceph: stderr
2024-04-24T05:45:52.275+0000 7fe263400700 1 --2- 172.21.15.31:0/740143572 >> [v2:172.21.15.31:6800/1691642344,v1:172.21.15.31:6801/1691642344] conn(0x7fe2480395b0 0x7fe24803ba70 unknown :-1 s=BANNER_CONNECTING pgs=0 cs=0 l=1 rev1=0 crypto rx=0 tx=0 comp rx=0 tx=0)._handle_peer_banner_payload supported=3 required=0
2024-04-24T05:45:53.314 INFO:teuthology.orchestra.run.smithi031.stdout:/usr/bin/ceph: stderr
2024-04-24T05:45:52.276+0000 7fe263400700 1 --2- 172.21.15.31:0/740143572 >> [v2:172.21.15.31:6800/1691642344,v1:172.21.15.31:6801/1691642344] conn(0x7fe2480395b0 0x7fe24803ba70 secure :-1 s=READY pgs=6 cs=0 l=1 rev1=1 crypto rx=0x7fe250006fd0 tx=0x7fe250006e40 comp rx=0 tx=0).ready entity=mgr.14100 client_cookie=0 server_cookie=0 in_seq=0 out_seq=0
2024-04-24T05:45:53.314 INFO:teuthology.orchestra.run.smithi031.stdout:/usr/bin/ceph: stderr
2024-04-24T05:45:52.281+0000 7fe260c00700 1 -- 172.21.15.31:0/740143572 <== mon.0 v2:172.21.15.31:3300/0 6 ==== mon_command_ack([{"prefix": "get_command_descriptions"}]=0 v0) ==== 72+0+188370 (secure 0 0 0) 0x7fe254016db0 con 0x7fe26410a7a0
2024-04-24T05:45:53.314 INFO:teuthology.orchestra.run.smithi031.stdout:/usr/bin/ceph: stderr
2024-04-24T05:45:52.604+0000 7fe26aa00700 1 -- 172.21.15.31:0/740143572 --> [v2:172.21.15.31:3300/0,v1:172.21.15.31:6789/0] -- mon_command({"prefix": "status", "format": "json-pretty"} v 0) -- 0x7fe2641a1e00 con 0x7fe26410a7a0
2024-04-24T05:45:53.314 INFO:teuthology.orchestra.run.smithi031.stdout:/usr/bin/ceph: stderr
2024-04-24T05:45:52.605+0000 7fe260c00700 1 -- 172.21.15.31:0/740143572 <== mon.0 v2:172.21.15.31:3300/0 7 ==== mon_command_ack([{"prefix": "status", "format": "json-pretty"}]=0 v0) ==== 79+0+1239 (secure 0 0 0) 0x7fe2641a1e00 con 0x7fe26410a7a0
2024-04-24T05:45:53.314 INFO:teuthology.orchestra.run.smithi031.stdout:/usr/bin/ceph: stderr
2024-04-24T05:45:52.608+0000 7fe26aa00700 1 -- 172.21.15.31:0/740143572 >> [v2:172.21.15.31:6800/1691642344,v1:172.21.15.31:6801/1691642344] conn(0x7fe2480395b0 msgr2=0x7fe24803ba70 secure :-1 s=STATE_CONNECTION_ESTABLISHED l=1).mark_down
2024-04-24T05:45:53.314 INFO:teuthology.orchestra.run.smithi031.stdout:/usr/bin/ceph: stderr
2024-04-24T05:45:52.608+0000 7fe26aa00700 1 --2- 172.21.15.31:0/740143572 >> [v2:172.21.15.31:6800/1691642344,v1:172.21.15.31:6801/1691642344] conn(0x7fe2480395b0 0x7fe24803ba70 secure :-1 s=READY pgs=6 cs=0 l=1 rev1=1 crypto rx=0x7fe250006fd0 tx=0x7fe250006e40 comp rx=0 tx=0).stop
2024-04-24T05:45:53.314 INFO:teuthology.orchestra.run.smithi031.stdout:/usr/bin/ceph: stderr
2024-04-24T05:45:52.608+0000 7fe26aa00700 1 -- 172.21.15.31:0/740143572 >> [v2:172.21.15.31:3300/0,v1:172.21.15.31:6789/0] conn(0x7fe26410a7a0 msgr2=0x7fe26419e770 secure :-1 s=STATE_CONNECTION_ESTABLISHED l=1).mark_down
2024-04-24T05:45:53.314 INFO:teuthology.orchestra.run.smithi031.stdout:/usr/bin/ceph: stderr
2024-04-24T05:45:52.608+0000 7fe26aa00700 1 --2- 172.21.15.31:0/740143572 >> [v2:172.21.15.31:3300/0,v1:172.21.15.31:6789/0] conn(0x7fe26410a7a0 0x7fe26419e770 secure :-1 s=READY pgs=19 cs=0 l=1 rev1=1 crypto rx=0x7fe254009fb0 tx=0x7fe254011bf0 comp rx=0 tx=0).stop
2024-04-24T05:45:53.314 INFO:teuthology.orchestra.run.smithi031.stdout:/usr/bin/ceph: stderr
2024-04-24T05:45:52.608+0000 7fe26aa00700 1 -- 172.21.15.31:0/740143572 shutdown_connections
2024-04-24T05:45:53.314 INFO:teuthology.orchestra.run.smithi031.stdout:/usr/bin/ceph: stderr
2024-04-24T05:45:52.608+0000 7fe26aa00700 1 --2- 172.21.15.31:0/740143572 >> [v2:172.21.15.31:6800/1691642344,v1:172.21.15.31:6801/1691642344] conn(0x7fe2480395b0 0x7fe24803ba70 unknown :-1 s=CLOSED pgs=6 cs=0 l=1 rev1=1 crypto rx=0 tx=0 comp rx=0 tx=0).stop
2024-04-24T05:45:53.314 INFO:teuthology.orchestra.run.smithi031.stdout:/usr/bin/ceph: stderr
2024-04-24T05:45:52.608+0000 7fe26aa00700 1 --2- 172.21.15.31:0/740143572 >> [v2:172.21.15.31:3300/0,v1:172.21.15.31:6789/0] conn(0x7fe26410a7a0 0x7fe26419e770 unknown :-1 s=CLOSED pgs=19 cs=0 l=1 rev1=1 crypto rx=0 tx=0 comp rx=0 tx=0).stop
2024-04-24T05:45:53.314 INFO:teuthology.orchestra.run.smithi031.stdout:/usr/bin/ceph: stderr
2024-04-24T05:45:52.608+0000 7fe26aa00700 1 -- 172.21.15.31:0/740143572 >> 172.21.15.31:0/740143572 conn(0x7fe26407ddb0 msgr2=0x7fe264107c70 unknown :-1 s=STATE_NONE l=0).mark_down
2024-04-24T05:45:53.314 INFO:teuthology.orchestra.run.smithi031.stdout:/usr/bin/ceph: stderr
2024-04-24T05:45:52.609+0000 7fe26aa00700 1 -- 172.21.15.31:0/740143572 shutdown_connections
2024-04-24T05:45:53.314 INFO:teuthology.orchestra.run.smithi031.stdout:/usr/bin/ceph: stderr
2024-04-24T05:45:52.609+0000 7fe26aa00700 1 -- 172.21.15.31:0/740143572 wait complete.
2024-04-24T05:45:53.315 INFO:teuthology.orchestra.run.smithi031.stdout:mgr is available
2024-04-24T05:45:53.643 INFO:journalctl@ceph.mon.a.smithi031.stdout:Apr 24 05:45:53 smithi031 ceph-mon[27731]: from='client.? 172.21.15.31:0/740143572' entity='client.admin' cmd=[{"prefix": "status", "format": "json-pretty"}]: dispatch
2024-04-24T05:45:54.523 INFO:journalctl@ceph.mon.a.smithi031.stdout:Apr 24 05:45:54 smithi031 ceph-mon[27731]: from='client.? 172.21.15.31:0/238677502' entity='client.admin' cmd=[{"prefix": "config assimilate-conf"}]: dispatch
2024-04-24T05:45:54.923 INFO:teuthology.orchestra.run.smithi031.stdout:/usr/bin/ceph: stdout
2024-04-24T05:45:54.923 INFO:teuthology.orchestra.run.smithi031.stdout:/usr/bin/ceph: stdout [global]
2024-04-24T05:45:54.923 INFO:teuthology.orchestra.run.smithi031.stdout:/usr/bin/ceph: stdout fsid = ad78be44-01fd-11ef-bc93-c7b262605968
2024-04-24T05:45:54.923 INFO:teuthology.orchestra.run.smithi031.stdout:/usr/bin/ceph: stdout mon_osd_allow_pg_remap = true
2024-04-24T05:45:54.923 INFO:teuthology.orchestra.run.smithi031.stdout:/usr/bin/ceph: stdout mon_osd_allow_primary_affinity = true
2024-04-24T05:45:54.923 INFO:teuthology.orchestra.run.smithi031.stdout:/usr/bin/ceph: stdout mon_warn_on_no_sortbitwise = false
2024-04-24T05:45:54.923 INFO:teuthology.orchestra.run.smithi031.stdout:/usr/bin/ceph: stdout osd_crush_chooseleaf_type = 0
2024-04-24T05:45:54.924 INFO:teuthology.orchestra.run.smithi031.stdout:/usr/bin/ceph: stdout
2024-04-24T05:45:54.924 INFO:teuthology.orchestra.run.smithi031.stdout:/usr/bin/ceph: stdout [mgr]
2024-04-24T05:45:54.924 INFO:teuthology.orchestra.run.smithi031.stdout:/usr/bin/ceph: stdout mgr/telemetry/nag = false
2024-04-24T05:45:54.924 INFO:teuthology.orchestra.run.smithi031.stdout:/usr/bin/ceph: stdout
2024-04-24T05:45:54.924 INFO:teuthology.orchestra.run.smithi031.stdout:/usr/bin/ceph: stdout [osd]
2024-04-24T05:45:54.924 INFO:teuthology.orchestra.run.smithi031.stdout:/usr/bin/ceph: stdout mon_osd_backfillfull_ratio = 0.85
2024-04-24T05:45:54.924 INFO:teuthology.orchestra.run.smithi031.stdout:/usr/bin/ceph: stdout mon_osd_full_ratio = 0.9
2024-04-24T05:45:54.924 INFO:teuthology.orchestra.run.smithi031.stdout:/usr/bin/ceph: stdout mon_osd_nearfull_ratio = 0.8
2024-04-24T05:45:54.924 INFO:teuthology.orchestra.run.smithi031.stdout:/usr/bin/ceph: stdout osd_map_max_advance = 10
2024-04-24T05:45:54.924 INFO:teuthology.orchestra.run.smithi031.stdout:/usr/bin/ceph: stdout osd_sloppy_crc = true
2024-04-24T05:45:54.924 INFO:teuthology.orchestra.run.smithi031.stdout:/usr/bin/ceph: stderr
2024-04-24T05:45:53.996+0000 7ff2d2800700 1 Processor -- start
2024-04-24T05:45:54.924 INFO:teuthology.orchestra.run.smithi031.stdout:/usr/bin/ceph: stderr
2024-04-24T05:45:53.996+0000 7ff2d2800700 1 -- start start
2024-04-24T05:45:54.924 INFO:teuthology.orchestra.run.smithi031.stdout:/usr/bin/ceph: stderr
2024-04-24T05:45:53.996+0000 7ff2d2800700 1 --2- >> [v2:172.21.15.31:3300/0,v1:172.21.15.31:6789/0] conn(0x7ff2cc10f080 0x7ff2cc10f4a0 unknown :-1 s=NONE pgs=0 cs=0 l=0 rev1=0 crypto rx=0 tx=0 comp rx=0 tx=0).connect
2024-04-24T05:45:54.924 INFO:teuthology.orchestra.run.smithi031.stdout:/usr/bin/ceph: stderr
2024-04-24T05:45:53.997+0000 7ff2d2800700 1 -- --> [v2:172.21.15.31:3300/0,v1:172.21.15.31:6789/0] -- mon_getmap magic: 0 -- 0x7ff2cc10fa90 con 0x7ff2cc10f080
2024-04-24T05:45:54.925 INFO:teuthology.orchestra.run.smithi031.stdout:/usr/bin/ceph: stderr
2024-04-24T05:45:53.997+0000 7ff2cb400700 1 --2- >> [v2:172.21.15.31:3300/0,v1:172.21.15.31:6789/0] conn(0x7ff2cc10f080 0x7ff2cc10f4a0 unknown :-1 s=BANNER_CONNECTING pgs=0 cs=0 l=0 rev1=0 crypto rx=0 tx=0 comp rx=0 tx=0)._handle_peer_banner_payload supported=3 required=0
2024-04-24T05:45:54.925 INFO:teuthology.orchestra.run.smithi031.stdout:/usr/bin/ceph: stderr
2024-04-24T05:45:53.997+0000 7ff2cb400700 1 --2- >> [v2:172.21.15.31:3300/0,v1:172.21.15.31:6789/0] conn(0x7ff2cc10f080 0x7ff2cc10f4a0 unknown :-1 s=HELLO_CONNECTING pgs=0 cs=0 l=0 rev1=1 crypto rx=0 tx=0 comp rx=0 tx=0).handle_hello peer v2:172.21.15.31:3300/0 says I am v2:172.21.15.31:47696/0 (socket says 172.21.15.31:47696)
2024-04-24T05:45:54.925 INFO:teuthology.orchestra.run.smithi031.stdout:/usr/bin/ceph: stderr
2024-04-24T05:45:53.997+0000 7ff2cb400700 1 -- 172.21.15.31:0/3815331650 learned_addr learned my addr 172.21.15.31:0/3815331650 (peer_addr_for_me v2:172.21.15.31:0/0)
2024-04-24T05:45:54.925 INFO:teuthology.orchestra.run.smithi031.stdout:/usr/bin/ceph: stderr
2024-04-24T05:45:53.997+0000 7ff2cb400700 1 -- 172.21.15.31:0/3815331650 --> [v2:172.21.15.31:3300/0,v1:172.21.15.31:6789/0] -- mon_subscribe({config=0+,monmap=0+}) -- 0x7ff2cc10fd60 con 0x7ff2cc10f080
2024-04-24T05:45:54.925 INFO:teuthology.orchestra.run.smithi031.stdout:/usr/bin/ceph: stderr
2024-04-24T05:45:53.998+0000 7ff2cb400700 1 --2- 172.21.15.31:0/3815331650 >> [v2:172.21.15.31:3300/0,v1:172.21.15.31:6789/0] conn(0x7ff2cc10f080 0x7ff2cc10f4a0 secure :-1 s=READY pgs=20 cs=0 l=1 rev1=1 crypto rx=0x7ff2bc0098a0 tx=0x7ff2bc009bb0 comp rx=0 tx=0).ready entity=mon.0 client_cookie=85ce83bf5b1f2701 server_cookie=0 in_seq=0 out_seq=0
2024-04-24T05:45:54.925 INFO:teuthology.orchestra.run.smithi031.stdout:/usr/bin/ceph: stderr
2024-04-24T05:45:53.998+0000 7ff2caa00700 1 -- 172.21.15.31:0/3815331650 <== mon.0 v2:172.21.15.31:3300/0 1 ==== mon_map magic: 0 ==== 205+0+0 (secure 0 0 0) 0x7ff2bc004160 con 0x7ff2cc10f080
2024-04-24T05:45:54.925 INFO:teuthology.orchestra.run.smithi031.stdout:/usr/bin/ceph: stderr
2024-04-24T05:45:53.998+0000 7ff2caa00700 1 -- 172.21.15.31:0/3815331650 <== mon.0 v2:172.21.15.31:3300/0 2 ==== config(27 keys) ==== 1109+0+0 (secure 0 0 0) 0x7ff2bc004300 con 0x7ff2cc10f080
2024-04-24T05:45:54.925 INFO:teuthology.orchestra.run.smithi031.stdout:/usr/bin/ceph: stderr
2024-04-24T05:45:53.998+0000 7ff2caa00700 1 -- 172.21.15.31:0/3815331650 <== mon.0 v2:172.21.15.31:3300/0 3 ==== mon_map magic: 0 ==== 205+0+0 (secure 0 0 0) 0x7ff2bc011b50 con 0x7ff2cc10f080
2024-04-24T05:45:54.925 INFO:teuthology.orchestra.run.smithi031.stdout:/usr/bin/ceph: stderr
2024-04-24T05:45:53.999+0000 7ff2d2800700 1 -- 172.21.15.31:0/3815331650 >> [v2:172.21.15.31:3300/0,v1:172.21.15.31:6789/0] conn(0x7ff2cc10f080 msgr2=0x7ff2cc10f4a0 secure :-1 s=STATE_CONNECTION_ESTABLISHED l=1).mark_down
2024-04-24T05:45:54.925 INFO:teuthology.orchestra.run.smithi031.stdout:/usr/bin/ceph: stderr
2024-04-24T05:45:53.999+0000 7ff2d2800700 1 --2- 172.21.15.31:0/3815331650 >> [v2:172.21.15.31:3300/0,v1:172.21.15.31:6789/0] conn(0x7ff2cc10f080 0x7ff2cc10f4a0 secure :-1 s=READY pgs=20 cs=0 l=1 rev1=1 crypto rx=0x7ff2bc0098a0 tx=0x7ff2bc009bb0 comp rx=0 tx=0).stop
2024-04-24T05:45:54.925 INFO:teuthology.orchestra.run.smithi031.stdout:/usr/bin/ceph: stderr
2024-04-24T05:45:53.999+0000 7ff2d2800700 1 -- 172.21.15.31:0/3815331650 shutdown_connections
2024-04-24T05:45:54.925 INFO:teuthology.orchestra.run.smithi031.stdout:/usr/bin/ceph: stderr
2024-04-24T05:45:53.999+0000 7ff2d2800700 1 --2- 172.21.15.31:0/3815331650 >> [v2:172.21.15.31:3300/0,v1:172.21.15.31:6789/0] conn(0x7ff2cc10f080 0x7ff2cc10f4a0 unknown :-1 s=CLOSED pgs=20 cs=0 l=1 rev1=1 crypto rx=0 tx=0 comp rx=0 tx=0).stop
2024-04-24T05:45:54.925 INFO:teuthology.orchestra.run.smithi031.stdout:/usr/bin/ceph: stderr
2024-04-24T05:45:53.999+0000 7ff2d2800700 1 -- 172.21.15.31:0/3815331650 >> 172.21.15.31:0/3815331650 conn(0x7ff2cc07dd60 msgr2=0x7ff2cc080180 unknown :-1 s=STATE_NONE l=0).mark_down
2024-04-24T05:45:54.925 INFO:teuthology.orchestra.run.smithi031.stdout:/usr/bin/ceph: stderr
2024-04-24T05:45:53.999+0000 7ff2d2800700 1 -- 172.21.15.31:0/3815331650 shutdown_connections
2024-04-24T05:45:54.925 INFO:teuthology.orchestra.run.smithi031.stdout:/usr/bin/ceph: stderr
2024-04-24T05:45:53.999+0000 7ff2d2800700 1 -- 172.21.15.31:0/3815331650 wait complete.
2024-04-24T05:45:54.926 INFO:teuthology.orchestra.run.smithi031.stdout:/usr/bin/ceph: stderr
2024-04-24T05:45:54.000+0000 7ff2d2800700 1 Processor -- start
2024-04-24T05:45:54.926 INFO:teuthology.orchestra.run.smithi031.stdout:/usr/bin/ceph: stderr
2024-04-24T05:45:54.000+0000 7ff2d2800700 1 -- start start
2024-04-24T05:45:54.926 INFO:teuthology.orchestra.run.smithi031.stdout:/usr/bin/ceph: stderr
2024-04-24T05:45:54.001+0000 7ff2d2800700 1 --2- >> [v2:172.21.15.31:3300/0,v1:172.21.15.31:6789/0] conn(0x7ff2cc10f080 0x7ff2cc1a2b60 unknown :-1 s=NONE pgs=0 cs=0 l=1 rev1=0 crypto rx=0 tx=0 comp rx=0 tx=0).connect
2024-04-24T05:45:54.926 INFO:teuthology.orchestra.run.smithi031.stdout:/usr/bin/ceph: stderr
2024-04-24T05:45:54.001+0000 7ff2d2800700 1 -- --> [v2:172.21.15.31:3300/0,v1:172.21.15.31:6789/0] -- mon_getmap magic: 0 -- 0x7ff2cc113110 con 0x7ff2cc10f080
2024-04-24T05:45:54.926 INFO:teuthology.orchestra.run.smithi031.stdout:/usr/bin/ceph: stderr
2024-04-24T05:45:54.001+0000 7ff2cb400700 1 --2- >> [v2:172.21.15.31:3300/0,v1:172.21.15.31:6789/0] conn(0x7ff2cc10f080 0x7ff2cc1a2b60 unknown :-1 s=BANNER_CONNECTING pgs=0 cs=0 l=1 rev1=0 crypto rx=0 tx=0 comp rx=0 tx=0)._handle_peer_banner_payload supported=3 required=0
2024-04-24T05:45:54.926 INFO:teuthology.orchestra.run.smithi031.stdout:/usr/bin/ceph: stderr
2024-04-24T05:45:54.001+0000 7ff2cb400700 1 --2- >> [v2:172.21.15.31:3300/0,v1:172.21.15.31:6789/0] conn(0x7ff2cc10f080 0x7ff2cc1a2b60 unknown :-1 s=HELLO_CONNECTING pgs=0 cs=0 l=1 rev1=1 crypto rx=0 tx=0 comp rx=0 tx=0).handle_hello peer v2:172.21.15.31:3300/0 says I am v2:172.21.15.31:47702/0 (socket says 172.21.15.31:47702)
2024-04-24T05:45:54.926 INFO:teuthology.orchestra.run.smithi031.stdout:/usr/bin/ceph: stderr
2024-04-24T05:45:54.001+0000 7ff2cb400700 1 -- 172.21.15.31:0/238677502 learned_addr learned my addr 172.21.15.31:0/238677502 (peer_addr_for_me v2:172.21.15.31:0/0)
2024-04-24T05:45:54.926 INFO:teuthology.orchestra.run.smithi031.stdout:/usr/bin/ceph: stderr
2024-04-24T05:45:54.001+0000 7ff2cb400700 1 -- 172.21.15.31:0/238677502 --> [v2:172.21.15.31:3300/0,v1:172.21.15.31:6789/0] -- mon_subscribe({config=0+,monmap=0+}) -- 0x7ff2cc1a30a0 con 0x7ff2cc10f080
2024-04-24T05:45:54.926 INFO:teuthology.orchestra.run.smithi031.stdout:/usr/bin/ceph: stderr
2024-04-24T05:45:54.001+0000 7ff2cb400700 1 --2- 172.21.15.31:0/238677502 >> [v2:172.21.15.31:3300/0,v1:172.21.15.31:6789/0] conn(0x7ff2cc10f080 0x7ff2cc1a2b60 secure :-1 s=READY pgs=21 cs=0 l=1 rev1=1 crypto rx=0x7ff2bc011850 tx=0x7ff2bc011c10 comp rx=0 tx=0).ready entity=mon.0 client_cookie=0 server_cookie=0 in_seq=0 out_seq=0
2024-04-24T05:45:54.926 INFO:teuthology.orchestra.run.smithi031.stdout:/usr/bin/ceph: stderr
2024-04-24T05:45:54.002+0000 7ff2c8c00700 1 -- 172.21.15.31:0/238677502 <== mon.0 v2:172.21.15.31:3300/0 1 ==== mon_map magic: 0 ==== 205+0+0 (secure 0 0 0) 0x7ff2bc003af0 con 0x7ff2cc10f080
2024-04-24T05:45:54.926 INFO:teuthology.orchestra.run.smithi031.stdout:/usr/bin/ceph: stderr
2024-04-24T05:45:54.002+0000 7ff2c8c00700 1 -- 172.21.15.31:0/238677502 <== mon.0 v2:172.21.15.31:3300/0 2 ==== config(27 keys) ==== 1109+0+0 (secure 0 0 0) 0x7ff2bc020070 con 0x7ff2cc10f080
2024-04-24T05:45:54.926 INFO:teuthology.orchestra.run.smithi031.stdout:/usr/bin/ceph: stderr
2024-04-24T05:45:54.002+0000 7ff2c8c00700 1 -- 172.21.15.31:0/238677502 <== mon.0 v2:172.21.15.31:3300/0 3 ==== mon_map magic: 0 ==== 205+0+0 (secure 0 0 0) 0x7ff2bc0195a0 con 0x7ff2cc10f080
2024-04-24T05:45:54.926 INFO:teuthology.orchestra.run.smithi031.stdout:/usr/bin/ceph: stderr
2024-04-24T05:45:54.002+0000 7ff2d2800700 1 -- 172.21.15.31:0/238677502 --> [v2:172.21.15.31:3300/0,v1:172.21.15.31:6789/0] -- mon_subscribe({mgrmap=0+}) -- 0x7ff2cc1a3330 con 0x7ff2cc10f080
2024-04-24T05:45:54.927 INFO:teuthology.orchestra.run.smithi031.stdout:/usr/bin/ceph: stderr
2024-04-24T05:45:54.002+0000 7ff2d2800700 1 -- 172.21.15.31:0/238677502 --> [v2:172.21.15.31:3300/0,v1:172.21.15.31:6789/0] -- mon_subscribe({osdmap=0}) -- 0x7ff2cc1a6020 con 0x7ff2cc10f080
2024-04-24T05:45:54.927 INFO:teuthology.orchestra.run.smithi031.stdout:/usr/bin/ceph: stderr
2024-04-24T05:45:54.003+0000 7ff2c8c00700 1 -- 172.21.15.31:0/238677502 <== mon.0 v2:172.21.15.31:3300/0 4 ==== mgrmap(e 4) ==== 46547+0+0 (secure 0 0 0) 0x7ff2bc019850 con 0x7ff2cc10f080
2024-04-24T05:45:54.927 INFO:teuthology.orchestra.run.smithi031.stdout:/usr/bin/ceph: stderr
2024-04-24T05:45:54.003+0000 7ff2d2800700 1 -- 172.21.15.31:0/238677502 --> [v2:172.21.15.31:3300/0,v1:172.21.15.31:6789/0] -- mon_command({"prefix": "get_command_descriptions"} v 0) -- 0x7ff2cc064150 con 0x7ff2cc10f080
2024-04-24T05:45:54.927 INFO:teuthology.orchestra.run.smithi031.stdout:/usr/bin/ceph: stderr
2024-04-24T05:45:54.004+0000 7ff2c8c00700 1 --2- 172.21.15.31:0/238677502 >> [v2:172.21.15.31:6800/1691642344,v1:172.21.15.31:6801/1691642344] conn(0x7ff2b00395b0 0x7ff2b003ba70 unknown :-1 s=NONE pgs=0 cs=0 l=1 rev1=0 crypto rx=0 tx=0 comp rx=0 tx=0).connect
2024-04-24T05:45:54.927 INFO:teuthology.orchestra.run.smithi031.stdout:/usr/bin/ceph: stderr
2024-04-24T05:45:54.004+0000 7ff2c8c00700 1 -- 172.21.15.31:0/238677502 <== mon.0 v2:172.21.15.31:3300/0 5 ==== osd_map(1..1 src has 1..1) ==== 725+0+0 (secure 0 0 0) 0x7ff2bc011e00 con 0x7ff2cc10f080
2024-04-24T05:45:54.927 INFO:teuthology.orchestra.run.smithi031.stdout:/usr/bin/ceph: stderr
2024-04-24T05:45:54.004+0000 7ff2c2a00700 1 --2- 172.21.15.31:0/238677502 >> [v2:172.21.15.31:6800/1691642344,v1:172.21.15.31:6801/1691642344] conn(0x7ff2b00395b0 0x7ff2b003ba70 unknown :-1 s=BANNER_CONNECTING pgs=0 cs=0 l=1 rev1=0 crypto rx=0 tx=0 comp rx=0 tx=0)._handle_peer_banner_payload supported=3 required=0
2024-04-24T05:45:54.927 INFO:teuthology.orchestra.run.smithi031.stdout:/usr/bin/ceph: stderr
2024-04-24T05:45:54.005+0000 7ff2c2a00700 1 --2- 172.21.15.31:0/238677502 >> [v2:172.21.15.31:6800/1691642344,v1:172.21.15.31:6801/1691642344] conn(0x7ff2b00395b0 0x7ff2b003ba70 secure :-1 s=READY pgs=7 cs=0 l=1 rev1=1 crypto rx=0x7ff2b4006fd0 tx=0x7ff2b4006e40 comp rx=0 tx=0).ready entity=mgr.14100 client_cookie=0 server_cookie=0 in_seq=0 out_seq=0
2024-04-24T05:45:54.927 INFO:teuthology.orchestra.run.smithi031.stdout:/usr/bin/ceph: stderr
2024-04-24T05:45:54.009+0000 7ff2c8c00700 1 -- 172.21.15.31:0/238677502 <== mon.0 v2:172.21.15.31:3300/0 6 ==== mon_command_ack([{"prefix": "get_command_descriptions"}]=0 v0) ==== 72+0+188370 (secure 0 0 0) 0x7ff2bc00e260 con 0x7ff2cc10f080
2024-04-24T05:45:54.927 INFO:teuthology.orchestra.run.smithi031.stdout:/usr/bin/ceph: stderr
2024-04-24T05:45:54.240+0000 7ff2d2800700 1 -- 172.21.15.31:0/238677502 --> [v2:172.21.15.31:3300/0,v1:172.21.15.31:6789/0] -- mon_command({"prefix": "config assimilate-conf"} v 0) -- 0x7ff2cc1a61f0 con 0x7ff2cc10f080
2024-04-24T05:45:54.927 INFO:teuthology.orchestra.run.smithi031.stdout:/usr/bin/ceph: stderr
2024-04-24T05:45:54.243+0000 7ff2c8c00700 1 -- 172.21.15.31:0/238677502 <== mon.0 v2:172.21.15.31:3300/0 7 ==== mon_command_ack([{"prefix": "config assimilate-conf"}]=0 v3) ==== 70+0+373 (secure 0 0 0) 0x7ff2cc1a61f0 con 0x7ff2cc10f080
2024-04-24T05:45:54.927 INFO:teuthology.orchestra.run.smithi031.stdout:/usr/bin/ceph: stderr
2024-04-24T05:45:54.246+0000 7ff2d2800700 1 -- 172.21.15.31:0/238677502 >> [v2:172.21.15.31:6800/1691642344,v1:172.21.15.31:6801/1691642344] conn(0x7ff2b00395b0 msgr2=0x7ff2b003ba70 secure :-1 s=STATE_CONNECTION_ESTABLISHED l=1).mark_down
2024-04-24T05:45:54.927 INFO:teuthology.orchestra.run.smithi031.stdout:/usr/bin/ceph: stderr
2024-04-24T05:45:54.246+0000 7ff2d2800700 1 --2- 172.21.15.31:0/238677502 >> [v2:172.21.15.31:6800/1691642344,v1:172.21.15.31:6801/1691642344] conn(0x7ff2b00395b0 0x7ff2b003ba70 secure :-1 s=READY pgs=7 cs=0 l=1 rev1=1 crypto rx=0x7ff2b4006fd0 tx=0x7ff2b4006e40 comp rx=0 tx=0).stop
2024-04-24T05:45:54.927 INFO:teuthology.orchestra.run.smithi031.stdout:/usr/bin/ceph: stderr
2024-04-24T05:45:54.246+0000 7ff2d2800700 1 -- 172.21.15.31:0/238677502 >> [v2:172.21.15.31:3300/0,v1:172.21.15.31:6789/0] conn(0x7ff2cc10f080 msgr2=0x7ff2cc1a2b60 secure :-1 s=STATE_CONNECTION_ESTABLISHED l=1).mark_down
2024-04-24T05:45:54.927 INFO:teuthology.orchestra.run.smithi031.stdout:/usr/bin/ceph: stderr
2024-04-24T05:45:54.246+0000 7ff2d2800700 1 --2- 172.21.15.31:0/238677502 >> [v2:172.21.15.31:3300/0,v1:172.21.15.31:6789/0] conn(0x7ff2cc10f080 0x7ff2cc1a2b60 secure :-1 s=READY pgs=21 cs=0 l=1 rev1=1 crypto rx=0x7ff2bc011850 tx=0x7ff2bc011c10 comp rx=0 tx=0).stop
2024-04-24T05:45:54.928 INFO:teuthology.orchestra.run.smithi031.stdout:/usr/bin/ceph: stderr
2024-04-24T05:45:54.246+0000 7ff2d2800700 1 -- 172.21.15.31:0/238677502 shutdown_connections
2024-04-24T05:45:54.928 INFO:teuthology.orchestra.run.smithi031.stdout:/usr/bin/ceph: stderr
2024-04-24T05:45:54.246+0000 7ff2d2800700 1 --2- 172.21.15.31:0/238677502 >> [v2:172.21.15.31:6800/1691642344,v1:172.21.15.31:6801/1691642344] conn(0x7ff2b00395b0 0x7ff2b003ba70 unknown :-1 s=CLOSED pgs=7 cs=0 l=1 rev1=1 crypto rx=0 tx=0 comp rx=0 tx=0).stop
2024-04-24T05:45:54.928 INFO:teuthology.orchestra.run.smithi031.stdout:/usr/bin/ceph: stderr
2024-04-24T05:45:54.246+0000 7ff2d2800700 1 --2- 172.21.15.31:0/238677502 >> [v2:172.21.15.31:3300/0,v1:172.21.15.31:6789/0] conn(0x7ff2cc10f080 0x7ff2cc1a2b60 unknown :-1 s=CLOSED pgs=21 cs=0 l=1 rev1=1 crypto rx=0 tx=0 comp rx=0 tx=0).stop
2024-04-24T05:45:54.928 INFO:teuthology.orchestra.run.smithi031.stdout:/usr/bin/ceph: stderr
2024-04-24T05:45:54.246+0000 7ff2d2800700 1 -- 172.21.15.31:0/238677502 >> 172.21.15.31:0/238677502 conn(0x7ff2cc07dd60 msgr2=0x7ff2cc07f950 unknown :-1 s=STATE_NONE l=0).mark_down
2024-04-24T05:45:54.928 INFO:teuthology.orchestra.run.smithi031.stdout:/usr/bin/ceph: stderr
2024-04-24T05:45:54.246+0000 7ff2d2800700 1 -- 172.21.15.31:0/238677502 shutdown_connections
2024-04-24T05:45:54.928 INFO:teuthology.orchestra.run.smithi031.stdout:/usr/bin/ceph: stderr
2024-04-24T05:45:54.246+0000 7ff2d2800700 1 -- 172.21.15.31:0/238677502 wait complete.
2024-04-24T05:45:54.928 INFO:teuthology.orchestra.run.smithi031.stdout:Enabling cephadm module...
2024-04-24T05:45:56.188 INFO:journalctl@ceph.mon.a.smithi031.stdout:Apr 24 05:45:55 smithi031 ceph-mon[27731]: from='client.? 172.21.15.31:0/3087079821' entity='client.admin' cmd=[{"prefix": "mgr module enable", "module": "cephadm"}]: dispatch
2024-04-24T05:45:56.188 INFO:journalctl@ceph.mgr.x.smithi031.stdout:Apr 24 05:45:55 smithi031 ceph-ad78be44-01fd-11ef-bc93-c7b262605968-mgr-x[27972]: ignoring --setuser ceph since I am not root
2024-04-24T05:45:56.188 INFO:journalctl@ceph.mgr.x.smithi031.stdout:Apr 24 05:45:55 smithi031 ceph-ad78be44-01fd-11ef-bc93-c7b262605968-mgr-x[27972]: ignoring --setgroup ceph since I am not root
2024-04-24T05:45:56.188 INFO:journalctl@ceph.mgr.x.smithi031.stdout:Apr 24 05:45:56 smithi031 ceph-ad78be44-01fd-11ef-bc93-c7b262605968-mgr-x[27972]:
2024-04-24T05:45:56.186+0000 7f8fba5ae200 -1 mgr[py] Module balancer has missing NOTIFY_TYPES member
2024-04-24T05:45:56.598 INFO:teuthology.orchestra.run.smithi031.stdout:/usr/bin/ceph: stderr
2024-04-24T05:45:55.516+0000 7f7f6f200700 1 Processor -- start
2024-04-24T05:45:56.599 INFO:teuthology.orchestra.run.smithi031.stdout:/usr/bin/ceph: stderr
2024-04-24T05:45:55.516+0000 7f7f6f200700 1 -- start start
2024-04-24T05:45:56.599 INFO:teuthology.orchestra.run.smithi031.stdout:/usr/bin/ceph: stderr
2024-04-24T05:45:55.516+0000 7f7f6f200700 1 --2- >> [v2:172.21.15.31:3300/0,v1:172.21.15.31:6789/0] conn(0x7f7f6810f080 0x7f7f6810f4a0 unknown :-1 s=NONE pgs=0 cs=0 l=0 rev1=0 crypto rx=0 tx=0 comp rx=0 tx=0).connect
2024-04-24T05:45:56.599 INFO:teuthology.orchestra.run.smithi031.stdout:/usr/bin/ceph: stderr
2024-04-24T05:45:55.517+0000 7f7f6f200700 1 -- --> [v2:172.21.15.31:3300/0,v1:172.21.15.31:6789/0] -- mon_getmap magic: 0 -- 0x7f7f6810fa90 con 0x7f7f6810f080
2024-04-24T05:45:56.599 INFO:teuthology.orchestra.run.smithi031.stdout:/usr/bin/ceph: stderr
2024-04-24T05:45:55.517+0000 7f7f67e00700 1 --2- >> [v2:172.21.15.31:3300/0,v1:172.21.15.31:6789/0] conn(0x7f7f6810f080 0x7f7f6810f4a0 unknown :-1 s=BANNER_CONNECTING pgs=0 cs=0 l=0 rev1=0 crypto rx=0 tx=0 comp rx=0 tx=0)._handle_peer_banner_payload supported=3 required=0
2024-04-24T05:45:56.599 INFO:teuthology.orchestra.run.smithi031.stdout:/usr/bin/ceph: stderr
2024-04-24T05:45:55.517+0000 7f7f67e00700 1 --2- >> [v2:172.21.15.31:3300/0,v1:172.21.15.31:6789/0] conn(0x7f7f6810f080 0x7f7f6810f4a0 unknown :-1 s=HELLO_CONNECTING pgs=0 cs=0 l=0 rev1=1 crypto rx=0 tx=0 comp rx=0 tx=0).handle_hello peer v2:172.21.15.31:3300/0 says I am v2:172.21.15.31:47714/0 (socket says 172.21.15.31:47714)
2024-04-24T05:45:56.599 INFO:teuthology.orchestra.run.smithi031.stdout:/usr/bin/ceph: stderr
2024-04-24T05:45:55.517+0000 7f7f67e00700 1 -- 172.21.15.31:0/2889616986 learned_addr learned my addr 172.21.15.31:0/2889616986 (peer_addr_for_me v2:172.21.15.31:0/0)
2024-04-24T05:45:56.599 INFO:teuthology.orchestra.run.smithi031.stdout:/usr/bin/ceph: stderr
2024-04-24T05:45:55.518+0000 7f7f67e00700 1 -- 172.21.15.31:0/2889616986 --> [v2:172.21.15.31:3300/0,v1:172.21.15.31:6789/0] -- mon_subscribe({config=0+,monmap=0+}) -- 0x7f7f6810fd60 con 0x7f7f6810f080
2024-04-24T05:45:56.599 INFO:teuthology.orchestra.run.smithi031.stdout:/usr/bin/ceph: stderr
2024-04-24T05:45:55.518+0000 7f7f67e00700 1 --2- 172.21.15.31:0/2889616986 >> [v2:172.21.15.31:3300/0,v1:172.21.15.31:6789/0] conn(0x7f7f6810f080 0x7f7f6810f4a0 secure :-1 s=READY pgs=22 cs=0 l=1 rev1=1 crypto rx=0x7f7f580098a0 tx=0x7f7f58009bb0 comp rx=0 tx=0).ready entity=mon.0 client_cookie=eb6cb758af430cb4 server_cookie=0 in_seq=0 out_seq=0
2024-04-24T05:45:56.599 INFO:teuthology.orchestra.run.smithi031.stdout:/usr/bin/ceph: stderr
2024-04-24T05:45:55.518+0000 7f7f67400700 1 -- 172.21.15.31:0/2889616986 <== mon.0 v2:172.21.15.31:3300/0 1 ==== mon_map magic: 0 ==== 205+0+0 (secure 0 0 0) 0x7f7f58004160 con 0x7f7f6810f080
2024-04-24T05:45:56.599 INFO:teuthology.orchestra.run.smithi031.stdout:/usr/bin/ceph: stderr
2024-04-24T05:45:55.518+0000 7f7f67400700 1 -- 172.21.15.31:0/2889616986 <== mon.0 v2:172.21.15.31:3300/0 2 ==== config(27 keys) ==== 1109+0+0 (secure 0 0 0) 0x7f7f58004300 con 0x7f7f6810f080
2024-04-24T05:45:56.599 INFO:teuthology.orchestra.run.smithi031.stdout:/usr/bin/ceph: stderr
2024-04-24T05:45:55.518+0000 7f7f67400700 1 -- 172.21.15.31:0/2889616986 <== mon.0 v2:172.21.15.31:3300/0 3 ==== mon_map magic: 0 ==== 205+0+0 (secure 0 0 0) 0x7f7f58011b50 con 0x7f7f6810f080
2024-04-24T05:45:56.599 INFO:teuthology.orchestra.run.smithi031.stdout:/usr/bin/ceph: stderr
2024-04-24T05:45:55.519+0000 7f7f6f200700 1 -- 172.21.15.31:0/2889616986 >> [v2:172.21.15.31:3300/0,v1:172.21.15.31:6789/0] conn(0x7f7f6810f080 msgr2=0x7f7f6810f4a0 secure :-1 s=STATE_CONNECTION_ESTABLISHED l=1).mark_down
2024-04-24T05:45:56.604 INFO:teuthology.orchestra.run.smithi031.stdout:/usr/bin/ceph: stderr
2024-04-24T05:45:55.519+0000 7f7f6f200700 1 --2- 172.21.15.31:0/2889616986 >> [v2:172.21.15.31:3300/0,v1:172.21.15.31:6789/0] conn(0x7f7f6810f080 0x7f7f6810f4a0 secure :-1 s=READY pgs=22 cs=0 l=1 rev1=1 crypto rx=0x7f7f580098a0 tx=0x7f7f58009bb0 comp rx=0 tx=0).stop
2024-04-24T05:45:56.604 INFO:teuthology.orchestra.run.smithi031.stdout:/usr/bin/ceph: stderr
2024-04-24T05:45:55.519+0000 7f7f6f200700 1 -- 172.21.15.31:0/2889616986 shutdown_connections
2024-04-24T05:45:56.604 INFO:teuthology.orchestra.run.smithi031.stdout:/usr/bin/ceph: stderr
2024-04-24T05:45:55.519+0000 7f7f6f200700 1 --2- 172.21.15.31:0/2889616986 >> [v2:172.21.15.31:3300/0,v1:172.21.15.31:6789/0] conn(0x7f7f6810f080 0x7f7f6810f4a0 unknown :-1 s=CLOSED pgs=22 cs=0 l=1 rev1=1 crypto rx=0 tx=0 comp rx=0 tx=0).stop
2024-04-24T05:45:56.604 INFO:teuthology.orchestra.run.smithi031.stdout:/usr/bin/ceph: stderr
2024-04-24T05:45:55.519+0000 7f7f6f200700 1 -- 172.21.15.31:0/2889616986 >> 172.21.15.31:0/2889616986 conn(0x7f7f6807dd60 msgr2=0x7f7f68080180 unknown :-1 s=STATE_NONE l=0).mark_down
2024-04-24T05:45:56.605 INFO:teuthology.orchestra.run.smithi031.stdout:/usr/bin/ceph: stderr
2024-04-24T05:45:55.519+0000 7f7f6f200700 1 -- 172.21.15.31:0/2889616986 shutdown_connections
2024-04-24T05:45:56.605 INFO:teuthology.orchestra.run.smithi031.stdout:/usr/bin/ceph: stderr
2024-04-24T05:45:55.519+0000 7f7f6f200700 1 -- 172.21.15.31:0/2889616986 wait complete.
2024-04-24T05:45:56.605 INFO:teuthology.orchestra.run.smithi031.stdout:/usr/bin/ceph: stderr
2024-04-24T05:45:55.520+0000 7f7f6f200700 1 Processor -- start
2024-04-24T05:45:56.605 INFO:teuthology.orchestra.run.smithi031.stdout:/usr/bin/ceph: stderr
2024-04-24T05:45:55.520+0000 7f7f6f200700 1 -- start start
2024-04-24T05:45:56.605 INFO:teuthology.orchestra.run.smithi031.stdout:/usr/bin/ceph: stderr
2024-04-24T05:45:55.521+0000 7f7f6f200700 1 --2- >> [v2:172.21.15.31:3300/0,v1:172.21.15.31:6789/0] conn(0x7f7f6810f080 0x7f7f681a2b60 unknown :-1 s=NONE pgs=0 cs=0 l=1 rev1=0 crypto rx=0 tx=0 comp rx=0 tx=0).connect
2024-04-24T05:45:56.605 INFO:teuthology.orchestra.run.smithi031.stdout:/usr/bin/ceph: stderr
2024-04-24T05:45:55.521+0000 7f7f6f200700 1 -- --> [v2:172.21.15.31:3300/0,v1:172.21.15.31:6789/0] -- mon_getmap magic: 0 -- 0x7f7f68113110 con 0x7f7f6810f080
2024-04-24T05:45:56.605 INFO:teuthology.orchestra.run.smithi031.stdout:/usr/bin/ceph: stderr
2024-04-24T05:45:55.521+0000 7f7f67e00700 1 --2- >> [v2:172.21.15.31:3300/0,v1:172.21.15.31:6789/0] conn(0x7f7f6810f080 0x7f7f681a2b60 unknown :-1 s=BANNER_CONNECTING pgs=0 cs=0 l=1 rev1=0 crypto rx=0 tx=0 comp rx=0 tx=0)._handle_peer_banner_payload supported=3 required=0
2024-04-24T05:45:56.605 INFO:teuthology.orchestra.run.smithi031.stdout:/usr/bin/ceph: stderr
2024-04-24T05:45:55.521+0000 7f7f67e00700 1 --2- >> [v2:172.21.15.31:3300/0,v1:172.21.15.31:6789/0] conn(0x7f7f6810f080 0x7f7f681a2b60 unknown :-1 s=HELLO_CONNECTING pgs=0 cs=0 l=1 rev1=1 crypto rx=0 tx=0 comp rx=0 tx=0).handle_hello peer v2:172.21.15.31:3300/0 says I am v2:172.21.15.31:47720/0 (socket says 172.21.15.31:47720)
2024-04-24T05:45:56.605 INFO:teuthology.orchestra.run.smithi031.stdout:/usr/bin/ceph: stderr
2024-04-24T05:45:55.521+0000 7f7f67e00700 1 -- 172.21.15.31:0/3087079821 learned_addr learned my addr 172.21.15.31:0/3087079821 (peer_addr_for_me v2:172.21.15.31:0/0)
2024-04-24T05:45:56.605 INFO:teuthology.orchestra.run.smithi031.stdout:/usr/bin/ceph: stderr
2024-04-24T05:45:55.521+0000 7f7f67e00700 1 -- 172.21.15.31:0/3087079821 --> [v2:172.21.15.31:3300/0,v1:172.21.15.31:6789/0] -- mon_subscribe({config=0+,monmap=0+}) -- 0x7f7f681a30a0 con 0x7f7f6810f080
2024-04-24T05:45:56.605 INFO:teuthology.orchestra.run.smithi031.stdout:/usr/bin/ceph: stderr
2024-04-24T05:45:55.522+0000 7f7f67e00700 1 --2- 172.21.15.31:0/3087079821 >> [v2:172.21.15.31:3300/0,v1:172.21.15.31:6789/0] conn(0x7f7f6810f080 0x7f7f681a2b60 secure :-1 s=READY pgs=23 cs=0 l=1 rev1=1 crypto rx=0x7f7f58009fb0 tx=0x7f7f58011bf0 comp rx=0 tx=0).ready entity=mon.0 client_cookie=0 server_cookie=0 in_seq=0 out_seq=0
2024-04-24T05:45:56.606 INFO:teuthology.orchestra.run.smithi031.stdout:/usr/bin/ceph: stderr
2024-04-24T05:45:55.522+0000 7f7f65600700 1 -- 172.21.15.31:0/3087079821 <== mon.0 v2:172.21.15.31:3300/0 1 ==== mon_map magic: 0 ==== 205+0+0 (secure 0 0 0) 0x7f7f580038b0 con 0x7f7f6810f080
2024-04-24T05:45:56.606 INFO:teuthology.orchestra.run.smithi031.stdout:/usr/bin/ceph: stderr
2024-04-24T05:45:55.522+0000 7f7f65600700 1 -- 172.21.15.31:0/3087079821 <== mon.0 v2:172.21.15.31:3300/0 2 ==== config(27 keys) ==== 1109+0+0 (secure 0 0 0) 0x7f7f58011e50 con 0x7f7f6810f080
2024-04-24T05:45:56.606 INFO:teuthology.orchestra.run.smithi031.stdout:/usr/bin/ceph: stderr
2024-04-24T05:45:55.522+0000 7f7f6f200700 1 -- 172.21.15.31:0/3087079821 --> [v2:172.21.15.31:3300/0,v1:172.21.15.31:6789/0] -- mon_subscribe({mgrmap=0+}) -- 0x7f7f681a3330 con 0x7f7f6810f080
2024-04-24T05:45:56.606 INFO:teuthology.orchestra.run.smithi031.stdout:/usr/bin/ceph: stderr
2024-04-24T05:45:55.522+0000 7f7f65600700 1 -- 172.21.15.31:0/3087079821 <== mon.0 v2:172.21.15.31:3300/0 3 ==== mon_map magic: 0 ==== 205+0+0 (secure 0 0 0) 0x7f7f58019550 con 0x7f7f6810f080
2024-04-24T05:45:56.606 INFO:teuthology.orchestra.run.smithi031.stdout:/usr/bin/ceph: stderr
2024-04-24T05:45:55.522+0000 7f7f6f200700 1 -- 172.21.15.31:0/3087079821 --> [v2:172.21.15.31:3300/0,v1:172.21.15.31:6789/0] -- mon_subscribe({osdmap=0}) -- 0x7f7f681a6020 con 0x7f7f6810f080
2024-04-24T05:45:56.606 INFO:teuthology.orchestra.run.smithi031.stdout:/usr/bin/ceph: stderr
2024-04-24T05:45:55.523+0000 7f7f65600700 1 -- 172.21.15.31:0/3087079821 <== mon.0 v2:172.21.15.31:3300/0 4 ==== mgrmap(e 4) ==== 46547+0+0 (secure 0 0 0) 0x7f7f5801a430 con 0x7f7f6810f080
2024-04-24T05:45:56.606 INFO:teuthology.orchestra.run.smithi031.stdout:/usr/bin/ceph: stderr
2024-04-24T05:45:55.523+0000 7f7f6f200700 1 -- 172.21.15.31:0/3087079821 --> [v2:172.21.15.31:3300/0,v1:172.21.15.31:6789/0] -- mon_command({"prefix": "get_command_descriptions"} v 0) -- 0x7f7f68064150 con 0x7f7f6810f080
2024-04-24T05:45:56.606 INFO:teuthology.orchestra.run.smithi031.stdout:/usr/bin/ceph: stderr
2024-04-24T05:45:55.524+0000 7f7f65600700 1 --2- 172.21.15.31:0/3087079821 >> [v2:172.21.15.31:6800/1691642344,v1:172.21.15.31:6801/1691642344] conn(0x7f7f4c0395b0 0x7f7f4c03ba70 unknown :-1 s=NONE pgs=0 cs=0 l=1 rev1=0 crypto rx=0 tx=0 comp rx=0 tx=0).connect
2024-04-24T05:45:56.606 INFO:teuthology.orchestra.run.smithi031.stdout:/usr/bin/ceph: stderr
2024-04-24T05:45:55.524+0000 7f7f65600700 1 -- 172.21.15.31:0/3087079821 <== mon.0 v2:172.21.15.31:3300/0 5 ==== osd_map(1..1 src has 1..1) ==== 725+0+0 (secure 0 0 0) 0x7f7f5804d880 con 0x7f7f6810f080
2024-04-24T05:45:56.606 INFO:teuthology.orchestra.run.smithi031.stdout:/usr/bin/ceph: stderr
2024-04-24T05:45:55.524+0000 7f7f5f400700 1 --2- 172.21.15.31:0/3087079821 >> [v2:172.21.15.31:6800/1691642344,v1:172.21.15.31:6801/1691642344] conn(0x7f7f4c0395b0 0x7f7f4c03ba70 unknown :-1 s=BANNER_CONNECTING pgs=0 cs=0 l=1 rev1=0 crypto rx=0 tx=0 comp rx=0 tx=0)._handle_peer_banner_payload supported=3 required=0
2024-04-24T05:45:56.606 INFO:teuthology.orchestra.run.smithi031.stdout:/usr/bin/ceph: stderr
2024-04-24T05:45:55.525+0000 7f7f5f400700 1 --2- 172.21.15.31:0/3087079821 >> [v2:172.21.15.31:6800/1691642344,v1:172.21.15.31:6801/1691642344] conn(0x7f7f4c0395b0 0x7f7f4c03ba70 secure :-1 s=READY pgs=8 cs=0 l=1 rev1=1 crypto rx=0x7f7f50006fd0 tx=0x7f7f50006e40 comp rx=0 tx=0).ready entity=mgr.14100 client_cookie=0 server_cookie=0 in_seq=0 out_seq=0
2024-04-24T05:45:56.606 INFO:teuthology.orchestra.run.smithi031.stdout:/usr/bin/ceph: stderr
2024-04-24T05:45:55.529+0000 7f7f65600700 1 -- 172.21.15.31:0/3087079821 <== mon.0 v2:172.21.15.31:3300/0 6 ==== mon_command_ack([{"prefix": "get_command_descriptions"}]=0 v0) ==== 72+0+188370 (secure 0 0 0) 0x7f7f58016db0 con 0x7f7f6810f080
2024-04-24T05:45:56.606 INFO:teuthology.orchestra.run.smithi031.stdout:/usr/bin/ceph: stderr
2024-04-24T05:45:55.822+0000 7f7f6f200700 1 -- 172.21.15.31:0/3087079821 --> [v2:172.21.15.31:3300/0,v1:172.21.15.31:6789/0] -- mon_command({"prefix": "mgr module enable", "module": "cephadm"} v 0) -- 0x7f7f681a61f0 con 0x7f7f6810f080
2024-04-24T05:45:56.607 INFO:teuthology.orchestra.run.smithi031.stdout:/usr/bin/ceph: stderr
2024-04-24T05:45:55.876+0000 7f7f65600700 1 -- 172.21.15.31:0/3087079821 <== mon.0 v2:172.21.15.31:3300/0 7 ==== mon_command_ack([{"prefix": "mgr module enable", "module": "cephadm"}]=0 v5) ==== 86+0+0 (secure 0 0 0) 0x7f7f681a61f0 con 0x7f7f6810f080
2024-04-24T05:45:56.607 INFO:teuthology.orchestra.run.smithi031.stdout:/usr/bin/ceph: stderr
2024-04-24T05:45:55.878+0000 7f7f65600700 1 -- 172.21.15.31:0/3087079821 <== mon.0 v2:172.21.15.31:3300/0 8 ==== mgrmap(e 5) ==== 46558+0+0 (secure 0 0 0) 0x7f7f5801a720 con 0x7f7f6810f080
2024-04-24T05:45:56.607 INFO:teuthology.orchestra.run.smithi031.stdout:/usr/bin/ceph: stderr
2024-04-24T05:45:55.880+0000 7f7f6f200700 1 -- 172.21.15.31:0/3087079821 >> [v2:172.21.15.31:6800/1691642344,v1:172.21.15.31:6801/1691642344] conn(0x7f7f4c0395b0 msgr2=0x7f7f4c03ba70 secure :-1 s=STATE_CONNECTION_ESTABLISHED l=1).mark_down
2024-04-24T05:45:56.607 INFO:teuthology.orchestra.run.smithi031.stdout:/usr/bin/ceph: stderr
2024-04-24T05:45:55.880+0000 7f7f6f200700 1 --2- 172.21.15.31:0/3087079821 >> [v2:172.21.15.31:6800/1691642344,v1:172.21.15.31:6801/1691642344] conn(0x7f7f4c0395b0 0x7f7f4c03ba70 secure :-1 s=READY pgs=8 cs=0 l=1 rev1=1 crypto rx=0x7f7f50006fd0 tx=0x7f7f50006e40 comp rx=0 tx=0).stop
2024-04-24T05:45:56.607 INFO:teuthology.orchestra.run.smithi031.stdout:/usr/bin/ceph: stderr
2024-04-24T05:45:55.880+0000 7f7f6f200700 1 -- 172.21.15.31:0/3087079821 >> [v2:172.21.15.31:3300/0,v1:172.21.15.31:6789/0] conn(0x7f7f6810f080 msgr2=0x7f7f681a2b60 secure :-1 s=STATE_CONNECTION_ESTABLISHED l=1).mark_down
2024-04-24T05:45:56.607 INFO:teuthology.orchestra.run.smithi031.stdout:/usr/bin/ceph: stderr
2024-04-24T05:45:55.880+0000 7f7f6f200700 1 --2- 172.21.15.31:0/3087079821 >> [v2:172.21.15.31:3300/0,v1:172.21.15.31:6789/0] conn(0x7f7f6810f080 0x7f7f681a2b60 secure :-1 s=READY pgs=23 cs=0 l=1 rev1=1 crypto rx=0x7f7f58009fb0 tx=0x7f7f58011bf0 comp rx=0 tx=0).stop
2024-04-24T05:45:56.607 INFO:teuthology.orchestra.run.smithi031.stdout:/usr/bin/ceph: stderr
2024-04-24T05:45:55.882+0000 7f7f6f200700 1 -- 172.21.15.31:0/3087079821 shutdown_connections
2024-04-24T05:45:56.607 INFO:teuthology.orchestra.run.smithi031.stdout:/usr/bin/ceph: stderr
2024-04-24T05:45:55.882+0000 7f7f6f200700 1 --2- 172.21.15.31:0/3087079821 >> [v2:172.21.15.31:6800/1691642344,v1:172.21.15.31:6801/1691642344] conn(0x7f7f4c0395b0 0x7f7f4c03ba70 unknown :-1 s=CLOSED pgs=8 cs=0 l=1 rev1=1 crypto rx=0 tx=0 comp rx=0 tx=0).stop
2024-04-24T05:45:56.607 INFO:teuthology.orchestra.run.smithi031.stdout:/usr/bin/ceph: stderr
2024-04-24T05:45:55.882+0000 7f7f6f200700 1 --2- 172.21.15.31:0/3087079821 >> [v2:172.21.15.31:3300/0,v1:172.21.15.31:6789/0] conn(0x7f7f6810f080 0x7f7f681a2b60 unknown :-1 s=CLOSED pgs=23 cs=0 l=1 rev1=1 crypto rx=0 tx=0 comp rx=0 tx=0).stop
2024-04-24T05:45:56.607 INFO:teuthology.orchestra.run.smithi031.stdout:/usr/bin/ceph: stderr
2024-04-24T05:45:55.882+0000 7f7f6f200700 1 -- 172.21.15.31:0/3087079821 >> 172.21.15.31:0/3087079821 conn(0x7f7f6807dd60 msgr2=0x7f7f6807f950 unknown :-1 s=STATE_NONE l=0).mark_down
2024-04-24T05:45:56.607 INFO:teuthology.orchestra.run.smithi031.stdout:/usr/bin/ceph: stderr
2024-04-24T05:45:55.882+0000 7f7f6f200700 1 -- 172.21.15.31:0/3087079821 shutdown_connections
2024-04-24T05:45:56.607 INFO:teuthology.orchestra.run.smithi031.stdout:/usr/bin/ceph: stderr
2024-04-24T05:45:55.882+0000 7f7f6f200700 1 -- 172.21.15.31:0/3087079821 wait complete.
2024-04-24T05:45:56.769 INFO:journalctl@ceph.mgr.x.smithi031.stdout:Apr 24 05:45:56 smithi031 ceph-ad78be44-01fd-11ef-bc93-c7b262605968-mgr-x[27972]:
2024-04-24T05:45:56.448+0000 7f8fba5ae200 -1 mgr[py] Module orchestrator has missing NOTIFY_TYPES member
2024-04-24T05:45:56.769 INFO:journalctl@ceph.mgr.x.smithi031.stdout:Apr 24 05:45:56 smithi031 ceph-ad78be44-01fd-11ef-bc93-c7b262605968-mgr-x[27972]:
2024-04-24T05:45:56.590+0000 7f8fba5ae200 -1 mgr[py] Module snap_schedule has missing NOTIFY_TYPES member
2024-04-24T05:45:57.023 INFO:journalctl@ceph.mon.a.smithi031.stdout:Apr 24 05:45:56 smithi031 ceph-mon[27731]: from='client.? 172.21.15.31:0/3087079821' entity='client.admin' cmd='[{"prefix": "mgr module enable", "module": "cephadm"}]': finished
2024-04-24T05:45:57.023 INFO:journalctl@ceph.mon.a.smithi031.stdout:Apr 24 05:45:56 smithi031 ceph-mon[27731]: mgrmap e5: x(active, since 6s)
2024-04-24T05:45:57.467 INFO:journalctl@ceph.mgr.x.smithi031.stdout:Apr 24 05:45:57 smithi031 ceph-ad78be44-01fd-11ef-bc93-c7b262605968-mgr-x[27972]:
2024-04-24T05:45:57.026+0000 7f8fba5ae200 -1 mgr[py] Module progress has missing NOTIFY_TYPES member
2024-04-24T05:45:57.467 INFO:journalctl@ceph.mgr.x.smithi031.stdout:Apr 24 05:45:57 smithi031 ceph-ad78be44-01fd-11ef-bc93-c7b262605968-mgr-x[27972]:
2024-04-24T05:45:57.144+0000 7f8fba5ae200 -1 mgr[py] Module influx has missing NOTIFY_TYPES member
2024-04-24T05:45:58.260 INFO:journalctl@ceph.mon.a.smithi031.stdout:Apr 24 05:45:57 smithi031 ceph-mon[27731]: from='client.? 172.21.15.31:0/1340502595' entity='client.admin' cmd=[{"prefix": "mgr stat"}]: dispatch
2024-04-24T05:45:58.273 INFO:teuthology.orchestra.run.smithi031.stdout:/usr/bin/ceph: stdout {
2024-04-24T05:45:58.273 INFO:teuthology.orchestra.run.smithi031.stdout:/usr/bin/ceph: stdout "epoch": 5,
2024-04-24T05:45:58.273 INFO:teuthology.orchestra.run.smithi031.stdout:/usr/bin/ceph: stdout "available": true,
2024-04-24T05:45:58.273 INFO:teuthology.orchestra.run.smithi031.stdout:/usr/bin/ceph: stdout "active_name": "x",
2024-04-24T05:45:58.279 INFO:teuthology.orchestra.run.smithi031.stdout:/usr/bin/ceph: stdout "num_standby": 0
2024-04-24T05:45:58.279 INFO:teuthology.orchestra.run.smithi031.stdout:/usr/bin/ceph: stdout }
2024-04-24T05:45:58.279 INFO:teuthology.orchestra.run.smithi031.stdout:/usr/bin/ceph: stderr
