2024-04-24T05:45:57.256+0000 7f3ceaa00700 1 Processor -- start
2024-04-24T05:45:58.279 INFO:teuthology.orchestra.run.smithi031.stdout:/usr/bin/ceph: stderr
2024-04-24T05:45:57.257+0000 7f3ceaa00700 1 -- start start
2024-04-24T05:45:58.279 INFO:teuthology.orchestra.run.smithi031.stdout:/usr/bin/ceph: stderr
2024-04-24T05:45:57.257+0000 7f3ceaa00700 1 --2- >> [v2:172.21.15.31:3300/0,v1:172.21.15.31:6789/0] conn(0x7f3ce4108340 0x7f3ce4108760 unknown :-1 s=NONE pgs=0 cs=0 l=0 rev1=0 crypto rx=0 tx=0 comp rx=0 tx=0).connect
2024-04-24T05:45:58.279 INFO:teuthology.orchestra.run.smithi031.stdout:/usr/bin/ceph: stderr
2024-04-24T05:45:57.257+0000 7f3ceaa00700 1 -- --> [v2:172.21.15.31:3300/0,v1:172.21.15.31:6789/0] -- mon_getmap magic: 0 -- 0x7f3ce4108d30 con 0x7f3ce4108340
2024-04-24T05:45:58.280 INFO:teuthology.orchestra.run.smithi031.stdout:/usr/bin/ceph: stderr
2024-04-24T05:45:57.257+0000 7f3ce9600700 1 --2- >> [v2:172.21.15.31:3300/0,v1:172.21.15.31:6789/0] conn(0x7f3ce4108340 0x7f3ce4108760 unknown :-1 s=BANNER_CONNECTING pgs=0 cs=0 l=0 rev1=0 crypto rx=0 tx=0 comp rx=0 tx=0)._handle_peer_banner_payload supported=3 required=0
2024-04-24T05:45:58.280 INFO:teuthology.orchestra.run.smithi031.stdout:/usr/bin/ceph: stderr
2024-04-24T05:45:57.258+0000 7f3ce9600700 1 --2- >> [v2:172.21.15.31:3300/0,v1:172.21.15.31:6789/0] conn(0x7f3ce4108340 0x7f3ce4108760 unknown :-1 s=HELLO_CONNECTING pgs=0 cs=0 l=0 rev1=1 crypto rx=0 tx=0 comp rx=0 tx=0).handle_hello peer v2:172.21.15.31:3300/0 says I am v2:172.21.15.31:47740/0 (socket says 172.21.15.31:47740)
2024-04-24T05:45:58.280 INFO:teuthology.orchestra.run.smithi031.stdout:/usr/bin/ceph: stderr
2024-04-24T05:45:57.258+0000 7f3ce9600700 1 -- 172.21.15.31:0/3133628014 learned_addr learned my addr 172.21.15.31:0/3133628014 (peer_addr_for_me v2:172.21.15.31:0/0)
2024-04-24T05:45:58.280 INFO:teuthology.orchestra.run.smithi031.stdout:/usr/bin/ceph: stderr
2024-04-24T05:45:57.258+0000 7f3ce9600700 1 -- 172.21.15.31:0/3133628014 --> [v2:172.21.15.31:3300/0,v1:172.21.15.31:6789/0] -- mon_subscribe({config=0+,monmap=0+}) -- 0x7f3ce41094f0 con 0x7f3ce4108340
2024-04-24T05:45:58.280 INFO:teuthology.orchestra.run.smithi031.stdout:/usr/bin/ceph: stderr
2024-04-24T05:45:57.258+0000 7f3ce9600700 1 --2- 172.21.15.31:0/3133628014 >> [v2:172.21.15.31:3300/0,v1:172.21.15.31:6789/0] conn(0x7f3ce4108340 0x7f3ce4108760 secure :-1 s=READY pgs=26 cs=0 l=1 rev1=1 crypto rx=0x7f3cd80098a0 tx=0x7f3cd8009bb0 comp rx=0 tx=0).ready entity=mon.0 client_cookie=bd7089b4d9023cd4 server_cookie=0 in_seq=0 out_seq=0
2024-04-24T05:45:58.280 INFO:teuthology.orchestra.run.smithi031.stdout:/usr/bin/ceph: stderr
2024-04-24T05:45:57.259+0000 7f3ce3e00700 1 -- 172.21.15.31:0/3133628014 <== mon.0 v2:172.21.15.31:3300/0 1 ==== mon_map magic: 0 ==== 205+0+0 (secure 0 0 0) 0x7f3cd8004160 con 0x7f3ce4108340
2024-04-24T05:45:58.280 INFO:teuthology.orchestra.run.smithi031.stdout:/usr/bin/ceph: stderr
2024-04-24T05:45:57.259+0000 7f3ce3e00700 1 -- 172.21.15.31:0/3133628014 <== mon.0 v2:172.21.15.31:3300/0 2 ==== config(27 keys) ==== 1109+0+0 (secure 0 0 0) 0x7f3cd8004300 con 0x7f3ce4108340
2024-04-24T05:45:58.280 INFO:teuthology.orchestra.run.smithi031.stdout:/usr/bin/ceph: stderr
2024-04-24T05:45:57.259+0000 7f3ce3e00700 1 -- 172.21.15.31:0/3133628014 <== mon.0 v2:172.21.15.31:3300/0 3 ==== mon_map magic: 0 ==== 205+0+0 (secure 0 0 0) 0x7f3cd8011b50 con 0x7f3ce4108340
2024-04-24T05:45:58.280 INFO:teuthology.orchestra.run.smithi031.stdout:/usr/bin/ceph: stderr
2024-04-24T05:45:57.259+0000 7f3ceaa00700 1 -- 172.21.15.31:0/3133628014 >> [v2:172.21.15.31:3300/0,v1:172.21.15.31:6789/0] conn(0x7f3ce4108340 msgr2=0x7f3ce4108760 secure :-1 s=STATE_CONNECTION_ESTABLISHED l=1).mark_down
2024-04-24T05:45:58.280 INFO:teuthology.orchestra.run.smithi031.stdout:/usr/bin/ceph: stderr
2024-04-24T05:45:57.259+0000 7f3ceaa00700 1 --2- 172.21.15.31:0/3133628014 >> [v2:172.21.15.31:3300/0,v1:172.21.15.31:6789/0] conn(0x7f3ce4108340 0x7f3ce4108760 secure :-1 s=READY pgs=26 cs=0 l=1 rev1=1 crypto rx=0x7f3cd80098a0 tx=0x7f3cd8009bb0 comp rx=0 tx=0).stop
2024-04-24T05:45:58.280 INFO:teuthology.orchestra.run.smithi031.stdout:/usr/bin/ceph: stderr
2024-04-24T05:45:57.260+0000 7f3ceaa00700 1 -- 172.21.15.31:0/3133628014 shutdown_connections
2024-04-24T05:45:58.280 INFO:teuthology.orchestra.run.smithi031.stdout:/usr/bin/ceph: stderr
2024-04-24T05:45:57.260+0000 7f3ceaa00700 1 --2- 172.21.15.31:0/3133628014 >> [v2:172.21.15.31:3300/0,v1:172.21.15.31:6789/0] conn(0x7f3ce4108340 0x7f3ce4108760 unknown :-1 s=CLOSED pgs=26 cs=0 l=1 rev1=1 crypto rx=0 tx=0 comp rx=0 tx=0).stop
2024-04-24T05:45:58.280 INFO:teuthology.orchestra.run.smithi031.stdout:/usr/bin/ceph: stderr
2024-04-24T05:45:57.260+0000 7f3ceaa00700 1 -- 172.21.15.31:0/3133628014 >> 172.21.15.31:0/3133628014 conn(0x7f3ce4103940 msgr2=0x7f3ce4105d60 unknown :-1 s=STATE_NONE l=0).mark_down
2024-04-24T05:45:58.281 INFO:teuthology.orchestra.run.smithi031.stdout:/usr/bin/ceph: stderr
2024-04-24T05:45:57.260+0000 7f3ceaa00700 1 -- 172.21.15.31:0/3133628014 shutdown_connections
2024-04-24T05:45:58.281 INFO:teuthology.orchestra.run.smithi031.stdout:/usr/bin/ceph: stderr
2024-04-24T05:45:57.260+0000 7f3ceaa00700 1 -- 172.21.15.31:0/3133628014 wait complete.
2024-04-24T05:45:58.281 INFO:teuthology.orchestra.run.smithi031.stdout:/usr/bin/ceph: stderr
2024-04-24T05:45:57.261+0000 7f3ceaa00700 1 Processor -- start
2024-04-24T05:45:58.281 INFO:teuthology.orchestra.run.smithi031.stdout:/usr/bin/ceph: stderr
2024-04-24T05:45:57.262+0000 7f3ceaa00700 1 -- start start
2024-04-24T05:45:58.281 INFO:teuthology.orchestra.run.smithi031.stdout:/usr/bin/ceph: stderr
2024-04-24T05:45:57.262+0000 7f3ceaa00700 1 --2- >> [v2:172.21.15.31:3300/0,v1:172.21.15.31:6789/0] conn(0x7f3ce4108340 0x7f3ce419e570 unknown :-1 s=NONE pgs=0 cs=0 l=1 rev1=0 crypto rx=0 tx=0 comp rx=0 tx=0).connect
2024-04-24T05:45:58.281 INFO:teuthology.orchestra.run.smithi031.stdout:/usr/bin/ceph: stderr
2024-04-24T05:45:57.262+0000 7f3ceaa00700 1 -- --> [v2:172.21.15.31:3300/0,v1:172.21.15.31:6789/0] -- mon_getmap magic: 0 -- 0x7f3ce410c8a0 con 0x7f3ce4108340
2024-04-24T05:45:58.281 INFO:teuthology.orchestra.run.smithi031.stdout:/usr/bin/ceph: stderr
2024-04-24T05:45:57.262+0000 7f3ce9600700 1 --2- >> [v2:172.21.15.31:3300/0,v1:172.21.15.31:6789/0] conn(0x7f3ce4108340 0x7f3ce419e570 unknown :-1 s=BANNER_CONNECTING pgs=0 cs=0 l=1 rev1=0 crypto rx=0 tx=0 comp rx=0 tx=0)._handle_peer_banner_payload supported=3 required=0
2024-04-24T05:45:58.281 INFO:teuthology.orchestra.run.smithi031.stdout:/usr/bin/ceph: stderr
2024-04-24T05:45:57.262+0000 7f3ce9600700 1 --2- >> [v2:172.21.15.31:3300/0,v1:172.21.15.31:6789/0] conn(0x7f3ce4108340 0x7f3ce419e570 unknown :-1 s=HELLO_CONNECTING pgs=0 cs=0 l=1 rev1=1 crypto rx=0 tx=0 comp rx=0 tx=0).handle_hello peer v2:172.21.15.31:3300/0 says I am v2:172.21.15.31:47756/0 (socket says 172.21.15.31:47756)
2024-04-24T05:45:58.281 INFO:teuthology.orchestra.run.smithi031.stdout:/usr/bin/ceph: stderr
2024-04-24T05:45:57.262+0000 7f3ce9600700 1 -- 172.21.15.31:0/1340502595 learned_addr learned my addr 172.21.15.31:0/1340502595 (peer_addr_for_me v2:172.21.15.31:0/0)
2024-04-24T05:45:58.281 INFO:teuthology.orchestra.run.smithi031.stdout:/usr/bin/ceph: stderr
2024-04-24T05:45:57.263+0000 7f3ce9600700 1 -- 172.21.15.31:0/1340502595 --> [v2:172.21.15.31:3300/0,v1:172.21.15.31:6789/0] -- mon_subscribe({config=0+,monmap=0+}) -- 0x7f3ce419eab0 con 0x7f3ce4108340
2024-04-24T05:45:58.281 INFO:teuthology.orchestra.run.smithi031.stdout:/usr/bin/ceph: stderr
2024-04-24T05:45:57.263+0000 7f3ce9600700 1 --2- 172.21.15.31:0/1340502595 >> [v2:172.21.15.31:3300/0,v1:172.21.15.31:6789/0] conn(0x7f3ce4108340 0x7f3ce419e570 secure :-1 s=READY pgs=27 cs=0 l=1 rev1=1 crypto rx=0x7f3cd8011670 tx=0x7f3cd8011b60 comp rx=0 tx=0).ready entity=mon.0 client_cookie=0 server_cookie=0 in_seq=0 out_seq=0
2024-04-24T05:45:58.281 INFO:teuthology.orchestra.run.smithi031.stdout:/usr/bin/ceph: stderr
2024-04-24T05:45:57.263+0000 7f3ce2000700 1 -- 172.21.15.31:0/1340502595 <== mon.0 v2:172.21.15.31:3300/0 1 ==== mon_map magic: 0 ==== 205+0+0 (secure 0 0 0) 0x7f3cd80039c0 con 0x7f3ce4108340
2024-04-24T05:45:58.281 INFO:teuthology.orchestra.run.smithi031.stdout:/usr/bin/ceph: stderr
2024-04-24T05:45:57.263+0000 7f3ce2000700 1 -- 172.21.15.31:0/1340502595 <== mon.0 v2:172.21.15.31:3300/0 2 ==== config(27 keys) ==== 1109+0+0 (secure 0 0 0) 0x7f3cd8011e50 con 0x7f3ce4108340
2024-04-24T05:45:58.282 INFO:teuthology.orchestra.run.smithi031.stdout:/usr/bin/ceph: stderr
2024-04-24T05:45:57.263+0000 7f3ceaa00700 1 -- 172.21.15.31:0/1340502595 --> [v2:172.21.15.31:3300/0,v1:172.21.15.31:6789/0] -- mon_subscribe({mgrmap=0+}) -- 0x7f3ce419ed40 con 0x7f3ce4108340
2024-04-24T05:45:58.282 INFO:teuthology.orchestra.run.smithi031.stdout:/usr/bin/ceph: stderr
2024-04-24T05:45:57.263+0000 7f3ce2000700 1 -- 172.21.15.31:0/1340502595 <== mon.0 v2:172.21.15.31:3300/0 3 ==== mon_map magic: 0 ==== 205+0+0 (secure 0 0 0) 0x7f3cd801a5c0 con 0x7f3ce4108340
2024-04-24T05:45:58.282 INFO:teuthology.orchestra.run.smithi031.stdout:/usr/bin/ceph: stderr
2024-04-24T05:45:57.263+0000 7f3ceaa00700 1 -- 172.21.15.31:0/1340502595 --> [v2:172.21.15.31:3300/0,v1:172.21.15.31:6789/0] -- mon_subscribe({osdmap=0}) -- 0x7f3ce41a1a30 con 0x7f3ce4108340
2024-04-24T05:45:58.282 INFO:teuthology.orchestra.run.smithi031.stdout:/usr/bin/ceph: stderr
2024-04-24T05:45:57.265+0000 7f3ce2000700 1 -- 172.21.15.31:0/1340502595 <== mon.0 v2:172.21.15.31:3300/0 4 ==== mgrmap(e 5) ==== 46558+0+0 (secure 0 0 0) 0x7f3cd8024430 con 0x7f3ce4108340
2024-04-24T05:45:58.282 INFO:teuthology.orchestra.run.smithi031.stdout:/usr/bin/ceph: stderr
2024-04-24T05:45:57.265+0000 7f3ceaa00700 1 -- 172.21.15.31:0/1340502595 --> [v2:172.21.15.31:3300/0,v1:172.21.15.31:6789/0] -- mon_command({"prefix": "get_command_descriptions"} v 0) -- 0x7f3ce4069c10 con 0x7f3ce4108340
2024-04-24T05:45:58.282 INFO:teuthology.orchestra.run.smithi031.stdout:/usr/bin/ceph: stderr
2024-04-24T05:45:57.265+0000 7f3ce2000700 1 --2- 172.21.15.31:0/1340502595 >> [v2:172.21.15.31:6800/1691642344,v1:172.21.15.31:6801/1691642344] conn(0x7f3ccc0395b0 0x7f3ccc03ba70 unknown :-1 s=NONE pgs=0 cs=0 l=1 rev1=0 crypto rx=0 tx=0 comp rx=0 tx=0).connect
2024-04-24T05:45:58.282 INFO:teuthology.orchestra.run.smithi031.stdout:/usr/bin/ceph: stderr
2024-04-24T05:45:57.265+0000 7f3ce2000700 1 -- 172.21.15.31:0/1340502595 <== mon.0 v2:172.21.15.31:3300/0 5 ==== osd_map(1..1 src has 1..1) ==== 725+0+0 (secure 0 0 0) 0x7f3cd804da50 con 0x7f3ce4108340
2024-04-24T05:45:58.282 INFO:teuthology.orchestra.run.smithi031.stdout:/usr/bin/ceph: stderr
2024-04-24T05:45:57.265+0000 7f3ce8c00700 1 -- 172.21.15.31:0/1340502595 >> [v2:172.21.15.31:6800/1691642344,v1:172.21.15.31:6801/1691642344] conn(0x7f3ccc0395b0 msgr2=0x7f3ccc03ba70 unknown :-1 s=STATE_CONNECTING_RE l=1).process reconnect failed to v2:172.21.15.31:6800/1691642344
2024-04-24T05:45:58.282 INFO:teuthology.orchestra.run.smithi031.stdout:/usr/bin/ceph: stderr
2024-04-24T05:45:57.265+0000 7f3ce8c00700 1 --2- 172.21.15.31:0/1340502595 >> [v2:172.21.15.31:6800/1691642344,v1:172.21.15.31:6801/1691642344] conn(0x7f3ccc0395b0 0x7f3ccc03ba70 unknown :-1 s=START_CONNECT pgs=0 cs=0 l=1 rev1=0 crypto rx=0 tx=0 comp rx=0 tx=0)._fault waiting 0.200000
2024-04-24T05:45:58.282 INFO:teuthology.orchestra.run.smithi031.stdout:/usr/bin/ceph: stderr
2024-04-24T05:45:57.271+0000 7f3ce2000700 1 -- 172.21.15.31:0/1340502595 <== mon.0 v2:172.21.15.31:3300/0 6 ==== mon_command_ack([{"prefix": "get_command_descriptions"}]=0 v0) ==== 72+0+188370 (secure 0 0 0) 0x7f3cd804d470 con 0x7f3ce4108340
2024-04-24T05:45:58.282 INFO:teuthology.orchestra.run.smithi031.stdout:/usr/bin/ceph: stderr
2024-04-24T05:45:57.466+0000 7f3ce8c00700 1 -- 172.21.15.31:0/1340502595 >> [v2:172.21.15.31:6800/1691642344,v1:172.21.15.31:6801/1691642344] conn(0x7f3ccc0395b0 msgr2=0x7f3ccc03ba70 unknown :-1 s=STATE_CONNECTING_RE l=1).process reconnect failed to v2:172.21.15.31:6800/1691642344
2024-04-24T05:45:58.282 INFO:teuthology.orchestra.run.smithi031.stdout:/usr/bin/ceph: stderr
2024-04-24T05:45:57.466+0000 7f3ce8c00700 1 --2- 172.21.15.31:0/1340502595 >> [v2:172.21.15.31:6800/1691642344,v1:172.21.15.31:6801/1691642344] conn(0x7f3ccc0395b0 0x7f3ccc03ba70 unknown :-1 s=START_CONNECT pgs=0 cs=0 l=1 rev1=0 crypto rx=0 tx=0 comp rx=0 tx=0)._fault waiting 0.400000
2024-04-24T05:45:58.282 INFO:teuthology.orchestra.run.smithi031.stdout:/usr/bin/ceph: stderr
2024-04-24T05:45:57.556+0000 7f3ceaa00700 1 -- 172.21.15.31:0/1340502595 --> [v2:172.21.15.31:3300/0,v1:172.21.15.31:6789/0] -- mon_command({"prefix": "mgr stat"} v 0) -- 0x7f3ce41a1c00 con 0x7f3ce4108340
2024-04-24T05:45:58.282 INFO:teuthology.orchestra.run.smithi031.stdout:/usr/bin/ceph: stderr
2024-04-24T05:45:57.557+0000 7f3ce2000700 1 -- 172.21.15.31:0/1340502595 <== mon.0 v2:172.21.15.31:3300/0 7 ==== mon_command_ack([{"prefix": "mgr stat"}]=0 v5) ==== 56+0+88 (secure 0 0 0) 0x7f3ce41a1c00 con 0x7f3ce4108340
2024-04-24T05:45:58.283 INFO:teuthology.orchestra.run.smithi031.stdout:/usr/bin/ceph: stderr
2024-04-24T05:45:57.560+0000 7f3ceaa00700 1 -- 172.21.15.31:0/1340502595 >> [v2:172.21.15.31:6800/1691642344,v1:172.21.15.31:6801/1691642344] conn(0x7f3ccc0395b0 msgr2=0x7f3ccc03ba70 unknown :-1 s=STATE_CONNECTING l=1).mark_down
2024-04-24T05:45:58.283 INFO:teuthology.orchestra.run.smithi031.stdout:/usr/bin/ceph: stderr
2024-04-24T05:45:57.560+0000 7f3ceaa00700 1 --2- 172.21.15.31:0/1340502595 >> [v2:172.21.15.31:6800/1691642344,v1:172.21.15.31:6801/1691642344] conn(0x7f3ccc0395b0 0x7f3ccc03ba70 unknown :-1 s=START_CONNECT pgs=0 cs=0 l=1 rev1=0 crypto rx=0 tx=0 comp rx=0 tx=0).stop
2024-04-24T05:45:58.283 INFO:teuthology.orchestra.run.smithi031.stdout:/usr/bin/ceph: stderr
2024-04-24T05:45:57.560+0000 7f3ceaa00700 1 -- 172.21.15.31:0/1340502595 >> [v2:172.21.15.31:3300/0,v1:172.21.15.31:6789/0] conn(0x7f3ce4108340 msgr2=0x7f3ce419e570 secure :-1 s=STATE_CONNECTION_ESTABLISHED l=1).mark_down
2024-04-24T05:45:58.283 INFO:teuthology.orchestra.run.smithi031.stdout:/usr/bin/ceph: stderr
2024-04-24T05:45:57.560+0000 7f3ceaa00700 1 --2- 172.21.15.31:0/1340502595 >> [v2:172.21.15.31:3300/0,v1:172.21.15.31:6789/0] conn(0x7f3ce4108340 0x7f3ce419e570 secure :-1 s=READY pgs=27 cs=0 l=1 rev1=1 crypto rx=0x7f3cd8011670 tx=0x7f3cd8011b60 comp rx=0 tx=0).stop
2024-04-24T05:45:58.283 INFO:teuthology.orchestra.run.smithi031.stdout:/usr/bin/ceph: stderr
2024-04-24T05:45:57.560+0000 7f3ceaa00700 1 -- 172.21.15.31:0/1340502595 shutdown_connections
2024-04-24T05:45:58.283 INFO:teuthology.orchestra.run.smithi031.stdout:/usr/bin/ceph: stderr
2024-04-24T05:45:57.560+0000 7f3ceaa00700 1 --2- 172.21.15.31:0/1340502595 >> [v2:172.21.15.31:6800/1691642344,v1:172.21.15.31:6801/1691642344] conn(0x7f3ccc0395b0 0x7f3ccc03ba70 unknown :-1 s=CLOSED pgs=0 cs=0 l=1 rev1=0 crypto rx=0 tx=0 comp rx=0 tx=0).stop
2024-04-24T05:45:58.283 INFO:teuthology.orchestra.run.smithi031.stdout:/usr/bin/ceph: stderr
2024-04-24T05:45:57.560+0000 7f3ceaa00700 1 --2- 172.21.15.31:0/1340502595 >> [v2:172.21.15.31:3300/0,v1:172.21.15.31:6789/0] conn(0x7f3ce4108340 0x7f3ce419e570 unknown :-1 s=CLOSED pgs=27 cs=0 l=1 rev1=1 crypto rx=0 tx=0 comp rx=0 tx=0).stop
2024-04-24T05:45:58.283 INFO:teuthology.orchestra.run.smithi031.stdout:/usr/bin/ceph: stderr
2024-04-24T05:45:57.560+0000 7f3ceaa00700 1 -- 172.21.15.31:0/1340502595 >> 172.21.15.31:0/1340502595 conn(0x7f3ce4103940 msgr2=0x7f3ce4104490 unknown :-1 s=STATE_NONE l=0).mark_down
2024-04-24T05:45:58.283 INFO:teuthology.orchestra.run.smithi031.stdout:/usr/bin/ceph: stderr
2024-04-24T05:45:57.560+0000 7f3ceaa00700 1 -- 172.21.15.31:0/1340502595 shutdown_connections
2024-04-24T05:45:58.283 INFO:teuthology.orchestra.run.smithi031.stdout:/usr/bin/ceph: stderr
2024-04-24T05:45:57.560+0000 7f3ceaa00700 1 -- 172.21.15.31:0/1340502595 wait complete.
2024-04-24T05:45:58.283 INFO:teuthology.orchestra.run.smithi031.stdout:Waiting for the mgr to restart...
2024-04-24T05:45:58.283 INFO:teuthology.orchestra.run.smithi031.stdout:Waiting for mgr epoch 5...
2024-04-24T05:45:58.863 INFO:journalctl@ceph.mgr.x.smithi031.stdout:Apr 24 05:45:58 smithi031 ceph-ad78be44-01fd-11ef-bc93-c7b262605968-mgr-x[27972]:
2024-04-24T05:45:58.761+0000 7f8fba5ae200 -1 mgr[py] Module telegraf has missing NOTIFY_TYPES member
2024-04-24T05:45:59.220 INFO:journalctl@ceph.mgr.x.smithi031.stdout:Apr 24 05:45:59 smithi031 ceph-ad78be44-01fd-11ef-bc93-c7b262605968-mgr-x[27972]:
2024-04-24T05:45:59.000+0000 7f8fba5ae200 -1 mgr[py] Module osd_support has missing NOTIFY_TYPES member
2024-04-24T05:45:59.220 INFO:journalctl@ceph.mgr.x.smithi031.stdout:Apr 24 05:45:59 smithi031 ceph-ad78be44-01fd-11ef-bc93-c7b262605968-mgr-x[27972]:
2024-04-24T05:45:59.218+0000 7f8fba5ae200 -1 mgr[py] Module iostat has missing NOTIFY_TYPES member
2024-04-24T05:45:59.773 INFO:journalctl@ceph.mgr.x.smithi031.stdout:Apr 24 05:45:59 smithi031 ceph-ad78be44-01fd-11ef-bc93-c7b262605968-mgr-x[27972]:
2024-04-24T05:45:59.616+0000 7f8fba5ae200 -1 mgr[py] Module alerts has missing NOTIFY_TYPES member
2024-04-24T05:45:59.774 INFO:journalctl@ceph.mgr.x.smithi031.stdout:Apr 24 05:45:59 smithi031 ceph-ad78be44-01fd-11ef-bc93-c7b262605968-mgr-x[27972]:
2024-04-24T05:45:59.742+0000 7f8fba5ae200 -1 mgr[py] Module selftest has missing NOTIFY_TYPES member
2024-04-24T05:46:00.265 INFO:journalctl@ceph.mgr.x.smithi031.stdout:Apr 24 05:46:00 smithi031 ceph-ad78be44-01fd-11ef-bc93-c7b262605968-mgr-x[27972]:
2024-04-24T05:46:00.000+0000 7f8fba5ae200 -1 mgr[py] Module pg_autoscaler has missing NOTIFY_TYPES member
2024-04-24T05:46:00.265 INFO:journalctl@ceph.mgr.x.smithi031.stdout:Apr 24 05:46:00 smithi031 ceph-ad78be44-01fd-11ef-bc93-c7b262605968-mgr-x[27972]:
2024-04-24T05:46:00.264+0000 7f8fba5ae200 -1 mgr[py] Module test_orchestrator has missing NOTIFY_TYPES member
2024-04-24T05:46:01.523 INFO:journalctl@ceph.mgr.x.smithi031.stdout:Apr 24 05:46:01 smithi031 ceph-ad78be44-01fd-11ef-bc93-c7b262605968-mgr-x[27972]:
2024-04-24T05:46:01.076+0000 7f8fba5ae200 -1 mgr[py] Module rook has missing NOTIFY_TYPES member
2024-04-24T05:46:01.907 INFO:journalctl@ceph.mgr.x.smithi031.stdout:Apr 24 05:46:01 smithi031 ceph-ad78be44-01fd-11ef-bc93-c7b262605968-mgr-x[27972]:
2024-04-24T05:46:01.647+0000 7f8fba5ae200 -1 mgr[py] Module volumes has missing NOTIFY_TYPES member
2024-04-24T05:46:01.907 INFO:journalctl@ceph.mgr.x.smithi031.stdout:Apr 24 05:46:01 smithi031 ceph-ad78be44-01fd-11ef-bc93-c7b262605968-mgr-x[27972]:
2024-04-24T05:46:01.779+0000 7f8fba5ae200 -1 mgr[py] Module crash has missing NOTIFY_TYPES member
2024-04-24T05:46:02.273 INFO:journalctl@ceph.mgr.x.smithi031.stdout:Apr 24 05:46:02 smithi031 ceph-ad78be44-01fd-11ef-bc93-c7b262605968-mgr-x[27972]:
2024-04-24T05:46:02.054+0000 7f8fba5ae200 -1 mgr[py] Module rgw has missing NOTIFY_TYPES member
2024-04-24T05:46:03.023 INFO:journalctl@ceph.mgr.x.smithi031.stdout:Apr 24 05:46:02 smithi031 ceph-ad78be44-01fd-11ef-bc93-c7b262605968-mgr-x[27972]:
2024-04-24T05:46:02.721+0000 7f8fba5ae200 -1 mgr[py] Module prometheus has missing NOTIFY_TYPES member
2024-04-24T05:46:03.024 INFO:journalctl@ceph.mgr.x.smithi031.stdout:Apr 24 05:46:02 smithi031 ceph-ad78be44-01fd-11ef-bc93-c7b262605968-mgr-x[27972]:
2024-04-24T05:46:02.850+0000 7f8fba5ae200 -1 mgr[py] Module devicehealth has missing NOTIFY_TYPES member
2024-04-24T05:46:03.501 INFO:journalctl@ceph.mgr.x.smithi031.stdout:Apr 24 05:46:03 smithi031 ceph-ad78be44-01fd-11ef-bc93-c7b262605968-mgr-x[27972]:
2024-04-24T05:46:03.183+0000 7f8fba5ae200 -1 mgr[py] Module telemetry has missing NOTIFY_TYPES member
2024-04-24T05:46:03.501 INFO:journalctl@ceph.mgr.x.smithi031.stdout:Apr 24 05:46:03 smithi031 ceph-ad78be44-01fd-11ef-bc93-c7b262605968-mgr-x[27972]:
2024-04-24T05:46:03.368+0000 7f8fba5ae200 -1 mgr[py] Module diskprediction_local has missing NOTIFY_TYPES member
2024-04-24T05:46:03.501 INFO:journalctl@ceph.mgr.x.smithi031.stdout:Apr 24 05:46:03 smithi031 ceph-ad78be44-01fd-11ef-bc93-c7b262605968-mgr-x[27972]:
2024-04-24T05:46:03.499+0000 7f8fba5ae200 -1 mgr[py] Module osd_perf_query has missing NOTIFY_TYPES member
2024-04-24T05:46:03.773 INFO:journalctl@ceph.mgr.x.smithi031.stdout:Apr 24 05:46:03 smithi031 ceph-ad78be44-01fd-11ef-bc93-c7b262605968-mgr-x[27972]:
2024-04-24T05:46:03.657+0000 7f8fba5ae200 -1 mgr[py] Module rbd_support has missing NOTIFY_TYPES member
2024-04-24T05:46:04.523 INFO:journalctl@ceph.mgr.x.smithi031.stdout:Apr 24 05:46:04 smithi031 ceph-ad78be44-01fd-11ef-bc93-c7b262605968-mgr-x[27972]:
2024-04-24T05:46:04.056+0000 7f8fba5ae200 -1 mgr[py] Module zabbix has missing NOTIFY_TYPES member
2024-04-24T05:46:05.111 INFO:journalctl@ceph.mgr.x.smithi031.stdout:Apr 24 05:46:04 smithi031 ceph-ad78be44-01fd-11ef-bc93-c7b262605968-mgr-x[27972]:
2024-04-24T05:46:04.847+0000 7f8fba5ae200 -1 mgr[py] Module status has missing NOTIFY_TYPES member
2024-04-24T05:46:05.523 INFO:journalctl@ceph.mgr.x.smithi031.stdout:Apr 24 05:46:05 smithi031 ceph-ad78be44-01fd-11ef-bc93-c7b262605968-mgr-x[27972]:
2024-04-24T05:46:05.141+0000 7f8fba5ae200 -1 mgr[py] Module nfs has missing NOTIFY_TYPES member
2024-04-24T05:46:05.524 INFO:journalctl@ceph.mon.a.smithi031.stdout:Apr 24 05:46:05 smithi031 ceph-mon[27731]: Active manager daemon x restarted
2024-04-24T05:46:05.524 INFO:journalctl@ceph.mon.a.smithi031.stdout:Apr 24 05:46:05 smithi031 ceph-mon[27731]: Activating manager daemon x
2024-04-24T05:46:05.524 INFO:journalctl@ceph.mon.a.smithi031.stdout:Apr 24 05:46:05 smithi031 ceph-mon[27731]: osdmap e2: 0 total, 0 up, 0 in
2024-04-24T05:46:05.524 INFO:journalctl@ceph.mon.a.smithi031.stdout:Apr 24 05:46:05 smithi031 ceph-mon[27731]: mgrmap e6: x(active, starting, since 0.00508434s)
2024-04-24T05:46:05.524 INFO:journalctl@ceph.mon.a.smithi031.stdout:Apr 24 05:46:05 smithi031 ceph-mon[27731]: from='mgr.14120 172.21.15.31:0/2251029693' entity='mgr.x' cmd=[{"prefix": "mon metadata", "id": "a"}]: dispatch
2024-04-24T05:46:05.524 INFO:journalctl@ceph.mon.a.smithi031.stdout:Apr 24 05:46:05 smithi031 ceph-mon[27731]: from='mgr.14120 172.21.15.31:0/2251029693' entity='mgr.x' cmd=[{"prefix": "mgr metadata", "who": "x", "id": "x"}]: dispatch
2024-04-24T05:46:05.524 INFO:journalctl@ceph.mon.a.smithi031.stdout:Apr 24 05:46:05 smithi031 ceph-mon[27731]: from='mgr.14120 172.21.15.31:0/2251029693' entity='mgr.x' cmd=[{"prefix": "mds metadata"}]: dispatch
2024-04-24T05:46:05.524 INFO:journalctl@ceph.mon.a.smithi031.stdout:Apr 24 05:46:05 smithi031 ceph-mon[27731]: from='mgr.14120 172.21.15.31:0/2251029693' entity='mgr.x' cmd=[{"prefix": "osd metadata"}]: dispatch
2024-04-24T05:46:05.524 INFO:journalctl@ceph.mon.a.smithi031.stdout:Apr 24 05:46:05 smithi031 ceph-mon[27731]: from='mgr.14120 172.21.15.31:0/2251029693' entity='mgr.x' cmd=[{"prefix": "mon metadata"}]: dispatch
2024-04-24T05:46:05.524 INFO:journalctl@ceph.mon.a.smithi031.stdout:Apr 24 05:46:05 smithi031 ceph-mon[27731]: Manager daemon x is now available
2024-04-24T05:46:06.520 INFO:journalctl@ceph.mon.a.smithi031.stdout:Apr 24 05:46:06 smithi031 ceph-mon[27731]: Found migration_current of "None". Setting to last migration.
2024-04-24T05:46:06.520 INFO:journalctl@ceph.mon.a.smithi031.stdout:Apr 24 05:46:06 smithi031 ceph-mon[27731]: from='mgr.14120 172.21.15.31:0/2251029693' entity='mgr.x'
2024-04-24T05:46:06.520 INFO:journalctl@ceph.mon.a.smithi031.stdout:Apr 24 05:46:06 smithi031 ceph-mon[27731]: from='mgr.14120 172.21.15.31:0/2251029693' entity='mgr.x'
2024-04-24T05:46:06.521 INFO:journalctl@ceph.mon.a.smithi031.stdout:Apr 24 05:46:06 smithi031 ceph-mon[27731]: from='mgr.14120 172.21.15.31:0/2251029693' entity='mgr.x' cmd=[{"prefix": "config dump", "format": "json"}]: dispatch
2024-04-24T05:46:06.521 INFO:journalctl@ceph.mon.a.smithi031.stdout:Apr 24 05:46:06 smithi031 ceph-mon[27731]: from='mgr.14120 172.21.15.31:0/2251029693' entity='mgr.x' cmd=[{"prefix": "config dump", "format": "json"}]: dispatch
2024-04-24T05:46:06.521 INFO:journalctl@ceph.mon.a.smithi031.stdout:Apr 24 05:46:06 smithi031 ceph-mon[27731]: from='mgr.14120 172.21.15.31:0/2251029693' entity='mgr.x' cmd=[{"prefix":"config rm","who":"mgr","name":"mgr/rbd_support/x/mirror_snapshot_schedule"}]: dispatch
2024-04-24T05:46:06.521 INFO:journalctl@ceph.mon.a.smithi031.stdout:Apr 24 05:46:06 smithi031 ceph-mon[27731]: from='mgr.14120 172.21.15.31:0/2251029693' entity='mgr.x' cmd=[{"prefix":"config rm","who":"mgr","name":"mgr/rbd_support/x/trash_purge_schedule"}]: dispatch
2024-04-24T05:46:06.521 INFO:journalctl@ceph.mon.a.smithi031.stdout:Apr 24 05:46:06 smithi031 ceph-mon[27731]: from='mgr.14120 172.21.15.31:0/2251029693' entity='mgr.x'
2024-04-24T05:46:06.521 INFO:journalctl@ceph.mon.a.smithi031.stdout:Apr 24 05:46:06 smithi031 ceph-mon[27731]: from='mgr.14120 172.21.15.31:0/2251029693' entity='mgr.x'
2024-04-24T05:46:06.521 INFO:journalctl@ceph.mon.a.smithi031.stdout:Apr 24 05:46:06 smithi031 ceph-mon[27731]: mgrmap e7: x(active, since 1.01239s)
2024-04-24T05:46:06.874 INFO:teuthology.orchestra.run.smithi031.stdout:/usr/bin/ceph: stdout {
2024-04-24T05:46:06.875 INFO:teuthology.orchestra.run.smithi031.stdout:/usr/bin/ceph: stdout "mgrmap_epoch": 7,
2024-04-24T05:46:06.875 INFO:teuthology.orchestra.run.smithi031.stdout:/usr/bin/ceph: stdout "initialized": true
2024-04-24T05:46:06.875 INFO:teuthology.orchestra.run.smithi031.stdout:/usr/bin/ceph: stdout }
2024-04-24T05:46:06.876 INFO:teuthology.orchestra.run.smithi031.stdout:/usr/bin/ceph: stderr
2024-04-24T05:45:58.893+0000 7ff4f4200700 1 Processor -- start
2024-04-24T05:46:06.876 INFO:teuthology.orchestra.run.smithi031.stdout:/usr/bin/ceph: stderr
2024-04-24T05:45:58.893+0000 7ff4f4200700 1 -- start start
2024-04-24T05:46:06.877 INFO:teuthology.orchestra.run.smithi031.stdout:/usr/bin/ceph: stderr
2024-04-24T05:45:58.894+0000 7ff4f4200700 1 --2- >> [v2:172.21.15.31:3300/0,v1:172.21.15.31:6789/0] conn(0x7ff4ec108500 0x7ff4ec108920 unknown :-1 s=NONE pgs=0 cs=0 l=0 rev1=0 crypto rx=0 tx=0 comp rx=0 tx=0).connect
2024-04-24T05:46:06.877 INFO:teuthology.orchestra.run.smithi031.stdout:/usr/bin/ceph: stderr
2024-04-24T05:45:58.894+0000 7ff4f4200700 1 -- --> [v2:172.21.15.31:3300/0,v1:172.21.15.31:6789/0] -- mon_getmap magic: 0 -- 0x7ff4ec108ef0 con 0x7ff4ec108500
2024-04-24T05:46:06.877 INFO:teuthology.orchestra.run.smithi031.stdout:/usr/bin/ceph: stderr
2024-04-24T05:45:58.894+0000 7ff4f1800700 1 --2- >> [v2:172.21.15.31:3300/0,v1:172.21.15.31:6789/0] conn(0x7ff4ec108500 0x7ff4ec108920 unknown :-1 s=BANNER_CONNECTING pgs=0 cs=0 l=0 rev1=0 crypto rx=0 tx=0 comp rx=0 tx=0)._handle_peer_banner_payload supported=3 required=0
2024-04-24T05:46:06.877 INFO:teuthology.orchestra.run.smithi031.stdout:/usr/bin/ceph: stderr
2024-04-24T05:45:58.894+0000 7ff4f1800700 1 --2- >> [v2:172.21.15.31:3300/0,v1:172.21.15.31:6789/0] conn(0x7ff4ec108500 0x7ff4ec108920 unknown :-1 s=HELLO_CONNECTING pgs=0 cs=0 l=0 rev1=1 crypto rx=0 tx=0 comp rx=0 tx=0).handle_hello peer v2:172.21.15.31:3300/0 says I am v2:172.21.15.31:47764/0 (socket says 172.21.15.31:47764)
2024-04-24T05:46:06.878 INFO:teuthology.orchestra.run.smithi031.stdout:/usr/bin/ceph: stderr
2024-04-24T05:45:58.894+0000 7ff4f1800700 1 -- 172.21.15.31:0/2458744612 learned_addr learned my addr 172.21.15.31:0/2458744612 (peer_addr_for_me v2:172.21.15.31:0/0)
2024-04-24T05:46:06.878 INFO:teuthology.orchestra.run.smithi031.stdout:/usr/bin/ceph: stderr
2024-04-24T05:45:58.895+0000 7ff4f1800700 1 -- 172.21.15.31:0/2458744612 --> [v2:172.21.15.31:3300/0,v1:172.21.15.31:6789/0] -- mon_subscribe({config=0+,monmap=0+}) -- 0x7ff4ec1096b0 con 0x7ff4ec108500
2024-04-24T05:46:06.878 INFO:teuthology.orchestra.run.smithi031.stdout:/usr/bin/ceph: stderr
2024-04-24T05:45:58.895+0000 7ff4f1800700 1 --2- 172.21.15.31:0/2458744612 >> [v2:172.21.15.31:3300/0,v1:172.21.15.31:6789/0] conn(0x7ff4ec108500 0x7ff4ec108920 secure :-1 s=READY pgs=28 cs=0 l=1 rev1=1 crypto rx=0x7ff4e00098a0 tx=0x7ff4e0009bb0 comp rx=0 tx=0).ready entity=mon.0 client_cookie=4edb9a792b8a7a0 server_cookie=0 in_seq=0 out_seq=0
2024-04-24T05:46:06.878 INFO:teuthology.orchestra.run.smithi031.stdout:/usr/bin/ceph: stderr
2024-04-24T05:45:58.895+0000 7ff4ebe00700 1 -- 172.21.15.31:0/2458744612 <== mon.0 v2:172.21.15.31:3300/0 1 ==== mon_map magic: 0 ==== 205+0+0 (secure 0 0 0) 0x7ff4e0004160 con 0x7ff4ec108500
2024-04-24T05:46:06.878 INFO:teuthology.orchestra.run.smithi031.stdout:/usr/bin/ceph: stderr
2024-04-24T05:45:58.896+0000 7ff4ebe00700 1 -- 172.21.15.31:0/2458744612 <== mon.0 v2:172.21.15.31:3300/0 2 ==== config(27 keys) ==== 1109+0+0 (secure 0 0 0) 0x7ff4e0004300 con 0x7ff4ec108500
2024-04-24T05:46:06.879 INFO:teuthology.orchestra.run.smithi031.stdout:/usr/bin/ceph: stderr
2024-04-24T05:45:58.896+0000 7ff4ebe00700 1 -- 172.21.15.31:0/2458744612 <== mon.0 v2:172.21.15.31:3300/0 3 ==== mon_map magic: 0 ==== 205+0+0 (secure 0 0 0) 0x7ff4e0011b50 con 0x7ff4ec108500
2024-04-24T05:46:06.879 INFO:teuthology.orchestra.run.smithi031.stdout:/usr/bin/ceph: stderr
2024-04-24T05:45:58.896+0000 7ff4f4200700 1 -- 172.21.15.31:0/2458744612 >> [v2:172.21.15.31:3300/0,v1:172.21.15.31:6789/0] conn(0x7ff4ec108500 msgr2=0x7ff4ec108920 secure :-1 s=STATE_CONNECTION_ESTABLISHED l=1).mark_down
2024-04-24T05:46:06.879 INFO:teuthology.orchestra.run.smithi031.stdout:/usr/bin/ceph: stderr
2024-04-24T05:45:58.896+0000 7ff4f4200700 1 --2- 172.21.15.31:0/2458744612 >> [v2:172.21.15.31:3300/0,v1:172.21.15.31:6789/0] conn(0x7ff4ec108500 0x7ff4ec108920 secure :-1 s=READY pgs=28 cs=0 l=1 rev1=1 crypto rx=0x7ff4e00098a0 tx=0x7ff4e0009bb0 comp rx=0 tx=0).stop
2024-04-24T05:46:06.880 INFO:teuthology.orchestra.run.smithi031.stdout:/usr/bin/ceph: stderr
2024-04-24T05:45:58.896+0000 7ff4f4200700 1 -- 172.21.15.31:0/2458744612 shutdown_connections
2024-04-24T05:46:06.880 INFO:teuthology.orchestra.run.smithi031.stdout:/usr/bin/ceph: stderr
2024-04-24T05:45:58.896+0000 7ff4f4200700 1 --2- 172.21.15.31:0/2458744612 >> [v2:172.21.15.31:3300/0,v1:172.21.15.31:6789/0] conn(0x7ff4ec108500 0x7ff4ec108920 unknown :-1 s=CLOSED pgs=28 cs=0 l=1 rev1=1 crypto rx=0 tx=0 comp rx=0 tx=0).stop
2024-04-24T05:46:06.880 INFO:teuthology.orchestra.run.smithi031.stdout:/usr/bin/ceph: stderr
2024-04-24T05:45:58.896+0000 7ff4f4200700 1 -- 172.21.15.31:0/2458744612 >> 172.21.15.31:0/2458744612 conn(0x7ff4ec103ae0 msgr2=0x7ff4ec105f00 unknown :-1 s=STATE_NONE l=0).mark_down
2024-04-24T05:46:06.880 INFO:teuthology.orchestra.run.smithi031.stdout:/usr/bin/ceph: stderr
2024-04-24T05:45:58.897+0000 7ff4f4200700 1 -- 172.21.15.31:0/2458744612 shutdown_connections
2024-04-24T05:46:06.880 INFO:teuthology.orchestra.run.smithi031.stdout:/usr/bin/ceph: stderr
2024-04-24T05:45:58.897+0000 7ff4f4200700 1 -- 172.21.15.31:0/2458744612 wait complete.
2024-04-24T05:46:06.881 INFO:teuthology.orchestra.run.smithi031.stdout:/usr/bin/ceph: stderr
2024-04-24T05:45:58.898+0000 7ff4f4200700 1 Processor -- start
2024-04-24T05:46:06.881 INFO:teuthology.orchestra.run.smithi031.stdout:/usr/bin/ceph: stderr
2024-04-24T05:45:58.898+0000 7ff4f4200700 1 -- start start
2024-04-24T05:46:06.881 INFO:teuthology.orchestra.run.smithi031.stdout:/usr/bin/ceph: stderr
2024-04-24T05:45:58.898+0000 7ff4f4200700 1 --2- >> [v2:172.21.15.31:3300/0,v1:172.21.15.31:6789/0] conn(0x7ff4ec108500 0x7ff4ec07db50 unknown :-1 s=NONE pgs=0 cs=0 l=1 rev1=0 crypto rx=0 tx=0 comp rx=0 tx=0).connect
2024-04-24T05:46:06.881 INFO:teuthology.orchestra.run.smithi031.stdout:/usr/bin/ceph: stderr
2024-04-24T05:45:58.898+0000 7ff4f4200700 1 -- --> [v2:172.21.15.31:3300/0,v1:172.21.15.31:6789/0] -- mon_getmap magic: 0 -- 0x7ff4ec10ca60 con 0x7ff4ec108500
2024-04-24T05:46:06.882 INFO:teuthology.orchestra.run.smithi031.stdout:/usr/bin/ceph: stderr
2024-04-24T05:45:58.898+0000 7ff4f1800700 1 --2- >> [v2:172.21.15.31:3300/0,v1:172.21.15.31:6789/0] conn(0x7ff4ec108500 0x7ff4ec07db50 unknown :-1 s=BANNER_CONNECTING pgs=0 cs=0 l=1 rev1=0 crypto rx=0 tx=0 comp rx=0 tx=0)._handle_peer_banner_payload supported=3 required=0
2024-04-24T05:46:06.882 INFO:teuthology.orchestra.run.smithi031.stdout:/usr/bin/ceph: stderr
2024-04-24T05:45:58.899+0000 7ff4f1800700 1 --2- >> [v2:172.21.15.31:3300/0,v1:172.21.15.31:6789/0] conn(0x7ff4ec108500 0x7ff4ec07db50 unknown :-1 s=HELLO_CONNECTING pgs=0 cs=0 l=1 rev1=1 crypto rx=0 tx=0 comp rx=0 tx=0).handle_hello peer v2:172.21.15.31:3300/0 says I am v2:172.21.15.31:47770/0 (socket says 172.21.15.31:47770)
2024-04-24T05:46:06.882 INFO:teuthology.orchestra.run.smithi031.stdout:/usr/bin/ceph: stderr
2024-04-24T05:45:58.899+0000 7ff4f1800700 1 -- 172.21.15.31:0/3079284141 learned_addr learned my addr 172.21.15.31:0/3079284141 (peer_addr_for_me v2:172.21.15.31:0/0)
2024-04-24T05:46:06.882 INFO:teuthology.orchestra.run.smithi031.stdout:/usr/bin/ceph: stderr
2024-04-24T05:45:58.899+0000 7ff4f1800700 1 -- 172.21.15.31:0/3079284141 --> [v2:172.21.15.31:3300/0,v1:172.21.15.31:6789/0] -- mon_subscribe({config=0+,monmap=0+}) -- 0x7ff4ec07e090 con 0x7ff4ec108500
2024-04-24T05:46:06.883 INFO:teuthology.orchestra.run.smithi031.stdout:/usr/bin/ceph: stderr
2024-04-24T05:45:58.899+0000 7ff4f1800700 1 --2- 172.21.15.31:0/3079284141 >> [v2:172.21.15.31:3300/0,v1:172.21.15.31:6789/0] conn(0x7ff4ec108500 0x7ff4ec07db50 secure :-1 s=READY pgs=29 cs=0 l=1 rev1=1 crypto rx=0x7ff4e0000c00 tx=0x7ff4e0011c10 comp rx=0 tx=0).ready entity=mon.0 client_cookie=0 server_cookie=0 in_seq=0 out_seq=0
2024-04-24T05:46:06.883 INFO:teuthology.orchestra.run.smithi031.stdout:/usr/bin/ceph: stderr
2024-04-24T05:45:58.899+0000 7ff4ea000700 1 -- 172.21.15.31:0/3079284141 <== mon.0 v2:172.21.15.31:3300/0 1 ==== mon_map magic: 0 ==== 205+0+0 (secure 0 0 0) 0x7ff4e0003b20 con 0x7ff4ec108500
2024-04-24T05:46:06.883 INFO:teuthology.orchestra.run.smithi031.stdout:/usr/bin/ceph: stderr
2024-04-24T05:45:58.900+0000 7ff4ea000700 1 -- 172.21.15.31:0/3079284141 <== mon.0 v2:172.21.15.31:3300/0 2 ==== config(27 keys) ==== 1109+0+0 (secure 0 0 0) 0x7ff4e0003cc0 con 0x7ff4ec108500
2024-04-24T05:46:06.883 INFO:teuthology.orchestra.run.smithi031.stdout:/usr/bin/ceph: stderr
2024-04-24T05:45:58.900+0000 7ff4ea000700 1 -- 172.21.15.31:0/3079284141 <== mon.0 v2:172.21.15.31:3300/0 3 ==== mon_map magic: 0 ==== 205+0+0 (secure 0 0 0) 0x7ff4e0024910 con 0x7ff4ec108500
2024-04-24T05:46:06.883 INFO:teuthology.orchestra.run.smithi031.stdout:/usr/bin/ceph: stderr
2024-04-24T05:45:58.900+0000 7ff4f4200700 1 -- 172.21.15.31:0/3079284141 --> [v2:172.21.15.31:3300/0,v1:172.21.15.31:6789/0] -- mon_subscribe({mgrmap=0+}) -- 0x7ff4ec07c280 con 0x7ff4ec108500
2024-04-24T05:46:06.884 INFO:teuthology.orchestra.run.smithi031.stdout:/usr/bin/ceph: stderr
2024-04-24T05:45:58.900+0000 7ff4f4200700 1 -- 172.21.15.31:0/3079284141 --> [v2:172.21.15.31:3300/0,v1:172.21.15.31:6789/0] -- mon_subscribe({osdmap=0}) -- 0x7ff4ec07c7c0 con 0x7ff4ec108500
2024-04-24T05:46:06.884 INFO:teuthology.orchestra.run.smithi031.stdout:/usr/bin/ceph: stderr
2024-04-24T05:45:58.901+0000 7ff4ea000700 1 -- 172.21.15.31:0/3079284141 <== mon.0 v2:172.21.15.31:3300/0 4 ==== mgrmap(e 5) ==== 46558+0+0 (secure 0 0 0) 0x7ff4e0022020 con 0x7ff4ec108500
2024-04-24T05:46:06.884 INFO:teuthology.orchestra.run.smithi031.stdout:/usr/bin/ceph: stderr
2024-04-24T05:45:58.901+0000 7ff4ea000700 1 --2- 172.21.15.31:0/3079284141 >> [v2:172.21.15.31:6800/1691642344,v1:172.21.15.31:6801/1691642344] conn(0x7ff4d4039600 0x7ff4d403bac0 unknown :-1 s=NONE pgs=0 cs=0 l=1 rev1=0 crypto rx=0 tx=0 comp rx=0 tx=0).connect
2024-04-24T05:46:06.884 INFO:teuthology.orchestra.run.smithi031.stdout:/usr/bin/ceph: stderr
2024-04-24T05:45:58.901+0000 7ff4ea000700 1 -- 172.21.15.31:0/3079284141 --> [v2:172.21.15.31:6800/1691642344,v1:172.21.15.31:6801/1691642344] -- command(tid 0: {"prefix": "get_command_descriptions"}) -- 0x7ff4d403c1d0 con 0x7ff4d4039600
2024-04-24T05:46:06.884 INFO:teuthology.orchestra.run.smithi031.stdout:/usr/bin/ceph: stderr
2024-04-24T05:45:58.901+0000 7ff4ea000700 1 -- 172.21.15.31:0/3079284141 <== mon.0 v2:172.21.15.31:3300/0 5 ==== osd_map(1..1 src has 1..1) ==== 725+0+0 (secure 0 0 0) 0x7ff4e0011e00 con 0x7ff4ec108500
2024-04-24T05:46:06.885 INFO:teuthology.orchestra.run.smithi031.stdout:/usr/bin/ceph: stderr
2024-04-24T05:45:58.901+0000 7ff4f0e00700 1 -- 172.21.15.31:0/3079284141 >> [v2:172.21.15.31:6800/1691642344,v1:172.21.15.31:6801/1691642344] conn(0x7ff4d4039600 msgr2=0x7ff4d403bac0 unknown :-1 s=STATE_CONNECTING_RE l=1).process reconnect failed to v2:172.21.15.31:6800/1691642344
2024-04-24T05:46:06.885 INFO:teuthology.orchestra.run.smithi031.stdout:/usr/bin/ceph: stderr
2024-04-24T05:45:58.901+0000 7ff4f0e00700 1 --2- 172.21.15.31:0/3079284141 >> [v2:172.21.15.31:6800/1691642344,v1:172.21.15.31:6801/1691642344] conn(0x7ff4d4039600 0x7ff4d403bac0 unknown :-1 s=START_CONNECT pgs=0 cs=0 l=1 rev1=0 crypto rx=0 tx=0 comp rx=0 tx=0)._fault waiting 0.200000
2024-04-24T05:46:06.885 INFO:teuthology.orchestra.run.smithi031.stdout:/usr/bin/ceph: stderr
2024-04-24T05:45:59.102+0000 7ff4f0e00700 1 -- 172.21.15.31:0/3079284141 >> [v2:172.21.15.31:6800/1691642344,v1:172.21.15.31:6801/1691642344] conn(0x7ff4d4039600 msgr2=0x7ff4d403bac0 unknown :-1 s=STATE_CONNECTING_RE l=1).process reconnect failed to v2:172.21.15.31:6800/1691642344
2024-04-24T05:46:06.885 INFO:teuthology.orchestra.run.smithi031.stdout:/usr/bin/ceph: stderr
2024-04-24T05:45:59.102+0000 7ff4f0e00700 1 --2- 172.21.15.31:0/3079284141 >> [v2:172.21.15.31:6800/1691642344,v1:172.21.15.31:6801/1691642344] conn(0x7ff4d4039600 0x7ff4d403bac0 unknown :-1 s=START_CONNECT pgs=0 cs=0 l=1 rev1=0 crypto rx=0 tx=0 comp rx=0 tx=0)._fault waiting 0.400000
2024-04-24T05:46:06.886 INFO:teuthology.orchestra.run.smithi031.stdout:/usr/bin/ceph: stderr
2024-04-24T05:45:59.503+0000 7ff4f0e00700 1 -- 172.21.15.31:0/3079284141 >> [v2:172.21.15.31:6800/1691642344,v1:172.21.15.31:6801/1691642344] conn(0x7ff4d4039600 msgr2=0x7ff4d403bac0 unknown :-1 s=STATE_CONNECTING_RE l=1).process reconnect failed to v2:172.21.15.31:6800/1691642344
2024-04-24T05:46:06.886 INFO:teuthology.orchestra.run.smithi031.stdout:/usr/bin/ceph: stderr
2024-04-24T05:45:59.503+0000 7ff4f0e00700 1 --2- 172.21.15.31:0/3079284141 >> [v2:172.21.15.31:6800/1691642344,v1:172.21.15.31:6801/1691642344] conn(0x7ff4d4039600 0x7ff4d403bac0 unknown :-1 s=START_CONNECT pgs=0 cs=0 l=1 rev1=0 crypto rx=0 tx=0 comp rx=0 tx=0)._fault waiting 0.800000
2024-04-24T05:46:06.886 INFO:teuthology.orchestra.run.smithi031.stdout:/usr/bin/ceph: stderr
2024-04-24T05:46:00.304+0000 7ff4f0e00700 1 -- 172.21.15.31:0/3079284141 >> [v2:172.21.15.31:6800/1691642344,v1:172.21.15.31:6801/1691642344] conn(0x7ff4d4039600 msgr2=0x7ff4d403bac0 unknown :-1 s=STATE_CONNECTING_RE l=1).process reconnect failed to v2:172.21.15.31:6800/1691642344
2024-04-24T05:46:06.887 INFO:teuthology.orchestra.run.smithi031.stdout:/usr/bin/ceph: stderr
2024-04-24T05:46:00.304+0000 7ff4f0e00700 1 --2- 172.21.15.31:0/3079284141 >> [v2:172.21.15.31:6800/1691642344,v1:172.21.15.31:6801/1691642344] conn(0x7ff4d4039600 0x7ff4d403bac0 unknown :-1 s=START_CONNECT pgs=0 cs=0 l=1 rev1=0 crypto rx=0 tx=0 comp rx=0 tx=0)._fault waiting 1.600000
2024-04-24T05:46:06.887 INFO:teuthology.orchestra.run.smithi031.stdout:/usr/bin/ceph: stderr
2024-04-24T05:46:01.906+0000 7ff4f0e00700 1 -- 172.21.15.31:0/3079284141 >> [v2:172.21.15.31:6800/1691642344,v1:172.21.15.31:6801/1691642344] conn(0x7ff4d4039600 msgr2=0x7ff4d403bac0 unknown :-1 s=STATE_CONNECTING_RE l=1).process reconnect failed to v2:172.21.15.31:6800/1691642344
2024-04-24T05:46:06.887 INFO:teuthology.orchestra.run.smithi031.stdout:/usr/bin/ceph: stderr
2024-04-24T05:46:01.906+0000 7ff4f0e00700 1 --2- 172.21.15.31:0/3079284141 >> [v2:172.21.15.31:6800/1691642344,v1:172.21.15.31:6801/1691642344] conn(0x7ff4d4039600 0x7ff4d403bac0 unknown :-1 s=START_CONNECT pgs=0 cs=0 l=1 rev1=0 crypto rx=0 tx=0 comp rx=0 tx=0)._fault waiting 3.200000
2024-04-24T05:46:06.887 INFO:teuthology.orchestra.run.smithi031.stdout:/usr/bin/ceph: stderr
2024-04-24T05:46:05.109+0000 7ff4f0e00700 1 -- 172.21.15.31:0/3079284141 >> [v2:172.21.15.31:6800/1691642344,v1:172.21.15.31:6801/1691642344] conn(0x7ff4d4039600 msgr2=0x7ff4d403bac0 unknown :-1 s=STATE_CONNECTING_RE l=1).process reconnect failed to v2:172.21.15.31:6800/1691642344
2024-04-24T05:46:06.888 INFO:teuthology.orchestra.run.smithi031.stdout:/usr/bin/ceph: stderr
2024-04-24T05:46:05.110+0000 7ff4f0e00700 1 --2- 172.21.15.31:0/3079284141 >> [v2:172.21.15.31:6800/1691642344,v1:172.21.15.31:6801/1691642344] conn(0x7ff4d4039600 0x7ff4d403bac0 unknown :-1 s=START_CONNECT pgs=0 cs=0 l=1 rev1=0 crypto rx=0 tx=0 comp rx=0 tx=0)._fault waiting 6.400000
2024-04-24T05:46:06.888 INFO:teuthology.orchestra.run.smithi031.stdout:/usr/bin/ceph: stderr
2024-04-24T05:46:05.149+0000 7ff4ea000700 1 -- 172.21.15.31:0/3079284141 <== mon.0 v2:172.21.15.31:3300/0 6 ==== mgrmap(e 6) ==== 46325+0+0 (secure 0 0 0) 0x7ff4e001a430 con 0x7ff4ec108500
2024-04-24T05:46:06.888 INFO:teuthology.orchestra.run.smithi031.stdout:/usr/bin/ceph: stderr
2024-04-24T05:46:05.149+0000 7ff4ea000700 1 -- 172.21.15.31:0/3079284141 >> [v2:172.21.15.31:6800/1691642344,v1:172.21.15.31:6801/1691642344] conn(0x7ff4d4039600 msgr2=0x7ff4d403bac0 unknown :-1 s=STATE_CONNECTING l=1).mark_down
2024-04-24T05:46:06.888 INFO:teuthology.orchestra.run.smithi031.stdout:/usr/bin/ceph: stderr
2024-04-24T05:46:05.149+0000 7ff4ea000700 1 --2- 172.21.15.31:0/3079284141 >> [v2:172.21.15.31:6800/1691642344,v1:172.21.15.31:6801/1691642344] conn(0x7ff4d4039600 0x7ff4d403bac0 unknown :-1 s=START_CONNECT pgs=0 cs=0 l=1 rev1=0 crypto rx=0 tx=0 comp rx=0 tx=0).stop
2024-04-24T05:46:06.888 INFO:teuthology.orchestra.run.smithi031.stdout:/usr/bin/ceph: stderr
2024-04-24T05:46:06.155+0000 7ff4ea000700 1 -- 172.21.15.31:0/3079284141 <== mon.0 v2:172.21.15.31:3300/0 7 ==== mgrmap(e 7) ==== 46452+0+0 (secure 0 0 0) 0x7ff4e004ed20 con 0x7ff4ec108500
2024-04-24T05:46:06.889 INFO:teuthology.orchestra.run.smithi031.stdout:/usr/bin/ceph: stderr
2024-04-24T05:46:06.155+0000 7ff4ea000700 1 --2- 172.21.15.31:0/3079284141 >> [v2:172.21.15.31:6800/3252894328,v1:172.21.15.31:6801/3252894328] conn(0x7ff4d403cfc0 0x7ff4d403f3b0 unknown :-1 s=NONE pgs=0 cs=0 l=1 rev1=0 crypto rx=0 tx=0 comp rx=0 tx=0).connect
2024-04-24T05:46:06.889 INFO:teuthology.orchestra.run.smithi031.stdout:/usr/bin/ceph: stderr
2024-04-24T05:46:06.155+0000 7ff4ea000700 1 -- 172.21.15.31:0/3079284141 --> [v2:172.21.15.31:6800/3252894328,v1:172.21.15.31:6801/3252894328] -- command(tid 0: {"prefix": "get_command_descriptions"}) -- 0x7ff4e0023ec0 con 0x7ff4d403cfc0
2024-04-24T05:46:06.889 INFO:teuthology.orchestra.run.smithi031.stdout:/usr/bin/ceph: stderr
2024-04-24T05:46:06.156+0000 7ff4f0e00700 1 --2- 172.21.15.31:0/3079284141 >> [v2:172.21.15.31:6800/3252894328,v1:172.21.15.31:6801/3252894328] conn(0x7ff4d403cfc0 0x7ff4d403f3b0 unknown :-1 s=BANNER_CONNECTING pgs=0 cs=0 l=1 rev1=0 crypto rx=0 tx=0 comp rx=0 tx=0)._handle_peer_banner_payload supported=3 required=0
2024-04-24T05:46:06.889 INFO:teuthology.orchestra.run.smithi031.stdout:/usr/bin/ceph: stderr
2024-04-24T05:46:06.158+0000 7ff4f0e00700 1 --2- 172.21.15.31:0/3079284141 >> [v2:172.21.15.31:6800/3252894328,v1:172.21.15.31:6801/3252894328] conn(0x7ff4d403cfc0 0x7ff4d403f3b0 secure :-1 s=READY pgs=3 cs=0 l=1 rev1=1 crypto rx=0x7ff4d8003a10 tx=0x7ff4d80092b0 comp rx=0 tx=0).ready entity=mgr.14120 client_cookie=0 server_cookie=0 in_seq=0 out_seq=0
2024-04-24T05:46:06.889 INFO:teuthology.orchestra.run.smithi031.stdout:/usr/bin/ceph: stderr
2024-04-24T05:46:06.159+0000 7ff4ea000700 1 -- 172.21.15.31:0/3079284141 <== mgr.14120 v2:172.21.15.31:6800/3252894328 1 ==== command_reply(tid 0: 0 ) ==== 8+0+7774 (secure 0 0 0) 0x7ff4e0023ec0 con 0x7ff4d403cfc0
2024-04-24T05:46:06.890 INFO:teuthology.orchestra.run.smithi031.stdout:/usr/bin/ceph: stderr
2024-04-24T05:46:06.167+0000 7ff4f4200700 1 -- 172.21.15.31:0/3079284141 --> [v2:172.21.15.31:6800/3252894328,v1:172.21.15.31:6801/3252894328] -- command(tid 1: {"prefix": "mgr_status"}) -- 0x7ff4ec069c10 con 0x7ff4d403cfc0
2024-04-24T05:46:06.890 INFO:teuthology.orchestra.run.smithi031.stdout:/usr/bin/ceph: stderr
2024-04-24T05:46:06.167+0000 7ff4ea000700 1 -- 172.21.15.31:0/3079284141 <== mgr.14120 v2:172.21.15.31:6800/3252894328 2 ==== command_reply(tid 1: 0 ) ==== 8+0+51 (secure 0 0 0) 0x7ff4ec069c10 con 0x7ff4d403cfc0
2024-04-24T05:46:06.890 INFO:teuthology.orchestra.run.smithi031.stdout:/usr/bin/ceph: stderr
2024-04-24T05:46:06.168+0000 7ff4f4200700 1 -- 172.21.15.31:0/3079284141 >> [v2:172.21.15.31:6800/3252894328,v1:172.21.15.31:6801/3252894328] conn(0x7ff4d403cfc0 msgr2=0x7ff4d403f3b0 secure :-1 s=STATE_CONNECTION_ESTABLISHED l=1).mark_down
2024-04-24T05:46:06.890 INFO:teuthology.orchestra.run.smithi031.stdout:/usr/bin/ceph: stderr
2024-04-24T05:46:06.168+0000 7ff4f4200700 1 --2- 172.21.15.31:0/3079284141 >> [v2:172.21.15.31:6800/3252894328,v1:172.21.15.31:6801/3252894328] conn(0x7ff4d403cfc0 0x7ff4d403f3b0 secure :-1 s=READY pgs=3 cs=0 l=1 rev1=1 crypto rx=0x7ff4d8003a10 tx=0x7ff4d80092b0 comp rx=0 tx=0).stop
2024-04-24T05:46:06.890 INFO:teuthology.orchestra.run.smithi031.stdout:/usr/bin/ceph: stderr
2024-04-24T05:46:06.168+0000 7ff4f4200700 1 -- 172.21.15.31:0/3079284141 >> [v2:172.21.15.31:3300/0,v1:172.21.15.31:6789/0] conn(0x7ff4ec108500 msgr2=0x7ff4ec07db50 secure :-1 s=STATE_CONNECTION_ESTABLISHED l=1).mark_down
2024-04-24T05:46:06.891 INFO:teuthology.orchestra.run.smithi031.stdout:/usr/bin/ceph: stderr
2024-04-24T05:46:06.168+0000 7ff4f4200700 1 --2- 172.21.15.31:0/3079284141 >> [v2:172.21.15.31:3300/0,v1:172.21.15.31:6789/0] conn(0x7ff4ec108500 0x7ff4ec07db50 secure :-1 s=READY pgs=29 cs=0 l=1 rev1=1 crypto rx=0x7ff4e0000c00 tx=0x7ff4e0011c10 comp rx=0 tx=0).stop
2024-04-24T05:46:06.891 INFO:teuthology.orchestra.run.smithi031.stdout:/usr/bin/ceph: stderr
2024-04-24T05:46:06.168+0000 7ff4f4200700 1 -- 172.21.15.31:0/3079284141 shutdown_connections
2024-04-24T05:46:06.891 INFO:teuthology.orchestra.run.smithi031.stdout:/usr/bin/ceph: stderr
2024-04-24T05:46:06.168+0000 7ff4f4200700 1 --2- 172.21.15.31:0/3079284141 >> [v2:172.21.15.31:6800/3252894328,v1:172.21.15.31:6801/3252894328] conn(0x7ff4d403cfc0 0x7ff4d403f3b0 unknown :-1 s=CLOSED pgs=3 cs=0 l=1 rev1=1 crypto rx=0 tx=0 comp rx=0 tx=0).stop
2024-04-24T05:46:06.891 INFO:teuthology.orchestra.run.smithi031.stdout:/usr/bin/ceph: stderr
2024-04-24T05:46:06.168+0000 7ff4f4200700 1 --2- 172.21.15.31:0/3079284141 >> [v2:172.21.15.31:3300/0,v1:172.21.15.31:6789/0] conn(0x7ff4ec108500 0x7ff4ec07db50 unknown :-1 s=CLOSED pgs=29 cs=0 l=1 rev1=1 crypto rx=0 tx=0 comp rx=0 tx=0).stop
2024-04-24T05:46:06.891 INFO:teuthology.orchestra.run.smithi031.stdout:/usr/bin/ceph: stderr
2024-04-24T05:46:06.168+0000 7ff4f4200700 1 --2- 172.21.15.31:0/3079284141 >> [v2:172.21.15.31:6800/1691642344,v1:172.21.15.31:6801/1691642344] conn(0x7ff4d4039600 0x7ff4d403bac0 unknown :-1 s=CLOSED pgs=0 cs=0 l=1 rev1=0 crypto rx=0 tx=0 comp rx=0 tx=0).stop
2024-04-24T05:46:06.892 INFO:teuthology.orchestra.run.smithi031.stdout:/usr/bin/ceph: stderr
2024-04-24T05:46:06.168+0000 7ff4f4200700 1 -- 172.21.15.31:0/3079284141 >> 172.21.15.31:0/3079284141 conn(0x7ff4ec103ae0 msgr2=0x7ff4ec104690 unknown :-1 s=STATE_NONE l=0).mark_down
2024-04-24T05:46:06.892 INFO:teuthology.orchestra.run.smithi031.stdout:/usr/bin/ceph: stderr
2024-04-24T05:46:06.168+0000 7ff4f4200700 1 -- 172.21.15.31:0/3079284141 shutdown_connections
2024-04-24T05:46:06.892 INFO:teuthology.orchestra.run.smithi031.stdout:/usr/bin/ceph: stderr
2024-04-24T05:46:06.168+0000 7ff4f4200700 1 -- 172.21.15.31:0/3079284141 wait complete.
2024-04-24T05:46:06.893 INFO:teuthology.orchestra.run.smithi031.stdout:mgr epoch 5 is available
2024-04-24T05:46:06.893 INFO:teuthology.orchestra.run.smithi031.stdout:Setting orchestrator backend to cephadm...
2024-04-24T05:46:07.495 INFO:journalctl@ceph.mon.a.smithi031.stdout:Apr 24 05:46:07 smithi031 ceph-mon[27731]: [24/Apr/2024:05:46:06] ENGINE Bus STARTING
2024-04-24T05:46:07.496 INFO:journalctl@ceph.mon.a.smithi031.stdout:Apr 24 05:46:07 smithi031 ceph-mon[27731]: from='client.14124 -' entity='client.admin' cmd=[{"prefix": "get_command_descriptions"}]: dispatch
2024-04-24T05:46:07.496 INFO:journalctl@ceph.mon.a.smithi031.stdout:Apr 24 05:46:07 smithi031 ceph-mon[27731]: from='client.14124 -' entity='client.admin' cmd=[{"prefix": "mgr_status"}]: dispatch
2024-04-24T05:46:07.496 INFO:journalctl@ceph.mon.a.smithi031.stdout:Apr 24 05:46:07 smithi031 ceph-mon[27731]: [24/Apr/2024:05:46:06] ENGINE Serving on https://172.21.15.31:7150
2024-04-24T05:46:07.496 INFO:journalctl@ceph.mon.a.smithi031.stdout:Apr 24 05:46:07 smithi031 ceph-mon[27731]: [24/Apr/2024:05:46:06] ENGINE Serving on http://172.21.15.31:8765
2024-04-24T05:46:07.496 INFO:journalctl@ceph.mon.a.smithi031.stdout:Apr 24 05:46:07 smithi031 ceph-mon[27731]: [24/Apr/2024:05:46:06] ENGINE Bus STARTED
2024-04-24T05:46:07.496 INFO:journalctl@ceph.mon.a.smithi031.stdout:Apr 24 05:46:07 smithi031 ceph-mon[27731]: from='mgr.14120 172.21.15.31:0/2251029693' entity='mgr.x' cmd=[{"prefix": "config dump", "format": "json"}]: dispatch
2024-04-24T05:46:08.524 INFO:journalctl@ceph.mon.a.smithi031.stdout:Apr 24 05:46:08 smithi031 ceph-mon[27731]: mgrmap e8: x(active, since 2s)
2024-04-24T05:46:08.524 INFO:journalctl@ceph.mon.a.smithi031.stdout:Apr 24 05:46:08 smithi031 ceph-mon[27731]: from='client.14132 -' entity='client.admin' cmd=[{"prefix": "orch set backend", "module_name": "cephadm", "target": ["mon-mgr", ""]}]: dispatch
2024-04-24T05:46:08.524 INFO:journalctl@ceph.mon.a.smithi031.stdout:Apr 24 05:46:08 smithi031 ceph-mon[27731]: from='mgr.14120 172.21.15.31:0/2251029693' entity='mgr.x'
2024-04-24T05:46:08.524 INFO:journalctl@ceph.mon.a.smithi031.stdout:Apr 24 05:46:08 smithi031 ceph-mon[27731]: from='mgr.14120 172.21.15.31:0/2251029693' entity='mgr.x' cmd=[{"prefix": "config dump", "format": "json"}]: dispatch
2024-04-24T05:46:08.576 INFO:teuthology.orchestra.run.smithi031.stdout:/usr/bin/ceph: stderr
