2024-04-24T05:49:38.038+0000 7fde3b400700 1 --2- >> [v2:172.21.15.38:3300/0,v1:172.21.15.38:6789/0] conn(0x7fde3c104a00 0x7fde3c19b9f0 unknown :-1 s=HELLO_CONNECTING pgs=0 cs=0 l=1 rev1=1 crypto rx=0 tx=0 comp rx=0 tx=0).handle_hello peer v2:172.21.15.38:3300/0 says I am v2:172.21.15.38:37562/0 (socket says 172.21.15.38:37562)
2024-04-24T05:49:39.361 INFO:teuthology.orchestra.run.smithi038.stdout:/usr/bin/ceph: stderr
2024-04-24T05:49:38.038+0000 7fde3b400700 1 -- 172.21.15.38:0/981821456 learned_addr learned my addr 172.21.15.38:0/981821456 (peer_addr_for_me v2:172.21.15.38:0/0)
2024-04-24T05:49:39.361 INFO:teuthology.orchestra.run.smithi038.stdout:/usr/bin/ceph: stderr
2024-04-24T05:49:38.039+0000 7fde3b400700 1 -- 172.21.15.38:0/981821456 --> [v2:172.21.15.38:3300/0,v1:172.21.15.38:6789/0] -- mon_subscribe({config=0+,monmap=0+}) v3 -- 0x7fde2c00b7f0 con 0x7fde3c104a00
2024-04-24T05:49:39.361 INFO:teuthology.orchestra.run.smithi038.stdout:/usr/bin/ceph: stderr
2024-04-24T05:49:38.039+0000 7fde3b400700 1 --2- 172.21.15.38:0/981821456 >> [v2:172.21.15.38:3300/0,v1:172.21.15.38:6789/0] conn(0x7fde3c104a00 0x7fde3c19b9f0 secure :-1 s=READY pgs=48 cs=0 l=1 rev1=1 crypto rx=0x7fde2c0046d0 tx=0x7fde2c003d70 comp rx=0 tx=0).ready entity=mon.0 client_cookie=0 server_cookie=0 in_seq=0 out_seq=0
2024-04-24T05:49:39.361 INFO:teuthology.orchestra.run.smithi038.stdout:/usr/bin/ceph: stderr
2024-04-24T05:49:38.039+0000 7fde33e00700 1 -- 172.21.15.38:0/981821456 <== mon.0 v2:172.21.15.38:3300/0 1 ==== mon_map magic: 0 v1 ==== 229+0+0 (secure 0 0 0) 0x7fde2c0042a0 con 0x7fde3c104a00
2024-04-24T05:49:39.361 INFO:teuthology.orchestra.run.smithi038.stdout:/usr/bin/ceph: stderr
2024-04-24T05:49:38.039+0000 7fde33e00700 1 -- 172.21.15.38:0/981821456 <== mon.0 v2:172.21.15.38:3300/0 2 ==== config(27 keys) v1 ==== 1037+0+0 (secure 0 0 0) 0x7fde2c010b50 con 0x7fde3c104a00
2024-04-24T05:49:39.361 INFO:teuthology.orchestra.run.smithi038.stdout:/usr/bin/ceph: stderr
2024-04-24T05:49:38.039+0000 7fde42200700 1 -- 172.21.15.38:0/981821456 --> [v2:172.21.15.38:3300/0,v1:172.21.15.38:6789/0] -- mon_subscribe({mgrmap=0+}) v3 -- 0x7fde3c19c130 con 0x7fde3c104a00
2024-04-24T05:49:39.361 INFO:teuthology.orchestra.run.smithi038.stdout:/usr/bin/ceph: stderr
2024-04-24T05:49:38.039+0000 7fde33e00700 1 -- 172.21.15.38:0/981821456 <== mon.0 v2:172.21.15.38:3300/0 3 ==== mon_map magic: 0 v1 ==== 229+0+0 (secure 0 0 0) 0x7fde2c021ae0 con 0x7fde3c104a00
2024-04-24T05:49:39.361 INFO:teuthology.orchestra.run.smithi038.stdout:/usr/bin/ceph: stderr
2024-04-24T05:49:38.039+0000 7fde42200700 1 -- 172.21.15.38:0/981821456 --> [v2:172.21.15.38:3300/0,v1:172.21.15.38:6789/0] -- mon_subscribe({osdmap=0}) v3 -- 0x7fde3c19c4f0 con 0x7fde3c104a00
2024-04-24T05:49:39.361 INFO:teuthology.orchestra.run.smithi038.stdout:/usr/bin/ceph: stderr
2024-04-24T05:49:38.041+0000 7fde33e00700 1 -- 172.21.15.38:0/981821456 <== mon.0 v2:172.21.15.38:3300/0 4 ==== mgrmap(e 8) v1 ==== 45084+0+0 (secure 0 0 0) 0x7fde2c010cc0 con 0x7fde3c104a00
2024-04-24T05:49:39.362 INFO:teuthology.orchestra.run.smithi038.stdout:/usr/bin/ceph: stderr
2024-04-24T05:49:38.041+0000 7fde42200700 1 -- 172.21.15.38:0/981821456 --> [v2:172.21.15.38:3300/0,v1:172.21.15.38:6789/0] -- mon_command({"prefix": "get_command_descriptions"} v 0) v1 -- 0x7fde3c191330 con 0x7fde3c104a00
2024-04-24T05:49:39.362 INFO:teuthology.orchestra.run.smithi038.stdout:/usr/bin/ceph: stderr
2024-04-24T05:49:38.041+0000 7fde33e00700 1 --2- 172.21.15.38:0/981821456 >> [v2:172.21.15.38:6800/361983707,v1:172.21.15.38:6801/361983707] conn(0x7fde20038440 0x7fde2003a8f0 unknown :-1 s=NONE pgs=0 cs=0 l=1 rev1=0 crypto rx=0 tx=0 comp rx=0 tx=0).connect
2024-04-24T05:49:39.362 INFO:teuthology.orchestra.run.smithi038.stdout:/usr/bin/ceph: stderr
2024-04-24T05:49:38.042+0000 7fde33e00700 1 -- 172.21.15.38:0/981821456 <== mon.0 v2:172.21.15.38:3300/0 5 ==== osd_map(2..2 src has 1..2) v4 ==== 940+0+0 (secure 0 0 0) 0x7fde2c04c410 con 0x7fde3c104a00
2024-04-24T05:49:39.362 INFO:teuthology.orchestra.run.smithi038.stdout:/usr/bin/ceph: stderr
2024-04-24T05:49:38.042+0000 7fde3aa00700 1 --2- 172.21.15.38:0/981821456 >> [v2:172.21.15.38:6800/361983707,v1:172.21.15.38:6801/361983707] conn(0x7fde20038440 0x7fde2003a8f0 unknown :-1 s=BANNER_CONNECTING pgs=0 cs=0 l=1 rev1=0 crypto rx=0 tx=0 comp rx=0 tx=0)._handle_peer_banner_payload supported=3 required=0
2024-04-24T05:49:39.362 INFO:teuthology.orchestra.run.smithi038.stdout:/usr/bin/ceph: stderr
2024-04-24T05:49:38.043+0000 7fde3aa00700 1 --2- 172.21.15.38:0/981821456 >> [v2:172.21.15.38:6800/361983707,v1:172.21.15.38:6801/361983707] conn(0x7fde20038440 0x7fde2003a8f0 secure :-1 s=READY pgs=12 cs=0 l=1 rev1=1 crypto rx=0x7fde28006fd0 tx=0x7fde28006e40 comp rx=0 tx=0).ready entity=mgr.14120 client_cookie=0 server_cookie=0 in_seq=0 out_seq=0
2024-04-24T05:49:39.362 INFO:teuthology.orchestra.run.smithi038.stdout:/usr/bin/ceph: stderr
2024-04-24T05:49:38.051+0000 7fde33e00700 1 -- 172.21.15.38:0/981821456 <== mon.0 v2:172.21.15.38:3300/0 6 ==== mon_command_ack([{"prefix": "get_command_descriptions"}]=0 v0) v1 ==== 72+0+177933 (secure 0 0 0) 0x7fde2c00f5b0 con 0x7fde3c104a00
2024-04-24T05:49:39.362 INFO:teuthology.orchestra.run.smithi038.stdout:/usr/bin/ceph: stderr
2024-04-24T05:49:38.297+0000 7fde42200700 1 -- 172.21.15.38:0/981821456 --> [v2:172.21.15.38:6800/361983707,v1:172.21.15.38:6801/361983707] -- mgr_command(tid 0: {"prefix": "orch apply", "service_type": "mon", "target": ["mon-mgr", ""]}) v1 -- 0x7fde3c061190 con 0x7fde20038440
2024-04-24T05:49:39.362 INFO:teuthology.orchestra.run.smithi038.stdout:/usr/bin/ceph: stderr
2024-04-24T05:49:38.304+0000 7fde33e00700 1 -- 172.21.15.38:0/981821456 <== mgr.14120 v2:172.21.15.38:6800/361983707 1 ==== mgr_command_reply(tid 0: 0 ) v1 ==== 8+0+24 (secure 0 0 0) 0x7fde3c061190 con 0x7fde20038440
2024-04-24T05:49:39.362 INFO:teuthology.orchestra.run.smithi038.stdout:/usr/bin/ceph: stderr
2024-04-24T05:49:38.306+0000 7fde42200700 1 -- 172.21.15.38:0/981821456 >> [v2:172.21.15.38:6800/361983707,v1:172.21.15.38:6801/361983707] conn(0x7fde20038440 msgr2=0x7fde2003a8f0 secure :-1 s=STATE_CONNECTION_ESTABLISHED l=1).mark_down
2024-04-24T05:49:39.362 INFO:teuthology.orchestra.run.smithi038.stdout:/usr/bin/ceph: stderr
2024-04-24T05:49:38.306+0000 7fde42200700 1 --2- 172.21.15.38:0/981821456 >> [v2:172.21.15.38:6800/361983707,v1:172.21.15.38:6801/361983707] conn(0x7fde20038440 0x7fde2003a8f0 secure :-1 s=READY pgs=12 cs=0 l=1 rev1=1 crypto rx=0x7fde28006fd0 tx=0x7fde28006e40 comp rx=0 tx=0).stop
2024-04-24T05:49:39.362 INFO:teuthology.orchestra.run.smithi038.stdout:/usr/bin/ceph: stderr
2024-04-24T05:49:38.306+0000 7fde42200700 1 -- 172.21.15.38:0/981821456 >> [v2:172.21.15.38:3300/0,v1:172.21.15.38:6789/0] conn(0x7fde3c104a00 msgr2=0x7fde3c19b9f0 secure :-1 s=STATE_CONNECTION_ESTABLISHED l=1).mark_down
2024-04-24T05:49:39.362 INFO:teuthology.orchestra.run.smithi038.stdout:/usr/bin/ceph: stderr
2024-04-24T05:49:38.306+0000 7fde42200700 1 --2- 172.21.15.38:0/981821456 >> [v2:172.21.15.38:3300/0,v1:172.21.15.38:6789/0] conn(0x7fde3c104a00 0x7fde3c19b9f0 secure :-1 s=READY pgs=48 cs=0 l=1 rev1=1 crypto rx=0x7fde2c0046d0 tx=0x7fde2c003d70 comp rx=0 tx=0).stop
2024-04-24T05:49:39.363 INFO:teuthology.orchestra.run.smithi038.stdout:/usr/bin/ceph: stderr
2024-04-24T05:49:38.307+0000 7fde42200700 1 -- 172.21.15.38:0/981821456 shutdown_connections
2024-04-24T05:49:39.363 INFO:teuthology.orchestra.run.smithi038.stdout:/usr/bin/ceph: stderr
2024-04-24T05:49:38.307+0000 7fde42200700 1 --2- 172.21.15.38:0/981821456 >> [v2:172.21.15.38:6800/361983707,v1:172.21.15.38:6801/361983707] conn(0x7fde20038440 0x7fde2003a8f0 unknown :-1 s=CLOSED pgs=12 cs=0 l=1 rev1=1 crypto rx=0 tx=0 comp rx=0 tx=0).stop
2024-04-24T05:49:39.363 INFO:teuthology.orchestra.run.smithi038.stdout:/usr/bin/ceph: stderr
2024-04-24T05:49:38.307+0000 7fde42200700 1 --2- 172.21.15.38:0/981821456 >> [v2:172.21.15.38:3300/0,v1:172.21.15.38:6789/0] conn(0x7fde3c104a00 0x7fde3c19b9f0 unknown :-1 s=CLOSED pgs=48 cs=0 l=1 rev1=1 crypto rx=0 tx=0 comp rx=0 tx=0).stop
2024-04-24T05:49:39.363 INFO:teuthology.orchestra.run.smithi038.stdout:/usr/bin/ceph: stderr
2024-04-24T05:49:38.307+0000 7fde42200700 1 -- 172.21.15.38:0/981821456 >> 172.21.15.38:0/981821456 conn(0x7fde3c100070 msgr2=0x7fde3c18e470 unknown :-1 s=STATE_NONE l=0).mark_down
2024-04-24T05:49:39.363 INFO:teuthology.orchestra.run.smithi038.stdout:/usr/bin/ceph: stderr
2024-04-24T05:49:38.307+0000 7fde42200700 1 -- 172.21.15.38:0/981821456 shutdown_connections
2024-04-24T05:49:39.363 INFO:teuthology.orchestra.run.smithi038.stdout:/usr/bin/ceph: stderr
2024-04-24T05:49:38.307+0000 7fde42200700 1 -- 172.21.15.38:0/981821456 wait complete.
2024-04-24T05:49:39.363 INFO:teuthology.orchestra.run.smithi038.stdout:Deploying mgr service with default placement...
2024-04-24T05:49:40.833 INFO:journalctl@ceph.mon.smithi038.smithi038.stdout:Apr 24 05:49:40 smithi038 ceph-mon[25276]: from='mgr.14120 172.21.15.38:0/1198442316' entity='mgr.smithi038.vrfydi'
2024-04-24T05:49:40.833 INFO:journalctl@ceph.mon.smithi038.smithi038.stdout:Apr 24 05:49:40 smithi038 ceph-mon[25276]: from='client.14144 -' entity='client.admin' cmd=[{"prefix": "orch apply", "service_type": "mgr", "target": ["mon-mgr", ""]}]: dispatch
2024-04-24T05:49:40.833 INFO:journalctl@ceph.mon.smithi038.smithi038.stdout:Apr 24 05:49:40 smithi038 ceph-mon[25276]: Saving service mgr spec with placement count:2
2024-04-24T05:49:40.833 INFO:journalctl@ceph.mon.smithi038.smithi038.stdout:Apr 24 05:49:40 smithi038 ceph-mon[25276]: from='mgr.14120 172.21.15.38:0/1198442316' entity='mgr.smithi038.vrfydi'
2024-04-24T05:49:40.846 INFO:teuthology.orchestra.run.smithi038.stdout:/usr/bin/ceph: stdout Scheduled mgr update...
2024-04-24T05:49:40.847 INFO:teuthology.orchestra.run.smithi038.stdout:/usr/bin/ceph: stderr
2024-04-24T05:49:39.944+0000 7fc6d7400700 1 Processor -- start
2024-04-24T05:49:40.847 INFO:teuthology.orchestra.run.smithi038.stdout:/usr/bin/ceph: stderr
2024-04-24T05:49:39.944+0000 7fc6d7400700 1 -- start start
2024-04-24T05:49:40.847 INFO:teuthology.orchestra.run.smithi038.stdout:/usr/bin/ceph: stderr
2024-04-24T05:49:39.944+0000 7fc6d7400700 1 --2- >> [v2:172.21.15.38:3300/0,v1:172.21.15.38:6789/0] conn(0x7fc6d007ace0 0x7fc6d00791e0 unknown :-1 s=NONE pgs=0 cs=0 l=0 rev1=0 crypto rx=0 tx=0 comp rx=0 tx=0).connect
2024-04-24T05:49:40.848 INFO:teuthology.orchestra.run.smithi038.stdout:/usr/bin/ceph: stderr
2024-04-24T05:49:39.944+0000 7fc6d7400700 1 -- --> [v2:172.21.15.38:3300/0,v1:172.21.15.38:6789/0] -- mon_getmap magic: 0 v1 -- 0x7fc6d0079720 con 0x7fc6d007ace0
2024-04-24T05:49:40.848 INFO:teuthology.orchestra.run.smithi038.stdout:/usr/bin/ceph: stderr
2024-04-24T05:49:39.945+0000 7fc6d4a00700 1 --2- >> [v2:172.21.15.38:3300/0,v1:172.21.15.38:6789/0] conn(0x7fc6d007ace0 0x7fc6d00791e0 unknown :-1 s=BANNER_CONNECTING pgs=0 cs=0 l=0 rev1=0 crypto rx=0 tx=0 comp rx=0 tx=0)._handle_peer_banner_payload supported=3 required=0
2024-04-24T05:49:40.848 INFO:teuthology.orchestra.run.smithi038.stdout:/usr/bin/ceph: stderr
2024-04-24T05:49:39.945+0000 7fc6d4a00700 1 --2- >> [v2:172.21.15.38:3300/0,v1:172.21.15.38:6789/0] conn(0x7fc6d007ace0 0x7fc6d00791e0 unknown :-1 s=HELLO_CONNECTING pgs=0 cs=0 l=0 rev1=1 crypto rx=0 tx=0 comp rx=0 tx=0).handle_hello peer v2:172.21.15.38:3300/0 says I am v2:172.21.15.38:41862/0 (socket says 172.21.15.38:41862)
2024-04-24T05:49:40.848 INFO:teuthology.orchestra.run.smithi038.stdout:/usr/bin/ceph: stderr
2024-04-24T05:49:39.945+0000 7fc6d4a00700 1 -- 172.21.15.38:0/3007199723 learned_addr learned my addr 172.21.15.38:0/3007199723 (peer_addr_for_me v2:172.21.15.38:0/0)
2024-04-24T05:49:40.849 INFO:teuthology.orchestra.run.smithi038.stdout:/usr/bin/ceph: stderr
2024-04-24T05:49:39.945+0000 7fc6d4a00700 1 -- 172.21.15.38:0/3007199723 --> [v2:172.21.15.38:3300/0,v1:172.21.15.38:6789/0] -- mon_subscribe({config=0+,monmap=0+}) v3 -- 0x7fc6d0079860 con 0x7fc6d007ace0
2024-04-24T05:49:40.849 INFO:teuthology.orchestra.run.smithi038.stdout:/usr/bin/ceph: stderr
2024-04-24T05:49:39.946+0000 7fc6d4a00700 1 --2- 172.21.15.38:0/3007199723 >> [v2:172.21.15.38:3300/0,v1:172.21.15.38:6789/0] conn(0x7fc6d007ace0 0x7fc6d00791e0 secure :-1 s=READY pgs=49 cs=0 l=1 rev1=1 crypto rx=0x7fc6c40098a0 tx=0x7fc6c4009bb0 comp rx=0 tx=0).ready entity=mon.0 client_cookie=3cf8dc6c78bbfeb4 server_cookie=0 in_seq=0 out_seq=0
2024-04-24T05:49:40.849 INFO:teuthology.orchestra.run.smithi038.stdout:/usr/bin/ceph: stderr
2024-04-24T05:49:39.946+0000 7fc6cf400700 1 -- 172.21.15.38:0/3007199723 <== mon.0 v2:172.21.15.38:3300/0 1 ==== mon_map magic: 0 v1 ==== 229+0+0 (secure 0 0 0) 0x7fc6c4004180 con 0x7fc6d007ace0
2024-04-24T05:49:40.850 INFO:teuthology.orchestra.run.smithi038.stdout:/usr/bin/ceph: stderr
2024-04-24T05:49:39.946+0000 7fc6cf400700 1 -- 172.21.15.38:0/3007199723 <== mon.0 v2:172.21.15.38:3300/0 2 ==== config(27 keys) v1 ==== 1101+0+0 (secure 0 0 0) 0x7fc6c40042e0 con 0x7fc6d007ace0
2024-04-24T05:49:40.850 INFO:teuthology.orchestra.run.smithi038.stdout:/usr/bin/ceph: stderr
2024-04-24T05:49:39.946+0000 7fc6cf400700 1 -- 172.21.15.38:0/3007199723 <== mon.0 v2:172.21.15.38:3300/0 3 ==== mon_map magic: 0 v1 ==== 229+0+0 (secure 0 0 0) 0x7fc6c4011af0 con 0x7fc6d007ace0
2024-04-24T05:49:40.850 INFO:teuthology.orchestra.run.smithi038.stdout:/usr/bin/ceph: stderr
2024-04-24T05:49:39.947+0000 7fc6d7400700 1 -- 172.21.15.38:0/3007199723 >> [v2:172.21.15.38:3300/0,v1:172.21.15.38:6789/0] conn(0x7fc6d007ace0 msgr2=0x7fc6d00791e0 secure :-1 s=STATE_CONNECTION_ESTABLISHED l=1).mark_down
2024-04-24T05:49:40.850 INFO:teuthology.orchestra.run.smithi038.stdout:/usr/bin/ceph: stderr
2024-04-24T05:49:39.947+0000 7fc6d7400700 1 --2- 172.21.15.38:0/3007199723 >> [v2:172.21.15.38:3300/0,v1:172.21.15.38:6789/0] conn(0x7fc6d007ace0 0x7fc6d00791e0 secure :-1 s=READY pgs=49 cs=0 l=1 rev1=1 crypto rx=0x7fc6c40098a0 tx=0x7fc6c4009bb0 comp rx=0 tx=0).stop
2024-04-24T05:49:40.850 INFO:teuthology.orchestra.run.smithi038.stdout:/usr/bin/ceph: stderr
2024-04-24T05:49:39.947+0000 7fc6d7400700 1 -- 172.21.15.38:0/3007199723 shutdown_connections
2024-04-24T05:49:40.851 INFO:teuthology.orchestra.run.smithi038.stdout:/usr/bin/ceph: stderr
2024-04-24T05:49:39.947+0000 7fc6d7400700 1 --2- 172.21.15.38:0/3007199723 >> [v2:172.21.15.38:3300/0,v1:172.21.15.38:6789/0] conn(0x7fc6d007ace0 0x7fc6d00791e0 unknown :-1 s=CLOSED pgs=49 cs=0 l=1 rev1=1 crypto rx=0 tx=0 comp rx=0 tx=0).stop
2024-04-24T05:49:40.851 INFO:teuthology.orchestra.run.smithi038.stdout:/usr/bin/ceph: stderr
2024-04-24T05:49:39.947+0000 7fc6d7400700 1 -- 172.21.15.38:0/3007199723 >> 172.21.15.38:0/3007199723 conn(0x7fc6d0101160 msgr2=0x7fc6d0103590 unknown :-1 s=STATE_NONE l=0).mark_down
2024-04-24T05:49:40.851 INFO:teuthology.orchestra.run.smithi038.stdout:/usr/bin/ceph: stderr
2024-04-24T05:49:39.947+0000 7fc6d7400700 1 -- 172.21.15.38:0/3007199723 shutdown_connections
2024-04-24T05:49:40.852 INFO:teuthology.orchestra.run.smithi038.stdout:/usr/bin/ceph: stderr
2024-04-24T05:49:39.947+0000 7fc6d7400700 1 -- 172.21.15.38:0/3007199723 wait complete.
2024-04-24T05:49:40.852 INFO:teuthology.orchestra.run.smithi038.stdout:/usr/bin/ceph: stderr
2024-04-24T05:49:39.948+0000 7fc6d7400700 1 Processor -- start
2024-04-24T05:49:40.852 INFO:teuthology.orchestra.run.smithi038.stdout:/usr/bin/ceph: stderr
2024-04-24T05:49:39.948+0000 7fc6d7400700 1 -- start start
2024-04-24T05:49:40.852 INFO:teuthology.orchestra.run.smithi038.stdout:/usr/bin/ceph: stderr
2024-04-24T05:49:39.948+0000 7fc6d7400700 1 --2- >> [v2:172.21.15.38:3300/0,v1:172.21.15.38:6789/0] conn(0x7fc6d007ace0 0x7fc6d019bac0 unknown :-1 s=NONE pgs=0 cs=0 l=1 rev1=0 crypto rx=0 tx=0 comp rx=0 tx=0).connect
2024-04-24T05:49:40.852 INFO:teuthology.orchestra.run.smithi038.stdout:/usr/bin/ceph: stderr
2024-04-24T05:49:39.948+0000 7fc6d7400700 1 -- --> [v2:172.21.15.38:3300/0,v1:172.21.15.38:6789/0] -- mon_getmap magic: 0 v1 -- 0x7fc6d019c000 con 0x7fc6d007ace0
2024-04-24T05:49:40.852 INFO:teuthology.orchestra.run.smithi038.stdout:/usr/bin/ceph: stderr
2024-04-24T05:49:39.949+0000 7fc6d4a00700 1 --2- >> [v2:172.21.15.38:3300/0,v1:172.21.15.38:6789/0] conn(0x7fc6d007ace0 0x7fc6d019bac0 unknown :-1 s=BANNER_CONNECTING pgs=0 cs=0 l=1 rev1=0 crypto rx=0 tx=0 comp rx=0 tx=0)._handle_peer_banner_payload supported=3 required=0
2024-04-24T05:49:40.852 INFO:teuthology.orchestra.run.smithi038.stdout:/usr/bin/ceph: stderr
2024-04-24T05:49:39.949+0000 7fc6d4a00700 1 --2- >> [v2:172.21.15.38:3300/0,v1:172.21.15.38:6789/0] conn(0x7fc6d007ace0 0x7fc6d019bac0 unknown :-1 s=HELLO_CONNECTING pgs=0 cs=0 l=1 rev1=1 crypto rx=0 tx=0 comp rx=0 tx=0).handle_hello peer v2:172.21.15.38:3300/0 says I am v2:172.21.15.38:41866/0 (socket says 172.21.15.38:41866)
2024-04-24T05:49:40.852 INFO:teuthology.orchestra.run.smithi038.stdout:/usr/bin/ceph: stderr
2024-04-24T05:49:39.949+0000 7fc6d4a00700 1 -- 172.21.15.38:0/4099354957 learned_addr learned my addr 172.21.15.38:0/4099354957 (peer_addr_for_me v2:172.21.15.38:0/0)
2024-04-24T05:49:40.853 INFO:teuthology.orchestra.run.smithi038.stdout:/usr/bin/ceph: stderr
2024-04-24T05:49:39.949+0000 7fc6d4a00700 1 -- 172.21.15.38:0/4099354957 --> [v2:172.21.15.38:3300/0,v1:172.21.15.38:6789/0] -- mon_subscribe({config=0+,monmap=0+}) v3 -- 0x7fc6c4009550 con 0x7fc6d007ace0
2024-04-24T05:49:40.854 INFO:teuthology.orchestra.run.smithi038.stdout:/usr/bin/ceph: stderr
2024-04-24T05:49:39.949+0000 7fc6d4a00700 1 --2- 172.21.15.38:0/4099354957 >> [v2:172.21.15.38:3300/0,v1:172.21.15.38:6789/0] conn(0x7fc6d007ace0 0x7fc6d019bac0 secure :-1 s=READY pgs=50 cs=0 l=1 rev1=1 crypto rx=0x7fc6c4000c00 tx=0x7fc6c4011b50 comp rx=0 tx=0).ready entity=mon.0 client_cookie=0 server_cookie=0 in_seq=0 out_seq=0
2024-04-24T05:49:40.854 INFO:teuthology.orchestra.run.smithi038.stdout:/usr/bin/ceph: stderr
2024-04-24T05:49:39.950+0000 7fc6cd600700 1 -- 172.21.15.38:0/4099354957 <== mon.0 v2:172.21.15.38:3300/0 1 ==== mon_map magic: 0 v1 ==== 229+0+0 (secure 0 0 0) 0x7fc6c4003a70 con 0x7fc6d007ace0
2024-04-24T05:49:40.854 INFO:teuthology.orchestra.run.smithi038.stdout:/usr/bin/ceph: stderr
2024-04-24T05:49:39.950+0000 7fc6cd600700 1 -- 172.21.15.38:0/4099354957 <== mon.0 v2:172.21.15.38:3300/0 2 ==== config(27 keys) v1 ==== 1101+0+0 (secure 0 0 0) 0x7fc6c4003bd0 con 0x7fc6d007ace0
2024-04-24T05:49:40.854 INFO:teuthology.orchestra.run.smithi038.stdout:/usr/bin/ceph: stderr
2024-04-24T05:49:39.950+0000 7fc6cd600700 1 -- 172.21.15.38:0/4099354957 <== mon.0 v2:172.21.15.38:3300/0 3 ==== mon_map magic: 0 v1 ==== 229+0+0 (secure 0 0 0) 0x7fc6c4023700 con 0x7fc6d007ace0
2024-04-24T05:49:40.854 INFO:teuthology.orchestra.run.smithi038.stdout:/usr/bin/ceph: stderr
2024-04-24T05:49:39.950+0000 7fc6d7400700 1 -- 172.21.15.38:0/4099354957 --> [v2:172.21.15.38:3300/0,v1:172.21.15.38:6789/0] -- mon_subscribe({mgrmap=0+}) v3 -- 0x7fc6d019c200 con 0x7fc6d007ace0
2024-04-24T05:49:40.854 INFO:teuthology.orchestra.run.smithi038.stdout:/usr/bin/ceph: stderr
2024-04-24T05:49:39.950+0000 7fc6d7400700 1 -- 172.21.15.38:0/4099354957 --> [v2:172.21.15.38:3300/0,v1:172.21.15.38:6789/0] -- mon_subscribe({osdmap=0}) v3 -- 0x7fc6d019c620 con 0x7fc6d007ace0
2024-04-24T05:49:40.854 INFO:teuthology.orchestra.run.smithi038.stdout:/usr/bin/ceph: stderr
2024-04-24T05:49:39.951+0000 7fc6d7400700 1 -- 172.21.15.38:0/4099354957 --> [v2:172.21.15.38:3300/0,v1:172.21.15.38:6789/0] -- mon_command({"prefix": "get_command_descriptions"} v 0) v1 -- 0x7fc6d0062380 con 0x7fc6d007ace0
2024-04-24T05:49:40.854 INFO:teuthology.orchestra.run.smithi038.stdout:/usr/bin/ceph: stderr
2024-04-24T05:49:39.951+0000 7fc6cd600700 1 -- 172.21.15.38:0/4099354957 <== mon.0 v2:172.21.15.38:3300/0 4 ==== mgrmap(e 8) v1 ==== 45084+0+0 (secure 0 0 0) 0x7fc6c401ab70 con 0x7fc6d007ace0
2024-04-24T05:49:40.854 INFO:teuthology.orchestra.run.smithi038.stdout:/usr/bin/ceph: stderr
2024-04-24T05:49:39.952+0000 7fc6cd600700 1 --2- 172.21.15.38:0/4099354957 >> [v2:172.21.15.38:6800/361983707,v1:172.21.15.38:6801/361983707] conn(0x7fc6b8038440 0x7fc6b803a8f0 unknown :-1 s=NONE pgs=0 cs=0 l=1 rev1=0 crypto rx=0 tx=0 comp rx=0 tx=0).connect
2024-04-24T05:49:40.854 INFO:teuthology.orchestra.run.smithi038.stdout:/usr/bin/ceph: stderr
2024-04-24T05:49:39.952+0000 7fc6cd600700 1 -- 172.21.15.38:0/4099354957 <== mon.0 v2:172.21.15.38:3300/0 5 ==== osd_map(2..2 src has 1..2) v4 ==== 940+0+0 (secure 0 0 0) 0x7fc6c404c110 con 0x7fc6d007ace0
2024-04-24T05:49:40.854 INFO:teuthology.orchestra.run.smithi038.stdout:/usr/bin/ceph: stderr
2024-04-24T05:49:39.952+0000 7fc6cfe00700 1 --2- 172.21.15.38:0/4099354957 >> [v2:172.21.15.38:6800/361983707,v1:172.21.15.38:6801/361983707] conn(0x7fc6b8038440 0x7fc6b803a8f0 unknown :-1 s=BANNER_CONNECTING pgs=0 cs=0 l=1 rev1=0 crypto rx=0 tx=0 comp rx=0 tx=0)._handle_peer_banner_payload supported=3 required=0
2024-04-24T05:49:40.856 INFO:teuthology.orchestra.run.smithi038.stdout:/usr/bin/ceph: stderr
2024-04-24T05:49:39.953+0000 7fc6cfe00700 1 --2- 172.21.15.38:0/4099354957 >> [v2:172.21.15.38:6800/361983707,v1:172.21.15.38:6801/361983707] conn(0x7fc6b8038440 0x7fc6b803a8f0 secure :-1 s=READY pgs=13 cs=0 l=1 rev1=1 crypto rx=0x7fc6bc006fd0 tx=0x7fc6bc006e40 comp rx=0 tx=0).ready entity=mgr.14120 client_cookie=0 server_cookie=0 in_seq=0 out_seq=0
2024-04-24T05:49:40.856 INFO:teuthology.orchestra.run.smithi038.stdout:/usr/bin/ceph: stderr
2024-04-24T05:49:39.957+0000 7fc6cd600700 1 -- 172.21.15.38:0/4099354957 <== mon.0 v2:172.21.15.38:3300/0 6 ==== mon_command_ack([{"prefix": "get_command_descriptions"}]=0 v0) v1 ==== 72+0+177933 (secure 0 0 0) 0x7fc6c401a430 con 0x7fc6d007ace0
2024-04-24T05:49:40.856 INFO:teuthology.orchestra.run.smithi038.stdout:/usr/bin/ceph: stderr
2024-04-24T05:49:40.188+0000 7fc6d7400700 1 -- 172.21.15.38:0/4099354957 --> [v2:172.21.15.38:6800/361983707,v1:172.21.15.38:6801/361983707] -- mgr_command(tid 0: {"prefix": "orch apply", "service_type": "mgr", "target": ["mon-mgr", ""]}) v1 -- 0x7fc6d0102670 con 0x7fc6b8038440
2024-04-24T05:49:40.856 INFO:teuthology.orchestra.run.smithi038.stdout:/usr/bin/ceph: stderr
2024-04-24T05:49:40.200+0000 7fc6cd600700 1 -- 172.21.15.38:0/4099354957 <== mgr.14120 v2:172.21.15.38:6800/361983707 1 ==== mgr_command_reply(tid 0: 0 ) v1 ==== 8+0+24 (secure 0 0 0) 0x7fc6d0102670 con 0x7fc6b8038440
2024-04-24T05:49:40.856 INFO:teuthology.orchestra.run.smithi038.stdout:/usr/bin/ceph: stderr
2024-04-24T05:49:40.203+0000 7fc6d7400700 1 -- 172.21.15.38:0/4099354957 >> [v2:172.21.15.38:6800/361983707,v1:172.21.15.38:6801/361983707] conn(0x7fc6b8038440 msgr2=0x7fc6b803a8f0 secure :-1 s=STATE_CONNECTION_ESTABLISHED l=1).mark_down
2024-04-24T05:49:40.856 INFO:teuthology.orchestra.run.smithi038.stdout:/usr/bin/ceph: stderr
2024-04-24T05:49:40.203+0000 7fc6d7400700 1 --2- 172.21.15.38:0/4099354957 >> [v2:172.21.15.38:6800/361983707,v1:172.21.15.38:6801/361983707] conn(0x7fc6b8038440 0x7fc6b803a8f0 secure :-1 s=READY pgs=13 cs=0 l=1 rev1=1 crypto rx=0x7fc6bc006fd0 tx=0x7fc6bc006e40 comp rx=0 tx=0).stop
2024-04-24T05:49:40.857 INFO:teuthology.orchestra.run.smithi038.stdout:/usr/bin/ceph: stderr
2024-04-24T05:49:40.203+0000 7fc6d7400700 1 -- 172.21.15.38:0/4099354957 >> [v2:172.21.15.38:3300/0,v1:172.21.15.38:6789/0] conn(0x7fc6d007ace0 msgr2=0x7fc6d019bac0 secure :-1 s=STATE_CONNECTION_ESTABLISHED l=1).mark_down
2024-04-24T05:49:40.857 INFO:teuthology.orchestra.run.smithi038.stdout:/usr/bin/ceph: stderr
2024-04-24T05:49:40.203+0000 7fc6d7400700 1 --2- 172.21.15.38:0/4099354957 >> [v2:172.21.15.38:3300/0,v1:172.21.15.38:6789/0] conn(0x7fc6d007ace0 0x7fc6d019bac0 secure :-1 s=READY pgs=50 cs=0 l=1 rev1=1 crypto rx=0x7fc6c4000c00 tx=0x7fc6c4011b50 comp rx=0 tx=0).stop
2024-04-24T05:49:40.857 INFO:teuthology.orchestra.run.smithi038.stdout:/usr/bin/ceph: stderr
2024-04-24T05:49:40.203+0000 7fc6d7400700 1 -- 172.21.15.38:0/4099354957 shutdown_connections
2024-04-24T05:49:40.857 INFO:teuthology.orchestra.run.smithi038.stdout:/usr/bin/ceph: stderr
2024-04-24T05:49:40.203+0000 7fc6d7400700 1 --2- 172.21.15.38:0/4099354957 >> [v2:172.21.15.38:6800/361983707,v1:172.21.15.38:6801/361983707] conn(0x7fc6b8038440 0x7fc6b803a8f0 unknown :-1 s=CLOSED pgs=13 cs=0 l=1 rev1=1 crypto rx=0 tx=0 comp rx=0 tx=0).stop
2024-04-24T05:49:40.857 INFO:teuthology.orchestra.run.smithi038.stdout:/usr/bin/ceph: stderr
2024-04-24T05:49:40.203+0000 7fc6d7400700 1 --2- 172.21.15.38:0/4099354957 >> [v2:172.21.15.38:3300/0,v1:172.21.15.38:6789/0] conn(0x7fc6d007ace0 0x7fc6d019bac0 unknown :-1 s=CLOSED pgs=50 cs=0 l=1 rev1=1 crypto rx=0 tx=0 comp rx=0 tx=0).stop
2024-04-24T05:49:40.857 INFO:teuthology.orchestra.run.smithi038.stdout:/usr/bin/ceph: stderr
2024-04-24T05:49:40.203+0000 7fc6d7400700 1 -- 172.21.15.38:0/4099354957 >> 172.21.15.38:0/4099354957 conn(0x7fc6d0101160 msgr2=0x7fc6d0101f60 unknown :-1 s=STATE_NONE l=0).mark_down
2024-04-24T05:49:40.857 INFO:teuthology.orchestra.run.smithi038.stdout:/usr/bin/ceph: stderr
2024-04-24T05:49:40.203+0000 7fc6d7400700 1 -- 172.21.15.38:0/4099354957 shutdown_connections
2024-04-24T05:49:40.857 INFO:teuthology.orchestra.run.smithi038.stdout:/usr/bin/ceph: stderr
2024-04-24T05:49:40.203+0000 7fc6d7400700 1 -- 172.21.15.38:0/4099354957 wait complete.
2024-04-24T05:49:40.857 INFO:teuthology.orchestra.run.smithi038.stdout:Deploying crash service with default placement...
2024-04-24T05:49:42.685 INFO:teuthology.orchestra.run.smithi038.stdout:/usr/bin/ceph: stdout Scheduled crash update...
2024-04-24T05:49:42.685 INFO:teuthology.orchestra.run.smithi038.stdout:/usr/bin/ceph: stderr
2024-04-24T05:49:41.483+0000 7f4589400700 1 Processor -- start
2024-04-24T05:49:42.685 INFO:teuthology.orchestra.run.smithi038.stdout:/usr/bin/ceph: stderr
2024-04-24T05:49:41.483+0000 7f4589400700 1 -- start start
2024-04-24T05:49:42.685 INFO:teuthology.orchestra.run.smithi038.stdout:/usr/bin/ceph: stderr
2024-04-24T05:49:41.483+0000 7f4589400700 1 --2- >> [v2:172.21.15.38:3300/0,v1:172.21.15.38:6789/0] conn(0x7f4584107d00 0x7f4584108110 unknown :-1 s=NONE pgs=0 cs=0 l=0 rev1=0 crypto rx=0 tx=0 comp rx=0 tx=0).connect
2024-04-24T05:49:42.685 INFO:teuthology.orchestra.run.smithi038.stdout:/usr/bin/ceph: stderr
2024-04-24T05:49:41.483+0000 7f4589400700 1 -- --> [v2:172.21.15.38:3300/0,v1:172.21.15.38:6789/0] -- mon_getmap magic: 0 v1 -- 0x7f4584108650 con 0x7f4584107d00
2024-04-24T05:49:42.685 INFO:teuthology.orchestra.run.smithi038.stdout:/usr/bin/ceph: stderr
2024-04-24T05:49:41.484+0000 7f4582800700 1 --2- >> [v2:172.21.15.38:3300/0,v1:172.21.15.38:6789/0] conn(0x7f4584107d00 0x7f4584108110 unknown :-1 s=BANNER_CONNECTING pgs=0 cs=0 l=0 rev1=0 crypto rx=0 tx=0 comp rx=0 tx=0)._handle_peer_banner_payload supported=3 required=0
2024-04-24T05:49:42.685 INFO:teuthology.orchestra.run.smithi038.stdout:/usr/bin/ceph: stderr
2024-04-24T05:49:41.484+0000 7f4582800700 1 --2- >> [v2:172.21.15.38:3300/0,v1:172.21.15.38:6789/0] conn(0x7f4584107d00 0x7f4584108110 unknown :-1 s=HELLO_CONNECTING pgs=0 cs=0 l=0 rev1=1 crypto rx=0 tx=0 comp rx=0 tx=0).handle_hello peer v2:172.21.15.38:3300/0 says I am v2:172.21.15.38:41870/0 (socket says 172.21.15.38:41870)
2024-04-24T05:49:42.685 INFO:teuthology.orchestra.run.smithi038.stdout:/usr/bin/ceph: stderr
2024-04-24T05:49:41.484+0000 7f4582800700 1 -- 172.21.15.38:0/3229722394 learned_addr learned my addr 172.21.15.38:0/3229722394 (peer_addr_for_me v2:172.21.15.38:0/0)
2024-04-24T05:49:42.685 INFO:teuthology.orchestra.run.smithi038.stdout:/usr/bin/ceph: stderr
2024-04-24T05:49:41.484+0000 7f4582800700 1 -- 172.21.15.38:0/3229722394 --> [v2:172.21.15.38:3300/0,v1:172.21.15.38:6789/0] -- mon_subscribe({config=0+,monmap=0+}) v3 -- 0x7f4584108790 con 0x7f4584107d00
2024-04-24T05:49:42.685 INFO:teuthology.orchestra.run.smithi038.stdout:/usr/bin/ceph: stderr
2024-04-24T05:49:41.485+0000 7f4582800700 1 --2- 172.21.15.38:0/3229722394 >> [v2:172.21.15.38:3300/0,v1:172.21.15.38:6789/0] conn(0x7f4584107d00 0x7f4584108110 secure :-1 s=READY pgs=51 cs=0 l=1 rev1=1 crypto rx=0x7f45740098a0 tx=0x7f4574009bb0 comp rx=0 tx=0).ready entity=mon.0 client_cookie=b8d8dee3e8c1e4b4 server_cookie=0 in_seq=0 out_seq=0
2024-04-24T05:49:42.690 INFO:teuthology.orchestra.run.smithi038.stdout:/usr/bin/ceph: stderr
2024-04-24T05:49:41.485+0000 7f4581400700 1 -- 172.21.15.38:0/3229722394 <== mon.0 v2:172.21.15.38:3300/0 1 ==== mon_map magic: 0 v1 ==== 229+0+0 (secure 0 0 0) 0x7f4574004180 con 0x7f4584107d00
2024-04-24T05:49:42.690 INFO:teuthology.orchestra.run.smithi038.stdout:/usr/bin/ceph: stderr
2024-04-24T05:49:41.485+0000 7f4581400700 1 -- 172.21.15.38:0/3229722394 <== mon.0 v2:172.21.15.38:3300/0 2 ==== config(27 keys) v1 ==== 1101+0+0 (secure 0 0 0) 0x7f45740042e0 con 0x7f4584107d00
2024-04-24T05:49:42.690 INFO:teuthology.orchestra.run.smithi038.stdout:/usr/bin/ceph: stderr
2024-04-24T05:49:41.485+0000 7f4581400700 1 -- 172.21.15.38:0/3229722394 <== mon.0 v2:172.21.15.38:3300/0 3 ==== mon_map magic: 0 v1 ==== 229+0+0 (secure 0 0 0) 0x7f4574011af0 con 0x7f4584107d00
2024-04-24T05:49:42.690 INFO:teuthology.orchestra.run.smithi038.stdout:/usr/bin/ceph: stderr
2024-04-24T05:49:41.486+0000 7f4589400700 1 -- 172.21.15.38:0/3229722394 >> [v2:172.21.15.38:3300/0,v1:172.21.15.38:6789/0] conn(0x7f4584107d00 msgr2=0x7f4584108110 secure :-1 s=STATE_CONNECTION_ESTABLISHED l=1).mark_down
2024-04-24T05:49:42.690 INFO:teuthology.orchestra.run.smithi038.stdout:/usr/bin/ceph: stderr
2024-04-24T05:49:41.486+0000 7f4589400700 1 --2- 172.21.15.38:0/3229722394 >> [v2:172.21.15.38:3300/0,v1:172.21.15.38:6789/0] conn(0x7f4584107d00 0x7f4584108110 secure :-1 s=READY pgs=51 cs=0 l=1 rev1=1 crypto rx=0x7f45740098a0 tx=0x7f4574009bb0 comp rx=0 tx=0).stop
2024-04-24T05:49:42.690 INFO:teuthology.orchestra.run.smithi038.stdout:/usr/bin/ceph: stderr
2024-04-24T05:49:41.486+0000 7f4589400700 1 -- 172.21.15.38:0/3229722394 shutdown_connections
2024-04-24T05:49:42.691 INFO:teuthology.orchestra.run.smithi038.stdout:/usr/bin/ceph: stderr
2024-04-24T05:49:41.486+0000 7f4589400700 1 --2- 172.21.15.38:0/3229722394 >> [v2:172.21.15.38:3300/0,v1:172.21.15.38:6789/0] conn(0x7f4584107d00 0x7f4584108110 unknown :-1 s=CLOSED pgs=51 cs=0 l=1 rev1=1 crypto rx=0 tx=0 comp rx=0 tx=0).stop
2024-04-24T05:49:42.691 INFO:teuthology.orchestra.run.smithi038.stdout:/usr/bin/ceph: stderr
2024-04-24T05:49:41.486+0000 7f4589400700 1 -- 172.21.15.38:0/3229722394 >> 172.21.15.38:0/3229722394 conn(0x7f458407b220 msgr2=0x7f458407b640 unknown :-1 s=STATE_NONE l=0).mark_down
2024-04-24T05:49:42.691 INFO:teuthology.orchestra.run.smithi038.stdout:/usr/bin/ceph: stderr
2024-04-24T05:49:41.486+0000 7f4589400700 1 -- 172.21.15.38:0/3229722394 shutdown_connections
2024-04-24T05:49:42.691 INFO:teuthology.orchestra.run.smithi038.stdout:/usr/bin/ceph: stderr
2024-04-24T05:49:41.486+0000 7f4589400700 1 -- 172.21.15.38:0/3229722394 wait complete.
2024-04-24T05:49:42.691 INFO:teuthology.orchestra.run.smithi038.stdout:/usr/bin/ceph: stderr
2024-04-24T05:49:41.487+0000 7f4589400700 1 Processor -- start
2024-04-24T05:49:42.691 INFO:teuthology.orchestra.run.smithi038.stdout:/usr/bin/ceph: stderr
2024-04-24T05:49:41.488+0000 7f4589400700 1 -- start start
2024-04-24T05:49:42.691 INFO:teuthology.orchestra.run.smithi038.stdout:/usr/bin/ceph: stderr
2024-04-24T05:49:41.488+0000 7f4589400700 1 --2- >> [v2:172.21.15.38:3300/0,v1:172.21.15.38:6789/0] conn(0x7f4584107d00 0x7f458419bab0 unknown :-1 s=NONE pgs=0 cs=0 l=1 rev1=0 crypto rx=0 tx=0 comp rx=0 tx=0).connect
2024-04-24T05:49:42.691 INFO:teuthology.orchestra.run.smithi038.stdout:/usr/bin/ceph: stderr
2024-04-24T05:49:41.488+0000 7f4589400700 1 -- --> [v2:172.21.15.38:3300/0,v1:172.21.15.38:6789/0] -- mon_getmap magic: 0 v1 -- 0x7f458419bff0 con 0x7f4584107d00
2024-04-24T05:49:42.691 INFO:teuthology.orchestra.run.smithi038.stdout:/usr/bin/ceph: stderr
2024-04-24T05:49:41.488+0000 7f4582800700 1 --2- >> [v2:172.21.15.38:3300/0,v1:172.21.15.38:6789/0] conn(0x7f4584107d00 0x7f458419bab0 unknown :-1 s=BANNER_CONNECTING pgs=0 cs=0 l=1 rev1=0 crypto rx=0 tx=0 comp rx=0 tx=0)._handle_peer_banner_payload supported=3 required=0
2024-04-24T05:49:42.691 INFO:teuthology.orchestra.run.smithi038.stdout:/usr/bin/ceph: stderr
2024-04-24T05:49:41.488+0000 7f4582800700 1 --2- >> [v2:172.21.15.38:3300/0,v1:172.21.15.38:6789/0] conn(0x7f4584107d00 0x7f458419bab0 unknown :-1 s=HELLO_CONNECTING pgs=0 cs=0 l=1 rev1=1 crypto rx=0 tx=0 comp rx=0 tx=0).handle_hello peer v2:172.21.15.38:3300/0 says I am v2:172.21.15.38:41874/0 (socket says 172.21.15.38:41874)
2024-04-24T05:49:42.691 INFO:teuthology.orchestra.run.smithi038.stdout:/usr/bin/ceph: stderr
2024-04-24T05:49:41.488+0000 7f4582800700 1 -- 172.21.15.38:0/1781652925 learned_addr learned my addr 172.21.15.38:0/1781652925 (peer_addr_for_me v2:172.21.15.38:0/0)
2024-04-24T05:49:42.691 INFO:teuthology.orchestra.run.smithi038.stdout:/usr/bin/ceph: stderr
2024-04-24T05:49:41.489+0000 7f4582800700 1 -- 172.21.15.38:0/1781652925 --> [v2:172.21.15.38:3300/0,v1:172.21.15.38:6789/0] -- mon_subscribe({config=0+,monmap=0+}) v3 -- 0x7f4574009550 con 0x7f4584107d00
2024-04-24T05:49:42.691 INFO:teuthology.orchestra.run.smithi038.stdout:/usr/bin/ceph: stderr
2024-04-24T05:49:41.489+0000 7f4582800700 1 --2- 172.21.15.38:0/1781652925 >> [v2:172.21.15.38:3300/0,v1:172.21.15.38:6789/0] conn(0x7f4584107d00 0x7f458419bab0 secure :-1 s=READY pgs=52 cs=0 l=1 rev1=1 crypto rx=0x7f4574011ad0 tx=0x7f4574011bb0 comp rx=0 tx=0).ready entity=mon.0 client_cookie=0 server_cookie=0 in_seq=0 out_seq=0
2024-04-24T05:49:42.691 INFO:teuthology.orchestra.run.smithi038.stdout:/usr/bin/ceph: stderr
2024-04-24T05:49:41.489+0000 7f457b400700 1 -- 172.21.15.38:0/1781652925 <== mon.0 v2:172.21.15.38:3300/0 1 ==== mon_map magic: 0 v1 ==== 229+0+0 (secure 0 0 0) 0x7f4574003ab0 con 0x7f4584107d00
2024-04-24T05:49:42.692 INFO:teuthology.orchestra.run.smithi038.stdout:/usr/bin/ceph: stderr
2024-04-24T05:49:41.489+0000 7f457b400700 1 -- 172.21.15.38:0/1781652925 <== mon.0 v2:172.21.15.38:3300/0 2 ==== config(27 keys) v1 ==== 1101+0+0 (secure 0 0 0) 0x7f4574003c10 con 0x7f4584107d00
2024-04-24T05:49:42.692 INFO:teuthology.orchestra.run.smithi038.stdout:/usr/bin/ceph: stderr
2024-04-24T05:49:41.489+0000 7f4589400700 1 -- 172.21.15.38:0/1781652925 --> [v2:172.21.15.38:3300/0,v1:172.21.15.38:6789/0] -- mon_subscribe({mgrmap=0+}) v3 -- 0x7f458419c1f0 con 0x7f4584107d00
2024-04-24T05:49:42.692 INFO:teuthology.orchestra.run.smithi038.stdout:/usr/bin/ceph: stderr
2024-04-24T05:49:41.489+0000 7f457b400700 1 -- 172.21.15.38:0/1781652925 <== mon.0 v2:172.21.15.38:3300/0 3 ==== mon_map magic: 0 v1 ==== 229+0+0 (secure 0 0 0) 0x7f45740198e0 con 0x7f4584107d00
2024-04-24T05:49:42.692 INFO:teuthology.orchestra.run.smithi038.stdout:/usr/bin/ceph: stderr
2024-04-24T05:49:41.489+0000 7f4589400700 1 -- 172.21.15.38:0/1781652925 --> [v2:172.21.15.38:3300/0,v1:172.21.15.38:6789/0] -- mon_subscribe({osdmap=0}) v3 -- 0x7f458419c610 con 0x7f4584107d00
2024-04-24T05:49:42.692 INFO:teuthology.orchestra.run.smithi038.stdout:/usr/bin/ceph: stderr
2024-04-24T05:49:41.490+0000 7f457b400700 1 -- 172.21.15.38:0/1781652925 <== mon.0 v2:172.21.15.38:3300/0 4 ==== mgrmap(e 8) v1 ==== 45084+0+0 (secure 0 0 0) 0x7f4574019ba0 con 0x7f4584107d00
2024-04-24T05:49:42.692 INFO:teuthology.orchestra.run.smithi038.stdout:/usr/bin/ceph: stderr
2024-04-24T05:49:41.491+0000 7f4589400700 1 -- 172.21.15.38:0/1781652925 --> [v2:172.21.15.38:3300/0,v1:172.21.15.38:6789/0] -- mon_command({"prefix": "get_command_descriptions"} v 0) v1 -- 0x7f4584062380 con 0x7f4584107d00
2024-04-24T05:49:42.692 INFO:teuthology.orchestra.run.smithi038.stdout:/usr/bin/ceph: stderr
2024-04-24T05:49:41.491+0000 7f457b400700 1 --2- 172.21.15.38:0/1781652925 >> [v2:172.21.15.38:6800/361983707,v1:172.21.15.38:6801/361983707] conn(0x7f45680383f0 0x7f456803a8a0 unknown :-1 s=NONE pgs=0 cs=0 l=1 rev1=0 crypto rx=0 tx=0 comp rx=0 tx=0).connect
2024-04-24T05:49:42.692 INFO:teuthology.orchestra.run.smithi038.stdout:/usr/bin/ceph: stderr
2024-04-24T05:49:41.491+0000 7f457b400700 1 -- 172.21.15.38:0/1781652925 <== mon.0 v2:172.21.15.38:3300/0 5 ==== osd_map(2..2 src has 1..2) v4 ==== 940+0+0 (secure 0 0 0) 0x7f457404c260 con 0x7f4584107d00
2024-04-24T05:49:42.692 INFO:teuthology.orchestra.run.smithi038.stdout:/usr/bin/ceph: stderr
2024-04-24T05:49:41.491+0000 7f4581e00700 1 --2- 172.21.15.38:0/1781652925 >> [v2:172.21.15.38:6800/361983707,v1:172.21.15.38:6801/361983707] conn(0x7f45680383f0 0x7f456803a8a0 unknown :-1 s=BANNER_CONNECTING pgs=0 cs=0 l=1 rev1=0 crypto rx=0 tx=0 comp rx=0 tx=0)._handle_peer_banner_payload supported=3 required=0
2024-04-24T05:49:42.692 INFO:teuthology.orchestra.run.smithi038.stdout:/usr/bin/ceph: stderr
2024-04-24T05:49:41.492+0000 7f4581e00700 1 --2- 172.21.15.38:0/1781652925 >> [v2:172.21.15.38:6800/361983707,v1:172.21.15.38:6801/361983707] conn(0x7f45680383f0 0x7f456803a8a0 secure :-1 s=READY pgs=14 cs=0 l=1 rev1=1 crypto rx=0x7f4570006fd0 tx=0x7f4570006e40 comp rx=0 tx=0).ready entity=mgr.14120 client_cookie=0 server_cookie=0 in_seq=0 out_seq=0
2024-04-24T05:49:42.692 INFO:teuthology.orchestra.run.smithi038.stdout:/usr/bin/ceph: stderr
2024-04-24T05:49:41.496+0000 7f457b400700 1 -- 172.21.15.38:0/1781652925 <== mon.0 v2:172.21.15.38:3300/0 6 ==== mon_command_ack([{"prefix": "get_command_descriptions"}]=0 v0) v1 ==== 72+0+177933 (secure 0 0 0) 0x7f457400b3e0 con 0x7f4584107d00
2024-04-24T05:49:42.692 INFO:teuthology.orchestra.run.smithi038.stdout:/usr/bin/ceph: stderr
2024-04-24T05:49:41.728+0000 7f4589400700 1 -- 172.21.15.38:0/1781652925 --> [v2:172.21.15.38:6800/361983707,v1:172.21.15.38:6801/361983707] -- mgr_command(tid 0: {"prefix": "orch apply", "service_type": "crash", "target": ["mon-mgr", ""]}) v1 -- 0x7f4584106c50 con 0x7f45680383f0
2024-04-24T05:49:42.692 INFO:teuthology.orchestra.run.smithi038.stdout:/usr/bin/ceph: stderr
2024-04-24T05:49:41.737+0000 7f457b400700 1 -- 172.21.15.38:0/1781652925 <== mgr.14120 v2:172.21.15.38:6800/361983707 1 ==== mgr_command_reply(tid 0: 0 ) v1 ==== 8+0+26 (secure 0 0 0) 0x7f4584106c50 con 0x7f45680383f0
2024-04-24T05:49:42.692 INFO:teuthology.orchestra.run.smithi038.stdout:/usr/bin/ceph: stderr
2024-04-24T05:49:41.740+0000 7f4589400700 1 -- 172.21.15.38:0/1781652925 >> [v2:172.21.15.38:6800/361983707,v1:172.21.15.38:6801/361983707] conn(0x7f45680383f0 msgr2=0x7f456803a8a0 secure :-1 s=STATE_CONNECTION_ESTABLISHED l=1).mark_down
2024-04-24T05:49:42.693 INFO:teuthology.orchestra.run.smithi038.stdout:/usr/bin/ceph: stderr
2024-04-24T05:49:41.740+0000 7f4589400700 1 --2- 172.21.15.38:0/1781652925 >> [v2:172.21.15.38:6800/361983707,v1:172.21.15.38:6801/361983707] conn(0x7f45680383f0 0x7f456803a8a0 secure :-1 s=READY pgs=14 cs=0 l=1 rev1=1 crypto rx=0x7f4570006fd0 tx=0x7f4570006e40 comp rx=0 tx=0).stop
2024-04-24T05:49:42.693 INFO:teuthology.orchestra.run.smithi038.stdout:/usr/bin/ceph: stderr
2024-04-24T05:49:41.740+0000 7f4589400700 1 -- 172.21.15.38:0/1781652925 >> [v2:172.21.15.38:3300/0,v1:172.21.15.38:6789/0] conn(0x7f4584107d00 msgr2=0x7f458419bab0 secure :-1 s=STATE_CONNECTION_ESTABLISHED l=1).mark_down
2024-04-24T05:49:42.693 INFO:teuthology.orchestra.run.smithi038.stdout:/usr/bin/ceph: stderr
2024-04-24T05:49:41.740+0000 7f4589400700 1 --2- 172.21.15.38:0/1781652925 >> [v2:172.21.15.38:3300/0,v1:172.21.15.38:6789/0] conn(0x7f4584107d00 0x7f458419bab0 secure :-1 s=READY pgs=52 cs=0 l=1 rev1=1 crypto rx=0x7f4574011ad0 tx=0x7f4574011bb0 comp rx=0 tx=0).stop
2024-04-24T05:49:42.693 INFO:teuthology.orchestra.run.smithi038.stdout:/usr/bin/ceph: stderr
2024-04-24T05:49:41.741+0000 7f4589400700 1 -- 172.21.15.38:0/1781652925 shutdown_connections
2024-04-24T05:49:42.693 INFO:teuthology.orchestra.run.smithi038.stdout:/usr/bin/ceph: stderr
2024-04-24T05:49:41.741+0000 7f4589400700 1 --2- 172.21.15.38:0/1781652925 >> [v2:172.21.15.38:6800/361983707,v1:172.21.15.38:6801/361983707] conn(0x7f45680383f0 0x7f456803a8a0 unknown :-1 s=CLOSED pgs=14 cs=0 l=1 rev1=1 crypto rx=0 tx=0 comp rx=0 tx=0).stop
2024-04-24T05:49:42.693 INFO:teuthology.orchestra.run.smithi038.stdout:/usr/bin/ceph: stderr
2024-04-24T05:49:41.741+0000 7f4589400700 1 --2- 172.21.15.38:0/1781652925 >> [v2:172.21.15.38:3300/0,v1:172.21.15.38:6789/0] conn(0x7f4584107d00 0x7f458419bab0 unknown :-1 s=CLOSED pgs=52 cs=0 l=1 rev1=1 crypto rx=0 tx=0 comp rx=0 tx=0).stop
2024-04-24T05:49:42.693 INFO:teuthology.orchestra.run.smithi038.stdout:/usr/bin/ceph: stderr
2024-04-24T05:49:41.741+0000 7f4589400700 1 -- 172.21.15.38:0/1781652925 >> 172.21.15.38:0/1781652925 conn(0x7f458407b220 msgr2=0x7f4584105ff0 unknown :-1 s=STATE_NONE l=0).mark_down
2024-04-24T05:49:42.693 INFO:teuthology.orchestra.run.smithi038.stdout:/usr/bin/ceph: stderr
2024-04-24T05:49:41.741+0000 7f4589400700 1 -- 172.21.15.38:0/1781652925 shutdown_connections
2024-04-24T05:49:42.693 INFO:teuthology.orchestra.run.smithi038.stdout:/usr/bin/ceph: stderr
2024-04-24T05:49:41.741+0000 7f4589400700 1 -- 172.21.15.38:0/1781652925 wait complete.
2024-04-24T05:49:42.693 INFO:teuthology.orchestra.run.smithi038.stdout:Deploying ceph-exporter service with default placement...
2024-04-24T05:49:42.986 INFO:journalctl@ceph.mon.smithi038.smithi038.stdout:Apr 24 05:49:42 smithi038 ceph-mon[25276]: from='client.14146 -' entity='client.admin' cmd=[{"prefix": "orch apply", "service_type": "crash", "target": ["mon-mgr", ""]}]: dispatch
2024-04-24T05:49:42.986 INFO:journalctl@ceph.mon.smithi038.smithi038.stdout:Apr 24 05:49:42 smithi038 ceph-mon[25276]: Saving service crash spec with placement *
2024-04-24T05:49:42.986 INFO:journalctl@ceph.mon.smithi038.smithi038.stdout:Apr 24 05:49:42 smithi038 ceph-mon[25276]: from='mgr.14120 172.21.15.38:0/1198442316' entity='mgr.smithi038.vrfydi'
2024-04-24T05:49:42.986 INFO:journalctl@ceph.mon.smithi038.smithi038.stdout:Apr 24 05:49:42 smithi038 ceph-mon[25276]: from='mgr.14120 172.21.15.38:0/1198442316' entity='mgr.smithi038.vrfydi'
2024-04-24T05:49:44.225 INFO:teuthology.orchestra.run.smithi038.stdout:/usr/bin/ceph: stdout Scheduled ceph-exporter update...
2024-04-24T05:49:44.225 INFO:teuthology.orchestra.run.smithi038.stdout:/usr/bin/ceph: stderr
2024-04-24T05:49:43.319+0000 7f9a57c00700 1 Processor -- start
2024-04-24T05:49:44.225 INFO:teuthology.orchestra.run.smithi038.stdout:/usr/bin/ceph: stderr
2024-04-24T05:49:43.319+0000 7f9a57c00700 1 -- start start
2024-04-24T05:49:44.226 INFO:teuthology.orchestra.run.smithi038.stdout:/usr/bin/ceph: stderr
2024-04-24T05:49:43.319+0000 7f9a57c00700 1 --2- >> [v2:172.21.15.38:3300/0,v1:172.21.15.38:6789/0] conn(0x7f9a50074450 0x7f9a501086e0 unknown :-1 s=NONE pgs=0 cs=0 l=0 rev1=0 crypto rx=0 tx=0 comp rx=0 tx=0).connect
2024-04-24T05:49:44.226 INFO:teuthology.orchestra.run.smithi038.stdout:/usr/bin/ceph: stderr
2024-04-24T05:49:43.319+0000 7f9a57c00700 1 -- --> [v2:172.21.15.38:3300/0,v1:172.21.15.38:6789/0] -- mon_getmap magic: 0 v1 -- 0x7f9a50108c20 con 0x7f9a50074450
2024-04-24T05:49:44.226 INFO:teuthology.orchestra.run.smithi038.stdout:/usr/bin/ceph: stderr
2024-04-24T05:49:43.320+0000 7f9a55200700 1 --2- >> [v2:172.21.15.38:3300/0,v1:172.21.15.38:6789/0] conn(0x7f9a50074450 0x7f9a501086e0 unknown :-1 s=BANNER_CONNECTING pgs=0 cs=0 l=0 rev1=0 crypto rx=0 tx=0 comp rx=0 tx=0)._handle_peer_banner_payload supported=3 required=0
2024-04-24T05:49:44.226 INFO:teuthology.orchestra.run.smithi038.stdout:/usr/bin/ceph: stderr
2024-04-24T05:49:43.320+0000 7f9a55200700 1 --2- >> [v2:172.21.15.38:3300/0,v1:172.21.15.38:6789/0] conn(0x7f9a50074450 0x7f9a501086e0 unknown :-1 s=HELLO_CONNECTING pgs=0 cs=0 l=0 rev1=1 crypto rx=0 tx=0 comp rx=0 tx=0).handle_hello peer v2:172.21.15.38:3300/0 says I am v2:172.21.15.38:41882/0 (socket says 172.21.15.38:41882)
2024-04-24T05:49:44.226 INFO:teuthology.orchestra.run.smithi038.stdout:/usr/bin/ceph: stderr
2024-04-24T05:49:43.320+0000 7f9a55200700 1 -- 172.21.15.38:0/2276009667 learned_addr learned my addr 172.21.15.38:0/2276009667 (peer_addr_for_me v2:172.21.15.38:0/0)
2024-04-24T05:49:44.226 INFO:teuthology.orchestra.run.smithi038.stdout:/usr/bin/ceph: stderr
2024-04-24T05:49:43.320+0000 7f9a55200700 1 -- 172.21.15.38:0/2276009667 --> [v2:172.21.15.38:3300/0,v1:172.21.15.38:6789/0] -- mon_subscribe({config=0+,monmap=0+}) v3 -- 0x7f9a50108d60 con 0x7f9a50074450
2024-04-24T05:49:44.226 INFO:teuthology.orchestra.run.smithi038.stdout:/usr/bin/ceph: stderr
2024-04-24T05:49:43.321+0000 7f9a55200700 1 --2- 172.21.15.38:0/2276009667 >> [v2:172.21.15.38:3300/0,v1:172.21.15.38:6789/0] conn(0x7f9a50074450 0x7f9a501086e0 secure :-1 s=READY pgs=53 cs=0 l=1 rev1=1 crypto rx=0x7f9a400098a0 tx=0x7f9a40009bb0 comp rx=0 tx=0).ready entity=mon.0 client_cookie=58cf2ba2af3867d0 server_cookie=0 in_seq=0 out_seq=0
2024-04-24T05:49:44.226 INFO:teuthology.orchestra.run.smithi038.stdout:/usr/bin/ceph: stderr
2024-04-24T05:49:43.321+0000 7f9a4fe00700 1 -- 172.21.15.38:0/2276009667 <== mon.0 v2:172.21.15.38:3300/0 1 ==== mon_map magic: 0 v1 ==== 229+0+0 (secure 0 0 0) 0x7f9a40004180 con 0x7f9a50074450
2024-04-24T05:49:44.226 INFO:teuthology.orchestra.run.smithi038.stdout:/usr/bin/ceph: stderr
2024-04-24T05:49:43.321+0000 7f9a4fe00700 1 -- 172.21.15.38:0/2276009667 <== mon.0 v2:172.21.15.38:3300/0 2 ==== config(27 keys) v1 ==== 1101+0+0 (secure 0 0 0) 0x7f9a400042e0 con 0x7f9a50074450
2024-04-24T05:49:44.226 INFO:teuthology.orchestra.run.smithi038.stdout:/usr/bin/ceph: stderr
2024-04-24T05:49:43.321+0000 7f9a4fe00700 1 -- 172.21.15.38:0/2276009667 <== mon.0 v2:172.21.15.38:3300/0 3 ==== mon_map magic: 0 v1 ==== 229+0+0 (secure 0 0 0) 0x7f9a40011af0 con 0x7f9a50074450
2024-04-24T05:49:44.226 INFO:teuthology.orchestra.run.smithi038.stdout:/usr/bin/ceph: stderr
2024-04-24T05:49:43.322+0000 7f9a57c00700 1 -- 172.21.15.38:0/2276009667 >> [v2:172.21.15.38:3300/0,v1:172.21.15.38:6789/0] conn(0x7f9a50074450 msgr2=0x7f9a501086e0 secure :-1 s=STATE_CONNECTION_ESTABLISHED l=1).mark_down
2024-04-24T05:49:44.226 INFO:teuthology.orchestra.run.smithi038.stdout:/usr/bin/ceph: stderr
2024-04-24T05:49:43.322+0000 7f9a57c00700 1 --2- 172.21.15.38:0/2276009667 >> [v2:172.21.15.38:3300/0,v1:172.21.15.38:6789/0] conn(0x7f9a50074450 0x7f9a501086e0 secure :-1 s=READY pgs=53 cs=0 l=1 rev1=1 crypto rx=0x7f9a400098a0 tx=0x7f9a40009bb0 comp rx=0 tx=0).stop
2024-04-24T05:49:44.226 INFO:teuthology.orchestra.run.smithi038.stdout:/usr/bin/ceph: stderr
2024-04-24T05:49:43.322+0000 7f9a57c00700 1 -- 172.21.15.38:0/2276009667 shutdown_connections
2024-04-24T05:49:44.226 INFO:teuthology.orchestra.run.smithi038.stdout:/usr/bin/ceph: stderr
2024-04-24T05:49:43.322+0000 7f9a57c00700 1 --2- 172.21.15.38:0/2276009667 >> [v2:172.21.15.38:3300/0,v1:172.21.15.38:6789/0] conn(0x7f9a50074450 0x7f9a501086e0 unknown :-1 s=CLOSED pgs=53 cs=0 l=1 rev1=1 crypto rx=0 tx=0 comp rx=0 tx=0).stop
2024-04-24T05:49:44.227 INFO:teuthology.orchestra.run.smithi038.stdout:/usr/bin/ceph: stderr
2024-04-24T05:49:43.322+0000 7f9a57c00700 1 -- 172.21.15.38:0/2276009667 >> 172.21.15.38:0/2276009667 conn(0x7f9a50100070 msgr2=0x7f9a50102480 unknown :-1 s=STATE_NONE l=0).mark_down
2024-04-24T05:49:44.227 INFO:teuthology.orchestra.run.smithi038.stdout:/usr/bin/ceph: stderr
2024-04-24T05:49:43.322+0000 7f9a57c00700 1 -- 172.21.15.38:0/2276009667 shutdown_connections
2024-04-24T05:49:44.227 INFO:teuthology.orchestra.run.smithi038.stdout:/usr/bin/ceph: stderr
2024-04-24T05:49:43.322+0000 7f9a57c00700 1 -- 172.21.15.38:0/2276009667 wait complete.
2024-04-24T05:49:44.227 INFO:teuthology.orchestra.run.smithi038.stdout:/usr/bin/ceph: stderr
2024-04-24T05:49:43.323+0000 7f9a57c00700 1 Processor -- start
2024-04-24T05:49:44.227 INFO:teuthology.orchestra.run.smithi038.stdout:/usr/bin/ceph: stderr
2024-04-24T05:49:43.323+0000 7f9a57c00700 1 -- start start
2024-04-24T05:49:44.227 INFO:teuthology.orchestra.run.smithi038.stdout:/usr/bin/ceph: stderr
2024-04-24T05:49:43.324+0000 7f9a57c00700 1 --2- >> [v2:172.21.15.38:3300/0,v1:172.21.15.38:6789/0] conn(0x7f9a50074450 0x7f9a501998b0 unknown :-1 s=NONE pgs=0 cs=0 l=1 rev1=0 crypto rx=0 tx=0 comp rx=0 tx=0).connect
2024-04-24T05:49:44.227 INFO:teuthology.orchestra.run.smithi038.stdout:/usr/bin/ceph: stderr
2024-04-24T05:49:43.324+0000 7f9a57c00700 1 -- --> [v2:172.21.15.38:3300/0,v1:172.21.15.38:6789/0] -- mon_getmap magic: 0 v1 -- 0x7f9a50199df0 con 0x7f9a50074450
2024-04-24T05:49:44.227 INFO:teuthology.orchestra.run.smithi038.stdout:/usr/bin/ceph: stderr
2024-04-24T05:49:43.324+0000 7f9a55200700 1 --2- >> [v2:172.21.15.38:3300/0,v1:172.21.15.38:6789/0] conn(0x7f9a50074450 0x7f9a501998b0 unknown :-1 s=BANNER_CONNECTING pgs=0 cs=0 l=1 rev1=0 crypto rx=0 tx=0 comp rx=0 tx=0)._handle_peer_banner_payload supported=3 required=0
2024-04-24T05:49:44.227 INFO:teuthology.orchestra.run.smithi038.stdout:/usr/bin/ceph: stderr
2024-04-24T05:49:43.324+0000 7f9a55200700 1 --2- >> [v2:172.21.15.38:3300/0,v1:172.21.15.38:6789/0] conn(0x7f9a50074450 0x7f9a501998b0 unknown :-1 s=HELLO_CONNECTING pgs=0 cs=0 l=1 rev1=1 crypto rx=0 tx=0 comp rx=0 tx=0).handle_hello peer v2:172.21.15.38:3300/0 says I am v2:172.21.15.38:41892/0 (socket says 172.21.15.38:41892)
2024-04-24T05:49:44.227 INFO:teuthology.orchestra.run.smithi038.stdout:/usr/bin/ceph: stderr
2024-04-24T05:49:43.324+0000 7f9a55200700 1 -- 172.21.15.38:0/1611775822 learned_addr learned my addr 172.21.15.38:0/1611775822 (peer_addr_for_me v2:172.21.15.38:0/0)
2024-04-24T05:49:44.227 INFO:teuthology.orchestra.run.smithi038.stdout:/usr/bin/ceph: stderr
2024-04-24T05:49:43.325+0000 7f9a55200700 1 -- 172.21.15.38:0/1611775822 --> [v2:172.21.15.38:3300/0,v1:172.21.15.38:6789/0] -- mon_subscribe({config=0+,monmap=0+}) v3 -- 0x7f9a40009550 con 0x7f9a50074450
2024-04-24T05:49:44.227 INFO:teuthology.orchestra.run.smithi038.stdout:/usr/bin/ceph: stderr
