2024-04-24T05:50:07.239 INFO:teuthology.orchestra.run.smithi038.stdout:/usr/bin/ceph: stderr
2024-04-24T05:49:58.823+0000 7f9396a00700 1 Processor -- start
2024-04-24T05:50:07.239 INFO:teuthology.orchestra.run.smithi038.stdout:/usr/bin/ceph: stderr
2024-04-24T05:49:58.823+0000 7f9396a00700 1 -- start start
2024-04-24T05:50:07.239 INFO:teuthology.orchestra.run.smithi038.stdout:/usr/bin/ceph: stderr
2024-04-24T05:49:58.823+0000 7f9396a00700 1 --2- >> [v2:172.21.15.38:3300/0,v1:172.21.15.38:6789/0] conn(0x7f939007ad00 0x7f939019bad0 unknown :-1 s=NONE pgs=0 cs=0 l=1 rev1=0 crypto rx=0 tx=0 comp rx=0 tx=0).connect
2024-04-24T05:50:07.239 INFO:teuthology.orchestra.run.smithi038.stdout:/usr/bin/ceph: stderr
2024-04-24T05:49:58.823+0000 7f9396a00700 1 -- --> [v2:172.21.15.38:3300/0,v1:172.21.15.38:6789/0] -- mon_getmap magic: 0 v1 -- 0x7f939019c010 con 0x7f939007ad00
2024-04-24T05:50:07.239 INFO:teuthology.orchestra.run.smithi038.stdout:/usr/bin/ceph: stderr
2024-04-24T05:49:58.823+0000 7f938fe00700 1 --2- >> [v2:172.21.15.38:3300/0,v1:172.21.15.38:6789/0] conn(0x7f939007ad00 0x7f939019bad0 unknown :-1 s=BANNER_CONNECTING pgs=0 cs=0 l=1 rev1=0 crypto rx=0 tx=0 comp rx=0 tx=0)._handle_peer_banner_payload supported=3 required=0
2024-04-24T05:50:07.239 INFO:teuthology.orchestra.run.smithi038.stdout:/usr/bin/ceph: stderr
2024-04-24T05:49:58.824+0000 7f938fe00700 1 --2- >> [v2:172.21.15.38:3300/0,v1:172.21.15.38:6789/0] conn(0x7f939007ad00 0x7f939019bad0 unknown :-1 s=HELLO_CONNECTING pgs=0 cs=0 l=1 rev1=1 crypto rx=0 tx=0 comp rx=0 tx=0).handle_hello peer v2:172.21.15.38:3300/0 says I am v2:172.21.15.38:39232/0 (socket says 172.21.15.38:39232)
2024-04-24T05:50:07.239 INFO:teuthology.orchestra.run.smithi038.stdout:/usr/bin/ceph: stderr
2024-04-24T05:49:58.824+0000 7f938fe00700 1 -- 172.21.15.38:0/3263111126 learned_addr learned my addr 172.21.15.38:0/3263111126 (peer_addr_for_me v2:172.21.15.38:0/0)
2024-04-24T05:50:07.239 INFO:teuthology.orchestra.run.smithi038.stdout:/usr/bin/ceph: stderr
2024-04-24T05:49:58.824+0000 7f938fe00700 1 -- 172.21.15.38:0/3263111126 --> [v2:172.21.15.38:3300/0,v1:172.21.15.38:6789/0] -- mon_subscribe({config=0+,monmap=0+}) v3 -- 0x7f9380009550 con 0x7f939007ad00
2024-04-24T05:50:07.239 INFO:teuthology.orchestra.run.smithi038.stdout:/usr/bin/ceph: stderr
2024-04-24T05:49:58.824+0000 7f938fe00700 1 --2- 172.21.15.38:0/3263111126 >> [v2:172.21.15.38:3300/0,v1:172.21.15.38:6789/0] conn(0x7f939007ad00 0x7f939019bad0 secure :-1 s=READY pgs=74 cs=0 l=1 rev1=1 crypto rx=0x7f9380000c00 tx=0x7f9380011b50 comp rx=0 tx=0).ready entity=mon.0 client_cookie=0 server_cookie=0 in_seq=0 out_seq=0
2024-04-24T05:50:07.240 INFO:teuthology.orchestra.run.smithi038.stdout:/usr/bin/ceph: stderr
2024-04-24T05:49:58.824+0000 7f938cc00700 1 -- 172.21.15.38:0/3263111126 <== mon.0 v2:172.21.15.38:3300/0 1 ==== mon_map magic: 0 v1 ==== 229+0+0 (secure 0 0 0) 0x7f9380003a70 con 0x7f939007ad00
2024-04-24T05:50:07.240 INFO:teuthology.orchestra.run.smithi038.stdout:/usr/bin/ceph: stderr
2024-04-24T05:49:58.824+0000 7f938cc00700 1 -- 172.21.15.38:0/3263111126 <== mon.0 v2:172.21.15.38:3300/0 2 ==== config(27 keys) v1 ==== 1101+0+0 (secure 0 0 0) 0x7f9380003bd0 con 0x7f939007ad00
2024-04-24T05:50:07.240 INFO:teuthology.orchestra.run.smithi038.stdout:/usr/bin/ceph: stderr
2024-04-24T05:49:58.824+0000 7f938cc00700 1 -- 172.21.15.38:0/3263111126 <== mon.0 v2:172.21.15.38:3300/0 3 ==== mon_map magic: 0 v1 ==== 229+0+0 (secure 0 0 0) 0x7f93800238c0 con 0x7f939007ad00
2024-04-24T05:50:07.240 INFO:teuthology.orchestra.run.smithi038.stdout:/usr/bin/ceph: stderr
2024-04-24T05:49:58.824+0000 7f9396a00700 1 -- 172.21.15.38:0/3263111126 --> [v2:172.21.15.38:3300/0,v1:172.21.15.38:6789/0] -- mon_subscribe({mgrmap=0+}) v3 -- 0x7f939019c210 con 0x7f939007ad00
2024-04-24T05:50:07.240 INFO:teuthology.orchestra.run.smithi038.stdout:/usr/bin/ceph: stderr
2024-04-24T05:49:58.825+0000 7f9396a00700 1 -- 172.21.15.38:0/3263111126 --> [v2:172.21.15.38:3300/0,v1:172.21.15.38:6789/0] -- mon_subscribe({osdmap=0}) v3 -- 0x7f939019c630 con 0x7f939007ad00
2024-04-24T05:50:07.240 INFO:teuthology.orchestra.run.smithi038.stdout:/usr/bin/ceph: stderr
2024-04-24T05:49:58.826+0000 7f938cc00700 1 -- 172.21.15.38:0/3263111126 <== mon.0 v2:172.21.15.38:3300/0 4 ==== mgrmap(e 9) v1 ==== 45097+0+0 (secure 0 0 0) 0x7f9380023b30 con 0x7f939007ad00
2024-04-24T05:50:07.240 INFO:teuthology.orchestra.run.smithi038.stdout:/usr/bin/ceph: stderr
2024-04-24T05:49:58.826+0000 7f938cc00700 1 --2- 172.21.15.38:0/3263111126 >> [v2:172.21.15.38:6800/361983707,v1:172.21.15.38:6801/361983707] conn(0x7f9374038490 0x7f937403a940 unknown :-1 s=NONE pgs=0 cs=0 l=1 rev1=0 crypto rx=0 tx=0 comp rx=0 tx=0).connect
2024-04-24T05:50:07.240 INFO:teuthology.orchestra.run.smithi038.stdout:/usr/bin/ceph: stderr
2024-04-24T05:49:58.826+0000 7f938cc00700 1 -- 172.21.15.38:0/3263111126 --> [v2:172.21.15.38:6800/361983707,v1:172.21.15.38:6801/361983707] -- command(tid 0: {"prefix": "get_command_descriptions"}) v1 -- 0x7f937403b050 con 0x7f9374038490
2024-04-24T05:50:07.240 INFO:teuthology.orchestra.run.smithi038.stdout:/usr/bin/ceph: stderr
2024-04-24T05:49:58.826+0000 7f938cc00700 1 -- 172.21.15.38:0/3263111126 <== mon.0 v2:172.21.15.38:3300/0 5 ==== osd_map(2..2 src has 1..2) v4 ==== 940+0+0 (secure 0 0 0) 0x7f938004c1e0 con 0x7f939007ad00
2024-04-24T05:50:07.240 INFO:teuthology.orchestra.run.smithi038.stdout:/usr/bin/ceph: stderr
2024-04-24T05:49:58.826+0000 7f938f400700 1 -- 172.21.15.38:0/3263111126 >> [v2:172.21.15.38:6800/361983707,v1:172.21.15.38:6801/361983707] conn(0x7f9374038490 msgr2=0x7f937403a940 unknown :-1 s=STATE_CONNECTING_RE l=1).process reconnect failed to v2:172.21.15.38:6800/361983707
2024-04-24T05:50:07.240 INFO:teuthology.orchestra.run.smithi038.stdout:/usr/bin/ceph: stderr
2024-04-24T05:49:58.826+0000 7f938f400700 1 --2- 172.21.15.38:0/3263111126 >> [v2:172.21.15.38:6800/361983707,v1:172.21.15.38:6801/361983707] conn(0x7f9374038490 0x7f937403a940 unknown :-1 s=START_CONNECT pgs=0 cs=0 l=1 rev1=0 crypto rx=0 tx=0 comp rx=0 tx=0)._fault waiting 0.200000
2024-04-24T05:50:07.240 INFO:teuthology.orchestra.run.smithi038.stdout:/usr/bin/ceph: stderr
2024-04-24T05:49:59.027+0000 7f938f400700 1 -- 172.21.15.38:0/3263111126 >> [v2:172.21.15.38:6800/361983707,v1:172.21.15.38:6801/361983707] conn(0x7f9374038490 msgr2=0x7f937403a940 unknown :-1 s=STATE_CONNECTING_RE l=1).process reconnect failed to v2:172.21.15.38:6800/361983707
2024-04-24T05:50:07.240 INFO:teuthology.orchestra.run.smithi038.stdout:/usr/bin/ceph: stderr
2024-04-24T05:49:59.027+0000 7f938f400700 1 --2- 172.21.15.38:0/3263111126 >> [v2:172.21.15.38:6800/361983707,v1:172.21.15.38:6801/361983707] conn(0x7f9374038490 0x7f937403a940 unknown :-1 s=START_CONNECT pgs=0 cs=0 l=1 rev1=0 crypto rx=0 tx=0 comp rx=0 tx=0)._fault waiting 0.400000
2024-04-24T05:50:07.241 INFO:teuthology.orchestra.run.smithi038.stdout:/usr/bin/ceph: stderr
2024-04-24T05:49:59.428+0000 7f938f400700 1 -- 172.21.15.38:0/3263111126 >> [v2:172.21.15.38:6800/361983707,v1:172.21.15.38:6801/361983707] conn(0x7f9374038490 msgr2=0x7f937403a940 unknown :-1 s=STATE_CONNECTING_RE l=1).process reconnect failed to v2:172.21.15.38:6800/361983707
2024-04-24T05:50:07.241 INFO:teuthology.orchestra.run.smithi038.stdout:/usr/bin/ceph: stderr
2024-04-24T05:49:59.428+0000 7f938f400700 1 --2- 172.21.15.38:0/3263111126 >> [v2:172.21.15.38:6800/361983707,v1:172.21.15.38:6801/361983707] conn(0x7f9374038490 0x7f937403a940 unknown :-1 s=START_CONNECT pgs=0 cs=0 l=1 rev1=0 crypto rx=0 tx=0 comp rx=0 tx=0)._fault waiting 0.800000
2024-04-24T05:50:07.241 INFO:teuthology.orchestra.run.smithi038.stdout:/usr/bin/ceph: stderr
2024-04-24T05:50:00.229+0000 7f938f400700 1 -- 172.21.15.38:0/3263111126 >> [v2:172.21.15.38:6800/361983707,v1:172.21.15.38:6801/361983707] conn(0x7f9374038490 msgr2=0x7f937403a940 unknown :-1 s=STATE_CONNECTING_RE l=1).process reconnect failed to v2:172.21.15.38:6800/361983707
2024-04-24T05:50:07.241 INFO:teuthology.orchestra.run.smithi038.stdout:/usr/bin/ceph: stderr
2024-04-24T05:50:00.229+0000 7f938f400700 1 --2- 172.21.15.38:0/3263111126 >> [v2:172.21.15.38:6800/361983707,v1:172.21.15.38:6801/361983707] conn(0x7f9374038490 0x7f937403a940 unknown :-1 s=START_CONNECT pgs=0 cs=0 l=1 rev1=0 crypto rx=0 tx=0 comp rx=0 tx=0)._fault waiting 1.600000
2024-04-24T05:50:07.241 INFO:teuthology.orchestra.run.smithi038.stdout:/usr/bin/ceph: stderr
2024-04-24T05:50:01.831+0000 7f938f400700 1 -- 172.21.15.38:0/3263111126 >> [v2:172.21.15.38:6800/361983707,v1:172.21.15.38:6801/361983707] conn(0x7f9374038490 msgr2=0x7f937403a940 unknown :-1 s=STATE_CONNECTING_RE l=1).process reconnect failed to v2:172.21.15.38:6800/361983707
2024-04-24T05:50:07.241 INFO:teuthology.orchestra.run.smithi038.stdout:/usr/bin/ceph: stderr
2024-04-24T05:50:01.831+0000 7f938f400700 1 --2- 172.21.15.38:0/3263111126 >> [v2:172.21.15.38:6800/361983707,v1:172.21.15.38:6801/361983707] conn(0x7f9374038490 0x7f937403a940 unknown :-1 s=START_CONNECT pgs=0 cs=0 l=1 rev1=0 crypto rx=0 tx=0 comp rx=0 tx=0)._fault waiting 3.200000
2024-04-24T05:50:07.241 INFO:teuthology.orchestra.run.smithi038.stdout:/usr/bin/ceph: stderr
2024-04-24T05:50:04.961+0000 7f938cc00700 1 -- 172.21.15.38:0/3263111126 <== mon.0 v2:172.21.15.38:3300/0 6 ==== mgrmap(e 10) v1 ==== 44864+0+0 (secure 0 0 0) 0x7f938001a430 con 0x7f939007ad00
2024-04-24T05:50:07.241 INFO:teuthology.orchestra.run.smithi038.stdout:/usr/bin/ceph: stderr
2024-04-24T05:50:04.961+0000 7f938cc00700 1 -- 172.21.15.38:0/3263111126 >> [v2:172.21.15.38:6800/361983707,v1:172.21.15.38:6801/361983707] conn(0x7f9374038490 msgr2=0x7f937403a940 unknown :-1 s=STATE_CONNECTING l=1).mark_down
2024-04-24T05:50:07.241 INFO:teuthology.orchestra.run.smithi038.stdout:/usr/bin/ceph: stderr
2024-04-24T05:50:04.961+0000 7f938cc00700 1 --2- 172.21.15.38:0/3263111126 >> [v2:172.21.15.38:6800/361983707,v1:172.21.15.38:6801/361983707] conn(0x7f9374038490 0x7f937403a940 unknown :-1 s=START_CONNECT pgs=0 cs=0 l=1 rev1=0 crypto rx=0 tx=0 comp rx=0 tx=0).stop
2024-04-24T05:50:07.241 INFO:teuthology.orchestra.run.smithi038.stdout:/usr/bin/ceph: stderr
2024-04-24T05:50:05.966+0000 7f938cc00700 1 -- 172.21.15.38:0/3263111126 <== mon.0 v2:172.21.15.38:3300/0 7 ==== mgrmap(e 11) v1 ==== 44991+0+0 (secure 0 0 0) 0x7f938004d930 con 0x7f939007ad00
2024-04-24T05:50:07.241 INFO:teuthology.orchestra.run.smithi038.stdout:/usr/bin/ceph: stderr
2024-04-24T05:50:05.967+0000 7f938cc00700 1 --2- 172.21.15.38:0/3263111126 >> [v2:172.21.15.38:6800/3927590334,v1:172.21.15.38:6801/3927590334] conn(0x7f937403bef0 0x7f937403e2d0 unknown :-1 s=NONE pgs=0 cs=0 l=1 rev1=0 crypto rx=0 tx=0 comp rx=0 tx=0).connect
2024-04-24T05:50:07.241 INFO:teuthology.orchestra.run.smithi038.stdout:/usr/bin/ceph: stderr
2024-04-24T05:50:05.967+0000 7f938cc00700 1 -- 172.21.15.38:0/3263111126 --> [v2:172.21.15.38:6800/3927590334,v1:172.21.15.38:6801/3927590334] -- command(tid 0: {"prefix": "get_command_descriptions"}) v1 -- 0x7f937403b050 con 0x7f937403bef0
2024-04-24T05:50:07.241 INFO:teuthology.orchestra.run.smithi038.stdout:/usr/bin/ceph: stderr
2024-04-24T05:50:05.968+0000 7f938f400700 1 --2- 172.21.15.38:0/3263111126 >> [v2:172.21.15.38:6800/3927590334,v1:172.21.15.38:6801/3927590334] conn(0x7f937403bef0 0x7f937403e2d0 unknown :-1 s=BANNER_CONNECTING pgs=0 cs=0 l=1 rev1=0 crypto rx=0 tx=0 comp rx=0 tx=0)._handle_peer_banner_payload supported=3 required=0
2024-04-24T05:50:07.242 INFO:teuthology.orchestra.run.smithi038.stdout:/usr/bin/ceph: stderr
2024-04-24T05:50:05.971+0000 7f938f400700 1 --2- 172.21.15.38:0/3263111126 >> [v2:172.21.15.38:6800/3927590334,v1:172.21.15.38:6801/3927590334] conn(0x7f937403bef0 0x7f937403e2d0 secure :-1 s=READY pgs=4 cs=0 l=1 rev1=1 crypto rx=0x7f937c003a10 tx=0x7f937c009270 comp rx=0 tx=0).ready entity=mgr.14164 client_cookie=0 server_cookie=0 in_seq=0 out_seq=0
2024-04-24T05:50:07.242 INFO:teuthology.orchestra.run.smithi038.stdout:/usr/bin/ceph: stderr
2024-04-24T05:50:05.972+0000 7f938cc00700 1 -- 172.21.15.38:0/3263111126 <== mgr.14164 v2:172.21.15.38:6800/3927590334 1 ==== command_reply(tid 0: 0 ) v1 ==== 8+0+6910 (secure 0 0 0) 0x7f937403b050 con 0x7f937403bef0
2024-04-24T05:50:07.242 INFO:teuthology.orchestra.run.smithi038.stdout:/usr/bin/ceph: stderr
2024-04-24T05:50:05.979+0000 7f9396a00700 1 -- 172.21.15.38:0/3263111126 --> [v2:172.21.15.38:6800/3927590334,v1:172.21.15.38:6801/3927590334] -- command(tid 1: {"prefix": "mgr_status"}) v1 -- 0x7f939019ce10 con 0x7f937403bef0
2024-04-24T05:50:07.242 INFO:teuthology.orchestra.run.smithi038.stdout:/usr/bin/ceph: stderr
2024-04-24T05:50:05.979+0000 7f938cc00700 1 -- 172.21.15.38:0/3263111126 <== mgr.14164 v2:172.21.15.38:6800/3927590334 2 ==== command_reply(tid 1: 0 ) v1 ==== 8+0+52 (secure 0 0 0) 0x7f939019ce10 con 0x7f937403bef0
2024-04-24T05:50:07.242 INFO:teuthology.orchestra.run.smithi038.stdout:/usr/bin/ceph: stderr
2024-04-24T05:50:05.980+0000 7f9396a00700 1 -- 172.21.15.38:0/3263111126 >> [v2:172.21.15.38:6800/3927590334,v1:172.21.15.38:6801/3927590334] conn(0x7f937403bef0 msgr2=0x7f937403e2d0 secure :-1 s=STATE_CONNECTION_ESTABLISHED l=1).mark_down
2024-04-24T05:50:07.242 INFO:teuthology.orchestra.run.smithi038.stdout:/usr/bin/ceph: stderr
2024-04-24T05:50:05.980+0000 7f9396a00700 1 --2- 172.21.15.38:0/3263111126 >> [v2:172.21.15.38:6800/3927590334,v1:172.21.15.38:6801/3927590334] conn(0x7f937403bef0 0x7f937403e2d0 secure :-1 s=READY pgs=4 cs=0 l=1 rev1=1 crypto rx=0x7f937c003a10 tx=0x7f937c009270 comp rx=0 tx=0).stop
2024-04-24T05:50:07.242 INFO:teuthology.orchestra.run.smithi038.stdout:/usr/bin/ceph: stderr
2024-04-24T05:50:05.980+0000 7f9396a00700 1 -- 172.21.15.38:0/3263111126 >> [v2:172.21.15.38:3300/0,v1:172.21.15.38:6789/0] conn(0x7f939007ad00 msgr2=0x7f939019bad0 secure :-1 s=STATE_CONNECTION_ESTABLISHED l=1).mark_down
2024-04-24T05:50:07.242 INFO:teuthology.orchestra.run.smithi038.stdout:/usr/bin/ceph: stderr
2024-04-24T05:50:05.980+0000 7f9396a00700 1 --2- 172.21.15.38:0/3263111126 >> [v2:172.21.15.38:3300/0,v1:172.21.15.38:6789/0] conn(0x7f939007ad00 0x7f939019bad0 secure :-1 s=READY pgs=74 cs=0 l=1 rev1=1 crypto rx=0x7f9380000c00 tx=0x7f9380011b50 comp rx=0 tx=0).stop
2024-04-24T05:50:07.242 INFO:teuthology.orchestra.run.smithi038.stdout:/usr/bin/ceph: stderr
2024-04-24T05:50:05.980+0000 7f9396a00700 1 -- 172.21.15.38:0/3263111126 shutdown_connections
2024-04-24T05:50:07.242 INFO:teuthology.orchestra.run.smithi038.stdout:/usr/bin/ceph: stderr
2024-04-24T05:50:05.980+0000 7f9396a00700 1 --2- 172.21.15.38:0/3263111126 >> [v2:172.21.15.38:6800/3927590334,v1:172.21.15.38:6801/3927590334] conn(0x7f937403bef0 0x7f937403e2d0 unknown :-1 s=CLOSED pgs=4 cs=0 l=1 rev1=1 crypto rx=0 tx=0 comp rx=0 tx=0).stop
2024-04-24T05:50:07.242 INFO:teuthology.orchestra.run.smithi038.stdout:/usr/bin/ceph: stderr
2024-04-24T05:50:05.980+0000 7f9396a00700 1 --2- 172.21.15.38:0/3263111126 >> [v2:172.21.15.38:3300/0,v1:172.21.15.38:6789/0] conn(0x7f939007ad00 0x7f939019bad0 unknown :-1 s=CLOSED pgs=74 cs=0 l=1 rev1=1 crypto rx=0 tx=0 comp rx=0 tx=0).stop
2024-04-24T05:50:07.242 INFO:teuthology.orchestra.run.smithi038.stdout:/usr/bin/ceph: stderr
2024-04-24T05:50:05.980+0000 7f9396a00700 1 --2- 172.21.15.38:0/3263111126 >> [v2:172.21.15.38:6800/361983707,v1:172.21.15.38:6801/361983707] conn(0x7f9374038490 0x7f937403a940 unknown :-1 s=CLOSED pgs=0 cs=0 l=1 rev1=0 crypto rx=0 tx=0 comp rx=0 tx=0).stop
2024-04-24T05:50:07.242 INFO:teuthology.orchestra.run.smithi038.stdout:/usr/bin/ceph: stderr
2024-04-24T05:50:05.980+0000 7f9396a00700 1 -- 172.21.15.38:0/3263111126 >> 172.21.15.38:0/3263111126 conn(0x7f9390101160 msgr2=0x7f9390102810 unknown :-1 s=STATE_NONE l=0).mark_down
2024-04-24T05:50:07.243 INFO:teuthology.orchestra.run.smithi038.stdout:/usr/bin/ceph: stderr
2024-04-24T05:50:05.980+0000 7f9396a00700 1 -- 172.21.15.38:0/3263111126 shutdown_connections
2024-04-24T05:50:07.243 INFO:teuthology.orchestra.run.smithi038.stdout:/usr/bin/ceph: stderr
2024-04-24T05:50:05.981+0000 7f9396a00700 1 -- 172.21.15.38:0/3263111126 wait complete.
2024-04-24T05:50:07.243 INFO:teuthology.orchestra.run.smithi038.stdout:mgr epoch 9 is available
2024-04-24T05:50:07.243 INFO:teuthology.orchestra.run.smithi038.stdout:Generating a dashboard self-signed certificate...
2024-04-24T05:50:08.024 INFO:journalctl@ceph.mon.smithi038.smithi038.stdout:Apr 24 05:50:08 smithi038 ceph-mon[25276]: [24/Apr/2024:05:50:06] ENGINE Serving on http://172.21.15.38:8765
2024-04-24T05:50:08.025 INFO:journalctl@ceph.mon.smithi038.smithi038.stdout:Apr 24 05:50:08 smithi038 ceph-mon[25276]: [24/Apr/2024:05:50:06] ENGINE Serving on https://172.21.15.38:7150
2024-04-24T05:50:08.025 INFO:journalctl@ceph.mon.smithi038.smithi038.stdout:Apr 24 05:50:08 smithi038 ceph-mon[25276]: [24/Apr/2024:05:50:06] ENGINE Bus STARTED
2024-04-24T05:50:08.025 INFO:journalctl@ceph.mon.smithi038.smithi038.stdout:Apr 24 05:50:08 smithi038 ceph-mon[25276]: mgrmap e12: smithi038.vrfydi(active, since 2s)
2024-04-24T05:50:08.767 INFO:teuthology.orchestra.run.smithi038.stdout:/usr/bin/ceph: stdout Self-signed certificate created
2024-04-24T05:50:08.767 INFO:teuthology.orchestra.run.smithi038.stdout:/usr/bin/ceph: stderr
2024-04-24T05:50:07.770+0000 7fc97c800700 1 Processor -- start
2024-04-24T05:50:08.767 INFO:teuthology.orchestra.run.smithi038.stdout:/usr/bin/ceph: stderr
2024-04-24T05:50:07.770+0000 7fc97c800700 1 -- start start
2024-04-24T05:50:08.767 INFO:teuthology.orchestra.run.smithi038.stdout:/usr/bin/ceph: stderr
2024-04-24T05:50:07.771+0000 7fc97c800700 1 --2- >> [v2:172.21.15.38:3300/0,v1:172.21.15.38:6789/0] conn(0x7fc974105b10 0x7fc974105f20 unknown :-1 s=NONE pgs=0 cs=0 l=0 rev1=0 crypto rx=0 tx=0 comp rx=0 tx=0).connect
2024-04-24T05:50:08.767 INFO:teuthology.orchestra.run.smithi038.stdout:/usr/bin/ceph: stderr
2024-04-24T05:50:07.771+0000 7fc97c800700 1 -- --> [v2:172.21.15.38:3300/0,v1:172.21.15.38:6789/0] -- mon_getmap magic: 0 v1 -- 0x7fc974106460 con 0x7fc974105b10
2024-04-24T05:50:08.767 INFO:teuthology.orchestra.run.smithi038.stdout:/usr/bin/ceph: stderr
2024-04-24T05:50:07.772+0000 7fc979e00700 1 --2- >> [v2:172.21.15.38:3300/0,v1:172.21.15.38:6789/0] conn(0x7fc974105b10 0x7fc974105f20 unknown :-1 s=BANNER_CONNECTING pgs=0 cs=0 l=0 rev1=0 crypto rx=0 tx=0 comp rx=0 tx=0)._handle_peer_banner_payload supported=3 required=0
2024-04-24T05:50:08.768 INFO:teuthology.orchestra.run.smithi038.stdout:/usr/bin/ceph: stderr
2024-04-24T05:50:07.772+0000 7fc979e00700 1 --2- >> [v2:172.21.15.38:3300/0,v1:172.21.15.38:6789/0] conn(0x7fc974105b10 0x7fc974105f20 unknown :-1 s=HELLO_CONNECTING pgs=0 cs=0 l=0 rev1=1 crypto rx=0 tx=0 comp rx=0 tx=0).handle_hello peer v2:172.21.15.38:3300/0 says I am v2:172.21.15.38:42752/0 (socket says 172.21.15.38:42752)
2024-04-24T05:50:08.768 INFO:teuthology.orchestra.run.smithi038.stdout:/usr/bin/ceph: stderr
2024-04-24T05:50:07.772+0000 7fc979e00700 1 -- 172.21.15.38:0/522096090 learned_addr learned my addr 172.21.15.38:0/522096090 (peer_addr_for_me v2:172.21.15.38:0/0)
2024-04-24T05:50:08.768 INFO:teuthology.orchestra.run.smithi038.stdout:/usr/bin/ceph: stderr
2024-04-24T05:50:07.772+0000 7fc979e00700 1 -- 172.21.15.38:0/522096090 --> [v2:172.21.15.38:3300/0,v1:172.21.15.38:6789/0] -- mon_subscribe({config=0+,monmap=0+}) v3 -- 0x7fc9741065a0 con 0x7fc974105b10
2024-04-24T05:50:08.768 INFO:teuthology.orchestra.run.smithi038.stdout:/usr/bin/ceph: stderr
2024-04-24T05:50:07.773+0000 7fc979e00700 1 --2- 172.21.15.38:0/522096090 >> [v2:172.21.15.38:3300/0,v1:172.21.15.38:6789/0] conn(0x7fc974105b10 0x7fc974105f20 secure :-1 s=READY pgs=82 cs=0 l=1 rev1=1 crypto rx=0x7fc9680098a0 tx=0x7fc968009bb0 comp rx=0 tx=0).ready entity=mon.0 client_cookie=4f62c9c7ffd103d7 server_cookie=0 in_seq=0 out_seq=0
2024-04-24T05:50:08.768 INFO:teuthology.orchestra.run.smithi038.stdout:/usr/bin/ceph: stderr
2024-04-24T05:50:07.773+0000 7fc978a00700 1 -- 172.21.15.38:0/522096090 <== mon.0 v2:172.21.15.38:3300/0 1 ==== mon_map magic: 0 v1 ==== 229+0+0 (secure 0 0 0) 0x7fc968004180 con 0x7fc974105b10
2024-04-24T05:50:08.768 INFO:teuthology.orchestra.run.smithi038.stdout:/usr/bin/ceph: stderr
2024-04-24T05:50:07.773+0000 7fc978a00700 1 -- 172.21.15.38:0/522096090 <== mon.0 v2:172.21.15.38:3300/0 2 ==== config(27 keys) v1 ==== 1101+0+0 (secure 0 0 0) 0x7fc9680042e0 con 0x7fc974105b10
2024-04-24T05:50:08.768 INFO:teuthology.orchestra.run.smithi038.stdout:/usr/bin/ceph: stderr
2024-04-24T05:50:07.773+0000 7fc978a00700 1 -- 172.21.15.38:0/522096090 <== mon.0 v2:172.21.15.38:3300/0 3 ==== mon_map magic: 0 v1 ==== 229+0+0 (secure 0 0 0) 0x7fc968011af0 con 0x7fc974105b10
2024-04-24T05:50:08.768 INFO:teuthology.orchestra.run.smithi038.stdout:/usr/bin/ceph: stderr
2024-04-24T05:50:07.774+0000 7fc97c800700 1 -- 172.21.15.38:0/522096090 >> [v2:172.21.15.38:3300/0,v1:172.21.15.38:6789/0] conn(0x7fc974105b10 msgr2=0x7fc974105f20 secure :-1 s=STATE_CONNECTION_ESTABLISHED l=1).mark_down
2024-04-24T05:50:08.768 INFO:teuthology.orchestra.run.smithi038.stdout:/usr/bin/ceph: stderr
2024-04-24T05:50:07.774+0000 7fc97c800700 1 --2- 172.21.15.38:0/522096090 >> [v2:172.21.15.38:3300/0,v1:172.21.15.38:6789/0] conn(0x7fc974105b10 0x7fc974105f20 secure :-1 s=READY pgs=82 cs=0 l=1 rev1=1 crypto rx=0x7fc9680098a0 tx=0x7fc968009bb0 comp rx=0 tx=0).stop
2024-04-24T05:50:08.768 INFO:teuthology.orchestra.run.smithi038.stdout:/usr/bin/ceph: stderr
2024-04-24T05:50:07.774+0000 7fc97c800700 1 -- 172.21.15.38:0/522096090 shutdown_connections
2024-04-24T05:50:08.768 INFO:teuthology.orchestra.run.smithi038.stdout:/usr/bin/ceph: stderr
2024-04-24T05:50:07.774+0000 7fc97c800700 1 --2- 172.21.15.38:0/522096090 >> [v2:172.21.15.38:3300/0,v1:172.21.15.38:6789/0] conn(0x7fc974105b10 0x7fc974105f20 unknown :-1 s=CLOSED pgs=82 cs=0 l=1 rev1=1 crypto rx=0 tx=0 comp rx=0 tx=0).stop
2024-04-24T05:50:08.768 INFO:teuthology.orchestra.run.smithi038.stdout:/usr/bin/ceph: stderr
2024-04-24T05:50:07.774+0000 7fc97c800700 1 -- 172.21.15.38:0/522096090 >> 172.21.15.38:0/522096090 conn(0x7fc974101160 msgr2=0x7fc974103590 unknown :-1 s=STATE_NONE l=0).mark_down
2024-04-24T05:50:08.768 INFO:teuthology.orchestra.run.smithi038.stdout:/usr/bin/ceph: stderr
2024-04-24T05:50:07.774+0000 7fc97c800700 1 -- 172.21.15.38:0/522096090 shutdown_connections
2024-04-24T05:50:08.769 INFO:teuthology.orchestra.run.smithi038.stdout:/usr/bin/ceph: stderr
2024-04-24T05:50:07.774+0000 7fc97c800700 1 -- 172.21.15.38:0/522096090 wait complete.
2024-04-24T05:50:08.769 INFO:teuthology.orchestra.run.smithi038.stdout:/usr/bin/ceph: stderr
2024-04-24T05:50:07.775+0000 7fc97c800700 1 Processor -- start
2024-04-24T05:50:08.769 INFO:teuthology.orchestra.run.smithi038.stdout:/usr/bin/ceph: stderr
2024-04-24T05:50:07.775+0000 7fc97c800700 1 -- start start
2024-04-24T05:50:08.769 INFO:teuthology.orchestra.run.smithi038.stdout:/usr/bin/ceph: stderr
2024-04-24T05:50:07.776+0000 7fc97c800700 1 --2- >> [v2:172.21.15.38:3300/0,v1:172.21.15.38:6789/0] conn(0x7fc974105b10 0x7fc974199870 unknown :-1 s=NONE pgs=0 cs=0 l=1 rev1=0 crypto rx=0 tx=0 comp rx=0 tx=0).connect
2024-04-24T05:50:08.769 INFO:teuthology.orchestra.run.smithi038.stdout:/usr/bin/ceph: stderr
2024-04-24T05:50:07.776+0000 7fc97c800700 1 -- --> [v2:172.21.15.38:3300/0,v1:172.21.15.38:6789/0] -- mon_getmap magic: 0 v1 -- 0x7fc974199db0 con 0x7fc974105b10
2024-04-24T05:50:08.769 INFO:teuthology.orchestra.run.smithi038.stdout:/usr/bin/ceph: stderr
2024-04-24T05:50:07.776+0000 7fc979e00700 1 --2- >> [v2:172.21.15.38:3300/0,v1:172.21.15.38:6789/0] conn(0x7fc974105b10 0x7fc974199870 unknown :-1 s=BANNER_CONNECTING pgs=0 cs=0 l=1 rev1=0 crypto rx=0 tx=0 comp rx=0 tx=0)._handle_peer_banner_payload supported=3 required=0
2024-04-24T05:50:08.769 INFO:teuthology.orchestra.run.smithi038.stdout:/usr/bin/ceph: stderr
2024-04-24T05:50:07.776+0000 7fc979e00700 1 --2- >> [v2:172.21.15.38:3300/0,v1:172.21.15.38:6789/0] conn(0x7fc974105b10 0x7fc974199870 unknown :-1 s=HELLO_CONNECTING pgs=0 cs=0 l=1 rev1=1 crypto rx=0 tx=0 comp rx=0 tx=0).handle_hello peer v2:172.21.15.38:3300/0 says I am v2:172.21.15.38:42768/0 (socket says 172.21.15.38:42768)
2024-04-24T05:50:08.769 INFO:teuthology.orchestra.run.smithi038.stdout:/usr/bin/ceph: stderr
2024-04-24T05:50:07.776+0000 7fc979e00700 1 -- 172.21.15.38:0/1027244245 learned_addr learned my addr 172.21.15.38:0/1027244245 (peer_addr_for_me v2:172.21.15.38:0/0)
2024-04-24T05:50:08.769 INFO:teuthology.orchestra.run.smithi038.stdout:/usr/bin/ceph: stderr
2024-04-24T05:50:07.776+0000 7fc979e00700 1 -- 172.21.15.38:0/1027244245 --> [v2:172.21.15.38:3300/0,v1:172.21.15.38:6789/0] -- mon_subscribe({config=0+,monmap=0+}) v3 -- 0x7fc968009550 con 0x7fc974105b10
2024-04-24T05:50:08.769 INFO:teuthology.orchestra.run.smithi038.stdout:/usr/bin/ceph: stderr
2024-04-24T05:50:07.777+0000 7fc979e00700 1 --2- 172.21.15.38:0/1027244245 >> [v2:172.21.15.38:3300/0,v1:172.21.15.38:6789/0] conn(0x7fc974105b10 0x7fc974199870 secure :-1 s=READY pgs=83 cs=0 l=1 rev1=1 crypto rx=0x7fc968011ad0 tx=0x7fc968011bb0 comp rx=0 tx=0).ready entity=mon.0 client_cookie=0 server_cookie=0 in_seq=0 out_seq=0
2024-04-24T05:50:08.769 INFO:teuthology.orchestra.run.smithi038.stdout:/usr/bin/ceph: stderr
2024-04-24T05:50:07.777+0000 7fc96ea00700 1 -- 172.21.15.38:0/1027244245 <== mon.0 v2:172.21.15.38:3300/0 1 ==== mon_map magic: 0 v1 ==== 229+0+0 (secure 0 0 0) 0x7fc968003ab0 con 0x7fc974105b10
2024-04-24T05:50:08.769 INFO:teuthology.orchestra.run.smithi038.stdout:/usr/bin/ceph: stderr
2024-04-24T05:50:07.777+0000 7fc96ea00700 1 -- 172.21.15.38:0/1027244245 <== mon.0 v2:172.21.15.38:3300/0 2 ==== config(27 keys) v1 ==== 1101+0+0 (secure 0 0 0) 0x7fc968003c10 con 0x7fc974105b10
2024-04-24T05:50:08.769 INFO:teuthology.orchestra.run.smithi038.stdout:/usr/bin/ceph: stderr
2024-04-24T05:50:07.777+0000 7fc96ea00700 1 -- 172.21.15.38:0/1027244245 <== mon.0 v2:172.21.15.38:3300/0 3 ==== mon_map magic: 0 v1 ==== 229+0+0 (secure 0 0 0) 0x7fc9680198e0 con 0x7fc974105b10
2024-04-24T05:50:08.769 INFO:teuthology.orchestra.run.smithi038.stdout:/usr/bin/ceph: stderr
2024-04-24T05:50:07.777+0000 7fc97c800700 1 -- 172.21.15.38:0/1027244245 --> [v2:172.21.15.38:3300/0,v1:172.21.15.38:6789/0] -- mon_subscribe({mgrmap=0+}) v3 -- 0x7fc974199fb0 con 0x7fc974105b10
2024-04-24T05:50:08.770 INFO:teuthology.orchestra.run.smithi038.stdout:/usr/bin/ceph: stderr
2024-04-24T05:50:07.777+0000 7fc97c800700 1 -- 172.21.15.38:0/1027244245 --> [v2:172.21.15.38:3300/0,v1:172.21.15.38:6789/0] -- mon_subscribe({osdmap=0}) v3 -- 0x7fc97419a3d0 con 0x7fc974105b10
2024-04-24T05:50:08.770 INFO:teuthology.orchestra.run.smithi038.stdout:/usr/bin/ceph: stderr
2024-04-24T05:50:07.778+0000 7fc97c800700 1 -- 172.21.15.38:0/1027244245 --> [v2:172.21.15.38:3300/0,v1:172.21.15.38:6789/0] -- mon_command({"prefix": "get_command_descriptions"} v 0) v1 -- 0x7fc974062380 con 0x7fc974105b10
2024-04-24T05:50:08.770 INFO:teuthology.orchestra.run.smithi038.stdout:/usr/bin/ceph: stderr
2024-04-24T05:50:07.779+0000 7fc96ea00700 1 -- 172.21.15.38:0/1027244245 <== mon.0 v2:172.21.15.38:3300/0 4 ==== mgrmap(e 11) v1 ==== 44991+0+0 (secure 0 0 0) 0x7fc968019b10 con 0x7fc974105b10
2024-04-24T05:50:08.770 INFO:teuthology.orchestra.run.smithi038.stdout:/usr/bin/ceph: stderr
2024-04-24T05:50:07.779+0000 7fc96ea00700 1 --2- 172.21.15.38:0/1027244245 >> [v2:172.21.15.38:6800/3927590334,v1:172.21.15.38:6801/3927590334] conn(0x7fc95c038320 0x7fc95c03a7d0 unknown :-1 s=NONE pgs=0 cs=0 l=1 rev1=0 crypto rx=0 tx=0 comp rx=0 tx=0).connect
2024-04-24T05:50:08.770 INFO:teuthology.orchestra.run.smithi038.stdout:/usr/bin/ceph: stderr
2024-04-24T05:50:07.779+0000 7fc96ea00700 1 -- 172.21.15.38:0/1027244245 <== mon.0 v2:172.21.15.38:3300/0 5 ==== osd_map(3..3 src has 1..3) v4 ==== 1155+0+0 (secure 0 0 0) 0x7fc96804c1d0 con 0x7fc974105b10
2024-04-24T05:50:08.770 INFO:teuthology.orchestra.run.smithi038.stdout:/usr/bin/ceph: stderr
2024-04-24T05:50:07.780+0000 7fc979400700 1 --2- 172.21.15.38:0/1027244245 >> [v2:172.21.15.38:6800/3927590334,v1:172.21.15.38:6801/3927590334] conn(0x7fc95c038320 0x7fc95c03a7d0 unknown :-1 s=BANNER_CONNECTING pgs=0 cs=0 l=1 rev1=0 crypto rx=0 tx=0 comp rx=0 tx=0)._handle_peer_banner_payload supported=3 required=0
2024-04-24T05:50:08.770 INFO:teuthology.orchestra.run.smithi038.stdout:/usr/bin/ceph: stderr
2024-04-24T05:50:07.780+0000 7fc979400700 1 --2- 172.21.15.38:0/1027244245 >> [v2:172.21.15.38:6800/3927590334,v1:172.21.15.38:6801/3927590334] conn(0x7fc95c038320 0x7fc95c03a7d0 secure :-1 s=READY pgs=7 cs=0 l=1 rev1=1 crypto rx=0x7fc964006fd0 tx=0x7fc964006e40 comp rx=0 tx=0).ready entity=mgr.14164 client_cookie=0 server_cookie=0 in_seq=0 out_seq=0
2024-04-24T05:50:08.770 INFO:teuthology.orchestra.run.smithi038.stdout:/usr/bin/ceph: stderr
2024-04-24T05:50:07.785+0000 7fc96ea00700 1 -- 172.21.15.38:0/1027244245 <== mon.0 v2:172.21.15.38:3300/0 6 ==== mon_command_ack([{"prefix": "get_command_descriptions"}]=0 v0) v1 ==== 72+0+177933 (secure 0 0 0) 0x7fc96801a430 con 0x7fc974105b10
2024-04-24T05:50:08.770 INFO:teuthology.orchestra.run.smithi038.stdout:/usr/bin/ceph: stderr
2024-04-24T05:50:07.948+0000 7fc96ea00700 1 -- 172.21.15.38:0/1027244245 <== mon.0 v2:172.21.15.38:3300/0 7 ==== mgrmap(e 12) v1 ==== 45097+0+0 (secure 0 0 0) 0x7fc96801a7b0 con 0x7fc974105b10
2024-04-24T05:50:08.770 INFO:teuthology.orchestra.run.smithi038.stdout:/usr/bin/ceph: stderr
2024-04-24T05:50:08.038+0000 7fc97c800700 1 -- 172.21.15.38:0/1027244245 --> [v2:172.21.15.38:6800/3927590334,v1:172.21.15.38:6801/3927590334] -- mgr_command(tid 0: {"prefix": "dashboard create-self-signed-cert", "target": ["mon-mgr", ""]}) v1 -- 0x7fc974102620 con 0x7fc95c038320
2024-04-24T05:50:08.770 INFO:teuthology.orchestra.run.smithi038.stdout:/usr/bin/ceph: stderr
2024-04-24T05:50:08.131+0000 7fc96ea00700 1 -- 172.21.15.38:0/1027244245 <== mgr.14164 v2:172.21.15.38:6800/3927590334 1 ==== mgr_command_reply(tid 0: 0 ) v1 ==== 8+0+32 (secure 0 0 0) 0x7fc974102620 con 0x7fc95c038320
2024-04-24T05:50:08.770 INFO:teuthology.orchestra.run.smithi038.stdout:/usr/bin/ceph: stderr
2024-04-24T05:50:08.134+0000 7fc97c800700 1 -- 172.21.15.38:0/1027244245 >> [v2:172.21.15.38:6800/3927590334,v1:172.21.15.38:6801/3927590334] conn(0x7fc95c038320 msgr2=0x7fc95c03a7d0 secure :-1 s=STATE_CONNECTION_ESTABLISHED l=1).mark_down
2024-04-24T05:50:08.770 INFO:teuthology.orchestra.run.smithi038.stdout:/usr/bin/ceph: stderr
2024-04-24T05:50:08.134+0000 7fc97c800700 1 --2- 172.21.15.38:0/1027244245 >> [v2:172.21.15.38:6800/3927590334,v1:172.21.15.38:6801/3927590334] conn(0x7fc95c038320 0x7fc95c03a7d0 secure :-1 s=READY pgs=7 cs=0 l=1 rev1=1 crypto rx=0x7fc964006fd0 tx=0x7fc964006e40 comp rx=0 tx=0).stop
2024-04-24T05:50:08.771 INFO:teuthology.orchestra.run.smithi038.stdout:/usr/bin/ceph: stderr
2024-04-24T05:50:08.134+0000 7fc97c800700 1 -- 172.21.15.38:0/1027244245 >> [v2:172.21.15.38:3300/0,v1:172.21.15.38:6789/0] conn(0x7fc974105b10 msgr2=0x7fc974199870 secure :-1 s=STATE_CONNECTION_ESTABLISHED l=1).mark_down
2024-04-24T05:50:08.771 INFO:teuthology.orchestra.run.smithi038.stdout:/usr/bin/ceph: stderr
2024-04-24T05:50:08.134+0000 7fc97c800700 1 --2- 172.21.15.38:0/1027244245 >> [v2:172.21.15.38:3300/0,v1:172.21.15.38:6789/0] conn(0x7fc974105b10 0x7fc974199870 secure :-1 s=READY pgs=83 cs=0 l=1 rev1=1 crypto rx=0x7fc968011ad0 tx=0x7fc968011bb0 comp rx=0 tx=0).stop
2024-04-24T05:50:08.771 INFO:teuthology.orchestra.run.smithi038.stdout:/usr/bin/ceph: stderr
2024-04-24T05:50:08.134+0000 7fc97c800700 1 -- 172.21.15.38:0/1027244245 shutdown_connections
2024-04-24T05:50:08.771 INFO:teuthology.orchestra.run.smithi038.stdout:/usr/bin/ceph: stderr
2024-04-24T05:50:08.134+0000 7fc97c800700 1 --2- 172.21.15.38:0/1027244245 >> [v2:172.21.15.38:6800/3927590334,v1:172.21.15.38:6801/3927590334] conn(0x7fc95c038320 0x7fc95c03a7d0 unknown :-1 s=CLOSED pgs=7 cs=0 l=1 rev1=1 crypto rx=0 tx=0 comp rx=0 tx=0).stop
2024-04-24T05:50:08.771 INFO:teuthology.orchestra.run.smithi038.stdout:/usr/bin/ceph: stderr
2024-04-24T05:50:08.134+0000 7fc97c800700 1 --2- 172.21.15.38:0/1027244245 >> [v2:172.21.15.38:3300/0,v1:172.21.15.38:6789/0] conn(0x7fc974105b10 0x7fc974199870 unknown :-1 s=CLOSED pgs=83 cs=0 l=1 rev1=1 crypto rx=0 tx=0 comp rx=0 tx=0).stop
2024-04-24T05:50:08.771 INFO:teuthology.orchestra.run.smithi038.stdout:/usr/bin/ceph: stderr
2024-04-24T05:50:08.134+0000 7fc97c800700 1 -- 172.21.15.38:0/1027244245 >> 172.21.15.38:0/1027244245 conn(0x7fc974101160 msgr2=0x7fc974101f10 unknown :-1 s=STATE_NONE l=0).mark_down
2024-04-24T05:50:08.771 INFO:teuthology.orchestra.run.smithi038.stdout:/usr/bin/ceph: stderr
2024-04-24T05:50:08.134+0000 7fc97c800700 1 -- 172.21.15.38:0/1027244245 shutdown_connections
2024-04-24T05:50:08.771 INFO:teuthology.orchestra.run.smithi038.stdout:/usr/bin/ceph: stderr
2024-04-24T05:50:08.135+0000 7fc97c800700 1 -- 172.21.15.38:0/1027244245 wait complete.
2024-04-24T05:50:08.771 INFO:teuthology.orchestra.run.smithi038.stdout:Creating initial admin user...
2024-04-24T05:50:09.274 INFO:journalctl@ceph.mon.smithi038.smithi038.stdout:Apr 24 05:50:09 smithi038 ceph-mon[25276]: from='client.14176 -' entity='client.admin' cmd=[{"prefix": "dashboard create-self-signed-cert", "target": ["mon-mgr", ""]}]: dispatch
2024-04-24T05:50:09.274 INFO:journalctl@ceph.mon.smithi038.smithi038.stdout:Apr 24 05:50:09 smithi038 ceph-mon[25276]: from='mgr.14164 172.21.15.38:0/1921794964' entity='mgr.smithi038.vrfydi'
2024-04-24T05:50:09.274 INFO:journalctl@ceph.mon.smithi038.smithi038.stdout:Apr 24 05:50:09 smithi038 ceph-mon[25276]: from='mgr.14164 172.21.15.38:0/1921794964' entity='mgr.smithi038.vrfydi'
2024-04-24T05:50:09.275 INFO:journalctl@ceph.mon.smithi038.smithi038.stdout:Apr 24 05:50:09 smithi038 ceph-mon[25276]: from='mgr.14164 172.21.15.38:0/1921794964' entity='mgr.smithi038.vrfydi'
2024-04-24T05:50:11.117 INFO:journalctl@ceph.mon.smithi038.smithi038.stdout:Apr 24 05:50:10 smithi038 ceph-mon[25276]: from='client.14178 -' entity='client.admin' cmd=[{"prefix": "dashboard ac-user-create", "username": "admin", "rolename": "administrator", "force_password": true, "pwd_update_required": true, "target": ["mon-mgr", ""]}]: dispatch
2024-04-24T05:50:11.117 INFO:journalctl@ceph.mon.smithi038.smithi038.stdout:Apr 24 05:50:10 smithi038 ceph-mon[25276]: from='mgr.14164 172.21.15.38:0/1921794964' entity='mgr.smithi038.vrfydi'
2024-04-24T05:50:11.425 INFO:teuthology.orchestra.run.smithi038.stdout:/usr/bin/ceph: stdout {"username": "admin", "password": "$2b$12$dAjxhTxpdRwb09hFGN3jAeFC5WI9uBkHUt/x2YOpzo/LnJhqrroB.", "roles": ["administrator"], "name": null, "email": null, "lastUpdate": 1713937809, "enabled": true, "pwdExpirationDate": null, "pwdUpdateRequired": true}
2024-04-24T05:50:11.425 INFO:teuthology.orchestra.run.smithi038.stdout:/usr/bin/ceph: stderr
2024-04-24T05:50:09.403+0000 7f5a98a00700 1 Processor -- start
2024-04-24T05:50:11.426 INFO:teuthology.orchestra.run.smithi038.stdout:/usr/bin/ceph: stderr
2024-04-24T05:50:09.403+0000 7f5a98a00700 1 -- start start
2024-04-24T05:50:11.426 INFO:teuthology.orchestra.run.smithi038.stdout:/usr/bin/ceph: stderr
2024-04-24T05:50:09.403+0000 7f5a98a00700 1 --2- >> [v2:172.21.15.38:3300/0,v1:172.21.15.38:6789/0] conn(0x7f5a94105920 0x7f5a94105d30 unknown :-1 s=NONE pgs=0 cs=0 l=0 rev1=0 crypto rx=0 tx=0 comp rx=0 tx=0).connect
2024-04-24T05:50:11.428 INFO:teuthology.orchestra.run.smithi038.stdout:/usr/bin/ceph: stderr
2024-04-24T05:50:09.404+0000 7f5a98a00700 1 -- --> [v2:172.21.15.38:3300/0,v1:172.21.15.38:6789/0] -- mon_getmap magic: 0 v1 -- 0x7f5a94106270 con 0x7f5a94105920
2024-04-24T05:50:11.428 INFO:teuthology.orchestra.run.smithi038.stdout:/usr/bin/ceph: stderr
2024-04-24T05:50:09.404+0000 7f5a92800700 1 --2- >> [v2:172.21.15.38:3300/0,v1:172.21.15.38:6789/0] conn(0x7f5a94105920 0x7f5a94105d30 unknown :-1 s=BANNER_CONNECTING pgs=0 cs=0 l=0 rev1=0 crypto rx=0 tx=0 comp rx=0 tx=0)._handle_peer_banner_payload supported=3 required=0
2024-04-24T05:50:11.428 INFO:teuthology.orchestra.run.smithi038.stdout:/usr/bin/ceph: stderr
2024-04-24T05:50:09.404+0000 7f5a92800700 1 --2- >> [v2:172.21.15.38:3300/0,v1:172.21.15.38:6789/0] conn(0x7f5a94105920 0x7f5a94105d30 unknown :-1 s=HELLO_CONNECTING pgs=0 cs=0 l=0 rev1=1 crypto rx=0 tx=0 comp rx=0 tx=0).handle_hello peer v2:172.21.15.38:3300/0 says I am v2:172.21.15.38:38690/0 (socket says 172.21.15.38:38690)
2024-04-24T05:50:11.428 INFO:teuthology.orchestra.run.smithi038.stdout:/usr/bin/ceph: stderr
2024-04-24T05:50:09.404+0000 7f5a92800700 1 -- 172.21.15.38:0/266439338 learned_addr learned my addr 172.21.15.38:0/266439338 (peer_addr_for_me v2:172.21.15.38:0/0)
2024-04-24T05:50:11.428 INFO:teuthology.orchestra.run.smithi038.stdout:/usr/bin/ceph: stderr
2024-04-24T05:50:09.405+0000 7f5a92800700 1 -- 172.21.15.38:0/266439338 --> [v2:172.21.15.38:3300/0,v1:172.21.15.38:6789/0] -- mon_subscribe({config=0+,monmap=0+}) v3 -- 0x7f5a941063b0 con 0x7f5a94105920
2024-04-24T05:50:11.428 INFO:teuthology.orchestra.run.smithi038.stdout:/usr/bin/ceph: stderr
2024-04-24T05:50:09.405+0000 7f5a92800700 1 --2- 172.21.15.38:0/266439338 >> [v2:172.21.15.38:3300/0,v1:172.21.15.38:6789/0] conn(0x7f5a94105920 0x7f5a94105d30 secure :-1 s=READY pgs=84 cs=0 l=1 rev1=1 crypto rx=0x7f5a840098a0 tx=0x7f5a84009bb0 comp rx=0 tx=0).ready entity=mon.0 client_cookie=1afd4c1c6b2af313 server_cookie=0 in_seq=0 out_seq=0
2024-04-24T05:50:11.429 INFO:teuthology.orchestra.run.smithi038.stdout:/usr/bin/ceph: stderr
2024-04-24T05:50:09.405+0000 7f5a91400700 1 -- 172.21.15.38:0/266439338 <== mon.0 v2:172.21.15.38:3300/0 1 ==== mon_map magic: 0 v1 ==== 229+0+0 (secure 0 0 0) 0x7f5a84004180 con 0x7f5a94105920
2024-04-24T05:50:11.429 INFO:teuthology.orchestra.run.smithi038.stdout:/usr/bin/ceph: stderr
2024-04-24T05:50:09.405+0000 7f5a91400700 1 -- 172.21.15.38:0/266439338 <== mon.0 v2:172.21.15.38:3300/0 2 ==== config(27 keys) v1 ==== 1101+0+0 (secure 0 0 0) 0x7f5a840042e0 con 0x7f5a94105920
2024-04-24T05:50:11.429 INFO:teuthology.orchestra.run.smithi038.stdout:/usr/bin/ceph: stderr
2024-04-24T05:50:09.405+0000 7f5a91400700 1 -- 172.21.15.38:0/266439338 <== mon.0 v2:172.21.15.38:3300/0 3 ==== mon_map magic: 0 v1 ==== 229+0+0 (secure 0 0 0) 0x7f5a84011af0 con 0x7f5a94105920
2024-04-24T05:50:11.429 INFO:teuthology.orchestra.run.smithi038.stdout:/usr/bin/ceph: stderr
2024-04-24T05:50:09.406+0000 7f5a98a00700 1 -- 172.21.15.38:0/266439338 >> [v2:172.21.15.38:3300/0,v1:172.21.15.38:6789/0] conn(0x7f5a94105920 msgr2=0x7f5a94105d30 secure :-1 s=STATE_CONNECTION_ESTABLISHED l=1).mark_down
2024-04-24T05:50:11.429 INFO:teuthology.orchestra.run.smithi038.stdout:/usr/bin/ceph: stderr
2024-04-24T05:50:09.406+0000 7f5a98a00700 1 --2- 172.21.15.38:0/266439338 >> [v2:172.21.15.38:3300/0,v1:172.21.15.38:6789/0] conn(0x7f5a94105920 0x7f5a94105d30 secure :-1 s=READY pgs=84 cs=0 l=1 rev1=1 crypto rx=0x7f5a840098a0 tx=0x7f5a84009bb0 comp rx=0 tx=0).stop
2024-04-24T05:50:11.429 INFO:teuthology.orchestra.run.smithi038.stdout:/usr/bin/ceph: stderr
2024-04-24T05:50:09.406+0000 7f5a98a00700 1 -- 172.21.15.38:0/266439338 shutdown_connections
2024-04-24T05:50:11.429 INFO:teuthology.orchestra.run.smithi038.stdout:/usr/bin/ceph: stderr
2024-04-24T05:50:09.406+0000 7f5a98a00700 1 --2- 172.21.15.38:0/266439338 >> [v2:172.21.15.38:3300/0,v1:172.21.15.38:6789/0] conn(0x7f5a94105920 0x7f5a94105d30 unknown :-1 s=CLOSED pgs=84 cs=0 l=1 rev1=1 crypto rx=0 tx=0 comp rx=0 tx=0).stop
2024-04-24T05:50:11.429 INFO:teuthology.orchestra.run.smithi038.stdout:/usr/bin/ceph: stderr
2024-04-24T05:50:09.406+0000 7f5a98a00700 1 -- 172.21.15.38:0/266439338 >> 172.21.15.38:0/266439338 conn(0x7f5a94100f90 msgr2=0x7f5a941033a0 unknown :-1 s=STATE_NONE l=0).mark_down
2024-04-24T05:50:11.429 INFO:teuthology.orchestra.run.smithi038.stdout:/usr/bin/ceph: stderr
2024-04-24T05:50:09.406+0000 7f5a98a00700 1 -- 172.21.15.38:0/266439338 shutdown_connections
2024-04-24T05:50:11.429 INFO:teuthology.orchestra.run.smithi038.stdout:/usr/bin/ceph: stderr
2024-04-24T05:50:09.406+0000 7f5a98a00700 1 -- 172.21.15.38:0/266439338 wait complete.
2024-04-24T05:50:11.429 INFO:teuthology.orchestra.run.smithi038.stdout:/usr/bin/ceph: stderr
2024-04-24T05:50:09.407+0000 7f5a98a00700 1 Processor -- start
2024-04-24T05:50:11.429 INFO:teuthology.orchestra.run.smithi038.stdout:/usr/bin/ceph: stderr
2024-04-24T05:50:09.407+0000 7f5a98a00700 1 -- start start
2024-04-24T05:50:11.429 INFO:teuthology.orchestra.run.smithi038.stdout:/usr/bin/ceph: stderr
2024-04-24T05:50:09.408+0000 7f5a98a00700 1 --2- >> [v2:172.21.15.38:3300/0,v1:172.21.15.38:6789/0] conn(0x7f5a94105920 0x7f5a9419b880 unknown :-1 s=NONE pgs=0 cs=0 l=1 rev1=0 crypto rx=0 tx=0 comp rx=0 tx=0).connect
2024-04-24T05:50:11.429 INFO:teuthology.orchestra.run.smithi038.stdout:/usr/bin/ceph: stderr
2024-04-24T05:50:09.408+0000 7f5a98a00700 1 -- --> [v2:172.21.15.38:3300/0,v1:172.21.15.38:6789/0] -- mon_getmap magic: 0 v1 -- 0x7f5a9419bdc0 con 0x7f5a94105920
2024-04-24T05:50:11.433 INFO:teuthology.orchestra.run.smithi038.stdout:/usr/bin/ceph: stderr
2024-04-24T05:50:09.408+0000 7f5a92800700 1 --2- >> [v2:172.21.15.38:3300/0,v1:172.21.15.38:6789/0] conn(0x7f5a94105920 0x7f5a9419b880 unknown :-1 s=BANNER_CONNECTING pgs=0 cs=0 l=1 rev1=0 crypto rx=0 tx=0 comp rx=0 tx=0)._handle_peer_banner_payload supported=3 required=0
2024-04-24T05:50:11.433 INFO:teuthology.orchestra.run.smithi038.stdout:/usr/bin/ceph: stderr
2024-04-24T05:50:09.408+0000 7f5a92800700 1 --2- >> [v2:172.21.15.38:3300/0,v1:172.21.15.38:6789/0] conn(0x7f5a94105920 0x7f5a9419b880 unknown :-1 s=HELLO_CONNECTING pgs=0 cs=0 l=1 rev1=1 crypto rx=0 tx=0 comp rx=0 tx=0).handle_hello peer v2:172.21.15.38:3300/0 says I am v2:172.21.15.38:38696/0 (socket says 172.21.15.38:38696)
2024-04-24T05:50:11.433 INFO:teuthology.orchestra.run.smithi038.stdout:/usr/bin/ceph: stderr
2024-04-24T05:50:09.408+0000 7f5a92800700 1 -- 172.21.15.38:0/2221514846 learned_addr learned my addr 172.21.15.38:0/2221514846 (peer_addr_for_me v2:172.21.15.38:0/0)
2024-04-24T05:50:11.433 INFO:teuthology.orchestra.run.smithi038.stdout:/usr/bin/ceph: stderr
2024-04-24T05:50:09.408+0000 7f5a92800700 1 -- 172.21.15.38:0/2221514846 --> [v2:172.21.15.38:3300/0,v1:172.21.15.38:6789/0] -- mon_subscribe({config=0+,monmap=0+}) v3 -- 0x7f5a84009550 con 0x7f5a94105920
2024-04-24T05:50:11.433 INFO:teuthology.orchestra.run.smithi038.stdout:/usr/bin/ceph: stderr
2024-04-24T05:50:09.409+0000 7f5a92800700 1 --2- 172.21.15.38:0/2221514846 >> [v2:172.21.15.38:3300/0,v1:172.21.15.38:6789/0] conn(0x7f5a94105920 0x7f5a9419b880 secure :-1 s=READY pgs=85 cs=0 l=1 rev1=1 crypto rx=0x7f5a84011ad0 tx=0x7f5a84011bb0 comp rx=0 tx=0).ready entity=mon.0 client_cookie=0 server_cookie=0 in_seq=0 out_seq=0
2024-04-24T05:50:11.433 INFO:teuthology.orchestra.run.smithi038.stdout:/usr/bin/ceph: stderr
2024-04-24T05:50:09.409+0000 7f5a8b400700 1 -- 172.21.15.38:0/2221514846 <== mon.0 v2:172.21.15.38:3300/0 1 ==== mon_map magic: 0 v1 ==== 229+0+0 (secure 0 0 0) 0x7f5a84003ab0 con 0x7f5a94105920
2024-04-24T05:50:11.433 INFO:teuthology.orchestra.run.smithi038.stdout:/usr/bin/ceph: stderr
2024-04-24T05:50:09.409+0000 7f5a8b400700 1 -- 172.21.15.38:0/2221514846 <== mon.0 v2:172.21.15.38:3300/0 2 ==== config(27 keys) v1 ==== 1101+0+0 (secure 0 0 0) 0x7f5a84003c10 con 0x7f5a94105920
2024-04-24T05:50:11.433 INFO:teuthology.orchestra.run.smithi038.stdout:/usr/bin/ceph: stderr
2024-04-24T05:50:09.409+0000 7f5a8b400700 1 -- 172.21.15.38:0/2221514846 <== mon.0 v2:172.21.15.38:3300/0 3 ==== mon_map magic: 0 v1 ==== 229+0+0 (secure 0 0 0) 0x7f5a840198e0 con 0x7f5a94105920
2024-04-24T05:50:11.433 INFO:teuthology.orchestra.run.smithi038.stdout:/usr/bin/ceph: stderr
2024-04-24T05:50:09.409+0000 7f5a98a00700 1 -- 172.21.15.38:0/2221514846 --> [v2:172.21.15.38:3300/0,v1:172.21.15.38:6789/0] -- mon_subscribe({mgrmap=0+}) v3 -- 0x7f5a9419bfc0 con 0x7f5a94105920
2024-04-24T05:50:11.433 INFO:teuthology.orchestra.run.smithi038.stdout:/usr/bin/ceph: stderr
2024-04-24T05:50:09.409+0000 7f5a98a00700 1 -- 172.21.15.38:0/2221514846 --> [v2:172.21.15.38:3300/0,v1:172.21.15.38:6789/0] -- mon_subscribe({osdmap=0}) v3 -- 0x7f5a9419c3e0 con 0x7f5a94105920
2024-04-24T05:50:11.433 INFO:teuthology.orchestra.run.smithi038.stdout:/usr/bin/ceph: stderr
2024-04-24T05:50:09.411+0000 7f5a8b400700 1 -- 172.21.15.38:0/2221514846 <== mon.0 v2:172.21.15.38:3300/0 4 ==== mgrmap(e 12) v1 ==== 45097+0+0 (secure 0 0 0) 0x7f5a84019b50 con 0x7f5a94105920
2024-04-24T05:50:11.434 INFO:teuthology.orchestra.run.smithi038.stdout:/usr/bin/ceph: stderr
2024-04-24T05:50:09.411+0000 7f5a98a00700 1 -- 172.21.15.38:0/2221514846 --> [v2:172.21.15.38:3300/0,v1:172.21.15.38:6789/0] -- mon_command({"prefix": "get_command_descriptions"} v 0) v1 -- 0x7f5a941956c0 con 0x7f5a94105920
2024-04-24T05:50:11.434 INFO:teuthology.orchestra.run.smithi038.stdout:/usr/bin/ceph: stderr
2024-04-24T05:50:09.412+0000 7f5a8b400700 1 --2- 172.21.15.38:0/2221514846 >> [v2:172.21.15.38:6800/3927590334,v1:172.21.15.38:6801/3927590334] conn(0x7f5a78038490 0x7f5a7803a940 unknown :-1 s=NONE pgs=0 cs=0 l=1 rev1=0 crypto rx=0 tx=0 comp rx=0 tx=0).connect
2024-04-24T05:50:11.434 INFO:teuthology.orchestra.run.smithi038.stdout:/usr/bin/ceph: stderr
2024-04-24T05:50:09.412+0000 7f5a8b400700 1 -- 172.21.15.38:0/2221514846 <== mon.0 v2:172.21.15.38:3300/0 5 ==== osd_map(3..3 src has 1..3) v4 ==== 1155+0+0 (secure 0 0 0) 0x7f5a8404c300 con 0x7f5a94105920
2024-04-24T05:50:11.434 INFO:teuthology.orchestra.run.smithi038.stdout:/usr/bin/ceph: stderr
2024-04-24T05:50:09.412+0000 7f5a91e00700 1 --2- 172.21.15.38:0/2221514846 >> [v2:172.21.15.38:6800/3927590334,v1:172.21.15.38:6801/3927590334] conn(0x7f5a78038490 0x7f5a7803a940 unknown :-1 s=BANNER_CONNECTING pgs=0 cs=0 l=1 rev1=0 crypto rx=0 tx=0 comp rx=0 tx=0)._handle_peer_banner_payload supported=3 required=0
2024-04-24T05:50:11.434 INFO:teuthology.orchestra.run.smithi038.stdout:/usr/bin/ceph: stderr
2024-04-24T05:50:09.413+0000 7f5a91e00700 1 --2- 172.21.15.38:0/2221514846 >> [v2:172.21.15.38:6800/3927590334,v1:172.21.15.38:6801/3927590334] conn(0x7f5a78038490 0x7f5a7803a940 secure :-1 s=READY pgs=8 cs=0 l=1 rev1=1 crypto rx=0x7f5a80006fd0 tx=0x7f5a80006e40 comp rx=0 tx=0).ready entity=mgr.14164 client_cookie=0 server_cookie=0 in_seq=0 out_seq=0
2024-04-24T05:50:11.434 INFO:teuthology.orchestra.run.smithi038.stdout:/usr/bin/ceph: stderr
2024-04-24T05:50:09.418+0000 7f5a8b400700 1 -- 172.21.15.38:0/2221514846 <== mon.0 v2:172.21.15.38:3300/0 6 ==== mon_command_ack([{"prefix": "get_command_descriptions"}]=0 v0) v1 ==== 72+0+177933 (secure 0 0 0) 0x7f5a8401a430 con 0x7f5a94105920
2024-04-24T05:50:11.434 INFO:teuthology.orchestra.run.smithi038.stdout:/usr/bin/ceph: stderr
2024-04-24T05:50:09.675+0000 7f5a98a00700 1 -- 172.21.15.38:0/2221514846 --> [v2:172.21.15.38:6800/3927590334,v1:172.21.15.38:6801/3927590334] -- mgr_command(tid 0: {"prefix": "dashboard ac-user-create", "username": "admin", "rolename": "administrator", "force_password": true, "pwd_update_required": true, "target": ["mon-mgr", ""]}) v1 -- 0x7f5a941077d0 con 0x7f5a78038490
2024-04-24T05:50:11.434 INFO:teuthology.orchestra.run.smithi038.stdout:/usr/bin/ceph: stderr
2024-04-24T05:50:09.970+0000 7f5a8b400700 1 -- 172.21.15.38:0/2221514846 <== mgr.14164 v2:172.21.15.38:6800/3927590334 1 ==== mgr_command_reply(tid 0: 0 ) v1 ==== 8+0+252 (secure 0 0 0) 0x7f5a941077d0 con 0x7f5a78038490
2024-04-24T05:50:11.434 INFO:teuthology.orchestra.run.smithi038.stdout:/usr/bin/ceph: stderr
2024-04-24T05:50:09.973+0000 7f5a98a00700 1 -- 172.21.15.38:0/2221514846 >> [v2:172.21.15.38:6800/3927590334,v1:172.21.15.38:6801/3927590334] conn(0x7f5a78038490 msgr2=0x7f5a7803a940 secure :-1 s=STATE_CONNECTION_ESTABLISHED l=1).mark_down
2024-04-24T05:50:11.434 INFO:teuthology.orchestra.run.smithi038.stdout:/usr/bin/ceph: stderr
2024-04-24T05:50:09.973+0000 7f5a98a00700 1 --2- 172.21.15.38:0/2221514846 >> [v2:172.21.15.38:6800/3927590334,v1:172.21.15.38:6801/3927590334] conn(0x7f5a78038490 0x7f5a7803a940 secure :-1 s=READY pgs=8 cs=0 l=1 rev1=1 crypto rx=0x7f5a80006fd0 tx=0x7f5a80006e40 comp rx=0 tx=0).stop
2024-04-24T05:50:11.434 INFO:teuthology.orchestra.run.smithi038.stdout:/usr/bin/ceph: stderr
2024-04-24T05:50:09.973+0000 7f5a98a00700 1 -- 172.21.15.38:0/2221514846 >> [v2:172.21.15.38:3300/0,v1:172.21.15.38:6789/0] conn(0x7f5a94105920 msgr2=0x7f5a9419b880 secure :-1 s=STATE_CONNECTION_ESTABLISHED l=1).mark_down
2024-04-24T05:50:11.435 INFO:teuthology.orchestra.run.smithi038.stdout:/usr/bin/ceph: stderr
2024-04-24T05:50:09.973+0000 7f5a98a00700 1 --2- 172.21.15.38:0/2221514846 >> [v2:172.21.15.38:3300/0,v1:172.21.15.38:6789/0] conn(0x7f5a94105920 0x7f5a9419b880 secure :-1 s=READY pgs=85 cs=0 l=1 rev1=1 crypto rx=0x7f5a84011ad0 tx=0x7f5a84011bb0 comp rx=0 tx=0).stop
2024-04-24T05:50:11.435 INFO:teuthology.orchestra.run.smithi038.stdout:/usr/bin/ceph: stderr
2024-04-24T05:50:09.973+0000 7f5a98a00700 1 -- 172.21.15.38:0/2221514846 shutdown_connections
2024-04-24T05:50:11.435 INFO:teuthology.orchestra.run.smithi038.stdout:/usr/bin/ceph: stderr
2024-04-24T05:50:09.973+0000 7f5a98a00700 1 --2- 172.21.15.38:0/2221514846 >> [v2:172.21.15.38:6800/3927590334,v1:172.21.15.38:6801/3927590334] conn(0x7f5a78038490 0x7f5a7803a940 unknown :-1 s=CLOSED pgs=8 cs=0 l=1 rev1=1 crypto rx=0 tx=0 comp rx=0 tx=0).stop
2024-04-24T05:50:11.435 INFO:teuthology.orchestra.run.smithi038.stdout:/usr/bin/ceph: stderr
2024-04-24T05:50:09.973+0000 7f5a98a00700 1 --2- 172.21.15.38:0/2221514846 >> [v2:172.21.15.38:3300/0,v1:172.21.15.38:6789/0] conn(0x7f5a94105920 0x7f5a9419b880 unknown :-1 s=CLOSED pgs=85 cs=0 l=1 rev1=1 crypto rx=0 tx=0 comp rx=0 tx=0).stop
2024-04-24T05:50:11.435 INFO:teuthology.orchestra.run.smithi038.stdout:/usr/bin/ceph: stderr
2024-04-24T05:50:09.973+0000 7f5a98a00700 1 -- 172.21.15.38:0/2221514846 >> 172.21.15.38:0/2221514846 conn(0x7f5a94100f90 msgr2=0x7f5a94109330 unknown :-1 s=STATE_NONE l=0).mark_down
2024-04-24T05:50:11.435 INFO:teuthology.orchestra.run.smithi038.stdout:/usr/bin/ceph: stderr
