2024-04-24T05:49:53.659+0000 7fcfa8c00700 1 -- 172.21.15.38:0/1375885133 --> [v2:172.21.15.38:3300/0,v1:172.21.15.38:6789/0] -- mon_subscribe({mgrmap=0+}) v3 -- 0x7fcfa41a05b0 con 0x7fcfa40802e0
2024-04-24T05:49:54.543 INFO:teuthology.orchestra.run.smithi038.stdout:/usr/bin/ceph: stderr
2024-04-24T05:49:53.659+0000 7fcfa8c00700 1 -- 172.21.15.38:0/1375885133 --> [v2:172.21.15.38:3300/0,v1:172.21.15.38:6789/0] -- mon_subscribe({osdmap=0}) v3 -- 0x7fcfa41a09d0 con 0x7fcfa40802e0
2024-04-24T05:49:54.543 INFO:teuthology.orchestra.run.smithi038.stdout:/usr/bin/ceph: stderr
2024-04-24T05:49:53.660+0000 7fcfa8c00700 1 -- 172.21.15.38:0/1375885133 --> [v2:172.21.15.38:3300/0,v1:172.21.15.38:6789/0] -- mon_command({"prefix": "get_command_descriptions"} v 0) v1 -- 0x7fcfa4062380 con 0x7fcfa40802e0
2024-04-24T05:49:54.543 INFO:teuthology.orchestra.run.smithi038.stdout:/usr/bin/ceph: stderr
2024-04-24T05:49:53.660+0000 7fcf9aa00700 1 -- 172.21.15.38:0/1375885133 <== mon.0 v2:172.21.15.38:3300/0 4 ==== mgrmap(e 8) v1 ==== 45084+0+0 (secure 0 0 0) 0x7fcf94023b30 con 0x7fcfa40802e0
2024-04-24T05:49:54.543 INFO:teuthology.orchestra.run.smithi038.stdout:/usr/bin/ceph: stderr
2024-04-24T05:49:53.661+0000 7fcf9aa00700 1 --2- 172.21.15.38:0/1375885133 >> [v2:172.21.15.38:6800/361983707,v1:172.21.15.38:6801/361983707] conn(0x7fcf88038440 0x7fcf8803a8f0 unknown :-1 s=NONE pgs=0 cs=0 l=1 rev1=0 crypto rx=0 tx=0 comp rx=0 tx=0).connect
2024-04-24T05:49:54.543 INFO:teuthology.orchestra.run.smithi038.stdout:/usr/bin/ceph: stderr
2024-04-24T05:49:53.661+0000 7fcf9aa00700 1 -- 172.21.15.38:0/1375885133 <== mon.0 v2:172.21.15.38:3300/0 5 ==== osd_map(2..2 src has 1..2) v4 ==== 940+0+0 (secure 0 0 0) 0x7fcf9404c220 con 0x7fcfa40802e0
2024-04-24T05:49:54.543 INFO:teuthology.orchestra.run.smithi038.stdout:/usr/bin/ceph: stderr
2024-04-24T05:49:53.661+0000 7fcfa1400700 1 --2- 172.21.15.38:0/1375885133 >> [v2:172.21.15.38:6800/361983707,v1:172.21.15.38:6801/361983707] conn(0x7fcf88038440 0x7fcf8803a8f0 unknown :-1 s=BANNER_CONNECTING pgs=0 cs=0 l=1 rev1=0 crypto rx=0 tx=0 comp rx=0 tx=0)._handle_peer_banner_payload supported=3 required=0
2024-04-24T05:49:54.543 INFO:teuthology.orchestra.run.smithi038.stdout:/usr/bin/ceph: stderr
2024-04-24T05:49:53.662+0000 7fcfa1400700 1 --2- 172.21.15.38:0/1375885133 >> [v2:172.21.15.38:6800/361983707,v1:172.21.15.38:6801/361983707] conn(0x7fcf88038440 0x7fcf8803a8f0 secure :-1 s=READY pgs=21 cs=0 l=1 rev1=1 crypto rx=0x7fcf90006fd0 tx=0x7fcf90006e40 comp rx=0 tx=0).ready entity=mgr.14120 client_cookie=0 server_cookie=0 in_seq=0 out_seq=0
2024-04-24T05:49:54.544 INFO:teuthology.orchestra.run.smithi038.stdout:/usr/bin/ceph: stderr
2024-04-24T05:49:53.666+0000 7fcf9aa00700 1 -- 172.21.15.38:0/1375885133 <== mon.0 v2:172.21.15.38:3300/0 6 ==== mon_command_ack([{"prefix": "get_command_descriptions"}]=0 v0) v1 ==== 72+0+177933 (secure 0 0 0) 0x7fcf94010380 con 0x7fcfa40802e0
2024-04-24T05:49:54.544 INFO:teuthology.orchestra.run.smithi038.stdout:/usr/bin/ceph: stderr
2024-04-24T05:49:53.889+0000 7fcfa8c00700 1 -- 172.21.15.38:0/1375885133 --> [v2:172.21.15.38:3300/0,v1:172.21.15.38:6789/0] -- mon_command([{prefix=config set, name=mgr/dashboard/ssl_server_port}] v 0) v1 -- 0x7fcfa41a38c0 con 0x7fcfa40802e0
2024-04-24T05:49:54.544 INFO:teuthology.orchestra.run.smithi038.stdout:/usr/bin/ceph: stderr
2024-04-24T05:49:53.897+0000 7fcf9aa00700 1 -- 172.21.15.38:0/1375885133 <== mon.0 v2:172.21.15.38:3300/0 7 ==== mon_command_ack([{prefix=config set, name=mgr/dashboard/ssl_server_port}]=0 v8)=0 v8) v1 ==== 130+0+0 (secure 0 0 0) 0x7fcf94018b40 con 0x7fcfa40802e0
2024-04-24T05:49:54.544 INFO:teuthology.orchestra.run.smithi038.stdout:/usr/bin/ceph: stderr
2024-04-24T05:49:53.900+0000 7fcfa8c00700 1 -- 172.21.15.38:0/1375885133 >> [v2:172.21.15.38:6800/361983707,v1:172.21.15.38:6801/361983707] conn(0x7fcf88038440 msgr2=0x7fcf8803a8f0 secure :-1 s=STATE_CONNECTION_ESTABLISHED l=1).mark_down
2024-04-24T05:49:54.544 INFO:teuthology.orchestra.run.smithi038.stdout:/usr/bin/ceph: stderr
2024-04-24T05:49:53.900+0000 7fcfa8c00700 1 --2- 172.21.15.38:0/1375885133 >> [v2:172.21.15.38:6800/361983707,v1:172.21.15.38:6801/361983707] conn(0x7fcf88038440 0x7fcf8803a8f0 secure :-1 s=READY pgs=21 cs=0 l=1 rev1=1 crypto rx=0x7fcf90006fd0 tx=0x7fcf90006e40 comp rx=0 tx=0).stop
2024-04-24T05:49:54.544 INFO:teuthology.orchestra.run.smithi038.stdout:/usr/bin/ceph: stderr
2024-04-24T05:49:53.900+0000 7fcfa8c00700 1 -- 172.21.15.38:0/1375885133 >> [v2:172.21.15.38:3300/0,v1:172.21.15.38:6789/0] conn(0x7fcfa40802e0 msgr2=0x7fcfa419fe70 secure :-1 s=STATE_CONNECTION_ESTABLISHED l=1).mark_down
2024-04-24T05:49:54.544 INFO:teuthology.orchestra.run.smithi038.stdout:/usr/bin/ceph: stderr
2024-04-24T05:49:53.900+0000 7fcfa8c00700 1 --2- 172.21.15.38:0/1375885133 >> [v2:172.21.15.38:3300/0,v1:172.21.15.38:6789/0] conn(0x7fcfa40802e0 0x7fcfa419fe70 secure :-1 s=READY pgs=66 cs=0 l=1 rev1=1 crypto rx=0x7fcf94000c00 tx=0x7fcf94011b50 comp rx=0 tx=0).stop
2024-04-24T05:49:54.544 INFO:teuthology.orchestra.run.smithi038.stdout:/usr/bin/ceph: stderr
2024-04-24T05:49:53.900+0000 7fcfa8c00700 1 -- 172.21.15.38:0/1375885133 shutdown_connections
2024-04-24T05:49:54.544 INFO:teuthology.orchestra.run.smithi038.stdout:/usr/bin/ceph: stderr
2024-04-24T05:49:53.900+0000 7fcfa8c00700 1 --2- 172.21.15.38:0/1375885133 >> [v2:172.21.15.38:6800/361983707,v1:172.21.15.38:6801/361983707] conn(0x7fcf88038440 0x7fcf8803a8f0 unknown :-1 s=CLOSED pgs=21 cs=0 l=1 rev1=1 crypto rx=0 tx=0 comp rx=0 tx=0).stop
2024-04-24T05:49:54.544 INFO:teuthology.orchestra.run.smithi038.stdout:/usr/bin/ceph: stderr
2024-04-24T05:49:53.900+0000 7fcfa8c00700 1 --2- 172.21.15.38:0/1375885133 >> [v2:172.21.15.38:3300/0,v1:172.21.15.38:6789/0] conn(0x7fcfa40802e0 0x7fcfa419fe70 unknown :-1 s=CLOSED pgs=66 cs=0 l=1 rev1=1 crypto rx=0 tx=0 comp rx=0 tx=0).stop
2024-04-24T05:49:54.544 INFO:teuthology.orchestra.run.smithi038.stdout:/usr/bin/ceph: stderr
2024-04-24T05:49:53.900+0000 7fcfa8c00700 1 -- 172.21.15.38:0/1375885133 >> 172.21.15.38:0/1375885133 conn(0x7fcfa407b220 msgr2=0x7fcfa407c960 unknown :-1 s=STATE_NONE l=0).mark_down
2024-04-24T05:49:54.544 INFO:teuthology.orchestra.run.smithi038.stdout:/usr/bin/ceph: stderr
2024-04-24T05:49:53.901+0000 7fcfa8c00700 1 -- 172.21.15.38:0/1375885133 shutdown_connections
2024-04-24T05:49:54.544 INFO:teuthology.orchestra.run.smithi038.stdout:/usr/bin/ceph: stderr
2024-04-24T05:49:53.901+0000 7fcfa8c00700 1 -- 172.21.15.38:0/1375885133 wait complete.
2024-04-24T05:49:54.544 INFO:teuthology.orchestra.run.smithi038.stdout:Enabling the dashboard module...
2024-04-24T05:49:55.140 INFO:journalctl@ceph.mon.smithi038.smithi038.stdout:Apr 24 05:49:54 smithi038 ceph-mon[25276]: from='client.? 172.21.15.38:0/1375885133' entity='client.admin'
2024-04-24T05:49:56.226 INFO:journalctl@ceph.mon.smithi038.smithi038.stdout:Apr 24 05:49:55 smithi038 ceph-mon[25276]: pgmap v9: 0 pgs: ; 0 B data, 0 B used, 0 B / 0 B avail
2024-04-24T05:49:56.227 INFO:journalctl@ceph.mon.smithi038.smithi038.stdout:Apr 24 05:49:55 smithi038 ceph-mon[25276]: from='client.? 172.21.15.38:0/130502458' entity='client.admin' cmd=[{"prefix": "mgr module enable", "module": "dashboard"}]: dispatch
2024-04-24T05:49:56.666 INFO:teuthology.orchestra.run.smithi038.stdout:/usr/bin/ceph: stderr
2024-04-24T05:49:55.138+0000 7fdf09a00700 1 Processor -- start
2024-04-24T05:49:56.667 INFO:teuthology.orchestra.run.smithi038.stdout:/usr/bin/ceph: stderr
2024-04-24T05:49:55.139+0000 7fdf09a00700 1 -- start start
2024-04-24T05:49:56.667 INFO:teuthology.orchestra.run.smithi038.stdout:/usr/bin/ceph: stderr
2024-04-24T05:49:55.139+0000 7fdf09a00700 1 --2- >> [v2:172.21.15.38:3300/0,v1:172.21.15.38:6789/0] conn(0x7fdf0407be30 0x7fdf0407a330 unknown :-1 s=NONE pgs=0 cs=0 l=0 rev1=0 crypto rx=0 tx=0 comp rx=0 tx=0).connect
2024-04-24T05:49:56.667 INFO:teuthology.orchestra.run.smithi038.stdout:/usr/bin/ceph: stderr
2024-04-24T05:49:55.139+0000 7fdf09a00700 1 -- --> [v2:172.21.15.38:3300/0,v1:172.21.15.38:6789/0] -- mon_getmap magic: 0 v1 -- 0x7fdf0407a870 con 0x7fdf0407be30
2024-04-24T05:49:56.668 INFO:teuthology.orchestra.run.smithi038.stdout:/usr/bin/ceph: stderr
2024-04-24T05:49:55.140+0000 7fdf02a00700 1 --2- >> [v2:172.21.15.38:3300/0,v1:172.21.15.38:6789/0] conn(0x7fdf0407be30 0x7fdf0407a330 unknown :-1 s=BANNER_CONNECTING pgs=0 cs=0 l=0 rev1=0 crypto rx=0 tx=0 comp rx=0 tx=0)._handle_peer_banner_payload supported=3 required=0
2024-04-24T05:49:56.668 INFO:teuthology.orchestra.run.smithi038.stdout:/usr/bin/ceph: stderr
2024-04-24T05:49:55.140+0000 7fdf02a00700 1 --2- >> [v2:172.21.15.38:3300/0,v1:172.21.15.38:6789/0] conn(0x7fdf0407be30 0x7fdf0407a330 unknown :-1 s=HELLO_CONNECTING pgs=0 cs=0 l=0 rev1=1 crypto rx=0 tx=0 comp rx=0 tx=0).handle_hello peer v2:172.21.15.38:3300/0 says I am v2:172.21.15.38:39178/0 (socket says 172.21.15.38:39178)
2024-04-24T05:49:56.668 INFO:teuthology.orchestra.run.smithi038.stdout:/usr/bin/ceph: stderr
2024-04-24T05:49:55.140+0000 7fdf02a00700 1 -- 172.21.15.38:0/1662844486 learned_addr learned my addr 172.21.15.38:0/1662844486 (peer_addr_for_me v2:172.21.15.38:0/0)
2024-04-24T05:49:56.669 INFO:teuthology.orchestra.run.smithi038.stdout:/usr/bin/ceph: stderr
2024-04-24T05:49:55.140+0000 7fdf02a00700 1 -- 172.21.15.38:0/1662844486 --> [v2:172.21.15.38:3300/0,v1:172.21.15.38:6789/0] -- mon_subscribe({config=0+,monmap=0+}) v3 -- 0x7fdf0407a9b0 con 0x7fdf0407be30
2024-04-24T05:49:56.669 INFO:teuthology.orchestra.run.smithi038.stdout:/usr/bin/ceph: stderr
2024-04-24T05:49:55.141+0000 7fdf02a00700 1 --2- 172.21.15.38:0/1662844486 >> [v2:172.21.15.38:3300/0,v1:172.21.15.38:6789/0] conn(0x7fdf0407be30 0x7fdf0407a330 secure :-1 s=READY pgs=67 cs=0 l=1 rev1=1 crypto rx=0x7fdef40098a0 tx=0x7fdef4009bb0 comp rx=0 tx=0).ready entity=mon.0 client_cookie=275fc94ce5b342f2 server_cookie=0 in_seq=0 out_seq=0
2024-04-24T05:49:56.669 INFO:teuthology.orchestra.run.smithi038.stdout:/usr/bin/ceph: stderr
2024-04-24T05:49:55.141+0000 7fdf02000700 1 -- 172.21.15.38:0/1662844486 <== mon.0 v2:172.21.15.38:3300/0 1 ==== mon_map magic: 0 v1 ==== 229+0+0 (secure 0 0 0) 0x7fdef4004180 con 0x7fdf0407be30
2024-04-24T05:49:56.669 INFO:teuthology.orchestra.run.smithi038.stdout:/usr/bin/ceph: stderr
2024-04-24T05:49:55.141+0000 7fdf02000700 1 -- 172.21.15.38:0/1662844486 <== mon.0 v2:172.21.15.38:3300/0 2 ==== config(27 keys) v1 ==== 1101+0+0 (secure 0 0 0) 0x7fdef40042e0 con 0x7fdf0407be30
2024-04-24T05:49:56.669 INFO:teuthology.orchestra.run.smithi038.stdout:/usr/bin/ceph: stderr
2024-04-24T05:49:55.141+0000 7fdf02000700 1 -- 172.21.15.38:0/1662844486 <== mon.0 v2:172.21.15.38:3300/0 3 ==== mon_map magic: 0 v1 ==== 229+0+0 (secure 0 0 0) 0x7fdef4011af0 con 0x7fdf0407be30
2024-04-24T05:49:56.669 INFO:teuthology.orchestra.run.smithi038.stdout:/usr/bin/ceph: stderr
2024-04-24T05:49:55.142+0000 7fdf09a00700 1 -- 172.21.15.38:0/1662844486 >> [v2:172.21.15.38:3300/0,v1:172.21.15.38:6789/0] conn(0x7fdf0407be30 msgr2=0x7fdf0407a330 secure :-1 s=STATE_CONNECTION_ESTABLISHED l=1).mark_down
2024-04-24T05:49:56.669 INFO:teuthology.orchestra.run.smithi038.stdout:/usr/bin/ceph: stderr
2024-04-24T05:49:55.142+0000 7fdf09a00700 1 --2- 172.21.15.38:0/1662844486 >> [v2:172.21.15.38:3300/0,v1:172.21.15.38:6789/0] conn(0x7fdf0407be30 0x7fdf0407a330 secure :-1 s=READY pgs=67 cs=0 l=1 rev1=1 crypto rx=0x7fdef40098a0 tx=0x7fdef4009bb0 comp rx=0 tx=0).stop
2024-04-24T05:49:56.671 INFO:teuthology.orchestra.run.smithi038.stdout:/usr/bin/ceph: stderr
2024-04-24T05:49:55.142+0000 7fdf09a00700 1 -- 172.21.15.38:0/1662844486 shutdown_connections
2024-04-24T05:49:56.671 INFO:teuthology.orchestra.run.smithi038.stdout:/usr/bin/ceph: stderr
2024-04-24T05:49:55.142+0000 7fdf09a00700 1 --2- 172.21.15.38:0/1662844486 >> [v2:172.21.15.38:3300/0,v1:172.21.15.38:6789/0] conn(0x7fdf0407be30 0x7fdf0407a330 unknown :-1 s=CLOSED pgs=67 cs=0 l=1 rev1=1 crypto rx=0 tx=0 comp rx=0 tx=0).stop
2024-04-24T05:49:56.671 INFO:teuthology.orchestra.run.smithi038.stdout:/usr/bin/ceph: stderr
2024-04-24T05:49:55.142+0000 7fdf09a00700 1 -- 172.21.15.38:0/1662844486 >> 172.21.15.38:0/1662844486 conn(0x7fdf041011b0 msgr2=0x7fdf041035e0 unknown :-1 s=STATE_NONE l=0).mark_down
2024-04-24T05:49:56.671 INFO:teuthology.orchestra.run.smithi038.stdout:/usr/bin/ceph: stderr
2024-04-24T05:49:55.142+0000 7fdf09a00700 1 -- 172.21.15.38:0/1662844486 shutdown_connections
2024-04-24T05:49:56.671 INFO:teuthology.orchestra.run.smithi038.stdout:/usr/bin/ceph: stderr
2024-04-24T05:49:55.142+0000 7fdf09a00700 1 -- 172.21.15.38:0/1662844486 wait complete.
2024-04-24T05:49:56.671 INFO:teuthology.orchestra.run.smithi038.stdout:/usr/bin/ceph: stderr
2024-04-24T05:49:55.143+0000 7fdf09a00700 1 Processor -- start
2024-04-24T05:49:56.671 INFO:teuthology.orchestra.run.smithi038.stdout:/usr/bin/ceph: stderr
2024-04-24T05:49:55.144+0000 7fdf09a00700 1 -- start start
2024-04-24T05:49:56.671 INFO:teuthology.orchestra.run.smithi038.stdout:/usr/bin/ceph: stderr
2024-04-24T05:49:55.144+0000 7fdf09a00700 1 --2- >> [v2:172.21.15.38:3300/0,v1:172.21.15.38:6789/0] conn(0x7fdf0407be30 0x7fdf0419bab0 unknown :-1 s=NONE pgs=0 cs=0 l=1 rev1=0 crypto rx=0 tx=0 comp rx=0 tx=0).connect
2024-04-24T05:49:56.671 INFO:teuthology.orchestra.run.smithi038.stdout:/usr/bin/ceph: stderr
2024-04-24T05:49:55.144+0000 7fdf09a00700 1 -- --> [v2:172.21.15.38:3300/0,v1:172.21.15.38:6789/0] -- mon_getmap magic: 0 v1 -- 0x7fdf0419bff0 con 0x7fdf0407be30
2024-04-24T05:49:56.672 INFO:teuthology.orchestra.run.smithi038.stdout:/usr/bin/ceph: stderr
2024-04-24T05:49:55.144+0000 7fdf02a00700 1 --2- >> [v2:172.21.15.38:3300/0,v1:172.21.15.38:6789/0] conn(0x7fdf0407be30 0x7fdf0419bab0 unknown :-1 s=BANNER_CONNECTING pgs=0 cs=0 l=1 rev1=0 crypto rx=0 tx=0 comp rx=0 tx=0)._handle_peer_banner_payload supported=3 required=0
2024-04-24T05:49:56.672 INFO:teuthology.orchestra.run.smithi038.stdout:/usr/bin/ceph: stderr
2024-04-24T05:49:55.144+0000 7fdf02a00700 1 --2- >> [v2:172.21.15.38:3300/0,v1:172.21.15.38:6789/0] conn(0x7fdf0407be30 0x7fdf0419bab0 unknown :-1 s=HELLO_CONNECTING pgs=0 cs=0 l=1 rev1=1 crypto rx=0 tx=0 comp rx=0 tx=0).handle_hello peer v2:172.21.15.38:3300/0 says I am v2:172.21.15.38:39192/0 (socket says 172.21.15.38:39192)
2024-04-24T05:49:56.672 INFO:teuthology.orchestra.run.smithi038.stdout:/usr/bin/ceph: stderr
2024-04-24T05:49:55.144+0000 7fdf02a00700 1 -- 172.21.15.38:0/130502458 learned_addr learned my addr 172.21.15.38:0/130502458 (peer_addr_for_me v2:172.21.15.38:0/0)
2024-04-24T05:49:56.672 INFO:teuthology.orchestra.run.smithi038.stdout:/usr/bin/ceph: stderr
2024-04-24T05:49:55.145+0000 7fdf02a00700 1 -- 172.21.15.38:0/130502458 --> [v2:172.21.15.38:3300/0,v1:172.21.15.38:6789/0] -- mon_subscribe({config=0+,monmap=0+}) v3 -- 0x7fdef4009550 con 0x7fdf0407be30
2024-04-24T05:49:56.672 INFO:teuthology.orchestra.run.smithi038.stdout:/usr/bin/ceph: stderr
2024-04-24T05:49:55.145+0000 7fdf02a00700 1 --2- 172.21.15.38:0/130502458 >> [v2:172.21.15.38:3300/0,v1:172.21.15.38:6789/0] conn(0x7fdf0407be30 0x7fdf0419bab0 secure :-1 s=READY pgs=68 cs=0 l=1 rev1=1 crypto rx=0x7fdef4000c00 tx=0x7fdef4011b50 comp rx=0 tx=0).ready entity=mon.0 client_cookie=0 server_cookie=0 in_seq=0 out_seq=0
2024-04-24T05:49:56.672 INFO:teuthology.orchestra.run.smithi038.stdout:/usr/bin/ceph: stderr
2024-04-24T05:49:55.145+0000 7fdefbe00700 1 -- 172.21.15.38:0/130502458 <== mon.0 v2:172.21.15.38:3300/0 1 ==== mon_map magic: 0 v1 ==== 229+0+0 (secure 0 0 0) 0x7fdef4003a70 con 0x7fdf0407be30
2024-04-24T05:49:56.674 INFO:teuthology.orchestra.run.smithi038.stdout:/usr/bin/ceph: stderr
2024-04-24T05:49:55.145+0000 7fdefbe00700 1 -- 172.21.15.38:0/130502458 <== mon.0 v2:172.21.15.38:3300/0 2 ==== config(27 keys) v1 ==== 1101+0+0 (secure 0 0 0) 0x7fdef4003bd0 con 0x7fdf0407be30
2024-04-24T05:49:56.675 INFO:teuthology.orchestra.run.smithi038.stdout:/usr/bin/ceph: stderr
2024-04-24T05:49:55.145+0000 7fdefbe00700 1 -- 172.21.15.38:0/130502458 <== mon.0 v2:172.21.15.38:3300/0 3 ==== mon_map magic: 0 v1 ==== 229+0+0 (secure 0 0 0) 0x7fdef40238c0 con 0x7fdf0407be30
2024-04-24T05:49:56.675 INFO:teuthology.orchestra.run.smithi038.stdout:/usr/bin/ceph: stderr
2024-04-24T05:49:55.145+0000 7fdf09a00700 1 -- 172.21.15.38:0/130502458 --> [v2:172.21.15.38:3300/0,v1:172.21.15.38:6789/0] -- mon_subscribe({mgrmap=0+}) v3 -- 0x7fdf0419c1f0 con 0x7fdf0407be30
2024-04-24T05:49:56.675 INFO:teuthology.orchestra.run.smithi038.stdout:/usr/bin/ceph: stderr
2024-04-24T05:49:55.145+0000 7fdf09a00700 1 -- 172.21.15.38:0/130502458 --> [v2:172.21.15.38:3300/0,v1:172.21.15.38:6789/0] -- mon_subscribe({osdmap=0}) v3 -- 0x7fdf0419c610 con 0x7fdf0407be30
2024-04-24T05:49:56.675 INFO:teuthology.orchestra.run.smithi038.stdout:/usr/bin/ceph: stderr
2024-04-24T05:49:55.146+0000 7fdefbe00700 1 -- 172.21.15.38:0/130502458 <== mon.0 v2:172.21.15.38:3300/0 4 ==== mgrmap(e 8) v1 ==== 45084+0+0 (secure 0 0 0) 0x7fdef4023b80 con 0x7fdf0407be30
2024-04-24T05:49:56.675 INFO:teuthology.orchestra.run.smithi038.stdout:/usr/bin/ceph: stderr
2024-04-24T05:49:55.147+0000 7fdf09a00700 1 -- 172.21.15.38:0/130502458 --> [v2:172.21.15.38:3300/0,v1:172.21.15.38:6789/0] -- mon_command({"prefix": "get_command_descriptions"} v 0) v1 -- 0x7fdf04062380 con 0x7fdf0407be30
2024-04-24T05:49:56.675 INFO:teuthology.orchestra.run.smithi038.stdout:/usr/bin/ceph: stderr
2024-04-24T05:49:55.147+0000 7fdefbe00700 1 --2- 172.21.15.38:0/130502458 >> [v2:172.21.15.38:6800/361983707,v1:172.21.15.38:6801/361983707] conn(0x7fdee80383f0 0x7fdee803a8a0 unknown :-1 s=NONE pgs=0 cs=0 l=1 rev1=0 crypto rx=0 tx=0 comp rx=0 tx=0).connect
2024-04-24T05:49:56.675 INFO:teuthology.orchestra.run.smithi038.stdout:/usr/bin/ceph: stderr
2024-04-24T05:49:55.147+0000 7fdefbe00700 1 -- 172.21.15.38:0/130502458 <== mon.0 v2:172.21.15.38:3300/0 5 ==== osd_map(2..2 src has 1..2) v4 ==== 940+0+0 (secure 0 0 0) 0x7fdef404c2d0 con 0x7fdf0407be30
2024-04-24T05:49:56.675 INFO:teuthology.orchestra.run.smithi038.stdout:/usr/bin/ceph: stderr
2024-04-24T05:49:55.147+0000 7fdefa000700 1 --2- 172.21.15.38:0/130502458 >> [v2:172.21.15.38:6800/361983707,v1:172.21.15.38:6801/361983707] conn(0x7fdee80383f0 0x7fdee803a8a0 unknown :-1 s=BANNER_CONNECTING pgs=0 cs=0 l=1 rev1=0 crypto rx=0 tx=0 comp rx=0 tx=0)._handle_peer_banner_payload supported=3 required=0
2024-04-24T05:49:56.675 INFO:teuthology.orchestra.run.smithi038.stdout:/usr/bin/ceph: stderr
2024-04-24T05:49:55.148+0000 7fdefa000700 1 --2- 172.21.15.38:0/130502458 >> [v2:172.21.15.38:6800/361983707,v1:172.21.15.38:6801/361983707] conn(0x7fdee80383f0 0x7fdee803a8a0 secure :-1 s=READY pgs=22 cs=0 l=1 rev1=1 crypto rx=0x7fdeec006fd0 tx=0x7fdeec006e40 comp rx=0 tx=0).ready entity=mgr.14120 client_cookie=0 server_cookie=0 in_seq=0 out_seq=0
2024-04-24T05:49:56.675 INFO:teuthology.orchestra.run.smithi038.stdout:/usr/bin/ceph: stderr
2024-04-24T05:49:55.152+0000 7fdefbe00700 1 -- 172.21.15.38:0/130502458 <== mon.0 v2:172.21.15.38:3300/0 6 ==== mon_command_ack([{"prefix": "get_command_descriptions"}]=0 v0) v1 ==== 72+0+177933 (secure 0 0 0) 0x7fdef4010970 con 0x7fdf0407be30
2024-04-24T05:49:56.675 INFO:teuthology.orchestra.run.smithi038.stdout:/usr/bin/ceph: stderr
2024-04-24T05:49:55.440+0000 7fdf09a00700 1 -- 172.21.15.38:0/130502458 --> [v2:172.21.15.38:3300/0,v1:172.21.15.38:6789/0] -- mon_command({"prefix": "mgr module enable", "module": "dashboard"} v 0) v1 -- 0x7fdf0419f790 con 0x7fdf0407be30
2024-04-24T05:49:56.675 INFO:teuthology.orchestra.run.smithi038.stdout:/usr/bin/ceph: stderr
2024-04-24T05:49:55.918+0000 7fdefbe00700 1 -- 172.21.15.38:0/130502458 <== mon.0 v2:172.21.15.38:3300/0 7 ==== mgrmap(e 9) v1 ==== 45097+0+0 (secure 0 0 0) 0x7fdef401a430 con 0x7fdf0407be30
2024-04-24T05:49:56.675 INFO:teuthology.orchestra.run.smithi038.stdout:/usr/bin/ceph: stderr
2024-04-24T05:49:55.922+0000 7fdefbe00700 1 -- 172.21.15.38:0/130502458 <== mon.0 v2:172.21.15.38:3300/0 8 ==== mon_command_ack([{"prefix": "mgr module enable", "module": "dashboard"}]=0 v9) v1 ==== 88+0+0 (secure 0 0 0) 0x7fdef402c740 con 0x7fdf0407be30
2024-04-24T05:49:56.676 INFO:teuthology.orchestra.run.smithi038.stdout:/usr/bin/ceph: stderr
2024-04-24T05:49:55.925+0000 7fdf09a00700 1 -- 172.21.15.38:0/130502458 >> [v2:172.21.15.38:6800/361983707,v1:172.21.15.38:6801/361983707] conn(0x7fdee80383f0 msgr2=0x7fdee803a8a0 secure :-1 s=STATE_CONNECTION_ESTABLISHED l=1).mark_down
2024-04-24T05:49:56.676 INFO:teuthology.orchestra.run.smithi038.stdout:/usr/bin/ceph: stderr
2024-04-24T05:49:55.925+0000 7fdf09a00700 1 --2- 172.21.15.38:0/130502458 >> [v2:172.21.15.38:6800/361983707,v1:172.21.15.38:6801/361983707] conn(0x7fdee80383f0 0x7fdee803a8a0 secure :-1 s=READY pgs=22 cs=0 l=1 rev1=1 crypto rx=0x7fdeec006fd0 tx=0x7fdeec006e40 comp rx=0 tx=0).stop
2024-04-24T05:49:56.676 INFO:teuthology.orchestra.run.smithi038.stdout:/usr/bin/ceph: stderr
2024-04-24T05:49:55.925+0000 7fdf09a00700 1 -- 172.21.15.38:0/130502458 >> [v2:172.21.15.38:3300/0,v1:172.21.15.38:6789/0] conn(0x7fdf0407be30 msgr2=0x7fdf0419bab0 secure :-1 s=STATE_CONNECTION_ESTABLISHED l=1).mark_down
2024-04-24T05:49:56.676 INFO:teuthology.orchestra.run.smithi038.stdout:/usr/bin/ceph: stderr
2024-04-24T05:49:55.925+0000 7fdf09a00700 1 --2- 172.21.15.38:0/130502458 >> [v2:172.21.15.38:3300/0,v1:172.21.15.38:6789/0] conn(0x7fdf0407be30 0x7fdf0419bab0 secure :-1 s=READY pgs=68 cs=0 l=1 rev1=1 crypto rx=0x7fdef4000c00 tx=0x7fdef4011b50 comp rx=0 tx=0).stop
2024-04-24T05:49:56.676 INFO:teuthology.orchestra.run.smithi038.stdout:/usr/bin/ceph: stderr
2024-04-24T05:49:55.925+0000 7fdf09a00700 1 -- 172.21.15.38:0/130502458 shutdown_connections
2024-04-24T05:49:56.676 INFO:teuthology.orchestra.run.smithi038.stdout:/usr/bin/ceph: stderr
2024-04-24T05:49:55.925+0000 7fdf09a00700 1 --2- 172.21.15.38:0/130502458 >> [v2:172.21.15.38:6800/361983707,v1:172.21.15.38:6801/361983707] conn(0x7fdee80383f0 0x7fdee803a8a0 unknown :-1 s=CLOSED pgs=22 cs=0 l=1 rev1=1 crypto rx=0 tx=0 comp rx=0 tx=0).stop
2024-04-24T05:49:56.676 INFO:teuthology.orchestra.run.smithi038.stdout:/usr/bin/ceph: stderr
2024-04-24T05:49:55.925+0000 7fdf09a00700 1 --2- 172.21.15.38:0/130502458 >> [v2:172.21.15.38:3300/0,v1:172.21.15.38:6789/0] conn(0x7fdf0407be30 0x7fdf0419bab0 unknown :-1 s=CLOSED pgs=68 cs=0 l=1 rev1=1 crypto rx=0 tx=0 comp rx=0 tx=0).stop
2024-04-24T05:49:56.676 INFO:teuthology.orchestra.run.smithi038.stdout:/usr/bin/ceph: stderr
2024-04-24T05:49:55.925+0000 7fdf09a00700 1 -- 172.21.15.38:0/130502458 >> 172.21.15.38:0/130502458 conn(0x7fdf041011b0 msgr2=0x7fdf04102840 unknown :-1 s=STATE_NONE l=0).mark_down
2024-04-24T05:49:56.676 INFO:teuthology.orchestra.run.smithi038.stdout:/usr/bin/ceph: stderr
2024-04-24T05:49:55.925+0000 7fdf09a00700 1 -- 172.21.15.38:0/130502458 shutdown_connections
2024-04-24T05:49:56.676 INFO:teuthology.orchestra.run.smithi038.stdout:/usr/bin/ceph: stderr
2024-04-24T05:49:55.925+0000 7fdf09a00700 1 -- 172.21.15.38:0/130502458 wait complete.
2024-04-24T05:49:57.241 INFO:journalctl@ceph.mon.smithi038.smithi038.stdout:Apr 24 05:49:56 smithi038 ceph-mon[25276]: from='client.? 172.21.15.38:0/130502458' entity='client.admin' cmd='[{"prefix": "mgr module enable", "module": "dashboard"}]': finished
2024-04-24T05:49:57.242 INFO:journalctl@ceph.mon.smithi038.smithi038.stdout:Apr 24 05:49:56 smithi038 ceph-mon[25276]: mgrmap e9: smithi038.vrfydi(active, since 32s)
2024-04-24T05:49:58.178 INFO:teuthology.orchestra.run.smithi038.stdout:/usr/bin/ceph: stdout {
2024-04-24T05:49:58.178 INFO:teuthology.orchestra.run.smithi038.stdout:/usr/bin/ceph: stdout "epoch": 9,
2024-04-24T05:49:58.178 INFO:teuthology.orchestra.run.smithi038.stdout:/usr/bin/ceph: stdout "available": true,
2024-04-24T05:49:58.178 INFO:teuthology.orchestra.run.smithi038.stdout:/usr/bin/ceph: stdout "active_name": "smithi038.vrfydi",
2024-04-24T05:49:58.178 INFO:teuthology.orchestra.run.smithi038.stdout:/usr/bin/ceph: stdout "num_standby": 0
2024-04-24T05:49:58.178 INFO:teuthology.orchestra.run.smithi038.stdout:/usr/bin/ceph: stdout }
2024-04-24T05:49:58.179 INFO:teuthology.orchestra.run.smithi038.stdout:/usr/bin/ceph: stderr
2024-04-24T05:49:57.300+0000 7f255a600700 1 Processor -- start
2024-04-24T05:49:58.179 INFO:teuthology.orchestra.run.smithi038.stdout:/usr/bin/ceph: stderr
2024-04-24T05:49:57.301+0000 7f255a600700 1 -- start start
2024-04-24T05:49:58.179 INFO:teuthology.orchestra.run.smithi038.stdout:/usr/bin/ceph: stderr
2024-04-24T05:49:57.301+0000 7f255a600700 1 --2- >> [v2:172.21.15.38:3300/0,v1:172.21.15.38:6789/0] conn(0x7f2554104a00 0x7f2554104e10 unknown :-1 s=NONE pgs=0 cs=0 l=0 rev1=0 crypto rx=0 tx=0 comp rx=0 tx=0).connect
2024-04-24T05:49:58.179 INFO:teuthology.orchestra.run.smithi038.stdout:/usr/bin/ceph: stderr
2024-04-24T05:49:57.301+0000 7f255a600700 1 -- --> [v2:172.21.15.38:3300/0,v1:172.21.15.38:6789/0] -- mon_getmap magic: 0 v1 -- 0x7f2554105350 con 0x7f2554104a00
2024-04-24T05:49:58.179 INFO:teuthology.orchestra.run.smithi038.stdout:/usr/bin/ceph: stderr
2024-04-24T05:49:57.302+0000 7f2553400700 1 --2- >> [v2:172.21.15.38:3300/0,v1:172.21.15.38:6789/0] conn(0x7f2554104a00 0x7f2554104e10 unknown :-1 s=BANNER_CONNECTING pgs=0 cs=0 l=0 rev1=0 crypto rx=0 tx=0 comp rx=0 tx=0)._handle_peer_banner_payload supported=3 required=0
2024-04-24T05:49:58.179 INFO:teuthology.orchestra.run.smithi038.stdout:/usr/bin/ceph: stderr
2024-04-24T05:49:57.302+0000 7f2553400700 1 --2- >> [v2:172.21.15.38:3300/0,v1:172.21.15.38:6789/0] conn(0x7f2554104a00 0x7f2554104e10 unknown :-1 s=HELLO_CONNECTING pgs=0 cs=0 l=0 rev1=1 crypto rx=0 tx=0 comp rx=0 tx=0).handle_hello peer v2:172.21.15.38:3300/0 says I am v2:172.21.15.38:39206/0 (socket says 172.21.15.38:39206)
2024-04-24T05:49:58.179 INFO:teuthology.orchestra.run.smithi038.stdout:/usr/bin/ceph: stderr
2024-04-24T05:49:57.302+0000 7f2553400700 1 -- 172.21.15.38:0/576647928 learned_addr learned my addr 172.21.15.38:0/576647928 (peer_addr_for_me v2:172.21.15.38:0/0)
2024-04-24T05:49:58.179 INFO:teuthology.orchestra.run.smithi038.stdout:/usr/bin/ceph: stderr
2024-04-24T05:49:57.302+0000 7f2553400700 1 -- 172.21.15.38:0/576647928 --> [v2:172.21.15.38:3300/0,v1:172.21.15.38:6789/0] -- mon_subscribe({config=0+,monmap=0+}) v3 -- 0x7f2554105490 con 0x7f2554104a00
2024-04-24T05:49:58.179 INFO:teuthology.orchestra.run.smithi038.stdout:/usr/bin/ceph: stderr
2024-04-24T05:49:57.302+0000 7f2553400700 1 --2- 172.21.15.38:0/576647928 >> [v2:172.21.15.38:3300/0,v1:172.21.15.38:6789/0] conn(0x7f2554104a00 0x7f2554104e10 secure :-1 s=READY pgs=71 cs=0 l=1 rev1=1 crypto rx=0x7f25440098a0 tx=0x7f2544009bb0 comp rx=0 tx=0).ready entity=mon.0 client_cookie=3eed9662c4a2e577 server_cookie=0 in_seq=0 out_seq=0
2024-04-24T05:49:58.179 INFO:teuthology.orchestra.run.smithi038.stdout:/usr/bin/ceph: stderr
2024-04-24T05:49:57.303+0000 7f2552000700 1 -- 172.21.15.38:0/576647928 <== mon.0 v2:172.21.15.38:3300/0 1 ==== mon_map magic: 0 v1 ==== 229+0+0 (secure 0 0 0) 0x7f2544004180 con 0x7f2554104a00
2024-04-24T05:49:58.179 INFO:teuthology.orchestra.run.smithi038.stdout:/usr/bin/ceph: stderr
2024-04-24T05:49:57.303+0000 7f2552000700 1 -- 172.21.15.38:0/576647928 <== mon.0 v2:172.21.15.38:3300/0 2 ==== config(27 keys) v1 ==== 1101+0+0 (secure 0 0 0) 0x7f25440042e0 con 0x7f2554104a00
2024-04-24T05:49:58.179 INFO:teuthology.orchestra.run.smithi038.stdout:/usr/bin/ceph: stderr
2024-04-24T05:49:57.303+0000 7f2552000700 1 -- 172.21.15.38:0/576647928 <== mon.0 v2:172.21.15.38:3300/0 3 ==== mon_map magic: 0 v1 ==== 229+0+0 (secure 0 0 0) 0x7f2544011af0 con 0x7f2554104a00
2024-04-24T05:49:58.179 INFO:teuthology.orchestra.run.smithi038.stdout:/usr/bin/ceph: stderr
2024-04-24T05:49:57.304+0000 7f255a600700 1 -- 172.21.15.38:0/576647928 >> [v2:172.21.15.38:3300/0,v1:172.21.15.38:6789/0] conn(0x7f2554104a00 msgr2=0x7f2554104e10 secure :-1 s=STATE_CONNECTION_ESTABLISHED l=1).mark_down
2024-04-24T05:49:58.179 INFO:teuthology.orchestra.run.smithi038.stdout:/usr/bin/ceph: stderr
2024-04-24T05:49:57.304+0000 7f255a600700 1 --2- 172.21.15.38:0/576647928 >> [v2:172.21.15.38:3300/0,v1:172.21.15.38:6789/0] conn(0x7f2554104a00 0x7f2554104e10 secure :-1 s=READY pgs=71 cs=0 l=1 rev1=1 crypto rx=0x7f25440098a0 tx=0x7f2544009bb0 comp rx=0 tx=0).stop
2024-04-24T05:49:58.180 INFO:teuthology.orchestra.run.smithi038.stdout:/usr/bin/ceph: stderr
2024-04-24T05:49:57.304+0000 7f255a600700 1 -- 172.21.15.38:0/576647928 shutdown_connections
2024-04-24T05:49:58.180 INFO:teuthology.orchestra.run.smithi038.stdout:/usr/bin/ceph: stderr
2024-04-24T05:49:57.304+0000 7f255a600700 1 --2- 172.21.15.38:0/576647928 >> [v2:172.21.15.38:3300/0,v1:172.21.15.38:6789/0] conn(0x7f2554104a00 0x7f2554104e10 unknown :-1 s=CLOSED pgs=71 cs=0 l=1 rev1=1 crypto rx=0 tx=0 comp rx=0 tx=0).stop
2024-04-24T05:49:58.180 INFO:teuthology.orchestra.run.smithi038.stdout:/usr/bin/ceph: stderr
2024-04-24T05:49:57.304+0000 7f255a600700 1 -- 172.21.15.38:0/576647928 >> 172.21.15.38:0/576647928 conn(0x7f2554100070 msgr2=0x7f2554102480 unknown :-1 s=STATE_NONE l=0).mark_down
2024-04-24T05:49:58.180 INFO:teuthology.orchestra.run.smithi038.stdout:/usr/bin/ceph: stderr
2024-04-24T05:49:57.304+0000 7f255a600700 1 -- 172.21.15.38:0/576647928 shutdown_connections
2024-04-24T05:49:58.180 INFO:teuthology.orchestra.run.smithi038.stdout:/usr/bin/ceph: stderr
2024-04-24T05:49:57.304+0000 7f255a600700 1 -- 172.21.15.38:0/576647928 wait complete.
2024-04-24T05:49:58.180 INFO:teuthology.orchestra.run.smithi038.stdout:/usr/bin/ceph: stderr
2024-04-24T05:49:57.306+0000 7f255a600700 1 Processor -- start
2024-04-24T05:49:58.180 INFO:teuthology.orchestra.run.smithi038.stdout:/usr/bin/ceph: stderr
2024-04-24T05:49:57.306+0000 7f255a600700 1 -- start start
2024-04-24T05:49:58.180 INFO:teuthology.orchestra.run.smithi038.stdout:/usr/bin/ceph: stderr
2024-04-24T05:49:57.306+0000 7f255a600700 1 --2- >> [v2:172.21.15.38:3300/0,v1:172.21.15.38:6789/0] conn(0x7f2554104a00 0x7f255410aa40 unknown :-1 s=NONE pgs=0 cs=0 l=1 rev1=0 crypto rx=0 tx=0 comp rx=0 tx=0).connect
2024-04-24T05:49:58.180 INFO:teuthology.orchestra.run.smithi038.stdout:/usr/bin/ceph: stderr
2024-04-24T05:49:57.306+0000 7f255a600700 1 -- --> [v2:172.21.15.38:3300/0,v1:172.21.15.38:6789/0] -- mon_getmap magic: 0 v1 -- 0x7f255410af80 con 0x7f2554104a00
2024-04-24T05:49:58.180 INFO:teuthology.orchestra.run.smithi038.stdout:/usr/bin/ceph: stderr
2024-04-24T05:49:57.307+0000 7f2553400700 1 --2- >> [v2:172.21.15.38:3300/0,v1:172.21.15.38:6789/0] conn(0x7f2554104a00 0x7f255410aa40 unknown :-1 s=BANNER_CONNECTING pgs=0 cs=0 l=1 rev1=0 crypto rx=0 tx=0 comp rx=0 tx=0)._handle_peer_banner_payload supported=3 required=0
2024-04-24T05:49:58.181 INFO:teuthology.orchestra.run.smithi038.stdout:/usr/bin/ceph: stderr
2024-04-24T05:49:57.307+0000 7f2553400700 1 --2- >> [v2:172.21.15.38:3300/0,v1:172.21.15.38:6789/0] conn(0x7f2554104a00 0x7f255410aa40 unknown :-1 s=HELLO_CONNECTING pgs=0 cs=0 l=1 rev1=1 crypto rx=0 tx=0 comp rx=0 tx=0).handle_hello peer v2:172.21.15.38:3300/0 says I am v2:172.21.15.38:39208/0 (socket says 172.21.15.38:39208)
2024-04-24T05:49:58.181 INFO:teuthology.orchestra.run.smithi038.stdout:/usr/bin/ceph: stderr
2024-04-24T05:49:57.307+0000 7f2553400700 1 -- 172.21.15.38:0/3594743759 learned_addr learned my addr 172.21.15.38:0/3594743759 (peer_addr_for_me v2:172.21.15.38:0/0)
2024-04-24T05:49:58.181 INFO:teuthology.orchestra.run.smithi038.stdout:/usr/bin/ceph: stderr
2024-04-24T05:49:57.307+0000 7f2553400700 1 -- 172.21.15.38:0/3594743759 --> [v2:172.21.15.38:3300/0,v1:172.21.15.38:6789/0] -- mon_subscribe({config=0+,monmap=0+}) v3 -- 0x7f2544009550 con 0x7f2554104a00
2024-04-24T05:49:58.181 INFO:teuthology.orchestra.run.smithi038.stdout:/usr/bin/ceph: stderr
2024-04-24T05:49:57.307+0000 7f2553400700 1 --2- 172.21.15.38:0/3594743759 >> [v2:172.21.15.38:3300/0,v1:172.21.15.38:6789/0] conn(0x7f2554104a00 0x7f255410aa40 secure :-1 s=READY pgs=72 cs=0 l=1 rev1=1 crypto rx=0x7f2544011ad0 tx=0x7f2544011bb0 comp rx=0 tx=0).ready entity=mon.0 client_cookie=0 server_cookie=0 in_seq=0 out_seq=0
2024-04-24T05:49:58.181 INFO:teuthology.orchestra.run.smithi038.stdout:/usr/bin/ceph: stderr
2024-04-24T05:49:57.308+0000 7f254be00700 1 -- 172.21.15.38:0/3594743759 <== mon.0 v2:172.21.15.38:3300/0 1 ==== mon_map magic: 0 v1 ==== 229+0+0 (secure 0 0 0) 0x7f2544003ab0 con 0x7f2554104a00
2024-04-24T05:49:58.181 INFO:teuthology.orchestra.run.smithi038.stdout:/usr/bin/ceph: stderr
2024-04-24T05:49:57.308+0000 7f254be00700 1 -- 172.21.15.38:0/3594743759 <== mon.0 v2:172.21.15.38:3300/0 2 ==== config(27 keys) v1 ==== 1101+0+0 (secure 0 0 0) 0x7f2544003c10 con 0x7f2554104a00
2024-04-24T05:49:58.181 INFO:teuthology.orchestra.run.smithi038.stdout:/usr/bin/ceph: stderr
2024-04-24T05:49:57.308+0000 7f255a600700 1 -- 172.21.15.38:0/3594743759 --> [v2:172.21.15.38:3300/0,v1:172.21.15.38:6789/0] -- mon_subscribe({mgrmap=0+}) v3 -- 0x7f2554109090 con 0x7f2554104a00
2024-04-24T05:49:58.181 INFO:teuthology.orchestra.run.smithi038.stdout:/usr/bin/ceph: stderr
2024-04-24T05:49:57.308+0000 7f254be00700 1 -- 172.21.15.38:0/3594743759 <== mon.0 v2:172.21.15.38:3300/0 3 ==== mon_map magic: 0 v1 ==== 229+0+0 (secure 0 0 0) 0x7f25440198e0 con 0x7f2554104a00
2024-04-24T05:49:58.181 INFO:teuthology.orchestra.run.smithi038.stdout:/usr/bin/ceph: stderr
2024-04-24T05:49:57.308+0000 7f255a600700 1 -- 172.21.15.38:0/3594743759 --> [v2:172.21.15.38:3300/0,v1:172.21.15.38:6789/0] -- mon_subscribe({osdmap=0}) v3 -- 0x7f25541094b0 con 0x7f2554104a00
2024-04-24T05:49:58.181 INFO:teuthology.orchestra.run.smithi038.stdout:/usr/bin/ceph: stderr
2024-04-24T05:49:57.309+0000 7f254be00700 1 -- 172.21.15.38:0/3594743759 <== mon.0 v2:172.21.15.38:3300/0 4 ==== mgrmap(e 9) v1 ==== 45097+0+0 (secure 0 0 0) 0x7f254401a430 con 0x7f2554104a00
2024-04-24T05:49:58.181 INFO:teuthology.orchestra.run.smithi038.stdout:/usr/bin/ceph: stderr
2024-04-24T05:49:57.309+0000 7f2549600700 1 -- 172.21.15.38:0/3594743759 --> [v2:172.21.15.38:3300/0,v1:172.21.15.38:6789/0] -- mon_command({"prefix": "get_command_descriptions"} v 0) v1 -- 0x7f252c0052f0 con 0x7f2554104a00
2024-04-24T05:49:58.181 INFO:teuthology.orchestra.run.smithi038.stdout:/usr/bin/ceph: stderr
2024-04-24T05:49:57.310+0000 7f254be00700 1 --2- 172.21.15.38:0/3594743759 >> [v2:172.21.15.38:6800/361983707,v1:172.21.15.38:6801/361983707] conn(0x7f25380384e0 0x7f253803a990 unknown :-1 s=NONE pgs=0 cs=0 l=1 rev1=0 crypto rx=0 tx=0 comp rx=0 tx=0).connect
2024-04-24T05:49:58.181 INFO:teuthology.orchestra.run.smithi038.stdout:/usr/bin/ceph: stderr
2024-04-24T05:49:57.310+0000 7f254be00700 1 -- 172.21.15.38:0/3594743759 <== mon.0 v2:172.21.15.38:3300/0 5 ==== osd_map(2..2 src has 1..2) v4 ==== 940+0+0 (secure 0 0 0) 0x7f254404c310 con 0x7f2554104a00
2024-04-24T05:49:58.181 INFO:teuthology.orchestra.run.smithi038.stdout:/usr/bin/ceph: stderr
2024-04-24T05:49:57.310+0000 7f2552a00700 1 -- 172.21.15.38:0/3594743759 >> [v2:172.21.15.38:6800/361983707,v1:172.21.15.38:6801/361983707] conn(0x7f25380384e0 msgr2=0x7f253803a990 unknown :-1 s=STATE_CONNECTING_RE l=1).process reconnect failed to v2:172.21.15.38:6800/361983707
2024-04-24T05:49:58.182 INFO:teuthology.orchestra.run.smithi038.stdout:/usr/bin/ceph: stderr
2024-04-24T05:49:57.310+0000 7f2552a00700 1 --2- 172.21.15.38:0/3594743759 >> [v2:172.21.15.38:6800/361983707,v1:172.21.15.38:6801/361983707] conn(0x7f25380384e0 0x7f253803a990 unknown :-1 s=START_CONNECT pgs=0 cs=0 l=1 rev1=0 crypto rx=0 tx=0 comp rx=0 tx=0)._fault waiting 0.200000
2024-04-24T05:49:58.182 INFO:teuthology.orchestra.run.smithi038.stdout:/usr/bin/ceph: stderr
2024-04-24T05:49:57.320+0000 7f254be00700 1 -- 172.21.15.38:0/3594743759 <== mon.0 v2:172.21.15.38:3300/0 6 ==== mon_command_ack([{"prefix": "get_command_descriptions"}]=0 v0) v1 ==== 72+0+177933 (secure 0 0 0) 0x7f2544018ca0 con 0x7f2554104a00
2024-04-24T05:49:58.182 INFO:teuthology.orchestra.run.smithi038.stdout:/usr/bin/ceph: stderr
2024-04-24T05:49:57.511+0000 7f2552a00700 1 -- 172.21.15.38:0/3594743759 >> [v2:172.21.15.38:6800/361983707,v1:172.21.15.38:6801/361983707] conn(0x7f25380384e0 msgr2=0x7f253803a990 unknown :-1 s=STATE_CONNECTING_RE l=1).process reconnect failed to v2:172.21.15.38:6800/361983707
2024-04-24T05:49:58.182 INFO:teuthology.orchestra.run.smithi038.stdout:/usr/bin/ceph: stderr
2024-04-24T05:49:57.511+0000 7f2552a00700 1 --2- 172.21.15.38:0/3594743759 >> [v2:172.21.15.38:6800/361983707,v1:172.21.15.38:6801/361983707] conn(0x7f25380384e0 0x7f253803a990 unknown :-1 s=START_CONNECT pgs=0 cs=0 l=1 rev1=0 crypto rx=0 tx=0 comp rx=0 tx=0)._fault waiting 0.400000
2024-04-24T05:49:58.182 INFO:teuthology.orchestra.run.smithi038.stdout:/usr/bin/ceph: stderr
2024-04-24T05:49:57.598+0000 7f2549600700 1 -- 172.21.15.38:0/3594743759 --> [v2:172.21.15.38:3300/0,v1:172.21.15.38:6789/0] -- mon_command({"prefix": "mgr stat"} v 0) v1 -- 0x7f252c0061d0 con 0x7f2554104a00
2024-04-24T05:49:58.182 INFO:teuthology.orchestra.run.smithi038.stdout:/usr/bin/ceph: stderr
2024-04-24T05:49:57.599+0000 7f254be00700 1 -- 172.21.15.38:0/3594743759 <== mon.0 v2:172.21.15.38:3300/0 7 ==== mon_command_ack([{"prefix": "mgr stat"}]=0 v9) v1 ==== 56+0+103 (secure 0 0 0) 0x7f2544010380 con 0x7f2554104a00
2024-04-24T05:49:58.182 INFO:teuthology.orchestra.run.smithi038.stdout:/usr/bin/ceph: stderr
2024-04-24T05:49:57.602+0000 7f2549600700 1 -- 172.21.15.38:0/3594743759 >> [v2:172.21.15.38:6800/361983707,v1:172.21.15.38:6801/361983707] conn(0x7f25380384e0 msgr2=0x7f253803a990 unknown :-1 s=STATE_CONNECTING l=1).mark_down
2024-04-24T05:49:58.182 INFO:teuthology.orchestra.run.smithi038.stdout:/usr/bin/ceph: stderr
2024-04-24T05:49:57.602+0000 7f2549600700 1 --2- 172.21.15.38:0/3594743759 >> [v2:172.21.15.38:6800/361983707,v1:172.21.15.38:6801/361983707] conn(0x7f25380384e0 0x7f253803a990 unknown :-1 s=START_CONNECT pgs=0 cs=0 l=1 rev1=0 crypto rx=0 tx=0 comp rx=0 tx=0).stop
2024-04-24T05:49:58.182 INFO:teuthology.orchestra.run.smithi038.stdout:/usr/bin/ceph: stderr
2024-04-24T05:49:57.602+0000 7f2549600700 1 -- 172.21.15.38:0/3594743759 >> [v2:172.21.15.38:3300/0,v1:172.21.15.38:6789/0] conn(0x7f2554104a00 msgr2=0x7f255410aa40 secure :-1 s=STATE_CONNECTION_ESTABLISHED l=1).mark_down
2024-04-24T05:49:58.182 INFO:teuthology.orchestra.run.smithi038.stdout:/usr/bin/ceph: stderr
2024-04-24T05:49:57.602+0000 7f2549600700 1 --2- 172.21.15.38:0/3594743759 >> [v2:172.21.15.38:3300/0,v1:172.21.15.38:6789/0] conn(0x7f2554104a00 0x7f255410aa40 secure :-1 s=READY pgs=72 cs=0 l=1 rev1=1 crypto rx=0x7f2544011ad0 tx=0x7f2544011bb0 comp rx=0 tx=0).stop
2024-04-24T05:49:58.182 INFO:teuthology.orchestra.run.smithi038.stdout:/usr/bin/ceph: stderr
2024-04-24T05:49:57.602+0000 7f2549600700 1 -- 172.21.15.38:0/3594743759 shutdown_connections
2024-04-24T05:49:58.182 INFO:teuthology.orchestra.run.smithi038.stdout:/usr/bin/ceph: stderr
2024-04-24T05:49:57.602+0000 7f2549600700 1 --2- 172.21.15.38:0/3594743759 >> [v2:172.21.15.38:6800/361983707,v1:172.21.15.38:6801/361983707] conn(0x7f25380384e0 0x7f253803a990 unknown :-1 s=CLOSED pgs=0 cs=0 l=1 rev1=0 crypto rx=0 tx=0 comp rx=0 tx=0).stop
2024-04-24T05:49:58.182 INFO:teuthology.orchestra.run.smithi038.stdout:/usr/bin/ceph: stderr
2024-04-24T05:49:57.602+0000 7f2549600700 1 --2- 172.21.15.38:0/3594743759 >> [v2:172.21.15.38:3300/0,v1:172.21.15.38:6789/0] conn(0x7f2554104a00 0x7f255410aa40 unknown :-1 s=CLOSED pgs=72 cs=0 l=1 rev1=1 crypto rx=0 tx=0 comp rx=0 tx=0).stop
2024-04-24T05:49:58.182 INFO:teuthology.orchestra.run.smithi038.stdout:/usr/bin/ceph: stderr
2024-04-24T05:49:57.602+0000 7f2549600700 1 -- 172.21.15.38:0/3594743759 >> 172.21.15.38:0/3594743759 conn(0x7f2554100070 msgr2=0x7f2554100cd0 unknown :-1 s=STATE_NONE l=0).mark_down
2024-04-24T05:49:58.183 INFO:teuthology.orchestra.run.smithi038.stdout:/usr/bin/ceph: stderr
2024-04-24T05:49:57.602+0000 7f2549600700 1 -- 172.21.15.38:0/3594743759 shutdown_connections
2024-04-24T05:49:58.183 INFO:teuthology.orchestra.run.smithi038.stdout:/usr/bin/ceph: stderr
2024-04-24T05:49:57.602+0000 7f2549600700 1 -- 172.21.15.38:0/3594743759 wait complete.
2024-04-24T05:49:58.183 INFO:teuthology.orchestra.run.smithi038.stdout:Waiting for the mgr to restart...
2024-04-24T05:49:58.183 INFO:teuthology.orchestra.run.smithi038.stdout:Waiting for mgr epoch 9...
2024-04-24T05:49:58.274 INFO:journalctl@ceph.mon.smithi038.smithi038.stdout:Apr 24 05:49:57 smithi038 ceph-mon[25276]: from='client.? 172.21.15.38:0/3594743759' entity='client.admin' cmd=[{"prefix": "mgr stat"}]: dispatch
2024-04-24T05:50:05.275 INFO:journalctl@ceph.mon.smithi038.smithi038.stdout:Apr 24 05:50:05 smithi038 ceph-mon[25276]: Active manager daemon smithi038.vrfydi restarted
2024-04-24T05:50:05.275 INFO:journalctl@ceph.mon.smithi038.smithi038.stdout:Apr 24 05:50:05 smithi038 ceph-mon[25276]: Activating manager daemon smithi038.vrfydi
2024-04-24T05:50:05.275 INFO:journalctl@ceph.mon.smithi038.smithi038.stdout:Apr 24 05:50:05 smithi038 ceph-mon[25276]: osdmap e3: 0 total, 0 up, 0 in
2024-04-24T05:50:05.275 INFO:journalctl@ceph.mon.smithi038.smithi038.stdout:Apr 24 05:50:05 smithi038 ceph-mon[25276]: mgrmap e10: smithi038.vrfydi(active, starting, since 0.0132965s)
2024-04-24T05:50:05.275 INFO:journalctl@ceph.mon.smithi038.smithi038.stdout:Apr 24 05:50:05 smithi038 ceph-mon[25276]: from='mgr.14164 172.21.15.38:0/1921794964' entity='mgr.smithi038.vrfydi' cmd=[{"prefix": "mon metadata", "id": "smithi038"}]: dispatch
2024-04-24T05:50:05.275 INFO:journalctl@ceph.mon.smithi038.smithi038.stdout:Apr 24 05:50:05 smithi038 ceph-mon[25276]: from='mgr.14164 172.21.15.38:0/1921794964' entity='mgr.smithi038.vrfydi' cmd=[{"prefix": "mgr metadata", "who": "smithi038.vrfydi", "id": "smithi038.vrfydi"}]: dispatch
2024-04-24T05:50:05.275 INFO:journalctl@ceph.mon.smithi038.smithi038.stdout:Apr 24 05:50:05 smithi038 ceph-mon[25276]: from='mgr.14164 172.21.15.38:0/1921794964' entity='mgr.smithi038.vrfydi' cmd=[{"prefix": "mds metadata"}]: dispatch
2024-04-24T05:50:05.275 INFO:journalctl@ceph.mon.smithi038.smithi038.stdout:Apr 24 05:50:05 smithi038 ceph-mon[25276]: from='mgr.14164 172.21.15.38:0/1921794964' entity='mgr.smithi038.vrfydi' cmd=[{"prefix": "osd metadata"}]: dispatch
2024-04-24T05:50:05.275 INFO:journalctl@ceph.mon.smithi038.smithi038.stdout:Apr 24 05:50:05 smithi038 ceph-mon[25276]: from='mgr.14164 172.21.15.38:0/1921794964' entity='mgr.smithi038.vrfydi' cmd=[{"prefix": "mon metadata"}]: dispatch
2024-04-24T05:50:05.275 INFO:journalctl@ceph.mon.smithi038.smithi038.stdout:Apr 24 05:50:05 smithi038 ceph-mon[25276]: Manager daemon smithi038.vrfydi is now available
2024-04-24T05:50:06.275 INFO:journalctl@ceph.mon.smithi038.smithi038.stdout:Apr 24 05:50:06 smithi038 ceph-mon[25276]: from='mgr.14164 172.21.15.38:0/1921794964' entity='mgr.smithi038.vrfydi' cmd=[{"prefix": "config dump", "format": "json"}]: dispatch
2024-04-24T05:50:06.275 INFO:journalctl@ceph.mon.smithi038.smithi038.stdout:Apr 24 05:50:06 smithi038 ceph-mon[25276]: from='mgr.14164 172.21.15.38:0/1921794964' entity='mgr.smithi038.vrfydi' cmd=[{"prefix": "config dump", "format": "json"}]: dispatch
2024-04-24T05:50:06.275 INFO:journalctl@ceph.mon.smithi038.smithi038.stdout:Apr 24 05:50:06 smithi038 ceph-mon[25276]: from='mgr.14164 172.21.15.38:0/1921794964' entity='mgr.smithi038.vrfydi' cmd=[{"prefix":"config rm","who":"mgr","name":"mgr/rbd_support/smithi038.vrfydi/mirror_snapshot_schedule"}]: dispatch
2024-04-24T05:50:06.275 INFO:journalctl@ceph.mon.smithi038.smithi038.stdout:Apr 24 05:50:06 smithi038 ceph-mon[25276]: from='mgr.14164 172.21.15.38:0/1921794964' entity='mgr.smithi038.vrfydi' cmd=[{"prefix":"config rm","who":"mgr","name":"mgr/rbd_support/smithi038.vrfydi/trash_purge_schedule"}]: dispatch
2024-04-24T05:50:06.275 INFO:journalctl@ceph.mon.smithi038.smithi038.stdout:Apr 24 05:50:06 smithi038 ceph-mon[25276]: mgrmap e11: smithi038.vrfydi(active, since 1.01917s)
2024-04-24T05:50:07.222 INFO:journalctl@ceph.mon.smithi038.smithi038.stdout:Apr 24 05:50:07 smithi038 ceph-mon[25276]: [24/Apr/2024:05:50:05] ENGINE Bus STARTING
2024-04-24T05:50:07.222 INFO:journalctl@ceph.mon.smithi038.smithi038.stdout:Apr 24 05:50:07 smithi038 ceph-mon[25276]: from='mgr.14164 172.21.15.38:0/1921794964' entity='mgr.smithi038.vrfydi'
2024-04-24T05:50:07.237 INFO:teuthology.orchestra.run.smithi038.stdout:/usr/bin/ceph: stdout {
2024-04-24T05:50:07.237 INFO:teuthology.orchestra.run.smithi038.stdout:/usr/bin/ceph: stdout "mgrmap_epoch": 11,
2024-04-24T05:50:07.237 INFO:teuthology.orchestra.run.smithi038.stdout:/usr/bin/ceph: stdout "initialized": true
2024-04-24T05:50:07.237 INFO:teuthology.orchestra.run.smithi038.stdout:/usr/bin/ceph: stdout }
2024-04-24T05:50:07.237 INFO:teuthology.orchestra.run.smithi038.stdout:/usr/bin/ceph: stderr
2024-04-24T05:49:58.818+0000 7f9396a00700 1 Processor -- start
2024-04-24T05:50:07.238 INFO:teuthology.orchestra.run.smithi038.stdout:/usr/bin/ceph: stderr
2024-04-24T05:49:58.818+0000 7f9396a00700 1 -- start start
2024-04-24T05:50:07.238 INFO:teuthology.orchestra.run.smithi038.stdout:/usr/bin/ceph: stderr
2024-04-24T05:49:58.819+0000 7f9396a00700 1 --2- >> [v2:172.21.15.38:3300/0,v1:172.21.15.38:6789/0] conn(0x7f939007ad00 0x7f9390079200 unknown :-1 s=NONE pgs=0 cs=0 l=0 rev1=0 crypto rx=0 tx=0 comp rx=0 tx=0).connect
2024-04-24T05:50:07.238 INFO:teuthology.orchestra.run.smithi038.stdout:/usr/bin/ceph: stderr
2024-04-24T05:49:58.819+0000 7f9396a00700 1 -- --> [v2:172.21.15.38:3300/0,v1:172.21.15.38:6789/0] -- mon_getmap magic: 0 v1 -- 0x7f9390079740 con 0x7f939007ad00
2024-04-24T05:50:07.238 INFO:teuthology.orchestra.run.smithi038.stdout:/usr/bin/ceph: stderr
2024-04-24T05:49:58.820+0000 7f938fe00700 1 --2- >> [v2:172.21.15.38:3300/0,v1:172.21.15.38:6789/0] conn(0x7f939007ad00 0x7f9390079200 unknown :-1 s=BANNER_CONNECTING pgs=0 cs=0 l=0 rev1=0 crypto rx=0 tx=0 comp rx=0 tx=0)._handle_peer_banner_payload supported=3 required=0
2024-04-24T05:50:07.238 INFO:teuthology.orchestra.run.smithi038.stdout:/usr/bin/ceph: stderr
2024-04-24T05:49:58.820+0000 7f938fe00700 1 --2- >> [v2:172.21.15.38:3300/0,v1:172.21.15.38:6789/0] conn(0x7f939007ad00 0x7f9390079200 unknown :-1 s=HELLO_CONNECTING pgs=0 cs=0 l=0 rev1=1 crypto rx=0 tx=0 comp rx=0 tx=0).handle_hello peer v2:172.21.15.38:3300/0 says I am v2:172.21.15.38:39218/0 (socket says 172.21.15.38:39218)
2024-04-24T05:50:07.238 INFO:teuthology.orchestra.run.smithi038.stdout:/usr/bin/ceph: stderr
2024-04-24T05:49:58.820+0000 7f938fe00700 1 -- 172.21.15.38:0/4035400714 learned_addr learned my addr 172.21.15.38:0/4035400714 (peer_addr_for_me v2:172.21.15.38:0/0)
2024-04-24T05:50:07.238 INFO:teuthology.orchestra.run.smithi038.stdout:/usr/bin/ceph: stderr
2024-04-24T05:49:58.820+0000 7f938fe00700 1 -- 172.21.15.38:0/4035400714 --> [v2:172.21.15.38:3300/0,v1:172.21.15.38:6789/0] -- mon_subscribe({config=0+,monmap=0+}) v3 -- 0x7f9390079880 con 0x7f939007ad00
2024-04-24T05:50:07.238 INFO:teuthology.orchestra.run.smithi038.stdout:/usr/bin/ceph: stderr
2024-04-24T05:49:58.820+0000 7f938fe00700 1 --2- 172.21.15.38:0/4035400714 >> [v2:172.21.15.38:3300/0,v1:172.21.15.38:6789/0] conn(0x7f939007ad00 0x7f9390079200 secure :-1 s=READY pgs=73 cs=0 l=1 rev1=1 crypto rx=0x7f93800098a0 tx=0x7f9380009bb0 comp rx=0 tx=0).ready entity=mon.0 client_cookie=f79d1f307a64a5a5 server_cookie=0 in_seq=0 out_seq=0
2024-04-24T05:50:07.238 INFO:teuthology.orchestra.run.smithi038.stdout:/usr/bin/ceph: stderr
2024-04-24T05:49:58.821+0000 7f938ea00700 1 -- 172.21.15.38:0/4035400714 <== mon.0 v2:172.21.15.38:3300/0 1 ==== mon_map magic: 0 v1 ==== 229+0+0 (secure 0 0 0) 0x7f9380004180 con 0x7f939007ad00
2024-04-24T05:50:07.238 INFO:teuthology.orchestra.run.smithi038.stdout:/usr/bin/ceph: stderr
2024-04-24T05:49:58.821+0000 7f938ea00700 1 -- 172.21.15.38:0/4035400714 <== mon.0 v2:172.21.15.38:3300/0 2 ==== config(27 keys) v1 ==== 1101+0+0 (secure 0 0 0) 0x7f93800042e0 con 0x7f939007ad00
2024-04-24T05:50:07.238 INFO:teuthology.orchestra.run.smithi038.stdout:/usr/bin/ceph: stderr
2024-04-24T05:49:58.821+0000 7f938ea00700 1 -- 172.21.15.38:0/4035400714 <== mon.0 v2:172.21.15.38:3300/0 3 ==== mon_map magic: 0 v1 ==== 229+0+0 (secure 0 0 0) 0x7f9380011af0 con 0x7f939007ad00
2024-04-24T05:50:07.238 INFO:teuthology.orchestra.run.smithi038.stdout:/usr/bin/ceph: stderr
2024-04-24T05:49:58.821+0000 7f9396a00700 1 -- 172.21.15.38:0/4035400714 >> [v2:172.21.15.38:3300/0,v1:172.21.15.38:6789/0] conn(0x7f939007ad00 msgr2=0x7f9390079200 secure :-1 s=STATE_CONNECTION_ESTABLISHED l=1).mark_down
2024-04-24T05:50:07.238 INFO:teuthology.orchestra.run.smithi038.stdout:/usr/bin/ceph: stderr
2024-04-24T05:49:58.821+0000 7f9396a00700 1 --2- 172.21.15.38:0/4035400714 >> [v2:172.21.15.38:3300/0,v1:172.21.15.38:6789/0] conn(0x7f939007ad00 0x7f9390079200 secure :-1 s=READY pgs=73 cs=0 l=1 rev1=1 crypto rx=0x7f93800098a0 tx=0x7f9380009bb0 comp rx=0 tx=0).stop
2024-04-24T05:50:07.239 INFO:teuthology.orchestra.run.smithi038.stdout:/usr/bin/ceph: stderr
2024-04-24T05:49:58.822+0000 7f9396a00700 1 -- 172.21.15.38:0/4035400714 shutdown_connections
2024-04-24T05:50:07.239 INFO:teuthology.orchestra.run.smithi038.stdout:/usr/bin/ceph: stderr
2024-04-24T05:49:58.822+0000 7f9396a00700 1 --2- 172.21.15.38:0/4035400714 >> [v2:172.21.15.38:3300/0,v1:172.21.15.38:6789/0] conn(0x7f939007ad00 0x7f9390079200 unknown :-1 s=CLOSED pgs=73 cs=0 l=1 rev1=1 crypto rx=0 tx=0 comp rx=0 tx=0).stop
2024-04-24T05:50:07.239 INFO:teuthology.orchestra.run.smithi038.stdout:/usr/bin/ceph: stderr
2024-04-24T05:49:58.822+0000 7f9396a00700 1 -- 172.21.15.38:0/4035400714 >> 172.21.15.38:0/4035400714 conn(0x7f9390101160 msgr2=0x7f9390103590 unknown :-1 s=STATE_NONE l=0).mark_down
2024-04-24T05:50:07.239 INFO:teuthology.orchestra.run.smithi038.stdout:/usr/bin/ceph: stderr
2024-04-24T05:49:58.822+0000 7f9396a00700 1 -- 172.21.15.38:0/4035400714 shutdown_connections
2024-04-24T05:50:07.239 INFO:teuthology.orchestra.run.smithi038.stdout:/usr/bin/ceph: stderr
2024-04-24T05:49:58.822+0000 7f9396a00700 1 -- 172.21.15.38:0/4035400714 wait complete.
