2024-04-24T05:50:09.973+0000 7f5a98a00700 1 -- 172.21.15.38:0/2221514846 shutdown_connections
2024-04-24T05:50:11.435 INFO:teuthology.orchestra.run.smithi038.stdout:/usr/bin/ceph: stderr
2024-04-24T05:50:09.974+0000 7f5a98a00700 1 -- 172.21.15.38:0/2221514846 wait complete.
2024-04-24T05:50:11.435 INFO:teuthology.orchestra.run.smithi038.stdout:Fetching dashboard port number...
2024-04-24T05:50:12.271 INFO:journalctl@ceph.mon.smithi038.smithi038.stdout:Apr 24 05:50:11 smithi038 ceph-mon[25276]: mgrmap e13: smithi038.vrfydi(active, since 6s)
2024-04-24T05:50:12.918 INFO:teuthology.orchestra.run.smithi038.stdout:/usr/bin/ceph: stdout 8443
2024-04-24T05:50:12.920 INFO:teuthology.orchestra.run.smithi038.stdout:/usr/bin/ceph: stderr
2024-04-24T05:50:12.031+0000 7f5061800700 1 Processor -- start
2024-04-24T05:50:12.920 INFO:teuthology.orchestra.run.smithi038.stdout:/usr/bin/ceph: stderr
2024-04-24T05:50:12.032+0000 7f5061800700 1 -- start start
2024-04-24T05:50:12.920 INFO:teuthology.orchestra.run.smithi038.stdout:/usr/bin/ceph: stderr
2024-04-24T05:50:12.032+0000 7f5061800700 1 --2- >> [v2:172.21.15.38:3300/0,v1:172.21.15.38:6789/0] conn(0x7f505c07acc0 0x7f505c0791c0 unknown :-1 s=NONE pgs=0 cs=0 l=0 rev1=0 crypto rx=0 tx=0 comp rx=0 tx=0).connect
2024-04-24T05:50:12.920 INFO:teuthology.orchestra.run.smithi038.stdout:/usr/bin/ceph: stderr
2024-04-24T05:50:12.032+0000 7f5061800700 1 -- --> [v2:172.21.15.38:3300/0,v1:172.21.15.38:6789/0] -- mon_getmap magic: 0 v1 -- 0x7f505c079700 con 0x7f505c07acc0
2024-04-24T05:50:12.920 INFO:teuthology.orchestra.run.smithi038.stdout:/usr/bin/ceph: stderr
2024-04-24T05:50:12.032+0000 7f505aa00700 1 --2- >> [v2:172.21.15.38:3300/0,v1:172.21.15.38:6789/0] conn(0x7f505c07acc0 0x7f505c0791c0 unknown :-1 s=BANNER_CONNECTING pgs=0 cs=0 l=0 rev1=0 crypto rx=0 tx=0 comp rx=0 tx=0)._handle_peer_banner_payload supported=3 required=0
2024-04-24T05:50:12.920 INFO:teuthology.orchestra.run.smithi038.stdout:/usr/bin/ceph: stderr
2024-04-24T05:50:12.033+0000 7f505aa00700 1 --2- >> [v2:172.21.15.38:3300/0,v1:172.21.15.38:6789/0] conn(0x7f505c07acc0 0x7f505c0791c0 unknown :-1 s=HELLO_CONNECTING pgs=0 cs=0 l=0 rev1=1 crypto rx=0 tx=0 comp rx=0 tx=0).handle_hello peer v2:172.21.15.38:3300/0 says I am v2:172.21.15.38:38700/0 (socket says 172.21.15.38:38700)
2024-04-24T05:50:12.923 INFO:teuthology.orchestra.run.smithi038.stdout:/usr/bin/ceph: stderr
2024-04-24T05:50:12.033+0000 7f505aa00700 1 -- 172.21.15.38:0/513925950 learned_addr learned my addr 172.21.15.38:0/513925950 (peer_addr_for_me v2:172.21.15.38:0/0)
2024-04-24T05:50:12.923 INFO:teuthology.orchestra.run.smithi038.stdout:/usr/bin/ceph: stderr
2024-04-24T05:50:12.033+0000 7f505aa00700 1 -- 172.21.15.38:0/513925950 --> [v2:172.21.15.38:3300/0,v1:172.21.15.38:6789/0] -- mon_subscribe({config=0+,monmap=0+}) v3 -- 0x7f505c079840 con 0x7f505c07acc0
2024-04-24T05:50:12.923 INFO:teuthology.orchestra.run.smithi038.stdout:/usr/bin/ceph: stderr
2024-04-24T05:50:12.033+0000 7f505aa00700 1 --2- 172.21.15.38:0/513925950 >> [v2:172.21.15.38:3300/0,v1:172.21.15.38:6789/0] conn(0x7f505c07acc0 0x7f505c0791c0 secure :-1 s=READY pgs=86 cs=0 l=1 rev1=1 crypto rx=0x7f504c0098a0 tx=0x7f504c009bb0 comp rx=0 tx=0).ready entity=mon.0 client_cookie=924270a946ddaf11 server_cookie=0 in_seq=0 out_seq=0
2024-04-24T05:50:12.923 INFO:teuthology.orchestra.run.smithi038.stdout:/usr/bin/ceph: stderr
2024-04-24T05:50:12.034+0000 7f505a000700 1 -- 172.21.15.38:0/513925950 <== mon.0 v2:172.21.15.38:3300/0 1 ==== mon_map magic: 0 v1 ==== 229+0+0 (secure 0 0 0) 0x7f504c004180 con 0x7f505c07acc0
2024-04-24T05:50:12.923 INFO:teuthology.orchestra.run.smithi038.stdout:/usr/bin/ceph: stderr
2024-04-24T05:50:12.034+0000 7f505a000700 1 -- 172.21.15.38:0/513925950 <== mon.0 v2:172.21.15.38:3300/0 2 ==== config(27 keys) v1 ==== 1101+0+0 (secure 0 0 0) 0x7f504c0042e0 con 0x7f505c07acc0
2024-04-24T05:50:12.923 INFO:teuthology.orchestra.run.smithi038.stdout:/usr/bin/ceph: stderr
2024-04-24T05:50:12.034+0000 7f505a000700 1 -- 172.21.15.38:0/513925950 <== mon.0 v2:172.21.15.38:3300/0 3 ==== mon_map magic: 0 v1 ==== 229+0+0 (secure 0 0 0) 0x7f504c011af0 con 0x7f505c07acc0
2024-04-24T05:50:12.923 INFO:teuthology.orchestra.run.smithi038.stdout:/usr/bin/ceph: stderr
2024-04-24T05:50:12.034+0000 7f5061800700 1 -- 172.21.15.38:0/513925950 >> [v2:172.21.15.38:3300/0,v1:172.21.15.38:6789/0] conn(0x7f505c07acc0 msgr2=0x7f505c0791c0 secure :-1 s=STATE_CONNECTION_ESTABLISHED l=1).mark_down
2024-04-24T05:50:12.923 INFO:teuthology.orchestra.run.smithi038.stdout:/usr/bin/ceph: stderr
2024-04-24T05:50:12.034+0000 7f5061800700 1 --2- 172.21.15.38:0/513925950 >> [v2:172.21.15.38:3300/0,v1:172.21.15.38:6789/0] conn(0x7f505c07acc0 0x7f505c0791c0 secure :-1 s=READY pgs=86 cs=0 l=1 rev1=1 crypto rx=0x7f504c0098a0 tx=0x7f504c009bb0 comp rx=0 tx=0).stop
2024-04-24T05:50:12.923 INFO:teuthology.orchestra.run.smithi038.stdout:/usr/bin/ceph: stderr
2024-04-24T05:50:12.035+0000 7f5061800700 1 -- 172.21.15.38:0/513925950 shutdown_connections
2024-04-24T05:50:12.923 INFO:teuthology.orchestra.run.smithi038.stdout:/usr/bin/ceph: stderr
2024-04-24T05:50:12.035+0000 7f5061800700 1 --2- 172.21.15.38:0/513925950 >> [v2:172.21.15.38:3300/0,v1:172.21.15.38:6789/0] conn(0x7f505c07acc0 0x7f505c0791c0 unknown :-1 s=CLOSED pgs=86 cs=0 l=1 rev1=1 crypto rx=0 tx=0 comp rx=0 tx=0).stop
2024-04-24T05:50:12.923 INFO:teuthology.orchestra.run.smithi038.stdout:/usr/bin/ceph: stderr
2024-04-24T05:50:12.035+0000 7f5061800700 1 -- 172.21.15.38:0/513925950 >> 172.21.15.38:0/513925950 conn(0x7f505c101160 msgr2=0x7f505c103590 unknown :-1 s=STATE_NONE l=0).mark_down
2024-04-24T05:50:12.923 INFO:teuthology.orchestra.run.smithi038.stdout:/usr/bin/ceph: stderr
2024-04-24T05:50:12.035+0000 7f5061800700 1 -- 172.21.15.38:0/513925950 shutdown_connections
2024-04-24T05:50:12.924 INFO:teuthology.orchestra.run.smithi038.stdout:/usr/bin/ceph: stderr
2024-04-24T05:50:12.035+0000 7f5061800700 1 -- 172.21.15.38:0/513925950 wait complete.
2024-04-24T05:50:12.924 INFO:teuthology.orchestra.run.smithi038.stdout:/usr/bin/ceph: stderr
2024-04-24T05:50:12.036+0000 7f5061800700 1 Processor -- start
2024-04-24T05:50:12.924 INFO:teuthology.orchestra.run.smithi038.stdout:/usr/bin/ceph: stderr
2024-04-24T05:50:12.036+0000 7f5061800700 1 -- start start
2024-04-24T05:50:12.924 INFO:teuthology.orchestra.run.smithi038.stdout:/usr/bin/ceph: stderr
2024-04-24T05:50:12.036+0000 7f5061800700 1 --2- >> [v2:172.21.15.38:3300/0,v1:172.21.15.38:6789/0] conn(0x7f505c07acc0 0x7f505c19ba90 unknown :-1 s=NONE pgs=0 cs=0 l=1 rev1=0 crypto rx=0 tx=0 comp rx=0 tx=0).connect
2024-04-24T05:50:12.924 INFO:teuthology.orchestra.run.smithi038.stdout:/usr/bin/ceph: stderr
2024-04-24T05:50:12.036+0000 7f5061800700 1 -- --> [v2:172.21.15.38:3300/0,v1:172.21.15.38:6789/0] -- mon_getmap magic: 0 v1 -- 0x7f505c19bfd0 con 0x7f505c07acc0
2024-04-24T05:50:12.924 INFO:teuthology.orchestra.run.smithi038.stdout:/usr/bin/ceph: stderr
2024-04-24T05:50:12.037+0000 7f505aa00700 1 --2- >> [v2:172.21.15.38:3300/0,v1:172.21.15.38:6789/0] conn(0x7f505c07acc0 0x7f505c19ba90 unknown :-1 s=BANNER_CONNECTING pgs=0 cs=0 l=1 rev1=0 crypto rx=0 tx=0 comp rx=0 tx=0)._handle_peer_banner_payload supported=3 required=0
2024-04-24T05:50:12.924 INFO:teuthology.orchestra.run.smithi038.stdout:/usr/bin/ceph: stderr
2024-04-24T05:50:12.037+0000 7f505aa00700 1 --2- >> [v2:172.21.15.38:3300/0,v1:172.21.15.38:6789/0] conn(0x7f505c07acc0 0x7f505c19ba90 unknown :-1 s=HELLO_CONNECTING pgs=0 cs=0 l=1 rev1=1 crypto rx=0 tx=0 comp rx=0 tx=0).handle_hello peer v2:172.21.15.38:3300/0 says I am v2:172.21.15.38:38716/0 (socket says 172.21.15.38:38716)
2024-04-24T05:50:12.924 INFO:teuthology.orchestra.run.smithi038.stdout:/usr/bin/ceph: stderr
2024-04-24T05:50:12.037+0000 7f505aa00700 1 -- 172.21.15.38:0/549996183 learned_addr learned my addr 172.21.15.38:0/549996183 (peer_addr_for_me v2:172.21.15.38:0/0)
2024-04-24T05:50:12.927 INFO:teuthology.orchestra.run.smithi038.stdout:/usr/bin/ceph: stderr
2024-04-24T05:50:12.037+0000 7f505aa00700 1 -- 172.21.15.38:0/549996183 --> [v2:172.21.15.38:3300/0,v1:172.21.15.38:6789/0] -- mon_subscribe({config=0+,monmap=0+}) v3 -- 0x7f504c009550 con 0x7f505c07acc0
2024-04-24T05:50:12.927 INFO:teuthology.orchestra.run.smithi038.stdout:/usr/bin/ceph: stderr
2024-04-24T05:50:12.038+0000 7f505aa00700 1 --2- 172.21.15.38:0/549996183 >> [v2:172.21.15.38:3300/0,v1:172.21.15.38:6789/0] conn(0x7f505c07acc0 0x7f505c19ba90 secure :-1 s=READY pgs=87 cs=0 l=1 rev1=1 crypto rx=0x7f504c000c00 tx=0x7f504c011b50 comp rx=0 tx=0).ready entity=mon.0 client_cookie=0 server_cookie=0 in_seq=0 out_seq=0
2024-04-24T05:50:12.927 INFO:teuthology.orchestra.run.smithi038.stdout:/usr/bin/ceph: stderr
2024-04-24T05:50:12.038+0000 7f5053400700 1 -- 172.21.15.38:0/549996183 <== mon.0 v2:172.21.15.38:3300/0 1 ==== mon_map magic: 0 v1 ==== 229+0+0 (secure 0 0 0) 0x7f504c003a70 con 0x7f505c07acc0
2024-04-24T05:50:12.928 INFO:teuthology.orchestra.run.smithi038.stdout:/usr/bin/ceph: stderr
2024-04-24T05:50:12.038+0000 7f5053400700 1 -- 172.21.15.38:0/549996183 <== mon.0 v2:172.21.15.38:3300/0 2 ==== config(27 keys) v1 ==== 1101+0+0 (secure 0 0 0) 0x7f504c003bd0 con 0x7f505c07acc0
2024-04-24T05:50:12.928 INFO:teuthology.orchestra.run.smithi038.stdout:/usr/bin/ceph: stderr
2024-04-24T05:50:12.038+0000 7f5053400700 1 -- 172.21.15.38:0/549996183 <== mon.0 v2:172.21.15.38:3300/0 3 ==== mon_map magic: 0 v1 ==== 229+0+0 (secure 0 0 0) 0x7f504c0238c0 con 0x7f505c07acc0
2024-04-24T05:50:12.928 INFO:teuthology.orchestra.run.smithi038.stdout:/usr/bin/ceph: stderr
2024-04-24T05:50:12.038+0000 7f5061800700 1 -- 172.21.15.38:0/549996183 --> [v2:172.21.15.38:3300/0,v1:172.21.15.38:6789/0] -- mon_subscribe({mgrmap=0+}) v3 -- 0x7f505c19c1d0 con 0x7f505c07acc0
2024-04-24T05:50:12.928 INFO:teuthology.orchestra.run.smithi038.stdout:/usr/bin/ceph: stderr
2024-04-24T05:50:12.038+0000 7f5061800700 1 -- 172.21.15.38:0/549996183 --> [v2:172.21.15.38:3300/0,v1:172.21.15.38:6789/0] -- mon_subscribe({osdmap=0}) v3 -- 0x7f505c19c5f0 con 0x7f505c07acc0
2024-04-24T05:50:12.928 INFO:teuthology.orchestra.run.smithi038.stdout:/usr/bin/ceph: stderr
2024-04-24T05:50:12.039+0000 7f5061800700 1 -- 172.21.15.38:0/549996183 --> [v2:172.21.15.38:3300/0,v1:172.21.15.38:6789/0] -- mon_command({"prefix": "get_command_descriptions"} v 0) v1 -- 0x7f505c10be60 con 0x7f505c07acc0
2024-04-24T05:50:12.928 INFO:teuthology.orchestra.run.smithi038.stdout:/usr/bin/ceph: stderr
2024-04-24T05:50:12.039+0000 7f5053400700 1 -- 172.21.15.38:0/549996183 <== mon.0 v2:172.21.15.38:3300/0 4 ==== mgrmap(e 13) v1 ==== 45140+0+0 (secure 0 0 0) 0x7f504c023b30 con 0x7f505c07acc0
2024-04-24T05:50:12.928 INFO:teuthology.orchestra.run.smithi038.stdout:/usr/bin/ceph: stderr
2024-04-24T05:50:12.040+0000 7f5053400700 1 --2- 172.21.15.38:0/549996183 >> [v2:172.21.15.38:6800/3927590334,v1:172.21.15.38:6801/3927590334] conn(0x7f5040038530 0x7f504003a9e0 unknown :-1 s=NONE pgs=0 cs=0 l=1 rev1=0 crypto rx=0 tx=0 comp rx=0 tx=0).connect
2024-04-24T05:50:12.928 INFO:teuthology.orchestra.run.smithi038.stdout:/usr/bin/ceph: stderr
2024-04-24T05:50:12.040+0000 7f5053400700 1 -- 172.21.15.38:0/549996183 <== mon.0 v2:172.21.15.38:3300/0 5 ==== osd_map(3..3 src has 1..3) v4 ==== 1155+0+0 (secure 0 0 0) 0x7f504c04c4d0 con 0x7f505c07acc0
2024-04-24T05:50:12.928 INFO:teuthology.orchestra.run.smithi038.stdout:/usr/bin/ceph: stderr
2024-04-24T05:50:12.040+0000 7f5053e00700 1 --2- 172.21.15.38:0/549996183 >> [v2:172.21.15.38:6800/3927590334,v1:172.21.15.38:6801/3927590334] conn(0x7f5040038530 0x7f504003a9e0 unknown :-1 s=BANNER_CONNECTING pgs=0 cs=0 l=1 rev1=0 crypto rx=0 tx=0 comp rx=0 tx=0)._handle_peer_banner_payload supported=3 required=0
2024-04-24T05:50:12.928 INFO:teuthology.orchestra.run.smithi038.stdout:/usr/bin/ceph: stderr
2024-04-24T05:50:12.041+0000 7f5053e00700 1 --2- 172.21.15.38:0/549996183 >> [v2:172.21.15.38:6800/3927590334,v1:172.21.15.38:6801/3927590334] conn(0x7f5040038530 0x7f504003a9e0 secure :-1 s=READY pgs=9 cs=0 l=1 rev1=1 crypto rx=0x7f5044006fd0 tx=0x7f5044006e40 comp rx=0 tx=0).ready entity=mgr.14164 client_cookie=0 server_cookie=0 in_seq=0 out_seq=0
2024-04-24T05:50:12.928 INFO:teuthology.orchestra.run.smithi038.stdout:/usr/bin/ceph: stderr
2024-04-24T05:50:12.045+0000 7f5053400700 1 -- 172.21.15.38:0/549996183 <== mon.0 v2:172.21.15.38:3300/0 6 ==== mon_command_ack([{"prefix": "get_command_descriptions"}]=0 v0) v1 ==== 72+0+177933 (secure 0 0 0) 0x7f504c010970 con 0x7f505c07acc0
2024-04-24T05:50:12.928 INFO:teuthology.orchestra.run.smithi038.stdout:/usr/bin/ceph: stderr
2024-04-24T05:50:12.270+0000 7f5061800700 1 -- 172.21.15.38:0/549996183 --> [v2:172.21.15.38:3300/0,v1:172.21.15.38:6789/0] -- mon_command({"prefix": "config get", "who": "mgr", "key": "mgr/dashboard/ssl_server_port"} v 0) v1 -- 0x7f505c19f450 con 0x7f505c07acc0
2024-04-24T05:50:12.929 INFO:teuthology.orchestra.run.smithi038.stdout:/usr/bin/ceph: stderr
2024-04-24T05:50:12.271+0000 7f5053400700 1 -- 172.21.15.38:0/549996183 <== mon.0 v2:172.21.15.38:3300/0 7 ==== mon_command_ack([{"prefix": "config get", "who": "mgr", "key": "mgr/dashboard/ssl_server_port"}]=0 v8) v1 ==== 112+0+5 (secure 0 0 0) 0x7f504c02c350 con 0x7f505c07acc0
2024-04-24T05:50:12.929 INFO:teuthology.orchestra.run.smithi038.stdout:/usr/bin/ceph: stderr
2024-04-24T05:50:12.274+0000 7f5061800700 1 -- 172.21.15.38:0/549996183 >> [v2:172.21.15.38:6800/3927590334,v1:172.21.15.38:6801/3927590334] conn(0x7f5040038530 msgr2=0x7f504003a9e0 secure :-1 s=STATE_CONNECTION_ESTABLISHED l=1).mark_down
2024-04-24T05:50:12.929 INFO:teuthology.orchestra.run.smithi038.stdout:/usr/bin/ceph: stderr
2024-04-24T05:50:12.274+0000 7f5061800700 1 --2- 172.21.15.38:0/549996183 >> [v2:172.21.15.38:6800/3927590334,v1:172.21.15.38:6801/3927590334] conn(0x7f5040038530 0x7f504003a9e0 secure :-1 s=READY pgs=9 cs=0 l=1 rev1=1 crypto rx=0x7f5044006fd0 tx=0x7f5044006e40 comp rx=0 tx=0).stop
2024-04-24T05:50:12.929 INFO:teuthology.orchestra.run.smithi038.stdout:/usr/bin/ceph: stderr
2024-04-24T05:50:12.274+0000 7f5061800700 1 -- 172.21.15.38:0/549996183 >> [v2:172.21.15.38:3300/0,v1:172.21.15.38:6789/0] conn(0x7f505c07acc0 msgr2=0x7f505c19ba90 secure :-1 s=STATE_CONNECTION_ESTABLISHED l=1).mark_down
2024-04-24T05:50:12.929 INFO:teuthology.orchestra.run.smithi038.stdout:/usr/bin/ceph: stderr
2024-04-24T05:50:12.274+0000 7f5061800700 1 --2- 172.21.15.38:0/549996183 >> [v2:172.21.15.38:3300/0,v1:172.21.15.38:6789/0] conn(0x7f505c07acc0 0x7f505c19ba90 secure :-1 s=READY pgs=87 cs=0 l=1 rev1=1 crypto rx=0x7f504c000c00 tx=0x7f504c011b50 comp rx=0 tx=0).stop
2024-04-24T05:50:12.929 INFO:teuthology.orchestra.run.smithi038.stdout:/usr/bin/ceph: stderr
2024-04-24T05:50:12.275+0000 7f5061800700 1 -- 172.21.15.38:0/549996183 shutdown_connections
2024-04-24T05:50:12.929 INFO:teuthology.orchestra.run.smithi038.stdout:/usr/bin/ceph: stderr
2024-04-24T05:50:12.275+0000 7f5061800700 1 --2- 172.21.15.38:0/549996183 >> [v2:172.21.15.38:6800/3927590334,v1:172.21.15.38:6801/3927590334] conn(0x7f5040038530 0x7f504003a9e0 unknown :-1 s=CLOSED pgs=9 cs=0 l=1 rev1=1 crypto rx=0 tx=0 comp rx=0 tx=0).stop
2024-04-24T05:50:12.929 INFO:teuthology.orchestra.run.smithi038.stdout:/usr/bin/ceph: stderr
2024-04-24T05:50:12.275+0000 7f5061800700 1 --2- 172.21.15.38:0/549996183 >> [v2:172.21.15.38:3300/0,v1:172.21.15.38:6789/0] conn(0x7f505c07acc0 0x7f505c19ba90 unknown :-1 s=CLOSED pgs=87 cs=0 l=1 rev1=1 crypto rx=0 tx=0 comp rx=0 tx=0).stop
2024-04-24T05:50:12.929 INFO:teuthology.orchestra.run.smithi038.stdout:/usr/bin/ceph: stderr
2024-04-24T05:50:12.275+0000 7f5061800700 1 -- 172.21.15.38:0/549996183 >> 172.21.15.38:0/549996183 conn(0x7f505c101160 msgr2=0x7f505c101f60 unknown :-1 s=STATE_NONE l=0).mark_down
2024-04-24T05:50:12.929 INFO:teuthology.orchestra.run.smithi038.stdout:/usr/bin/ceph: stderr
2024-04-24T05:50:12.275+0000 7f5061800700 1 -- 172.21.15.38:0/549996183 shutdown_connections
2024-04-24T05:50:12.929 INFO:teuthology.orchestra.run.smithi038.stdout:/usr/bin/ceph: stderr
2024-04-24T05:50:12.275+0000 7f5061800700 1 -- 172.21.15.38:0/549996183 wait complete.
2024-04-24T05:50:12.956 INFO:teuthology.orchestra.run.smithi038.stdout:Non-zero exit code 1 from systemctl is-enabled firewalld.service
2024-04-24T05:50:12.956 INFO:teuthology.orchestra.run.smithi038.stdout:systemctl: stdout disabled
2024-04-24T05:50:12.981 INFO:teuthology.orchestra.run.smithi038.stdout:Non-zero exit code 3 from systemctl is-active firewalld.service
2024-04-24T05:50:12.981 INFO:teuthology.orchestra.run.smithi038.stdout:systemctl: stdout inactive
2024-04-24T05:50:12.981 INFO:teuthology.orchestra.run.smithi038.stdout:firewalld.service is not enabled
2024-04-24T05:50:12.981 INFO:teuthology.orchestra.run.smithi038.stdout:Not possible to open ports <[8443]>. firewalld.service is not available
2024-04-24T05:50:12.989 INFO:teuthology.orchestra.run.smithi038.stdout:Ceph Dashboard is now available at:
2024-04-24T05:50:12.989 INFO:teuthology.orchestra.run.smithi038.stdout:
2024-04-24T05:50:12.989 INFO:teuthology.orchestra.run.smithi038.stdout: URL: https://smithi038.front.sepia.ceph.com:8443/
2024-04-24T05:50:12.989 INFO:teuthology.orchestra.run.smithi038.stdout: User: admin
2024-04-24T05:50:12.989 INFO:teuthology.orchestra.run.smithi038.stdout: Password: 1hywye1w1c
2024-04-24T05:50:12.989 INFO:teuthology.orchestra.run.smithi038.stdout:
2024-04-24T05:50:12.990 INFO:teuthology.orchestra.run.smithi038.stdout:Saving cluster configuration to /var/lib/ceph/34d2603e-01fe-11ef-bc93-c7b262605968/config directory
2024-04-24T05:50:12.992 INFO:teuthology.orchestra.run.smithi038.stdout:Enabling autotune for osd_memory_target
2024-04-24T05:50:13.172 INFO:journalctl@ceph.mon.smithi038.smithi038.stdout:Apr 24 05:50:12 smithi038 ceph-mon[25276]: from='client.? 172.21.15.38:0/549996183' entity='client.admin' cmd=[{"prefix": "config get", "who": "mgr", "key": "mgr/dashboard/ssl_server_port"}]: dispatch
2024-04-24T05:50:14.581 INFO:teuthology.orchestra.run.smithi038.stdout:/usr/bin/ceph: stderr
2024-04-24T05:50:13.621+0000 7f058b200700 1 Processor -- start
2024-04-24T05:50:14.582 INFO:teuthology.orchestra.run.smithi038.stdout:/usr/bin/ceph: stderr
2024-04-24T05:50:13.621+0000 7f058b200700 1 -- start start
2024-04-24T05:50:14.582 INFO:teuthology.orchestra.run.smithi038.stdout:/usr/bin/ceph: stderr
2024-04-24T05:50:13.622+0000 7f058b200700 1 --2- >> [v2:172.21.15.38:3300/0,v1:172.21.15.38:6789/0] conn(0x7f058c104840 0x7f058c104c50 unknown :-1 s=NONE pgs=0 cs=0 l=0 rev1=0 crypto rx=0 tx=0 comp rx=0 tx=0).connect
2024-04-24T05:50:14.582 INFO:teuthology.orchestra.run.smithi038.stdout:/usr/bin/ceph: stderr
2024-04-24T05:50:13.622+0000 7f058b200700 1 -- --> [v2:172.21.15.38:3300/0,v1:172.21.15.38:6789/0] -- mon_getmap magic: 0 v1 -- 0x7f058c105190 con 0x7f058c104840
2024-04-24T05:50:14.583 INFO:teuthology.orchestra.run.smithi038.stdout:/usr/bin/ceph: stderr
2024-04-24T05:50:13.622+0000 7f0589e00700 1 --2- >> [v2:172.21.15.38:3300/0,v1:172.21.15.38:6789/0] conn(0x7f058c104840 0x7f058c104c50 unknown :-1 s=BANNER_CONNECTING pgs=0 cs=0 l=0 rev1=0 crypto rx=0 tx=0 comp rx=0 tx=0)._handle_peer_banner_payload supported=3 required=0
2024-04-24T05:50:14.584 INFO:teuthology.orchestra.run.smithi038.stdout:/usr/bin/ceph: stderr
2024-04-24T05:50:13.622+0000 7f0589e00700 1 --2- >> [v2:172.21.15.38:3300/0,v1:172.21.15.38:6789/0] conn(0x7f058c104840 0x7f058c104c50 unknown :-1 s=HELLO_CONNECTING pgs=0 cs=0 l=0 rev1=1 crypto rx=0 tx=0 comp rx=0 tx=0).handle_hello peer v2:172.21.15.38:3300/0 says I am v2:172.21.15.38:38728/0 (socket says 172.21.15.38:38728)
2024-04-24T05:50:14.584 INFO:teuthology.orchestra.run.smithi038.stdout:/usr/bin/ceph: stderr
2024-04-24T05:50:13.622+0000 7f0589e00700 1 -- 172.21.15.38:0/2384252937 learned_addr learned my addr 172.21.15.38:0/2384252937 (peer_addr_for_me v2:172.21.15.38:0/0)
2024-04-24T05:50:14.584 INFO:teuthology.orchestra.run.smithi038.stdout:/usr/bin/ceph: stderr
2024-04-24T05:50:13.623+0000 7f0589e00700 1 -- 172.21.15.38:0/2384252937 --> [v2:172.21.15.38:3300/0,v1:172.21.15.38:6789/0] -- mon_subscribe({config=0+,monmap=0+}) v3 -- 0x7f058c1052d0 con 0x7f058c104840
2024-04-24T05:50:14.584 INFO:teuthology.orchestra.run.smithi038.stdout:/usr/bin/ceph: stderr
2024-04-24T05:50:13.623+0000 7f0589e00700 1 --2- 172.21.15.38:0/2384252937 >> [v2:172.21.15.38:3300/0,v1:172.21.15.38:6789/0] conn(0x7f058c104840 0x7f058c104c50 secure :-1 s=READY pgs=88 cs=0 l=1 rev1=1 crypto rx=0x7f057c0098a0 tx=0x7f057c009bb0 comp rx=0 tx=0).ready entity=mon.0 client_cookie=7ef95c2ece427d13 server_cookie=0 in_seq=0 out_seq=0
2024-04-24T05:50:14.584 INFO:teuthology.orchestra.run.smithi038.stdout:/usr/bin/ceph: stderr
2024-04-24T05:50:13.623+0000 7f0588a00700 1 -- 172.21.15.38:0/2384252937 <== mon.0 v2:172.21.15.38:3300/0 1 ==== mon_map magic: 0 v1 ==== 229+0+0 (secure 0 0 0) 0x7f057c004180 con 0x7f058c104840
2024-04-24T05:50:14.584 INFO:teuthology.orchestra.run.smithi038.stdout:/usr/bin/ceph: stderr
2024-04-24T05:50:13.624+0000 7f0588a00700 1 -- 172.21.15.38:0/2384252937 <== mon.0 v2:172.21.15.38:3300/0 2 ==== config(27 keys) v1 ==== 1101+0+0 (secure 0 0 0) 0x7f057c0042e0 con 0x7f058c104840
2024-04-24T05:50:14.584 INFO:teuthology.orchestra.run.smithi038.stdout:/usr/bin/ceph: stderr
2024-04-24T05:50:13.624+0000 7f0588a00700 1 -- 172.21.15.38:0/2384252937 <== mon.0 v2:172.21.15.38:3300/0 3 ==== mon_map magic: 0 v1 ==== 229+0+0 (secure 0 0 0) 0x7f057c011af0 con 0x7f058c104840
2024-04-24T05:50:14.584 INFO:teuthology.orchestra.run.smithi038.stdout:/usr/bin/ceph: stderr
2024-04-24T05:50:13.624+0000 7f058b200700 1 -- 172.21.15.38:0/2384252937 >> [v2:172.21.15.38:3300/0,v1:172.21.15.38:6789/0] conn(0x7f058c104840 msgr2=0x7f058c104c50 secure :-1 s=STATE_CONNECTION_ESTABLISHED l=1).mark_down
2024-04-24T05:50:14.584 INFO:teuthology.orchestra.run.smithi038.stdout:/usr/bin/ceph: stderr
2024-04-24T05:50:13.624+0000 7f058b200700 1 --2- 172.21.15.38:0/2384252937 >> [v2:172.21.15.38:3300/0,v1:172.21.15.38:6789/0] conn(0x7f058c104840 0x7f058c104c50 secure :-1 s=READY pgs=88 cs=0 l=1 rev1=1 crypto rx=0x7f057c0098a0 tx=0x7f057c009bb0 comp rx=0 tx=0).stop
2024-04-24T05:50:14.584 INFO:teuthology.orchestra.run.smithi038.stdout:/usr/bin/ceph: stderr
2024-04-24T05:50:13.624+0000 7f058b200700 1 -- 172.21.15.38:0/2384252937 shutdown_connections
2024-04-24T05:50:14.584 INFO:teuthology.orchestra.run.smithi038.stdout:/usr/bin/ceph: stderr
2024-04-24T05:50:13.624+0000 7f058b200700 1 --2- 172.21.15.38:0/2384252937 >> [v2:172.21.15.38:3300/0,v1:172.21.15.38:6789/0] conn(0x7f058c104840 0x7f058c104c50 unknown :-1 s=CLOSED pgs=88 cs=0 l=1 rev1=1 crypto rx=0 tx=0 comp rx=0 tx=0).stop
2024-04-24T05:50:14.584 INFO:teuthology.orchestra.run.smithi038.stdout:/usr/bin/ceph: stderr
2024-04-24T05:50:13.624+0000 7f058b200700 1 -- 172.21.15.38:0/2384252937 >> 172.21.15.38:0/2384252937 conn(0x7f058c0ffeb0 msgr2=0x7f058c1022c0 unknown :-1 s=STATE_NONE l=0).mark_down
2024-04-24T05:50:14.584 INFO:teuthology.orchestra.run.smithi038.stdout:/usr/bin/ceph: stderr
2024-04-24T05:50:13.625+0000 7f058b200700 1 -- 172.21.15.38:0/2384252937 shutdown_connections
2024-04-24T05:50:14.584 INFO:teuthology.orchestra.run.smithi038.stdout:/usr/bin/ceph: stderr
2024-04-24T05:50:13.625+0000 7f058b200700 1 -- 172.21.15.38:0/2384252937 wait complete.
2024-04-24T05:50:14.588 INFO:teuthology.orchestra.run.smithi038.stdout:/usr/bin/ceph: stderr
2024-04-24T05:50:13.626+0000 7f058b200700 1 Processor -- start
2024-04-24T05:50:14.588 INFO:teuthology.orchestra.run.smithi038.stdout:/usr/bin/ceph: stderr
2024-04-24T05:50:13.626+0000 7f058b200700 1 -- start start
2024-04-24T05:50:14.588 INFO:teuthology.orchestra.run.smithi038.stdout:/usr/bin/ceph: stderr
2024-04-24T05:50:13.626+0000 7f058b200700 1 --2- >> [v2:172.21.15.38:3300/0,v1:172.21.15.38:6789/0] conn(0x7f058c104840 0x7f058c199690 unknown :-1 s=NONE pgs=0 cs=0 l=1 rev1=0 crypto rx=0 tx=0 comp rx=0 tx=0).connect
2024-04-24T05:50:14.588 INFO:teuthology.orchestra.run.smithi038.stdout:/usr/bin/ceph: stderr
2024-04-24T05:50:13.626+0000 7f058b200700 1 -- --> [v2:172.21.15.38:3300/0,v1:172.21.15.38:6789/0] -- mon_getmap magic: 0 v1 -- 0x7f058c199bd0 con 0x7f058c104840
2024-04-24T05:50:14.588 INFO:teuthology.orchestra.run.smithi038.stdout:/usr/bin/ceph: stderr
2024-04-24T05:50:13.627+0000 7f0589e00700 1 --2- >> [v2:172.21.15.38:3300/0,v1:172.21.15.38:6789/0] conn(0x7f058c104840 0x7f058c199690 unknown :-1 s=BANNER_CONNECTING pgs=0 cs=0 l=1 rev1=0 crypto rx=0 tx=0 comp rx=0 tx=0)._handle_peer_banner_payload supported=3 required=0
2024-04-24T05:50:14.588 INFO:teuthology.orchestra.run.smithi038.stdout:/usr/bin/ceph: stderr
2024-04-24T05:50:13.627+0000 7f0589e00700 1 --2- >> [v2:172.21.15.38:3300/0,v1:172.21.15.38:6789/0] conn(0x7f058c104840 0x7f058c199690 unknown :-1 s=HELLO_CONNECTING pgs=0 cs=0 l=1 rev1=1 crypto rx=0 tx=0 comp rx=0 tx=0).handle_hello peer v2:172.21.15.38:3300/0 says I am v2:172.21.15.38:38742/0 (socket says 172.21.15.38:38742)
2024-04-24T05:50:14.588 INFO:teuthology.orchestra.run.smithi038.stdout:/usr/bin/ceph: stderr
2024-04-24T05:50:13.627+0000 7f0589e00700 1 -- 172.21.15.38:0/215362638 learned_addr learned my addr 172.21.15.38:0/215362638 (peer_addr_for_me v2:172.21.15.38:0/0)
2024-04-24T05:50:14.589 INFO:teuthology.orchestra.run.smithi038.stdout:/usr/bin/ceph: stderr
2024-04-24T05:50:13.627+0000 7f0589e00700 1 -- 172.21.15.38:0/215362638 --> [v2:172.21.15.38:3300/0,v1:172.21.15.38:6789/0] -- mon_subscribe({config=0+,monmap=0+}) v3 -- 0x7f057c009550 con 0x7f058c104840
2024-04-24T05:50:14.589 INFO:teuthology.orchestra.run.smithi038.stdout:/usr/bin/ceph: stderr
2024-04-24T05:50:13.627+0000 7f0589e00700 1 --2- 172.21.15.38:0/215362638 >> [v2:172.21.15.38:3300/0,v1:172.21.15.38:6789/0] conn(0x7f058c104840 0x7f058c199690 secure :-1 s=READY pgs=89 cs=0 l=1 rev1=1 crypto rx=0x7f057c006ba0 tx=0x7f057c011b50 comp rx=0 tx=0).ready entity=mon.0 client_cookie=0 server_cookie=0 in_seq=0 out_seq=0
2024-04-24T05:50:14.589 INFO:teuthology.orchestra.run.smithi038.stdout:/usr/bin/ceph: stderr
2024-04-24T05:50:13.628+0000 7f0582a00700 1 -- 172.21.15.38:0/215362638 <== mon.0 v2:172.21.15.38:3300/0 1 ==== mon_map magic: 0 v1 ==== 229+0+0 (secure 0 0 0) 0x7f057c003b00 con 0x7f058c104840
2024-04-24T05:50:14.589 INFO:teuthology.orchestra.run.smithi038.stdout:/usr/bin/ceph: stderr
2024-04-24T05:50:13.628+0000 7f0582a00700 1 -- 172.21.15.38:0/215362638 <== mon.0 v2:172.21.15.38:3300/0 2 ==== config(27 keys) v1 ==== 1101+0+0 (secure 0 0 0) 0x7f057c01a8e0 con 0x7f058c104840
2024-04-24T05:50:14.589 INFO:teuthology.orchestra.run.smithi038.stdout:/usr/bin/ceph: stderr
2024-04-24T05:50:13.628+0000 7f058b200700 1 -- 172.21.15.38:0/215362638 --> [v2:172.21.15.38:3300/0,v1:172.21.15.38:6789/0] -- mon_subscribe({mgrmap=0+}) v3 -- 0x7f058c199dd0 con 0x7f058c104840
2024-04-24T05:50:14.589 INFO:teuthology.orchestra.run.smithi038.stdout:/usr/bin/ceph: stderr
2024-04-24T05:50:13.628+0000 7f0582a00700 1 -- 172.21.15.38:0/215362638 <== mon.0 v2:172.21.15.38:3300/0 3 ==== mon_map magic: 0 v1 ==== 229+0+0 (secure 0 0 0) 0x7f057c0199c0 con 0x7f058c104840
2024-04-24T05:50:14.589 INFO:teuthology.orchestra.run.smithi038.stdout:/usr/bin/ceph: stderr
2024-04-24T05:50:13.628+0000 7f058b200700 1 -- 172.21.15.38:0/215362638 --> [v2:172.21.15.38:3300/0,v1:172.21.15.38:6789/0] -- mon_subscribe({osdmap=0}) v3 -- 0x7f058c19a1f0 con 0x7f058c104840
2024-04-24T05:50:14.589 INFO:teuthology.orchestra.run.smithi038.stdout:/usr/bin/ceph: stderr
2024-04-24T05:50:13.629+0000 7f058b200700 1 -- 172.21.15.38:0/215362638 --> [v2:172.21.15.38:3300/0,v1:172.21.15.38:6789/0] -- mon_command({"prefix": "get_command_descriptions"} v 0) v1 -- 0x7f058c062380 con 0x7f058c104840
2024-04-24T05:50:14.589 INFO:teuthology.orchestra.run.smithi038.stdout:/usr/bin/ceph: stderr
2024-04-24T05:50:13.629+0000 7f0582a00700 1 -- 172.21.15.38:0/215362638 <== mon.0 v2:172.21.15.38:3300/0 4 ==== mgrmap(e 13) v1 ==== 45140+0+0 (secure 0 0 0) 0x7f057c019c30 con 0x7f058c104840
2024-04-24T05:50:14.589 INFO:teuthology.orchestra.run.smithi038.stdout:/usr/bin/ceph: stderr
2024-04-24T05:50:13.630+0000 7f0582a00700 1 --2- 172.21.15.38:0/215362638 >> [v2:172.21.15.38:6800/3927590334,v1:172.21.15.38:6801/3927590334] conn(0x7f05700384e0 0x7f057003a990 unknown :-1 s=NONE pgs=0 cs=0 l=1 rev1=0 crypto rx=0 tx=0 comp rx=0 tx=0).connect
2024-04-24T05:50:14.589 INFO:teuthology.orchestra.run.smithi038.stdout:/usr/bin/ceph: stderr
2024-04-24T05:50:13.630+0000 7f0582a00700 1 -- 172.21.15.38:0/215362638 <== mon.0 v2:172.21.15.38:3300/0 5 ==== osd_map(3..3 src has 1..3) v4 ==== 1155+0+0 (secure 0 0 0) 0x7f057c04c820 con 0x7f058c104840
2024-04-24T05:50:14.589 INFO:teuthology.orchestra.run.smithi038.stdout:/usr/bin/ceph: stderr
2024-04-24T05:50:13.630+0000 7f0589400700 1 --2- 172.21.15.38:0/215362638 >> [v2:172.21.15.38:6800/3927590334,v1:172.21.15.38:6801/3927590334] conn(0x7f05700384e0 0x7f057003a990 unknown :-1 s=BANNER_CONNECTING pgs=0 cs=0 l=1 rev1=0 crypto rx=0 tx=0 comp rx=0 tx=0)._handle_peer_banner_payload supported=3 required=0
2024-04-24T05:50:14.589 INFO:teuthology.orchestra.run.smithi038.stdout:/usr/bin/ceph: stderr
2024-04-24T05:50:13.631+0000 7f0589400700 1 --2- 172.21.15.38:0/215362638 >> [v2:172.21.15.38:6800/3927590334,v1:172.21.15.38:6801/3927590334] conn(0x7f05700384e0 0x7f057003a990 secure :-1 s=READY pgs=10 cs=0 l=1 rev1=1 crypto rx=0x7f0578006fd0 tx=0x7f0578006e40 comp rx=0 tx=0).ready entity=mgr.14164 client_cookie=0 server_cookie=0 in_seq=0 out_seq=0
2024-04-24T05:50:14.590 INFO:teuthology.orchestra.run.smithi038.stdout:/usr/bin/ceph: stderr
2024-04-24T05:50:13.635+0000 7f0582a00700 1 -- 172.21.15.38:0/215362638 <== mon.0 v2:172.21.15.38:3300/0 6 ==== mon_command_ack([{"prefix": "get_command_descriptions"}]=0 v0) v1 ==== 72+0+177933 (secure 0 0 0) 0x7f057c018710 con 0x7f058c104840
2024-04-24T05:50:14.590 INFO:teuthology.orchestra.run.smithi038.stdout:/usr/bin/ceph: stderr
2024-04-24T05:50:13.856+0000 7f058b200700 1 -- 172.21.15.38:0/215362638 --> [v2:172.21.15.38:3300/0,v1:172.21.15.38:6789/0] -- mon_command([{prefix=config set, name=osd_memory_target_autotune}] v 0) v1 -- 0x7f058c19d0c0 con 0x7f058c104840
2024-04-24T05:50:14.590 INFO:teuthology.orchestra.run.smithi038.stdout:/usr/bin/ceph: stderr
2024-04-24T05:50:13.857+0000 7f0582a00700 1 -- 172.21.15.38:0/215362638 <== mon.0 v2:172.21.15.38:3300/0 7 ==== mon_command_ack([{prefix=config set, name=osd_memory_target_autotune}]=0 v8)=0 v8) v1 ==== 127+0+0 (secure 0 0 0) 0x7f057c018350 con 0x7f058c104840
2024-04-24T05:50:14.590 INFO:teuthology.orchestra.run.smithi038.stdout:/usr/bin/ceph: stderr
2024-04-24T05:50:13.860+0000 7f058b200700 1 -- 172.21.15.38:0/215362638 >> [v2:172.21.15.38:6800/3927590334,v1:172.21.15.38:6801/3927590334] conn(0x7f05700384e0 msgr2=0x7f057003a990 secure :-1 s=STATE_CONNECTION_ESTABLISHED l=1).mark_down
2024-04-24T05:50:14.590 INFO:teuthology.orchestra.run.smithi038.stdout:/usr/bin/ceph: stderr
2024-04-24T05:50:13.860+0000 7f058b200700 1 --2- 172.21.15.38:0/215362638 >> [v2:172.21.15.38:6800/3927590334,v1:172.21.15.38:6801/3927590334] conn(0x7f05700384e0 0x7f057003a990 secure :-1 s=READY pgs=10 cs=0 l=1 rev1=1 crypto rx=0x7f0578006fd0 tx=0x7f0578006e40 comp rx=0 tx=0).stop
2024-04-24T05:50:14.590 INFO:teuthology.orchestra.run.smithi038.stdout:/usr/bin/ceph: stderr
2024-04-24T05:50:13.860+0000 7f058b200700 1 -- 172.21.15.38:0/215362638 >> [v2:172.21.15.38:3300/0,v1:172.21.15.38:6789/0] conn(0x7f058c104840 msgr2=0x7f058c199690 secure :-1 s=STATE_CONNECTION_ESTABLISHED l=1).mark_down
2024-04-24T05:50:14.590 INFO:teuthology.orchestra.run.smithi038.stdout:/usr/bin/ceph: stderr
2024-04-24T05:50:13.860+0000 7f058b200700 1 --2- 172.21.15.38:0/215362638 >> [v2:172.21.15.38:3300/0,v1:172.21.15.38:6789/0] conn(0x7f058c104840 0x7f058c199690 secure :-1 s=READY pgs=89 cs=0 l=1 rev1=1 crypto rx=0x7f057c006ba0 tx=0x7f057c011b50 comp rx=0 tx=0).stop
2024-04-24T05:50:14.590 INFO:teuthology.orchestra.run.smithi038.stdout:/usr/bin/ceph: stderr
2024-04-24T05:50:13.860+0000 7f058b200700 1 -- 172.21.15.38:0/215362638 shutdown_connections
2024-04-24T05:50:14.590 INFO:teuthology.orchestra.run.smithi038.stdout:/usr/bin/ceph: stderr
2024-04-24T05:50:13.860+0000 7f058b200700 1 --2- 172.21.15.38:0/215362638 >> [v2:172.21.15.38:6800/3927590334,v1:172.21.15.38:6801/3927590334] conn(0x7f05700384e0 0x7f057003a990 unknown :-1 s=CLOSED pgs=10 cs=0 l=1 rev1=1 crypto rx=0 tx=0 comp rx=0 tx=0).stop
2024-04-24T05:50:14.590 INFO:teuthology.orchestra.run.smithi038.stdout:/usr/bin/ceph: stderr
2024-04-24T05:50:13.860+0000 7f058b200700 1 --2- 172.21.15.38:0/215362638 >> [v2:172.21.15.38:3300/0,v1:172.21.15.38:6789/0] conn(0x7f058c104840 0x7f058c199690 unknown :-1 s=CLOSED pgs=89 cs=0 l=1 rev1=1 crypto rx=0 tx=0 comp rx=0 tx=0).stop
2024-04-24T05:50:14.590 INFO:teuthology.orchestra.run.smithi038.stdout:/usr/bin/ceph: stderr
2024-04-24T05:50:13.860+0000 7f058b200700 1 -- 172.21.15.38:0/215362638 >> 172.21.15.38:0/215362638 conn(0x7f058c0ffeb0 msgr2=0x7f058c0740b0 unknown :-1 s=STATE_NONE l=0).mark_down
2024-04-24T05:50:14.590 INFO:teuthology.orchestra.run.smithi038.stdout:/usr/bin/ceph: stderr
2024-04-24T05:50:13.861+0000 7f058b200700 1 -- 172.21.15.38:0/215362638 shutdown_connections
2024-04-24T05:50:14.590 INFO:teuthology.orchestra.run.smithi038.stdout:/usr/bin/ceph: stderr
2024-04-24T05:50:13.861+0000 7f058b200700 1 -- 172.21.15.38:0/215362638 wait complete.
2024-04-24T05:50:16.259 INFO:teuthology.orchestra.run.smithi038.stdout:/usr/bin/ceph: stderr
2024-04-24T05:50:15.236+0000 7fd66f800700 1 Processor -- start
2024-04-24T05:50:16.259 INFO:teuthology.orchestra.run.smithi038.stdout:/usr/bin/ceph: stderr
2024-04-24T05:50:15.237+0000 7fd66f800700 1 -- start start
2024-04-24T05:50:16.259 INFO:teuthology.orchestra.run.smithi038.stdout:/usr/bin/ceph: stderr
2024-04-24T05:50:15.237+0000 7fd66f800700 1 --2- >> [v2:172.21.15.38:3300/0,v1:172.21.15.38:6789/0] conn(0x7fd66810c110 0x7fd66810c520 unknown :-1 s=NONE pgs=0 cs=0 l=0 rev1=0 crypto rx=0 tx=0 comp rx=0 tx=0).connect
2024-04-24T05:50:16.259 INFO:teuthology.orchestra.run.smithi038.stdout:/usr/bin/ceph: stderr
2024-04-24T05:50:15.237+0000 7fd66f800700 1 -- --> [v2:172.21.15.38:3300/0,v1:172.21.15.38:6789/0] -- mon_getmap magic: 0 v1 -- 0x7fd66810ca60 con 0x7fd66810c110
2024-04-24T05:50:16.262 INFO:teuthology.orchestra.run.smithi038.stdout:/usr/bin/ceph: stderr
2024-04-24T05:50:15.238+0000 7fd66ce00700 1 --2- >> [v2:172.21.15.38:3300/0,v1:172.21.15.38:6789/0] conn(0x7fd66810c110 0x7fd66810c520 unknown :-1 s=BANNER_CONNECTING pgs=0 cs=0 l=0 rev1=0 crypto rx=0 tx=0 comp rx=0 tx=0)._handle_peer_banner_payload supported=3 required=0
2024-04-24T05:50:16.263 INFO:teuthology.orchestra.run.smithi038.stdout:/usr/bin/ceph: stderr
2024-04-24T05:50:15.238+0000 7fd66ce00700 1 --2- >> [v2:172.21.15.38:3300/0,v1:172.21.15.38:6789/0] conn(0x7fd66810c110 0x7fd66810c520 unknown :-1 s=HELLO_CONNECTING pgs=0 cs=0 l=0 rev1=1 crypto rx=0 tx=0 comp rx=0 tx=0).handle_hello peer v2:172.21.15.38:3300/0 says I am v2:172.21.15.38:38746/0 (socket says 172.21.15.38:38746)
2024-04-24T05:50:16.263 INFO:teuthology.orchestra.run.smithi038.stdout:/usr/bin/ceph: stderr
2024-04-24T05:50:15.238+0000 7fd66ce00700 1 -- 172.21.15.38:0/3517490173 learned_addr learned my addr 172.21.15.38:0/3517490173 (peer_addr_for_me v2:172.21.15.38:0/0)
2024-04-24T05:50:16.263 INFO:teuthology.orchestra.run.smithi038.stdout:/usr/bin/ceph: stderr
2024-04-24T05:50:15.238+0000 7fd66ce00700 1 -- 172.21.15.38:0/3517490173 --> [v2:172.21.15.38:3300/0,v1:172.21.15.38:6789/0] -- mon_subscribe({config=0+,monmap=0+}) v3 -- 0x7fd66810cba0 con 0x7fd66810c110
2024-04-24T05:50:16.263 INFO:teuthology.orchestra.run.smithi038.stdout:/usr/bin/ceph: stderr
2024-04-24T05:50:15.238+0000 7fd66ce00700 1 --2- 172.21.15.38:0/3517490173 >> [v2:172.21.15.38:3300/0,v1:172.21.15.38:6789/0] conn(0x7fd66810c110 0x7fd66810c520 secure :-1 s=READY pgs=90 cs=0 l=1 rev1=1 crypto rx=0x7fd658009e80 tx=0x7fd65800b330 comp rx=0 tx=0).ready entity=mon.0 client_cookie=15f49bdd8477beb3 server_cookie=0 in_seq=0 out_seq=0
2024-04-24T05:50:16.263 INFO:teuthology.orchestra.run.smithi038.stdout:/usr/bin/ceph: stderr
2024-04-24T05:50:15.239+0000 7fd667e00700 1 -- 172.21.15.38:0/3517490173 <== mon.0 v2:172.21.15.38:3300/0 1 ==== mon_map magic: 0 v1 ==== 229+0+0 (secure 0 0 0) 0x7fd65800e070 con 0x7fd66810c110
2024-04-24T05:50:16.263 INFO:teuthology.orchestra.run.smithi038.stdout:/usr/bin/ceph: stderr
2024-04-24T05:50:15.239+0000 7fd667e00700 1 -- 172.21.15.38:0/3517490173 <== mon.0 v2:172.21.15.38:3300/0 2 ==== config(27 keys) v1 ==== 1101+0+0 (secure 0 0 0) 0x7fd65800b8c0 con 0x7fd66810c110
2024-04-24T05:50:16.263 INFO:teuthology.orchestra.run.smithi038.stdout:/usr/bin/ceph: stderr
2024-04-24T05:50:15.239+0000 7fd667e00700 1 -- 172.21.15.38:0/3517490173 <== mon.0 v2:172.21.15.38:3300/0 3 ==== mon_map magic: 0 v1 ==== 229+0+0 (secure 0 0 0) 0x7fd6580044d0 con 0x7fd66810c110
2024-04-24T05:50:16.263 INFO:teuthology.orchestra.run.smithi038.stdout:/usr/bin/ceph: stderr
2024-04-24T05:50:15.239+0000 7fd66f800700 1 -- 172.21.15.38:0/3517490173 >> [v2:172.21.15.38:3300/0,v1:172.21.15.38:6789/0] conn(0x7fd66810c110 msgr2=0x7fd66810c520 secure :-1 s=STATE_CONNECTION_ESTABLISHED l=1).mark_down
2024-04-24T05:50:16.263 INFO:teuthology.orchestra.run.smithi038.stdout:/usr/bin/ceph: stderr
2024-04-24T05:50:15.239+0000 7fd66f800700 1 --2- 172.21.15.38:0/3517490173 >> [v2:172.21.15.38:3300/0,v1:172.21.15.38:6789/0] conn(0x7fd66810c110 0x7fd66810c520 secure :-1 s=READY pgs=90 cs=0 l=1 rev1=1 crypto rx=0x7fd658009e80 tx=0x7fd65800b330 comp rx=0 tx=0).stop
2024-04-24T05:50:16.263 INFO:teuthology.orchestra.run.smithi038.stdout:/usr/bin/ceph: stderr
2024-04-24T05:50:15.239+0000 7fd66f800700 1 -- 172.21.15.38:0/3517490173 shutdown_connections
2024-04-24T05:50:16.263 INFO:teuthology.orchestra.run.smithi038.stdout:/usr/bin/ceph: stderr
2024-04-24T05:50:15.239+0000 7fd66f800700 1 --2- 172.21.15.38:0/3517490173 >> [v2:172.21.15.38:3300/0,v1:172.21.15.38:6789/0] conn(0x7fd66810c110 0x7fd66810c520 unknown :-1 s=CLOSED pgs=90 cs=0 l=1 rev1=1 crypto rx=0 tx=0 comp rx=0 tx=0).stop
2024-04-24T05:50:16.263 INFO:teuthology.orchestra.run.smithi038.stdout:/usr/bin/ceph: stderr
2024-04-24T05:50:15.240+0000 7fd66f800700 1 -- 172.21.15.38:0/3517490173 >> 172.21.15.38:0/3517490173 conn(0x7fd66807b220 msgr2=0x7fd66807d650 unknown :-1 s=STATE_NONE l=0).mark_down
2024-04-24T05:50:16.263 INFO:teuthology.orchestra.run.smithi038.stdout:/usr/bin/ceph: stderr
2024-04-24T05:50:15.240+0000 7fd66f800700 1 -- 172.21.15.38:0/3517490173 shutdown_connections
2024-04-24T05:50:16.264 INFO:teuthology.orchestra.run.smithi038.stdout:/usr/bin/ceph: stderr
2024-04-24T05:50:15.240+0000 7fd66f800700 1 -- 172.21.15.38:0/3517490173 wait complete.
2024-04-24T05:50:16.264 INFO:teuthology.orchestra.run.smithi038.stdout:/usr/bin/ceph: stderr
2024-04-24T05:50:15.241+0000 7fd66f800700 1 Processor -- start
2024-04-24T05:50:16.264 INFO:teuthology.orchestra.run.smithi038.stdout:/usr/bin/ceph: stderr
2024-04-24T05:50:15.241+0000 7fd66f800700 1 -- start start
2024-04-24T05:50:16.264 INFO:teuthology.orchestra.run.smithi038.stdout:/usr/bin/ceph: stderr
2024-04-24T05:50:15.241+0000 7fd66f800700 1 --2- >> [v2:172.21.15.38:3300/0,v1:172.21.15.38:6789/0] conn(0x7fd66810c110 0x7fd66819fe50 unknown :-1 s=NONE pgs=0 cs=0 l=1 rev1=0 crypto rx=0 tx=0 comp rx=0 tx=0).connect
2024-04-24T05:50:16.264 INFO:teuthology.orchestra.run.smithi038.stdout:/usr/bin/ceph: stderr
2024-04-24T05:50:15.241+0000 7fd66f800700 1 -- --> [v2:172.21.15.38:3300/0,v1:172.21.15.38:6789/0] -- mon_getmap magic: 0 v1 -- 0x7fd6681a0390 con 0x7fd66810c110
2024-04-24T05:50:16.264 INFO:teuthology.orchestra.run.smithi038.stdout:/usr/bin/ceph: stderr
2024-04-24T05:50:15.241+0000 7fd66ce00700 1 --2- >> [v2:172.21.15.38:3300/0,v1:172.21.15.38:6789/0] conn(0x7fd66810c110 0x7fd66819fe50 unknown :-1 s=BANNER_CONNECTING pgs=0 cs=0 l=1 rev1=0 crypto rx=0 tx=0 comp rx=0 tx=0)._handle_peer_banner_payload supported=3 required=0
2024-04-24T05:50:16.264 INFO:teuthology.orchestra.run.smithi038.stdout:/usr/bin/ceph: stderr
2024-04-24T05:50:15.242+0000 7fd66ce00700 1 --2- >> [v2:172.21.15.38:3300/0,v1:172.21.15.38:6789/0] conn(0x7fd66810c110 0x7fd66819fe50 unknown :-1 s=HELLO_CONNECTING pgs=0 cs=0 l=1 rev1=1 crypto rx=0 tx=0 comp rx=0 tx=0).handle_hello peer v2:172.21.15.38:3300/0 says I am v2:172.21.15.38:38752/0 (socket says 172.21.15.38:38752)
2024-04-24T05:50:16.264 INFO:teuthology.orchestra.run.smithi038.stdout:/usr/bin/ceph: stderr
2024-04-24T05:50:15.242+0000 7fd66ce00700 1 -- 172.21.15.38:0/950660069 learned_addr learned my addr 172.21.15.38:0/950660069 (peer_addr_for_me v2:172.21.15.38:0/0)
2024-04-24T05:50:16.264 INFO:teuthology.orchestra.run.smithi038.stdout:/usr/bin/ceph: stderr
2024-04-24T05:50:15.242+0000 7fd66ce00700 1 -- 172.21.15.38:0/950660069 --> [v2:172.21.15.38:3300/0,v1:172.21.15.38:6789/0] -- mon_subscribe({config=0+,monmap=0+}) v3 -- 0x7fd658009b30 con 0x7fd66810c110
2024-04-24T05:50:16.264 INFO:teuthology.orchestra.run.smithi038.stdout:/usr/bin/ceph: stderr
2024-04-24T05:50:15.242+0000 7fd66ce00700 1 --2- 172.21.15.38:0/950660069 >> [v2:172.21.15.38:3300/0,v1:172.21.15.38:6789/0] conn(0x7fd66810c110 0x7fd66819fe50 secure :-1 s=READY pgs=91 cs=0 l=1 rev1=1 crypto rx=0x7fd658004070 tx=0x7fd6580049f0 comp rx=0 tx=0).ready entity=mon.0 client_cookie=0 server_cookie=0 in_seq=0 out_seq=0
2024-04-24T05:50:16.264 INFO:teuthology.orchestra.run.smithi038.stdout:/usr/bin/ceph: stderr
2024-04-24T05:50:15.242+0000 7fd666000700 1 -- 172.21.15.38:0/950660069 <== mon.0 v2:172.21.15.38:3300/0 1 ==== mon_map magic: 0 v1 ==== 229+0+0 (secure 0 0 0) 0x7fd65800e040 con 0x7fd66810c110
2024-04-24T05:50:16.264 INFO:teuthology.orchestra.run.smithi038.stdout:/usr/bin/ceph: stderr
2024-04-24T05:50:15.242+0000 7fd666000700 1 -- 172.21.15.38:0/950660069 <== mon.0 v2:172.21.15.38:3300/0 2 ==== config(27 keys) v1 ==== 1101+0+0 (secure 0 0 0) 0x7fd65800be00 con 0x7fd66810c110
2024-04-24T05:50:16.264 INFO:teuthology.orchestra.run.smithi038.stdout:/usr/bin/ceph: stderr
2024-04-24T05:50:15.242+0000 7fd66f800700 1 -- 172.21.15.38:0/950660069 --> [v2:172.21.15.38:3300/0,v1:172.21.15.38:6789/0] -- mon_subscribe({mgrmap=0+}) v3 -- 0x7fd6681a0590 con 0x7fd66810c110
2024-04-24T05:50:16.264 INFO:teuthology.orchestra.run.smithi038.stdout:/usr/bin/ceph: stderr
2024-04-24T05:50:15.243+0000 7fd666000700 1 -- 172.21.15.38:0/950660069 <== mon.0 v2:172.21.15.38:3300/0 3 ==== mon_map magic: 0 v1 ==== 229+0+0 (secure 0 0 0) 0x7fd658012770 con 0x7fd66810c110
2024-04-24T05:50:16.267 INFO:teuthology.orchestra.run.smithi038.stdout:/usr/bin/ceph: stderr
2024-04-24T05:50:15.243+0000 7fd66f800700 1 -- 172.21.15.38:0/950660069 --> [v2:172.21.15.38:3300/0,v1:172.21.15.38:6789/0] -- mon_subscribe({osdmap=0}) v3 -- 0x7fd6681a0a10 con 0x7fd66810c110
2024-04-24T05:50:16.267 INFO:teuthology.orchestra.run.smithi038.stdout:/usr/bin/ceph: stderr
2024-04-24T05:50:15.244+0000 7fd666000700 1 -- 172.21.15.38:0/950660069 <== mon.0 v2:172.21.15.38:3300/0 4 ==== mgrmap(e 13) v1 ==== 45140+0+0 (secure 0 0 0) 0x7fd658019040 con 0x7fd66810c110
2024-04-24T05:50:16.267 INFO:teuthology.orchestra.run.smithi038.stdout:/usr/bin/ceph: stderr
2024-04-24T05:50:15.244+0000 7fd66f800700 1 -- 172.21.15.38:0/950660069 --> [v2:172.21.15.38:3300/0,v1:172.21.15.38:6789/0] -- mon_command({"prefix": "get_command_descriptions"} v 0) v1 -- 0x7fd668062380 con 0x7fd66810c110
2024-04-24T05:50:16.267 INFO:teuthology.orchestra.run.smithi038.stdout:/usr/bin/ceph: stderr
2024-04-24T05:50:15.244+0000 7fd666000700 1 --2- 172.21.15.38:0/950660069 >> [v2:172.21.15.38:6800/3927590334,v1:172.21.15.38:6801/3927590334] conn(0x7fd64c038530 0x7fd64c03a9e0 unknown :-1 s=NONE pgs=0 cs=0 l=1 rev1=0 crypto rx=0 tx=0 comp rx=0 tx=0).connect
2024-04-24T05:50:16.267 INFO:teuthology.orchestra.run.smithi038.stdout:/usr/bin/ceph: stderr
2024-04-24T05:50:15.244+0000 7fd666000700 1 -- 172.21.15.38:0/950660069 <== mon.0 v2:172.21.15.38:3300/0 5 ==== osd_map(3..3 src has 1..3) v4 ==== 1155+0+0 (secure 0 0 0) 0x7fd65804bff0 con 0x7fd66810c110
2024-04-24T05:50:16.267 INFO:teuthology.orchestra.run.smithi038.stdout:/usr/bin/ceph: stderr
2024-04-24T05:50:15.245+0000 7fd65fe00700 1 --2- 172.21.15.38:0/950660069 >> [v2:172.21.15.38:6800/3927590334,v1:172.21.15.38:6801/3927590334] conn(0x7fd64c038530 0x7fd64c03a9e0 unknown :-1 s=BANNER_CONNECTING pgs=0 cs=0 l=1 rev1=0 crypto rx=0 tx=0 comp rx=0 tx=0)._handle_peer_banner_payload supported=3 required=0
2024-04-24T05:50:16.267 INFO:teuthology.orchestra.run.smithi038.stdout:/usr/bin/ceph: stderr
2024-04-24T05:50:15.245+0000 7fd65fe00700 1 --2- 172.21.15.38:0/950660069 >> [v2:172.21.15.38:6800/3927590334,v1:172.21.15.38:6801/3927590334] conn(0x7fd64c038530 0x7fd64c03a9e0 secure :-1 s=READY pgs=11 cs=0 l=1 rev1=1 crypto rx=0x7fd650006fd0 tx=0x7fd650006e40 comp rx=0 tx=0).ready entity=mgr.14164 client_cookie=0 server_cookie=0 in_seq=0 out_seq=0
2024-04-24T05:50:16.267 INFO:teuthology.orchestra.run.smithi038.stdout:/usr/bin/ceph: stderr
2024-04-24T05:50:15.249+0000 7fd666000700 1 -- 172.21.15.38:0/950660069 <== mon.0 v2:172.21.15.38:3300/0 6 ==== mon_command_ack([{"prefix": "get_command_descriptions"}]=0 v0) v1 ==== 72+0+177933 (secure 0 0 0) 0x7fd65801a570 con 0x7fd66810c110
2024-04-24T05:50:16.268 INFO:teuthology.orchestra.run.smithi038.stdout:/usr/bin/ceph: stderr
2024-04-24T05:50:15.587+0000 7fd66f800700 1 -- 172.21.15.38:0/950660069 --> [v2:172.21.15.38:3300/0,v1:172.21.15.38:6789/0] -- mon_command([{prefix=config-key set, key=mgr/dashboard/cluster/status}] v 0) v1 -- 0x7fd6681a3810 con 0x7fd66810c110
2024-04-24T05:50:16.268 INFO:teuthology.orchestra.run.smithi038.stdout:/usr/bin/ceph: stderr
2024-04-24T05:50:15.593+0000 7fd666000700 1 -- 172.21.15.38:0/950660069 <== mon.0 v2:172.21.15.38:3300/0 7 ==== mon_command_ack([{prefix=config-key set, key=mgr/dashboard/cluster/status}]=0 set mgr/dashboard/cluster/status v34)=0 set mgr/dashboard/cluster/status v34) v1 ==== 153+0+0 (secure 0 0 0) 0x7fd65801f020 con 0x7fd66810c110
2024-04-24T05:50:16.268 INFO:teuthology.orchestra.run.smithi038.stdout:/usr/bin/ceph: stderr
2024-04-24T05:50:15.596+0000 7fd66f800700 1 -- 172.21.15.38:0/950660069 >> [v2:172.21.15.38:6800/3927590334,v1:172.21.15.38:6801/3927590334] conn(0x7fd64c038530 msgr2=0x7fd64c03a9e0 secure :-1 s=STATE_CONNECTION_ESTABLISHED l=1).mark_down
2024-04-24T05:50:16.268 INFO:teuthology.orchestra.run.smithi038.stdout:/usr/bin/ceph: stderr
2024-04-24T05:50:15.596+0000 7fd66f800700 1 --2- 172.21.15.38:0/950660069 >> [v2:172.21.15.38:6800/3927590334,v1:172.21.15.38:6801/3927590334] conn(0x7fd64c038530 0x7fd64c03a9e0 secure :-1 s=READY pgs=11 cs=0 l=1 rev1=1 crypto rx=0x7fd650006fd0 tx=0x7fd650006e40 comp rx=0 tx=0).stop
2024-04-24T05:50:16.268 INFO:teuthology.orchestra.run.smithi038.stdout:/usr/bin/ceph: stderr
2024-04-24T05:50:15.596+0000 7fd66f800700 1 -- 172.21.15.38:0/950660069 >> [v2:172.21.15.38:3300/0,v1:172.21.15.38:6789/0] conn(0x7fd66810c110 msgr2=0x7fd66819fe50 secure :-1 s=STATE_CONNECTION_ESTABLISHED l=1).mark_down
2024-04-24T05:50:16.268 INFO:teuthology.orchestra.run.smithi038.stdout:/usr/bin/ceph: stderr
2024-04-24T05:50:15.596+0000 7fd66f800700 1 --2- 172.21.15.38:0/950660069 >> [v2:172.21.15.38:3300/0,v1:172.21.15.38:6789/0] conn(0x7fd66810c110 0x7fd66819fe50 secure :-1 s=READY pgs=91 cs=0 l=1 rev1=1 crypto rx=0x7fd658004070 tx=0x7fd6580049f0 comp rx=0 tx=0).stop
2024-04-24T05:50:16.268 INFO:teuthology.orchestra.run.smithi038.stdout:/usr/bin/ceph: stderr
2024-04-24T05:50:15.596+0000 7fd66f800700 1 -- 172.21.15.38:0/950660069 shutdown_connections
2024-04-24T05:50:16.268 INFO:teuthology.orchestra.run.smithi038.stdout:/usr/bin/ceph: stderr
2024-04-24T05:50:15.596+0000 7fd66f800700 1 --2- 172.21.15.38:0/950660069 >> [v2:172.21.15.38:6800/3927590334,v1:172.21.15.38:6801/3927590334] conn(0x7fd64c038530 0x7fd64c03a9e0 unknown :-1 s=CLOSED pgs=11 cs=0 l=1 rev1=1 crypto rx=0 tx=0 comp rx=0 tx=0).stop
2024-04-24T05:50:16.268 INFO:teuthology.orchestra.run.smithi038.stdout:/usr/bin/ceph: stderr
2024-04-24T05:50:15.596+0000 7fd66f800700 1 --2- 172.21.15.38:0/950660069 >> [v2:172.21.15.38:3300/0,v1:172.21.15.38:6789/0] conn(0x7fd66810c110 0x7fd66819fe50 unknown :-1 s=CLOSED pgs=91 cs=0 l=1 rev1=1 crypto rx=0 tx=0 comp rx=0 tx=0).stop
2024-04-24T05:50:16.268 INFO:teuthology.orchestra.run.smithi038.stdout:/usr/bin/ceph: stderr
2024-04-24T05:50:15.596+0000 7fd66f800700 1 -- 172.21.15.38:0/950660069 >> 172.21.15.38:0/950660069 conn(0x7fd66807b220 msgr2=0x7fd66807bfd0 unknown :-1 s=STATE_NONE l=0).mark_down
2024-04-24T05:50:16.268 INFO:teuthology.orchestra.run.smithi038.stdout:/usr/bin/ceph: stderr
2024-04-24T05:50:15.597+0000 7fd66f800700 1 -- 172.21.15.38:0/950660069 shutdown_connections
2024-04-24T05:50:16.268 INFO:teuthology.orchestra.run.smithi038.stdout:/usr/bin/ceph: stderr
2024-04-24T05:50:15.597+0000 7fd66f800700 1 -- 172.21.15.38:0/950660069 wait complete.
2024-04-24T05:50:16.268 INFO:teuthology.orchestra.run.smithi038.stdout:/usr/bin/ceph: stderr set mgr/dashboard/cluster/status
2024-04-24T05:50:16.268 INFO:teuthology.orchestra.run.smithi038.stdout:You can access the Ceph CLI as following in case of multi-cluster or non-default config:
2024-04-24T05:50:16.269 INFO:teuthology.orchestra.run.smithi038.stdout:
2024-04-24T05:50:16.269 INFO:teuthology.orchestra.run.smithi038.stdout: sudo /home/ubuntu/cephtest/cephadm shell --fsid 34d2603e-01fe-11ef-bc93-c7b262605968 -c /etc/ceph/ceph.conf -k /etc/ceph/ceph.client.admin.keyring
2024-04-24T05:50:16.269 INFO:teuthology.orchestra.run.smithi038.stdout:
2024-04-24T05:50:16.269 INFO:teuthology.orchestra.run.smithi038.stdout:Or, if you are only running a single cluster on this host:
2024-04-24T05:50:16.269 INFO:teuthology.orchestra.run.smithi038.stdout:
2024-04-24T05:50:16.269 INFO:teuthology.orchestra.run.smithi038.stdout: sudo /home/ubuntu/cephtest/cephadm shell
2024-04-24T05:50:16.269 INFO:teuthology.orchestra.run.smithi038.stdout:
