2024-04-24T05:49:17.528+0000 7f53b3e00700 1 --2- 172.21.15.38:0/2973412496 >> [v2:172.21.15.38:6800/3624219216,v1:172.21.15.38:6801/3624219216] conn(0x7f539c038440 0x7f539c03a8f0 unknown :-1 s=START_CONNECT pgs=0 cs=0 l=1 rev1=0 crypto rx=0 tx=0 comp rx=0 tx=0)._fault waiting 0.800000
2024-04-24T05:49:24.680 INFO:teuthology.orchestra.run.smithi038.stdout:/usr/bin/ceph: stderr
2024-04-24T05:49:18.329+0000 7f53b3e00700 1 -- 172.21.15.38:0/2973412496 >> [v2:172.21.15.38:6800/3624219216,v1:172.21.15.38:6801/3624219216] conn(0x7f539c038440 msgr2=0x7f539c03a8f0 unknown :-1 s=STATE_CONNECTING_RE l=1).process reconnect failed to v2:172.21.15.38:6800/3624219216
2024-04-24T05:49:24.680 INFO:teuthology.orchestra.run.smithi038.stdout:/usr/bin/ceph: stderr
2024-04-24T05:49:18.329+0000 7f53b3e00700 1 --2- 172.21.15.38:0/2973412496 >> [v2:172.21.15.38:6800/3624219216,v1:172.21.15.38:6801/3624219216] conn(0x7f539c038440 0x7f539c03a8f0 unknown :-1 s=START_CONNECT pgs=0 cs=0 l=1 rev1=0 crypto rx=0 tx=0 comp rx=0 tx=0)._fault waiting 1.600000
2024-04-24T05:49:24.680 INFO:teuthology.orchestra.run.smithi038.stdout:/usr/bin/ceph: stderr
2024-04-24T05:49:19.931+0000 7f53b3e00700 1 -- 172.21.15.38:0/2973412496 >> [v2:172.21.15.38:6800/3624219216,v1:172.21.15.38:6801/3624219216] conn(0x7f539c038440 msgr2=0x7f539c03a8f0 unknown :-1 s=STATE_CONNECTING_RE l=1).process reconnect failed to v2:172.21.15.38:6800/3624219216
2024-04-24T05:49:24.680 INFO:teuthology.orchestra.run.smithi038.stdout:/usr/bin/ceph: stderr
2024-04-24T05:49:19.931+0000 7f53b3e00700 1 --2- 172.21.15.38:0/2973412496 >> [v2:172.21.15.38:6800/3624219216,v1:172.21.15.38:6801/3624219216] conn(0x7f539c038440 0x7f539c03a8f0 unknown :-1 s=START_CONNECT pgs=0 cs=0 l=1 rev1=0 crypto rx=0 tx=0 comp rx=0 tx=0)._fault waiting 3.200000
2024-04-24T05:49:24.680 INFO:teuthology.orchestra.run.smithi038.stdout:/usr/bin/ceph: stderr
2024-04-24T05:49:23.011+0000 7f53b1600700 1 -- 172.21.15.38:0/2973412496 <== mon.0 v2:172.21.15.38:3300/0 6 ==== mgrmap(e 6) v1 ==== 44851+0+0 (secure 0 0 0) 0x7f53a8024440 con 0x7f53b4105b10
2024-04-24T05:49:24.681 INFO:teuthology.orchestra.run.smithi038.stdout:/usr/bin/ceph: stderr
2024-04-24T05:49:23.012+0000 7f53b1600700 1 -- 172.21.15.38:0/2973412496 >> [v2:172.21.15.38:6800/3624219216,v1:172.21.15.38:6801/3624219216] conn(0x7f539c038440 msgr2=0x7f539c03a8f0 unknown :-1 s=STATE_CONNECTING l=1).mark_down
2024-04-24T05:49:24.681 INFO:teuthology.orchestra.run.smithi038.stdout:/usr/bin/ceph: stderr
2024-04-24T05:49:23.012+0000 7f53b1600700 1 --2- 172.21.15.38:0/2973412496 >> [v2:172.21.15.38:6800/3624219216,v1:172.21.15.38:6801/3624219216] conn(0x7f539c038440 0x7f539c03a8f0 unknown :-1 s=START_CONNECT pgs=0 cs=0 l=1 rev1=0 crypto rx=0 tx=0 comp rx=0 tx=0).stop
2024-04-24T05:49:24.681 INFO:teuthology.orchestra.run.smithi038.stdout:/usr/bin/ceph: stderr
2024-04-24T05:49:24.016+0000 7f53b1600700 1 -- 172.21.15.38:0/2973412496 <== mon.0 v2:172.21.15.38:3300/0 7 ==== mgrmap(e 7) v1 ==== 44978+0+0 (secure 0 0 0) 0x7f53a804d920 con 0x7f53b4105b10
2024-04-24T05:49:24.681 INFO:teuthology.orchestra.run.smithi038.stdout:/usr/bin/ceph: stderr
2024-04-24T05:49:24.016+0000 7f53b1600700 1 --2- 172.21.15.38:0/2973412496 >> [v2:172.21.15.38:6800/361983707,v1:172.21.15.38:6801/361983707] conn(0x7f539c03bd10 0x7f539c03e0f0 unknown :-1 s=NONE pgs=0 cs=0 l=1 rev1=0 crypto rx=0 tx=0 comp rx=0 tx=0).connect
2024-04-24T05:49:24.681 INFO:teuthology.orchestra.run.smithi038.stdout:/usr/bin/ceph: stderr
2024-04-24T05:49:24.016+0000 7f53b1600700 1 -- 172.21.15.38:0/2973412496 --> [v2:172.21.15.38:6800/361983707,v1:172.21.15.38:6801/361983707] -- command(tid 0: {"prefix": "get_command_descriptions"}) v1 -- 0x7f539c03b000 con 0x7f539c03bd10
2024-04-24T05:49:24.681 INFO:teuthology.orchestra.run.smithi038.stdout:/usr/bin/ceph: stderr
2024-04-24T05:49:24.018+0000 7f53b3e00700 1 --2- 172.21.15.38:0/2973412496 >> [v2:172.21.15.38:6800/361983707,v1:172.21.15.38:6801/361983707] conn(0x7f539c03bd10 0x7f539c03e0f0 unknown :-1 s=BANNER_CONNECTING pgs=0 cs=0 l=1 rev1=0 crypto rx=0 tx=0 comp rx=0 tx=0)._handle_peer_banner_payload supported=3 required=0
2024-04-24T05:49:24.681 INFO:teuthology.orchestra.run.smithi038.stdout:/usr/bin/ceph: stderr
2024-04-24T05:49:24.020+0000 7f53b3e00700 1 --2- 172.21.15.38:0/2973412496 >> [v2:172.21.15.38:6800/361983707,v1:172.21.15.38:6801/361983707] conn(0x7f539c03bd10 0x7f539c03e0f0 secure :-1 s=READY pgs=2 cs=0 l=1 rev1=1 crypto rx=0x7f53a0003a10 tx=0x7f53a00092b0 comp rx=0 tx=0).ready entity=mgr.14120 client_cookie=0 server_cookie=0 in_seq=0 out_seq=0
2024-04-24T05:49:24.681 INFO:teuthology.orchestra.run.smithi038.stdout:/usr/bin/ceph: stderr
2024-04-24T05:49:24.022+0000 7f53b1600700 1 -- 172.21.15.38:0/2973412496 <== mgr.14120 v2:172.21.15.38:6800/361983707 1 ==== command_reply(tid 0: 0 ) v1 ==== 8+0+6910 (secure 0 0 0) 0x7f539c03b000 con 0x7f539c03bd10
2024-04-24T05:49:24.681 INFO:teuthology.orchestra.run.smithi038.stdout:/usr/bin/ceph: stderr
2024-04-24T05:49:24.034+0000 7f53bb400700 1 -- 172.21.15.38:0/2973412496 --> [v2:172.21.15.38:6800/361983707,v1:172.21.15.38:6801/361983707] -- command(tid 1: {"prefix": "mgr_status"}) v1 -- 0x7f53b419cd70 con 0x7f539c03bd10
2024-04-24T05:49:24.681 INFO:teuthology.orchestra.run.smithi038.stdout:/usr/bin/ceph: stderr
2024-04-24T05:49:24.035+0000 7f53b1600700 1 -- 172.21.15.38:0/2973412496 <== mgr.14120 v2:172.21.15.38:6800/361983707 2 ==== command_reply(tid 1: 0 ) v1 ==== 8+0+51 (secure 0 0 0) 0x7f53b419cd70 con 0x7f539c03bd10
2024-04-24T05:49:24.681 INFO:teuthology.orchestra.run.smithi038.stdout:/usr/bin/ceph: stderr
2024-04-24T05:49:24.036+0000 7f53bb400700 1 -- 172.21.15.38:0/2973412496 >> [v2:172.21.15.38:6800/361983707,v1:172.21.15.38:6801/361983707] conn(0x7f539c03bd10 msgr2=0x7f539c03e0f0 secure :-1 s=STATE_CONNECTION_ESTABLISHED l=1).mark_down
2024-04-24T05:49:24.681 INFO:teuthology.orchestra.run.smithi038.stdout:/usr/bin/ceph: stderr
2024-04-24T05:49:24.036+0000 7f53bb400700 1 --2- 172.21.15.38:0/2973412496 >> [v2:172.21.15.38:6800/361983707,v1:172.21.15.38:6801/361983707] conn(0x7f539c03bd10 0x7f539c03e0f0 secure :-1 s=READY pgs=2 cs=0 l=1 rev1=1 crypto rx=0x7f53a0003a10 tx=0x7f53a00092b0 comp rx=0 tx=0).stop
2024-04-24T05:49:24.681 INFO:teuthology.orchestra.run.smithi038.stdout:/usr/bin/ceph: stderr
2024-04-24T05:49:24.036+0000 7f53bb400700 1 -- 172.21.15.38:0/2973412496 >> [v2:172.21.15.38:3300/0,v1:172.21.15.38:6789/0] conn(0x7f53b4105b10 msgr2=0x7f53b419ba30 secure :-1 s=STATE_CONNECTION_ESTABLISHED l=1).mark_down
2024-04-24T05:49:24.681 INFO:teuthology.orchestra.run.smithi038.stdout:/usr/bin/ceph: stderr
2024-04-24T05:49:24.036+0000 7f53bb400700 1 --2- 172.21.15.38:0/2973412496 >> [v2:172.21.15.38:3300/0,v1:172.21.15.38:6789/0] conn(0x7f53b4105b10 0x7f53b419ba30 secure :-1 s=READY pgs=29 cs=0 l=1 rev1=1 crypto rx=0x7f53a8000c00 tx=0x7f53a8011ab0 comp rx=0 tx=0).stop
2024-04-24T05:49:24.682 INFO:teuthology.orchestra.run.smithi038.stdout:/usr/bin/ceph: stderr
2024-04-24T05:49:24.036+0000 7f53bb400700 1 -- 172.21.15.38:0/2973412496 shutdown_connections
2024-04-24T05:49:24.682 INFO:teuthology.orchestra.run.smithi038.stdout:/usr/bin/ceph: stderr
2024-04-24T05:49:24.036+0000 7f53bb400700 1 --2- 172.21.15.38:0/2973412496 >> [v2:172.21.15.38:3300/0,v1:172.21.15.38:6789/0] conn(0x7f53b4105b10 0x7f53b419ba30 unknown :-1 s=CLOSED pgs=29 cs=0 l=1 rev1=1 crypto rx=0 tx=0 comp rx=0 tx=0).stop
2024-04-24T05:49:24.682 INFO:teuthology.orchestra.run.smithi038.stdout:/usr/bin/ceph: stderr
2024-04-24T05:49:24.036+0000 7f53bb400700 1 --2- 172.21.15.38:0/2973412496 >> [v2:172.21.15.38:6800/361983707,v1:172.21.15.38:6801/361983707] conn(0x7f539c03bd10 0x7f539c03e0f0 unknown :-1 s=CLOSED pgs=2 cs=0 l=1 rev1=1 crypto rx=0 tx=0 comp rx=0 tx=0).stop
2024-04-24T05:49:24.682 INFO:teuthology.orchestra.run.smithi038.stdout:/usr/bin/ceph: stderr
2024-04-24T05:49:24.036+0000 7f53bb400700 1 --2- 172.21.15.38:0/2973412496 >> [v2:172.21.15.38:6800/3624219216,v1:172.21.15.38:6801/3624219216] conn(0x7f539c038440 0x7f539c03a8f0 unknown :-1 s=CLOSED pgs=0 cs=0 l=1 rev1=0 crypto rx=0 tx=0 comp rx=0 tx=0).stop
2024-04-24T05:49:24.682 INFO:teuthology.orchestra.run.smithi038.stdout:/usr/bin/ceph: stderr
2024-04-24T05:49:24.036+0000 7f53bb400700 1 -- 172.21.15.38:0/2973412496 >> 172.21.15.38:0/2973412496 conn(0x7f53b4101160 msgr2=0x7f53b4101f10 unknown :-1 s=STATE_NONE l=0).mark_down
2024-04-24T05:49:24.683 INFO:teuthology.orchestra.run.smithi038.stdout:/usr/bin/ceph: stderr
2024-04-24T05:49:24.036+0000 7f53bb400700 1 -- 172.21.15.38:0/2973412496 shutdown_connections
2024-04-24T05:49:24.683 INFO:teuthology.orchestra.run.smithi038.stdout:/usr/bin/ceph: stderr
2024-04-24T05:49:24.036+0000 7f53bb400700 1 -- 172.21.15.38:0/2973412496 wait complete.
2024-04-24T05:49:24.683 INFO:teuthology.orchestra.run.smithi038.stdout:mgr epoch 5 is available
2024-04-24T05:49:24.683 INFO:teuthology.orchestra.run.smithi038.stdout:Setting orchestrator backend to cephadm...
2024-04-24T05:49:25.243 INFO:journalctl@ceph.mon.smithi038.smithi038.stdout:Apr 24 05:49:25 smithi038 ceph-mon[25276]: from='client.14124 -' entity='client.admin' cmd=[{"prefix": "get_command_descriptions"}]: dispatch
2024-04-24T05:49:25.243 INFO:journalctl@ceph.mon.smithi038.smithi038.stdout:Apr 24 05:49:25 smithi038 ceph-mon[25276]: from='client.14124 -' entity='client.admin' cmd=[{"prefix": "mgr_status"}]: dispatch
2024-04-24T05:49:25.243 INFO:journalctl@ceph.mon.smithi038.smithi038.stdout:Apr 24 05:49:25 smithi038 ceph-mon[25276]: [24/Apr/2024:05:49:24] ENGINE Bus STARTING
2024-04-24T05:49:25.243 INFO:journalctl@ceph.mon.smithi038.smithi038.stdout:Apr 24 05:49:25 smithi038 ceph-mon[25276]: from='mgr.14120 172.21.15.38:0/1198442316' entity='mgr.smithi038.vrfydi' cmd=[{"prefix": "config dump", "format": "json"}]: dispatch
2024-04-24T05:49:26.171 INFO:journalctl@ceph.mon.smithi038.smithi038.stdout:Apr 24 05:49:26 smithi038 ceph-mon[25276]: [24/Apr/2024:05:49:24] ENGINE Serving on http://172.21.15.38:8765
2024-04-24T05:49:26.171 INFO:journalctl@ceph.mon.smithi038.smithi038.stdout:Apr 24 05:49:26 smithi038 ceph-mon[25276]: [24/Apr/2024:05:49:24] ENGINE Serving on https://172.21.15.38:7150
2024-04-24T05:49:26.172 INFO:journalctl@ceph.mon.smithi038.smithi038.stdout:Apr 24 05:49:26 smithi038 ceph-mon[25276]: [24/Apr/2024:05:49:24] ENGINE Bus STARTED
2024-04-24T05:49:26.172 INFO:journalctl@ceph.mon.smithi038.smithi038.stdout:Apr 24 05:49:26 smithi038 ceph-mon[25276]: mgrmap e8: smithi038.vrfydi(active, since 2s)
2024-04-24T05:49:26.172 INFO:journalctl@ceph.mon.smithi038.smithi038.stdout:Apr 24 05:49:26 smithi038 ceph-mon[25276]: from='mgr.14120 172.21.15.38:0/1198442316' entity='mgr.smithi038.vrfydi'
2024-04-24T05:49:26.172 INFO:journalctl@ceph.mon.smithi038.smithi038.stdout:Apr 24 05:49:26 smithi038 ceph-mon[25276]: from='mgr.14120 172.21.15.38:0/1198442316' entity='mgr.smithi038.vrfydi' cmd=[{"prefix": "config dump", "format": "json"}]: dispatch
2024-04-24T05:49:26.186 INFO:teuthology.orchestra.run.smithi038.stdout:/usr/bin/ceph: stderr
2024-04-24T05:49:25.281+0000 7fb8b5800700 1 Processor -- start
2024-04-24T05:49:26.187 INFO:teuthology.orchestra.run.smithi038.stdout:/usr/bin/ceph: stderr
2024-04-24T05:49:25.281+0000 7fb8b5800700 1 -- start start
2024-04-24T05:49:26.187 INFO:teuthology.orchestra.run.smithi038.stdout:/usr/bin/ceph: stderr
2024-04-24T05:49:25.281+0000 7fb8b5800700 1 --2- >> [v2:172.21.15.38:3300/0,v1:172.21.15.38:6789/0] conn(0x7fb8b007be30 0x7fb8b007a330 unknown :-1 s=NONE pgs=0 cs=0 l=0 rev1=0 crypto rx=0 tx=0 comp rx=0 tx=0).connect
2024-04-24T05:49:26.188 INFO:teuthology.orchestra.run.smithi038.stdout:/usr/bin/ceph: stderr
2024-04-24T05:49:25.281+0000 7fb8b5800700 1 -- --> [v2:172.21.15.38:3300/0,v1:172.21.15.38:6789/0] -- mon_getmap magic: 0 v1 -- 0x7fb8b007a870 con 0x7fb8b007be30
2024-04-24T05:49:26.188 INFO:teuthology.orchestra.run.smithi038.stdout:/usr/bin/ceph: stderr
2024-04-24T05:49:25.282+0000 7fb8aea00700 1 --2- >> [v2:172.21.15.38:3300/0,v1:172.21.15.38:6789/0] conn(0x7fb8b007be30 0x7fb8b007a330 unknown :-1 s=BANNER_CONNECTING pgs=0 cs=0 l=0 rev1=0 crypto rx=0 tx=0 comp rx=0 tx=0)._handle_peer_banner_payload supported=3 required=0
2024-04-24T05:49:26.188 INFO:teuthology.orchestra.run.smithi038.stdout:/usr/bin/ceph: stderr
2024-04-24T05:49:25.282+0000 7fb8aea00700 1 --2- >> [v2:172.21.15.38:3300/0,v1:172.21.15.38:6789/0] conn(0x7fb8b007be30 0x7fb8b007a330 unknown :-1 s=HELLO_CONNECTING pgs=0 cs=0 l=0 rev1=1 crypto rx=0 tx=0 comp rx=0 tx=0).handle_hello peer v2:172.21.15.38:3300/0 says I am v2:172.21.15.38:43132/0 (socket says 172.21.15.38:43132)
2024-04-24T05:49:26.188 INFO:teuthology.orchestra.run.smithi038.stdout:/usr/bin/ceph: stderr
2024-04-24T05:49:25.282+0000 7fb8aea00700 1 -- 172.21.15.38:0/2162856113 learned_addr learned my addr 172.21.15.38:0/2162856113 (peer_addr_for_me v2:172.21.15.38:0/0)
2024-04-24T05:49:26.188 INFO:teuthology.orchestra.run.smithi038.stdout:/usr/bin/ceph: stderr
2024-04-24T05:49:25.282+0000 7fb8aea00700 1 -- 172.21.15.38:0/2162856113 --> [v2:172.21.15.38:3300/0,v1:172.21.15.38:6789/0] -- mon_subscribe({config=0+,monmap=0+}) v3 -- 0x7fb8b007a9b0 con 0x7fb8b007be30
2024-04-24T05:49:26.188 INFO:teuthology.orchestra.run.smithi038.stdout:/usr/bin/ceph: stderr
2024-04-24T05:49:25.282+0000 7fb8aea00700 1 --2- 172.21.15.38:0/2162856113 >> [v2:172.21.15.38:3300/0,v1:172.21.15.38:6789/0] conn(0x7fb8b007be30 0x7fb8b007a330 secure :-1 s=READY pgs=37 cs=0 l=1 rev1=1 crypto rx=0x7fb8a00098a0 tx=0x7fb8a0009bb0 comp rx=0 tx=0).ready entity=mon.0 client_cookie=7ca3c2bfd4005398 server_cookie=0 in_seq=0 out_seq=0
2024-04-24T05:49:26.188 INFO:teuthology.orchestra.run.smithi038.stdout:/usr/bin/ceph: stderr
2024-04-24T05:49:25.283+0000 7fb8ad600700 1 -- 172.21.15.38:0/2162856113 <== mon.0 v2:172.21.15.38:3300/0 1 ==== mon_map magic: 0 v1 ==== 229+0+0 (secure 0 0 0) 0x7fb8a0004180 con 0x7fb8b007be30
2024-04-24T05:49:26.188 INFO:teuthology.orchestra.run.smithi038.stdout:/usr/bin/ceph: stderr
2024-04-24T05:49:25.283+0000 7fb8ad600700 1 -- 172.21.15.38:0/2162856113 <== mon.0 v2:172.21.15.38:3300/0 2 ==== config(27 keys) v1 ==== 1037+0+0 (secure 0 0 0) 0x7fb8a00042e0 con 0x7fb8b007be30
2024-04-24T05:49:26.190 INFO:teuthology.orchestra.run.smithi038.stdout:/usr/bin/ceph: stderr
2024-04-24T05:49:25.283+0000 7fb8ad600700 1 -- 172.21.15.38:0/2162856113 <== mon.0 v2:172.21.15.38:3300/0 3 ==== mon_map magic: 0 v1 ==== 229+0+0 (secure 0 0 0) 0x7fb8a0011a50 con 0x7fb8b007be30
2024-04-24T05:49:26.190 INFO:teuthology.orchestra.run.smithi038.stdout:/usr/bin/ceph: stderr
2024-04-24T05:49:25.283+0000 7fb8b5800700 1 -- 172.21.15.38:0/2162856113 >> [v2:172.21.15.38:3300/0,v1:172.21.15.38:6789/0] conn(0x7fb8b007be30 msgr2=0x7fb8b007a330 secure :-1 s=STATE_CONNECTION_ESTABLISHED l=1).mark_down
2024-04-24T05:49:26.190 INFO:teuthology.orchestra.run.smithi038.stdout:/usr/bin/ceph: stderr
2024-04-24T05:49:25.283+0000 7fb8b5800700 1 --2- 172.21.15.38:0/2162856113 >> [v2:172.21.15.38:3300/0,v1:172.21.15.38:6789/0] conn(0x7fb8b007be30 0x7fb8b007a330 secure :-1 s=READY pgs=37 cs=0 l=1 rev1=1 crypto rx=0x7fb8a00098a0 tx=0x7fb8a0009bb0 comp rx=0 tx=0).stop
2024-04-24T05:49:26.190 INFO:teuthology.orchestra.run.smithi038.stdout:/usr/bin/ceph: stderr
2024-04-24T05:49:25.283+0000 7fb8b5800700 1 -- 172.21.15.38:0/2162856113 shutdown_connections
2024-04-24T05:49:26.190 INFO:teuthology.orchestra.run.smithi038.stdout:/usr/bin/ceph: stderr
2024-04-24T05:49:25.284+0000 7fb8b5800700 1 --2- 172.21.15.38:0/2162856113 >> [v2:172.21.15.38:3300/0,v1:172.21.15.38:6789/0] conn(0x7fb8b007be30 0x7fb8b007a330 unknown :-1 s=CLOSED pgs=37 cs=0 l=1 rev1=1 crypto rx=0 tx=0 comp rx=0 tx=0).stop
2024-04-24T05:49:26.190 INFO:teuthology.orchestra.run.smithi038.stdout:/usr/bin/ceph: stderr
2024-04-24T05:49:25.284+0000 7fb8b5800700 1 -- 172.21.15.38:0/2162856113 >> 172.21.15.38:0/2162856113 conn(0x7fb8b0101180 msgr2=0x7fb8b0103590 unknown :-1 s=STATE_NONE l=0).mark_down
2024-04-24T05:49:26.190 INFO:teuthology.orchestra.run.smithi038.stdout:/usr/bin/ceph: stderr
2024-04-24T05:49:25.284+0000 7fb8b5800700 1 -- 172.21.15.38:0/2162856113 shutdown_connections
2024-04-24T05:49:26.190 INFO:teuthology.orchestra.run.smithi038.stdout:/usr/bin/ceph: stderr
2024-04-24T05:49:25.284+0000 7fb8b5800700 1 -- 172.21.15.38:0/2162856113 wait complete.
2024-04-24T05:49:26.190 INFO:teuthology.orchestra.run.smithi038.stdout:/usr/bin/ceph: stderr
2024-04-24T05:49:25.285+0000 7fb8b5800700 1 Processor -- start
2024-04-24T05:49:26.190 INFO:teuthology.orchestra.run.smithi038.stdout:/usr/bin/ceph: stderr
2024-04-24T05:49:25.285+0000 7fb8b5800700 1 -- start start
2024-04-24T05:49:26.191 INFO:teuthology.orchestra.run.smithi038.stdout:/usr/bin/ceph: stderr
2024-04-24T05:49:25.285+0000 7fb8b5800700 1 --2- >> [v2:172.21.15.38:3300/0,v1:172.21.15.38:6789/0] conn(0x7fb8b007be30 0x7fb8b019ba70 unknown :-1 s=NONE pgs=0 cs=0 l=1 rev1=0 crypto rx=0 tx=0 comp rx=0 tx=0).connect
2024-04-24T05:49:26.193 INFO:teuthology.orchestra.run.smithi038.stdout:/usr/bin/ceph: stderr
2024-04-24T05:49:25.285+0000 7fb8b5800700 1 -- --> [v2:172.21.15.38:3300/0,v1:172.21.15.38:6789/0] -- mon_getmap magic: 0 v1 -- 0x7fb8b019bfb0 con 0x7fb8b007be30
2024-04-24T05:49:26.193 INFO:teuthology.orchestra.run.smithi038.stdout:/usr/bin/ceph: stderr
2024-04-24T05:49:25.285+0000 7fb8aea00700 1 --2- >> [v2:172.21.15.38:3300/0,v1:172.21.15.38:6789/0] conn(0x7fb8b007be30 0x7fb8b019ba70 unknown :-1 s=BANNER_CONNECTING pgs=0 cs=0 l=1 rev1=0 crypto rx=0 tx=0 comp rx=0 tx=0)._handle_peer_banner_payload supported=3 required=0
2024-04-24T05:49:26.193 INFO:teuthology.orchestra.run.smithi038.stdout:/usr/bin/ceph: stderr
2024-04-24T05:49:25.285+0000 7fb8aea00700 1 --2- >> [v2:172.21.15.38:3300/0,v1:172.21.15.38:6789/0] conn(0x7fb8b007be30 0x7fb8b019ba70 unknown :-1 s=HELLO_CONNECTING pgs=0 cs=0 l=1 rev1=1 crypto rx=0 tx=0 comp rx=0 tx=0).handle_hello peer v2:172.21.15.38:3300/0 says I am v2:172.21.15.38:43140/0 (socket says 172.21.15.38:43140)
2024-04-24T05:49:26.193 INFO:teuthology.orchestra.run.smithi038.stdout:/usr/bin/ceph: stderr
2024-04-24T05:49:25.285+0000 7fb8aea00700 1 -- 172.21.15.38:0/628770489 learned_addr learned my addr 172.21.15.38:0/628770489 (peer_addr_for_me v2:172.21.15.38:0/0)
2024-04-24T05:49:26.193 INFO:teuthology.orchestra.run.smithi038.stdout:/usr/bin/ceph: stderr
2024-04-24T05:49:25.286+0000 7fb8aea00700 1 -- 172.21.15.38:0/628770489 --> [v2:172.21.15.38:3300/0,v1:172.21.15.38:6789/0] -- mon_subscribe({config=0+,monmap=0+}) v3 -- 0x7fb8a0009550 con 0x7fb8b007be30
2024-04-24T05:49:26.193 INFO:teuthology.orchestra.run.smithi038.stdout:/usr/bin/ceph: stderr
2024-04-24T05:49:25.286+0000 7fb8aea00700 1 --2- 172.21.15.38:0/628770489 >> [v2:172.21.15.38:3300/0,v1:172.21.15.38:6789/0] conn(0x7fb8b007be30 0x7fb8b019ba70 secure :-1 s=READY pgs=38 cs=0 l=1 rev1=1 crypto rx=0x7fb8a0000c00 tx=0x7fb8a0011ab0 comp rx=0 tx=0).ready entity=mon.0 client_cookie=0 server_cookie=0 in_seq=0 out_seq=0
2024-04-24T05:49:26.193 INFO:teuthology.orchestra.run.smithi038.stdout:/usr/bin/ceph: stderr
2024-04-24T05:49:25.286+0000 7fb8a7400700 1 -- 172.21.15.38:0/628770489 <== mon.0 v2:172.21.15.38:3300/0 1 ==== mon_map magic: 0 v1 ==== 229+0+0 (secure 0 0 0) 0x7fb8a0003b90 con 0x7fb8b007be30
2024-04-24T05:49:26.193 INFO:teuthology.orchestra.run.smithi038.stdout:/usr/bin/ceph: stderr
2024-04-24T05:49:25.286+0000 7fb8a7400700 1 -- 172.21.15.38:0/628770489 <== mon.0 v2:172.21.15.38:3300/0 2 ==== config(27 keys) v1 ==== 1037+0+0 (secure 0 0 0) 0x7fb8a00248b0 con 0x7fb8b007be30
2024-04-24T05:49:26.193 INFO:teuthology.orchestra.run.smithi038.stdout:/usr/bin/ceph: stderr
2024-04-24T05:49:25.286+0000 7fb8b5800700 1 -- 172.21.15.38:0/628770489 --> [v2:172.21.15.38:3300/0,v1:172.21.15.38:6789/0] -- mon_subscribe({mgrmap=0+}) v3 -- 0x7fb8b019c1b0 con 0x7fb8b007be30
2024-04-24T05:49:26.193 INFO:teuthology.orchestra.run.smithi038.stdout:/usr/bin/ceph: stderr
2024-04-24T05:49:25.286+0000 7fb8a7400700 1 -- 172.21.15.38:0/628770489 <== mon.0 v2:172.21.15.38:3300/0 3 ==== mon_map magic: 0 v1 ==== 229+0+0 (secure 0 0 0) 0x7fb8a001a8e0 con 0x7fb8b007be30
2024-04-24T05:49:26.193 INFO:teuthology.orchestra.run.smithi038.stdout:/usr/bin/ceph: stderr
2024-04-24T05:49:25.287+0000 7fb8b5800700 1 -- 172.21.15.38:0/628770489 --> [v2:172.21.15.38:3300/0,v1:172.21.15.38:6789/0] -- mon_subscribe({osdmap=0}) v3 -- 0x7fb8b019c5d0 con 0x7fb8b007be30
2024-04-24T05:49:26.193 INFO:teuthology.orchestra.run.smithi038.stdout:/usr/bin/ceph: stderr
2024-04-24T05:49:25.288+0000 7fb8a7400700 1 -- 172.21.15.38:0/628770489 <== mon.0 v2:172.21.15.38:3300/0 4 ==== mgrmap(e 8) v1 ==== 45084+0+0 (secure 0 0 0) 0x7fb8a0024a20 con 0x7fb8b007be30
2024-04-24T05:49:26.194 INFO:teuthology.orchestra.run.smithi038.stdout:/usr/bin/ceph: stderr
2024-04-24T05:49:25.288+0000 7fb8b5800700 1 -- 172.21.15.38:0/628770489 --> [v2:172.21.15.38:3300/0,v1:172.21.15.38:6789/0] -- mon_command({"prefix": "get_command_descriptions"} v 0) v1 -- 0x7fb8b010bdd0 con 0x7fb8b007be30
2024-04-24T05:49:26.194 INFO:teuthology.orchestra.run.smithi038.stdout:/usr/bin/ceph: stderr
2024-04-24T05:49:25.288+0000 7fb8a7400700 1 --2- 172.21.15.38:0/628770489 >> [v2:172.21.15.38:6800/361983707,v1:172.21.15.38:6801/361983707] conn(0x7fb894038440 0x7fb89403a8f0 unknown :-1 s=NONE pgs=0 cs=0 l=1 rev1=0 crypto rx=0 tx=0 comp rx=0 tx=0).connect
2024-04-24T05:49:26.194 INFO:teuthology.orchestra.run.smithi038.stdout:/usr/bin/ceph: stderr
2024-04-24T05:49:25.288+0000 7fb8a7400700 1 -- 172.21.15.38:0/628770489 <== mon.0 v2:172.21.15.38:3300/0 5 ==== osd_map(2..2 src has 1..2) v4 ==== 940+0+0 (secure 0 0 0) 0x7fb8a004c390 con 0x7fb8b007be30
2024-04-24T05:49:26.194 INFO:teuthology.orchestra.run.smithi038.stdout:/usr/bin/ceph: stderr
2024-04-24T05:49:25.289+0000 7fb8ae000700 1 --2- 172.21.15.38:0/628770489 >> [v2:172.21.15.38:6800/361983707,v1:172.21.15.38:6801/361983707] conn(0x7fb894038440 0x7fb89403a8f0 unknown :-1 s=BANNER_CONNECTING pgs=0 cs=0 l=1 rev1=0 crypto rx=0 tx=0 comp rx=0 tx=0)._handle_peer_banner_payload supported=3 required=0
2024-04-24T05:49:26.194 INFO:teuthology.orchestra.run.smithi038.stdout:/usr/bin/ceph: stderr
2024-04-24T05:49:25.289+0000 7fb8ae000700 1 --2- 172.21.15.38:0/628770489 >> [v2:172.21.15.38:6800/361983707,v1:172.21.15.38:6801/361983707] conn(0x7fb894038440 0x7fb89403a8f0 secure :-1 s=READY pgs=7 cs=0 l=1 rev1=1 crypto rx=0x7fb89c006fd0 tx=0x7fb89c006e40 comp rx=0 tx=0).ready entity=mgr.14120 client_cookie=0 server_cookie=0 in_seq=0 out_seq=0
2024-04-24T05:49:26.194 INFO:teuthology.orchestra.run.smithi038.stdout:/usr/bin/ceph: stderr
2024-04-24T05:49:25.294+0000 7fb8a7400700 1 -- 172.21.15.38:0/628770489 <== mon.0 v2:172.21.15.38:3300/0 6 ==== mon_command_ack([{"prefix": "get_command_descriptions"}]=0 v0) v1 ==== 72+0+177933 (secure 0 0 0) 0x7fb8a0018b80 con 0x7fb8b007be30
2024-04-24T05:49:26.195 INFO:teuthology.orchestra.run.smithi038.stdout:/usr/bin/ceph: stderr
2024-04-24T05:49:25.533+0000 7fb8b5800700 1 -- 172.21.15.38:0/628770489 --> [v2:172.21.15.38:6800/361983707,v1:172.21.15.38:6801/361983707] -- mgr_command(tid 0: {"prefix": "orch set backend", "module_name": "cephadm", "target": ["mon-mgr", ""]}) v1 -- 0x7fb8b019f430 con 0x7fb894038440
2024-04-24T05:49:26.195 INFO:teuthology.orchestra.run.smithi038.stdout:/usr/bin/ceph: stderr
2024-04-24T05:49:25.545+0000 7fb8a7400700 1 -- 172.21.15.38:0/628770489 <== mgr.14120 v2:172.21.15.38:6800/361983707 1 ==== mgr_command_reply(tid 0: 0 ) v1 ==== 8+0+0 (secure 0 0 0) 0x7fb8b019f430 con 0x7fb894038440
2024-04-24T05:49:26.196 INFO:teuthology.orchestra.run.smithi038.stdout:/usr/bin/ceph: stderr
2024-04-24T05:49:25.548+0000 7fb8b5800700 1 -- 172.21.15.38:0/628770489 >> [v2:172.21.15.38:6800/361983707,v1:172.21.15.38:6801/361983707] conn(0x7fb894038440 msgr2=0x7fb89403a8f0 secure :-1 s=STATE_CONNECTION_ESTABLISHED l=1).mark_down
2024-04-24T05:49:26.196 INFO:teuthology.orchestra.run.smithi038.stdout:/usr/bin/ceph: stderr
2024-04-24T05:49:25.548+0000 7fb8b5800700 1 --2- 172.21.15.38:0/628770489 >> [v2:172.21.15.38:6800/361983707,v1:172.21.15.38:6801/361983707] conn(0x7fb894038440 0x7fb89403a8f0 secure :-1 s=READY pgs=7 cs=0 l=1 rev1=1 crypto rx=0x7fb89c006fd0 tx=0x7fb89c006e40 comp rx=0 tx=0).stop
2024-04-24T05:49:26.196 INFO:teuthology.orchestra.run.smithi038.stdout:/usr/bin/ceph: stderr
2024-04-24T05:49:25.548+0000 7fb8b5800700 1 -- 172.21.15.38:0/628770489 >> [v2:172.21.15.38:3300/0,v1:172.21.15.38:6789/0] conn(0x7fb8b007be30 msgr2=0x7fb8b019ba70 secure :-1 s=STATE_CONNECTION_ESTABLISHED l=1).mark_down
2024-04-24T05:49:26.196 INFO:teuthology.orchestra.run.smithi038.stdout:/usr/bin/ceph: stderr
2024-04-24T05:49:25.548+0000 7fb8b5800700 1 --2- 172.21.15.38:0/628770489 >> [v2:172.21.15.38:3300/0,v1:172.21.15.38:6789/0] conn(0x7fb8b007be30 0x7fb8b019ba70 secure :-1 s=READY pgs=38 cs=0 l=1 rev1=1 crypto rx=0x7fb8a0000c00 tx=0x7fb8a0011ab0 comp rx=0 tx=0).stop
2024-04-24T05:49:26.196 INFO:teuthology.orchestra.run.smithi038.stdout:/usr/bin/ceph: stderr
2024-04-24T05:49:25.548+0000 7fb8b5800700 1 -- 172.21.15.38:0/628770489 shutdown_connections
2024-04-24T05:49:26.196 INFO:teuthology.orchestra.run.smithi038.stdout:/usr/bin/ceph: stderr
2024-04-24T05:49:25.548+0000 7fb8b5800700 1 --2- 172.21.15.38:0/628770489 >> [v2:172.21.15.38:6800/361983707,v1:172.21.15.38:6801/361983707] conn(0x7fb894038440 0x7fb89403a8f0 unknown :-1 s=CLOSED pgs=7 cs=0 l=1 rev1=1 crypto rx=0 tx=0 comp rx=0 tx=0).stop
2024-04-24T05:49:26.196 INFO:teuthology.orchestra.run.smithi038.stdout:/usr/bin/ceph: stderr
2024-04-24T05:49:25.548+0000 7fb8b5800700 1 --2- 172.21.15.38:0/628770489 >> [v2:172.21.15.38:3300/0,v1:172.21.15.38:6789/0] conn(0x7fb8b007be30 0x7fb8b019ba70 unknown :-1 s=CLOSED pgs=38 cs=0 l=1 rev1=1 crypto rx=0 tx=0 comp rx=0 tx=0).stop
2024-04-24T05:49:26.196 INFO:teuthology.orchestra.run.smithi038.stdout:/usr/bin/ceph: stderr
2024-04-24T05:49:25.548+0000 7fb8b5800700 1 -- 172.21.15.38:0/628770489 >> 172.21.15.38:0/628770489 conn(0x7fb8b0101180 msgr2=0x7fb8b0102820 unknown :-1 s=STATE_NONE l=0).mark_down
2024-04-24T05:49:26.196 INFO:teuthology.orchestra.run.smithi038.stdout:/usr/bin/ceph: stderr
2024-04-24T05:49:25.548+0000 7fb8b5800700 1 -- 172.21.15.38:0/628770489 shutdown_connections
2024-04-24T05:49:26.196 INFO:teuthology.orchestra.run.smithi038.stdout:/usr/bin/ceph: stderr
2024-04-24T05:49:25.548+0000 7fb8b5800700 1 -- 172.21.15.38:0/628770489 wait complete.
2024-04-24T05:49:27.414 INFO:journalctl@ceph.mon.smithi038.smithi038.stdout:Apr 24 05:49:27 smithi038 ceph-mon[25276]: from='client.14132 -' entity='client.admin' cmd=[{"prefix": "orch set backend", "module_name": "cephadm", "target": ["mon-mgr", ""]}]: dispatch
2024-04-24T05:49:27.752 INFO:teuthology.orchestra.run.smithi038.stdout:/usr/bin/ceph: stdout value unchanged
2024-04-24T05:49:27.753 INFO:teuthology.orchestra.run.smithi038.stdout:/usr/bin/ceph: stderr
2024-04-24T05:49:26.804+0000 7f75e3800700 1 Processor -- start
2024-04-24T05:49:27.753 INFO:teuthology.orchestra.run.smithi038.stdout:/usr/bin/ceph: stderr
2024-04-24T05:49:26.805+0000 7f75e3800700 1 -- start start
2024-04-24T05:49:27.753 INFO:teuthology.orchestra.run.smithi038.stdout:/usr/bin/ceph: stderr
2024-04-24T05:49:26.805+0000 7f75e3800700 1 --2- >> [v2:172.21.15.38:3300/0,v1:172.21.15.38:6789/0] conn(0x7f75dc0802e0 0x7f75dc10ecd0 unknown :-1 s=NONE pgs=0 cs=0 l=0 rev1=0 crypto rx=0 tx=0 comp rx=0 tx=0).connect
2024-04-24T05:49:27.753 INFO:teuthology.orchestra.run.smithi038.stdout:/usr/bin/ceph: stderr
2024-04-24T05:49:26.805+0000 7f75e3800700 1 -- --> [v2:172.21.15.38:3300/0,v1:172.21.15.38:6789/0] -- mon_getmap magic: 0 v1 -- 0x7f75dc10f210 con 0x7f75dc0802e0
2024-04-24T05:49:27.753 INFO:teuthology.orchestra.run.smithi038.stdout:/usr/bin/ceph: stderr
2024-04-24T05:49:26.806+0000 7f75e0e00700 1 --2- >> [v2:172.21.15.38:3300/0,v1:172.21.15.38:6789/0] conn(0x7f75dc0802e0 0x7f75dc10ecd0 unknown :-1 s=BANNER_CONNECTING pgs=0 cs=0 l=0 rev1=0 crypto rx=0 tx=0 comp rx=0 tx=0)._handle_peer_banner_payload supported=3 required=0
2024-04-24T05:49:27.753 INFO:teuthology.orchestra.run.smithi038.stdout:/usr/bin/ceph: stderr
2024-04-24T05:49:26.806+0000 7f75e0e00700 1 --2- >> [v2:172.21.15.38:3300/0,v1:172.21.15.38:6789/0] conn(0x7f75dc0802e0 0x7f75dc10ecd0 unknown :-1 s=HELLO_CONNECTING pgs=0 cs=0 l=0 rev1=1 crypto rx=0 tx=0 comp rx=0 tx=0).handle_hello peer v2:172.21.15.38:3300/0 says I am v2:172.21.15.38:43150/0 (socket says 172.21.15.38:43150)
2024-04-24T05:49:27.753 INFO:teuthology.orchestra.run.smithi038.stdout:/usr/bin/ceph: stderr
2024-04-24T05:49:26.806+0000 7f75e0e00700 1 -- 172.21.15.38:0/4028890545 learned_addr learned my addr 172.21.15.38:0/4028890545 (peer_addr_for_me v2:172.21.15.38:0/0)
2024-04-24T05:49:27.753 INFO:teuthology.orchestra.run.smithi038.stdout:/usr/bin/ceph: stderr
2024-04-24T05:49:26.806+0000 7f75e0e00700 1 -- 172.21.15.38:0/4028890545 --> [v2:172.21.15.38:3300/0,v1:172.21.15.38:6789/0] -- mon_subscribe({config=0+,monmap=0+}) v3 -- 0x7f75dc10f350 con 0x7f75dc0802e0
2024-04-24T05:49:27.753 INFO:teuthology.orchestra.run.smithi038.stdout:/usr/bin/ceph: stderr
2024-04-24T05:49:26.807+0000 7f75e0e00700 1 --2- 172.21.15.38:0/4028890545 >> [v2:172.21.15.38:3300/0,v1:172.21.15.38:6789/0] conn(0x7f75dc0802e0 0x7f75dc10ecd0 secure :-1 s=READY pgs=39 cs=0 l=1 rev1=1 crypto rx=0x7f75d00098a0 tx=0x7f75d0009bb0 comp rx=0 tx=0).ready entity=mon.0 client_cookie=954c80d4ce0ca142 server_cookie=0 in_seq=0 out_seq=0
2024-04-24T05:49:27.754 INFO:teuthology.orchestra.run.smithi038.stdout:/usr/bin/ceph: stderr
2024-04-24T05:49:26.807+0000 7f75db400700 1 -- 172.21.15.38:0/4028890545 <== mon.0 v2:172.21.15.38:3300/0 1 ==== mon_map magic: 0 v1 ==== 229+0+0 (secure 0 0 0) 0x7f75d0004180 con 0x7f75dc0802e0
2024-04-24T05:49:27.754 INFO:teuthology.orchestra.run.smithi038.stdout:/usr/bin/ceph: stderr
2024-04-24T05:49:26.807+0000 7f75db400700 1 -- 172.21.15.38:0/4028890545 <== mon.0 v2:172.21.15.38:3300/0 2 ==== config(27 keys) v1 ==== 1037+0+0 (secure 0 0 0) 0x7f75d00042e0 con 0x7f75dc0802e0
2024-04-24T05:49:27.754 INFO:teuthology.orchestra.run.smithi038.stdout:/usr/bin/ceph: stderr
2024-04-24T05:49:26.807+0000 7f75db400700 1 -- 172.21.15.38:0/4028890545 <== mon.0 v2:172.21.15.38:3300/0 3 ==== mon_map magic: 0 v1 ==== 229+0+0 (secure 0 0 0) 0x7f75d0011a50 con 0x7f75dc0802e0
2024-04-24T05:49:27.754 INFO:teuthology.orchestra.run.smithi038.stdout:/usr/bin/ceph: stderr
2024-04-24T05:49:26.808+0000 7f75e3800700 1 -- 172.21.15.38:0/4028890545 >> [v2:172.21.15.38:3300/0,v1:172.21.15.38:6789/0] conn(0x7f75dc0802e0 msgr2=0x7f75dc10ecd0 secure :-1 s=STATE_CONNECTION_ESTABLISHED l=1).mark_down
2024-04-24T05:49:27.754 INFO:teuthology.orchestra.run.smithi038.stdout:/usr/bin/ceph: stderr
2024-04-24T05:49:26.808+0000 7f75e3800700 1 --2- 172.21.15.38:0/4028890545 >> [v2:172.21.15.38:3300/0,v1:172.21.15.38:6789/0] conn(0x7f75dc0802e0 0x7f75dc10ecd0 secure :-1 s=READY pgs=39 cs=0 l=1 rev1=1 crypto rx=0x7f75d00098a0 tx=0x7f75d0009bb0 comp rx=0 tx=0).stop
2024-04-24T05:49:27.754 INFO:teuthology.orchestra.run.smithi038.stdout:/usr/bin/ceph: stderr
2024-04-24T05:49:26.808+0000 7f75e3800700 1 -- 172.21.15.38:0/4028890545 shutdown_connections
2024-04-24T05:49:27.754 INFO:teuthology.orchestra.run.smithi038.stdout:/usr/bin/ceph: stderr
2024-04-24T05:49:26.808+0000 7f75e3800700 1 --2- 172.21.15.38:0/4028890545 >> [v2:172.21.15.38:3300/0,v1:172.21.15.38:6789/0] conn(0x7f75dc0802e0 0x7f75dc10ecd0 unknown :-1 s=CLOSED pgs=39 cs=0 l=1 rev1=1 crypto rx=0 tx=0 comp rx=0 tx=0).stop
2024-04-24T05:49:27.754 INFO:teuthology.orchestra.run.smithi038.stdout:/usr/bin/ceph: stderr
2024-04-24T05:49:26.808+0000 7f75e3800700 1 -- 172.21.15.38:0/4028890545 >> 172.21.15.38:0/4028890545 conn(0x7f75dc07b220 msgr2=0x7f75dc07d650 unknown :-1 s=STATE_NONE l=0).mark_down
2024-04-24T05:49:27.754 INFO:teuthology.orchestra.run.smithi038.stdout:/usr/bin/ceph: stderr
2024-04-24T05:49:26.808+0000 7f75e3800700 1 -- 172.21.15.38:0/4028890545 shutdown_connections
2024-04-24T05:49:27.754 INFO:teuthology.orchestra.run.smithi038.stdout:/usr/bin/ceph: stderr
2024-04-24T05:49:26.808+0000 7f75e3800700 1 -- 172.21.15.38:0/4028890545 wait complete.
2024-04-24T05:49:27.754 INFO:teuthology.orchestra.run.smithi038.stdout:/usr/bin/ceph: stderr
2024-04-24T05:49:26.809+0000 7f75e3800700 1 Processor -- start
2024-04-24T05:49:27.754 INFO:teuthology.orchestra.run.smithi038.stdout:/usr/bin/ceph: stderr
2024-04-24T05:49:26.809+0000 7f75e3800700 1 -- start start
2024-04-24T05:49:27.755 INFO:teuthology.orchestra.run.smithi038.stdout:/usr/bin/ceph: stderr
2024-04-24T05:49:26.810+0000 7f75e3800700 1 --2- >> [v2:172.21.15.38:3300/0,v1:172.21.15.38:6789/0] conn(0x7f75dc0802e0 0x7f75dc19fe60 unknown :-1 s=NONE pgs=0 cs=0 l=1 rev1=0 crypto rx=0 tx=0 comp rx=0 tx=0).connect
2024-04-24T05:49:27.755 INFO:teuthology.orchestra.run.smithi038.stdout:/usr/bin/ceph: stderr
2024-04-24T05:49:26.810+0000 7f75e3800700 1 -- --> [v2:172.21.15.38:3300/0,v1:172.21.15.38:6789/0] -- mon_getmap magic: 0 v1 -- 0x7f75dc1a03a0 con 0x7f75dc0802e0
2024-04-24T05:49:27.755 INFO:teuthology.orchestra.run.smithi038.stdout:/usr/bin/ceph: stderr
2024-04-24T05:49:26.810+0000 7f75e0e00700 1 --2- >> [v2:172.21.15.38:3300/0,v1:172.21.15.38:6789/0] conn(0x7f75dc0802e0 0x7f75dc19fe60 unknown :-1 s=BANNER_CONNECTING pgs=0 cs=0 l=1 rev1=0 crypto rx=0 tx=0 comp rx=0 tx=0)._handle_peer_banner_payload supported=3 required=0
2024-04-24T05:49:27.755 INFO:teuthology.orchestra.run.smithi038.stdout:/usr/bin/ceph: stderr
2024-04-24T05:49:26.810+0000 7f75e0e00700 1 --2- >> [v2:172.21.15.38:3300/0,v1:172.21.15.38:6789/0] conn(0x7f75dc0802e0 0x7f75dc19fe60 unknown :-1 s=HELLO_CONNECTING pgs=0 cs=0 l=1 rev1=1 crypto rx=0 tx=0 comp rx=0 tx=0).handle_hello peer v2:172.21.15.38:3300/0 says I am v2:172.21.15.38:43162/0 (socket says 172.21.15.38:43162)
2024-04-24T05:49:27.755 INFO:teuthology.orchestra.run.smithi038.stdout:/usr/bin/ceph: stderr
2024-04-24T05:49:26.810+0000 7f75e0e00700 1 -- 172.21.15.38:0/583081282 learned_addr learned my addr 172.21.15.38:0/583081282 (peer_addr_for_me v2:172.21.15.38:0/0)
2024-04-24T05:49:27.755 INFO:teuthology.orchestra.run.smithi038.stdout:/usr/bin/ceph: stderr
2024-04-24T05:49:26.810+0000 7f75e0e00700 1 -- 172.21.15.38:0/583081282 --> [v2:172.21.15.38:3300/0,v1:172.21.15.38:6789/0] -- mon_subscribe({config=0+,monmap=0+}) v3 -- 0x7f75d0009550 con 0x7f75dc0802e0
2024-04-24T05:49:27.755 INFO:teuthology.orchestra.run.smithi038.stdout:/usr/bin/ceph: stderr
2024-04-24T05:49:26.811+0000 7f75e0e00700 1 --2- 172.21.15.38:0/583081282 >> [v2:172.21.15.38:3300/0,v1:172.21.15.38:6789/0] conn(0x7f75dc0802e0 0x7f75dc19fe60 secure :-1 s=READY pgs=40 cs=0 l=1 rev1=1 crypto rx=0x7f75d0000c00 tx=0x7f75d0011ab0 comp rx=0 tx=0).ready entity=mon.0 client_cookie=0 server_cookie=0 in_seq=0 out_seq=0
2024-04-24T05:49:27.755 INFO:teuthology.orchestra.run.smithi038.stdout:/usr/bin/ceph: stderr
2024-04-24T05:49:26.811+0000 7f75d9600700 1 -- 172.21.15.38:0/583081282 <== mon.0 v2:172.21.15.38:3300/0 1 ==== mon_map magic: 0 v1 ==== 229+0+0 (secure 0 0 0) 0x7f75d0003b90 con 0x7f75dc0802e0
2024-04-24T05:49:27.755 INFO:teuthology.orchestra.run.smithi038.stdout:/usr/bin/ceph: stderr
2024-04-24T05:49:26.811+0000 7f75d9600700 1 -- 172.21.15.38:0/583081282 <== mon.0 v2:172.21.15.38:3300/0 2 ==== config(27 keys) v1 ==== 1037+0+0 (secure 0 0 0) 0x7f75d00248b0 con 0x7f75dc0802e0
2024-04-24T05:49:27.755 INFO:teuthology.orchestra.run.smithi038.stdout:/usr/bin/ceph: stderr
2024-04-24T05:49:26.811+0000 7f75d9600700 1 -- 172.21.15.38:0/583081282 <== mon.0 v2:172.21.15.38:3300/0 3 ==== mon_map magic: 0 v1 ==== 229+0+0 (secure 0 0 0) 0x7f75d001a8e0 con 0x7f75dc0802e0
2024-04-24T05:49:27.755 INFO:teuthology.orchestra.run.smithi038.stdout:/usr/bin/ceph: stderr
2024-04-24T05:49:26.811+0000 7f75e3800700 1 -- 172.21.15.38:0/583081282 --> [v2:172.21.15.38:3300/0,v1:172.21.15.38:6789/0] -- mon_subscribe({mgrmap=0+}) v3 -- 0x7f75dc1a05a0 con 0x7f75dc0802e0
2024-04-24T05:49:27.755 INFO:teuthology.orchestra.run.smithi038.stdout:/usr/bin/ceph: stderr
2024-04-24T05:49:26.811+0000 7f75e3800700 1 -- 172.21.15.38:0/583081282 --> [v2:172.21.15.38:3300/0,v1:172.21.15.38:6789/0] -- mon_subscribe({osdmap=0}) v3 -- 0x7f75dc1a09c0 con 0x7f75dc0802e0
2024-04-24T05:49:27.756 INFO:teuthology.orchestra.run.smithi038.stdout:/usr/bin/ceph: stderr
2024-04-24T05:49:26.812+0000 7f75d9600700 1 -- 172.21.15.38:0/583081282 <== mon.0 v2:172.21.15.38:3300/0 4 ==== mgrmap(e 8) v1 ==== 45084+0+0 (secure 0 0 0) 0x7f75d0024a20 con 0x7f75dc0802e0
2024-04-24T05:49:27.756 INFO:teuthology.orchestra.run.smithi038.stdout:/usr/bin/ceph: stderr
2024-04-24T05:49:26.812+0000 7f75e3800700 1 -- 172.21.15.38:0/583081282 --> [v2:172.21.15.38:3300/0,v1:172.21.15.38:6789/0] -- mon_command({"prefix": "get_command_descriptions"} v 0) v1 -- 0x7f75dc062380 con 0x7f75dc0802e0
2024-04-24T05:49:27.756 INFO:teuthology.orchestra.run.smithi038.stdout:/usr/bin/ceph: stderr
2024-04-24T05:49:26.813+0000 7f75d9600700 1 --2- 172.21.15.38:0/583081282 >> [v2:172.21.15.38:6800/361983707,v1:172.21.15.38:6801/361983707] conn(0x7f75c4038440 0x7f75c403a8f0 unknown :-1 s=NONE pgs=0 cs=0 l=1 rev1=0 crypto rx=0 tx=0 comp rx=0 tx=0).connect
2024-04-24T05:49:27.756 INFO:teuthology.orchestra.run.smithi038.stdout:/usr/bin/ceph: stderr
2024-04-24T05:49:26.813+0000 7f75d9600700 1 -- 172.21.15.38:0/583081282 <== mon.0 v2:172.21.15.38:3300/0 5 ==== osd_map(2..2 src has 1..2) v4 ==== 940+0+0 (secure 0 0 0) 0x7f75d004c450 con 0x7f75dc0802e0
2024-04-24T05:49:27.756 INFO:teuthology.orchestra.run.smithi038.stdout:/usr/bin/ceph: stderr
2024-04-24T05:49:26.813+0000 7f75dbe00700 1 --2- 172.21.15.38:0/583081282 >> [v2:172.21.15.38:6800/361983707,v1:172.21.15.38:6801/361983707] conn(0x7f75c4038440 0x7f75c403a8f0 unknown :-1 s=BANNER_CONNECTING pgs=0 cs=0 l=1 rev1=0 crypto rx=0 tx=0 comp rx=0 tx=0)._handle_peer_banner_payload supported=3 required=0
2024-04-24T05:49:27.756 INFO:teuthology.orchestra.run.smithi038.stdout:/usr/bin/ceph: stderr
2024-04-24T05:49:26.814+0000 7f75dbe00700 1 --2- 172.21.15.38:0/583081282 >> [v2:172.21.15.38:6800/361983707,v1:172.21.15.38:6801/361983707] conn(0x7f75c4038440 0x7f75c403a8f0 secure :-1 s=READY pgs=8 cs=0 l=1 rev1=1 crypto rx=0x7f75c8006fd0 tx=0x7f75c8006e40 comp rx=0 tx=0).ready entity=mgr.14120 client_cookie=0 server_cookie=0 in_seq=0 out_seq=0
2024-04-24T05:49:27.756 INFO:teuthology.orchestra.run.smithi038.stdout:/usr/bin/ceph: stderr
2024-04-24T05:49:26.818+0000 7f75d9600700 1 -- 172.21.15.38:0/583081282 <== mon.0 v2:172.21.15.38:3300/0 6 ==== mon_command_ack([{"prefix": "get_command_descriptions"}]=0 v0) v1 ==== 72+0+177933 (secure 0 0 0) 0x7f75d0018b80 con 0x7f75dc0802e0
2024-04-24T05:49:27.756 INFO:teuthology.orchestra.run.smithi038.stdout:/usr/bin/ceph: stderr
2024-04-24T05:49:27.043+0000 7f75e3800700 1 -- 172.21.15.38:0/583081282 --> [v2:172.21.15.38:6800/361983707,v1:172.21.15.38:6801/361983707] -- mgr_command(tid 0: {"prefix": "cephadm set-user", "user": "root", "target": ["mon-mgr", ""]}) v1 -- 0x7f75dc07d540 con 0x7f75c4038440
2024-04-24T05:49:27.756 INFO:teuthology.orchestra.run.smithi038.stdout:/usr/bin/ceph: stderr
2024-04-24T05:49:27.044+0000 7f75d9600700 1 -- 172.21.15.38:0/583081282 <== mgr.14120 v2:172.21.15.38:6800/361983707 1 ==== mgr_command_reply(tid 0: 0 ) v1 ==== 8+0+16 (secure 0 0 0) 0x7f75dc07d540 con 0x7f75c4038440
2024-04-24T05:49:27.756 INFO:teuthology.orchestra.run.smithi038.stdout:/usr/bin/ceph: stderr
2024-04-24T05:49:27.047+0000 7f75e3800700 1 -- 172.21.15.38:0/583081282 >> [v2:172.21.15.38:6800/361983707,v1:172.21.15.38:6801/361983707] conn(0x7f75c4038440 msgr2=0x7f75c403a8f0 secure :-1 s=STATE_CONNECTION_ESTABLISHED l=1).mark_down
2024-04-24T05:49:27.756 INFO:teuthology.orchestra.run.smithi038.stdout:/usr/bin/ceph: stderr
2024-04-24T05:49:27.047+0000 7f75e3800700 1 --2- 172.21.15.38:0/583081282 >> [v2:172.21.15.38:6800/361983707,v1:172.21.15.38:6801/361983707] conn(0x7f75c4038440 0x7f75c403a8f0 secure :-1 s=READY pgs=8 cs=0 l=1 rev1=1 crypto rx=0x7f75c8006fd0 tx=0x7f75c8006e40 comp rx=0 tx=0).stop
2024-04-24T05:49:27.756 INFO:teuthology.orchestra.run.smithi038.stdout:/usr/bin/ceph: stderr
2024-04-24T05:49:27.047+0000 7f75e3800700 1 -- 172.21.15.38:0/583081282 >> [v2:172.21.15.38:3300/0,v1:172.21.15.38:6789/0] conn(0x7f75dc0802e0 msgr2=0x7f75dc19fe60 secure :-1 s=STATE_CONNECTION_ESTABLISHED l=1).mark_down
2024-04-24T05:49:27.757 INFO:teuthology.orchestra.run.smithi038.stdout:/usr/bin/ceph: stderr
2024-04-24T05:49:27.047+0000 7f75e3800700 1 --2- 172.21.15.38:0/583081282 >> [v2:172.21.15.38:3300/0,v1:172.21.15.38:6789/0] conn(0x7f75dc0802e0 0x7f75dc19fe60 secure :-1 s=READY pgs=40 cs=0 l=1 rev1=1 crypto rx=0x7f75d0000c00 tx=0x7f75d0011ab0 comp rx=0 tx=0).stop
2024-04-24T05:49:27.757 INFO:teuthology.orchestra.run.smithi038.stdout:/usr/bin/ceph: stderr
2024-04-24T05:49:27.047+0000 7f75e3800700 1 -- 172.21.15.38:0/583081282 shutdown_connections
2024-04-24T05:49:27.757 INFO:teuthology.orchestra.run.smithi038.stdout:/usr/bin/ceph: stderr
2024-04-24T05:49:27.047+0000 7f75e3800700 1 --2- 172.21.15.38:0/583081282 >> [v2:172.21.15.38:6800/361983707,v1:172.21.15.38:6801/361983707] conn(0x7f75c4038440 0x7f75c403a8f0 unknown :-1 s=CLOSED pgs=8 cs=0 l=1 rev1=1 crypto rx=0 tx=0 comp rx=0 tx=0).stop
2024-04-24T05:49:27.757 INFO:teuthology.orchestra.run.smithi038.stdout:/usr/bin/ceph: stderr
2024-04-24T05:49:27.047+0000 7f75e3800700 1 --2- 172.21.15.38:0/583081282 >> [v2:172.21.15.38:3300/0,v1:172.21.15.38:6789/0] conn(0x7f75dc0802e0 0x7f75dc19fe60 unknown :-1 s=CLOSED pgs=40 cs=0 l=1 rev1=1 crypto rx=0 tx=0 comp rx=0 tx=0).stop
2024-04-24T05:49:27.757 INFO:teuthology.orchestra.run.smithi038.stdout:/usr/bin/ceph: stderr
2024-04-24T05:49:27.047+0000 7f75e3800700 1 -- 172.21.15.38:0/583081282 >> 172.21.15.38:0/583081282 conn(0x7f75dc07b220 msgr2=0x7f75dc07c920 unknown :-1 s=STATE_NONE l=0).mark_down
2024-04-24T05:49:27.757 INFO:teuthology.orchestra.run.smithi038.stdout:/usr/bin/ceph: stderr
2024-04-24T05:49:27.047+0000 7f75e3800700 1 -- 172.21.15.38:0/583081282 shutdown_connections
2024-04-24T05:49:27.757 INFO:teuthology.orchestra.run.smithi038.stdout:/usr/bin/ceph: stderr
2024-04-24T05:49:27.047+0000 7f75e3800700 1 -- 172.21.15.38:0/583081282 wait complete.
2024-04-24T05:49:27.757 INFO:teuthology.orchestra.run.smithi038.stdout:Generating ssh key...
2024-04-24T05:49:28.304 INFO:journalctl@ceph.mon.smithi038.smithi038.stdout:Apr 24 05:49:28 smithi038 ceph-mon[25276]: from='client.14134 -' entity='client.admin' cmd=[{"prefix": "cephadm set-user", "user": "root", "target": ["mon-mgr", ""]}]: dispatch
2024-04-24T05:49:29.663 INFO:teuthology.orchestra.run.smithi038.stdout:/usr/bin/ceph: stderr
2024-04-24T05:49:28.379+0000 7f988e600700 1 Processor -- start
2024-04-24T05:49:29.663 INFO:teuthology.orchestra.run.smithi038.stdout:/usr/bin/ceph: stderr
2024-04-24T05:49:28.379+0000 7f988e600700 1 -- start start
2024-04-24T05:49:29.663 INFO:teuthology.orchestra.run.smithi038.stdout:/usr/bin/ceph: stderr
2024-04-24T05:49:28.380+0000 7f988e600700 1 --2- >> [v2:172.21.15.38:3300/0,v1:172.21.15.38:6789/0] conn(0x7f988807f8c0 0x7f988807fcd0 unknown :-1 s=NONE pgs=0 cs=0 l=0 rev1=0 crypto rx=0 tx=0 comp rx=0 tx=0).connect
2024-04-24T05:49:29.663 INFO:teuthology.orchestra.run.smithi038.stdout:/usr/bin/ceph: stderr
2024-04-24T05:49:28.380+0000 7f988e600700 1 -- --> [v2:172.21.15.38:3300/0,v1:172.21.15.38:6789/0] -- mon_getmap magic: 0 v1 -- 0x7f9888080210 con 0x7f988807f8c0
2024-04-24T05:49:29.663 INFO:teuthology.orchestra.run.smithi038.stdout:/usr/bin/ceph: stderr
2024-04-24T05:49:28.380+0000 7f988d200700 1 --2- >> [v2:172.21.15.38:3300/0,v1:172.21.15.38:6789/0] conn(0x7f988807f8c0 0x7f988807fcd0 unknown :-1 s=BANNER_CONNECTING pgs=0 cs=0 l=0 rev1=0 crypto rx=0 tx=0 comp rx=0 tx=0)._handle_peer_banner_payload supported=3 required=0
2024-04-24T05:49:29.663 INFO:teuthology.orchestra.run.smithi038.stdout:/usr/bin/ceph: stderr
2024-04-24T05:49:28.380+0000 7f988d200700 1 --2- >> [v2:172.21.15.38:3300/0,v1:172.21.15.38:6789/0] conn(0x7f988807f8c0 0x7f988807fcd0 unknown :-1 s=HELLO_CONNECTING pgs=0 cs=0 l=0 rev1=1 crypto rx=0 tx=0 comp rx=0 tx=0).handle_hello peer v2:172.21.15.38:3300/0 says I am v2:172.21.15.38:43168/0 (socket says 172.21.15.38:43168)
2024-04-24T05:49:29.663 INFO:teuthology.orchestra.run.smithi038.stdout:/usr/bin/ceph: stderr
2024-04-24T05:49:28.380+0000 7f988d200700 1 -- 172.21.15.38:0/2175781424 learned_addr learned my addr 172.21.15.38:0/2175781424 (peer_addr_for_me v2:172.21.15.38:0/0)
2024-04-24T05:49:29.663 INFO:teuthology.orchestra.run.smithi038.stdout:/usr/bin/ceph: stderr
2024-04-24T05:49:28.381+0000 7f988d200700 1 -- 172.21.15.38:0/2175781424 --> [v2:172.21.15.38:3300/0,v1:172.21.15.38:6789/0] -- mon_subscribe({config=0+,monmap=0+}) v3 -- 0x7f9888080350 con 0x7f988807f8c0
2024-04-24T05:49:29.664 INFO:teuthology.orchestra.run.smithi038.stdout:/usr/bin/ceph: stderr
2024-04-24T05:49:28.381+0000 7f988d200700 1 --2- 172.21.15.38:0/2175781424 >> [v2:172.21.15.38:3300/0,v1:172.21.15.38:6789/0] conn(0x7f988807f8c0 0x7f988807fcd0 secure :-1 s=READY pgs=41 cs=0 l=1 rev1=1 crypto rx=0x7f987c0098a0 tx=0x7f987c009bb0 comp rx=0 tx=0).ready entity=mon.0 client_cookie=cf23c333ad3d2c59 server_cookie=0 in_seq=0 out_seq=0
2024-04-24T05:49:29.664 INFO:teuthology.orchestra.run.smithi038.stdout:/usr/bin/ceph: stderr
2024-04-24T05:49:28.381+0000 7f9887400700 1 -- 172.21.15.38:0/2175781424 <== mon.0 v2:172.21.15.38:3300/0 1 ==== mon_map magic: 0 v1 ==== 229+0+0 (secure 0 0 0) 0x7f987c004180 con 0x7f988807f8c0
2024-04-24T05:49:29.664 INFO:teuthology.orchestra.run.smithi038.stdout:/usr/bin/ceph: stderr
2024-04-24T05:49:28.381+0000 7f9887400700 1 -- 172.21.15.38:0/2175781424 <== mon.0 v2:172.21.15.38:3300/0 2 ==== config(27 keys) v1 ==== 1037+0+0 (secure 0 0 0) 0x7f987c0042e0 con 0x7f988807f8c0
2024-04-24T05:49:29.664 INFO:teuthology.orchestra.run.smithi038.stdout:/usr/bin/ceph: stderr
2024-04-24T05:49:28.381+0000 7f9887400700 1 -- 172.21.15.38:0/2175781424 <== mon.0 v2:172.21.15.38:3300/0 3 ==== mon_map magic: 0 v1 ==== 229+0+0 (secure 0 0 0) 0x7f987c011a50 con 0x7f988807f8c0
2024-04-24T05:49:29.664 INFO:teuthology.orchestra.run.smithi038.stdout:/usr/bin/ceph: stderr
2024-04-24T05:49:28.382+0000 7f988e600700 1 -- 172.21.15.38:0/2175781424 >> [v2:172.21.15.38:3300/0,v1:172.21.15.38:6789/0] conn(0x7f988807f8c0 msgr2=0x7f988807fcd0 secure :-1 s=STATE_CONNECTION_ESTABLISHED l=1).mark_down
2024-04-24T05:49:29.664 INFO:teuthology.orchestra.run.smithi038.stdout:/usr/bin/ceph: stderr
2024-04-24T05:49:28.382+0000 7f988e600700 1 --2- 172.21.15.38:0/2175781424 >> [v2:172.21.15.38:3300/0,v1:172.21.15.38:6789/0] conn(0x7f988807f8c0 0x7f988807fcd0 secure :-1 s=READY pgs=41 cs=0 l=1 rev1=1 crypto rx=0x7f987c0098a0 tx=0x7f987c009bb0 comp rx=0 tx=0).stop
2024-04-24T05:49:29.664 INFO:teuthology.orchestra.run.smithi038.stdout:/usr/bin/ceph: stderr
2024-04-24T05:49:28.382+0000 7f988e600700 1 -- 172.21.15.38:0/2175781424 shutdown_connections
2024-04-24T05:49:29.664 INFO:teuthology.orchestra.run.smithi038.stdout:/usr/bin/ceph: stderr
2024-04-24T05:49:28.382+0000 7f988e600700 1 --2- 172.21.15.38:0/2175781424 >> [v2:172.21.15.38:3300/0,v1:172.21.15.38:6789/0] conn(0x7f988807f8c0 0x7f988807fcd0 unknown :-1 s=CLOSED pgs=41 cs=0 l=1 rev1=1 crypto rx=0 tx=0 comp rx=0 tx=0).stop
2024-04-24T05:49:29.664 INFO:teuthology.orchestra.run.smithi038.stdout:/usr/bin/ceph: stderr
2024-04-24T05:49:28.382+0000 7f988e600700 1 -- 172.21.15.38:0/2175781424 >> 172.21.15.38:0/2175781424 conn(0x7f988807afe0 msgr2=0x7f988807d3f0 unknown :-1 s=STATE_NONE l=0).mark_down
2024-04-24T05:49:29.664 INFO:teuthology.orchestra.run.smithi038.stdout:/usr/bin/ceph: stderr
2024-04-24T05:49:28.382+0000 7f988e600700 1 -- 172.21.15.38:0/2175781424 shutdown_connections
2024-04-24T05:49:29.668 INFO:teuthology.orchestra.run.smithi038.stdout:/usr/bin/ceph: stderr
2024-04-24T05:49:28.382+0000 7f988e600700 1 -- 172.21.15.38:0/2175781424 wait complete.
2024-04-24T05:49:29.668 INFO:teuthology.orchestra.run.smithi038.stdout:/usr/bin/ceph: stderr
2024-04-24T05:49:28.383+0000 7f988e600700 1 Processor -- start
2024-04-24T05:49:29.668 INFO:teuthology.orchestra.run.smithi038.stdout:/usr/bin/ceph: stderr
2024-04-24T05:49:28.384+0000 7f988e600700 1 -- start start
2024-04-24T05:49:29.668 INFO:teuthology.orchestra.run.smithi038.stdout:/usr/bin/ceph: stderr
2024-04-24T05:49:28.384+0000 7f988e600700 1 --2- >> [v2:172.21.15.38:3300/0,v1:172.21.15.38:6789/0] conn(0x7f988807f8c0 0x7f988819fc70 unknown :-1 s=NONE pgs=0 cs=0 l=1 rev1=0 crypto rx=0 tx=0 comp rx=0 tx=0).connect
2024-04-24T05:49:29.668 INFO:teuthology.orchestra.run.smithi038.stdout:/usr/bin/ceph: stderr
2024-04-24T05:49:28.384+0000 7f988e600700 1 -- --> [v2:172.21.15.38:3300/0,v1:172.21.15.38:6789/0] -- mon_getmap magic: 0 v1 -- 0x7f98881a01b0 con 0x7f988807f8c0
2024-04-24T05:49:29.668 INFO:teuthology.orchestra.run.smithi038.stdout:/usr/bin/ceph: stderr
2024-04-24T05:49:28.384+0000 7f988d200700 1 --2- >> [v2:172.21.15.38:3300/0,v1:172.21.15.38:6789/0] conn(0x7f988807f8c0 0x7f988819fc70 unknown :-1 s=BANNER_CONNECTING pgs=0 cs=0 l=1 rev1=0 crypto rx=0 tx=0 comp rx=0 tx=0)._handle_peer_banner_payload supported=3 required=0
2024-04-24T05:49:29.668 INFO:teuthology.orchestra.run.smithi038.stdout:/usr/bin/ceph: stderr
2024-04-24T05:49:28.384+0000 7f988d200700 1 --2- >> [v2:172.21.15.38:3300/0,v1:172.21.15.38:6789/0] conn(0x7f988807f8c0 0x7f988819fc70 unknown :-1 s=HELLO_CONNECTING pgs=0 cs=0 l=1 rev1=1 crypto rx=0 tx=0 comp rx=0 tx=0).handle_hello peer v2:172.21.15.38:3300/0 says I am v2:172.21.15.38:43184/0 (socket says 172.21.15.38:43184)
2024-04-24T05:49:29.668 INFO:teuthology.orchestra.run.smithi038.stdout:/usr/bin/ceph: stderr
2024-04-24T05:49:28.384+0000 7f988d200700 1 -- 172.21.15.38:0/1279534450 learned_addr learned my addr 172.21.15.38:0/1279534450 (peer_addr_for_me v2:172.21.15.38:0/0)
2024-04-24T05:49:29.668 INFO:teuthology.orchestra.run.smithi038.stdout:/usr/bin/ceph: stderr
