2024-04-24T05:49:49.013+0000 7f1682a00700 1 --2- 172.21.15.38:0/2400215484 >> [v2:172.21.15.38:3300/0,v1:172.21.15.38:6789/0] conn(0x7f168407be10 0x7f168419ba50 secure :-1 s=READY pgs=60 cs=0 l=1 rev1=1 crypto rx=0x7f1674000c00 tx=0x7f1674011b50 comp rx=0 tx=0).ready entity=mon.0 client_cookie=0 server_cookie=0 in_seq=0 out_seq=0
2024-04-24T05:49:49.938 INFO:teuthology.orchestra.run.smithi038.stdout:/usr/bin/ceph: stderr
2024-04-24T05:49:49.013+0000 7f167b400700 1 -- 172.21.15.38:0/2400215484 <== mon.0 v2:172.21.15.38:3300/0 1 ==== mon_map magic: 0 v1 ==== 229+0+0 (secure 0 0 0) 0x7f1674003a70 con 0x7f168407be10
2024-04-24T05:49:49.938 INFO:teuthology.orchestra.run.smithi038.stdout:/usr/bin/ceph: stderr
2024-04-24T05:49:49.013+0000 7f167b400700 1 -- 172.21.15.38:0/2400215484 <== mon.0 v2:172.21.15.38:3300/0 2 ==== config(27 keys) v1 ==== 1101+0+0 (secure 0 0 0) 0x7f1674003bd0 con 0x7f168407be10
2024-04-24T05:49:49.938 INFO:teuthology.orchestra.run.smithi038.stdout:/usr/bin/ceph: stderr
2024-04-24T05:49:49.013+0000 7f167b400700 1 -- 172.21.15.38:0/2400215484 <== mon.0 v2:172.21.15.38:3300/0 3 ==== mon_map magic: 0 v1 ==== 229+0+0 (secure 0 0 0) 0x7f16740238c0 con 0x7f168407be10
2024-04-24T05:49:49.938 INFO:teuthology.orchestra.run.smithi038.stdout:/usr/bin/ceph: stderr
2024-04-24T05:49:49.013+0000 7f1689a00700 1 -- 172.21.15.38:0/2400215484 --> [v2:172.21.15.38:3300/0,v1:172.21.15.38:6789/0] -- mon_subscribe({mgrmap=0+}) v3 -- 0x7f168419c190 con 0x7f168407be10
2024-04-24T05:49:49.938 INFO:teuthology.orchestra.run.smithi038.stdout:/usr/bin/ceph: stderr
2024-04-24T05:49:49.014+0000 7f1689a00700 1 -- 172.21.15.38:0/2400215484 --> [v2:172.21.15.38:3300/0,v1:172.21.15.38:6789/0] -- mon_subscribe({osdmap=0}) v3 -- 0x7f168419c5b0 con 0x7f168407be10
2024-04-24T05:49:49.938 INFO:teuthology.orchestra.run.smithi038.stdout:/usr/bin/ceph: stderr
2024-04-24T05:49:49.015+0000 7f167b400700 1 -- 172.21.15.38:0/2400215484 <== mon.0 v2:172.21.15.38:3300/0 4 ==== mgrmap(e 8) v1 ==== 45084+0+0 (secure 0 0 0) 0x7f1674023b80 con 0x7f168407be10
2024-04-24T05:49:49.938 INFO:teuthology.orchestra.run.smithi038.stdout:/usr/bin/ceph: stderr
2024-04-24T05:49:49.015+0000 7f1689a00700 1 -- 172.21.15.38:0/2400215484 --> [v2:172.21.15.38:3300/0,v1:172.21.15.38:6789/0] -- mon_command({"prefix": "get_command_descriptions"} v 0) v1 -- 0x7f168410bdb0 con 0x7f168407be10
2024-04-24T05:49:49.938 INFO:teuthology.orchestra.run.smithi038.stdout:/usr/bin/ceph: stderr
2024-04-24T05:49:49.015+0000 7f167b400700 1 --2- 172.21.15.38:0/2400215484 >> [v2:172.21.15.38:6800/361983707,v1:172.21.15.38:6801/361983707] conn(0x7f16680383f0 0x7f166803a8a0 unknown :-1 s=NONE pgs=0 cs=0 l=1 rev1=0 crypto rx=0 tx=0 comp rx=0 tx=0).connect
2024-04-24T05:49:49.938 INFO:teuthology.orchestra.run.smithi038.stdout:/usr/bin/ceph: stderr
2024-04-24T05:49:49.015+0000 7f167b400700 1 -- 172.21.15.38:0/2400215484 <== mon.0 v2:172.21.15.38:3300/0 5 ==== osd_map(2..2 src has 1..2) v4 ==== 940+0+0 (secure 0 0 0) 0x7f167404c210 con 0x7f168407be10
2024-04-24T05:49:49.938 INFO:teuthology.orchestra.run.smithi038.stdout:/usr/bin/ceph: stderr
2024-04-24T05:49:49.015+0000 7f167be00700 1 --2- 172.21.15.38:0/2400215484 >> [v2:172.21.15.38:6800/361983707,v1:172.21.15.38:6801/361983707] conn(0x7f16680383f0 0x7f166803a8a0 unknown :-1 s=BANNER_CONNECTING pgs=0 cs=0 l=1 rev1=0 crypto rx=0 tx=0 comp rx=0 tx=0)._handle_peer_banner_payload supported=3 required=0
2024-04-24T05:49:49.938 INFO:teuthology.orchestra.run.smithi038.stdout:/usr/bin/ceph: stderr
2024-04-24T05:49:49.016+0000 7f167be00700 1 --2- 172.21.15.38:0/2400215484 >> [v2:172.21.15.38:6800/361983707,v1:172.21.15.38:6801/361983707] conn(0x7f16680383f0 0x7f166803a8a0 secure :-1 s=READY pgs=18 cs=0 l=1 rev1=1 crypto rx=0x7f166c006fd0 tx=0x7f166c006e40 comp rx=0 tx=0).ready entity=mgr.14120 client_cookie=0 server_cookie=0 in_seq=0 out_seq=0
2024-04-24T05:49:49.938 INFO:teuthology.orchestra.run.smithi038.stdout:/usr/bin/ceph: stderr
2024-04-24T05:49:49.021+0000 7f167b400700 1 -- 172.21.15.38:0/2400215484 <== mon.0 v2:172.21.15.38:3300/0 6 ==== mon_command_ack([{"prefix": "get_command_descriptions"}]=0 v0) v1 ==== 72+0+177933 (secure 0 0 0) 0x7f1674010970 con 0x7f168407be10
2024-04-24T05:49:49.938 INFO:teuthology.orchestra.run.smithi038.stdout:/usr/bin/ceph: stderr
2024-04-24T05:49:49.259+0000 7f1689a00700 1 -- 172.21.15.38:0/2400215484 --> [v2:172.21.15.38:6800/361983707,v1:172.21.15.38:6801/361983707] -- mgr_command(tid 0: {"prefix": "orch apply", "service_type": "node-exporter", "target": ["mon-mgr", ""]}) v1 -- 0x7f168419f410 con 0x7f16680383f0
2024-04-24T05:49:49.940 INFO:teuthology.orchestra.run.smithi038.stdout:/usr/bin/ceph: stderr
2024-04-24T05:49:49.268+0000 7f167b400700 1 -- 172.21.15.38:0/2400215484 <== mgr.14120 v2:172.21.15.38:6800/361983707 1 ==== mgr_command_reply(tid 0: 0 ) v1 ==== 8+0+34 (secure 0 0 0) 0x7f168419f410 con 0x7f16680383f0
2024-04-24T05:49:49.940 INFO:teuthology.orchestra.run.smithi038.stdout:/usr/bin/ceph: stderr
2024-04-24T05:49:49.271+0000 7f1689a00700 1 -- 172.21.15.38:0/2400215484 >> [v2:172.21.15.38:6800/361983707,v1:172.21.15.38:6801/361983707] conn(0x7f16680383f0 msgr2=0x7f166803a8a0 secure :-1 s=STATE_CONNECTION_ESTABLISHED l=1).mark_down
2024-04-24T05:49:49.940 INFO:teuthology.orchestra.run.smithi038.stdout:/usr/bin/ceph: stderr
2024-04-24T05:49:49.271+0000 7f1689a00700 1 --2- 172.21.15.38:0/2400215484 >> [v2:172.21.15.38:6800/361983707,v1:172.21.15.38:6801/361983707] conn(0x7f16680383f0 0x7f166803a8a0 secure :-1 s=READY pgs=18 cs=0 l=1 rev1=1 crypto rx=0x7f166c006fd0 tx=0x7f166c006e40 comp rx=0 tx=0).stop
2024-04-24T05:49:49.940 INFO:teuthology.orchestra.run.smithi038.stdout:/usr/bin/ceph: stderr
2024-04-24T05:49:49.271+0000 7f1689a00700 1 -- 172.21.15.38:0/2400215484 >> [v2:172.21.15.38:3300/0,v1:172.21.15.38:6789/0] conn(0x7f168407be10 msgr2=0x7f168419ba50 secure :-1 s=STATE_CONNECTION_ESTABLISHED l=1).mark_down
2024-04-24T05:49:49.940 INFO:teuthology.orchestra.run.smithi038.stdout:/usr/bin/ceph: stderr
2024-04-24T05:49:49.271+0000 7f1689a00700 1 --2- 172.21.15.38:0/2400215484 >> [v2:172.21.15.38:3300/0,v1:172.21.15.38:6789/0] conn(0x7f168407be10 0x7f168419ba50 secure :-1 s=READY pgs=60 cs=0 l=1 rev1=1 crypto rx=0x7f1674000c00 tx=0x7f1674011b50 comp rx=0 tx=0).stop
2024-04-24T05:49:49.940 INFO:teuthology.orchestra.run.smithi038.stdout:/usr/bin/ceph: stderr
2024-04-24T05:49:49.271+0000 7f1689a00700 1 -- 172.21.15.38:0/2400215484 shutdown_connections
2024-04-24T05:49:49.940 INFO:teuthology.orchestra.run.smithi038.stdout:/usr/bin/ceph: stderr
2024-04-24T05:49:49.271+0000 7f1689a00700 1 --2- 172.21.15.38:0/2400215484 >> [v2:172.21.15.38:6800/361983707,v1:172.21.15.38:6801/361983707] conn(0x7f16680383f0 0x7f166803a8a0 unknown :-1 s=CLOSED pgs=18 cs=0 l=1 rev1=1 crypto rx=0 tx=0 comp rx=0 tx=0).stop
2024-04-24T05:49:49.940 INFO:teuthology.orchestra.run.smithi038.stdout:/usr/bin/ceph: stderr
2024-04-24T05:49:49.271+0000 7f1689a00700 1 --2- 172.21.15.38:0/2400215484 >> [v2:172.21.15.38:3300/0,v1:172.21.15.38:6789/0] conn(0x7f168407be10 0x7f168419ba50 unknown :-1 s=CLOSED pgs=60 cs=0 l=1 rev1=1 crypto rx=0 tx=0 comp rx=0 tx=0).stop
2024-04-24T05:49:49.940 INFO:teuthology.orchestra.run.smithi038.stdout:/usr/bin/ceph: stderr
2024-04-24T05:49:49.271+0000 7f1689a00700 1 -- 172.21.15.38:0/2400215484 >> 172.21.15.38:0/2400215484 conn(0x7f1684101110 msgr2=0x7f1684102800 unknown :-1 s=STATE_NONE l=0).mark_down
2024-04-24T05:49:49.940 INFO:teuthology.orchestra.run.smithi038.stdout:/usr/bin/ceph: stderr
2024-04-24T05:49:49.271+0000 7f1689a00700 1 -- 172.21.15.38:0/2400215484 shutdown_connections
2024-04-24T05:49:49.941 INFO:teuthology.orchestra.run.smithi038.stdout:/usr/bin/ceph: stderr
2024-04-24T05:49:49.272+0000 7f1689a00700 1 -- 172.21.15.38:0/2400215484 wait complete.
2024-04-24T05:49:49.941 INFO:teuthology.orchestra.run.smithi038.stdout:Deploying alertmanager service with default placement...
2024-04-24T05:49:50.217 INFO:journalctl@ceph.mon.smithi038.smithi038.stdout:Apr 24 05:49:49 smithi038 ceph-mon[25276]: pgmap v6: 0 pgs: ; 0 B data, 0 B used, 0 B / 0 B avail
2024-04-24T05:49:50.217 INFO:journalctl@ceph.mon.smithi038.smithi038.stdout:Apr 24 05:49:49 smithi038 ceph-mon[25276]: from='mgr.14120 172.21.15.38:0/1198442316' entity='mgr.smithi038.vrfydi'
2024-04-24T05:49:51.136 INFO:journalctl@ceph.mon.smithi038.smithi038.stdout:Apr 24 05:49:50 smithi038 ceph-mon[25276]: from='client.14154 -' entity='client.admin' cmd=[{"prefix": "orch apply", "service_type": "node-exporter", "target": ["mon-mgr", ""]}]: dispatch
2024-04-24T05:49:51.136 INFO:journalctl@ceph.mon.smithi038.smithi038.stdout:Apr 24 05:49:50 smithi038 ceph-mon[25276]: Saving service node-exporter spec with placement *
2024-04-24T05:49:51.137 INFO:journalctl@ceph.mon.smithi038.smithi038.stdout:Apr 24 05:49:50 smithi038 ceph-mon[25276]: from='mgr.14120 172.21.15.38:0/1198442316' entity='mgr.smithi038.vrfydi'
2024-04-24T05:49:51.425 INFO:teuthology.orchestra.run.smithi038.stdout:/usr/bin/ceph: stdout Scheduled alertmanager update...
2024-04-24T05:49:51.431 INFO:teuthology.orchestra.run.smithi038.stdout:/usr/bin/ceph: stderr
2024-04-24T05:49:50.534+0000 7f7be1800700 1 Processor -- start
2024-04-24T05:49:51.432 INFO:teuthology.orchestra.run.smithi038.stdout:/usr/bin/ceph: stderr
2024-04-24T05:49:50.534+0000 7f7be1800700 1 -- start start
2024-04-24T05:49:51.432 INFO:teuthology.orchestra.run.smithi038.stdout:/usr/bin/ceph: stderr
2024-04-24T05:49:50.535+0000 7f7be1800700 1 --2- >> [v2:172.21.15.38:3300/0,v1:172.21.15.38:6789/0] conn(0x7f7bdc107d00 0x7f7bdc108110 unknown :-1 s=NONE pgs=0 cs=0 l=0 rev1=0 crypto rx=0 tx=0 comp rx=0 tx=0).connect
2024-04-24T05:49:51.432 INFO:teuthology.orchestra.run.smithi038.stdout:/usr/bin/ceph: stderr
2024-04-24T05:49:50.535+0000 7f7be1800700 1 -- --> [v2:172.21.15.38:3300/0,v1:172.21.15.38:6789/0] -- mon_getmap magic: 0 v1 -- 0x7f7bdc108650 con 0x7f7bdc107d00
2024-04-24T05:49:51.432 INFO:teuthology.orchestra.run.smithi038.stdout:/usr/bin/ceph: stderr
2024-04-24T05:49:50.535+0000 7f7bdaa00700 1 --2- >> [v2:172.21.15.38:3300/0,v1:172.21.15.38:6789/0] conn(0x7f7bdc107d00 0x7f7bdc108110 unknown :-1 s=BANNER_CONNECTING pgs=0 cs=0 l=0 rev1=0 crypto rx=0 tx=0 comp rx=0 tx=0)._handle_peer_banner_payload supported=3 required=0
2024-04-24T05:49:51.432 INFO:teuthology.orchestra.run.smithi038.stdout:/usr/bin/ceph: stderr
2024-04-24T05:49:50.535+0000 7f7bdaa00700 1 --2- >> [v2:172.21.15.38:3300/0,v1:172.21.15.38:6789/0] conn(0x7f7bdc107d00 0x7f7bdc108110 unknown :-1 s=HELLO_CONNECTING pgs=0 cs=0 l=0 rev1=1 crypto rx=0 tx=0 comp rx=0 tx=0).handle_hello peer v2:172.21.15.38:3300/0 says I am v2:172.21.15.38:39122/0 (socket says 172.21.15.38:39122)
2024-04-24T05:49:51.432 INFO:teuthology.orchestra.run.smithi038.stdout:/usr/bin/ceph: stderr
2024-04-24T05:49:50.535+0000 7f7bdaa00700 1 -- 172.21.15.38:0/4197571346 learned_addr learned my addr 172.21.15.38:0/4197571346 (peer_addr_for_me v2:172.21.15.38:0/0)
2024-04-24T05:49:51.432 INFO:teuthology.orchestra.run.smithi038.stdout:/usr/bin/ceph: stderr
2024-04-24T05:49:50.536+0000 7f7bdaa00700 1 -- 172.21.15.38:0/4197571346 --> [v2:172.21.15.38:3300/0,v1:172.21.15.38:6789/0] -- mon_subscribe({config=0+,monmap=0+}) v3 -- 0x7f7bdc108790 con 0x7f7bdc107d00
2024-04-24T05:49:51.432 INFO:teuthology.orchestra.run.smithi038.stdout:/usr/bin/ceph: stderr
2024-04-24T05:49:50.536+0000 7f7bdaa00700 1 --2- 172.21.15.38:0/4197571346 >> [v2:172.21.15.38:3300/0,v1:172.21.15.38:6789/0] conn(0x7f7bdc107d00 0x7f7bdc108110 secure :-1 s=READY pgs=61 cs=0 l=1 rev1=1 crypto rx=0x7f7bcc0098a0 tx=0x7f7bcc009bb0 comp rx=0 tx=0).ready entity=mon.0 client_cookie=29c565811601086f server_cookie=0 in_seq=0 out_seq=0
2024-04-24T05:49:51.432 INFO:teuthology.orchestra.run.smithi038.stdout:/usr/bin/ceph: stderr
2024-04-24T05:49:50.536+0000 7f7bd9600700 1 -- 172.21.15.38:0/4197571346 <== mon.0 v2:172.21.15.38:3300/0 1 ==== mon_map magic: 0 v1 ==== 229+0+0 (secure 0 0 0) 0x7f7bcc004180 con 0x7f7bdc107d00
2024-04-24T05:49:51.432 INFO:teuthology.orchestra.run.smithi038.stdout:/usr/bin/ceph: stderr
2024-04-24T05:49:50.536+0000 7f7bd9600700 1 -- 172.21.15.38:0/4197571346 <== mon.0 v2:172.21.15.38:3300/0 2 ==== config(27 keys) v1 ==== 1101+0+0 (secure 0 0 0) 0x7f7bcc0042e0 con 0x7f7bdc107d00
2024-04-24T05:49:51.432 INFO:teuthology.orchestra.run.smithi038.stdout:/usr/bin/ceph: stderr
2024-04-24T05:49:50.536+0000 7f7bd9600700 1 -- 172.21.15.38:0/4197571346 <== mon.0 v2:172.21.15.38:3300/0 3 ==== mon_map magic: 0 v1 ==== 229+0+0 (secure 0 0 0) 0x7f7bcc011af0 con 0x7f7bdc107d00
2024-04-24T05:49:51.432 INFO:teuthology.orchestra.run.smithi038.stdout:/usr/bin/ceph: stderr
2024-04-24T05:49:50.537+0000 7f7be1800700 1 -- 172.21.15.38:0/4197571346 >> [v2:172.21.15.38:3300/0,v1:172.21.15.38:6789/0] conn(0x7f7bdc107d00 msgr2=0x7f7bdc108110 secure :-1 s=STATE_CONNECTION_ESTABLISHED l=1).mark_down
2024-04-24T05:49:51.433 INFO:teuthology.orchestra.run.smithi038.stdout:/usr/bin/ceph: stderr
2024-04-24T05:49:50.537+0000 7f7be1800700 1 --2- 172.21.15.38:0/4197571346 >> [v2:172.21.15.38:3300/0,v1:172.21.15.38:6789/0] conn(0x7f7bdc107d00 0x7f7bdc108110 secure :-1 s=READY pgs=61 cs=0 l=1 rev1=1 crypto rx=0x7f7bcc0098a0 tx=0x7f7bcc009bb0 comp rx=0 tx=0).stop
2024-04-24T05:49:51.433 INFO:teuthology.orchestra.run.smithi038.stdout:/usr/bin/ceph: stderr
2024-04-24T05:49:50.537+0000 7f7be1800700 1 -- 172.21.15.38:0/4197571346 shutdown_connections
2024-04-24T05:49:51.433 INFO:teuthology.orchestra.run.smithi038.stdout:/usr/bin/ceph: stderr
2024-04-24T05:49:50.537+0000 7f7be1800700 1 --2- 172.21.15.38:0/4197571346 >> [v2:172.21.15.38:3300/0,v1:172.21.15.38:6789/0] conn(0x7f7bdc107d00 0x7f7bdc108110 unknown :-1 s=CLOSED pgs=61 cs=0 l=1 rev1=1 crypto rx=0 tx=0 comp rx=0 tx=0).stop
2024-04-24T05:49:51.433 INFO:teuthology.orchestra.run.smithi038.stdout:/usr/bin/ceph: stderr
2024-04-24T05:49:50.537+0000 7f7be1800700 1 -- 172.21.15.38:0/4197571346 >> 172.21.15.38:0/4197571346 conn(0x7f7bdc07b220 msgr2=0x7f7bdc07b640 unknown :-1 s=STATE_NONE l=0).mark_down
2024-04-24T05:49:51.433 INFO:teuthology.orchestra.run.smithi038.stdout:/usr/bin/ceph: stderr
2024-04-24T05:49:50.537+0000 7f7be1800700 1 -- 172.21.15.38:0/4197571346 shutdown_connections
2024-04-24T05:49:51.433 INFO:teuthology.orchestra.run.smithi038.stdout:/usr/bin/ceph: stderr
2024-04-24T05:49:50.537+0000 7f7be1800700 1 -- 172.21.15.38:0/4197571346 wait complete.
2024-04-24T05:49:51.433 INFO:teuthology.orchestra.run.smithi038.stdout:/usr/bin/ceph: stderr
2024-04-24T05:49:50.538+0000 7f7be1800700 1 Processor -- start
2024-04-24T05:49:51.433 INFO:teuthology.orchestra.run.smithi038.stdout:/usr/bin/ceph: stderr
2024-04-24T05:49:50.538+0000 7f7be1800700 1 -- start start
2024-04-24T05:49:51.433 INFO:teuthology.orchestra.run.smithi038.stdout:/usr/bin/ceph: stderr
2024-04-24T05:49:50.539+0000 7f7be1800700 1 --2- >> [v2:172.21.15.38:3300/0,v1:172.21.15.38:6789/0] conn(0x7f7bdc107d00 0x7f7bdc19bab0 unknown :-1 s=NONE pgs=0 cs=0 l=1 rev1=0 crypto rx=0 tx=0 comp rx=0 tx=0).connect
2024-04-24T05:49:51.433 INFO:teuthology.orchestra.run.smithi038.stdout:/usr/bin/ceph: stderr
2024-04-24T05:49:50.539+0000 7f7be1800700 1 -- --> [v2:172.21.15.38:3300/0,v1:172.21.15.38:6789/0] -- mon_getmap magic: 0 v1 -- 0x7f7bdc19bff0 con 0x7f7bdc107d00
2024-04-24T05:49:51.433 INFO:teuthology.orchestra.run.smithi038.stdout:/usr/bin/ceph: stderr
2024-04-24T05:49:50.539+0000 7f7bdaa00700 1 --2- >> [v2:172.21.15.38:3300/0,v1:172.21.15.38:6789/0] conn(0x7f7bdc107d00 0x7f7bdc19bab0 unknown :-1 s=BANNER_CONNECTING pgs=0 cs=0 l=1 rev1=0 crypto rx=0 tx=0 comp rx=0 tx=0)._handle_peer_banner_payload supported=3 required=0
2024-04-24T05:49:51.433 INFO:teuthology.orchestra.run.smithi038.stdout:/usr/bin/ceph: stderr
2024-04-24T05:49:50.539+0000 7f7bdaa00700 1 --2- >> [v2:172.21.15.38:3300/0,v1:172.21.15.38:6789/0] conn(0x7f7bdc107d00 0x7f7bdc19bab0 unknown :-1 s=HELLO_CONNECTING pgs=0 cs=0 l=1 rev1=1 crypto rx=0 tx=0 comp rx=0 tx=0).handle_hello peer v2:172.21.15.38:3300/0 says I am v2:172.21.15.38:39138/0 (socket says 172.21.15.38:39138)
2024-04-24T05:49:51.433 INFO:teuthology.orchestra.run.smithi038.stdout:/usr/bin/ceph: stderr
2024-04-24T05:49:50.539+0000 7f7bdaa00700 1 -- 172.21.15.38:0/2140803827 learned_addr learned my addr 172.21.15.38:0/2140803827 (peer_addr_for_me v2:172.21.15.38:0/0)
2024-04-24T05:49:51.433 INFO:teuthology.orchestra.run.smithi038.stdout:/usr/bin/ceph: stderr
2024-04-24T05:49:50.539+0000 7f7bdaa00700 1 -- 172.21.15.38:0/2140803827 --> [v2:172.21.15.38:3300/0,v1:172.21.15.38:6789/0] -- mon_subscribe({config=0+,monmap=0+}) v3 -- 0x7f7bcc009550 con 0x7f7bdc107d00
2024-04-24T05:49:51.434 INFO:teuthology.orchestra.run.smithi038.stdout:/usr/bin/ceph: stderr
2024-04-24T05:49:50.540+0000 7f7bdaa00700 1 --2- 172.21.15.38:0/2140803827 >> [v2:172.21.15.38:3300/0,v1:172.21.15.38:6789/0] conn(0x7f7bdc107d00 0x7f7bdc19bab0 secure :-1 s=READY pgs=62 cs=0 l=1 rev1=1 crypto rx=0x7f7bcc011ad0 tx=0x7f7bcc011bb0 comp rx=0 tx=0).ready entity=mon.0 client_cookie=0 server_cookie=0 in_seq=0 out_seq=0
2024-04-24T05:49:51.434 INFO:teuthology.orchestra.run.smithi038.stdout:/usr/bin/ceph: stderr
2024-04-24T05:49:50.540+0000 7f7bd3400700 1 -- 172.21.15.38:0/2140803827 <== mon.0 v2:172.21.15.38:3300/0 1 ==== mon_map magic: 0 v1 ==== 229+0+0 (secure 0 0 0) 0x7f7bcc003ab0 con 0x7f7bdc107d00
2024-04-24T05:49:51.434 INFO:teuthology.orchestra.run.smithi038.stdout:/usr/bin/ceph: stderr
2024-04-24T05:49:50.540+0000 7f7bd3400700 1 -- 172.21.15.38:0/2140803827 <== mon.0 v2:172.21.15.38:3300/0 2 ==== config(27 keys) v1 ==== 1101+0+0 (secure 0 0 0) 0x7f7bcc003c10 con 0x7f7bdc107d00
2024-04-24T05:49:51.434 INFO:teuthology.orchestra.run.smithi038.stdout:/usr/bin/ceph: stderr
2024-04-24T05:49:50.540+0000 7f7bd3400700 1 -- 172.21.15.38:0/2140803827 <== mon.0 v2:172.21.15.38:3300/0 3 ==== mon_map magic: 0 v1 ==== 229+0+0 (secure 0 0 0) 0x7f7bcc0198e0 con 0x7f7bdc107d00
2024-04-24T05:49:51.434 INFO:teuthology.orchestra.run.smithi038.stdout:/usr/bin/ceph: stderr
2024-04-24T05:49:50.540+0000 7f7be1800700 1 -- 172.21.15.38:0/2140803827 --> [v2:172.21.15.38:3300/0,v1:172.21.15.38:6789/0] -- mon_subscribe({mgrmap=0+}) v3 -- 0x7f7bdc19c1f0 con 0x7f7bdc107d00
2024-04-24T05:49:51.434 INFO:teuthology.orchestra.run.smithi038.stdout:/usr/bin/ceph: stderr
2024-04-24T05:49:50.540+0000 7f7be1800700 1 -- 172.21.15.38:0/2140803827 --> [v2:172.21.15.38:3300/0,v1:172.21.15.38:6789/0] -- mon_subscribe({osdmap=0}) v3 -- 0x7f7bdc19c610 con 0x7f7bdc107d00
2024-04-24T05:49:51.434 INFO:teuthology.orchestra.run.smithi038.stdout:/usr/bin/ceph: stderr
2024-04-24T05:49:50.541+0000 7f7be1800700 1 -- 172.21.15.38:0/2140803827 --> [v2:172.21.15.38:3300/0,v1:172.21.15.38:6789/0] -- mon_command({"prefix": "get_command_descriptions"} v 0) v1 -- 0x7f7bdc062380 con 0x7f7bdc107d00
2024-04-24T05:49:51.434 INFO:teuthology.orchestra.run.smithi038.stdout:/usr/bin/ceph: stderr
2024-04-24T05:49:50.541+0000 7f7bd3400700 1 -- 172.21.15.38:0/2140803827 <== mon.0 v2:172.21.15.38:3300/0 4 ==== mgrmap(e 8) v1 ==== 45084+0+0 (secure 0 0 0) 0x7f7bcc019b50 con 0x7f7bdc107d00
2024-04-24T05:49:51.434 INFO:teuthology.orchestra.run.smithi038.stdout:/usr/bin/ceph: stderr
2024-04-24T05:49:50.542+0000 7f7bd3400700 1 --2- 172.21.15.38:0/2140803827 >> [v2:172.21.15.38:6800/361983707,v1:172.21.15.38:6801/361983707] conn(0x7f7bc0038440 0x7f7bc003a8f0 unknown :-1 s=NONE pgs=0 cs=0 l=1 rev1=0 crypto rx=0 tx=0 comp rx=0 tx=0).connect
2024-04-24T05:49:51.434 INFO:teuthology.orchestra.run.smithi038.stdout:/usr/bin/ceph: stderr
2024-04-24T05:49:50.542+0000 7f7bd3400700 1 -- 172.21.15.38:0/2140803827 <== mon.0 v2:172.21.15.38:3300/0 5 ==== osd_map(2..2 src has 1..2) v4 ==== 940+0+0 (secure 0 0 0) 0x7f7bcc04c210 con 0x7f7bdc107d00
2024-04-24T05:49:51.434 INFO:teuthology.orchestra.run.smithi038.stdout:/usr/bin/ceph: stderr
2024-04-24T05:49:50.542+0000 7f7bda000700 1 --2- 172.21.15.38:0/2140803827 >> [v2:172.21.15.38:6800/361983707,v1:172.21.15.38:6801/361983707] conn(0x7f7bc0038440 0x7f7bc003a8f0 unknown :-1 s=BANNER_CONNECTING pgs=0 cs=0 l=1 rev1=0 crypto rx=0 tx=0 comp rx=0 tx=0)._handle_peer_banner_payload supported=3 required=0
2024-04-24T05:49:51.434 INFO:teuthology.orchestra.run.smithi038.stdout:/usr/bin/ceph: stderr
2024-04-24T05:49:50.543+0000 7f7bda000700 1 --2- 172.21.15.38:0/2140803827 >> [v2:172.21.15.38:6800/361983707,v1:172.21.15.38:6801/361983707] conn(0x7f7bc0038440 0x7f7bc003a8f0 secure :-1 s=READY pgs=19 cs=0 l=1 rev1=1 crypto rx=0x7f7bc8006fd0 tx=0x7f7bc8006e40 comp rx=0 tx=0).ready entity=mgr.14120 client_cookie=0 server_cookie=0 in_seq=0 out_seq=0
2024-04-24T05:49:51.434 INFO:teuthology.orchestra.run.smithi038.stdout:/usr/bin/ceph: stderr
2024-04-24T05:49:50.547+0000 7f7bd3400700 1 -- 172.21.15.38:0/2140803827 <== mon.0 v2:172.21.15.38:3300/0 6 ==== mon_command_ack([{"prefix": "get_command_descriptions"}]=0 v0) v1 ==== 72+0+177933 (secure 0 0 0) 0x7f7bcc01a430 con 0x7f7bdc107d00
2024-04-24T05:49:51.435 INFO:teuthology.orchestra.run.smithi038.stdout:/usr/bin/ceph: stderr
2024-04-24T05:49:50.780+0000 7f7be1800700 1 -- 172.21.15.38:0/2140803827 --> [v2:172.21.15.38:6800/361983707,v1:172.21.15.38:6801/361983707] -- mgr_command(tid 0: {"prefix": "orch apply", "service_type": "alertmanager", "target": ["mon-mgr", ""]}) v1 -- 0x7f7bdc106c50 con 0x7f7bc0038440
2024-04-24T05:49:51.435 INFO:teuthology.orchestra.run.smithi038.stdout:/usr/bin/ceph: stderr
2024-04-24T05:49:50.788+0000 7f7bd3400700 1 -- 172.21.15.38:0/2140803827 <== mgr.14120 v2:172.21.15.38:6800/361983707 1 ==== mgr_command_reply(tid 0: 0 ) v1 ==== 8+0+33 (secure 0 0 0) 0x7f7bdc106c50 con 0x7f7bc0038440
2024-04-24T05:49:51.435 INFO:teuthology.orchestra.run.smithi038.stdout:/usr/bin/ceph: stderr
2024-04-24T05:49:50.791+0000 7f7be1800700 1 -- 172.21.15.38:0/2140803827 >> [v2:172.21.15.38:6800/361983707,v1:172.21.15.38:6801/361983707] conn(0x7f7bc0038440 msgr2=0x7f7bc003a8f0 secure :-1 s=STATE_CONNECTION_ESTABLISHED l=1).mark_down
2024-04-24T05:49:51.435 INFO:teuthology.orchestra.run.smithi038.stdout:/usr/bin/ceph: stderr
2024-04-24T05:49:50.792+0000 7f7be1800700 1 --2- 172.21.15.38:0/2140803827 >> [v2:172.21.15.38:6800/361983707,v1:172.21.15.38:6801/361983707] conn(0x7f7bc0038440 0x7f7bc003a8f0 secure :-1 s=READY pgs=19 cs=0 l=1 rev1=1 crypto rx=0x7f7bc8006fd0 tx=0x7f7bc8006e40 comp rx=0 tx=0).stop
2024-04-24T05:49:51.435 INFO:teuthology.orchestra.run.smithi038.stdout:/usr/bin/ceph: stderr
2024-04-24T05:49:50.792+0000 7f7be1800700 1 -- 172.21.15.38:0/2140803827 >> [v2:172.21.15.38:3300/0,v1:172.21.15.38:6789/0] conn(0x7f7bdc107d00 msgr2=0x7f7bdc19bab0 secure :-1 s=STATE_CONNECTION_ESTABLISHED l=1).mark_down
2024-04-24T05:49:51.435 INFO:teuthology.orchestra.run.smithi038.stdout:/usr/bin/ceph: stderr
2024-04-24T05:49:50.792+0000 7f7be1800700 1 --2- 172.21.15.38:0/2140803827 >> [v2:172.21.15.38:3300/0,v1:172.21.15.38:6789/0] conn(0x7f7bdc107d00 0x7f7bdc19bab0 secure :-1 s=READY pgs=62 cs=0 l=1 rev1=1 crypto rx=0x7f7bcc011ad0 tx=0x7f7bcc011bb0 comp rx=0 tx=0).stop
2024-04-24T05:49:51.435 INFO:teuthology.orchestra.run.smithi038.stdout:/usr/bin/ceph: stderr
2024-04-24T05:49:50.792+0000 7f7be1800700 1 -- 172.21.15.38:0/2140803827 shutdown_connections
2024-04-24T05:49:51.435 INFO:teuthology.orchestra.run.smithi038.stdout:/usr/bin/ceph: stderr
2024-04-24T05:49:50.792+0000 7f7be1800700 1 --2- 172.21.15.38:0/2140803827 >> [v2:172.21.15.38:6800/361983707,v1:172.21.15.38:6801/361983707] conn(0x7f7bc0038440 0x7f7bc003a8f0 unknown :-1 s=CLOSED pgs=19 cs=0 l=1 rev1=1 crypto rx=0 tx=0 comp rx=0 tx=0).stop
2024-04-24T05:49:51.435 INFO:teuthology.orchestra.run.smithi038.stdout:/usr/bin/ceph: stderr
2024-04-24T05:49:50.792+0000 7f7be1800700 1 --2- 172.21.15.38:0/2140803827 >> [v2:172.21.15.38:3300/0,v1:172.21.15.38:6789/0] conn(0x7f7bdc107d00 0x7f7bdc19bab0 unknown :-1 s=CLOSED pgs=62 cs=0 l=1 rev1=1 crypto rx=0 tx=0 comp rx=0 tx=0).stop
2024-04-24T05:49:51.435 INFO:teuthology.orchestra.run.smithi038.stdout:/usr/bin/ceph: stderr
2024-04-24T05:49:50.792+0000 7f7be1800700 1 -- 172.21.15.38:0/2140803827 >> 172.21.15.38:0/2140803827 conn(0x7f7bdc07b220 msgr2=0x7f7bdc105ff0 unknown :-1 s=STATE_NONE l=0).mark_down
2024-04-24T05:49:51.435 INFO:teuthology.orchestra.run.smithi038.stdout:/usr/bin/ceph: stderr
2024-04-24T05:49:50.792+0000 7f7be1800700 1 -- 172.21.15.38:0/2140803827 shutdown_connections
2024-04-24T05:49:51.435 INFO:teuthology.orchestra.run.smithi038.stdout:/usr/bin/ceph: stderr
2024-04-24T05:49:50.792+0000 7f7be1800700 1 -- 172.21.15.38:0/2140803827 wait complete.
2024-04-24T05:49:52.022 INFO:journalctl@ceph.mon.smithi038.smithi038.stdout:Apr 24 05:49:51 smithi038 ceph-mon[25276]: from='client.14156 -' entity='client.admin' cmd=[{"prefix": "orch apply", "service_type": "alertmanager", "target": ["mon-mgr", ""]}]: dispatch
2024-04-24T05:49:52.022 INFO:journalctl@ceph.mon.smithi038.smithi038.stdout:Apr 24 05:49:51 smithi038 ceph-mon[25276]: Saving service alertmanager spec with placement count:1
2024-04-24T05:49:52.022 INFO:journalctl@ceph.mon.smithi038.smithi038.stdout:Apr 24 05:49:51 smithi038 ceph-mon[25276]: pgmap v7: 0 pgs: ; 0 B data, 0 B used, 0 B / 0 B avail
2024-04-24T05:49:53.000 INFO:teuthology.orchestra.run.smithi038.stdout:/usr/bin/ceph: stderr
2024-04-24T05:49:52.020+0000 7f7d41800700 1 Processor -- start
2024-04-24T05:49:53.001 INFO:teuthology.orchestra.run.smithi038.stdout:/usr/bin/ceph: stderr
2024-04-24T05:49:52.020+0000 7f7d41800700 1 -- start start
2024-04-24T05:49:53.001 INFO:teuthology.orchestra.run.smithi038.stdout:/usr/bin/ceph: stderr
2024-04-24T05:49:52.020+0000 7f7d41800700 1 --2- >> [v2:172.21.15.38:3300/0,v1:172.21.15.38:6789/0] conn(0x7f7d3c107d10 0x7f7d3c108120 unknown :-1 s=NONE pgs=0 cs=0 l=0 rev1=0 crypto rx=0 tx=0 comp rx=0 tx=0).connect
2024-04-24T05:49:53.001 INFO:teuthology.orchestra.run.smithi038.stdout:/usr/bin/ceph: stderr
2024-04-24T05:49:52.020+0000 7f7d41800700 1 -- --> [v2:172.21.15.38:3300/0,v1:172.21.15.38:6789/0] -- mon_getmap magic: 0 v1 -- 0x7f7d3c108660 con 0x7f7d3c107d10
2024-04-24T05:49:53.002 INFO:teuthology.orchestra.run.smithi038.stdout:/usr/bin/ceph: stderr
2024-04-24T05:49:52.021+0000 7f7d3aa00700 1 --2- >> [v2:172.21.15.38:3300/0,v1:172.21.15.38:6789/0] conn(0x7f7d3c107d10 0x7f7d3c108120 unknown :-1 s=BANNER_CONNECTING pgs=0 cs=0 l=0 rev1=0 crypto rx=0 tx=0 comp rx=0 tx=0)._handle_peer_banner_payload supported=3 required=0
2024-04-24T05:49:53.002 INFO:teuthology.orchestra.run.smithi038.stdout:/usr/bin/ceph: stderr
2024-04-24T05:49:52.021+0000 7f7d3aa00700 1 --2- >> [v2:172.21.15.38:3300/0,v1:172.21.15.38:6789/0] conn(0x7f7d3c107d10 0x7f7d3c108120 unknown :-1 s=HELLO_CONNECTING pgs=0 cs=0 l=0 rev1=1 crypto rx=0 tx=0 comp rx=0 tx=0).handle_hello peer v2:172.21.15.38:3300/0 says I am v2:172.21.15.38:39144/0 (socket says 172.21.15.38:39144)
2024-04-24T05:49:53.002 INFO:teuthology.orchestra.run.smithi038.stdout:/usr/bin/ceph: stderr
2024-04-24T05:49:52.021+0000 7f7d3aa00700 1 -- 172.21.15.38:0/3967085310 learned_addr learned my addr 172.21.15.38:0/3967085310 (peer_addr_for_me v2:172.21.15.38:0/0)
2024-04-24T05:49:53.002 INFO:teuthology.orchestra.run.smithi038.stdout:/usr/bin/ceph: stderr
2024-04-24T05:49:52.021+0000 7f7d3aa00700 1 -- 172.21.15.38:0/3967085310 --> [v2:172.21.15.38:3300/0,v1:172.21.15.38:6789/0] -- mon_subscribe({config=0+,monmap=0+}) v3 -- 0x7f7d3c1087a0 con 0x7f7d3c107d10
2024-04-24T05:49:53.002 INFO:teuthology.orchestra.run.smithi038.stdout:/usr/bin/ceph: stderr
2024-04-24T05:49:52.022+0000 7f7d3aa00700 1 --2- 172.21.15.38:0/3967085310 >> [v2:172.21.15.38:3300/0,v1:172.21.15.38:6789/0] conn(0x7f7d3c107d10 0x7f7d3c108120 secure :-1 s=READY pgs=63 cs=0 l=1 rev1=1 crypto rx=0x7f7d2c009e80 tx=0x7f7d2c00b330 comp rx=0 tx=0).ready entity=mon.0 client_cookie=7bc9508f4c6c7f33 server_cookie=0 in_seq=0 out_seq=0
2024-04-24T05:49:53.002 INFO:teuthology.orchestra.run.smithi038.stdout:/usr/bin/ceph: stderr
2024-04-24T05:49:52.022+0000 7f7d3a000700 1 -- 172.21.15.38:0/3967085310 <== mon.0 v2:172.21.15.38:3300/0 1 ==== mon_map magic: 0 v1 ==== 229+0+0 (secure 0 0 0) 0x7f7d2c00e070 con 0x7f7d3c107d10
2024-04-24T05:49:53.005 INFO:teuthology.orchestra.run.smithi038.stdout:/usr/bin/ceph: stderr
2024-04-24T05:49:52.022+0000 7f7d3a000700 1 -- 172.21.15.38:0/3967085310 <== mon.0 v2:172.21.15.38:3300/0 2 ==== config(27 keys) v1 ==== 1101+0+0 (secure 0 0 0) 0x7f7d2c00b8c0 con 0x7f7d3c107d10
2024-04-24T05:49:53.006 INFO:teuthology.orchestra.run.smithi038.stdout:/usr/bin/ceph: stderr
2024-04-24T05:49:52.022+0000 7f7d3a000700 1 -- 172.21.15.38:0/3967085310 <== mon.0 v2:172.21.15.38:3300/0 3 ==== mon_map magic: 0 v1 ==== 229+0+0 (secure 0 0 0) 0x7f7d2c0044d0 con 0x7f7d3c107d10
2024-04-24T05:49:53.006 INFO:teuthology.orchestra.run.smithi038.stdout:/usr/bin/ceph: stderr
2024-04-24T05:49:52.023+0000 7f7d41800700 1 -- 172.21.15.38:0/3967085310 >> [v2:172.21.15.38:3300/0,v1:172.21.15.38:6789/0] conn(0x7f7d3c107d10 msgr2=0x7f7d3c108120 secure :-1 s=STATE_CONNECTION_ESTABLISHED l=1).mark_down
2024-04-24T05:49:53.006 INFO:teuthology.orchestra.run.smithi038.stdout:/usr/bin/ceph: stderr
2024-04-24T05:49:52.023+0000 7f7d41800700 1 --2- 172.21.15.38:0/3967085310 >> [v2:172.21.15.38:3300/0,v1:172.21.15.38:6789/0] conn(0x7f7d3c107d10 0x7f7d3c108120 secure :-1 s=READY pgs=63 cs=0 l=1 rev1=1 crypto rx=0x7f7d2c009e80 tx=0x7f7d2c00b330 comp rx=0 tx=0).stop
2024-04-24T05:49:53.006 INFO:teuthology.orchestra.run.smithi038.stdout:/usr/bin/ceph: stderr
2024-04-24T05:49:52.023+0000 7f7d41800700 1 -- 172.21.15.38:0/3967085310 shutdown_connections
2024-04-24T05:49:53.006 INFO:teuthology.orchestra.run.smithi038.stdout:/usr/bin/ceph: stderr
2024-04-24T05:49:52.023+0000 7f7d41800700 1 --2- 172.21.15.38:0/3967085310 >> [v2:172.21.15.38:3300/0,v1:172.21.15.38:6789/0] conn(0x7f7d3c107d10 0x7f7d3c108120 unknown :-1 s=CLOSED pgs=63 cs=0 l=1 rev1=1 crypto rx=0 tx=0 comp rx=0 tx=0).stop
2024-04-24T05:49:53.006 INFO:teuthology.orchestra.run.smithi038.stdout:/usr/bin/ceph: stderr
2024-04-24T05:49:52.023+0000 7f7d41800700 1 -- 172.21.15.38:0/3967085310 >> 172.21.15.38:0/3967085310 conn(0x7f7d3c103570 msgr2=0x7f7d3c105950 unknown :-1 s=STATE_NONE l=0).mark_down
2024-04-24T05:49:53.006 INFO:teuthology.orchestra.run.smithi038.stdout:/usr/bin/ceph: stderr
2024-04-24T05:49:52.023+0000 7f7d41800700 1 -- 172.21.15.38:0/3967085310 shutdown_connections
2024-04-24T05:49:53.006 INFO:teuthology.orchestra.run.smithi038.stdout:/usr/bin/ceph: stderr
2024-04-24T05:49:52.023+0000 7f7d41800700 1 -- 172.21.15.38:0/3967085310 wait complete.
2024-04-24T05:49:53.006 INFO:teuthology.orchestra.run.smithi038.stdout:/usr/bin/ceph: stderr
2024-04-24T05:49:52.024+0000 7f7d41800700 1 Processor -- start
2024-04-24T05:49:53.006 INFO:teuthology.orchestra.run.smithi038.stdout:/usr/bin/ceph: stderr
2024-04-24T05:49:52.024+0000 7f7d41800700 1 -- start start
2024-04-24T05:49:53.006 INFO:teuthology.orchestra.run.smithi038.stdout:/usr/bin/ceph: stderr
2024-04-24T05:49:52.025+0000 7f7d41800700 1 --2- >> [v2:172.21.15.38:3300/0,v1:172.21.15.38:6789/0] conn(0x7f7d3c107d10 0x7f7d3c19ba40 unknown :-1 s=NONE pgs=0 cs=0 l=1 rev1=0 crypto rx=0 tx=0 comp rx=0 tx=0).connect
2024-04-24T05:49:53.006 INFO:teuthology.orchestra.run.smithi038.stdout:/usr/bin/ceph: stderr
2024-04-24T05:49:52.025+0000 7f7d41800700 1 -- --> [v2:172.21.15.38:3300/0,v1:172.21.15.38:6789/0] -- mon_getmap magic: 0 v1 -- 0x7f7d3c19bf80 con 0x7f7d3c107d10
2024-04-24T05:49:53.007 INFO:teuthology.orchestra.run.smithi038.stdout:/usr/bin/ceph: stderr
2024-04-24T05:49:52.025+0000 7f7d3aa00700 1 --2- >> [v2:172.21.15.38:3300/0,v1:172.21.15.38:6789/0] conn(0x7f7d3c107d10 0x7f7d3c19ba40 unknown :-1 s=BANNER_CONNECTING pgs=0 cs=0 l=1 rev1=0 crypto rx=0 tx=0 comp rx=0 tx=0)._handle_peer_banner_payload supported=3 required=0
2024-04-24T05:49:53.007 INFO:teuthology.orchestra.run.smithi038.stdout:/usr/bin/ceph: stderr
2024-04-24T05:49:52.025+0000 7f7d3aa00700 1 --2- >> [v2:172.21.15.38:3300/0,v1:172.21.15.38:6789/0] conn(0x7f7d3c107d10 0x7f7d3c19ba40 unknown :-1 s=HELLO_CONNECTING pgs=0 cs=0 l=1 rev1=1 crypto rx=0 tx=0 comp rx=0 tx=0).handle_hello peer v2:172.21.15.38:3300/0 says I am v2:172.21.15.38:39148/0 (socket says 172.21.15.38:39148)
2024-04-24T05:49:53.007 INFO:teuthology.orchestra.run.smithi038.stdout:/usr/bin/ceph: stderr
2024-04-24T05:49:52.025+0000 7f7d3aa00700 1 -- 172.21.15.38:0/3898352799 learned_addr learned my addr 172.21.15.38:0/3898352799 (peer_addr_for_me v2:172.21.15.38:0/0)
2024-04-24T05:49:53.007 INFO:teuthology.orchestra.run.smithi038.stdout:/usr/bin/ceph: stderr
2024-04-24T05:49:52.025+0000 7f7d3aa00700 1 -- 172.21.15.38:0/3898352799 --> [v2:172.21.15.38:3300/0,v1:172.21.15.38:6789/0] -- mon_subscribe({config=0+,monmap=0+}) v3 -- 0x7f7d2c009b30 con 0x7f7d3c107d10
2024-04-24T05:49:53.007 INFO:teuthology.orchestra.run.smithi038.stdout:/usr/bin/ceph: stderr
2024-04-24T05:49:52.026+0000 7f7d3aa00700 1 --2- 172.21.15.38:0/3898352799 >> [v2:172.21.15.38:3300/0,v1:172.21.15.38:6789/0] conn(0x7f7d3c107d10 0x7f7d3c19ba40 secure :-1 s=READY pgs=64 cs=0 l=1 rev1=1 crypto rx=0x7f7d2c004070 tx=0x7f7d2c0049f0 comp rx=0 tx=0).ready entity=mon.0 client_cookie=0 server_cookie=0 in_seq=0 out_seq=0
2024-04-24T05:49:53.007 INFO:teuthology.orchestra.run.smithi038.stdout:/usr/bin/ceph: stderr
2024-04-24T05:49:52.026+0000 7f7d33e00700 1 -- 172.21.15.38:0/3898352799 <== mon.0 v2:172.21.15.38:3300/0 1 ==== mon_map magic: 0 v1 ==== 229+0+0 (secure 0 0 0) 0x7f7d2c00e040 con 0x7f7d3c107d10
2024-04-24T05:49:53.007 INFO:teuthology.orchestra.run.smithi038.stdout:/usr/bin/ceph: stderr
2024-04-24T05:49:52.026+0000 7f7d33e00700 1 -- 172.21.15.38:0/3898352799 <== mon.0 v2:172.21.15.38:3300/0 2 ==== config(27 keys) v1 ==== 1101+0+0 (secure 0 0 0) 0x7f7d2c00be00 con 0x7f7d3c107d10
2024-04-24T05:49:53.007 INFO:teuthology.orchestra.run.smithi038.stdout:/usr/bin/ceph: stderr
2024-04-24T05:49:52.026+0000 7f7d33e00700 1 -- 172.21.15.38:0/3898352799 <== mon.0 v2:172.21.15.38:3300/0 3 ==== mon_map magic: 0 v1 ==== 229+0+0 (secure 0 0 0) 0x7f7d2c012770 con 0x7f7d3c107d10
2024-04-24T05:49:53.007 INFO:teuthology.orchestra.run.smithi038.stdout:/usr/bin/ceph: stderr
2024-04-24T05:49:52.026+0000 7f7d41800700 1 -- 172.21.15.38:0/3898352799 --> [v2:172.21.15.38:3300/0,v1:172.21.15.38:6789/0] -- mon_subscribe({mgrmap=0+}) v3 -- 0x7f7d3c19c180 con 0x7f7d3c107d10
2024-04-24T05:49:53.007 INFO:teuthology.orchestra.run.smithi038.stdout:/usr/bin/ceph: stderr
2024-04-24T05:49:52.026+0000 7f7d41800700 1 -- 172.21.15.38:0/3898352799 --> [v2:172.21.15.38:3300/0,v1:172.21.15.38:6789/0] -- mon_subscribe({osdmap=0}) v3 -- 0x7f7d3c19c600 con 0x7f7d3c107d10
2024-04-24T05:49:53.007 INFO:teuthology.orchestra.run.smithi038.stdout:/usr/bin/ceph: stderr
2024-04-24T05:49:52.027+0000 7f7d41800700 1 -- 172.21.15.38:0/3898352799 --> [v2:172.21.15.38:3300/0,v1:172.21.15.38:6789/0] -- mon_command({"prefix": "get_command_descriptions"} v 0) v1 -- 0x7f7d3c062380 con 0x7f7d3c107d10
2024-04-24T05:49:53.007 INFO:teuthology.orchestra.run.smithi038.stdout:/usr/bin/ceph: stderr
2024-04-24T05:49:52.028+0000 7f7d33e00700 1 -- 172.21.15.38:0/3898352799 <== mon.0 v2:172.21.15.38:3300/0 4 ==== mgrmap(e 8) v1 ==== 45084+0+0 (secure 0 0 0) 0x7f7d2c019040 con 0x7f7d3c107d10
2024-04-24T05:49:53.007 INFO:teuthology.orchestra.run.smithi038.stdout:/usr/bin/ceph: stderr
2024-04-24T05:49:52.028+0000 7f7d33e00700 1 --2- 172.21.15.38:0/3898352799 >> [v2:172.21.15.38:6800/361983707,v1:172.21.15.38:6801/361983707] conn(0x7f7d200383f0 0x7f7d2003a8a0 unknown :-1 s=NONE pgs=0 cs=0 l=1 rev1=0 crypto rx=0 tx=0 comp rx=0 tx=0).connect
2024-04-24T05:49:53.007 INFO:teuthology.orchestra.run.smithi038.stdout:/usr/bin/ceph: stderr
2024-04-24T05:49:52.028+0000 7f7d33e00700 1 -- 172.21.15.38:0/3898352799 <== mon.0 v2:172.21.15.38:3300/0 5 ==== osd_map(2..2 src has 1..2) v4 ==== 940+0+0 (secure 0 0 0) 0x7f7d2c04be90 con 0x7f7d3c107d10
2024-04-24T05:49:53.008 INFO:teuthology.orchestra.run.smithi038.stdout:/usr/bin/ceph: stderr
2024-04-24T05:49:52.028+0000 7f7d32000700 1 --2- 172.21.15.38:0/3898352799 >> [v2:172.21.15.38:6800/361983707,v1:172.21.15.38:6801/361983707] conn(0x7f7d200383f0 0x7f7d2003a8a0 unknown :-1 s=BANNER_CONNECTING pgs=0 cs=0 l=1 rev1=0 crypto rx=0 tx=0 comp rx=0 tx=0)._handle_peer_banner_payload supported=3 required=0
2024-04-24T05:49:53.008 INFO:teuthology.orchestra.run.smithi038.stdout:/usr/bin/ceph: stderr
2024-04-24T05:49:52.029+0000 7f7d32000700 1 --2- 172.21.15.38:0/3898352799 >> [v2:172.21.15.38:6800/361983707,v1:172.21.15.38:6801/361983707] conn(0x7f7d200383f0 0x7f7d2003a8a0 secure :-1 s=READY pgs=20 cs=0 l=1 rev1=1 crypto rx=0x7f7d24006fd0 tx=0x7f7d24006e40 comp rx=0 tx=0).ready entity=mgr.14120 client_cookie=0 server_cookie=0 in_seq=0 out_seq=0
2024-04-24T05:49:53.008 INFO:teuthology.orchestra.run.smithi038.stdout:/usr/bin/ceph: stderr
2024-04-24T05:49:52.034+0000 7f7d33e00700 1 -- 172.21.15.38:0/3898352799 <== mon.0 v2:172.21.15.38:3300/0 6 ==== mon_command_ack([{"prefix": "get_command_descriptions"}]=0 v0) v1 ==== 72+0+177933 (secure 0 0 0) 0x7f7d2c0129e0 con 0x7f7d3c107d10
2024-04-24T05:49:53.008 INFO:teuthology.orchestra.run.smithi038.stdout:/usr/bin/ceph: stderr
2024-04-24T05:49:52.255+0000 7f7d41800700 1 -- 172.21.15.38:0/3898352799 --> [v2:172.21.15.38:3300/0,v1:172.21.15.38:6789/0] -- mon_command([{prefix=config set, name=mgr/cephadm/container_init}] v 0) v1 -- 0x7f7d3c109bc0 con 0x7f7d3c107d10
2024-04-24T05:49:53.008 INFO:teuthology.orchestra.run.smithi038.stdout:/usr/bin/ceph: stderr
2024-04-24T05:49:52.263+0000 7f7d33e00700 1 -- 172.21.15.38:0/3898352799 <== mon.0 v2:172.21.15.38:3300/0 7 ==== mon_command_ack([{prefix=config set, name=mgr/cephadm/container_init}]=0 v7)=0 v7) v1 ==== 142+0+0 (secure 0 0 0) 0x7f7d2c01f0d0 con 0x7f7d3c107d10
2024-04-24T05:49:53.008 INFO:teuthology.orchestra.run.smithi038.stdout:/usr/bin/ceph: stderr
2024-04-24T05:49:52.265+0000 7f7d41800700 1 -- 172.21.15.38:0/3898352799 >> [v2:172.21.15.38:6800/361983707,v1:172.21.15.38:6801/361983707] conn(0x7f7d200383f0 msgr2=0x7f7d2003a8a0 secure :-1 s=STATE_CONNECTION_ESTABLISHED l=1).mark_down
2024-04-24T05:49:53.008 INFO:teuthology.orchestra.run.smithi038.stdout:/usr/bin/ceph: stderr
2024-04-24T05:49:52.265+0000 7f7d41800700 1 --2- 172.21.15.38:0/3898352799 >> [v2:172.21.15.38:6800/361983707,v1:172.21.15.38:6801/361983707] conn(0x7f7d200383f0 0x7f7d2003a8a0 secure :-1 s=READY pgs=20 cs=0 l=1 rev1=1 crypto rx=0x7f7d24006fd0 tx=0x7f7d24006e40 comp rx=0 tx=0).stop
2024-04-24T05:49:53.009 INFO:teuthology.orchestra.run.smithi038.stdout:/usr/bin/ceph: stderr
2024-04-24T05:49:52.265+0000 7f7d41800700 1 -- 172.21.15.38:0/3898352799 >> [v2:172.21.15.38:3300/0,v1:172.21.15.38:6789/0] conn(0x7f7d3c107d10 msgr2=0x7f7d3c19ba40 secure :-1 s=STATE_CONNECTION_ESTABLISHED l=1).mark_down
2024-04-24T05:49:53.009 INFO:teuthology.orchestra.run.smithi038.stdout:/usr/bin/ceph: stderr
2024-04-24T05:49:52.265+0000 7f7d41800700 1 --2- 172.21.15.38:0/3898352799 >> [v2:172.21.15.38:3300/0,v1:172.21.15.38:6789/0] conn(0x7f7d3c107d10 0x7f7d3c19ba40 secure :-1 s=READY pgs=64 cs=0 l=1 rev1=1 crypto rx=0x7f7d2c004070 tx=0x7f7d2c0049f0 comp rx=0 tx=0).stop
2024-04-24T05:49:53.009 INFO:teuthology.orchestra.run.smithi038.stdout:/usr/bin/ceph: stderr
2024-04-24T05:49:52.266+0000 7f7d41800700 1 -- 172.21.15.38:0/3898352799 shutdown_connections
2024-04-24T05:49:53.009 INFO:teuthology.orchestra.run.smithi038.stdout:/usr/bin/ceph: stderr
2024-04-24T05:49:52.266+0000 7f7d41800700 1 --2- 172.21.15.38:0/3898352799 >> [v2:172.21.15.38:6800/361983707,v1:172.21.15.38:6801/361983707] conn(0x7f7d200383f0 0x7f7d2003a8a0 unknown :-1 s=CLOSED pgs=20 cs=0 l=1 rev1=1 crypto rx=0 tx=0 comp rx=0 tx=0).stop
2024-04-24T05:49:53.009 INFO:teuthology.orchestra.run.smithi038.stdout:/usr/bin/ceph: stderr
2024-04-24T05:49:52.266+0000 7f7d41800700 1 --2- 172.21.15.38:0/3898352799 >> [v2:172.21.15.38:3300/0,v1:172.21.15.38:6789/0] conn(0x7f7d3c107d10 0x7f7d3c19ba40 unknown :-1 s=CLOSED pgs=64 cs=0 l=1 rev1=1 crypto rx=0 tx=0 comp rx=0 tx=0).stop
2024-04-24T05:49:53.009 INFO:teuthology.orchestra.run.smithi038.stdout:/usr/bin/ceph: stderr
2024-04-24T05:49:52.266+0000 7f7d41800700 1 -- 172.21.15.38:0/3898352799 >> 172.21.15.38:0/3898352799 conn(0x7f7d3c103570 msgr2=0x7f7d3c1052d0 unknown :-1 s=STATE_NONE l=0).mark_down
2024-04-24T05:49:53.009 INFO:teuthology.orchestra.run.smithi038.stdout:/usr/bin/ceph: stderr
2024-04-24T05:49:52.266+0000 7f7d41800700 1 -- 172.21.15.38:0/3898352799 shutdown_connections
2024-04-24T05:49:53.009 INFO:teuthology.orchestra.run.smithi038.stdout:/usr/bin/ceph: stderr
2024-04-24T05:49:52.266+0000 7f7d41800700 1 -- 172.21.15.38:0/3898352799 wait complete.
2024-04-24T05:49:53.524 INFO:journalctl@ceph.mon.smithi038.smithi038.stdout:Apr 24 05:49:53 smithi038 ceph-mon[25276]: from='client.? 172.21.15.38:0/3898352799' entity='client.admin'
2024-04-24T05:49:53.525 INFO:journalctl@ceph.mon.smithi038.smithi038.stdout:Apr 24 05:49:53 smithi038 ceph-mon[25276]: pgmap v8: 0 pgs: ; 0 B data, 0 B used, 0 B / 0 B avail
2024-04-24T05:49:54.536 INFO:teuthology.orchestra.run.smithi038.stdout:/usr/bin/ceph: stderr
2024-04-24T05:49:53.652+0000 7fcfa8c00700 1 Processor -- start
2024-04-24T05:49:54.536 INFO:teuthology.orchestra.run.smithi038.stdout:/usr/bin/ceph: stderr
2024-04-24T05:49:53.652+0000 7fcfa8c00700 1 -- start start
2024-04-24T05:49:54.536 INFO:teuthology.orchestra.run.smithi038.stdout:/usr/bin/ceph: stderr
2024-04-24T05:49:53.653+0000 7fcfa8c00700 1 --2- >> [v2:172.21.15.38:3300/0,v1:172.21.15.38:6789/0] conn(0x7fcfa40802e0 0x7fcfa410ecd0 unknown :-1 s=NONE pgs=0 cs=0 l=0 rev1=0 crypto rx=0 tx=0 comp rx=0 tx=0).connect
2024-04-24T05:49:54.536 INFO:teuthology.orchestra.run.smithi038.stdout:/usr/bin/ceph: stderr
2024-04-24T05:49:53.653+0000 7fcfa8c00700 1 -- --> [v2:172.21.15.38:3300/0,v1:172.21.15.38:6789/0] -- mon_getmap magic: 0 v1 -- 0x7fcfa410f210 con 0x7fcfa40802e0
2024-04-24T05:49:54.536 INFO:teuthology.orchestra.run.smithi038.stdout:/usr/bin/ceph: stderr
2024-04-24T05:49:53.653+0000 7fcfa1e00700 1 --2- >> [v2:172.21.15.38:3300/0,v1:172.21.15.38:6789/0] conn(0x7fcfa40802e0 0x7fcfa410ecd0 unknown :-1 s=BANNER_CONNECTING pgs=0 cs=0 l=0 rev1=0 crypto rx=0 tx=0 comp rx=0 tx=0)._handle_peer_banner_payload supported=3 required=0
2024-04-24T05:49:54.541 INFO:teuthology.orchestra.run.smithi038.stdout:/usr/bin/ceph: stderr
2024-04-24T05:49:53.653+0000 7fcfa1e00700 1 --2- >> [v2:172.21.15.38:3300/0,v1:172.21.15.38:6789/0] conn(0x7fcfa40802e0 0x7fcfa410ecd0 unknown :-1 s=HELLO_CONNECTING pgs=0 cs=0 l=0 rev1=1 crypto rx=0 tx=0 comp rx=0 tx=0).handle_hello peer v2:172.21.15.38:3300/0 says I am v2:172.21.15.38:39152/0 (socket says 172.21.15.38:39152)
2024-04-24T05:49:54.541 INFO:teuthology.orchestra.run.smithi038.stdout:/usr/bin/ceph: stderr
2024-04-24T05:49:53.653+0000 7fcfa1e00700 1 -- 172.21.15.38:0/1861382502 learned_addr learned my addr 172.21.15.38:0/1861382502 (peer_addr_for_me v2:172.21.15.38:0/0)
2024-04-24T05:49:54.541 INFO:teuthology.orchestra.run.smithi038.stdout:/usr/bin/ceph: stderr
2024-04-24T05:49:53.654+0000 7fcfa1e00700 1 -- 172.21.15.38:0/1861382502 --> [v2:172.21.15.38:3300/0,v1:172.21.15.38:6789/0] -- mon_subscribe({config=0+,monmap=0+}) v3 -- 0x7fcfa410f350 con 0x7fcfa40802e0
2024-04-24T05:49:54.541 INFO:teuthology.orchestra.run.smithi038.stdout:/usr/bin/ceph: stderr
2024-04-24T05:49:53.654+0000 7fcfa1e00700 1 --2- 172.21.15.38:0/1861382502 >> [v2:172.21.15.38:3300/0,v1:172.21.15.38:6789/0] conn(0x7fcfa40802e0 0x7fcfa410ecd0 secure :-1 s=READY pgs=65 cs=0 l=1 rev1=1 crypto rx=0x7fcf940098a0 tx=0x7fcf94009bb0 comp rx=0 tx=0).ready entity=mon.0 client_cookie=979f907e7b12e723 server_cookie=0 in_seq=0 out_seq=0
2024-04-24T05:49:54.541 INFO:teuthology.orchestra.run.smithi038.stdout:/usr/bin/ceph: stderr
2024-04-24T05:49:53.655+0000 7fcfa0a00700 1 -- 172.21.15.38:0/1861382502 <== mon.0 v2:172.21.15.38:3300/0 1 ==== mon_map magic: 0 v1 ==== 229+0+0 (secure 0 0 0) 0x7fcf94004180 con 0x7fcfa40802e0
2024-04-24T05:49:54.541 INFO:teuthology.orchestra.run.smithi038.stdout:/usr/bin/ceph: stderr
2024-04-24T05:49:53.655+0000 7fcfa0a00700 1 -- 172.21.15.38:0/1861382502 <== mon.0 v2:172.21.15.38:3300/0 2 ==== config(27 keys) v1 ==== 1101+0+0 (secure 0 0 0) 0x7fcf940042e0 con 0x7fcfa40802e0
2024-04-24T05:49:54.541 INFO:teuthology.orchestra.run.smithi038.stdout:/usr/bin/ceph: stderr
2024-04-24T05:49:53.655+0000 7fcfa0a00700 1 -- 172.21.15.38:0/1861382502 <== mon.0 v2:172.21.15.38:3300/0 3 ==== mon_map magic: 0 v1 ==== 229+0+0 (secure 0 0 0) 0x7fcf94011af0 con 0x7fcfa40802e0
2024-04-24T05:49:54.541 INFO:teuthology.orchestra.run.smithi038.stdout:/usr/bin/ceph: stderr
2024-04-24T05:49:53.655+0000 7fcfa8c00700 1 -- 172.21.15.38:0/1861382502 >> [v2:172.21.15.38:3300/0,v1:172.21.15.38:6789/0] conn(0x7fcfa40802e0 msgr2=0x7fcfa410ecd0 secure :-1 s=STATE_CONNECTION_ESTABLISHED l=1).mark_down
2024-04-24T05:49:54.542 INFO:teuthology.orchestra.run.smithi038.stdout:/usr/bin/ceph: stderr
2024-04-24T05:49:53.655+0000 7fcfa8c00700 1 --2- 172.21.15.38:0/1861382502 >> [v2:172.21.15.38:3300/0,v1:172.21.15.38:6789/0] conn(0x7fcfa40802e0 0x7fcfa410ecd0 secure :-1 s=READY pgs=65 cs=0 l=1 rev1=1 crypto rx=0x7fcf940098a0 tx=0x7fcf94009bb0 comp rx=0 tx=0).stop
2024-04-24T05:49:54.542 INFO:teuthology.orchestra.run.smithi038.stdout:/usr/bin/ceph: stderr
2024-04-24T05:49:53.656+0000 7fcfa8c00700 1 -- 172.21.15.38:0/1861382502 shutdown_connections
2024-04-24T05:49:54.542 INFO:teuthology.orchestra.run.smithi038.stdout:/usr/bin/ceph: stderr
2024-04-24T05:49:53.656+0000 7fcfa8c00700 1 --2- 172.21.15.38:0/1861382502 >> [v2:172.21.15.38:3300/0,v1:172.21.15.38:6789/0] conn(0x7fcfa40802e0 0x7fcfa410ecd0 unknown :-1 s=CLOSED pgs=65 cs=0 l=1 rev1=1 crypto rx=0 tx=0 comp rx=0 tx=0).stop
2024-04-24T05:49:54.542 INFO:teuthology.orchestra.run.smithi038.stdout:/usr/bin/ceph: stderr
2024-04-24T05:49:53.656+0000 7fcfa8c00700 1 -- 172.21.15.38:0/1861382502 >> 172.21.15.38:0/1861382502 conn(0x7fcfa407b220 msgr2=0x7fcfa407d650 unknown :-1 s=STATE_NONE l=0).mark_down
2024-04-24T05:49:54.542 INFO:teuthology.orchestra.run.smithi038.stdout:/usr/bin/ceph: stderr
2024-04-24T05:49:53.656+0000 7fcfa8c00700 1 -- 172.21.15.38:0/1861382502 shutdown_connections
2024-04-24T05:49:54.542 INFO:teuthology.orchestra.run.smithi038.stdout:/usr/bin/ceph: stderr
2024-04-24T05:49:53.656+0000 7fcfa8c00700 1 -- 172.21.15.38:0/1861382502 wait complete.
2024-04-24T05:49:54.542 INFO:teuthology.orchestra.run.smithi038.stdout:/usr/bin/ceph: stderr
2024-04-24T05:49:53.657+0000 7fcfa8c00700 1 Processor -- start
2024-04-24T05:49:54.542 INFO:teuthology.orchestra.run.smithi038.stdout:/usr/bin/ceph: stderr
2024-04-24T05:49:53.657+0000 7fcfa8c00700 1 -- start start
2024-04-24T05:49:54.542 INFO:teuthology.orchestra.run.smithi038.stdout:/usr/bin/ceph: stderr
2024-04-24T05:49:53.657+0000 7fcfa8c00700 1 --2- >> [v2:172.21.15.38:3300/0,v1:172.21.15.38:6789/0] conn(0x7fcfa40802e0 0x7fcfa419fe70 unknown :-1 s=NONE pgs=0 cs=0 l=1 rev1=0 crypto rx=0 tx=0 comp rx=0 tx=0).connect
2024-04-24T05:49:54.542 INFO:teuthology.orchestra.run.smithi038.stdout:/usr/bin/ceph: stderr
2024-04-24T05:49:53.657+0000 7fcfa8c00700 1 -- --> [v2:172.21.15.38:3300/0,v1:172.21.15.38:6789/0] -- mon_getmap magic: 0 v1 -- 0x7fcfa41a03b0 con 0x7fcfa40802e0
2024-04-24T05:49:54.542 INFO:teuthology.orchestra.run.smithi038.stdout:/usr/bin/ceph: stderr
2024-04-24T05:49:53.657+0000 7fcfa1e00700 1 --2- >> [v2:172.21.15.38:3300/0,v1:172.21.15.38:6789/0] conn(0x7fcfa40802e0 0x7fcfa419fe70 unknown :-1 s=BANNER_CONNECTING pgs=0 cs=0 l=1 rev1=0 crypto rx=0 tx=0 comp rx=0 tx=0)._handle_peer_banner_payload supported=3 required=0
2024-04-24T05:49:54.542 INFO:teuthology.orchestra.run.smithi038.stdout:/usr/bin/ceph: stderr
2024-04-24T05:49:53.658+0000 7fcfa1e00700 1 --2- >> [v2:172.21.15.38:3300/0,v1:172.21.15.38:6789/0] conn(0x7fcfa40802e0 0x7fcfa419fe70 unknown :-1 s=HELLO_CONNECTING pgs=0 cs=0 l=1 rev1=1 crypto rx=0 tx=0 comp rx=0 tx=0).handle_hello peer v2:172.21.15.38:3300/0 says I am v2:172.21.15.38:39168/0 (socket says 172.21.15.38:39168)
2024-04-24T05:49:54.542 INFO:teuthology.orchestra.run.smithi038.stdout:/usr/bin/ceph: stderr
2024-04-24T05:49:53.658+0000 7fcfa1e00700 1 -- 172.21.15.38:0/1375885133 learned_addr learned my addr 172.21.15.38:0/1375885133 (peer_addr_for_me v2:172.21.15.38:0/0)
2024-04-24T05:49:54.543 INFO:teuthology.orchestra.run.smithi038.stdout:/usr/bin/ceph: stderr
2024-04-24T05:49:53.658+0000 7fcfa1e00700 1 -- 172.21.15.38:0/1375885133 --> [v2:172.21.15.38:3300/0,v1:172.21.15.38:6789/0] -- mon_subscribe({config=0+,monmap=0+}) v3 -- 0x7fcf94009550 con 0x7fcfa40802e0
2024-04-24T05:49:54.543 INFO:teuthology.orchestra.run.smithi038.stdout:/usr/bin/ceph: stderr
2024-04-24T05:49:53.658+0000 7fcfa1e00700 1 --2- 172.21.15.38:0/1375885133 >> [v2:172.21.15.38:3300/0,v1:172.21.15.38:6789/0] conn(0x7fcfa40802e0 0x7fcfa419fe70 secure :-1 s=READY pgs=66 cs=0 l=1 rev1=1 crypto rx=0x7fcf94000c00 tx=0x7fcf94011b50 comp rx=0 tx=0).ready entity=mon.0 client_cookie=0 server_cookie=0 in_seq=0 out_seq=0
2024-04-24T05:49:54.543 INFO:teuthology.orchestra.run.smithi038.stdout:/usr/bin/ceph: stderr
2024-04-24T05:49:53.658+0000 7fcf9aa00700 1 -- 172.21.15.38:0/1375885133 <== mon.0 v2:172.21.15.38:3300/0 1 ==== mon_map magic: 0 v1 ==== 229+0+0 (secure 0 0 0) 0x7fcf94003a70 con 0x7fcfa40802e0
2024-04-24T05:49:54.543 INFO:teuthology.orchestra.run.smithi038.stdout:/usr/bin/ceph: stderr
2024-04-24T05:49:53.659+0000 7fcf9aa00700 1 -- 172.21.15.38:0/1375885133 <== mon.0 v2:172.21.15.38:3300/0 2 ==== config(27 keys) v1 ==== 1101+0+0 (secure 0 0 0) 0x7fcf94003bd0 con 0x7fcfa40802e0
2024-04-24T05:49:54.543 INFO:teuthology.orchestra.run.smithi038.stdout:/usr/bin/ceph: stderr
2024-04-24T05:49:53.659+0000 7fcf9aa00700 1 -- 172.21.15.38:0/1375885133 <== mon.0 v2:172.21.15.38:3300/0 3 ==== mon_map magic: 0 v1 ==== 229+0+0 (secure 0 0 0) 0x7fcf940238c0 con 0x7fcfa40802e0
2024-04-24T05:49:54.543 INFO:teuthology.orchestra.run.smithi038.stdout:/usr/bin/ceph: stderr
