2024-04-24T06:03:14.407+0000 7fb605000700 1 -- start start
2024-04-24T06:03:16.087 INFO:teuthology.orchestra.run.smithi046.stdout:/usr/bin/ceph: stderr
2024-04-24T06:03:14.407+0000 7fb605000700 1 --2- >> [v2:172.21.15.46:3300/0,v1:172.21.15.46:6789/0] conn(0x7fb60007dd70 0x7fb60007c1d0 unknown :-1 s=NONE pgs=0 cs=0 l=0 rev1=0 crypto rx=0 tx=0 comp rx=0 tx=0).connect
2024-04-24T06:03:16.087 INFO:teuthology.orchestra.run.smithi046.stdout:/usr/bin/ceph: stderr
2024-04-24T06:03:14.407+0000 7fb605000700 1 -- --> [v2:172.21.15.46:3300/0,v1:172.21.15.46:6789/0] -- mon_getmap magic: 0 -- 0x7fb60007c7a0 con 0x7fb60007dd70
2024-04-24T06:03:16.087 INFO:teuthology.orchestra.run.smithi046.stdout:/usr/bin/ceph: stderr
2024-04-24T06:03:14.408+0000 7fb5ff400700 1 --2- >> [v2:172.21.15.46:3300/0,v1:172.21.15.46:6789/0] conn(0x7fb60007dd70 0x7fb60007c1d0 unknown :-1 s=BANNER_CONNECTING pgs=0 cs=0 l=0 rev1=0 crypto rx=0 tx=0 comp rx=0 tx=0)._handle_peer_banner_payload supported=3 required=0
2024-04-24T06:03:16.088 INFO:teuthology.orchestra.run.smithi046.stdout:/usr/bin/ceph: stderr
2024-04-24T06:03:14.408+0000 7fb5ff400700 1 --2- >> [v2:172.21.15.46:3300/0,v1:172.21.15.46:6789/0] conn(0x7fb60007dd70 0x7fb60007c1d0 unknown :-1 s=HELLO_CONNECTING pgs=0 cs=0 l=0 rev1=1 crypto rx=0 tx=0 comp rx=0 tx=0).handle_hello peer v2:172.21.15.46:3300/0 says I am v2:172.21.15.46:42718/0 (socket says 172.21.15.46:42718)
2024-04-24T06:03:16.088 INFO:teuthology.orchestra.run.smithi046.stdout:/usr/bin/ceph: stderr
2024-04-24T06:03:14.408+0000 7fb5ff400700 1 -- 172.21.15.46:0/212180022 learned_addr learned my addr 172.21.15.46:0/212180022 (peer_addr_for_me v2:172.21.15.46:0/0)
2024-04-24T06:03:16.088 INFO:teuthology.orchestra.run.smithi046.stdout:/usr/bin/ceph: stderr
2024-04-24T06:03:14.409+0000 7fb5ff400700 1 -- 172.21.15.46:0/212180022 --> [v2:172.21.15.46:3300/0,v1:172.21.15.46:6789/0] -- mon_subscribe({config=0+,monmap=0+}) -- 0x7fb60007c920 con 0x7fb60007dd70
2024-04-24T06:03:16.088 INFO:teuthology.orchestra.run.smithi046.stdout:/usr/bin/ceph: stderr
2024-04-24T06:03:14.409+0000 7fb5ff400700 1 --2- 172.21.15.46:0/212180022 >> [v2:172.21.15.46:3300/0,v1:172.21.15.46:6789/0] conn(0x7fb60007dd70 0x7fb60007c1d0 secure :-1 s=READY pgs=74 cs=0 l=1 rev1=1 crypto rx=0x7fb5f00098a0 tx=0x7fb5f0009bb0 comp rx=0 tx=0).ready entity=mon.0 client_cookie=50680627f93998a3 server_cookie=0 in_seq=0 out_seq=0
2024-04-24T06:03:16.088 INFO:teuthology.orchestra.run.smithi046.stdout:/usr/bin/ceph: stderr
2024-04-24T06:03:14.409+0000 7fb5fe000700 1 -- 172.21.15.46:0/212180022 <== mon.0 v2:172.21.15.46:3300/0 1 ==== mon_map magic: 0 ==== 205+0+0 (secure 0 0 0) 0x7fb5f0004160 con 0x7fb60007dd70
2024-04-24T06:03:16.088 INFO:teuthology.orchestra.run.smithi046.stdout:/usr/bin/ceph: stderr
2024-04-24T06:03:14.409+0000 7fb5fe000700 1 -- 172.21.15.46:0/212180022 <== mon.0 v2:172.21.15.46:3300/0 2 ==== config(27 keys) ==== 1140+0+0 (secure 0 0 0) 0x7fb5f0004300 con 0x7fb60007dd70
2024-04-24T06:03:16.088 INFO:teuthology.orchestra.run.smithi046.stdout:/usr/bin/ceph: stderr
2024-04-24T06:03:14.409+0000 7fb5fe000700 1 -- 172.21.15.46:0/212180022 <== mon.0 v2:172.21.15.46:3300/0 3 ==== mon_map magic: 0 ==== 205+0+0 (secure 0 0 0) 0x7fb5f0011b20 con 0x7fb60007dd70
2024-04-24T06:03:16.088 INFO:teuthology.orchestra.run.smithi046.stdout:/usr/bin/ceph: stderr
2024-04-24T06:03:14.410+0000 7fb605000700 1 -- 172.21.15.46:0/212180022 >> [v2:172.21.15.46:3300/0,v1:172.21.15.46:6789/0] conn(0x7fb60007dd70 msgr2=0x7fb60007c1d0 secure :-1 s=STATE_CONNECTION_ESTABLISHED l=1).mark_down
2024-04-24T06:03:16.088 INFO:teuthology.orchestra.run.smithi046.stdout:/usr/bin/ceph: stderr
2024-04-24T06:03:14.410+0000 7fb605000700 1 --2- 172.21.15.46:0/212180022 >> [v2:172.21.15.46:3300/0,v1:172.21.15.46:6789/0] conn(0x7fb60007dd70 0x7fb60007c1d0 secure :-1 s=READY pgs=74 cs=0 l=1 rev1=1 crypto rx=0x7fb5f00098a0 tx=0x7fb5f0009bb0 comp rx=0 tx=0).stop
2024-04-24T06:03:16.095 INFO:teuthology.orchestra.run.smithi046.stdout:/usr/bin/ceph: stderr
2024-04-24T06:03:14.410+0000 7fb605000700 1 -- 172.21.15.46:0/212180022 shutdown_connections
2024-04-24T06:03:16.096 INFO:teuthology.orchestra.run.smithi046.stdout:/usr/bin/ceph: stderr
2024-04-24T06:03:14.410+0000 7fb605000700 1 --2- 172.21.15.46:0/212180022 >> [v2:172.21.15.46:3300/0,v1:172.21.15.46:6789/0] conn(0x7fb60007dd70 0x7fb60007c1d0 unknown :-1 s=CLOSED pgs=74 cs=0 l=1 rev1=1 crypto rx=0 tx=0 comp rx=0 tx=0).stop
2024-04-24T06:03:16.096 INFO:teuthology.orchestra.run.smithi046.stdout:/usr/bin/ceph: stderr
2024-04-24T06:03:14.410+0000 7fb605000700 1 -- 172.21.15.46:0/212180022 >> 172.21.15.46:0/212180022 conn(0x7fb600103b50 msgr2=0x7fb600105f70 unknown :-1 s=STATE_NONE l=0).mark_down
2024-04-24T06:03:16.096 INFO:teuthology.orchestra.run.smithi046.stdout:/usr/bin/ceph: stderr
2024-04-24T06:03:14.410+0000 7fb605000700 1 -- 172.21.15.46:0/212180022 shutdown_connections
2024-04-24T06:03:16.096 INFO:teuthology.orchestra.run.smithi046.stdout:/usr/bin/ceph: stderr
2024-04-24T06:03:14.410+0000 7fb605000700 1 -- 172.21.15.46:0/212180022 wait complete.
2024-04-24T06:03:16.096 INFO:teuthology.orchestra.run.smithi046.stdout:/usr/bin/ceph: stderr
2024-04-24T06:03:14.411+0000 7fb605000700 1 Processor -- start
2024-04-24T06:03:16.096 INFO:teuthology.orchestra.run.smithi046.stdout:/usr/bin/ceph: stderr
2024-04-24T06:03:14.411+0000 7fb605000700 1 -- start start
2024-04-24T06:03:16.097 INFO:teuthology.orchestra.run.smithi046.stdout:/usr/bin/ceph: stderr
2024-04-24T06:03:14.412+0000 7fb605000700 1 --2- >> [v2:172.21.15.46:3300/0,v1:172.21.15.46:6789/0] conn(0x7fb60007dd70 0x7fb60019ea40 unknown :-1 s=NONE pgs=0 cs=0 l=1 rev1=0 crypto rx=0 tx=0 comp rx=0 tx=0).connect
2024-04-24T06:03:16.097 INFO:teuthology.orchestra.run.smithi046.stdout:/usr/bin/ceph: stderr
2024-04-24T06:03:14.412+0000 7fb605000700 1 -- --> [v2:172.21.15.46:3300/0,v1:172.21.15.46:6789/0] -- mon_getmap magic: 0 -- 0x7fb60010ebf0 con 0x7fb60007dd70
2024-04-24T06:03:16.097 INFO:teuthology.orchestra.run.smithi046.stdout:/usr/bin/ceph: stderr
2024-04-24T06:03:14.412+0000 7fb5ff400700 1 --2- >> [v2:172.21.15.46:3300/0,v1:172.21.15.46:6789/0] conn(0x7fb60007dd70 0x7fb60019ea40 unknown :-1 s=BANNER_CONNECTING pgs=0 cs=0 l=1 rev1=0 crypto rx=0 tx=0 comp rx=0 tx=0)._handle_peer_banner_payload supported=3 required=0
2024-04-24T06:03:16.097 INFO:teuthology.orchestra.run.smithi046.stdout:/usr/bin/ceph: stderr
2024-04-24T06:03:14.412+0000 7fb5ff400700 1 --2- >> [v2:172.21.15.46:3300/0,v1:172.21.15.46:6789/0] conn(0x7fb60007dd70 0x7fb60019ea40 unknown :-1 s=HELLO_CONNECTING pgs=0 cs=0 l=1 rev1=1 crypto rx=0 tx=0 comp rx=0 tx=0).handle_hello peer v2:172.21.15.46:3300/0 says I am v2:172.21.15.46:42728/0 (socket says 172.21.15.46:42728)
2024-04-24T06:03:16.097 INFO:teuthology.orchestra.run.smithi046.stdout:/usr/bin/ceph: stderr
2024-04-24T06:03:14.412+0000 7fb5ff400700 1 -- 172.21.15.46:0/3483703923 learned_addr learned my addr 172.21.15.46:0/3483703923 (peer_addr_for_me v2:172.21.15.46:0/0)
2024-04-24T06:03:16.097 INFO:teuthology.orchestra.run.smithi046.stdout:/usr/bin/ceph: stderr
2024-04-24T06:03:14.412+0000 7fb5ff400700 1 -- 172.21.15.46:0/3483703923 --> [v2:172.21.15.46:3300/0,v1:172.21.15.46:6789/0] -- mon_subscribe({config=0+,monmap=0+}) -- 0x7fb60019ef80 con 0x7fb60007dd70
2024-04-24T06:03:16.098 INFO:teuthology.orchestra.run.smithi046.stdout:/usr/bin/ceph: stderr
2024-04-24T06:03:14.413+0000 7fb5ff400700 1 --2- 172.21.15.46:0/3483703923 >> [v2:172.21.15.46:3300/0,v1:172.21.15.46:6789/0] conn(0x7fb60007dd70 0x7fb60019ea40 secure :-1 s=READY pgs=75 cs=0 l=1 rev1=1 crypto rx=0x7fb5f0011b60 tx=0x7fb5f0011c40 comp rx=0 tx=0).ready entity=mon.0 client_cookie=0 server_cookie=0 in_seq=0 out_seq=0
2024-04-24T06:03:16.098 INFO:teuthology.orchestra.run.smithi046.stdout:/usr/bin/ceph: stderr
2024-04-24T06:03:14.413+0000 7fb5f7e00700 1 -- 172.21.15.46:0/3483703923 <== mon.0 v2:172.21.15.46:3300/0 1 ==== mon_map magic: 0 ==== 205+0+0 (secure 0 0 0) 0x7fb5f0003b60 con 0x7fb60007dd70
2024-04-24T06:03:16.098 INFO:teuthology.orchestra.run.smithi046.stdout:/usr/bin/ceph: stderr
2024-04-24T06:03:14.413+0000 7fb5f7e00700 1 -- 172.21.15.46:0/3483703923 <== mon.0 v2:172.21.15.46:3300/0 2 ==== config(27 keys) ==== 1140+0+0 (secure 0 0 0) 0x7fb5f001a910 con 0x7fb60007dd70
2024-04-24T06:03:16.098 INFO:teuthology.orchestra.run.smithi046.stdout:/usr/bin/ceph: stderr
2024-04-24T06:03:14.413+0000 7fb605000700 1 -- 172.21.15.46:0/3483703923 --> [v2:172.21.15.46:3300/0,v1:172.21.15.46:6789/0] -- mon_subscribe({mgrmap=0+}) -- 0x7fb60019f210 con 0x7fb60007dd70
2024-04-24T06:03:16.098 INFO:teuthology.orchestra.run.smithi046.stdout:/usr/bin/ceph: stderr
2024-04-24T06:03:14.413+0000 7fb5f7e00700 1 -- 172.21.15.46:0/3483703923 <== mon.0 v2:172.21.15.46:3300/0 3 ==== mon_map magic: 0 ==== 205+0+0 (secure 0 0 0) 0x7fb5f0024930 con 0x7fb60007dd70
2024-04-24T06:03:16.098 INFO:teuthology.orchestra.run.smithi046.stdout:/usr/bin/ceph: stderr
2024-04-24T06:03:14.414+0000 7fb605000700 1 -- 172.21.15.46:0/3483703923 --> [v2:172.21.15.46:3300/0,v1:172.21.15.46:6789/0] -- mon_subscribe({osdmap=0}) -- 0x7fb60019f670 con 0x7fb60007dd70
2024-04-24T06:03:16.099 INFO:teuthology.orchestra.run.smithi046.stdout:/usr/bin/ceph: stderr
2024-04-24T06:03:14.415+0000 7fb605000700 1 -- 172.21.15.46:0/3483703923 --> [v2:172.21.15.46:3300/0,v1:172.21.15.46:6789/0] -- mon_command({"prefix": "get_command_descriptions"} v 0) -- 0x7fb600069c70 con 0x7fb60007dd70
2024-04-24T06:03:16.099 INFO:teuthology.orchestra.run.smithi046.stdout:/usr/bin/ceph: stderr
2024-04-24T06:03:14.415+0000 7fb5f7e00700 1 -- 172.21.15.46:0/3483703923 <== mon.0 v2:172.21.15.46:3300/0 4 ==== mgrmap(e 12) ==== 46571+0+0 (secure 0 0 0) 0x7fb5f0022020 con 0x7fb60007dd70
2024-04-24T06:03:16.099 INFO:teuthology.orchestra.run.smithi046.stdout:/usr/bin/ceph: stderr
2024-04-24T06:03:14.416+0000 7fb5f7e00700 1 --2- 172.21.15.46:0/3483703923 >> [v2:172.21.15.46:6800/3223392556,v1:172.21.15.46:6801/3223392556] conn(0x7fb5e4039600 0x7fb5e403bac0 unknown :-1 s=NONE pgs=0 cs=0 l=1 rev1=0 crypto rx=0 tx=0 comp rx=0 tx=0).connect
2024-04-24T06:03:16.099 INFO:teuthology.orchestra.run.smithi046.stdout:/usr/bin/ceph: stderr
2024-04-24T06:03:14.416+0000 7fb5f7e00700 1 -- 172.21.15.46:0/3483703923 <== mon.0 v2:172.21.15.46:3300/0 5 ==== osd_map(3..3 src has 1..3) ==== 1155+0+0 (secure 0 0 0) 0x7fb5f004db50 con 0x7fb60007dd70
2024-04-24T06:03:16.099 INFO:teuthology.orchestra.run.smithi046.stdout:/usr/bin/ceph: stderr
2024-04-24T06:03:14.416+0000 7fb5fea00700 1 --2- 172.21.15.46:0/3483703923 >> [v2:172.21.15.46:6800/3223392556,v1:172.21.15.46:6801/3223392556] conn(0x7fb5e4039600 0x7fb5e403bac0 unknown :-1 s=BANNER_CONNECTING pgs=0 cs=0 l=1 rev1=0 crypto rx=0 tx=0 comp rx=0 tx=0)._handle_peer_banner_payload supported=3 required=0
2024-04-24T06:03:16.099 INFO:teuthology.orchestra.run.smithi046.stdout:/usr/bin/ceph: stderr
2024-04-24T06:03:14.417+0000 7fb5fea00700 1 --2- 172.21.15.46:0/3483703923 >> [v2:172.21.15.46:6800/3223392556,v1:172.21.15.46:6801/3223392556] conn(0x7fb5e4039600 0x7fb5e403bac0 secure :-1 s=READY pgs=9 cs=0 l=1 rev1=1 crypto rx=0x7fb5ec006fd0 tx=0x7fb5ec006e40 comp rx=0 tx=0).ready entity=mgr.14152 client_cookie=0 server_cookie=0 in_seq=0 out_seq=0
2024-04-24T06:03:16.100 INFO:teuthology.orchestra.run.smithi046.stdout:/usr/bin/ceph: stderr
2024-04-24T06:03:14.422+0000 7fb5f7e00700 1 -- 172.21.15.46:0/3483703923 <== mon.0 v2:172.21.15.46:3300/0 6 ==== mon_command_ack([{"prefix": "get_command_descriptions"}]=0 v0) ==== 72+0+188370 (secure 0 0 0) 0x7fb5f000b7e0 con 0x7fb60007dd70
2024-04-24T06:03:16.100 INFO:teuthology.orchestra.run.smithi046.stdout:/usr/bin/ceph: stderr
2024-04-24T06:03:14.653+0000 7fb605000700 1 -- 172.21.15.46:0/3483703923 --> [v2:172.21.15.46:3300/0,v1:172.21.15.46:6789/0] -- mon_command({"prefix": "config get", "who": "mgr", "key": "mgr/dashboard/ssl_server_port"} v 0) -- 0x7fb60002e080 con 0x7fb60007dd70
2024-04-24T06:03:16.100 INFO:teuthology.orchestra.run.smithi046.stdout:/usr/bin/ceph: stderr
2024-04-24T06:03:14.654+0000 7fb5f7e00700 1 -- 172.21.15.46:0/3483703923 <== mon.0 v2:172.21.15.46:3300/0 7 ==== mon_command_ack([{"prefix": "config get", "who": "mgr", "key": "mgr/dashboard/ssl_server_port"}]=0 v8) ==== 112+0+5 (secure 0 0 0) 0x7fb5f0024c50 con 0x7fb60007dd70
2024-04-24T06:03:16.100 INFO:teuthology.orchestra.run.smithi046.stdout:/usr/bin/ceph: stderr
2024-04-24T06:03:14.657+0000 7fb605000700 1 -- 172.21.15.46:0/3483703923 >> [v2:172.21.15.46:6800/3223392556,v1:172.21.15.46:6801/3223392556] conn(0x7fb5e4039600 msgr2=0x7fb5e403bac0 secure :-1 s=STATE_CONNECTION_ESTABLISHED l=1).mark_down
2024-04-24T06:03:16.100 INFO:teuthology.orchestra.run.smithi046.stdout:/usr/bin/ceph: stderr
2024-04-24T06:03:14.657+0000 7fb605000700 1 --2- 172.21.15.46:0/3483703923 >> [v2:172.21.15.46:6800/3223392556,v1:172.21.15.46:6801/3223392556] conn(0x7fb5e4039600 0x7fb5e403bac0 secure :-1 s=READY pgs=9 cs=0 l=1 rev1=1 crypto rx=0x7fb5ec006fd0 tx=0x7fb5ec006e40 comp rx=0 tx=0).stop
2024-04-24T06:03:16.100 INFO:teuthology.orchestra.run.smithi046.stdout:/usr/bin/ceph: stderr
2024-04-24T06:03:14.657+0000 7fb605000700 1 -- 172.21.15.46:0/3483703923 >> [v2:172.21.15.46:3300/0,v1:172.21.15.46:6789/0] conn(0x7fb60007dd70 msgr2=0x7fb60019ea40 secure :-1 s=STATE_CONNECTION_ESTABLISHED l=1).mark_down
2024-04-24T06:03:16.100 INFO:teuthology.orchestra.run.smithi046.stdout:/usr/bin/ceph: stderr
2024-04-24T06:03:14.657+0000 7fb605000700 1 --2- 172.21.15.46:0/3483703923 >> [v2:172.21.15.46:3300/0,v1:172.21.15.46:6789/0] conn(0x7fb60007dd70 0x7fb60019ea40 secure :-1 s=READY pgs=75 cs=0 l=1 rev1=1 crypto rx=0x7fb5f0011b60 tx=0x7fb5f0011c40 comp rx=0 tx=0).stop
2024-04-24T06:03:16.100 INFO:teuthology.orchestra.run.smithi046.stdout:/usr/bin/ceph: stderr
2024-04-24T06:03:14.658+0000 7fb605000700 1 -- 172.21.15.46:0/3483703923 shutdown_connections
2024-04-24T06:03:16.100 INFO:teuthology.orchestra.run.smithi046.stdout:/usr/bin/ceph: stderr
2024-04-24T06:03:14.658+0000 7fb605000700 1 --2- 172.21.15.46:0/3483703923 >> [v2:172.21.15.46:6800/3223392556,v1:172.21.15.46:6801/3223392556] conn(0x7fb5e4039600 0x7fb5e403bac0 unknown :-1 s=CLOSED pgs=9 cs=0 l=1 rev1=1 crypto rx=0 tx=0 comp rx=0 tx=0).stop
2024-04-24T06:03:16.101 INFO:teuthology.orchestra.run.smithi046.stdout:/usr/bin/ceph: stderr
2024-04-24T06:03:14.658+0000 7fb605000700 1 --2- 172.21.15.46:0/3483703923 >> [v2:172.21.15.46:3300/0,v1:172.21.15.46:6789/0] conn(0x7fb60007dd70 0x7fb60019ea40 unknown :-1 s=CLOSED pgs=75 cs=0 l=1 rev1=1 crypto rx=0 tx=0 comp rx=0 tx=0).stop
2024-04-24T06:03:16.101 INFO:teuthology.orchestra.run.smithi046.stdout:/usr/bin/ceph: stderr
2024-04-24T06:03:14.658+0000 7fb605000700 1 -- 172.21.15.46:0/3483703923 >> 172.21.15.46:0/3483703923 conn(0x7fb600103b50 msgr2=0x7fb600104860 unknown :-1 s=STATE_NONE l=0).mark_down
2024-04-24T06:03:16.101 INFO:teuthology.orchestra.run.smithi046.stdout:/usr/bin/ceph: stderr
2024-04-24T06:03:14.658+0000 7fb605000700 1 -- 172.21.15.46:0/3483703923 shutdown_connections
2024-04-24T06:03:16.101 INFO:teuthology.orchestra.run.smithi046.stdout:/usr/bin/ceph: stderr
2024-04-24T06:03:14.658+0000 7fb605000700 1 -- 172.21.15.46:0/3483703923 wait complete.
2024-04-24T06:03:16.121 INFO:teuthology.orchestra.run.smithi046.stdout:Non-zero exit code 1 from systemctl is-enabled firewalld.service
2024-04-24T06:03:16.121 INFO:teuthology.orchestra.run.smithi046.stdout:systemctl: stdout disabled
2024-04-24T06:03:16.148 INFO:teuthology.orchestra.run.smithi046.stdout:Non-zero exit code 3 from systemctl is-active firewalld.service
2024-04-24T06:03:16.148 INFO:teuthology.orchestra.run.smithi046.stdout:systemctl: stdout inactive
2024-04-24T06:03:16.148 INFO:teuthology.orchestra.run.smithi046.stdout:firewalld.service is not enabled
2024-04-24T06:03:16.148 INFO:teuthology.orchestra.run.smithi046.stdout:Not possible to open ports <[8443]>. firewalld.service is not available
2024-04-24T06:03:16.155 INFO:teuthology.orchestra.run.smithi046.stdout:Ceph Dashboard is now available at:
2024-04-24T06:03:16.155 INFO:teuthology.orchestra.run.smithi046.stdout:
2024-04-24T06:03:16.155 INFO:teuthology.orchestra.run.smithi046.stdout: URL: https://smithi046.front.sepia.ceph.com:8443/
2024-04-24T06:03:16.155 INFO:teuthology.orchestra.run.smithi046.stdout: User: admin
2024-04-24T06:03:16.156 INFO:teuthology.orchestra.run.smithi046.stdout: Password: corbu0qf7k
2024-04-24T06:03:16.156 INFO:teuthology.orchestra.run.smithi046.stdout:
2024-04-24T06:03:16.157 INFO:teuthology.orchestra.run.smithi046.stdout:Saving cluster configuration to /var/lib/ceph/0296c0a4-0200-11ef-bc93-c7b262605968/config directory
2024-04-24T06:03:16.159 INFO:teuthology.orchestra.run.smithi046.stdout:Enabling autotune for osd_memory_target
2024-04-24T06:03:17.708 INFO:teuthology.orchestra.run.smithi046.stdout:/usr/bin/ceph: stderr
2024-04-24T06:03:16.802+0000 7fed4a000700 1 Processor -- start
2024-04-24T06:03:17.710 INFO:teuthology.orchestra.run.smithi046.stdout:/usr/bin/ceph: stderr
2024-04-24T06:03:16.802+0000 7fed4a000700 1 -- start start
2024-04-24T06:03:17.711 INFO:teuthology.orchestra.run.smithi046.stdout:/usr/bin/ceph: stderr
2024-04-24T06:03:16.802+0000 7fed4a000700 1 --2- >> [v2:172.21.15.46:3300/0,v1:172.21.15.46:6789/0] conn(0x7fed44110260 0x7fed44110680 unknown :-1 s=NONE pgs=0 cs=0 l=0 rev1=0 crypto rx=0 tx=0 comp rx=0 tx=0).connect
2024-04-24T06:03:17.711 INFO:teuthology.orchestra.run.smithi046.stdout:/usr/bin/ceph: stderr
2024-04-24T06:03:16.802+0000 7fed4a000700 1 -- --> [v2:172.21.15.46:3300/0,v1:172.21.15.46:6789/0] -- mon_getmap magic: 0 -- 0x7fed44110c50 con 0x7fed44110260
2024-04-24T06:03:17.711 INFO:teuthology.orchestra.run.smithi046.stdout:/usr/bin/ceph: stderr
2024-04-24T06:03:16.803+0000 7fed48c00700 1 --2- >> [v2:172.21.15.46:3300/0,v1:172.21.15.46:6789/0] conn(0x7fed44110260 0x7fed44110680 unknown :-1 s=BANNER_CONNECTING pgs=0 cs=0 l=0 rev1=0 crypto rx=0 tx=0 comp rx=0 tx=0)._handle_peer_banner_payload supported=3 required=0
2024-04-24T06:03:17.711 INFO:teuthology.orchestra.run.smithi046.stdout:/usr/bin/ceph: stderr
2024-04-24T06:03:16.803+0000 7fed48c00700 1 --2- >> [v2:172.21.15.46:3300/0,v1:172.21.15.46:6789/0] conn(0x7fed44110260 0x7fed44110680 unknown :-1 s=HELLO_CONNECTING pgs=0 cs=0 l=0 rev1=1 crypto rx=0 tx=0 comp rx=0 tx=0).handle_hello peer v2:172.21.15.46:3300/0 says I am v2:172.21.15.46:42740/0 (socket says 172.21.15.46:42740)
2024-04-24T06:03:17.711 INFO:teuthology.orchestra.run.smithi046.stdout:/usr/bin/ceph: stderr
2024-04-24T06:03:16.803+0000 7fed48c00700 1 -- 172.21.15.46:0/2906825990 learned_addr learned my addr 172.21.15.46:0/2906825990 (peer_addr_for_me v2:172.21.15.46:0/0)
2024-04-24T06:03:17.711 INFO:teuthology.orchestra.run.smithi046.stdout:/usr/bin/ceph: stderr
2024-04-24T06:03:16.803+0000 7fed48c00700 1 -- 172.21.15.46:0/2906825990 --> [v2:172.21.15.46:3300/0,v1:172.21.15.46:6789/0] -- mon_subscribe({config=0+,monmap=0+}) -- 0x7fed440821d0 con 0x7fed44110260
2024-04-24T06:03:17.711 INFO:teuthology.orchestra.run.smithi046.stdout:/usr/bin/ceph: stderr
2024-04-24T06:03:16.804+0000 7fed48c00700 1 --2- 172.21.15.46:0/2906825990 >> [v2:172.21.15.46:3300/0,v1:172.21.15.46:6789/0] conn(0x7fed44110260 0x7fed44110680 secure :-1 s=READY pgs=76 cs=0 l=1 rev1=1 crypto rx=0x7fed380098a0 tx=0x7fed38009bb0 comp rx=0 tx=0).ready entity=mon.0 client_cookie=767e9bc78a51dff5 server_cookie=0 in_seq=0 out_seq=0
2024-04-24T06:03:17.711 INFO:teuthology.orchestra.run.smithi046.stdout:/usr/bin/ceph: stderr
2024-04-24T06:03:16.804+0000 7fed43400700 1 -- 172.21.15.46:0/2906825990 <== mon.0 v2:172.21.15.46:3300/0 1 ==== mon_map magic: 0 ==== 205+0+0 (secure 0 0 0) 0x7fed38004160 con 0x7fed44110260
2024-04-24T06:03:17.712 INFO:teuthology.orchestra.run.smithi046.stdout:/usr/bin/ceph: stderr
2024-04-24T06:03:16.804+0000 7fed43400700 1 -- 172.21.15.46:0/2906825990 <== mon.0 v2:172.21.15.46:3300/0 2 ==== config(27 keys) ==== 1140+0+0 (secure 0 0 0) 0x7fed38004300 con 0x7fed44110260
2024-04-24T06:03:17.712 INFO:teuthology.orchestra.run.smithi046.stdout:/usr/bin/ceph: stderr
2024-04-24T06:03:16.804+0000 7fed43400700 1 -- 172.21.15.46:0/2906825990 <== mon.0 v2:172.21.15.46:3300/0 3 ==== mon_map magic: 0 ==== 205+0+0 (secure 0 0 0) 0x7fed38011b20 con 0x7fed44110260
2024-04-24T06:03:17.712 INFO:teuthology.orchestra.run.smithi046.stdout:/usr/bin/ceph: stderr
2024-04-24T06:03:16.805+0000 7fed4a000700 1 -- 172.21.15.46:0/2906825990 >> [v2:172.21.15.46:3300/0,v1:172.21.15.46:6789/0] conn(0x7fed44110260 msgr2=0x7fed44110680 secure :-1 s=STATE_CONNECTION_ESTABLISHED l=1).mark_down
2024-04-24T06:03:17.716 INFO:teuthology.orchestra.run.smithi046.stdout:/usr/bin/ceph: stderr
2024-04-24T06:03:16.805+0000 7fed4a000700 1 --2- 172.21.15.46:0/2906825990 >> [v2:172.21.15.46:3300/0,v1:172.21.15.46:6789/0] conn(0x7fed44110260 0x7fed44110680 secure :-1 s=READY pgs=76 cs=0 l=1 rev1=1 crypto rx=0x7fed380098a0 tx=0x7fed38009bb0 comp rx=0 tx=0).stop
2024-04-24T06:03:17.716 INFO:teuthology.orchestra.run.smithi046.stdout:/usr/bin/ceph: stderr
2024-04-24T06:03:16.805+0000 7fed4a000700 1 -- 172.21.15.46:0/2906825990 shutdown_connections
2024-04-24T06:03:17.717 INFO:teuthology.orchestra.run.smithi046.stdout:/usr/bin/ceph: stderr
2024-04-24T06:03:16.805+0000 7fed4a000700 1 --2- 172.21.15.46:0/2906825990 >> [v2:172.21.15.46:3300/0,v1:172.21.15.46:6789/0] conn(0x7fed44110260 0x7fed44110680 unknown :-1 s=CLOSED pgs=76 cs=0 l=1 rev1=1 crypto rx=0 tx=0 comp rx=0 tx=0).stop
2024-04-24T06:03:17.717 INFO:teuthology.orchestra.run.smithi046.stdout:/usr/bin/ceph: stderr
2024-04-24T06:03:16.805+0000 7fed4a000700 1 -- 172.21.15.46:0/2906825990 >> 172.21.15.46:0/2906825990 conn(0x7fed4407dbe0 msgr2=0x7fed44080000 unknown :-1 s=STATE_NONE l=0).mark_down
2024-04-24T06:03:17.717 INFO:teuthology.orchestra.run.smithi046.stdout:/usr/bin/ceph: stderr
2024-04-24T06:03:16.805+0000 7fed4a000700 1 -- 172.21.15.46:0/2906825990 shutdown_connections
2024-04-24T06:03:17.717 INFO:teuthology.orchestra.run.smithi046.stdout:/usr/bin/ceph: stderr
2024-04-24T06:03:16.805+0000 7fed4a000700 1 -- 172.21.15.46:0/2906825990 wait complete.
2024-04-24T06:03:17.717 INFO:teuthology.orchestra.run.smithi046.stdout:/usr/bin/ceph: stderr
2024-04-24T06:03:16.806+0000 7fed4a000700 1 Processor -- start
2024-04-24T06:03:17.717 INFO:teuthology.orchestra.run.smithi046.stdout:/usr/bin/ceph: stderr
2024-04-24T06:03:16.806+0000 7fed4a000700 1 -- start start
2024-04-24T06:03:17.717 INFO:teuthology.orchestra.run.smithi046.stdout:/usr/bin/ceph: stderr
2024-04-24T06:03:16.807+0000 7fed4a000700 1 --2- >> [v2:172.21.15.46:3300/0,v1:172.21.15.46:6789/0] conn(0x7fed44110260 0x7fed441a2f50 unknown :-1 s=NONE pgs=0 cs=0 l=1 rev1=0 crypto rx=0 tx=0 comp rx=0 tx=0).connect
2024-04-24T06:03:17.717 INFO:teuthology.orchestra.run.smithi046.stdout:/usr/bin/ceph: stderr
2024-04-24T06:03:16.807+0000 7fed4a000700 1 -- --> [v2:172.21.15.46:3300/0,v1:172.21.15.46:6789/0] -- mon_getmap magic: 0 -- 0x7fed44113180 con 0x7fed44110260
2024-04-24T06:03:17.717 INFO:teuthology.orchestra.run.smithi046.stdout:/usr/bin/ceph: stderr
2024-04-24T06:03:16.807+0000 7fed48c00700 1 --2- >> [v2:172.21.15.46:3300/0,v1:172.21.15.46:6789/0] conn(0x7fed44110260 0x7fed441a2f50 unknown :-1 s=BANNER_CONNECTING pgs=0 cs=0 l=1 rev1=0 crypto rx=0 tx=0 comp rx=0 tx=0)._handle_peer_banner_payload supported=3 required=0
2024-04-24T06:03:17.717 INFO:teuthology.orchestra.run.smithi046.stdout:/usr/bin/ceph: stderr
2024-04-24T06:03:16.807+0000 7fed48c00700 1 --2- >> [v2:172.21.15.46:3300/0,v1:172.21.15.46:6789/0] conn(0x7fed44110260 0x7fed441a2f50 unknown :-1 s=HELLO_CONNECTING pgs=0 cs=0 l=1 rev1=1 crypto rx=0 tx=0 comp rx=0 tx=0).handle_hello peer v2:172.21.15.46:3300/0 says I am v2:172.21.15.46:42744/0 (socket says 172.21.15.46:42744)
2024-04-24T06:03:17.717 INFO:teuthology.orchestra.run.smithi046.stdout:/usr/bin/ceph: stderr
2024-04-24T06:03:16.807+0000 7fed48c00700 1 -- 172.21.15.46:0/3685994941 learned_addr learned my addr 172.21.15.46:0/3685994941 (peer_addr_for_me v2:172.21.15.46:0/0)
2024-04-24T06:03:17.717 INFO:teuthology.orchestra.run.smithi046.stdout:/usr/bin/ceph: stderr
2024-04-24T06:03:16.807+0000 7fed48c00700 1 -- 172.21.15.46:0/3685994941 --> [v2:172.21.15.46:3300/0,v1:172.21.15.46:6789/0] -- mon_subscribe({config=0+,monmap=0+}) -- 0x7fed441a3490 con 0x7fed44110260
2024-04-24T06:03:17.718 INFO:teuthology.orchestra.run.smithi046.stdout:/usr/bin/ceph: stderr
2024-04-24T06:03:16.808+0000 7fed48c00700 1 --2- 172.21.15.46:0/3685994941 >> [v2:172.21.15.46:3300/0,v1:172.21.15.46:6789/0] conn(0x7fed44110260 0x7fed441a2f50 secure :-1 s=READY pgs=77 cs=0 l=1 rev1=1 crypto rx=0x7fed380117e0 tx=0x7fed38011ba0 comp rx=0 tx=0).ready entity=mon.0 client_cookie=0 server_cookie=0 in_seq=0 out_seq=0
2024-04-24T06:03:17.718 INFO:teuthology.orchestra.run.smithi046.stdout:/usr/bin/ceph: stderr
2024-04-24T06:03:16.808+0000 7fed41600700 1 -- 172.21.15.46:0/3685994941 <== mon.0 v2:172.21.15.46:3300/0 1 ==== mon_map magic: 0 ==== 205+0+0 (secure 0 0 0) 0x7fed38003bf0 con 0x7fed44110260
2024-04-24T06:03:17.718 INFO:teuthology.orchestra.run.smithi046.stdout:/usr/bin/ceph: stderr
2024-04-24T06:03:16.808+0000 7fed41600700 1 -- 172.21.15.46:0/3685994941 <== mon.0 v2:172.21.15.46:3300/0 2 ==== config(27 keys) ==== 1140+0+0 (secure 0 0 0) 0x7fed3801a910 con 0x7fed44110260
2024-04-24T06:03:17.718 INFO:teuthology.orchestra.run.smithi046.stdout:/usr/bin/ceph: stderr
2024-04-24T06:03:16.808+0000 7fed41600700 1 -- 172.21.15.46:0/3685994941 <== mon.0 v2:172.21.15.46:3300/0 3 ==== mon_map magic: 0 ==== 205+0+0 (secure 0 0 0) 0x7fed38024970 con 0x7fed44110260
2024-04-24T06:03:17.718 INFO:teuthology.orchestra.run.smithi046.stdout:/usr/bin/ceph: stderr
2024-04-24T06:03:16.808+0000 7fed4a000700 1 -- 172.21.15.46:0/3685994941 --> [v2:172.21.15.46:3300/0,v1:172.21.15.46:6789/0] -- mon_subscribe({mgrmap=0+}) -- 0x7fed441a3720 con 0x7fed44110260
2024-04-24T06:03:17.718 INFO:teuthology.orchestra.run.smithi046.stdout:/usr/bin/ceph: stderr
2024-04-24T06:03:16.808+0000 7fed4a000700 1 -- 172.21.15.46:0/3685994941 --> [v2:172.21.15.46:3300/0,v1:172.21.15.46:6789/0] -- mon_subscribe({osdmap=0}) -- 0x7fed441a3b80 con 0x7fed44110260
2024-04-24T06:03:17.718 INFO:teuthology.orchestra.run.smithi046.stdout:/usr/bin/ceph: stderr
2024-04-24T06:03:16.809+0000 7fed41600700 1 -- 172.21.15.46:0/3685994941 <== mon.0 v2:172.21.15.46:3300/0 4 ==== mgrmap(e 13) ==== 46614+0+0 (secure 0 0 0) 0x7fed38022020 con 0x7fed44110260
2024-04-24T06:03:17.718 INFO:teuthology.orchestra.run.smithi046.stdout:/usr/bin/ceph: stderr
2024-04-24T06:03:16.809+0000 7fed4a000700 1 -- 172.21.15.46:0/3685994941 --> [v2:172.21.15.46:3300/0,v1:172.21.15.46:6789/0] -- mon_command({"prefix": "get_command_descriptions"} v 0) -- 0x7fed44113300 con 0x7fed44110260
2024-04-24T06:03:17.719 INFO:teuthology.orchestra.run.smithi046.stdout:/usr/bin/ceph: stderr
2024-04-24T06:03:16.810+0000 7fed41600700 1 --2- 172.21.15.46:0/3685994941 >> [v2:172.21.15.46:6800/3223392556,v1:172.21.15.46:6801/3223392556] conn(0x7fed2c0396a0 0x7fed2c03bb60 unknown :-1 s=NONE pgs=0 cs=0 l=1 rev1=0 crypto rx=0 tx=0 comp rx=0 tx=0).connect
2024-04-24T06:03:17.719 INFO:teuthology.orchestra.run.smithi046.stdout:/usr/bin/ceph: stderr
2024-04-24T06:03:16.810+0000 7fed41600700 1 -- 172.21.15.46:0/3685994941 <== mon.0 v2:172.21.15.46:3300/0 5 ==== osd_map(3..3 src has 1..3) ==== 1155+0+0 (secure 0 0 0) 0x7fed3804e0c0 con 0x7fed44110260
2024-04-24T06:03:17.719 INFO:teuthology.orchestra.run.smithi046.stdout:/usr/bin/ceph: stderr
2024-04-24T06:03:16.810+0000 7fed43e00700 1 --2- 172.21.15.46:0/3685994941 >> [v2:172.21.15.46:6800/3223392556,v1:172.21.15.46:6801/3223392556] conn(0x7fed2c0396a0 0x7fed2c03bb60 unknown :-1 s=BANNER_CONNECTING pgs=0 cs=0 l=1 rev1=0 crypto rx=0 tx=0 comp rx=0 tx=0)._handle_peer_banner_payload supported=3 required=0
2024-04-24T06:03:17.719 INFO:teuthology.orchestra.run.smithi046.stdout:/usr/bin/ceph: stderr
2024-04-24T06:03:16.811+0000 7fed43e00700 1 --2- 172.21.15.46:0/3685994941 >> [v2:172.21.15.46:6800/3223392556,v1:172.21.15.46:6801/3223392556] conn(0x7fed2c0396a0 0x7fed2c03bb60 secure :-1 s=READY pgs=10 cs=0 l=1 rev1=1 crypto rx=0x7fed30006fd0 tx=0x7fed30006e40 comp rx=0 tx=0).ready entity=mgr.14152 client_cookie=0 server_cookie=0 in_seq=0 out_seq=0
2024-04-24T06:03:17.719 INFO:teuthology.orchestra.run.smithi046.stdout:/usr/bin/ceph: stderr
2024-04-24T06:03:16.816+0000 7fed41600700 1 -- 172.21.15.46:0/3685994941 <== mon.0 v2:172.21.15.46:3300/0 6 ==== mon_command_ack([{"prefix": "get_command_descriptions"}]=0 v0) ==== 72+0+188370 (secure 0 0 0) 0x7fed38010380 con 0x7fed44110260
2024-04-24T06:03:17.719 INFO:teuthology.orchestra.run.smithi046.stdout:/usr/bin/ceph: stderr
2024-04-24T06:03:17.044+0000 7fed4a000700 1 -- 172.21.15.46:0/3685994941 --> [v2:172.21.15.46:3300/0,v1:172.21.15.46:6789/0] -- mon_command([{prefix=config set, name=osd_memory_target_autotune}] v 0) -- 0x7fed4402e0c0 con 0x7fed44110260
2024-04-24T06:03:17.719 INFO:teuthology.orchestra.run.smithi046.stdout:/usr/bin/ceph: stderr
2024-04-24T06:03:17.045+0000 7fed41600700 1 -- 172.21.15.46:0/3685994941 <== mon.0 v2:172.21.15.46:3300/0 7 ==== mon_command_ack([{prefix=config set, name=osd_memory_target_autotune}]=0 v8)=0 v8) ==== 127+0+0 (secure 0 0 0) 0x7fed380212c0 con 0x7fed44110260
2024-04-24T06:03:17.719 INFO:teuthology.orchestra.run.smithi046.stdout:/usr/bin/ceph: stderr
2024-04-24T06:03:17.047+0000 7fed4a000700 1 -- 172.21.15.46:0/3685994941 >> [v2:172.21.15.46:6800/3223392556,v1:172.21.15.46:6801/3223392556] conn(0x7fed2c0396a0 msgr2=0x7fed2c03bb60 secure :-1 s=STATE_CONNECTION_ESTABLISHED l=1).mark_down
2024-04-24T06:03:17.719 INFO:teuthology.orchestra.run.smithi046.stdout:/usr/bin/ceph: stderr
2024-04-24T06:03:17.047+0000 7fed4a000700 1 --2- 172.21.15.46:0/3685994941 >> [v2:172.21.15.46:6800/3223392556,v1:172.21.15.46:6801/3223392556] conn(0x7fed2c0396a0 0x7fed2c03bb60 secure :-1 s=READY pgs=10 cs=0 l=1 rev1=1 crypto rx=0x7fed30006fd0 tx=0x7fed30006e40 comp rx=0 tx=0).stop
2024-04-24T06:03:17.719 INFO:teuthology.orchestra.run.smithi046.stdout:/usr/bin/ceph: stderr
2024-04-24T06:03:17.048+0000 7fed4a000700 1 -- 172.21.15.46:0/3685994941 >> [v2:172.21.15.46:3300/0,v1:172.21.15.46:6789/0] conn(0x7fed44110260 msgr2=0x7fed441a2f50 secure :-1 s=STATE_CONNECTION_ESTABLISHED l=1).mark_down
2024-04-24T06:03:17.719 INFO:teuthology.orchestra.run.smithi046.stdout:/usr/bin/ceph: stderr
2024-04-24T06:03:17.048+0000 7fed4a000700 1 --2- 172.21.15.46:0/3685994941 >> [v2:172.21.15.46:3300/0,v1:172.21.15.46:6789/0] conn(0x7fed44110260 0x7fed441a2f50 secure :-1 s=READY pgs=77 cs=0 l=1 rev1=1 crypto rx=0x7fed380117e0 tx=0x7fed38011ba0 comp rx=0 tx=0).stop
2024-04-24T06:03:17.719 INFO:teuthology.orchestra.run.smithi046.stdout:/usr/bin/ceph: stderr
2024-04-24T06:03:17.048+0000 7fed4a000700 1 -- 172.21.15.46:0/3685994941 shutdown_connections
2024-04-24T06:03:17.720 INFO:teuthology.orchestra.run.smithi046.stdout:/usr/bin/ceph: stderr
2024-04-24T06:03:17.048+0000 7fed4a000700 1 --2- 172.21.15.46:0/3685994941 >> [v2:172.21.15.46:6800/3223392556,v1:172.21.15.46:6801/3223392556] conn(0x7fed2c0396a0 0x7fed2c03bb60 unknown :-1 s=CLOSED pgs=10 cs=0 l=1 rev1=1 crypto rx=0 tx=0 comp rx=0 tx=0).stop
2024-04-24T06:03:17.720 INFO:teuthology.orchestra.run.smithi046.stdout:/usr/bin/ceph: stderr
2024-04-24T06:03:17.048+0000 7fed4a000700 1 --2- 172.21.15.46:0/3685994941 >> [v2:172.21.15.46:3300/0,v1:172.21.15.46:6789/0] conn(0x7fed44110260 0x7fed441a2f50 unknown :-1 s=CLOSED pgs=77 cs=0 l=1 rev1=1 crypto rx=0 tx=0 comp rx=0 tx=0).stop
2024-04-24T06:03:17.720 INFO:teuthology.orchestra.run.smithi046.stdout:/usr/bin/ceph: stderr
2024-04-24T06:03:17.048+0000 7fed4a000700 1 -- 172.21.15.46:0/3685994941 >> 172.21.15.46:0/3685994941 conn(0x7fed4407dbe0 msgr2=0x7fed4407e880 unknown :-1 s=STATE_NONE l=0).mark_down
2024-04-24T06:03:17.720 INFO:teuthology.orchestra.run.smithi046.stdout:/usr/bin/ceph: stderr
2024-04-24T06:03:17.048+0000 7fed4a000700 1 -- 172.21.15.46:0/3685994941 shutdown_connections
2024-04-24T06:03:17.720 INFO:teuthology.orchestra.run.smithi046.stdout:/usr/bin/ceph: stderr
2024-04-24T06:03:17.048+0000 7fed4a000700 1 -- 172.21.15.46:0/3685994941 wait complete.
2024-04-24T06:03:19.463 INFO:teuthology.orchestra.run.smithi046.stdout:/usr/bin/ceph: stderr
2024-04-24T06:03:18.343+0000 7f0b5b200700 1 Processor -- start
2024-04-24T06:03:19.464 INFO:teuthology.orchestra.run.smithi046.stdout:/usr/bin/ceph: stderr
2024-04-24T06:03:18.343+0000 7f0b5b200700 1 -- start start
2024-04-24T06:03:19.464 INFO:teuthology.orchestra.run.smithi046.stdout:/usr/bin/ceph: stderr
2024-04-24T06:03:18.344+0000 7f0b5b200700 1 --2- >> [v2:172.21.15.46:3300/0,v1:172.21.15.46:6789/0] conn(0x7f0b54110260 0x7f0b54110680 unknown :-1 s=NONE pgs=0 cs=0 l=0 rev1=0 crypto rx=0 tx=0 comp rx=0 tx=0).connect
2024-04-24T06:03:19.464 INFO:teuthology.orchestra.run.smithi046.stdout:/usr/bin/ceph: stderr
2024-04-24T06:03:18.344+0000 7f0b5b200700 1 -- --> [v2:172.21.15.46:3300/0,v1:172.21.15.46:6789/0] -- mon_getmap magic: 0 -- 0x7f0b54110c50 con 0x7f0b54110260
2024-04-24T06:03:19.464 INFO:teuthology.orchestra.run.smithi046.stdout:/usr/bin/ceph: stderr
2024-04-24T06:03:18.344+0000 7f0b59e00700 1 --2- >> [v2:172.21.15.46:3300/0,v1:172.21.15.46:6789/0] conn(0x7f0b54110260 0x7f0b54110680 unknown :-1 s=BANNER_CONNECTING pgs=0 cs=0 l=0 rev1=0 crypto rx=0 tx=0 comp rx=0 tx=0)._handle_peer_banner_payload supported=3 required=0
2024-04-24T06:03:19.464 INFO:teuthology.orchestra.run.smithi046.stdout:/usr/bin/ceph: stderr
2024-04-24T06:03:18.345+0000 7f0b59e00700 1 --2- >> [v2:172.21.15.46:3300/0,v1:172.21.15.46:6789/0] conn(0x7f0b54110260 0x7f0b54110680 unknown :-1 s=HELLO_CONNECTING pgs=0 cs=0 l=0 rev1=1 crypto rx=0 tx=0 comp rx=0 tx=0).handle_hello peer v2:172.21.15.46:3300/0 says I am v2:172.21.15.46:37948/0 (socket says 172.21.15.46:37948)
2024-04-24T06:03:19.464 INFO:teuthology.orchestra.run.smithi046.stdout:/usr/bin/ceph: stderr
2024-04-24T06:03:18.345+0000 7f0b59e00700 1 -- 172.21.15.46:0/4256927418 learned_addr learned my addr 172.21.15.46:0/4256927418 (peer_addr_for_me v2:172.21.15.46:0/0)
2024-04-24T06:03:19.464 INFO:teuthology.orchestra.run.smithi046.stdout:/usr/bin/ceph: stderr
2024-04-24T06:03:18.345+0000 7f0b59e00700 1 -- 172.21.15.46:0/4256927418 --> [v2:172.21.15.46:3300/0,v1:172.21.15.46:6789/0] -- mon_subscribe({config=0+,monmap=0+}) -- 0x7f0b540821d0 con 0x7f0b54110260
2024-04-24T06:03:19.464 INFO:teuthology.orchestra.run.smithi046.stdout:/usr/bin/ceph: stderr
2024-04-24T06:03:18.346+0000 7f0b59e00700 1 --2- 172.21.15.46:0/4256927418 >> [v2:172.21.15.46:3300/0,v1:172.21.15.46:6789/0] conn(0x7f0b54110260 0x7f0b54110680 secure :-1 s=READY pgs=78 cs=0 l=1 rev1=1 crypto rx=0x7f0b480098a0 tx=0x7f0b48009bb0 comp rx=0 tx=0).ready entity=mon.0 client_cookie=96801df81060f79b server_cookie=0 in_seq=0 out_seq=0
2024-04-24T06:03:19.464 INFO:teuthology.orchestra.run.smithi046.stdout:/usr/bin/ceph: stderr
2024-04-24T06:03:18.346+0000 7f0b58a00700 1 -- 172.21.15.46:0/4256927418 <== mon.0 v2:172.21.15.46:3300/0 1 ==== mon_map magic: 0 ==== 205+0+0 (secure 0 0 0) 0x7f0b48004160 con 0x7f0b54110260
2024-04-24T06:03:19.464 INFO:teuthology.orchestra.run.smithi046.stdout:/usr/bin/ceph: stderr
2024-04-24T06:03:18.346+0000 7f0b58a00700 1 -- 172.21.15.46:0/4256927418 <== mon.0 v2:172.21.15.46:3300/0 2 ==== config(27 keys) ==== 1140+0+0 (secure 0 0 0) 0x7f0b48004300 con 0x7f0b54110260
2024-04-24T06:03:19.464 INFO:teuthology.orchestra.run.smithi046.stdout:/usr/bin/ceph: stderr
2024-04-24T06:03:18.346+0000 7f0b58a00700 1 -- 172.21.15.46:0/4256927418 <== mon.0 v2:172.21.15.46:3300/0 3 ==== mon_map magic: 0 ==== 205+0+0 (secure 0 0 0) 0x7f0b48011b20 con 0x7f0b54110260
2024-04-24T06:03:19.465 INFO:teuthology.orchestra.run.smithi046.stdout:/usr/bin/ceph: stderr
2024-04-24T06:03:18.347+0000 7f0b5b200700 1 -- 172.21.15.46:0/4256927418 >> [v2:172.21.15.46:3300/0,v1:172.21.15.46:6789/0] conn(0x7f0b54110260 msgr2=0x7f0b54110680 secure :-1 s=STATE_CONNECTION_ESTABLISHED l=1).mark_down
2024-04-24T06:03:19.465 INFO:teuthology.orchestra.run.smithi046.stdout:/usr/bin/ceph: stderr
2024-04-24T06:03:18.347+0000 7f0b5b200700 1 --2- 172.21.15.46:0/4256927418 >> [v2:172.21.15.46:3300/0,v1:172.21.15.46:6789/0] conn(0x7f0b54110260 0x7f0b54110680 secure :-1 s=READY pgs=78 cs=0 l=1 rev1=1 crypto rx=0x7f0b480098a0 tx=0x7f0b48009bb0 comp rx=0 tx=0).stop
2024-04-24T06:03:19.465 INFO:teuthology.orchestra.run.smithi046.stdout:/usr/bin/ceph: stderr
2024-04-24T06:03:18.347+0000 7f0b5b200700 1 -- 172.21.15.46:0/4256927418 shutdown_connections
2024-04-24T06:03:19.465 INFO:teuthology.orchestra.run.smithi046.stdout:/usr/bin/ceph: stderr
2024-04-24T06:03:18.347+0000 7f0b5b200700 1 --2- 172.21.15.46:0/4256927418 >> [v2:172.21.15.46:3300/0,v1:172.21.15.46:6789/0] conn(0x7f0b54110260 0x7f0b54110680 unknown :-1 s=CLOSED pgs=78 cs=0 l=1 rev1=1 crypto rx=0 tx=0 comp rx=0 tx=0).stop
2024-04-24T06:03:19.465 INFO:teuthology.orchestra.run.smithi046.stdout:/usr/bin/ceph: stderr
2024-04-24T06:03:18.347+0000 7f0b5b200700 1 -- 172.21.15.46:0/4256927418 >> 172.21.15.46:0/4256927418 conn(0x7f0b5407dbe0 msgr2=0x7f0b54080000 unknown :-1 s=STATE_NONE l=0).mark_down
2024-04-24T06:03:19.465 INFO:teuthology.orchestra.run.smithi046.stdout:/usr/bin/ceph: stderr
2024-04-24T06:03:18.347+0000 7f0b5b200700 1 -- 172.21.15.46:0/4256927418 shutdown_connections
2024-04-24T06:03:19.465 INFO:teuthology.orchestra.run.smithi046.stdout:/usr/bin/ceph: stderr
2024-04-24T06:03:18.347+0000 7f0b5b200700 1 -- 172.21.15.46:0/4256927418 wait complete.
2024-04-24T06:03:19.465 INFO:teuthology.orchestra.run.smithi046.stdout:/usr/bin/ceph: stderr
2024-04-24T06:03:18.348+0000 7f0b5b200700 1 Processor -- start
2024-04-24T06:03:19.465 INFO:teuthology.orchestra.run.smithi046.stdout:/usr/bin/ceph: stderr
2024-04-24T06:03:18.348+0000 7f0b5b200700 1 -- start start
2024-04-24T06:03:19.465 INFO:teuthology.orchestra.run.smithi046.stdout:/usr/bin/ceph: stderr
2024-04-24T06:03:18.349+0000 7f0b5b200700 1 --2- >> [v2:172.21.15.46:3300/0,v1:172.21.15.46:6789/0] conn(0x7f0b54110260 0x7f0b541a2f50 unknown :-1 s=NONE pgs=0 cs=0 l=1 rev1=0 crypto rx=0 tx=0 comp rx=0 tx=0).connect
2024-04-24T06:03:19.465 INFO:teuthology.orchestra.run.smithi046.stdout:/usr/bin/ceph: stderr
2024-04-24T06:03:18.349+0000 7f0b5b200700 1 -- --> [v2:172.21.15.46:3300/0,v1:172.21.15.46:6789/0] -- mon_getmap magic: 0 -- 0x7f0b54113180 con 0x7f0b54110260
2024-04-24T06:03:19.465 INFO:teuthology.orchestra.run.smithi046.stdout:/usr/bin/ceph: stderr
2024-04-24T06:03:18.349+0000 7f0b59e00700 1 --2- >> [v2:172.21.15.46:3300/0,v1:172.21.15.46:6789/0] conn(0x7f0b54110260 0x7f0b541a2f50 unknown :-1 s=BANNER_CONNECTING pgs=0 cs=0 l=1 rev1=0 crypto rx=0 tx=0 comp rx=0 tx=0)._handle_peer_banner_payload supported=3 required=0
2024-04-24T06:03:19.465 INFO:teuthology.orchestra.run.smithi046.stdout:/usr/bin/ceph: stderr
2024-04-24T06:03:18.349+0000 7f0b59e00700 1 --2- >> [v2:172.21.15.46:3300/0,v1:172.21.15.46:6789/0] conn(0x7f0b54110260 0x7f0b541a2f50 unknown :-1 s=HELLO_CONNECTING pgs=0 cs=0 l=1 rev1=1 crypto rx=0 tx=0 comp rx=0 tx=0).handle_hello peer v2:172.21.15.46:3300/0 says I am v2:172.21.15.46:37958/0 (socket says 172.21.15.46:37958)
2024-04-24T06:03:19.466 INFO:teuthology.orchestra.run.smithi046.stdout:/usr/bin/ceph: stderr
2024-04-24T06:03:18.349+0000 7f0b59e00700 1 -- 172.21.15.46:0/2039086488 learned_addr learned my addr 172.21.15.46:0/2039086488 (peer_addr_for_me v2:172.21.15.46:0/0)
2024-04-24T06:03:19.466 INFO:teuthology.orchestra.run.smithi046.stdout:/usr/bin/ceph: stderr
2024-04-24T06:03:18.349+0000 7f0b59e00700 1 -- 172.21.15.46:0/2039086488 --> [v2:172.21.15.46:3300/0,v1:172.21.15.46:6789/0] -- mon_subscribe({config=0+,monmap=0+}) -- 0x7f0b541a3490 con 0x7f0b54110260
2024-04-24T06:03:19.466 INFO:teuthology.orchestra.run.smithi046.stdout:/usr/bin/ceph: stderr
2024-04-24T06:03:18.350+0000 7f0b59e00700 1 --2- 172.21.15.46:0/2039086488 >> [v2:172.21.15.46:3300/0,v1:172.21.15.46:6789/0] conn(0x7f0b54110260 0x7f0b541a2f50 secure :-1 s=READY pgs=79 cs=0 l=1 rev1=1 crypto rx=0x7f0b480117e0 tx=0x7f0b48011ba0 comp rx=0 tx=0).ready entity=mon.0 client_cookie=0 server_cookie=0 in_seq=0 out_seq=0
2024-04-24T06:03:19.466 INFO:teuthology.orchestra.run.smithi046.stdout:/usr/bin/ceph: stderr
2024-04-24T06:03:18.350+0000 7f0b4ea00700 1 -- 172.21.15.46:0/2039086488 <== mon.0 v2:172.21.15.46:3300/0 1 ==== mon_map magic: 0 ==== 205+0+0 (secure 0 0 0) 0x7f0b48003bf0 con 0x7f0b54110260
2024-04-24T06:03:19.466 INFO:teuthology.orchestra.run.smithi046.stdout:/usr/bin/ceph: stderr
2024-04-24T06:03:18.350+0000 7f0b4ea00700 1 -- 172.21.15.46:0/2039086488 <== mon.0 v2:172.21.15.46:3300/0 2 ==== config(27 keys) ==== 1140+0+0 (secure 0 0 0) 0x7f0b4801a910 con 0x7f0b54110260
2024-04-24T06:03:19.466 INFO:teuthology.orchestra.run.smithi046.stdout:/usr/bin/ceph: stderr
2024-04-24T06:03:18.350+0000 7f0b5b200700 1 -- 172.21.15.46:0/2039086488 --> [v2:172.21.15.46:3300/0,v1:172.21.15.46:6789/0] -- mon_subscribe({mgrmap=0+}) -- 0x7f0b541a3720 con 0x7f0b54110260
2024-04-24T06:03:19.466 INFO:teuthology.orchestra.run.smithi046.stdout:/usr/bin/ceph: stderr
2024-04-24T06:03:18.350+0000 7f0b4ea00700 1 -- 172.21.15.46:0/2039086488 <== mon.0 v2:172.21.15.46:3300/0 3 ==== mon_map magic: 0 ==== 205+0+0 (secure 0 0 0) 0x7f0b48024970 con 0x7f0b54110260
2024-04-24T06:03:19.466 INFO:teuthology.orchestra.run.smithi046.stdout:/usr/bin/ceph: stderr
2024-04-24T06:03:18.350+0000 7f0b5b200700 1 -- 172.21.15.46:0/2039086488 --> [v2:172.21.15.46:3300/0,v1:172.21.15.46:6789/0] -- mon_subscribe({osdmap=0}) -- 0x7f0b541a3b80 con 0x7f0b54110260
2024-04-24T06:03:19.466 INFO:teuthology.orchestra.run.smithi046.stdout:/usr/bin/ceph: stderr
2024-04-24T06:03:18.351+0000 7f0b4ea00700 1 -- 172.21.15.46:0/2039086488 <== mon.0 v2:172.21.15.46:3300/0 4 ==== mgrmap(e 13) ==== 46614+0+0 (secure 0 0 0) 0x7f0b48022020 con 0x7f0b54110260
2024-04-24T06:03:19.466 INFO:teuthology.orchestra.run.smithi046.stdout:/usr/bin/ceph: stderr
2024-04-24T06:03:18.351+0000 7f0b5b200700 1 -- 172.21.15.46:0/2039086488 --> [v2:172.21.15.46:3300/0,v1:172.21.15.46:6789/0] -- mon_command({"prefix": "get_command_descriptions"} v 0) -- 0x7f0b54113300 con 0x7f0b54110260
2024-04-24T06:03:19.466 INFO:teuthology.orchestra.run.smithi046.stdout:/usr/bin/ceph: stderr
2024-04-24T06:03:18.352+0000 7f0b4ea00700 1 --2- 172.21.15.46:0/2039086488 >> [v2:172.21.15.46:6800/3223392556,v1:172.21.15.46:6801/3223392556] conn(0x7f0b3c0396a0 0x7f0b3c03bb60 unknown :-1 s=NONE pgs=0 cs=0 l=1 rev1=0 crypto rx=0 tx=0 comp rx=0 tx=0).connect
2024-04-24T06:03:19.466 INFO:teuthology.orchestra.run.smithi046.stdout:/usr/bin/ceph: stderr
2024-04-24T06:03:18.352+0000 7f0b4ea00700 1 -- 172.21.15.46:0/2039086488 <== mon.0 v2:172.21.15.46:3300/0 5 ==== osd_map(3..3 src has 1..3) ==== 1155+0+0 (secure 0 0 0) 0x7f0b4804e150 con 0x7f0b54110260
2024-04-24T06:03:19.467 INFO:teuthology.orchestra.run.smithi046.stdout:/usr/bin/ceph: stderr
2024-04-24T06:03:18.352+0000 7f0b59400700 1 --2- 172.21.15.46:0/2039086488 >> [v2:172.21.15.46:6800/3223392556,v1:172.21.15.46:6801/3223392556] conn(0x7f0b3c0396a0 0x7f0b3c03bb60 unknown :-1 s=BANNER_CONNECTING pgs=0 cs=0 l=1 rev1=0 crypto rx=0 tx=0 comp rx=0 tx=0)._handle_peer_banner_payload supported=3 required=0
2024-04-24T06:03:19.467 INFO:teuthology.orchestra.run.smithi046.stdout:/usr/bin/ceph: stderr
2024-04-24T06:03:18.353+0000 7f0b59400700 1 --2- 172.21.15.46:0/2039086488 >> [v2:172.21.15.46:6800/3223392556,v1:172.21.15.46:6801/3223392556] conn(0x7f0b3c0396a0 0x7f0b3c03bb60 secure :-1 s=READY pgs=11 cs=0 l=1 rev1=1 crypto rx=0x7f0b44006fd0 tx=0x7f0b44006e40 comp rx=0 tx=0).ready entity=mgr.14152 client_cookie=0 server_cookie=0 in_seq=0 out_seq=0
2024-04-24T06:03:19.467 INFO:teuthology.orchestra.run.smithi046.stdout:/usr/bin/ceph: stderr
2024-04-24T06:03:18.357+0000 7f0b4ea00700 1 -- 172.21.15.46:0/2039086488 <== mon.0 v2:172.21.15.46:3300/0 6 ==== mon_command_ack([{"prefix": "get_command_descriptions"}]=0 v0) ==== 72+0+188370 (secure 0 0 0) 0x7f0b48010380 con 0x7f0b54110260
2024-04-24T06:03:19.467 INFO:teuthology.orchestra.run.smithi046.stdout:/usr/bin/ceph: stderr
2024-04-24T06:03:18.714+0000 7f0b5b200700 1 -- 172.21.15.46:0/2039086488 --> [v2:172.21.15.46:3300/0,v1:172.21.15.46:6789/0] -- mon_command([{prefix=config-key set, key=mgr/dashboard/cluster/status}] v 0) -- 0x7f0b5402dfe0 con 0x7f0b54110260
2024-04-24T06:03:19.467 INFO:teuthology.orchestra.run.smithi046.stdout:/usr/bin/ceph: stderr
2024-04-24T06:03:18.718+0000 7f0b4ea00700 1 -- 172.21.15.46:0/2039086488 <== mon.0 v2:172.21.15.46:3300/0 7 ==== mon_command_ack([{prefix=config-key set, key=mgr/dashboard/cluster/status}]=0 set mgr/dashboard/cluster/status v28)=0 set mgr/dashboard/cluster/status v28) ==== 153+0+0 (secure 0 0 0) 0x7f0b480212c0 con 0x7f0b54110260
2024-04-24T06:03:19.467 INFO:teuthology.orchestra.run.smithi046.stdout:/usr/bin/ceph: stderr
2024-04-24T06:03:18.722+0000 7f0b5b200700 1 -- 172.21.15.46:0/2039086488 >> [v2:172.21.15.46:6800/3223392556,v1:172.21.15.46:6801/3223392556] conn(0x7f0b3c0396a0 msgr2=0x7f0b3c03bb60 secure :-1 s=STATE_CONNECTION_ESTABLISHED l=1).mark_down
2024-04-24T06:03:19.467 INFO:teuthology.orchestra.run.smithi046.stdout:/usr/bin/ceph: stderr
2024-04-24T06:03:18.722+0000 7f0b5b200700 1 --2- 172.21.15.46:0/2039086488 >> [v2:172.21.15.46:6800/3223392556,v1:172.21.15.46:6801/3223392556] conn(0x7f0b3c0396a0 0x7f0b3c03bb60 secure :-1 s=READY pgs=11 cs=0 l=1 rev1=1 crypto rx=0x7f0b44006fd0 tx=0x7f0b44006e40 comp rx=0 tx=0).stop
2024-04-24T06:03:19.467 INFO:teuthology.orchestra.run.smithi046.stdout:/usr/bin/ceph: stderr
2024-04-24T06:03:18.722+0000 7f0b5b200700 1 -- 172.21.15.46:0/2039086488 >> [v2:172.21.15.46:3300/0,v1:172.21.15.46:6789/0] conn(0x7f0b54110260 msgr2=0x7f0b541a2f50 secure :-1 s=STATE_CONNECTION_ESTABLISHED l=1).mark_down
2024-04-24T06:03:19.467 INFO:teuthology.orchestra.run.smithi046.stdout:/usr/bin/ceph: stderr
2024-04-24T06:03:18.722+0000 7f0b5b200700 1 --2- 172.21.15.46:0/2039086488 >> [v2:172.21.15.46:3300/0,v1:172.21.15.46:6789/0] conn(0x7f0b54110260 0x7f0b541a2f50 secure :-1 s=READY pgs=79 cs=0 l=1 rev1=1 crypto rx=0x7f0b480117e0 tx=0x7f0b48011ba0 comp rx=0 tx=0).stop
2024-04-24T06:03:19.467 INFO:teuthology.orchestra.run.smithi046.stdout:/usr/bin/ceph: stderr
2024-04-24T06:03:18.722+0000 7f0b5b200700 1 -- 172.21.15.46:0/2039086488 shutdown_connections
2024-04-24T06:03:19.467 INFO:teuthology.orchestra.run.smithi046.stdout:/usr/bin/ceph: stderr
2024-04-24T06:03:18.722+0000 7f0b5b200700 1 --2- 172.21.15.46:0/2039086488 >> [v2:172.21.15.46:6800/3223392556,v1:172.21.15.46:6801/3223392556] conn(0x7f0b3c0396a0 0x7f0b3c03bb60 unknown :-1 s=CLOSED pgs=11 cs=0 l=1 rev1=1 crypto rx=0 tx=0 comp rx=0 tx=0).stop
2024-04-24T06:03:19.467 INFO:teuthology.orchestra.run.smithi046.stdout:/usr/bin/ceph: stderr
2024-04-24T06:03:18.722+0000 7f0b5b200700 1 --2- 172.21.15.46:0/2039086488 >> [v2:172.21.15.46:3300/0,v1:172.21.15.46:6789/0] conn(0x7f0b54110260 0x7f0b541a2f50 unknown :-1 s=CLOSED pgs=79 cs=0 l=1 rev1=1 crypto rx=0 tx=0 comp rx=0 tx=0).stop
2024-04-24T06:03:19.467 INFO:teuthology.orchestra.run.smithi046.stdout:/usr/bin/ceph: stderr
2024-04-24T06:03:18.722+0000 7f0b5b200700 1 -- 172.21.15.46:0/2039086488 >> 172.21.15.46:0/2039086488 conn(0x7f0b5407dbe0 msgr2=0x7f0b5407e880 unknown :-1 s=STATE_NONE l=0).mark_down
2024-04-24T06:03:19.468 INFO:teuthology.orchestra.run.smithi046.stdout:/usr/bin/ceph: stderr
2024-04-24T06:03:18.722+0000 7f0b5b200700 1 -- 172.21.15.46:0/2039086488 shutdown_connections
2024-04-24T06:03:19.468 INFO:teuthology.orchestra.run.smithi046.stdout:/usr/bin/ceph: stderr
2024-04-24T06:03:18.722+0000 7f0b5b200700 1 -- 172.21.15.46:0/2039086488 wait complete.
2024-04-24T06:03:19.468 INFO:teuthology.orchestra.run.smithi046.stdout:/usr/bin/ceph: stderr set mgr/dashboard/cluster/status
2024-04-24T06:03:19.468 INFO:teuthology.orchestra.run.smithi046.stdout:You can access the Ceph CLI as following in case of multi-cluster or non-default config:
2024-04-24T06:03:19.468 INFO:teuthology.orchestra.run.smithi046.stdout:
2024-04-24T06:03:19.468 INFO:teuthology.orchestra.run.smithi046.stdout: sudo /home/ubuntu/cephtest/cephadm shell --fsid 0296c0a4-0200-11ef-bc93-c7b262605968 -c /etc/ceph/ceph.conf -k /etc/ceph/ceph.client.admin.keyring
2024-04-24T06:03:19.468 INFO:teuthology.orchestra.run.smithi046.stdout:
2024-04-24T06:03:19.468 INFO:teuthology.orchestra.run.smithi046.stdout:Or, if you are only running a single cluster on this host:
2024-04-24T06:03:19.468 INFO:teuthology.orchestra.run.smithi046.stdout:
2024-04-24T06:03:19.468 INFO:teuthology.orchestra.run.smithi046.stdout: sudo /home/ubuntu/cephtest/cephadm shell
2024-04-24T06:03:19.468 INFO:teuthology.orchestra.run.smithi046.stdout:
2024-04-24T06:03:19.468 INFO:teuthology.orchestra.run.smithi046.stdout:Please consider enabling telemetry to help improve Ceph:
2024-04-24T06:03:19.468 INFO:teuthology.orchestra.run.smithi046.stdout:
2024-04-24T06:03:19.468 INFO:teuthology.orchestra.run.smithi046.stdout: ceph telemetry on
2024-04-24T06:03:19.469 INFO:teuthology.orchestra.run.smithi046.stdout:
2024-04-24T06:03:19.469 INFO:teuthology.orchestra.run.smithi046.stdout:For more information see:
2024-04-24T06:03:19.469 INFO:teuthology.orchestra.run.smithi046.stdout:
2024-04-24T06:03:19.469 INFO:teuthology.orchestra.run.smithi046.stdout: https://docs.ceph.com/en/latest/mgr/telemetry/
2024-04-24T06:03:19.469 INFO:teuthology.orchestra.run.smithi046.stdout:
2024-04-24T06:03:19.469 INFO:teuthology.orchestra.run.smithi046.stdout:Bootstrap complete.
2024-04-24T06:03:19.547 INFO:tasks.cephadm:Fetching config...
2024-04-24T06:03:19.548 DEBUG:teuthology.orchestra.run.smithi046:> set -ex
2024-04-24T06:03:19.548 DEBUG:teuthology.orchestra.run.smithi046:> dd if=/etc/ceph/ceph.conf of=/dev/stdout
2024-04-24T06:03:19.600 INFO:tasks.cephadm:Fetching client.admin keyring...
2024-04-24T06:03:19.600 DEBUG:teuthology.orchestra.run.smithi046:> set -ex
