2024-04-24T06:02:36.533 INFO:journalctl@ceph.mon.a.smithi046.stdout:Apr 24 06:02:36 smithi046 ceph-mon[28324]: [24/Apr/2024:06:02:35] ENGINE Serving on http://172.21.15.46:8765
2024-04-24T06:02:36.533 INFO:journalctl@ceph.mon.a.smithi046.stdout:Apr 24 06:02:36 smithi046 ceph-mon[28324]: [24/Apr/2024:06:02:35] ENGINE Bus STARTED
2024-04-24T06:02:36.533 INFO:journalctl@ceph.mon.a.smithi046.stdout:Apr 24 06:02:36 smithi046 ceph-mon[28324]: from='mgr.14120 172.21.15.46:0/3078392188' entity='mgr.x' cmd=[{"prefix": "config dump", "format": "json"}]: dispatch
2024-04-24T06:02:36.533 INFO:journalctl@ceph.mon.a.smithi046.stdout:Apr 24 06:02:36 smithi046 ceph-mon[28324]: from='client.14132 -' entity='client.admin' cmd=[{"prefix": "orch set backend", "module_name": "cephadm", "target": ["mon-mgr", ""]}]: dispatch
2024-04-24T06:02:36.533 INFO:journalctl@ceph.mon.a.smithi046.stdout:Apr 24 06:02:36 smithi046 ceph-mon[28324]: from='mgr.14120 172.21.15.46:0/3078392188' entity='mgr.x'
2024-04-24T06:02:36.533 INFO:journalctl@ceph.mon.a.smithi046.stdout:Apr 24 06:02:36 smithi046 ceph-mon[28324]: from='mgr.14120 172.21.15.46:0/3078392188' entity='mgr.x' cmd=[{"prefix": "config dump", "format": "json"}]: dispatch
2024-04-24T06:02:36.544 INFO:teuthology.orchestra.run.smithi046.stdout:/usr/bin/ceph: stderr
2024-04-24T06:02:35.602+0000 7f2f01400700 1 Processor -- start
2024-04-24T06:02:36.545 INFO:teuthology.orchestra.run.smithi046.stdout:/usr/bin/ceph: stderr
2024-04-24T06:02:35.602+0000 7f2f01400700 1 -- start start
2024-04-24T06:02:36.545 INFO:teuthology.orchestra.run.smithi046.stdout:/usr/bin/ceph: stderr
2024-04-24T06:02:35.603+0000 7f2f01400700 1 --2- >> [v2:172.21.15.46:3300/0,v1:172.21.15.46:6789/0] conn(0x7f2efc10a960 0x7f2efc10ad80 unknown :-1 s=NONE pgs=0 cs=0 l=0 rev1=0 crypto rx=0 tx=0 comp rx=0 tx=0).connect
2024-04-24T06:02:36.545 INFO:teuthology.orchestra.run.smithi046.stdout:/usr/bin/ceph: stderr
2024-04-24T06:02:35.603+0000 7f2f01400700 1 -- --> [v2:172.21.15.46:3300/0,v1:172.21.15.46:6789/0] -- mon_getmap magic: 0 -- 0x7f2efc10b350 con 0x7f2efc10a960
2024-04-24T06:02:36.545 INFO:teuthology.orchestra.run.smithi046.stdout:/usr/bin/ceph: stderr
2024-04-24T06:02:35.603+0000 7f2efa800700 1 --2- >> [v2:172.21.15.46:3300/0,v1:172.21.15.46:6789/0] conn(0x7f2efc10a960 0x7f2efc10ad80 unknown :-1 s=BANNER_CONNECTING pgs=0 cs=0 l=0 rev1=0 crypto rx=0 tx=0 comp rx=0 tx=0)._handle_peer_banner_payload supported=3 required=0
2024-04-24T06:02:36.545 INFO:teuthology.orchestra.run.smithi046.stdout:/usr/bin/ceph: stderr
2024-04-24T06:02:35.603+0000 7f2efa800700 1 --2- >> [v2:172.21.15.46:3300/0,v1:172.21.15.46:6789/0] conn(0x7f2efc10a960 0x7f2efc10ad80 unknown :-1 s=HELLO_CONNECTING pgs=0 cs=0 l=0 rev1=1 crypto rx=0 tx=0 comp rx=0 tx=0).handle_hello peer v2:172.21.15.46:3300/0 says I am v2:172.21.15.46:35202/0 (socket says 172.21.15.46:35202)
2024-04-24T06:02:36.545 INFO:teuthology.orchestra.run.smithi046.stdout:/usr/bin/ceph: stderr
2024-04-24T06:02:35.603+0000 7f2efa800700 1 -- 172.21.15.46:0/3987102428 learned_addr learned my addr 172.21.15.46:0/3987102428 (peer_addr_for_me v2:172.21.15.46:0/0)
2024-04-24T06:02:36.545 INFO:teuthology.orchestra.run.smithi046.stdout:/usr/bin/ceph: stderr
2024-04-24T06:02:35.604+0000 7f2efa800700 1 -- 172.21.15.46:0/3987102428 --> [v2:172.21.15.46:3300/0,v1:172.21.15.46:6789/0] -- mon_subscribe({config=0+,monmap=0+}) -- 0x7f2efc10bb30 con 0x7f2efc10a960
2024-04-24T06:02:36.545 INFO:teuthology.orchestra.run.smithi046.stdout:/usr/bin/ceph: stderr
2024-04-24T06:02:35.604+0000 7f2efa800700 1 --2- 172.21.15.46:0/3987102428 >> [v2:172.21.15.46:3300/0,v1:172.21.15.46:6789/0] conn(0x7f2efc10a960 0x7f2efc10ad80 secure :-1 s=READY pgs=37 cs=0 l=1 rev1=1 crypto rx=0x7f2eec0098a0 tx=0x7f2eec009bb0 comp rx=0 tx=0).ready entity=mon.0 client_cookie=da00f0f6ff977c81 server_cookie=0 in_seq=0 out_seq=0
2024-04-24T06:02:36.545 INFO:teuthology.orchestra.run.smithi046.stdout:/usr/bin/ceph: stderr
2024-04-24T06:02:35.605+0000 7f2ef9400700 1 -- 172.21.15.46:0/3987102428 <== mon.0 v2:172.21.15.46:3300/0 1 ==== mon_map magic: 0 ==== 205+0+0 (secure 0 0 0) 0x7f2eec004160 con 0x7f2efc10a960
2024-04-24T06:02:36.545 INFO:teuthology.orchestra.run.smithi046.stdout:/usr/bin/ceph: stderr
2024-04-24T06:02:35.605+0000 7f2ef9400700 1 -- 172.21.15.46:0/3987102428 <== mon.0 v2:172.21.15.46:3300/0 2 ==== config(27 keys) ==== 1109+0+0 (secure 0 0 0) 0x7f2eec004300 con 0x7f2efc10a960
2024-04-24T06:02:36.545 INFO:teuthology.orchestra.run.smithi046.stdout:/usr/bin/ceph: stderr
2024-04-24T06:02:35.605+0000 7f2ef9400700 1 -- 172.21.15.46:0/3987102428 <== mon.0 v2:172.21.15.46:3300/0 3 ==== mon_map magic: 0 ==== 205+0+0 (secure 0 0 0) 0x7f2eec011b50 con 0x7f2efc10a960
2024-04-24T06:02:36.545 INFO:teuthology.orchestra.run.smithi046.stdout:/usr/bin/ceph: stderr
2024-04-24T06:02:35.606+0000 7f2f01400700 1 -- 172.21.15.46:0/3987102428 >> [v2:172.21.15.46:3300/0,v1:172.21.15.46:6789/0] conn(0x7f2efc10a960 msgr2=0x7f2efc10ad80 secure :-1 s=STATE_CONNECTION_ESTABLISHED l=1).mark_down
2024-04-24T06:02:36.545 INFO:teuthology.orchestra.run.smithi046.stdout:/usr/bin/ceph: stderr
2024-04-24T06:02:35.606+0000 7f2f01400700 1 --2- 172.21.15.46:0/3987102428 >> [v2:172.21.15.46:3300/0,v1:172.21.15.46:6789/0] conn(0x7f2efc10a960 0x7f2efc10ad80 secure :-1 s=READY pgs=37 cs=0 l=1 rev1=1 crypto rx=0x7f2eec0098a0 tx=0x7f2eec009bb0 comp rx=0 tx=0).stop
2024-04-24T06:02:36.546 INFO:teuthology.orchestra.run.smithi046.stdout:/usr/bin/ceph: stderr
2024-04-24T06:02:35.606+0000 7f2f01400700 1 -- 172.21.15.46:0/3987102428 shutdown_connections
2024-04-24T06:02:36.546 INFO:teuthology.orchestra.run.smithi046.stdout:/usr/bin/ceph: stderr
2024-04-24T06:02:35.606+0000 7f2f01400700 1 --2- 172.21.15.46:0/3987102428 >> [v2:172.21.15.46:3300/0,v1:172.21.15.46:6789/0] conn(0x7f2efc10a960 0x7f2efc10ad80 unknown :-1 s=CLOSED pgs=37 cs=0 l=1 rev1=1 crypto rx=0 tx=0 comp rx=0 tx=0).stop
2024-04-24T06:02:36.546 INFO:teuthology.orchestra.run.smithi046.stdout:/usr/bin/ceph: stderr
2024-04-24T06:02:35.606+0000 7f2f01400700 1 -- 172.21.15.46:0/3987102428 >> 172.21.15.46:0/3987102428 conn(0x7f2efc07dd80 msgr2=0x7f2efc07e190 unknown :-1 s=STATE_NONE l=0).mark_down
2024-04-24T06:02:36.546 INFO:teuthology.orchestra.run.smithi046.stdout:/usr/bin/ceph: stderr
2024-04-24T06:02:35.606+0000 7f2f01400700 1 -- 172.21.15.46:0/3987102428 shutdown_connections
2024-04-24T06:02:36.546 INFO:teuthology.orchestra.run.smithi046.stdout:/usr/bin/ceph: stderr
2024-04-24T06:02:35.606+0000 7f2f01400700 1 -- 172.21.15.46:0/3987102428 wait complete.
2024-04-24T06:02:36.546 INFO:teuthology.orchestra.run.smithi046.stdout:/usr/bin/ceph: stderr
2024-04-24T06:02:35.607+0000 7f2f01400700 1 Processor -- start
2024-04-24T06:02:36.546 INFO:teuthology.orchestra.run.smithi046.stdout:/usr/bin/ceph: stderr
2024-04-24T06:02:35.607+0000 7f2f01400700 1 -- start start
2024-04-24T06:02:36.546 INFO:teuthology.orchestra.run.smithi046.stdout:/usr/bin/ceph: stderr
2024-04-24T06:02:35.607+0000 7f2f01400700 1 --2- >> [v2:172.21.15.46:3300/0,v1:172.21.15.46:6789/0] conn(0x7f2efc10a960 0x7f2efc19ec50 unknown :-1 s=NONE pgs=0 cs=0 l=1 rev1=0 crypto rx=0 tx=0 comp rx=0 tx=0).connect
2024-04-24T06:02:36.549 INFO:teuthology.orchestra.run.smithi046.stdout:/usr/bin/ceph: stderr
2024-04-24T06:02:35.607+0000 7f2f01400700 1 -- --> [v2:172.21.15.46:3300/0,v1:172.21.15.46:6789/0] -- mon_getmap magic: 0 -- 0x7f2efc10eee0 con 0x7f2efc10a960
2024-04-24T06:02:36.549 INFO:teuthology.orchestra.run.smithi046.stdout:/usr/bin/ceph: stderr
2024-04-24T06:02:35.608+0000 7f2efa800700 1 --2- >> [v2:172.21.15.46:3300/0,v1:172.21.15.46:6789/0] conn(0x7f2efc10a960 0x7f2efc19ec50 unknown :-1 s=BANNER_CONNECTING pgs=0 cs=0 l=1 rev1=0 crypto rx=0 tx=0 comp rx=0 tx=0)._handle_peer_banner_payload supported=3 required=0
2024-04-24T06:02:36.550 INFO:teuthology.orchestra.run.smithi046.stdout:/usr/bin/ceph: stderr
2024-04-24T06:02:35.608+0000 7f2efa800700 1 --2- >> [v2:172.21.15.46:3300/0,v1:172.21.15.46:6789/0] conn(0x7f2efc10a960 0x7f2efc19ec50 unknown :-1 s=HELLO_CONNECTING pgs=0 cs=0 l=1 rev1=1 crypto rx=0 tx=0 comp rx=0 tx=0).handle_hello peer v2:172.21.15.46:3300/0 says I am v2:172.21.15.46:35208/0 (socket says 172.21.15.46:35208)
2024-04-24T06:02:36.550 INFO:teuthology.orchestra.run.smithi046.stdout:/usr/bin/ceph: stderr
2024-04-24T06:02:35.608+0000 7f2efa800700 1 -- 172.21.15.46:0/905981965 learned_addr learned my addr 172.21.15.46:0/905981965 (peer_addr_for_me v2:172.21.15.46:0/0)
2024-04-24T06:02:36.550 INFO:teuthology.orchestra.run.smithi046.stdout:/usr/bin/ceph: stderr
2024-04-24T06:02:35.608+0000 7f2efa800700 1 -- 172.21.15.46:0/905981965 --> [v2:172.21.15.46:3300/0,v1:172.21.15.46:6789/0] -- mon_subscribe({config=0+,monmap=0+}) -- 0x7f2efc19f190 con 0x7f2efc10a960
2024-04-24T06:02:36.550 INFO:teuthology.orchestra.run.smithi046.stdout:/usr/bin/ceph: stderr
2024-04-24T06:02:35.608+0000 7f2efa800700 1 --2- 172.21.15.46:0/905981965 >> [v2:172.21.15.46:3300/0,v1:172.21.15.46:6789/0] conn(0x7f2efc10a960 0x7f2efc19ec50 secure :-1 s=READY pgs=38 cs=0 l=1 rev1=1 crypto rx=0x7f2eec009fb0 tx=0x7f2eec011bf0 comp rx=0 tx=0).ready entity=mon.0 client_cookie=0 server_cookie=0 in_seq=0 out_seq=0
2024-04-24T06:02:36.550 INFO:teuthology.orchestra.run.smithi046.stdout:/usr/bin/ceph: stderr
2024-04-24T06:02:35.609+0000 7f2ef3400700 1 -- 172.21.15.46:0/905981965 <== mon.0 v2:172.21.15.46:3300/0 1 ==== mon_map magic: 0 ==== 205+0+0 (secure 0 0 0) 0x7f2eec0038b0 con 0x7f2efc10a960
2024-04-24T06:02:36.550 INFO:teuthology.orchestra.run.smithi046.stdout:/usr/bin/ceph: stderr
2024-04-24T06:02:35.609+0000 7f2ef3400700 1 -- 172.21.15.46:0/905981965 <== mon.0 v2:172.21.15.46:3300/0 2 ==== config(27 keys) ==== 1109+0+0 (secure 0 0 0) 0x7f2eec011e50 con 0x7f2efc10a960
2024-04-24T06:02:36.550 INFO:teuthology.orchestra.run.smithi046.stdout:/usr/bin/ceph: stderr
2024-04-24T06:02:35.609+0000 7f2ef3400700 1 -- 172.21.15.46:0/905981965 <== mon.0 v2:172.21.15.46:3300/0 3 ==== mon_map magic: 0 ==== 205+0+0 (secure 0 0 0) 0x7f2eec019550 con 0x7f2efc10a960
2024-04-24T06:02:36.550 INFO:teuthology.orchestra.run.smithi046.stdout:/usr/bin/ceph: stderr
2024-04-24T06:02:35.609+0000 7f2f01400700 1 -- 172.21.15.46:0/905981965 --> [v2:172.21.15.46:3300/0,v1:172.21.15.46:6789/0] -- mon_subscribe({mgrmap=0+}) -- 0x7f2efc19f420 con 0x7f2efc10a960
2024-04-24T06:02:36.550 INFO:teuthology.orchestra.run.smithi046.stdout:/usr/bin/ceph: stderr
2024-04-24T06:02:35.609+0000 7f2f01400700 1 -- 172.21.15.46:0/905981965 --> [v2:172.21.15.46:3300/0,v1:172.21.15.46:6789/0] -- mon_subscribe({osdmap=0}) -- 0x7f2efc1a2110 con 0x7f2efc10a960
2024-04-24T06:02:36.550 INFO:teuthology.orchestra.run.smithi046.stdout:/usr/bin/ceph: stderr
2024-04-24T06:02:35.610+0000 7f2ef3400700 1 -- 172.21.15.46:0/905981965 <== mon.0 v2:172.21.15.46:3300/0 4 ==== mgrmap(e 8) ==== 46558+0+0 (secure 0 0 0) 0x7f2eec003a50 con 0x7f2efc10a960
2024-04-24T06:02:36.550 INFO:teuthology.orchestra.run.smithi046.stdout:/usr/bin/ceph: stderr
2024-04-24T06:02:35.610+0000 7f2f01400700 1 -- 172.21.15.46:0/905981965 --> [v2:172.21.15.46:3300/0,v1:172.21.15.46:6789/0] -- mon_command({"prefix": "get_command_descriptions"} v 0) -- 0x7f2efc064150 con 0x7f2efc10a960
2024-04-24T06:02:36.550 INFO:teuthology.orchestra.run.smithi046.stdout:/usr/bin/ceph: stderr
2024-04-24T06:02:35.611+0000 7f2ef3400700 1 --2- 172.21.15.46:0/905981965 >> [v2:172.21.15.46:6800/2320238426,v1:172.21.15.46:6801/2320238426] conn(0x7f2ee00395b0 0x7f2ee003ba70 unknown :-1 s=NONE pgs=0 cs=0 l=1 rev1=0 crypto rx=0 tx=0 comp rx=0 tx=0).connect
2024-04-24T06:02:36.551 INFO:teuthology.orchestra.run.smithi046.stdout:/usr/bin/ceph: stderr
2024-04-24T06:02:35.611+0000 7f2ef3400700 1 -- 172.21.15.46:0/905981965 <== mon.0 v2:172.21.15.46:3300/0 5 ==== osd_map(2..2 src has 1..2) ==== 940+0+0 (secure 0 0 0) 0x7f2eec04da30 con 0x7f2efc10a960
2024-04-24T06:02:36.551 INFO:teuthology.orchestra.run.smithi046.stdout:/usr/bin/ceph: stderr
2024-04-24T06:02:35.611+0000 7f2ef9e00700 1 --2- 172.21.15.46:0/905981965 >> [v2:172.21.15.46:6800/2320238426,v1:172.21.15.46:6801/2320238426] conn(0x7f2ee00395b0 0x7f2ee003ba70 unknown :-1 s=BANNER_CONNECTING pgs=0 cs=0 l=1 rev1=0 crypto rx=0 tx=0 comp rx=0 tx=0)._handle_peer_banner_payload supported=3 required=0
2024-04-24T06:02:36.551 INFO:teuthology.orchestra.run.smithi046.stdout:/usr/bin/ceph: stderr
2024-04-24T06:02:35.612+0000 7f2ef9e00700 1 --2- 172.21.15.46:0/905981965 >> [v2:172.21.15.46:6800/2320238426,v1:172.21.15.46:6801/2320238426] conn(0x7f2ee00395b0 0x7f2ee003ba70 secure :-1 s=READY pgs=7 cs=0 l=1 rev1=1 crypto rx=0x7f2ee8006fd0 tx=0x7f2ee8006e40 comp rx=0 tx=0).ready entity=mgr.14120 client_cookie=0 server_cookie=0 in_seq=0 out_seq=0
2024-04-24T06:02:36.551 INFO:teuthology.orchestra.run.smithi046.stdout:/usr/bin/ceph: stderr
2024-04-24T06:02:35.617+0000 7f2ef3400700 1 -- 172.21.15.46:0/905981965 <== mon.0 v2:172.21.15.46:3300/0 6 ==== mon_command_ack([{"prefix": "get_command_descriptions"}]=0 v0) ==== 72+0+188370 (secure 0 0 0) 0x7f2eec04d380 con 0x7f2efc10a960
2024-04-24T06:02:36.551 INFO:teuthology.orchestra.run.smithi046.stdout:/usr/bin/ceph: stderr
2024-04-24T06:02:35.864+0000 7f2f01400700 1 -- 172.21.15.46:0/905981965 --> [v2:172.21.15.46:6800/2320238426,v1:172.21.15.46:6801/2320238426] -- mgr_command(tid 0: {"prefix": "orch set backend", "module_name": "cephadm", "target": ["mon-mgr", ""]}) -- 0x7f2efc02e050 con 0x7f2ee00395b0
2024-04-24T06:02:36.551 INFO:teuthology.orchestra.run.smithi046.stdout:/usr/bin/ceph: stderr
2024-04-24T06:02:35.877+0000 7f2ef3400700 1 -- 172.21.15.46:0/905981965 <== mgr.14120 v2:172.21.15.46:6800/2320238426 1 ==== mgr_command_reply(tid 0: 0 ) ==== 8+0+0 (secure 0 0 0) 0x7f2efc02e050 con 0x7f2ee00395b0
2024-04-24T06:02:36.551 INFO:teuthology.orchestra.run.smithi046.stdout:/usr/bin/ceph: stderr
2024-04-24T06:02:35.880+0000 7f2f01400700 1 -- 172.21.15.46:0/905981965 >> [v2:172.21.15.46:6800/2320238426,v1:172.21.15.46:6801/2320238426] conn(0x7f2ee00395b0 msgr2=0x7f2ee003ba70 secure :-1 s=STATE_CONNECTION_ESTABLISHED l=1).mark_down
2024-04-24T06:02:36.551 INFO:teuthology.orchestra.run.smithi046.stdout:/usr/bin/ceph: stderr
2024-04-24T06:02:35.880+0000 7f2f01400700 1 --2- 172.21.15.46:0/905981965 >> [v2:172.21.15.46:6800/2320238426,v1:172.21.15.46:6801/2320238426] conn(0x7f2ee00395b0 0x7f2ee003ba70 secure :-1 s=READY pgs=7 cs=0 l=1 rev1=1 crypto rx=0x7f2ee8006fd0 tx=0x7f2ee8006e40 comp rx=0 tx=0).stop
2024-04-24T06:02:36.551 INFO:teuthology.orchestra.run.smithi046.stdout:/usr/bin/ceph: stderr
2024-04-24T06:02:35.880+0000 7f2f01400700 1 -- 172.21.15.46:0/905981965 >> [v2:172.21.15.46:3300/0,v1:172.21.15.46:6789/0] conn(0x7f2efc10a960 msgr2=0x7f2efc19ec50 secure :-1 s=STATE_CONNECTION_ESTABLISHED l=1).mark_down
2024-04-24T06:02:36.551 INFO:teuthology.orchestra.run.smithi046.stdout:/usr/bin/ceph: stderr
2024-04-24T06:02:35.880+0000 7f2f01400700 1 --2- 172.21.15.46:0/905981965 >> [v2:172.21.15.46:3300/0,v1:172.21.15.46:6789/0] conn(0x7f2efc10a960 0x7f2efc19ec50 secure :-1 s=READY pgs=38 cs=0 l=1 rev1=1 crypto rx=0x7f2eec009fb0 tx=0x7f2eec011bf0 comp rx=0 tx=0).stop
2024-04-24T06:02:36.551 INFO:teuthology.orchestra.run.smithi046.stdout:/usr/bin/ceph: stderr
2024-04-24T06:02:35.880+0000 7f2f01400700 1 -- 172.21.15.46:0/905981965 shutdown_connections
2024-04-24T06:02:36.551 INFO:teuthology.orchestra.run.smithi046.stdout:/usr/bin/ceph: stderr
2024-04-24T06:02:35.880+0000 7f2f01400700 1 --2- 172.21.15.46:0/905981965 >> [v2:172.21.15.46:6800/2320238426,v1:172.21.15.46:6801/2320238426] conn(0x7f2ee00395b0 0x7f2ee003ba70 unknown :-1 s=CLOSED pgs=7 cs=0 l=1 rev1=1 crypto rx=0 tx=0 comp rx=0 tx=0).stop
2024-04-24T06:02:36.551 INFO:teuthology.orchestra.run.smithi046.stdout:/usr/bin/ceph: stderr
2024-04-24T06:02:35.880+0000 7f2f01400700 1 --2- 172.21.15.46:0/905981965 >> [v2:172.21.15.46:3300/0,v1:172.21.15.46:6789/0] conn(0x7f2efc10a960 0x7f2efc19ec50 unknown :-1 s=CLOSED pgs=38 cs=0 l=1 rev1=1 crypto rx=0 tx=0 comp rx=0 tx=0).stop
2024-04-24T06:02:36.551 INFO:teuthology.orchestra.run.smithi046.stdout:/usr/bin/ceph: stderr
2024-04-24T06:02:35.880+0000 7f2f01400700 1 -- 172.21.15.46:0/905981965 >> 172.21.15.46:0/905981965 conn(0x7f2efc07dd80 msgr2=0x7f2efc108780 unknown :-1 s=STATE_NONE l=0).mark_down
2024-04-24T06:02:36.552 INFO:teuthology.orchestra.run.smithi046.stdout:/usr/bin/ceph: stderr
2024-04-24T06:02:35.881+0000 7f2f01400700 1 -- 172.21.15.46:0/905981965 shutdown_connections
2024-04-24T06:02:36.552 INFO:teuthology.orchestra.run.smithi046.stdout:/usr/bin/ceph: stderr
2024-04-24T06:02:35.881+0000 7f2f01400700 1 -- 172.21.15.46:0/905981965 wait complete.
2024-04-24T06:02:38.091 INFO:teuthology.orchestra.run.smithi046.stdout:/usr/bin/ceph: stdout value unchanged
2024-04-24T06:02:38.093 INFO:teuthology.orchestra.run.smithi046.stdout:/usr/bin/ceph: stderr
2024-04-24T06:02:37.157+0000 7f28c9200700 1 Processor -- start
2024-04-24T06:02:38.093 INFO:teuthology.orchestra.run.smithi046.stdout:/usr/bin/ceph: stderr
2024-04-24T06:02:37.157+0000 7f28c9200700 1 -- start start
2024-04-24T06:02:38.093 INFO:teuthology.orchestra.run.smithi046.stdout:/usr/bin/ceph: stderr
2024-04-24T06:02:37.158+0000 7f28c9200700 1 --2- >> [v2:172.21.15.46:3300/0,v1:172.21.15.46:6789/0] conn(0x7f28c4108740 0x7f28c4108b60 unknown :-1 s=NONE pgs=0 cs=0 l=0 rev1=0 crypto rx=0 tx=0 comp rx=0 tx=0).connect
2024-04-24T06:02:38.093 INFO:teuthology.orchestra.run.smithi046.stdout:/usr/bin/ceph: stderr
2024-04-24T06:02:37.158+0000 7f28c9200700 1 -- --> [v2:172.21.15.46:3300/0,v1:172.21.15.46:6789/0] -- mon_getmap magic: 0 -- 0x7f28c4109130 con 0x7f28c4108740
2024-04-24T06:02:38.093 INFO:teuthology.orchestra.run.smithi046.stdout:/usr/bin/ceph: stderr
2024-04-24T06:02:37.158+0000 7f28c1e00700 1 --2- >> [v2:172.21.15.46:3300/0,v1:172.21.15.46:6789/0] conn(0x7f28c4108740 0x7f28c4108b60 unknown :-1 s=BANNER_CONNECTING pgs=0 cs=0 l=0 rev1=0 crypto rx=0 tx=0 comp rx=0 tx=0)._handle_peer_banner_payload supported=3 required=0
2024-04-24T06:02:38.093 INFO:teuthology.orchestra.run.smithi046.stdout:/usr/bin/ceph: stderr
2024-04-24T06:02:37.158+0000 7f28c1e00700 1 --2- >> [v2:172.21.15.46:3300/0,v1:172.21.15.46:6789/0] conn(0x7f28c4108740 0x7f28c4108b60 unknown :-1 s=HELLO_CONNECTING pgs=0 cs=0 l=0 rev1=1 crypto rx=0 tx=0 comp rx=0 tx=0).handle_hello peer v2:172.21.15.46:3300/0 says I am v2:172.21.15.46:35220/0 (socket says 172.21.15.46:35220)
2024-04-24T06:02:38.094 INFO:teuthology.orchestra.run.smithi046.stdout:/usr/bin/ceph: stderr
2024-04-24T06:02:37.158+0000 7f28c1e00700 1 -- 172.21.15.46:0/1414274676 learned_addr learned my addr 172.21.15.46:0/1414274676 (peer_addr_for_me v2:172.21.15.46:0/0)
2024-04-24T06:02:38.094 INFO:teuthology.orchestra.run.smithi046.stdout:/usr/bin/ceph: stderr
2024-04-24T06:02:37.159+0000 7f28c1e00700 1 -- 172.21.15.46:0/1414274676 --> [v2:172.21.15.46:3300/0,v1:172.21.15.46:6789/0] -- mon_subscribe({config=0+,monmap=0+}) -- 0x7f28c41098f0 con 0x7f28c4108740
2024-04-24T06:02:38.094 INFO:teuthology.orchestra.run.smithi046.stdout:/usr/bin/ceph: stderr
2024-04-24T06:02:37.159+0000 7f28c1e00700 1 --2- 172.21.15.46:0/1414274676 >> [v2:172.21.15.46:3300/0,v1:172.21.15.46:6789/0] conn(0x7f28c4108740 0x7f28c4108b60 secure :-1 s=READY pgs=39 cs=0 l=1 rev1=1 crypto rx=0x7f28b4009e80 tx=0x7f28b400b330 comp rx=0 tx=0).ready entity=mon.0 client_cookie=1850bea4d8e5e54a server_cookie=0 in_seq=0 out_seq=0
2024-04-24T06:02:38.094 INFO:teuthology.orchestra.run.smithi046.stdout:/usr/bin/ceph: stderr
2024-04-24T06:02:37.159+0000 7f28c1400700 1 -- 172.21.15.46:0/1414274676 <== mon.0 v2:172.21.15.46:3300/0 1 ==== mon_map magic: 0 ==== 205+0+0 (secure 0 0 0) 0x7f28b4017070 con 0x7f28c4108740
2024-04-24T06:02:38.094 INFO:teuthology.orchestra.run.smithi046.stdout:/usr/bin/ceph: stderr
2024-04-24T06:02:37.160+0000 7f28c1400700 1 -- 172.21.15.46:0/1414274676 <== mon.0 v2:172.21.15.46:3300/0 2 ==== config(27 keys) ==== 1109+0+0 (secure 0 0 0) 0x7f28b400b8c0 con 0x7f28c4108740
2024-04-24T06:02:38.094 INFO:teuthology.orchestra.run.smithi046.stdout:/usr/bin/ceph: stderr
2024-04-24T06:02:37.160+0000 7f28c1400700 1 -- 172.21.15.46:0/1414274676 <== mon.0 v2:172.21.15.46:3300/0 3 ==== mon_map magic: 0 ==== 205+0+0 (secure 0 0 0) 0x7f28b40045c0 con 0x7f28c4108740
2024-04-24T06:02:38.096 INFO:teuthology.orchestra.run.smithi046.stdout:/usr/bin/ceph: stderr
2024-04-24T06:02:37.160+0000 7f28c9200700 1 -- 172.21.15.46:0/1414274676 >> [v2:172.21.15.46:3300/0,v1:172.21.15.46:6789/0] conn(0x7f28c4108740 msgr2=0x7f28c4108b60 secure :-1 s=STATE_CONNECTION_ESTABLISHED l=1).mark_down
2024-04-24T06:02:38.096 INFO:teuthology.orchestra.run.smithi046.stdout:/usr/bin/ceph: stderr
2024-04-24T06:02:37.160+0000 7f28c9200700 1 --2- 172.21.15.46:0/1414274676 >> [v2:172.21.15.46:3300/0,v1:172.21.15.46:6789/0] conn(0x7f28c4108740 0x7f28c4108b60 secure :-1 s=READY pgs=39 cs=0 l=1 rev1=1 crypto rx=0x7f28b4009e80 tx=0x7f28b400b330 comp rx=0 tx=0).stop
2024-04-24T06:02:38.096 INFO:teuthology.orchestra.run.smithi046.stdout:/usr/bin/ceph: stderr
2024-04-24T06:02:37.160+0000 7f28c9200700 1 -- 172.21.15.46:0/1414274676 shutdown_connections
2024-04-24T06:02:38.096 INFO:teuthology.orchestra.run.smithi046.stdout:/usr/bin/ceph: stderr
2024-04-24T06:02:37.160+0000 7f28c9200700 1 --2- 172.21.15.46:0/1414274676 >> [v2:172.21.15.46:3300/0,v1:172.21.15.46:6789/0] conn(0x7f28c4108740 0x7f28c4108b60 unknown :-1 s=CLOSED pgs=39 cs=0 l=1 rev1=1 crypto rx=0 tx=0 comp rx=0 tx=0).stop
2024-04-24T06:02:38.096 INFO:teuthology.orchestra.run.smithi046.stdout:/usr/bin/ceph: stderr
2024-04-24T06:02:37.160+0000 7f28c9200700 1 -- 172.21.15.46:0/1414274676 >> 172.21.15.46:0/1414274676 conn(0x7f28c4103d00 msgr2=0x7f28c4106120 unknown :-1 s=STATE_NONE l=0).mark_down
2024-04-24T06:02:38.096 INFO:teuthology.orchestra.run.smithi046.stdout:/usr/bin/ceph: stderr
2024-04-24T06:02:37.161+0000 7f28c9200700 1 -- 172.21.15.46:0/1414274676 shutdown_connections
2024-04-24T06:02:38.096 INFO:teuthology.orchestra.run.smithi046.stdout:/usr/bin/ceph: stderr
2024-04-24T06:02:37.161+0000 7f28c9200700 1 -- 172.21.15.46:0/1414274676 wait complete.
2024-04-24T06:02:38.097 INFO:teuthology.orchestra.run.smithi046.stdout:/usr/bin/ceph: stderr
2024-04-24T06:02:37.162+0000 7f28c9200700 1 Processor -- start
2024-04-24T06:02:38.097 INFO:teuthology.orchestra.run.smithi046.stdout:/usr/bin/ceph: stderr
2024-04-24T06:02:37.162+0000 7f28c9200700 1 -- start start
2024-04-24T06:02:38.097 INFO:teuthology.orchestra.run.smithi046.stdout:/usr/bin/ceph: stderr
2024-04-24T06:02:37.162+0000 7f28c9200700 1 --2- >> [v2:172.21.15.46:3300/0,v1:172.21.15.46:6789/0] conn(0x7f28c4108740 0x7f28c407da60 unknown :-1 s=NONE pgs=0 cs=0 l=1 rev1=0 crypto rx=0 tx=0 comp rx=0 tx=0).connect
2024-04-24T06:02:38.097 INFO:teuthology.orchestra.run.smithi046.stdout:/usr/bin/ceph: stderr
2024-04-24T06:02:37.162+0000 7f28c9200700 1 -- --> [v2:172.21.15.46:3300/0,v1:172.21.15.46:6789/0] -- mon_getmap magic: 0 -- 0x7f28c410cca0 con 0x7f28c4108740
2024-04-24T06:02:38.097 INFO:teuthology.orchestra.run.smithi046.stdout:/usr/bin/ceph: stderr
2024-04-24T06:02:37.162+0000 7f28c1e00700 1 --2- >> [v2:172.21.15.46:3300/0,v1:172.21.15.46:6789/0] conn(0x7f28c4108740 0x7f28c407da60 unknown :-1 s=BANNER_CONNECTING pgs=0 cs=0 l=1 rev1=0 crypto rx=0 tx=0 comp rx=0 tx=0)._handle_peer_banner_payload supported=3 required=0
2024-04-24T06:02:38.097 INFO:teuthology.orchestra.run.smithi046.stdout:/usr/bin/ceph: stderr
2024-04-24T06:02:37.162+0000 7f28c1e00700 1 --2- >> [v2:172.21.15.46:3300/0,v1:172.21.15.46:6789/0] conn(0x7f28c4108740 0x7f28c407da60 unknown :-1 s=HELLO_CONNECTING pgs=0 cs=0 l=1 rev1=1 crypto rx=0 tx=0 comp rx=0 tx=0).handle_hello peer v2:172.21.15.46:3300/0 says I am v2:172.21.15.46:35234/0 (socket says 172.21.15.46:35234)
2024-04-24T06:02:38.097 INFO:teuthology.orchestra.run.smithi046.stdout:/usr/bin/ceph: stderr
2024-04-24T06:02:37.162+0000 7f28c1e00700 1 -- 172.21.15.46:0/2888666244 learned_addr learned my addr 172.21.15.46:0/2888666244 (peer_addr_for_me v2:172.21.15.46:0/0)
2024-04-24T06:02:38.097 INFO:teuthology.orchestra.run.smithi046.stdout:/usr/bin/ceph: stderr
2024-04-24T06:02:37.163+0000 7f28c1e00700 1 -- 172.21.15.46:0/2888666244 --> [v2:172.21.15.46:3300/0,v1:172.21.15.46:6789/0] -- mon_subscribe({config=0+,monmap=0+}) -- 0x7f28c407dfa0 con 0x7f28c4108740
2024-04-24T06:02:38.097 INFO:teuthology.orchestra.run.smithi046.stdout:/usr/bin/ceph: stderr
2024-04-24T06:02:37.163+0000 7f28c1e00700 1 --2- 172.21.15.46:0/2888666244 >> [v2:172.21.15.46:3300/0,v1:172.21.15.46:6789/0] conn(0x7f28c4108740 0x7f28c407da60 secure :-1 s=READY pgs=40 cs=0 l=1 rev1=1 crypto rx=0x7f28b4009530 tx=0x7f28b400bd50 comp rx=0 tx=0).ready entity=mon.0 client_cookie=0 server_cookie=0 in_seq=0 out_seq=0
2024-04-24T06:02:38.097 INFO:teuthology.orchestra.run.smithi046.stdout:/usr/bin/ceph: stderr
2024-04-24T06:02:37.163+0000 7f28bb400700 1 -- 172.21.15.46:0/2888666244 <== mon.0 v2:172.21.15.46:3300/0 1 ==== mon_map magic: 0 ==== 205+0+0 (secure 0 0 0) 0x7f28b4020020 con 0x7f28c4108740
2024-04-24T06:02:38.097 INFO:teuthology.orchestra.run.smithi046.stdout:/usr/bin/ceph: stderr
2024-04-24T06:02:37.163+0000 7f28bb400700 1 -- 172.21.15.46:0/2888666244 <== mon.0 v2:172.21.15.46:3300/0 2 ==== config(27 keys) ==== 1109+0+0 (secure 0 0 0) 0x7f28b4003b50 con 0x7f28c4108740
2024-04-24T06:02:38.100 INFO:teuthology.orchestra.run.smithi046.stdout:/usr/bin/ceph: stderr
2024-04-24T06:02:37.163+0000 7f28c9200700 1 -- 172.21.15.46:0/2888666244 --> [v2:172.21.15.46:3300/0,v1:172.21.15.46:6789/0] -- mon_subscribe({mgrmap=0+}) -- 0x7f28c407c190 con 0x7f28c4108740
2024-04-24T06:02:38.100 INFO:teuthology.orchestra.run.smithi046.stdout:/usr/bin/ceph: stderr
2024-04-24T06:02:37.163+0000 7f28bb400700 1 -- 172.21.15.46:0/2888666244 <== mon.0 v2:172.21.15.46:3300/0 3 ==== mon_map magic: 0 ==== 205+0+0 (secure 0 0 0) 0x7f28b4017040 con 0x7f28c4108740
2024-04-24T06:02:38.100 INFO:teuthology.orchestra.run.smithi046.stdout:/usr/bin/ceph: stderr
2024-04-24T06:02:37.164+0000 7f28c9200700 1 -- 172.21.15.46:0/2888666244 --> [v2:172.21.15.46:3300/0,v1:172.21.15.46:6789/0] -- mon_subscribe({osdmap=0}) -- 0x7f28c407c6d0 con 0x7f28c4108740
2024-04-24T06:02:38.100 INFO:teuthology.orchestra.run.smithi046.stdout:/usr/bin/ceph: stderr
2024-04-24T06:02:37.165+0000 7f28bb400700 1 -- 172.21.15.46:0/2888666244 <== mon.0 v2:172.21.15.46:3300/0 4 ==== mgrmap(e 8) ==== 46558+0+0 (secure 0 0 0) 0x7f28b4023020 con 0x7f28c4108740
2024-04-24T06:02:38.100 INFO:teuthology.orchestra.run.smithi046.stdout:/usr/bin/ceph: stderr
2024-04-24T06:02:37.165+0000 7f28c9200700 1 -- 172.21.15.46:0/2888666244 --> [v2:172.21.15.46:3300/0,v1:172.21.15.46:6789/0] -- mon_command({"prefix": "get_command_descriptions"} v 0) -- 0x7f28c4069c70 con 0x7f28c4108740
2024-04-24T06:02:38.101 INFO:teuthology.orchestra.run.smithi046.stdout:/usr/bin/ceph: stderr
2024-04-24T06:02:37.165+0000 7f28bb400700 1 --2- 172.21.15.46:0/2888666244 >> [v2:172.21.15.46:6800/2320238426,v1:172.21.15.46:6801/2320238426] conn(0x7f28a80395b0 0x7f28a803ba70 unknown :-1 s=NONE pgs=0 cs=0 l=1 rev1=0 crypto rx=0 tx=0 comp rx=0 tx=0).connect
2024-04-24T06:02:38.101 INFO:teuthology.orchestra.run.smithi046.stdout:/usr/bin/ceph: stderr
2024-04-24T06:02:37.165+0000 7f28bb400700 1 -- 172.21.15.46:0/2888666244 <== mon.0 v2:172.21.15.46:3300/0 5 ==== osd_map(2..2 src has 1..2) ==== 940+0+0 (secure 0 0 0) 0x7f28b400f050 con 0x7f28c4108740
2024-04-24T06:02:38.101 INFO:teuthology.orchestra.run.smithi046.stdout:/usr/bin/ceph: stderr
2024-04-24T06:02:37.166+0000 7f28b9400700 1 --2- 172.21.15.46:0/2888666244 >> [v2:172.21.15.46:6800/2320238426,v1:172.21.15.46:6801/2320238426] conn(0x7f28a80395b0 0x7f28a803ba70 unknown :-1 s=BANNER_CONNECTING pgs=0 cs=0 l=1 rev1=0 crypto rx=0 tx=0 comp rx=0 tx=0)._handle_peer_banner_payload supported=3 required=0
2024-04-24T06:02:38.101 INFO:teuthology.orchestra.run.smithi046.stdout:/usr/bin/ceph: stderr
2024-04-24T06:02:37.166+0000 7f28b9400700 1 --2- 172.21.15.46:0/2888666244 >> [v2:172.21.15.46:6800/2320238426,v1:172.21.15.46:6801/2320238426] conn(0x7f28a80395b0 0x7f28a803ba70 secure :-1 s=READY pgs=8 cs=0 l=1 rev1=1 crypto rx=0x7f28ac006fd0 tx=0x7f28ac006e40 comp rx=0 tx=0).ready entity=mgr.14120 client_cookie=0 server_cookie=0 in_seq=0 out_seq=0
2024-04-24T06:02:38.101 INFO:teuthology.orchestra.run.smithi046.stdout:/usr/bin/ceph: stderr
2024-04-24T06:02:37.171+0000 7f28bb400700 1 -- 172.21.15.46:0/2888666244 <== mon.0 v2:172.21.15.46:3300/0 6 ==== mon_command_ack([{"prefix": "get_command_descriptions"}]=0 v0) ==== 72+0+188370 (secure 0 0 0) 0x7f28b402a020 con 0x7f28c4108740
2024-04-24T06:02:38.101 INFO:teuthology.orchestra.run.smithi046.stdout:/usr/bin/ceph: stderr
2024-04-24T06:02:37.401+0000 7f28c9200700 1 -- 172.21.15.46:0/2888666244 --> [v2:172.21.15.46:6800/2320238426,v1:172.21.15.46:6801/2320238426] -- mgr_command(tid 0: {"prefix": "cephadm set-user", "user": "root", "target": ["mon-mgr", ""]}) -- 0x7f28c407cf30 con 0x7f28a80395b0
2024-04-24T06:02:38.101 INFO:teuthology.orchestra.run.smithi046.stdout:/usr/bin/ceph: stderr
2024-04-24T06:02:37.403+0000 7f28bb400700 1 -- 172.21.15.46:0/2888666244 <== mgr.14120 v2:172.21.15.46:6800/2320238426 1 ==== mgr_command_reply(tid 0: 0 ) ==== 8+0+16 (secure 0 0 0) 0x7f28c407cf30 con 0x7f28a80395b0
2024-04-24T06:02:38.101 INFO:teuthology.orchestra.run.smithi046.stdout:/usr/bin/ceph: stderr
2024-04-24T06:02:37.406+0000 7f28c9200700 1 -- 172.21.15.46:0/2888666244 >> [v2:172.21.15.46:6800/2320238426,v1:172.21.15.46:6801/2320238426] conn(0x7f28a80395b0 msgr2=0x7f28a803ba70 secure :-1 s=STATE_CONNECTION_ESTABLISHED l=1).mark_down
2024-04-24T06:02:38.101 INFO:teuthology.orchestra.run.smithi046.stdout:/usr/bin/ceph: stderr
2024-04-24T06:02:37.406+0000 7f28c9200700 1 --2- 172.21.15.46:0/2888666244 >> [v2:172.21.15.46:6800/2320238426,v1:172.21.15.46:6801/2320238426] conn(0x7f28a80395b0 0x7f28a803ba70 secure :-1 s=READY pgs=8 cs=0 l=1 rev1=1 crypto rx=0x7f28ac006fd0 tx=0x7f28ac006e40 comp rx=0 tx=0).stop
2024-04-24T06:02:38.101 INFO:teuthology.orchestra.run.smithi046.stdout:/usr/bin/ceph: stderr
2024-04-24T06:02:37.406+0000 7f28c9200700 1 -- 172.21.15.46:0/2888666244 >> [v2:172.21.15.46:3300/0,v1:172.21.15.46:6789/0] conn(0x7f28c4108740 msgr2=0x7f28c407da60 secure :-1 s=STATE_CONNECTION_ESTABLISHED l=1).mark_down
2024-04-24T06:02:38.101 INFO:teuthology.orchestra.run.smithi046.stdout:/usr/bin/ceph: stderr
2024-04-24T06:02:37.406+0000 7f28c9200700 1 --2- 172.21.15.46:0/2888666244 >> [v2:172.21.15.46:3300/0,v1:172.21.15.46:6789/0] conn(0x7f28c4108740 0x7f28c407da60 secure :-1 s=READY pgs=40 cs=0 l=1 rev1=1 crypto rx=0x7f28b4009530 tx=0x7f28b400bd50 comp rx=0 tx=0).stop
2024-04-24T06:02:38.101 INFO:teuthology.orchestra.run.smithi046.stdout:/usr/bin/ceph: stderr
2024-04-24T06:02:37.406+0000 7f28c9200700 1 -- 172.21.15.46:0/2888666244 shutdown_connections
2024-04-24T06:02:38.101 INFO:teuthology.orchestra.run.smithi046.stdout:/usr/bin/ceph: stderr
2024-04-24T06:02:37.406+0000 7f28c9200700 1 --2- 172.21.15.46:0/2888666244 >> [v2:172.21.15.46:6800/2320238426,v1:172.21.15.46:6801/2320238426] conn(0x7f28a80395b0 0x7f28a803ba70 unknown :-1 s=CLOSED pgs=8 cs=0 l=1 rev1=1 crypto rx=0 tx=0 comp rx=0 tx=0).stop
2024-04-24T06:02:38.101 INFO:teuthology.orchestra.run.smithi046.stdout:/usr/bin/ceph: stderr
2024-04-24T06:02:37.406+0000 7f28c9200700 1 --2- 172.21.15.46:0/2888666244 >> [v2:172.21.15.46:3300/0,v1:172.21.15.46:6789/0] conn(0x7f28c4108740 0x7f28c407da60 unknown :-1 s=CLOSED pgs=40 cs=0 l=1 rev1=1 crypto rx=0 tx=0 comp rx=0 tx=0).stop
2024-04-24T06:02:38.101 INFO:teuthology.orchestra.run.smithi046.stdout:/usr/bin/ceph: stderr
2024-04-24T06:02:37.406+0000 7f28c9200700 1 -- 172.21.15.46:0/2888666244 >> 172.21.15.46:0/2888666244 conn(0x7f28c4103d00 msgr2=0x7f28c41048b0 unknown :-1 s=STATE_NONE l=0).mark_down
2024-04-24T06:02:38.102 INFO:teuthology.orchestra.run.smithi046.stdout:/usr/bin/ceph: stderr
2024-04-24T06:02:37.406+0000 7f28c9200700 1 -- 172.21.15.46:0/2888666244 shutdown_connections
2024-04-24T06:02:38.102 INFO:teuthology.orchestra.run.smithi046.stdout:/usr/bin/ceph: stderr
2024-04-24T06:02:37.406+0000 7f28c9200700 1 -- 172.21.15.46:0/2888666244 wait complete.
2024-04-24T06:02:38.102 INFO:teuthology.orchestra.run.smithi046.stdout:Generating ssh key...
2024-04-24T06:02:38.408 INFO:journalctl@ceph.mon.a.smithi046.stdout:Apr 24 06:02:38 smithi046 ceph-mon[28324]: from='client.14134 -' entity='client.admin' cmd=[{"prefix": "cephadm set-user", "user": "root", "target": ["mon-mgr", ""]}]: dispatch
2024-04-24T06:02:39.439 INFO:journalctl@ceph.mon.a.smithi046.stdout:Apr 24 06:02:39 smithi046 ceph-mon[28324]: from='client.14136 -' entity='client.admin' cmd=[{"prefix": "cephadm generate-key", "target": ["mon-mgr", ""]}]: dispatch
2024-04-24T06:02:39.439 INFO:journalctl@ceph.mon.a.smithi046.stdout:Apr 24 06:02:39 smithi046 ceph-mon[28324]: Generating ssh key...
2024-04-24T06:02:39.698 INFO:journalctl@ceph.mgr.x.smithi046.stdout:Apr 24 06:02:39 smithi046 ceph-0296c0a4-0200-11ef-bc93-c7b262605968-mgr-x[28551]: Generating public/private rsa key pair.
2024-04-24T06:02:39.698 INFO:journalctl@ceph.mgr.x.smithi046.stdout:Apr 24 06:02:39 smithi046 ceph-0296c0a4-0200-11ef-bc93-c7b262605968-mgr-x[28551]: Your identification has been saved in /tmp/tmp83oxhssr/key.
2024-04-24T06:02:39.698 INFO:journalctl@ceph.mgr.x.smithi046.stdout:Apr 24 06:02:39 smithi046 ceph-0296c0a4-0200-11ef-bc93-c7b262605968-mgr-x[28551]: Your public key has been saved in /tmp/tmp83oxhssr/key.pub.
2024-04-24T06:02:39.698 INFO:journalctl@ceph.mgr.x.smithi046.stdout:Apr 24 06:02:39 smithi046 ceph-0296c0a4-0200-11ef-bc93-c7b262605968-mgr-x[28551]: The key fingerprint is:
2024-04-24T06:02:39.698 INFO:journalctl@ceph.mgr.x.smithi046.stdout:Apr 24 06:02:39 smithi046 ceph-0296c0a4-0200-11ef-bc93-c7b262605968-mgr-x[28551]: SHA256:ITKQRGPyVSsQUlggJ0N16DYxlrmcsHUQfMSUCiR8UZc ceph-0296c0a4-0200-11ef-bc93-c7b262605968
2024-04-24T06:02:39.698 INFO:journalctl@ceph.mgr.x.smithi046.stdout:Apr 24 06:02:39 smithi046 ceph-0296c0a4-0200-11ef-bc93-c7b262605968-mgr-x[28551]: The key's randomart image is:
2024-04-24T06:02:39.698 INFO:journalctl@ceph.mgr.x.smithi046.stdout:Apr 24 06:02:39 smithi046 ceph-0296c0a4-0200-11ef-bc93-c7b262605968-mgr-x[28551]: +---[RSA 3072]----+
2024-04-24T06:02:39.698 INFO:journalctl@ceph.mgr.x.smithi046.stdout:Apr 24 06:02:39 smithi046 ceph-0296c0a4-0200-11ef-bc93-c7b262605968-mgr-x[28551]: |%X#B&*o.. |
2024-04-24T06:02:39.698 INFO:journalctl@ceph.mgr.x.smithi046.stdout:Apr 24 06:02:39 smithi046 ceph-0296c0a4-0200-11ef-bc93-c7b262605968-mgr-x[28551]: |+%./.=.E |
2024-04-24T06:02:39.699 INFO:journalctl@ceph.mgr.x.smithi046.stdout:Apr 24 06:02:39 smithi046 ceph-0296c0a4-0200-11ef-bc93-c7b262605968-mgr-x[28551]: | @ % o . |
2024-04-24T06:02:39.699 INFO:journalctl@ceph.mgr.x.smithi046.stdout:Apr 24 06:02:39 smithi046 ceph-0296c0a4-0200-11ef-bc93-c7b262605968-mgr-x[28551]: | . O + . . |
2024-04-24T06:02:39.699 INFO:journalctl@ceph.mgr.x.smithi046.stdout:Apr 24 06:02:39 smithi046 ceph-0296c0a4-0200-11ef-bc93-c7b262605968-mgr-x[28551]: | . . S |
2024-04-24T06:02:39.699 INFO:journalctl@ceph.mgr.x.smithi046.stdout:Apr 24 06:02:39 smithi046 ceph-0296c0a4-0200-11ef-bc93-c7b262605968-mgr-x[28551]: | |
2024-04-24T06:02:39.699 INFO:journalctl@ceph.mgr.x.smithi046.stdout:Apr 24 06:02:39 smithi046 ceph-0296c0a4-0200-11ef-bc93-c7b262605968-mgr-x[28551]: | |
2024-04-24T06:02:39.699 INFO:journalctl@ceph.mgr.x.smithi046.stdout:Apr 24 06:02:39 smithi046 ceph-0296c0a4-0200-11ef-bc93-c7b262605968-mgr-x[28551]: | |
2024-04-24T06:02:39.699 INFO:journalctl@ceph.mgr.x.smithi046.stdout:Apr 24 06:02:39 smithi046 ceph-0296c0a4-0200-11ef-bc93-c7b262605968-mgr-x[28551]: | |
2024-04-24T06:02:39.699 INFO:journalctl@ceph.mgr.x.smithi046.stdout:Apr 24 06:02:39 smithi046 ceph-0296c0a4-0200-11ef-bc93-c7b262605968-mgr-x[28551]: +----[SHA256]-----+
2024-04-24T06:02:40.125 INFO:teuthology.orchestra.run.smithi046.stdout:/usr/bin/ceph: stderr
2024-04-24T06:02:38.740+0000 7fbfd6000700 1 Processor -- start
2024-04-24T06:02:40.125 INFO:teuthology.orchestra.run.smithi046.stdout:/usr/bin/ceph: stderr
2024-04-24T06:02:38.740+0000 7fbfd6000700 1 -- start start
2024-04-24T06:02:40.125 INFO:teuthology.orchestra.run.smithi046.stdout:/usr/bin/ceph: stderr
2024-04-24T06:02:38.740+0000 7fbfd6000700 1 --2- >> [v2:172.21.15.46:3300/0,v1:172.21.15.46:6789/0] conn(0x7fbfd007dd60 0x7fbfd007c210 unknown :-1 s=NONE pgs=0 cs=0 l=0 rev1=0 crypto rx=0 tx=0 comp rx=0 tx=0).connect
2024-04-24T06:02:40.125 INFO:teuthology.orchestra.run.smithi046.stdout:/usr/bin/ceph: stderr
2024-04-24T06:02:38.740+0000 7fbfd6000700 1 -- --> [v2:172.21.15.46:3300/0,v1:172.21.15.46:6789/0] -- mon_getmap magic: 0 -- 0x7fbfd007c7e0 con 0x7fbfd007dd60
2024-04-24T06:02:40.126 INFO:teuthology.orchestra.run.smithi046.stdout:/usr/bin/ceph: stderr
2024-04-24T06:02:38.741+0000 7fbfcf400700 1 --2- >> [v2:172.21.15.46:3300/0,v1:172.21.15.46:6789/0] conn(0x7fbfd007dd60 0x7fbfd007c210 unknown :-1 s=BANNER_CONNECTING pgs=0 cs=0 l=0 rev1=0 crypto rx=0 tx=0 comp rx=0 tx=0)._handle_peer_banner_payload supported=3 required=0
2024-04-24T06:02:40.129 INFO:teuthology.orchestra.run.smithi046.stdout:/usr/bin/ceph: stderr
2024-04-24T06:02:38.741+0000 7fbfcf400700 1 --2- >> [v2:172.21.15.46:3300/0,v1:172.21.15.46:6789/0] conn(0x7fbfd007dd60 0x7fbfd007c210 unknown :-1 s=HELLO_CONNECTING pgs=0 cs=0 l=0 rev1=1 crypto rx=0 tx=0 comp rx=0 tx=0).handle_hello peer v2:172.21.15.46:3300/0 says I am v2:172.21.15.46:43148/0 (socket says 172.21.15.46:43148)
2024-04-24T06:02:40.129 INFO:teuthology.orchestra.run.smithi046.stdout:/usr/bin/ceph: stderr
2024-04-24T06:02:38.741+0000 7fbfcf400700 1 -- 172.21.15.46:0/1450285796 learned_addr learned my addr 172.21.15.46:0/1450285796 (peer_addr_for_me v2:172.21.15.46:0/0)
2024-04-24T06:02:40.129 INFO:teuthology.orchestra.run.smithi046.stdout:/usr/bin/ceph: stderr
2024-04-24T06:02:38.742+0000 7fbfcf400700 1 -- 172.21.15.46:0/1450285796 --> [v2:172.21.15.46:3300/0,v1:172.21.15.46:6789/0] -- mon_subscribe({config=0+,monmap=0+}) -- 0x7fbfd007c960 con 0x7fbfd007dd60
2024-04-24T06:02:40.129 INFO:teuthology.orchestra.run.smithi046.stdout:/usr/bin/ceph: stderr
2024-04-24T06:02:38.742+0000 7fbfcf400700 1 --2- 172.21.15.46:0/1450285796 >> [v2:172.21.15.46:3300/0,v1:172.21.15.46:6789/0] conn(0x7fbfd007dd60 0x7fbfd007c210 secure :-1 s=READY pgs=41 cs=0 l=1 rev1=1 crypto rx=0x7fbfc0009e80 tx=0x7fbfc000b330 comp rx=0 tx=0).ready entity=mon.0 client_cookie=89774ef449e60714 server_cookie=0 in_seq=0 out_seq=0
2024-04-24T06:02:40.129 INFO:teuthology.orchestra.run.smithi046.stdout:/usr/bin/ceph: stderr
2024-04-24T06:02:38.742+0000 7fbfce000700 1 -- 172.21.15.46:0/1450285796 <== mon.0 v2:172.21.15.46:3300/0 1 ==== mon_map magic: 0 ==== 205+0+0 (secure 0 0 0) 0x7fbfc0017070 con 0x7fbfd007dd60
2024-04-24T06:02:40.129 INFO:teuthology.orchestra.run.smithi046.stdout:/usr/bin/ceph: stderr
2024-04-24T06:02:38.742+0000 7fbfce000700 1 -- 172.21.15.46:0/1450285796 <== mon.0 v2:172.21.15.46:3300/0 2 ==== config(27 keys) ==== 1109+0+0 (secure 0 0 0) 0x7fbfc000b8c0 con 0x7fbfd007dd60
2024-04-24T06:02:40.129 INFO:teuthology.orchestra.run.smithi046.stdout:/usr/bin/ceph: stderr
2024-04-24T06:02:38.742+0000 7fbfce000700 1 -- 172.21.15.46:0/1450285796 <== mon.0 v2:172.21.15.46:3300/0 3 ==== mon_map magic: 0 ==== 205+0+0 (secure 0 0 0) 0x7fbfc00045c0 con 0x7fbfd007dd60
2024-04-24T06:02:40.130 INFO:teuthology.orchestra.run.smithi046.stdout:/usr/bin/ceph: stderr
2024-04-24T06:02:38.743+0000 7fbfd6000700 1 -- 172.21.15.46:0/1450285796 >> [v2:172.21.15.46:3300/0,v1:172.21.15.46:6789/0] conn(0x7fbfd007dd60 msgr2=0x7fbfd007c210 secure :-1 s=STATE_CONNECTION_ESTABLISHED l=1).mark_down
2024-04-24T06:02:40.130 INFO:teuthology.orchestra.run.smithi046.stdout:/usr/bin/ceph: stderr
2024-04-24T06:02:38.743+0000 7fbfd6000700 1 --2- 172.21.15.46:0/1450285796 >> [v2:172.21.15.46:3300/0,v1:172.21.15.46:6789/0] conn(0x7fbfd007dd60 0x7fbfd007c210 secure :-1 s=READY pgs=41 cs=0 l=1 rev1=1 crypto rx=0x7fbfc0009e80 tx=0x7fbfc000b330 comp rx=0 tx=0).stop
2024-04-24T06:02:40.130 INFO:teuthology.orchestra.run.smithi046.stdout:/usr/bin/ceph: stderr
2024-04-24T06:02:38.743+0000 7fbfd6000700 1 -- 172.21.15.46:0/1450285796 shutdown_connections
2024-04-24T06:02:40.130 INFO:teuthology.orchestra.run.smithi046.stdout:/usr/bin/ceph: stderr
2024-04-24T06:02:38.743+0000 7fbfd6000700 1 --2- 172.21.15.46:0/1450285796 >> [v2:172.21.15.46:3300/0,v1:172.21.15.46:6789/0] conn(0x7fbfd007dd60 0x7fbfd007c210 unknown :-1 s=CLOSED pgs=41 cs=0 l=1 rev1=1 crypto rx=0 tx=0 comp rx=0 tx=0).stop
2024-04-24T06:02:40.130 INFO:teuthology.orchestra.run.smithi046.stdout:/usr/bin/ceph: stderr
2024-04-24T06:02:38.743+0000 7fbfd6000700 1 -- 172.21.15.46:0/1450285796 >> 172.21.15.46:0/1450285796 conn(0x7fbfd0103d00 msgr2=0x7fbfd0106120 unknown :-1 s=STATE_NONE l=0).mark_down
2024-04-24T06:02:40.130 INFO:teuthology.orchestra.run.smithi046.stdout:/usr/bin/ceph: stderr
2024-04-24T06:02:38.743+0000 7fbfd6000700 1 -- 172.21.15.46:0/1450285796 shutdown_connections
2024-04-24T06:02:40.130 INFO:teuthology.orchestra.run.smithi046.stdout:/usr/bin/ceph: stderr
2024-04-24T06:02:38.743+0000 7fbfd6000700 1 -- 172.21.15.46:0/1450285796 wait complete.
2024-04-24T06:02:40.130 INFO:teuthology.orchestra.run.smithi046.stdout:/usr/bin/ceph: stderr
2024-04-24T06:02:38.744+0000 7fbfd6000700 1 Processor -- start
2024-04-24T06:02:40.130 INFO:teuthology.orchestra.run.smithi046.stdout:/usr/bin/ceph: stderr
2024-04-24T06:02:38.744+0000 7fbfd6000700 1 -- start start
2024-04-24T06:02:40.130 INFO:teuthology.orchestra.run.smithi046.stdout:/usr/bin/ceph: stderr
2024-04-24T06:02:38.745+0000 7fbfd6000700 1 --2- >> [v2:172.21.15.46:3300/0,v1:172.21.15.46:6789/0] conn(0x7fbfd007dd60 0x7fbfd019e850 unknown :-1 s=NONE pgs=0 cs=0 l=1 rev1=0 crypto rx=0 tx=0 comp rx=0 tx=0).connect
2024-04-24T06:02:40.130 INFO:teuthology.orchestra.run.smithi046.stdout:/usr/bin/ceph: stderr
2024-04-24T06:02:38.745+0000 7fbfd6000700 1 -- --> [v2:172.21.15.46:3300/0,v1:172.21.15.46:6789/0] -- mon_getmap magic: 0 -- 0x7fbfd010ecd0 con 0x7fbfd007dd60
2024-04-24T06:02:40.130 INFO:teuthology.orchestra.run.smithi046.stdout:/usr/bin/ceph: stderr
2024-04-24T06:02:38.745+0000 7fbfcf400700 1 --2- >> [v2:172.21.15.46:3300/0,v1:172.21.15.46:6789/0] conn(0x7fbfd007dd60 0x7fbfd019e850 unknown :-1 s=BANNER_CONNECTING pgs=0 cs=0 l=1 rev1=0 crypto rx=0 tx=0 comp rx=0 tx=0)._handle_peer_banner_payload supported=3 required=0
2024-04-24T06:02:40.130 INFO:teuthology.orchestra.run.smithi046.stdout:/usr/bin/ceph: stderr
2024-04-24T06:02:38.745+0000 7fbfcf400700 1 --2- >> [v2:172.21.15.46:3300/0,v1:172.21.15.46:6789/0] conn(0x7fbfd007dd60 0x7fbfd019e850 unknown :-1 s=HELLO_CONNECTING pgs=0 cs=0 l=1 rev1=1 crypto rx=0 tx=0 comp rx=0 tx=0).handle_hello peer v2:172.21.15.46:3300/0 says I am v2:172.21.15.46:43162/0 (socket says 172.21.15.46:43162)
2024-04-24T06:02:40.130 INFO:teuthology.orchestra.run.smithi046.stdout:/usr/bin/ceph: stderr
2024-04-24T06:02:38.745+0000 7fbfcf400700 1 -- 172.21.15.46:0/4068717583 learned_addr learned my addr 172.21.15.46:0/4068717583 (peer_addr_for_me v2:172.21.15.46:0/0)
2024-04-24T06:02:40.131 INFO:teuthology.orchestra.run.smithi046.stdout:/usr/bin/ceph: stderr
2024-04-24T06:02:38.745+0000 7fbfcf400700 1 -- 172.21.15.46:0/4068717583 --> [v2:172.21.15.46:3300/0,v1:172.21.15.46:6789/0] -- mon_subscribe({config=0+,monmap=0+}) -- 0x7fbfd019ed90 con 0x7fbfd007dd60
2024-04-24T06:02:40.131 INFO:teuthology.orchestra.run.smithi046.stdout:/usr/bin/ceph: stderr
2024-04-24T06:02:38.746+0000 7fbfcf400700 1 --2- 172.21.15.46:0/4068717583 >> [v2:172.21.15.46:3300/0,v1:172.21.15.46:6789/0] conn(0x7fbfd007dd60 0x7fbfd019e850 secure :-1 s=READY pgs=42 cs=0 l=1 rev1=1 crypto rx=0x7fbfc0004350 tx=0x7fbfc000bd50 comp rx=0 tx=0).ready entity=mon.0 client_cookie=0 server_cookie=0 in_seq=0 out_seq=0
2024-04-24T06:02:40.131 INFO:teuthology.orchestra.run.smithi046.stdout:/usr/bin/ceph: stderr
2024-04-24T06:02:38.746+0000 7fbfc7e00700 1 -- 172.21.15.46:0/4068717583 <== mon.0 v2:172.21.15.46:3300/0 1 ==== mon_map magic: 0 ==== 205+0+0 (secure 0 0 0) 0x7fbfc0020020 con 0x7fbfd007dd60
2024-04-24T06:02:40.131 INFO:teuthology.orchestra.run.smithi046.stdout:/usr/bin/ceph: stderr
2024-04-24T06:02:38.746+0000 7fbfc7e00700 1 -- 172.21.15.46:0/4068717583 <== mon.0 v2:172.21.15.46:3300/0 2 ==== config(27 keys) ==== 1109+0+0 (secure 0 0 0) 0x7fbfc0003c10 con 0x7fbfd007dd60
2024-04-24T06:02:40.131 INFO:teuthology.orchestra.run.smithi046.stdout:/usr/bin/ceph: stderr
2024-04-24T06:02:38.746+0000 7fbfd6000700 1 -- 172.21.15.46:0/4068717583 --> [v2:172.21.15.46:3300/0,v1:172.21.15.46:6789/0] -- mon_subscribe({mgrmap=0+}) -- 0x7fbfd019f020 con 0x7fbfd007dd60
2024-04-24T06:02:40.131 INFO:teuthology.orchestra.run.smithi046.stdout:/usr/bin/ceph: stderr
2024-04-24T06:02:38.746+0000 7fbfc7e00700 1 -- 172.21.15.46:0/4068717583 <== mon.0 v2:172.21.15.46:3300/0 3 ==== mon_map magic: 0 ==== 205+0+0 (secure 0 0 0) 0x7fbfc0017040 con 0x7fbfd007dd60
2024-04-24T06:02:40.131 INFO:teuthology.orchestra.run.smithi046.stdout:/usr/bin/ceph: stderr
2024-04-24T06:02:38.746+0000 7fbfd6000700 1 -- 172.21.15.46:0/4068717583 --> [v2:172.21.15.46:3300/0,v1:172.21.15.46:6789/0] -- mon_subscribe({osdmap=0}) -- 0x7fbfd01a1d10 con 0x7fbfd007dd60
2024-04-24T06:02:40.133 INFO:teuthology.orchestra.run.smithi046.stdout:/usr/bin/ceph: stderr
2024-04-24T06:02:38.747+0000 7fbfc7e00700 1 -- 172.21.15.46:0/4068717583 <== mon.0 v2:172.21.15.46:3300/0 4 ==== mgrmap(e 8) ==== 46558+0+0 (secure 0 0 0) 0x7fbfc0023020 con 0x7fbfd007dd60
2024-04-24T06:02:40.133 INFO:teuthology.orchestra.run.smithi046.stdout:/usr/bin/ceph: stderr
2024-04-24T06:02:38.747+0000 7fbfd6000700 1 -- 172.21.15.46:0/4068717583 --> [v2:172.21.15.46:3300/0,v1:172.21.15.46:6789/0] -- mon_command({"prefix": "get_command_descriptions"} v 0) -- 0x7fbfd0064150 con 0x7fbfd007dd60
2024-04-24T06:02:40.133 INFO:teuthology.orchestra.run.smithi046.stdout:/usr/bin/ceph: stderr
2024-04-24T06:02:38.748+0000 7fbfc7e00700 1 --2- 172.21.15.46:0/4068717583 >> [v2:172.21.15.46:6800/2320238426,v1:172.21.15.46:6801/2320238426] conn(0x7fbfb4039600 0x7fbfb403bac0 unknown :-1 s=NONE pgs=0 cs=0 l=1 rev1=0 crypto rx=0 tx=0 comp rx=0 tx=0).connect
2024-04-24T06:02:40.133 INFO:teuthology.orchestra.run.smithi046.stdout:/usr/bin/ceph: stderr
2024-04-24T06:02:38.748+0000 7fbfc7e00700 1 -- 172.21.15.46:0/4068717583 <== mon.0 v2:172.21.15.46:3300/0 5 ==== osd_map(2..2 src has 1..2) ==== 940+0+0 (secure 0 0 0) 0x7fbfc000f050 con 0x7fbfd007dd60
2024-04-24T06:02:40.133 INFO:teuthology.orchestra.run.smithi046.stdout:/usr/bin/ceph: stderr
2024-04-24T06:02:38.748+0000 7fbfcea00700 1 --2- 172.21.15.46:0/4068717583 >> [v2:172.21.15.46:6800/2320238426,v1:172.21.15.46:6801/2320238426] conn(0x7fbfb4039600 0x7fbfb403bac0 unknown :-1 s=BANNER_CONNECTING pgs=0 cs=0 l=1 rev1=0 crypto rx=0 tx=0 comp rx=0 tx=0)._handle_peer_banner_payload supported=3 required=0
2024-04-24T06:02:40.134 INFO:teuthology.orchestra.run.smithi046.stdout:/usr/bin/ceph: stderr
2024-04-24T06:02:38.749+0000 7fbfcea00700 1 --2- 172.21.15.46:0/4068717583 >> [v2:172.21.15.46:6800/2320238426,v1:172.21.15.46:6801/2320238426] conn(0x7fbfb4039600 0x7fbfb403bac0 secure :-1 s=READY pgs=9 cs=0 l=1 rev1=1 crypto rx=0x7fbfbc006fd0 tx=0x7fbfbc006e40 comp rx=0 tx=0).ready entity=mgr.14120 client_cookie=0 server_cookie=0 in_seq=0 out_seq=0
2024-04-24T06:02:40.134 INFO:teuthology.orchestra.run.smithi046.stdout:/usr/bin/ceph: stderr
2024-04-24T06:02:38.754+0000 7fbfc7e00700 1 -- 172.21.15.46:0/4068717583 <== mon.0 v2:172.21.15.46:3300/0 6 ==== mon_command_ack([{"prefix": "get_command_descriptions"}]=0 v0) ==== 72+0+188370 (secure 0 0 0) 0x7fbfc002a020 con 0x7fbfd007dd60
2024-04-24T06:02:40.134 INFO:teuthology.orchestra.run.smithi046.stdout:/usr/bin/ceph: stderr
2024-04-24T06:02:38.988+0000 7fbfd6000700 1 -- 172.21.15.46:0/4068717583 --> [v2:172.21.15.46:6800/2320238426,v1:172.21.15.46:6801/2320238426] -- mgr_command(tid 0: {"prefix": "cephadm generate-key", "target": ["mon-mgr", ""]}) -- 0x7fbfd0104ee0 con 0x7fbfb4039600
2024-04-24T06:02:40.134 INFO:teuthology.orchestra.run.smithi046.stdout:/usr/bin/ceph: stderr
2024-04-24T06:02:39.453+0000 7fbfc7e00700 1 -- 172.21.15.46:0/4068717583 <== mgr.14120 v2:172.21.15.46:6800/2320238426 1 ==== mgr_command_reply(tid 0: 0 ) ==== 8+0+0 (secure 0 0 0) 0x7fbfd0104ee0 con 0x7fbfb4039600
2024-04-24T06:02:40.134 INFO:teuthology.orchestra.run.smithi046.stdout:/usr/bin/ceph: stderr
2024-04-24T06:02:39.458+0000 7fbfd6000700 1 -- 172.21.15.46:0/4068717583 >> [v2:172.21.15.46:6800/2320238426,v1:172.21.15.46:6801/2320238426] conn(0x7fbfb4039600 msgr2=0x7fbfb403bac0 secure :-1 s=STATE_CONNECTION_ESTABLISHED l=1).mark_down
2024-04-24T06:02:40.134 INFO:teuthology.orchestra.run.smithi046.stdout:/usr/bin/ceph: stderr
2024-04-24T06:02:39.458+0000 7fbfd6000700 1 --2- 172.21.15.46:0/4068717583 >> [v2:172.21.15.46:6800/2320238426,v1:172.21.15.46:6801/2320238426] conn(0x7fbfb4039600 0x7fbfb403bac0 secure :-1 s=READY pgs=9 cs=0 l=1 rev1=1 crypto rx=0x7fbfbc006fd0 tx=0x7fbfbc006e40 comp rx=0 tx=0).stop
2024-04-24T06:02:40.134 INFO:teuthology.orchestra.run.smithi046.stdout:/usr/bin/ceph: stderr
2024-04-24T06:02:39.458+0000 7fbfd6000700 1 -- 172.21.15.46:0/4068717583 >> [v2:172.21.15.46:3300/0,v1:172.21.15.46:6789/0] conn(0x7fbfd007dd60 msgr2=0x7fbfd019e850 secure :-1 s=STATE_CONNECTION_ESTABLISHED l=1).mark_down
2024-04-24T06:02:40.134 INFO:teuthology.orchestra.run.smithi046.stdout:/usr/bin/ceph: stderr
2024-04-24T06:02:39.458+0000 7fbfd6000700 1 --2- 172.21.15.46:0/4068717583 >> [v2:172.21.15.46:3300/0,v1:172.21.15.46:6789/0] conn(0x7fbfd007dd60 0x7fbfd019e850 secure :-1 s=READY pgs=42 cs=0 l=1 rev1=1 crypto rx=0x7fbfc0004350 tx=0x7fbfc000bd50 comp rx=0 tx=0).stop
2024-04-24T06:02:40.134 INFO:teuthology.orchestra.run.smithi046.stdout:/usr/bin/ceph: stderr
2024-04-24T06:02:39.458+0000 7fbfd6000700 1 -- 172.21.15.46:0/4068717583 shutdown_connections
