2024-04-24T06:33:15.471 INFO:teuthology.orchestra.run.smithi005.stdout:/usr/bin/ceph: stdout ssh-rsa AAAAB3NzaC1yc2EAAAADAQABAAABgQDi/8pw/bZ6/8Xsd/BkMGyfongGq3MLjEHeDsDuvvYn5OxaYqmusQxO2CO/1RjA+7cvLgUeNrldrn3SPkPmW/AuXXIbTIaabhH5hfS+bIZMqO1hmL6IB9AnRYQLYQHWI31AFtNtAlTC0EmiyZDp+5VXoxjOi0U/l/gcz9YD6FAf1zi95rwpTkkqZxCat65Czdw3yDhVp8Mpxmy0tdjuCAsG40JPZ9PZ9ern6ls4WKG05ljg24HfmHD+ArPUJD+0IenjpCu5ZjeKhwTLY4dAozZPuHXvvjTw8ki6pb1wsZiAfgav0NMvVNrtdpRFmI3IhQjVY1dhVdMA6rDoPm0f35Z0VJQtnCyCgsIVAmS2hkncW6+kf3NZnQlrBZwhPmTfOHH2aG/G/e1+YlUbcLipUj+qpedk0yIFOl7dit5/+RziGSBXnq7OB5Nx2hePaXu1QmVmoNfFf2XK/YcomopaoUEm2L0+Ar6tfc65gaxcRvkfGu9FGELwI7WnysIFEvtzZ6c= ceph-43e9bad0-0204-11ef-bc93-c7b262605968
2024-04-24T06:33:15.473 INFO:teuthology.orchestra.run.smithi005.stdout:/usr/bin/ceph: stderr
2024-04-24T06:33:14.467+0000 7f9032600700 1 Processor -- start
2024-04-24T06:33:15.473 INFO:teuthology.orchestra.run.smithi005.stdout:/usr/bin/ceph: stderr
2024-04-24T06:33:14.467+0000 7f9032600700 1 -- start start
2024-04-24T06:33:15.473 INFO:teuthology.orchestra.run.smithi005.stdout:/usr/bin/ceph: stderr
2024-04-24T06:33:14.468+0000 7f9032600700 1 --2- >> [v2:172.21.15.5:3300/0,v1:172.21.15.5:6789/0] conn(0x7f902c109170 0x7f902c10b560 unknown :-1 s=NONE pgs=0 cs=0 l=0 rev1=0 crypto rx=0 tx=0 comp rx=0 tx=0).connect
2024-04-24T06:33:15.473 INFO:teuthology.orchestra.run.smithi005.stdout:/usr/bin/ceph: stderr
2024-04-24T06:33:14.468+0000 7f9032600700 1 -- --> [v2:172.21.15.5:3300/0,v1:172.21.15.5:6789/0] -- mon_getmap magic: 0 -- 0x7f902c07bed0 con 0x7f902c109170
2024-04-24T06:33:15.473 INFO:teuthology.orchestra.run.smithi005.stdout:/usr/bin/ceph: stderr
2024-04-24T06:33:14.468+0000 7f902b400700 1 --2- >> [v2:172.21.15.5:3300/0,v1:172.21.15.5:6789/0] conn(0x7f902c109170 0x7f902c10b560 unknown :-1 s=BANNER_CONNECTING pgs=0 cs=0 l=0 rev1=0 crypto rx=0 tx=0 comp rx=0 tx=0)._handle_peer_banner_payload supported=3 required=0
2024-04-24T06:33:15.473 INFO:teuthology.orchestra.run.smithi005.stdout:/usr/bin/ceph: stderr
2024-04-24T06:33:14.468+0000 7f902b400700 1 --2- >> [v2:172.21.15.5:3300/0,v1:172.21.15.5:6789/0] conn(0x7f902c109170 0x7f902c10b560 unknown :-1 s=HELLO_CONNECTING pgs=0 cs=0 l=0 rev1=1 crypto rx=0 tx=0 comp rx=0 tx=0).handle_hello peer v2:172.21.15.5:3300/0 says I am v2:172.21.15.5:44960/0 (socket says 172.21.15.5:44960)
2024-04-24T06:33:15.476 INFO:teuthology.orchestra.run.smithi005.stdout:/usr/bin/ceph: stderr
2024-04-24T06:33:14.468+0000 7f902b400700 1 -- 172.21.15.5:0/194629164 learned_addr learned my addr 172.21.15.5:0/194629164 (peer_addr_for_me v2:172.21.15.5:0/0)
2024-04-24T06:33:15.476 INFO:teuthology.orchestra.run.smithi005.stdout:/usr/bin/ceph: stderr
2024-04-24T06:33:14.469+0000 7f902b400700 1 -- 172.21.15.5:0/194629164 --> [v2:172.21.15.5:3300/0,v1:172.21.15.5:6789/0] -- mon_subscribe({config=0+,monmap=0+}) -- 0x7f902c10baa0 con 0x7f902c109170
2024-04-24T06:33:15.476 INFO:teuthology.orchestra.run.smithi005.stdout:/usr/bin/ceph: stderr
2024-04-24T06:33:14.469+0000 7f902b400700 1 --2- 172.21.15.5:0/194629164 >> [v2:172.21.15.5:3300/0,v1:172.21.15.5:6789/0] conn(0x7f902c109170 0x7f902c10b560 secure :-1 s=READY pgs=43 cs=0 l=1 rev1=1 crypto rx=0x7f901c0098a0 tx=0x7f901c009bb0 comp rx=0 tx=0).ready entity=mon.0 client_cookie=31a9ef6550a0da15 server_cookie=0 in_seq=0 out_seq=0
2024-04-24T06:33:15.477 INFO:teuthology.orchestra.run.smithi005.stdout:/usr/bin/ceph: stderr
2024-04-24T06:33:14.469+0000 7f902a000700 1 -- 172.21.15.5:0/194629164 <== mon.0 v2:172.21.15.5:3300/0 1 ==== mon_map magic: 0 ==== 205+0+0 (secure 0 0 0) 0x7f901c004160 con 0x7f902c109170
2024-04-24T06:33:15.477 INFO:teuthology.orchestra.run.smithi005.stdout:/usr/bin/ceph: stderr
2024-04-24T06:33:14.470+0000 7f902a000700 1 -- 172.21.15.5:0/194629164 <== mon.0 v2:172.21.15.5:3300/0 2 ==== config(27 keys) ==== 1109+0+0 (secure 0 0 0) 0x7f901c004300 con 0x7f902c109170
2024-04-24T06:33:15.477 INFO:teuthology.orchestra.run.smithi005.stdout:/usr/bin/ceph: stderr
2024-04-24T06:33:14.470+0000 7f902a000700 1 -- 172.21.15.5:0/194629164 <== mon.0 v2:172.21.15.5:3300/0 3 ==== mon_map magic: 0 ==== 205+0+0 (secure 0 0 0) 0x7f901c011b50 con 0x7f902c109170
2024-04-24T06:33:15.477 INFO:teuthology.orchestra.run.smithi005.stdout:/usr/bin/ceph: stderr
2024-04-24T06:33:14.470+0000 7f9032600700 1 -- 172.21.15.5:0/194629164 >> [v2:172.21.15.5:3300/0,v1:172.21.15.5:6789/0] conn(0x7f902c109170 msgr2=0x7f902c10b560 secure :-1 s=STATE_CONNECTION_ESTABLISHED l=1).mark_down
2024-04-24T06:33:15.477 INFO:teuthology.orchestra.run.smithi005.stdout:/usr/bin/ceph: stderr
2024-04-24T06:33:14.470+0000 7f9032600700 1 --2- 172.21.15.5:0/194629164 >> [v2:172.21.15.5:3300/0,v1:172.21.15.5:6789/0] conn(0x7f902c109170 0x7f902c10b560 secure :-1 s=READY pgs=43 cs=0 l=1 rev1=1 crypto rx=0x7f901c0098a0 tx=0x7f901c009bb0 comp rx=0 tx=0).stop
2024-04-24T06:33:15.477 INFO:teuthology.orchestra.run.smithi005.stdout:/usr/bin/ceph: stderr
2024-04-24T06:33:14.470+0000 7f9032600700 1 -- 172.21.15.5:0/194629164 shutdown_connections
2024-04-24T06:33:15.477 INFO:teuthology.orchestra.run.smithi005.stdout:/usr/bin/ceph: stderr
2024-04-24T06:33:14.470+0000 7f9032600700 1 --2- 172.21.15.5:0/194629164 >> [v2:172.21.15.5:3300/0,v1:172.21.15.5:6789/0] conn(0x7f902c109170 0x7f902c10b560 unknown :-1 s=CLOSED pgs=43 cs=0 l=1 rev1=1 crypto rx=0 tx=0 comp rx=0 tx=0).stop
2024-04-24T06:33:15.477 INFO:teuthology.orchestra.run.smithi005.stdout:/usr/bin/ceph: stderr
2024-04-24T06:33:14.470+0000 7f9032600700 1 -- 172.21.15.5:0/194629164 >> 172.21.15.5:0/194629164 conn(0x7f902c102c00 msgr2=0x7f902c105020 unknown :-1 s=STATE_NONE l=0).mark_down
2024-04-24T06:33:15.477 INFO:teuthology.orchestra.run.smithi005.stdout:/usr/bin/ceph: stderr
2024-04-24T06:33:14.470+0000 7f9032600700 1 -- 172.21.15.5:0/194629164 shutdown_connections
2024-04-24T06:33:15.477 INFO:teuthology.orchestra.run.smithi005.stdout:/usr/bin/ceph: stderr
2024-04-24T06:33:14.471+0000 7f9032600700 1 -- 172.21.15.5:0/194629164 wait complete.
2024-04-24T06:33:15.477 INFO:teuthology.orchestra.run.smithi005.stdout:/usr/bin/ceph: stderr
2024-04-24T06:33:14.472+0000 7f9032600700 1 Processor -- start
2024-04-24T06:33:15.477 INFO:teuthology.orchestra.run.smithi005.stdout:/usr/bin/ceph: stderr
2024-04-24T06:33:14.472+0000 7f9032600700 1 -- start start
2024-04-24T06:33:15.478 INFO:teuthology.orchestra.run.smithi005.stdout:/usr/bin/ceph: stderr
2024-04-24T06:33:14.472+0000 7f9032600700 1 --2- >> [v2:172.21.15.5:3300/0,v1:172.21.15.5:6789/0] conn(0x7f902c109170 0x7f902c19e8e0 unknown :-1 s=NONE pgs=0 cs=0 l=1 rev1=0 crypto rx=0 tx=0 comp rx=0 tx=0).connect
2024-04-24T06:33:15.478 INFO:teuthology.orchestra.run.smithi005.stdout:/usr/bin/ceph: stderr
2024-04-24T06:33:14.472+0000 7f9032600700 1 -- --> [v2:172.21.15.5:3300/0,v1:172.21.15.5:6789/0] -- mon_getmap magic: 0 -- 0x7f902c10cad0 con 0x7f902c109170
2024-04-24T06:33:15.478 INFO:teuthology.orchestra.run.smithi005.stdout:/usr/bin/ceph: stderr
2024-04-24T06:33:14.472+0000 7f902b400700 1 --2- >> [v2:172.21.15.5:3300/0,v1:172.21.15.5:6789/0] conn(0x7f902c109170 0x7f902c19e8e0 unknown :-1 s=BANNER_CONNECTING pgs=0 cs=0 l=1 rev1=0 crypto rx=0 tx=0 comp rx=0 tx=0)._handle_peer_banner_payload supported=3 required=0
2024-04-24T06:33:15.478 INFO:teuthology.orchestra.run.smithi005.stdout:/usr/bin/ceph: stderr
2024-04-24T06:33:14.472+0000 7f902b400700 1 --2- >> [v2:172.21.15.5:3300/0,v1:172.21.15.5:6789/0] conn(0x7f902c109170 0x7f902c19e8e0 unknown :-1 s=HELLO_CONNECTING pgs=0 cs=0 l=1 rev1=1 crypto rx=0 tx=0 comp rx=0 tx=0).handle_hello peer v2:172.21.15.5:3300/0 says I am v2:172.21.15.5:44974/0 (socket says 172.21.15.5:44974)
2024-04-24T06:33:15.478 INFO:teuthology.orchestra.run.smithi005.stdout:/usr/bin/ceph: stderr
2024-04-24T06:33:14.473+0000 7f902b400700 1 -- 172.21.15.5:0/3471872772 learned_addr learned my addr 172.21.15.5:0/3471872772 (peer_addr_for_me v2:172.21.15.5:0/0)
2024-04-24T06:33:15.478 INFO:teuthology.orchestra.run.smithi005.stdout:/usr/bin/ceph: stderr
2024-04-24T06:33:14.473+0000 7f902b400700 1 -- 172.21.15.5:0/3471872772 --> [v2:172.21.15.5:3300/0,v1:172.21.15.5:6789/0] -- mon_subscribe({config=0+,monmap=0+}) -- 0x7f902c19ee20 con 0x7f902c109170
2024-04-24T06:33:15.478 INFO:teuthology.orchestra.run.smithi005.stdout:/usr/bin/ceph: stderr
2024-04-24T06:33:14.473+0000 7f902b400700 1 --2- 172.21.15.5:0/3471872772 >> [v2:172.21.15.5:3300/0,v1:172.21.15.5:6789/0] conn(0x7f902c109170 0x7f902c19e8e0 secure :-1 s=READY pgs=44 cs=0 l=1 rev1=1 crypto rx=0x7f901c011b60 tx=0x7f901c011c40 comp rx=0 tx=0).ready entity=mon.0 client_cookie=0 server_cookie=0 in_seq=0 out_seq=0
2024-04-24T06:33:15.478 INFO:teuthology.orchestra.run.smithi005.stdout:/usr/bin/ceph: stderr
2024-04-24T06:33:14.473+0000 7f9023e00700 1 -- 172.21.15.5:0/3471872772 <== mon.0 v2:172.21.15.5:3300/0 1 ==== mon_map magic: 0 ==== 205+0+0 (secure 0 0 0) 0x7f901c003970 con 0x7f902c109170
2024-04-24T06:33:15.478 INFO:teuthology.orchestra.run.smithi005.stdout:/usr/bin/ceph: stderr
2024-04-24T06:33:14.474+0000 7f9023e00700 1 -- 172.21.15.5:0/3471872772 <== mon.0 v2:172.21.15.5:3300/0 2 ==== config(27 keys) ==== 1109+0+0 (secure 0 0 0) 0x7f901c003b10 con 0x7f902c109170
2024-04-24T06:33:15.478 INFO:teuthology.orchestra.run.smithi005.stdout:/usr/bin/ceph: stderr
2024-04-24T06:33:14.474+0000 7f9032600700 1 -- 172.21.15.5:0/3471872772 --> [v2:172.21.15.5:3300/0,v1:172.21.15.5:6789/0] -- mon_subscribe({mgrmap=0+}) -- 0x7f902c19f0b0 con 0x7f902c109170
2024-04-24T06:33:15.481 INFO:teuthology.orchestra.run.smithi005.stdout:/usr/bin/ceph: stderr
2024-04-24T06:33:14.474+0000 7f9023e00700 1 -- 172.21.15.5:0/3471872772 <== mon.0 v2:172.21.15.5:3300/0 3 ==== mon_map magic: 0 ==== 205+0+0 (secure 0 0 0) 0x7f901c024610 con 0x7f902c109170
2024-04-24T06:33:15.481 INFO:teuthology.orchestra.run.smithi005.stdout:/usr/bin/ceph: stderr
2024-04-24T06:33:14.474+0000 7f9032600700 1 -- 172.21.15.5:0/3471872772 --> [v2:172.21.15.5:3300/0,v1:172.21.15.5:6789/0] -- mon_subscribe({osdmap=0}) -- 0x7f902c1a1da0 con 0x7f902c109170
2024-04-24T06:33:15.481 INFO:teuthology.orchestra.run.smithi005.stdout:/usr/bin/ceph: stderr
2024-04-24T06:33:14.475+0000 7f9023e00700 1 -- 172.21.15.5:0/3471872772 <== mon.0 v2:172.21.15.5:3300/0 4 ==== mgrmap(e 8) ==== 46558+0+0 (secure 0 0 0) 0x7f901c01a430 con 0x7f902c109170
2024-04-24T06:33:15.481 INFO:teuthology.orchestra.run.smithi005.stdout:/usr/bin/ceph: stderr
2024-04-24T06:33:14.475+0000 7f9032600700 1 -- 172.21.15.5:0/3471872772 --> [v2:172.21.15.5:3300/0,v1:172.21.15.5:6789/0] -- mon_command({"prefix": "get_command_descriptions"} v 0) -- 0x7f902c064150 con 0x7f902c109170
2024-04-24T06:33:15.481 INFO:teuthology.orchestra.run.smithi005.stdout:/usr/bin/ceph: stderr
2024-04-24T06:33:14.475+0000 7f9023e00700 1 --2- 172.21.15.5:0/3471872772 >> [v2:172.21.15.5:6800/2147029578,v1:172.21.15.5:6801/2147029578] conn(0x7f9010039600 0x7f901003bac0 unknown :-1 s=NONE pgs=0 cs=0 l=1 rev1=0 crypto rx=0 tx=0 comp rx=0 tx=0).connect
2024-04-24T06:33:15.481 INFO:teuthology.orchestra.run.smithi005.stdout:/usr/bin/ceph: stderr
2024-04-24T06:33:14.475+0000 7f9023e00700 1 -- 172.21.15.5:0/3471872772 <== mon.0 v2:172.21.15.5:3300/0 5 ==== osd_map(2..2 src has 1..2) ==== 940+0+0 (secure 0 0 0) 0x7f901c011e00 con 0x7f902c109170
2024-04-24T06:33:15.481 INFO:teuthology.orchestra.run.smithi005.stdout:/usr/bin/ceph: stderr
2024-04-24T06:33:14.476+0000 7f902aa00700 1 --2- 172.21.15.5:0/3471872772 >> [v2:172.21.15.5:6800/2147029578,v1:172.21.15.5:6801/2147029578] conn(0x7f9010039600 0x7f901003bac0 unknown :-1 s=BANNER_CONNECTING pgs=0 cs=0 l=1 rev1=0 crypto rx=0 tx=0 comp rx=0 tx=0)._handle_peer_banner_payload supported=3 required=0
2024-04-24T06:33:15.482 INFO:teuthology.orchestra.run.smithi005.stdout:/usr/bin/ceph: stderr
2024-04-24T06:33:14.476+0000 7f902aa00700 1 --2- 172.21.15.5:0/3471872772 >> [v2:172.21.15.5:6800/2147029578,v1:172.21.15.5:6801/2147029578] conn(0x7f9010039600 0x7f901003bac0 secure :-1 s=READY pgs=10 cs=0 l=1 rev1=1 crypto rx=0x7f9018006fd0 tx=0x7f9018006e40 comp rx=0 tx=0).ready entity=mgr.14120 client_cookie=0 server_cookie=0 in_seq=0 out_seq=0
2024-04-24T06:33:15.482 INFO:teuthology.orchestra.run.smithi005.stdout:/usr/bin/ceph: stderr
2024-04-24T06:33:14.481+0000 7f9023e00700 1 -- 172.21.15.5:0/3471872772 <== mon.0 v2:172.21.15.5:3300/0 6 ==== mon_command_ack([{"prefix": "get_command_descriptions"}]=0 v0) ==== 72+0+188370 (secure 0 0 0) 0x7f901c016260 con 0x7f902c109170
2024-04-24T06:33:15.482 INFO:teuthology.orchestra.run.smithi005.stdout:/usr/bin/ceph: stderr
2024-04-24T06:33:14.714+0000 7f9032600700 1 -- 172.21.15.5:0/3471872772 --> [v2:172.21.15.5:6800/2147029578,v1:172.21.15.5:6801/2147029578] -- mgr_command(tid 0: {"prefix": "cephadm get-pub-key", "target": ["mon-mgr", ""]}) -- 0x7f902c103da0 con 0x7f9010039600
2024-04-24T06:33:15.482 INFO:teuthology.orchestra.run.smithi005.stdout:/usr/bin/ceph: stderr
2024-04-24T06:33:14.716+0000 7f9023e00700 1 -- 172.21.15.5:0/3471872772 <== mgr.14120 v2:172.21.15.5:6800/2147029578 1 ==== mgr_command_reply(tid 0: 0 ) ==== 8+0+595 (secure 0 0 0) 0x7f902c103da0 con 0x7f9010039600
2024-04-24T06:33:15.482 INFO:teuthology.orchestra.run.smithi005.stdout:/usr/bin/ceph: stderr
2024-04-24T06:33:14.719+0000 7f9032600700 1 -- 172.21.15.5:0/3471872772 >> [v2:172.21.15.5:6800/2147029578,v1:172.21.15.5:6801/2147029578] conn(0x7f9010039600 msgr2=0x7f901003bac0 secure :-1 s=STATE_CONNECTION_ESTABLISHED l=1).mark_down
2024-04-24T06:33:15.482 INFO:teuthology.orchestra.run.smithi005.stdout:/usr/bin/ceph: stderr
2024-04-24T06:33:14.719+0000 7f9032600700 1 --2- 172.21.15.5:0/3471872772 >> [v2:172.21.15.5:6800/2147029578,v1:172.21.15.5:6801/2147029578] conn(0x7f9010039600 0x7f901003bac0 secure :-1 s=READY pgs=10 cs=0 l=1 rev1=1 crypto rx=0x7f9018006fd0 tx=0x7f9018006e40 comp rx=0 tx=0).stop
2024-04-24T06:33:15.482 INFO:teuthology.orchestra.run.smithi005.stdout:/usr/bin/ceph: stderr
2024-04-24T06:33:14.719+0000 7f9032600700 1 -- 172.21.15.5:0/3471872772 >> [v2:172.21.15.5:3300/0,v1:172.21.15.5:6789/0] conn(0x7f902c109170 msgr2=0x7f902c19e8e0 secure :-1 s=STATE_CONNECTION_ESTABLISHED l=1).mark_down
2024-04-24T06:33:15.482 INFO:teuthology.orchestra.run.smithi005.stdout:/usr/bin/ceph: stderr
2024-04-24T06:33:14.719+0000 7f9032600700 1 --2- 172.21.15.5:0/3471872772 >> [v2:172.21.15.5:3300/0,v1:172.21.15.5:6789/0] conn(0x7f902c109170 0x7f902c19e8e0 secure :-1 s=READY pgs=44 cs=0 l=1 rev1=1 crypto rx=0x7f901c011b60 tx=0x7f901c011c40 comp rx=0 tx=0).stop
2024-04-24T06:33:15.482 INFO:teuthology.orchestra.run.smithi005.stdout:/usr/bin/ceph: stderr
2024-04-24T06:33:14.719+0000 7f9032600700 1 -- 172.21.15.5:0/3471872772 shutdown_connections
2024-04-24T06:33:15.482 INFO:teuthology.orchestra.run.smithi005.stdout:/usr/bin/ceph: stderr
2024-04-24T06:33:14.719+0000 7f9032600700 1 --2- 172.21.15.5:0/3471872772 >> [v2:172.21.15.5:6800/2147029578,v1:172.21.15.5:6801/2147029578] conn(0x7f9010039600 0x7f901003bac0 unknown :-1 s=CLOSED pgs=10 cs=0 l=1 rev1=1 crypto rx=0 tx=0 comp rx=0 tx=0).stop
2024-04-24T06:33:15.482 INFO:teuthology.orchestra.run.smithi005.stdout:/usr/bin/ceph: stderr
2024-04-24T06:33:14.719+0000 7f9032600700 1 --2- 172.21.15.5:0/3471872772 >> [v2:172.21.15.5:3300/0,v1:172.21.15.5:6789/0] conn(0x7f902c109170 0x7f902c19e8e0 unknown :-1 s=CLOSED pgs=44 cs=0 l=1 rev1=1 crypto rx=0 tx=0 comp rx=0 tx=0).stop
2024-04-24T06:33:15.483 INFO:teuthology.orchestra.run.smithi005.stdout:/usr/bin/ceph: stderr
2024-04-24T06:33:14.719+0000 7f9032600700 1 -- 172.21.15.5:0/3471872772 >> 172.21.15.5:0/3471872772 conn(0x7f902c102c00 msgr2=0x7f902c103690 unknown :-1 s=STATE_NONE l=0).mark_down
2024-04-24T06:33:15.483 INFO:teuthology.orchestra.run.smithi005.stdout:/usr/bin/ceph: stderr
2024-04-24T06:33:14.719+0000 7f9032600700 1 -- 172.21.15.5:0/3471872772 shutdown_connections
2024-04-24T06:33:15.483 INFO:teuthology.orchestra.run.smithi005.stdout:/usr/bin/ceph: stderr
2024-04-24T06:33:14.719+0000 7f9032600700 1 -- 172.21.15.5:0/3471872772 wait complete.
2024-04-24T06:33:15.483 INFO:teuthology.orchestra.run.smithi005.stdout:Wrote public SSH key to /home/ubuntu/cephtest/ceph.pub
2024-04-24T06:33:15.483 INFO:teuthology.orchestra.run.smithi005.stdout:Adding key to root@localhost authorized_keys...
2024-04-24T06:33:15.488 INFO:teuthology.orchestra.run.smithi005.stdout:Adding host smithi005...
2024-04-24T06:33:17.256 INFO:journalctl@ceph.mon.a.smithi005.stdout:Apr 24 06:33:17 smithi005 ceph-mon[27798]: from='client.14140 -' entity='client.admin' cmd=[{"prefix": "orch host add", "hostname": "smithi005", "addr": "172.21.15.5", "target": ["mon-mgr", ""]}]: dispatch
2024-04-24T06:33:18.256 INFO:journalctl@ceph.mon.a.smithi005.stdout:Apr 24 06:33:18 smithi005 ceph-mon[27798]: Deploying cephadm binary to smithi005
2024-04-24T06:33:23.212 INFO:teuthology.orchestra.run.smithi005.stdout:/usr/bin/ceph: stdout Added host 'smithi005' with addr '172.21.15.5'
2024-04-24T06:33:23.212 INFO:teuthology.orchestra.run.smithi005.stdout:/usr/bin/ceph: stderr
2024-04-24T06:33:16.065+0000 7fdf53a00700 1 Processor -- start
2024-04-24T06:33:23.212 INFO:teuthology.orchestra.run.smithi005.stdout:/usr/bin/ceph: stderr
2024-04-24T06:33:16.066+0000 7fdf53a00700 1 -- start start
2024-04-24T06:33:23.212 INFO:teuthology.orchestra.run.smithi005.stdout:/usr/bin/ceph: stderr
2024-04-24T06:33:16.066+0000 7fdf53a00700 1 --2- >> [v2:172.21.15.5:3300/0,v1:172.21.15.5:6789/0] conn(0x7fdf4c07de90 0x7fdf4c07c340 unknown :-1 s=NONE pgs=0 cs=0 l=0 rev1=0 crypto rx=0 tx=0 comp rx=0 tx=0).connect
2024-04-24T06:33:23.213 INFO:teuthology.orchestra.run.smithi005.stdout:/usr/bin/ceph: stderr
2024-04-24T06:33:16.066+0000 7fdf53a00700 1 -- --> [v2:172.21.15.5:3300/0,v1:172.21.15.5:6789/0] -- mon_getmap magic: 0 -- 0x7fdf4c07c910 con 0x7fdf4c07de90
2024-04-24T06:33:23.213 INFO:teuthology.orchestra.run.smithi005.stdout:/usr/bin/ceph: stderr
2024-04-24T06:33:16.067+0000 7fdf51000700 1 --2- >> [v2:172.21.15.5:3300/0,v1:172.21.15.5:6789/0] conn(0x7fdf4c07de90 0x7fdf4c07c340 unknown :-1 s=BANNER_CONNECTING pgs=0 cs=0 l=0 rev1=0 crypto rx=0 tx=0 comp rx=0 tx=0)._handle_peer_banner_payload supported=3 required=0
2024-04-24T06:33:23.213 INFO:teuthology.orchestra.run.smithi005.stdout:/usr/bin/ceph: stderr
2024-04-24T06:33:16.067+0000 7fdf51000700 1 --2- >> [v2:172.21.15.5:3300/0,v1:172.21.15.5:6789/0] conn(0x7fdf4c07de90 0x7fdf4c07c340 unknown :-1 s=HELLO_CONNECTING pgs=0 cs=0 l=0 rev1=1 crypto rx=0 tx=0 comp rx=0 tx=0).handle_hello peer v2:172.21.15.5:3300/0 says I am v2:172.21.15.5:44986/0 (socket says 172.21.15.5:44986)
2024-04-24T06:33:23.213 INFO:teuthology.orchestra.run.smithi005.stdout:/usr/bin/ceph: stderr
2024-04-24T06:33:16.067+0000 7fdf51000700 1 -- 172.21.15.5:0/737122034 learned_addr learned my addr 172.21.15.5:0/737122034 (peer_addr_for_me v2:172.21.15.5:0/0)
2024-04-24T06:33:23.213 INFO:teuthology.orchestra.run.smithi005.stdout:/usr/bin/ceph: stderr
2024-04-24T06:33:16.067+0000 7fdf51000700 1 -- 172.21.15.5:0/737122034 --> [v2:172.21.15.5:3300/0,v1:172.21.15.5:6789/0] -- mon_subscribe({config=0+,monmap=0+}) -- 0x7fdf4c07ca90 con 0x7fdf4c07de90
2024-04-24T06:33:23.213 INFO:teuthology.orchestra.run.smithi005.stdout:/usr/bin/ceph: stderr
2024-04-24T06:33:16.068+0000 7fdf51000700 1 --2- 172.21.15.5:0/737122034 >> [v2:172.21.15.5:3300/0,v1:172.21.15.5:6789/0] conn(0x7fdf4c07de90 0x7fdf4c07c340 secure :-1 s=READY pgs=45 cs=0 l=1 rev1=1 crypto rx=0x7fdf3c009e80 tx=0x7fdf3c00b330 comp rx=0 tx=0).ready entity=mon.0 client_cookie=260a2d7134329ffb server_cookie=0 in_seq=0 out_seq=0
2024-04-24T06:33:23.213 INFO:teuthology.orchestra.run.smithi005.stdout:/usr/bin/ceph: stderr
2024-04-24T06:33:16.068+0000 7fdf4be00700 1 -- 172.21.15.5:0/737122034 <== mon.0 v2:172.21.15.5:3300/0 1 ==== mon_map magic: 0 ==== 205+0+0 (secure 0 0 0) 0x7fdf3c017070 con 0x7fdf4c07de90
2024-04-24T06:33:23.213 INFO:teuthology.orchestra.run.smithi005.stdout:/usr/bin/ceph: stderr
2024-04-24T06:33:16.068+0000 7fdf4be00700 1 -- 172.21.15.5:0/737122034 <== mon.0 v2:172.21.15.5:3300/0 2 ==== config(27 keys) ==== 1109+0+0 (secure 0 0 0) 0x7fdf3c00b8c0 con 0x7fdf4c07de90
2024-04-24T06:33:23.213 INFO:teuthology.orchestra.run.smithi005.stdout:/usr/bin/ceph: stderr
2024-04-24T06:33:16.068+0000 7fdf4be00700 1 -- 172.21.15.5:0/737122034 <== mon.0 v2:172.21.15.5:3300/0 3 ==== mon_map magic: 0 ==== 205+0+0 (secure 0 0 0) 0x7fdf3c0045c0 con 0x7fdf4c07de90
2024-04-24T06:33:23.213 INFO:teuthology.orchestra.run.smithi005.stdout:/usr/bin/ceph: stderr
2024-04-24T06:33:16.069+0000 7fdf53a00700 1 -- 172.21.15.5:0/737122034 >> [v2:172.21.15.5:3300/0,v1:172.21.15.5:6789/0] conn(0x7fdf4c07de90 msgr2=0x7fdf4c07c340 secure :-1 s=STATE_CONNECTION_ESTABLISHED l=1).mark_down
2024-04-24T06:33:23.214 INFO:teuthology.orchestra.run.smithi005.stdout:/usr/bin/ceph: stderr
2024-04-24T06:33:16.069+0000 7fdf53a00700 1 --2- 172.21.15.5:0/737122034 >> [v2:172.21.15.5:3300/0,v1:172.21.15.5:6789/0] conn(0x7fdf4c07de90 0x7fdf4c07c340 secure :-1 s=READY pgs=45 cs=0 l=1 rev1=1 crypto rx=0x7fdf3c009e80 tx=0x7fdf3c00b330 comp rx=0 tx=0).stop
2024-04-24T06:33:23.214 INFO:teuthology.orchestra.run.smithi005.stdout:/usr/bin/ceph: stderr
2024-04-24T06:33:16.069+0000 7fdf53a00700 1 -- 172.21.15.5:0/737122034 shutdown_connections
2024-04-24T06:33:23.214 INFO:teuthology.orchestra.run.smithi005.stdout:/usr/bin/ceph: stderr
2024-04-24T06:33:16.069+0000 7fdf53a00700 1 --2- 172.21.15.5:0/737122034 >> [v2:172.21.15.5:3300/0,v1:172.21.15.5:6789/0] conn(0x7fdf4c07de90 0x7fdf4c07c340 unknown :-1 s=CLOSED pgs=45 cs=0 l=1 rev1=1 crypto rx=0 tx=0 comp rx=0 tx=0).stop
2024-04-24T06:33:23.214 INFO:teuthology.orchestra.run.smithi005.stdout:/usr/bin/ceph: stderr
2024-04-24T06:33:16.069+0000 7fdf53a00700 1 -- 172.21.15.5:0/737122034 >> 172.21.15.5:0/737122034 conn(0x7fdf4c103d40 msgr2=0x7fdf4c106160 unknown :-1 s=STATE_NONE l=0).mark_down
2024-04-24T06:33:23.214 INFO:teuthology.orchestra.run.smithi005.stdout:/usr/bin/ceph: stderr
2024-04-24T06:33:16.069+0000 7fdf53a00700 1 -- 172.21.15.5:0/737122034 shutdown_connections
2024-04-24T06:33:23.214 INFO:teuthology.orchestra.run.smithi005.stdout:/usr/bin/ceph: stderr
2024-04-24T06:33:16.069+0000 7fdf53a00700 1 -- 172.21.15.5:0/737122034 wait complete.
2024-04-24T06:33:23.214 INFO:teuthology.orchestra.run.smithi005.stdout:/usr/bin/ceph: stderr
2024-04-24T06:33:16.070+0000 7fdf53a00700 1 Processor -- start
2024-04-24T06:33:23.214 INFO:teuthology.orchestra.run.smithi005.stdout:/usr/bin/ceph: stderr
2024-04-24T06:33:16.070+0000 7fdf53a00700 1 -- start start
2024-04-24T06:33:23.214 INFO:teuthology.orchestra.run.smithi005.stdout:/usr/bin/ceph: stderr
2024-04-24T06:33:16.070+0000 7fdf53a00700 1 --2- >> [v2:172.21.15.5:3300/0,v1:172.21.15.5:6789/0] conn(0x7fdf4c07de90 0x7fdf4c19e870 unknown :-1 s=NONE pgs=0 cs=0 l=1 rev1=0 crypto rx=0 tx=0 comp rx=0 tx=0).connect
2024-04-24T06:33:23.214 INFO:teuthology.orchestra.run.smithi005.stdout:/usr/bin/ceph: stderr
2024-04-24T06:33:16.071+0000 7fdf53a00700 1 -- --> [v2:172.21.15.5:3300/0,v1:172.21.15.5:6789/0] -- mon_getmap magic: 0 -- 0x7fdf4c10ec90 con 0x7fdf4c07de90
2024-04-24T06:33:23.214 INFO:teuthology.orchestra.run.smithi005.stdout:/usr/bin/ceph: stderr
2024-04-24T06:33:16.071+0000 7fdf51000700 1 --2- >> [v2:172.21.15.5:3300/0,v1:172.21.15.5:6789/0] conn(0x7fdf4c07de90 0x7fdf4c19e870 unknown :-1 s=BANNER_CONNECTING pgs=0 cs=0 l=1 rev1=0 crypto rx=0 tx=0 comp rx=0 tx=0)._handle_peer_banner_payload supported=3 required=0
2024-04-24T06:33:23.214 INFO:teuthology.orchestra.run.smithi005.stdout:/usr/bin/ceph: stderr
2024-04-24T06:33:16.071+0000 7fdf51000700 1 --2- >> [v2:172.21.15.5:3300/0,v1:172.21.15.5:6789/0] conn(0x7fdf4c07de90 0x7fdf4c19e870 unknown :-1 s=HELLO_CONNECTING pgs=0 cs=0 l=1 rev1=1 crypto rx=0 tx=0 comp rx=0 tx=0).handle_hello peer v2:172.21.15.5:3300/0 says I am v2:172.21.15.5:44988/0 (socket says 172.21.15.5:44988)
2024-04-24T06:33:23.215 INFO:teuthology.orchestra.run.smithi005.stdout:/usr/bin/ceph: stderr
2024-04-24T06:33:16.071+0000 7fdf51000700 1 -- 172.21.15.5:0/2667223913 learned_addr learned my addr 172.21.15.5:0/2667223913 (peer_addr_for_me v2:172.21.15.5:0/0)
2024-04-24T06:33:23.215 INFO:teuthology.orchestra.run.smithi005.stdout:/usr/bin/ceph: stderr
2024-04-24T06:33:16.071+0000 7fdf51000700 1 -- 172.21.15.5:0/2667223913 --> [v2:172.21.15.5:3300/0,v1:172.21.15.5:6789/0] -- mon_subscribe({config=0+,monmap=0+}) -- 0x7fdf4c19edb0 con 0x7fdf4c07de90
2024-04-24T06:33:23.215 INFO:teuthology.orchestra.run.smithi005.stdout:/usr/bin/ceph: stderr
2024-04-24T06:33:16.071+0000 7fdf51000700 1 --2- 172.21.15.5:0/2667223913 >> [v2:172.21.15.5:3300/0,v1:172.21.15.5:6789/0] conn(0x7fdf4c07de90 0x7fdf4c19e870 secure :-1 s=READY pgs=46 cs=0 l=1 rev1=1 crypto rx=0x7fdf3c009530 tx=0x7fdf3c00bd50 comp rx=0 tx=0).ready entity=mon.0 client_cookie=0 server_cookie=0 in_seq=0 out_seq=0
2024-04-24T06:33:23.215 INFO:teuthology.orchestra.run.smithi005.stdout:/usr/bin/ceph: stderr
2024-04-24T06:33:16.072+0000 7fdf4a000700 1 -- 172.21.15.5:0/2667223913 <== mon.0 v2:172.21.15.5:3300/0 1 ==== mon_map magic: 0 ==== 205+0+0 (secure 0 0 0) 0x7fdf3c020020 con 0x7fdf4c07de90
2024-04-24T06:33:23.215 INFO:teuthology.orchestra.run.smithi005.stdout:/usr/bin/ceph: stderr
2024-04-24T06:33:16.072+0000 7fdf4a000700 1 -- 172.21.15.5:0/2667223913 <== mon.0 v2:172.21.15.5:3300/0 2 ==== config(27 keys) ==== 1109+0+0 (secure 0 0 0) 0x7fdf3c003b50 con 0x7fdf4c07de90
2024-04-24T06:33:23.215 INFO:teuthology.orchestra.run.smithi005.stdout:/usr/bin/ceph: stderr
2024-04-24T06:33:16.072+0000 7fdf53a00700 1 -- 172.21.15.5:0/2667223913 --> [v2:172.21.15.5:3300/0,v1:172.21.15.5:6789/0] -- mon_subscribe({mgrmap=0+}) -- 0x7fdf4c19f040 con 0x7fdf4c07de90
2024-04-24T06:33:23.215 INFO:teuthology.orchestra.run.smithi005.stdout:/usr/bin/ceph: stderr
2024-04-24T06:33:16.072+0000 7fdf4a000700 1 -- 172.21.15.5:0/2667223913 <== mon.0 v2:172.21.15.5:3300/0 3 ==== mon_map magic: 0 ==== 205+0+0 (secure 0 0 0) 0x7fdf3c017040 con 0x7fdf4c07de90
2024-04-24T06:33:23.215 INFO:teuthology.orchestra.run.smithi005.stdout:/usr/bin/ceph: stderr
2024-04-24T06:33:16.072+0000 7fdf53a00700 1 -- 172.21.15.5:0/2667223913 --> [v2:172.21.15.5:3300/0,v1:172.21.15.5:6789/0] -- mon_subscribe({osdmap=0}) -- 0x7fdf4c1a1d30 con 0x7fdf4c07de90
2024-04-24T06:33:23.215 INFO:teuthology.orchestra.run.smithi005.stdout:/usr/bin/ceph: stderr
2024-04-24T06:33:16.073+0000 7fdf4a000700 1 -- 172.21.15.5:0/2667223913 <== mon.0 v2:172.21.15.5:3300/0 4 ==== mgrmap(e 8) ==== 46558+0+0 (secure 0 0 0) 0x7fdf3c023020 con 0x7fdf4c07de90
2024-04-24T06:33:23.215 INFO:teuthology.orchestra.run.smithi005.stdout:/usr/bin/ceph: stderr
2024-04-24T06:33:16.073+0000 7fdf53a00700 1 -- 172.21.15.5:0/2667223913 --> [v2:172.21.15.5:3300/0,v1:172.21.15.5:6789/0] -- mon_command({"prefix": "get_command_descriptions"} v 0) -- 0x7fdf4c064150 con 0x7fdf4c07de90
2024-04-24T06:33:23.215 INFO:teuthology.orchestra.run.smithi005.stdout:/usr/bin/ceph: stderr
2024-04-24T06:33:16.074+0000 7fdf4a000700 1 --2- 172.21.15.5:0/2667223913 >> [v2:172.21.15.5:6800/2147029578,v1:172.21.15.5:6801/2147029578] conn(0x7fdf300395b0 0x7fdf3003ba70 unknown :-1 s=NONE pgs=0 cs=0 l=1 rev1=0 crypto rx=0 tx=0 comp rx=0 tx=0).connect
2024-04-24T06:33:23.215 INFO:teuthology.orchestra.run.smithi005.stdout:/usr/bin/ceph: stderr
2024-04-24T06:33:16.074+0000 7fdf4a000700 1 -- 172.21.15.5:0/2667223913 <== mon.0 v2:172.21.15.5:3300/0 5 ==== osd_map(2..2 src has 1..2) ==== 940+0+0 (secure 0 0 0) 0x7fdf3c00f050 con 0x7fdf4c07de90
2024-04-24T06:33:23.215 INFO:teuthology.orchestra.run.smithi005.stdout:/usr/bin/ceph: stderr
2024-04-24T06:33:16.074+0000 7fdf43e00700 1 --2- 172.21.15.5:0/2667223913 >> [v2:172.21.15.5:6800/2147029578,v1:172.21.15.5:6801/2147029578] conn(0x7fdf300395b0 0x7fdf3003ba70 unknown :-1 s=BANNER_CONNECTING pgs=0 cs=0 l=1 rev1=0 crypto rx=0 tx=0 comp rx=0 tx=0)._handle_peer_banner_payload supported=3 required=0
2024-04-24T06:33:23.215 INFO:teuthology.orchestra.run.smithi005.stdout:/usr/bin/ceph: stderr
2024-04-24T06:33:16.075+0000 7fdf43e00700 1 --2- 172.21.15.5:0/2667223913 >> [v2:172.21.15.5:6800/2147029578,v1:172.21.15.5:6801/2147029578] conn(0x7fdf300395b0 0x7fdf3003ba70 secure :-1 s=READY pgs=11 cs=0 l=1 rev1=1 crypto rx=0x7fdf38006fd0 tx=0x7fdf38006e40 comp rx=0 tx=0).ready entity=mgr.14120 client_cookie=0 server_cookie=0 in_seq=0 out_seq=0
2024-04-24T06:33:23.216 INFO:teuthology.orchestra.run.smithi005.stdout:/usr/bin/ceph: stderr
2024-04-24T06:33:16.079+0000 7fdf4a000700 1 -- 172.21.15.5:0/2667223913 <== mon.0 v2:172.21.15.5:3300/0 6 ==== mon_command_ack([{"prefix": "get_command_descriptions"}]=0 v0) ==== 72+0+188370 (secure 0 0 0) 0x7fdf3c02a020 con 0x7fdf4c07de90
2024-04-24T06:33:23.216 INFO:teuthology.orchestra.run.smithi005.stdout:/usr/bin/ceph: stderr
2024-04-24T06:33:16.318+0000 7fdf53a00700 1 -- 172.21.15.5:0/2667223913 --> [v2:172.21.15.5:6800/2147029578,v1:172.21.15.5:6801/2147029578] -- mgr_command(tid 0: {"prefix": "orch host add", "hostname": "smithi005", "addr": "172.21.15.5", "target": ["mon-mgr", ""]}) -- 0x7fdf4c104f80 con 0x7fdf300395b0
2024-04-24T06:33:23.216 INFO:teuthology.orchestra.run.smithi005.stdout:/usr/bin/ceph: stderr
2024-04-24T06:33:22.534+0000 7fdf4a000700 1 -- 172.21.15.5:0/2667223913 <== mgr.14120 v2:172.21.15.5:6800/2147029578 1 ==== mgr_command_reply(tid 0: 0 ) ==== 8+0+47 (secure 0 0 0) 0x7fdf4c104f80 con 0x7fdf300395b0
2024-04-24T06:33:23.216 INFO:teuthology.orchestra.run.smithi005.stdout:/usr/bin/ceph: stderr
2024-04-24T06:33:22.539+0000 7fdf53a00700 1 -- 172.21.15.5:0/2667223913 >> [v2:172.21.15.5:6800/2147029578,v1:172.21.15.5:6801/2147029578] conn(0x7fdf300395b0 msgr2=0x7fdf3003ba70 secure :-1 s=STATE_CONNECTION_ESTABLISHED l=1).mark_down
2024-04-24T06:33:23.216 INFO:teuthology.orchestra.run.smithi005.stdout:/usr/bin/ceph: stderr
2024-04-24T06:33:22.539+0000 7fdf53a00700 1 --2- 172.21.15.5:0/2667223913 >> [v2:172.21.15.5:6800/2147029578,v1:172.21.15.5:6801/2147029578] conn(0x7fdf300395b0 0x7fdf3003ba70 secure :-1 s=READY pgs=11 cs=0 l=1 rev1=1 crypto rx=0x7fdf38006fd0 tx=0x7fdf38006e40 comp rx=0 tx=0).stop
2024-04-24T06:33:23.216 INFO:teuthology.orchestra.run.smithi005.stdout:/usr/bin/ceph: stderr
2024-04-24T06:33:22.539+0000 7fdf53a00700 1 -- 172.21.15.5:0/2667223913 >> [v2:172.21.15.5:3300/0,v1:172.21.15.5:6789/0] conn(0x7fdf4c07de90 msgr2=0x7fdf4c19e870 secure :-1 s=STATE_CONNECTION_ESTABLISHED l=1).mark_down
2024-04-24T06:33:23.216 INFO:teuthology.orchestra.run.smithi005.stdout:/usr/bin/ceph: stderr
2024-04-24T06:33:22.539+0000 7fdf53a00700 1 --2- 172.21.15.5:0/2667223913 >> [v2:172.21.15.5:3300/0,v1:172.21.15.5:6789/0] conn(0x7fdf4c07de90 0x7fdf4c19e870 secure :-1 s=READY pgs=46 cs=0 l=1 rev1=1 crypto rx=0x7fdf3c009530 tx=0x7fdf3c00bd50 comp rx=0 tx=0).stop
2024-04-24T06:33:23.216 INFO:teuthology.orchestra.run.smithi005.stdout:/usr/bin/ceph: stderr
2024-04-24T06:33:22.540+0000 7fdf53a00700 1 -- 172.21.15.5:0/2667223913 shutdown_connections
2024-04-24T06:33:23.216 INFO:teuthology.orchestra.run.smithi005.stdout:/usr/bin/ceph: stderr
2024-04-24T06:33:22.540+0000 7fdf53a00700 1 --2- 172.21.15.5:0/2667223913 >> [v2:172.21.15.5:6800/2147029578,v1:172.21.15.5:6801/2147029578] conn(0x7fdf300395b0 0x7fdf3003ba70 unknown :-1 s=CLOSED pgs=11 cs=0 l=1 rev1=1 crypto rx=0 tx=0 comp rx=0 tx=0).stop
2024-04-24T06:33:23.216 INFO:teuthology.orchestra.run.smithi005.stdout:/usr/bin/ceph: stderr
2024-04-24T06:33:22.540+0000 7fdf53a00700 1 --2- 172.21.15.5:0/2667223913 >> [v2:172.21.15.5:3300/0,v1:172.21.15.5:6789/0] conn(0x7fdf4c07de90 0x7fdf4c19e870 unknown :-1 s=CLOSED pgs=46 cs=0 l=1 rev1=1 crypto rx=0 tx=0 comp rx=0 tx=0).stop
2024-04-24T06:33:23.216 INFO:teuthology.orchestra.run.smithi005.stdout:/usr/bin/ceph: stderr
2024-04-24T06:33:22.540+0000 7fdf53a00700 1 -- 172.21.15.5:0/2667223913 >> 172.21.15.5:0/2667223913 conn(0x7fdf4c103d40 msgr2=0x7fdf4c104870 unknown :-1 s=STATE_NONE l=0).mark_down
2024-04-24T06:33:23.216 INFO:teuthology.orchestra.run.smithi005.stdout:/usr/bin/ceph: stderr
2024-04-24T06:33:22.540+0000 7fdf53a00700 1 -- 172.21.15.5:0/2667223913 shutdown_connections
2024-04-24T06:33:23.216 INFO:teuthology.orchestra.run.smithi005.stdout:/usr/bin/ceph: stderr
2024-04-24T06:33:22.540+0000 7fdf53a00700 1 -- 172.21.15.5:0/2667223913 wait complete.
2024-04-24T06:33:23.216 INFO:teuthology.orchestra.run.smithi005.stdout:Deploying unmanaged mon service...
2024-04-24T06:33:23.756 INFO:journalctl@ceph.mon.a.smithi005.stdout:Apr 24 06:33:23 smithi005 ceph-mon[27798]: from='mgr.14120 172.21.15.5:0/2924182213' entity='mgr.x'
2024-04-24T06:33:23.757 INFO:journalctl@ceph.mon.a.smithi005.stdout:Apr 24 06:33:23 smithi005 ceph-mon[27798]: Added host smithi005
2024-04-24T06:33:23.757 INFO:journalctl@ceph.mon.a.smithi005.stdout:Apr 24 06:33:23 smithi005 ceph-mon[27798]: from='mgr.14120 172.21.15.5:0/2924182213' entity='mgr.x' cmd=[{"prefix": "config dump", "format": "json"}]: dispatch
2024-04-24T06:33:24.940 INFO:teuthology.orchestra.run.smithi005.stdout:/usr/bin/ceph: stdout Scheduled mon update...
2024-04-24T06:33:24.940 INFO:teuthology.orchestra.run.smithi005.stdout:/usr/bin/ceph: stderr
2024-04-24T06:33:23.810+0000 7f3fee400700 1 Processor -- start
2024-04-24T06:33:24.940 INFO:teuthology.orchestra.run.smithi005.stdout:/usr/bin/ceph: stderr
2024-04-24T06:33:23.810+0000 7f3fee400700 1 -- start start
2024-04-24T06:33:24.940 INFO:teuthology.orchestra.run.smithi005.stdout:/usr/bin/ceph: stderr
2024-04-24T06:33:23.810+0000 7f3fee400700 1 --2- >> [v2:172.21.15.5:3300/0,v1:172.21.15.5:6789/0] conn(0x7f3fe810a8e0 0x7f3fe810ad00 unknown :-1 s=NONE pgs=0 cs=0 l=0 rev1=0 crypto rx=0 tx=0 comp rx=0 tx=0).connect
2024-04-24T06:33:24.940 INFO:teuthology.orchestra.run.smithi005.stdout:/usr/bin/ceph: stderr
2024-04-24T06:33:23.811+0000 7f3fee400700 1 -- --> [v2:172.21.15.5:3300/0,v1:172.21.15.5:6789/0] -- mon_getmap magic: 0 -- 0x7f3fe810b2d0 con 0x7f3fe810a8e0
2024-04-24T06:33:24.940 INFO:teuthology.orchestra.run.smithi005.stdout:/usr/bin/ceph: stderr
2024-04-24T06:33:23.811+0000 7f3fe7400700 1 --2- >> [v2:172.21.15.5:3300/0,v1:172.21.15.5:6789/0] conn(0x7f3fe810a8e0 0x7f3fe810ad00 unknown :-1 s=BANNER_CONNECTING pgs=0 cs=0 l=0 rev1=0 crypto rx=0 tx=0 comp rx=0 tx=0)._handle_peer_banner_payload supported=3 required=0
2024-04-24T06:33:24.940 INFO:teuthology.orchestra.run.smithi005.stdout:/usr/bin/ceph: stderr
2024-04-24T06:33:23.811+0000 7f3fe7400700 1 --2- >> [v2:172.21.15.5:3300/0,v1:172.21.15.5:6789/0] conn(0x7f3fe810a8e0 0x7f3fe810ad00 unknown :-1 s=HELLO_CONNECTING pgs=0 cs=0 l=0 rev1=1 crypto rx=0 tx=0 comp rx=0 tx=0).handle_hello peer v2:172.21.15.5:3300/0 says I am v2:172.21.15.5:44992/0 (socket says 172.21.15.5:44992)
2024-04-24T06:33:24.941 INFO:teuthology.orchestra.run.smithi005.stdout:/usr/bin/ceph: stderr
2024-04-24T06:33:23.811+0000 7f3fe7400700 1 -- 172.21.15.5:0/3009341999 learned_addr learned my addr 172.21.15.5:0/3009341999 (peer_addr_for_me v2:172.21.15.5:0/0)
2024-04-24T06:33:24.941 INFO:teuthology.orchestra.run.smithi005.stdout:/usr/bin/ceph: stderr
2024-04-24T06:33:23.812+0000 7f3fe7400700 1 -- 172.21.15.5:0/3009341999 --> [v2:172.21.15.5:3300/0,v1:172.21.15.5:6789/0] -- mon_subscribe({config=0+,monmap=0+}) -- 0x7f3fe810ba90 con 0x7f3fe810a8e0
2024-04-24T06:33:24.941 INFO:teuthology.orchestra.run.smithi005.stdout:/usr/bin/ceph: stderr
2024-04-24T06:33:23.812+0000 7f3fe7400700 1 --2- 172.21.15.5:0/3009341999 >> [v2:172.21.15.5:3300/0,v1:172.21.15.5:6789/0] conn(0x7f3fe810a8e0 0x7f3fe810ad00 secure :-1 s=READY pgs=47 cs=0 l=1 rev1=1 crypto rx=0x7f3fd80098a0 tx=0x7f3fd8009bb0 comp rx=0 tx=0).ready entity=mon.0 client_cookie=113a295abdf9d8a1 server_cookie=0 in_seq=0 out_seq=0
2024-04-24T06:33:24.941 INFO:teuthology.orchestra.run.smithi005.stdout:/usr/bin/ceph: stderr
2024-04-24T06:33:23.812+0000 7f3fe6000700 1 -- 172.21.15.5:0/3009341999 <== mon.0 v2:172.21.15.5:3300/0 1 ==== mon_map magic: 0 ==== 205+0+0 (secure 0 0 0) 0x7f3fd8004160 con 0x7f3fe810a8e0
2024-04-24T06:33:24.941 INFO:teuthology.orchestra.run.smithi005.stdout:/usr/bin/ceph: stderr
2024-04-24T06:33:23.813+0000 7f3fe6000700 1 -- 172.21.15.5:0/3009341999 <== mon.0 v2:172.21.15.5:3300/0 2 ==== config(27 keys) ==== 1109+0+0 (secure 0 0 0) 0x7f3fd8004300 con 0x7f3fe810a8e0
2024-04-24T06:33:24.941 INFO:teuthology.orchestra.run.smithi005.stdout:/usr/bin/ceph: stderr
2024-04-24T06:33:23.813+0000 7f3fe6000700 1 -- 172.21.15.5:0/3009341999 <== mon.0 v2:172.21.15.5:3300/0 3 ==== mon_map magic: 0 ==== 205+0+0 (secure 0 0 0) 0x7f3fd8011b50 con 0x7f3fe810a8e0
2024-04-24T06:33:24.941 INFO:teuthology.orchestra.run.smithi005.stdout:/usr/bin/ceph: stderr
2024-04-24T06:33:23.813+0000 7f3fee400700 1 -- 172.21.15.5:0/3009341999 >> [v2:172.21.15.5:3300/0,v1:172.21.15.5:6789/0] conn(0x7f3fe810a8e0 msgr2=0x7f3fe810ad00 secure :-1 s=STATE_CONNECTION_ESTABLISHED l=1).mark_down
2024-04-24T06:33:24.941 INFO:teuthology.orchestra.run.smithi005.stdout:/usr/bin/ceph: stderr
2024-04-24T06:33:23.813+0000 7f3fee400700 1 --2- 172.21.15.5:0/3009341999 >> [v2:172.21.15.5:3300/0,v1:172.21.15.5:6789/0] conn(0x7f3fe810a8e0 0x7f3fe810ad00 secure :-1 s=READY pgs=47 cs=0 l=1 rev1=1 crypto rx=0x7f3fd80098a0 tx=0x7f3fd8009bb0 comp rx=0 tx=0).stop
2024-04-24T06:33:24.941 INFO:teuthology.orchestra.run.smithi005.stdout:/usr/bin/ceph: stderr
2024-04-24T06:33:23.813+0000 7f3fee400700 1 -- 172.21.15.5:0/3009341999 shutdown_connections
2024-04-24T06:33:24.941 INFO:teuthology.orchestra.run.smithi005.stdout:/usr/bin/ceph: stderr
2024-04-24T06:33:23.813+0000 7f3fee400700 1 --2- 172.21.15.5:0/3009341999 >> [v2:172.21.15.5:3300/0,v1:172.21.15.5:6789/0] conn(0x7f3fe810a8e0 0x7f3fe810ad00 unknown :-1 s=CLOSED pgs=47 cs=0 l=1 rev1=1 crypto rx=0 tx=0 comp rx=0 tx=0).stop
2024-04-24T06:33:24.941 INFO:teuthology.orchestra.run.smithi005.stdout:/usr/bin/ceph: stderr
2024-04-24T06:33:23.813+0000 7f3fee400700 1 -- 172.21.15.5:0/3009341999 >> 172.21.15.5:0/3009341999 conn(0x7f3fe807de60 msgr2=0x7f3fe81084f0 unknown :-1 s=STATE_NONE l=0).mark_down
2024-04-24T06:33:24.941 INFO:teuthology.orchestra.run.smithi005.stdout:/usr/bin/ceph: stderr
2024-04-24T06:33:23.813+0000 7f3fee400700 1 -- 172.21.15.5:0/3009341999 shutdown_connections
2024-04-24T06:33:24.941 INFO:teuthology.orchestra.run.smithi005.stdout:/usr/bin/ceph: stderr
2024-04-24T06:33:23.813+0000 7f3fee400700 1 -- 172.21.15.5:0/3009341999 wait complete.
2024-04-24T06:33:24.942 INFO:teuthology.orchestra.run.smithi005.stdout:/usr/bin/ceph: stderr
2024-04-24T06:33:23.814+0000 7f3fee400700 1 Processor -- start
2024-04-24T06:33:24.942 INFO:teuthology.orchestra.run.smithi005.stdout:/usr/bin/ceph: stderr
2024-04-24T06:33:23.815+0000 7f3fee400700 1 -- start start
2024-04-24T06:33:24.942 INFO:teuthology.orchestra.run.smithi005.stdout:/usr/bin/ceph: stderr
2024-04-24T06:33:23.815+0000 7f3fee400700 1 --2- >> [v2:172.21.15.5:3300/0,v1:172.21.15.5:6789/0] conn(0x7f3fe810a8e0 0x7f3fe819e800 unknown :-1 s=NONE pgs=0 cs=0 l=1 rev1=0 crypto rx=0 tx=0 comp rx=0 tx=0).connect
2024-04-24T06:33:24.942 INFO:teuthology.orchestra.run.smithi005.stdout:/usr/bin/ceph: stderr
2024-04-24T06:33:23.815+0000 7f3fee400700 1 -- --> [v2:172.21.15.5:3300/0,v1:172.21.15.5:6789/0] -- mon_getmap magic: 0 -- 0x7f3fe810ee40 con 0x7f3fe810a8e0
2024-04-24T06:33:24.942 INFO:teuthology.orchestra.run.smithi005.stdout:/usr/bin/ceph: stderr
2024-04-24T06:33:23.815+0000 7f3fe7400700 1 --2- >> [v2:172.21.15.5:3300/0,v1:172.21.15.5:6789/0] conn(0x7f3fe810a8e0 0x7f3fe819e800 unknown :-1 s=BANNER_CONNECTING pgs=0 cs=0 l=1 rev1=0 crypto rx=0 tx=0 comp rx=0 tx=0)._handle_peer_banner_payload supported=3 required=0
2024-04-24T06:33:24.942 INFO:teuthology.orchestra.run.smithi005.stdout:/usr/bin/ceph: stderr
2024-04-24T06:33:23.815+0000 7f3fe7400700 1 --2- >> [v2:172.21.15.5:3300/0,v1:172.21.15.5:6789/0] conn(0x7f3fe810a8e0 0x7f3fe819e800 unknown :-1 s=HELLO_CONNECTING pgs=0 cs=0 l=1 rev1=1 crypto rx=0 tx=0 comp rx=0 tx=0).handle_hello peer v2:172.21.15.5:3300/0 says I am v2:172.21.15.5:45006/0 (socket says 172.21.15.5:45006)
2024-04-24T06:33:24.942 INFO:teuthology.orchestra.run.smithi005.stdout:/usr/bin/ceph: stderr
2024-04-24T06:33:23.815+0000 7f3fe7400700 1 -- 172.21.15.5:0/2610928728 learned_addr learned my addr 172.21.15.5:0/2610928728 (peer_addr_for_me v2:172.21.15.5:0/0)
2024-04-24T06:33:24.942 INFO:teuthology.orchestra.run.smithi005.stdout:/usr/bin/ceph: stderr
2024-04-24T06:33:23.816+0000 7f3fe7400700 1 -- 172.21.15.5:0/2610928728 --> [v2:172.21.15.5:3300/0,v1:172.21.15.5:6789/0] -- mon_subscribe({config=0+,monmap=0+}) -- 0x7f3fe819ed40 con 0x7f3fe810a8e0
2024-04-24T06:33:24.942 INFO:teuthology.orchestra.run.smithi005.stdout:/usr/bin/ceph: stderr
2024-04-24T06:33:23.816+0000 7f3fe7400700 1 --2- 172.21.15.5:0/2610928728 >> [v2:172.21.15.5:3300/0,v1:172.21.15.5:6789/0] conn(0x7f3fe810a8e0 0x7f3fe819e800 secure :-1 s=READY pgs=48 cs=0 l=1 rev1=1 crypto rx=0x7f3fd8011670 tx=0x7f3fd8011b60 comp rx=0 tx=0).ready entity=mon.0 client_cookie=0 server_cookie=0 in_seq=0 out_seq=0
2024-04-24T06:33:24.942 INFO:teuthology.orchestra.run.smithi005.stdout:/usr/bin/ceph: stderr
2024-04-24T06:33:23.816+0000 7f3fdfe00700 1 -- 172.21.15.5:0/2610928728 <== mon.0 v2:172.21.15.5:3300/0 1 ==== mon_map magic: 0 ==== 205+0+0 (secure 0 0 0) 0x7f3fd80039c0 con 0x7f3fe810a8e0
2024-04-24T06:33:24.942 INFO:teuthology.orchestra.run.smithi005.stdout:/usr/bin/ceph: stderr
2024-04-24T06:33:23.816+0000 7f3fdfe00700 1 -- 172.21.15.5:0/2610928728 <== mon.0 v2:172.21.15.5:3300/0 2 ==== config(27 keys) ==== 1109+0+0 (secure 0 0 0) 0x7f3fd8011e50 con 0x7f3fe810a8e0
2024-04-24T06:33:24.942 INFO:teuthology.orchestra.run.smithi005.stdout:/usr/bin/ceph: stderr
2024-04-24T06:33:23.816+0000 7f3fdfe00700 1 -- 172.21.15.5:0/2610928728 <== mon.0 v2:172.21.15.5:3300/0 3 ==== mon_map magic: 0 ==== 205+0+0 (secure 0 0 0) 0x7f3fd801a5c0 con 0x7f3fe810a8e0
2024-04-24T06:33:24.943 INFO:teuthology.orchestra.run.smithi005.stdout:/usr/bin/ceph: stderr
2024-04-24T06:33:23.816+0000 7f3fee400700 1 -- 172.21.15.5:0/2610928728 --> [v2:172.21.15.5:3300/0,v1:172.21.15.5:6789/0] -- mon_subscribe({mgrmap=0+}) -- 0x7f3fe819efd0 con 0x7f3fe810a8e0
2024-04-24T06:33:24.943 INFO:teuthology.orchestra.run.smithi005.stdout:/usr/bin/ceph: stderr
2024-04-24T06:33:23.817+0000 7f3fee400700 1 -- 172.21.15.5:0/2610928728 --> [v2:172.21.15.5:3300/0,v1:172.21.15.5:6789/0] -- mon_subscribe({osdmap=0}) -- 0x7f3fe81a1cc0 con 0x7f3fe810a8e0
2024-04-24T06:33:24.943 INFO:teuthology.orchestra.run.smithi005.stdout:/usr/bin/ceph: stderr
2024-04-24T06:33:23.818+0000 7f3fdfe00700 1 -- 172.21.15.5:0/2610928728 <== mon.0 v2:172.21.15.5:3300/0 4 ==== mgrmap(e 8) ==== 46558+0+0 (secure 0 0 0) 0x7f3fd8024430 con 0x7f3fe810a8e0
2024-04-24T06:33:24.943 INFO:teuthology.orchestra.run.smithi005.stdout:/usr/bin/ceph: stderr
2024-04-24T06:33:23.818+0000 7f3fee400700 1 -- 172.21.15.5:0/2610928728 --> [v2:172.21.15.5:3300/0,v1:172.21.15.5:6789/0] -- mon_command({"prefix": "get_command_descriptions"} v 0) -- 0x7f3fe8064150 con 0x7f3fe810a8e0
2024-04-24T06:33:24.943 INFO:teuthology.orchestra.run.smithi005.stdout:/usr/bin/ceph: stderr
2024-04-24T06:33:23.818+0000 7f3fdfe00700 1 --2- 172.21.15.5:0/2610928728 >> [v2:172.21.15.5:6800/2147029578,v1:172.21.15.5:6801/2147029578] conn(0x7f3fcc039610 0x7f3fcc03bad0 unknown :-1 s=NONE pgs=0 cs=0 l=1 rev1=0 crypto rx=0 tx=0 comp rx=0 tx=0).connect
2024-04-24T06:33:24.943 INFO:teuthology.orchestra.run.smithi005.stdout:/usr/bin/ceph: stderr
2024-04-24T06:33:23.818+0000 7f3fdfe00700 1 -- 172.21.15.5:0/2610928728 <== mon.0 v2:172.21.15.5:3300/0 5 ==== osd_map(2..2 src has 1..2) ==== 940+0+0 (secure 0 0 0) 0x7f3fd804db60 con 0x7f3fe810a8e0
2024-04-24T06:33:24.943 INFO:teuthology.orchestra.run.smithi005.stdout:/usr/bin/ceph: stderr
2024-04-24T06:33:23.818+0000 7f3fe6a00700 1 --2- 172.21.15.5:0/2610928728 >> [v2:172.21.15.5:6800/2147029578,v1:172.21.15.5:6801/2147029578] conn(0x7f3fcc039610 0x7f3fcc03bad0 unknown :-1 s=BANNER_CONNECTING pgs=0 cs=0 l=1 rev1=0 crypto rx=0 tx=0 comp rx=0 tx=0)._handle_peer_banner_payload supported=3 required=0
2024-04-24T06:33:24.944 INFO:teuthology.orchestra.run.smithi005.stdout:/usr/bin/ceph: stderr
2024-04-24T06:33:23.819+0000 7f3fe6a00700 1 --2- 172.21.15.5:0/2610928728 >> [v2:172.21.15.5:6800/2147029578,v1:172.21.15.5:6801/2147029578] conn(0x7f3fcc039610 0x7f3fcc03bad0 secure :-1 s=READY pgs=12 cs=0 l=1 rev1=1 crypto rx=0x7f3fd4006fd0 tx=0x7f3fd4006e40 comp rx=0 tx=0).ready entity=mgr.14120 client_cookie=0 server_cookie=0 in_seq=0 out_seq=0
2024-04-24T06:33:24.944 INFO:teuthology.orchestra.run.smithi005.stdout:/usr/bin/ceph: stderr
2024-04-24T06:33:23.824+0000 7f3fdfe00700 1 -- 172.21.15.5:0/2610928728 <== mon.0 v2:172.21.15.5:3300/0 6 ==== mon_command_ack([{"prefix": "get_command_descriptions"}]=0 v0) ==== 72+0+188370 (secure 0 0 0) 0x7f3fd802d3f0 con 0x7f3fe810a8e0
2024-04-24T06:33:24.944 INFO:teuthology.orchestra.run.smithi005.stdout:/usr/bin/ceph: stderr
2024-04-24T06:33:24.070+0000 7f3fee400700 1 -- 172.21.15.5:0/2610928728 --> [v2:172.21.15.5:6800/2147029578,v1:172.21.15.5:6801/2147029578] -- mgr_command(tid 0: {"prefix": "orch apply", "service_type": "mon", "unmanaged": true, "target": ["mon-mgr", ""]}) -- 0x7f3fe81082f0 con 0x7f3fcc039610
2024-04-24T06:33:24.944 INFO:teuthology.orchestra.run.smithi005.stdout:/usr/bin/ceph: stderr
2024-04-24T06:33:24.081+0000 7f3fdfe00700 1 -- 172.21.15.5:0/2610928728 <== mgr.14120 v2:172.21.15.5:6800/2147029578 1 ==== mgr_command_reply(tid 0: 0 ) ==== 8+0+24 (secure 0 0 0) 0x7f3fe81082f0 con 0x7f3fcc039610
2024-04-24T06:33:24.944 INFO:teuthology.orchestra.run.smithi005.stdout:/usr/bin/ceph: stderr
2024-04-24T06:33:24.083+0000 7f3fee400700 1 -- 172.21.15.5:0/2610928728 >> [v2:172.21.15.5:6800/2147029578,v1:172.21.15.5:6801/2147029578] conn(0x7f3fcc039610 msgr2=0x7f3fcc03bad0 secure :-1 s=STATE_CONNECTION_ESTABLISHED l=1).mark_down
2024-04-24T06:33:24.944 INFO:teuthology.orchestra.run.smithi005.stdout:/usr/bin/ceph: stderr
2024-04-24T06:33:24.083+0000 7f3fee400700 1 --2- 172.21.15.5:0/2610928728 >> [v2:172.21.15.5:6800/2147029578,v1:172.21.15.5:6801/2147029578] conn(0x7f3fcc039610 0x7f3fcc03bad0 secure :-1 s=READY pgs=12 cs=0 l=1 rev1=1 crypto rx=0x7f3fd4006fd0 tx=0x7f3fd4006e40 comp rx=0 tx=0).stop
2024-04-24T06:33:24.944 INFO:teuthology.orchestra.run.smithi005.stdout:/usr/bin/ceph: stderr
2024-04-24T06:33:24.083+0000 7f3fee400700 1 -- 172.21.15.5:0/2610928728 >> [v2:172.21.15.5:3300/0,v1:172.21.15.5:6789/0] conn(0x7f3fe810a8e0 msgr2=0x7f3fe819e800 secure :-1 s=STATE_CONNECTION_ESTABLISHED l=1).mark_down
2024-04-24T06:33:24.944 INFO:teuthology.orchestra.run.smithi005.stdout:/usr/bin/ceph: stderr
2024-04-24T06:33:24.083+0000 7f3fee400700 1 --2- 172.21.15.5:0/2610928728 >> [v2:172.21.15.5:3300/0,v1:172.21.15.5:6789/0] conn(0x7f3fe810a8e0 0x7f3fe819e800 secure :-1 s=READY pgs=48 cs=0 l=1 rev1=1 crypto rx=0x7f3fd8011670 tx=0x7f3fd8011b60 comp rx=0 tx=0).stop
2024-04-24T06:33:24.944 INFO:teuthology.orchestra.run.smithi005.stdout:/usr/bin/ceph: stderr
2024-04-24T06:33:24.084+0000 7f3fee400700 1 -- 172.21.15.5:0/2610928728 shutdown_connections
2024-04-24T06:33:24.944 INFO:teuthology.orchestra.run.smithi005.stdout:/usr/bin/ceph: stderr
2024-04-24T06:33:24.084+0000 7f3fee400700 1 --2- 172.21.15.5:0/2610928728 >> [v2:172.21.15.5:6800/2147029578,v1:172.21.15.5:6801/2147029578] conn(0x7f3fcc039610 0x7f3fcc03bad0 unknown :-1 s=CLOSED pgs=12 cs=0 l=1 rev1=1 crypto rx=0 tx=0 comp rx=0 tx=0).stop
2024-04-24T06:33:24.944 INFO:teuthology.orchestra.run.smithi005.stdout:/usr/bin/ceph: stderr
2024-04-24T06:33:24.084+0000 7f3fee400700 1 --2- 172.21.15.5:0/2610928728 >> [v2:172.21.15.5:3300/0,v1:172.21.15.5:6789/0] conn(0x7f3fe810a8e0 0x7f3fe819e800 unknown :-1 s=CLOSED pgs=48 cs=0 l=1 rev1=1 crypto rx=0 tx=0 comp rx=0 tx=0).stop
2024-04-24T06:33:24.944 INFO:teuthology.orchestra.run.smithi005.stdout:/usr/bin/ceph: stderr
2024-04-24T06:33:24.084+0000 7f3fee400700 1 -- 172.21.15.5:0/2610928728 >> 172.21.15.5:0/2610928728 conn(0x7f3fe807de60 msgr2=0x7f3fe8107be0 unknown :-1 s=STATE_NONE l=0).mark_down
2024-04-24T06:33:24.944 INFO:teuthology.orchestra.run.smithi005.stdout:/usr/bin/ceph: stderr
2024-04-24T06:33:24.084+0000 7f3fee400700 1 -- 172.21.15.5:0/2610928728 shutdown_connections
2024-04-24T06:33:24.945 INFO:teuthology.orchestra.run.smithi005.stdout:/usr/bin/ceph: stderr
2024-04-24T06:33:24.084+0000 7f3fee400700 1 -- 172.21.15.5:0/2610928728 wait complete.
2024-04-24T06:33:24.945 INFO:teuthology.orchestra.run.smithi005.stdout:Deploying unmanaged mgr service...
2024-04-24T06:33:25.343 INFO:journalctl@ceph.mon.a.smithi005.stdout:Apr 24 06:33:25 smithi005 ceph-mon[27798]: from='client.14142 -' entity='client.admin' cmd=[{"prefix": "orch apply", "service_type": "mon", "unmanaged": true, "target": ["mon-mgr", ""]}]: dispatch
2024-04-24T06:33:25.343 INFO:journalctl@ceph.mon.a.smithi005.stdout:Apr 24 06:33:25 smithi005 ceph-mon[27798]: Saving service mon spec with placement count:5
2024-04-24T06:33:25.343 INFO:journalctl@ceph.mon.a.smithi005.stdout:Apr 24 06:33:25 smithi005 ceph-mon[27798]: from='mgr.14120 172.21.15.5:0/2924182213' entity='mgr.x'
2024-04-24T06:33:26.985 INFO:teuthology.orchestra.run.smithi005.stdout:/usr/bin/ceph: stdout Scheduled mgr update...
2024-04-24T06:33:26.985 INFO:teuthology.orchestra.run.smithi005.stdout:/usr/bin/ceph: stderr
2024-04-24T06:33:25.649+0000 7fe04b600700 1 Processor -- start
2024-04-24T06:33:26.985 INFO:teuthology.orchestra.run.smithi005.stdout:/usr/bin/ceph: stderr
2024-04-24T06:33:25.649+0000 7fe04b600700 1 -- start start
2024-04-24T06:33:26.985 INFO:teuthology.orchestra.run.smithi005.stdout:/usr/bin/ceph: stderr
2024-04-24T06:33:25.649+0000 7fe04b600700 1 --2- >> [v2:172.21.15.5:3300/0,v1:172.21.15.5:6789/0] conn(0x7fe04410a900 0x7fe04410ad20 unknown :-1 s=NONE pgs=0 cs=0 l=0 rev1=0 crypto rx=0 tx=0 comp rx=0 tx=0).connect
2024-04-24T06:33:26.986 INFO:teuthology.orchestra.run.smithi005.stdout:/usr/bin/ceph: stderr
2024-04-24T06:33:25.650+0000 7fe04b600700 1 -- --> [v2:172.21.15.5:3300/0,v1:172.21.15.5:6789/0] -- mon_getmap magic: 0 -- 0x7fe04410b2f0 con 0x7fe04410a900
