2024-04-24T06:32:54.410+0000 7fa5ebe00700 1 -- 172.21.15.5:0/3310153605 <== mon.0 v2:172.21.15.5:3300/0 2 ==== config(27 keys) ==== 1109+0+0 (secure 0 0 0) 0x7fa5e0004300 con 0x7fa5ec07deb0
2024-04-24T06:32:55.435 INFO:teuthology.orchestra.run.smithi005.stdout:/usr/bin/ceph: stderr
2024-04-24T06:32:54.410+0000 7fa5ebe00700 1 -- 172.21.15.5:0/3310153605 <== mon.0 v2:172.21.15.5:3300/0 3 ==== mon_map magic: 0 ==== 205+0+0 (secure 0 0 0) 0x7fa5e0011b50 con 0x7fa5ec07deb0
2024-04-24T06:32:55.435 INFO:teuthology.orchestra.run.smithi005.stdout:/usr/bin/ceph: stderr
2024-04-24T06:32:54.410+0000 7fa5f2e00700 1 -- 172.21.15.5:0/3310153605 >> [v2:172.21.15.5:3300/0,v1:172.21.15.5:6789/0] conn(0x7fa5ec07deb0 msgr2=0x7fa5ec07c360 secure :-1 s=STATE_CONNECTION_ESTABLISHED l=1).mark_down
2024-04-24T06:32:55.435 INFO:teuthology.orchestra.run.smithi005.stdout:/usr/bin/ceph: stderr
2024-04-24T06:32:54.410+0000 7fa5f2e00700 1 --2- 172.21.15.5:0/3310153605 >> [v2:172.21.15.5:3300/0,v1:172.21.15.5:6789/0] conn(0x7fa5ec07deb0 0x7fa5ec07c360 secure :-1 s=READY pgs=18 cs=0 l=1 rev1=1 crypto rx=0x7fa5e00098a0 tx=0x7fa5e0009bb0 comp rx=0 tx=0).stop
2024-04-24T06:32:55.436 INFO:teuthology.orchestra.run.smithi005.stdout:/usr/bin/ceph: stderr
2024-04-24T06:32:54.411+0000 7fa5f2e00700 1 -- 172.21.15.5:0/3310153605 shutdown_connections
2024-04-24T06:32:55.436 INFO:teuthology.orchestra.run.smithi005.stdout:/usr/bin/ceph: stderr
2024-04-24T06:32:54.411+0000 7fa5f2e00700 1 --2- 172.21.15.5:0/3310153605 >> [v2:172.21.15.5:3300/0,v1:172.21.15.5:6789/0] conn(0x7fa5ec07deb0 0x7fa5ec07c360 unknown :-1 s=CLOSED pgs=18 cs=0 l=1 rev1=1 crypto rx=0 tx=0 comp rx=0 tx=0).stop
2024-04-24T06:32:55.436 INFO:teuthology.orchestra.run.smithi005.stdout:/usr/bin/ceph: stderr
2024-04-24T06:32:54.411+0000 7fa5f2e00700 1 -- 172.21.15.5:0/3310153605 >> 172.21.15.5:0/3310153605 conn(0x7fa5ec103b50 msgr2=0x7fa5ec105f70 unknown :-1 s=STATE_NONE l=0).mark_down
2024-04-24T06:32:55.436 INFO:teuthology.orchestra.run.smithi005.stdout:/usr/bin/ceph: stderr
2024-04-24T06:32:54.411+0000 7fa5f2e00700 1 -- 172.21.15.5:0/3310153605 shutdown_connections
2024-04-24T06:32:55.436 INFO:teuthology.orchestra.run.smithi005.stdout:/usr/bin/ceph: stderr
2024-04-24T06:32:54.411+0000 7fa5f2e00700 1 -- 172.21.15.5:0/3310153605 wait complete.
2024-04-24T06:32:55.436 INFO:teuthology.orchestra.run.smithi005.stdout:/usr/bin/ceph: stderr
2024-04-24T06:32:54.412+0000 7fa5f2e00700 1 Processor -- start
2024-04-24T06:32:55.436 INFO:teuthology.orchestra.run.smithi005.stdout:/usr/bin/ceph: stderr
2024-04-24T06:32:54.412+0000 7fa5f2e00700 1 -- start start
2024-04-24T06:32:55.436 INFO:teuthology.orchestra.run.smithi005.stdout:/usr/bin/ceph: stderr
2024-04-24T06:32:54.412+0000 7fa5f2e00700 1 --2- >> [v2:172.21.15.5:3300/0,v1:172.21.15.5:6789/0] conn(0x7fa5ec07deb0 0x7fa5ec19e6b0 unknown :-1 s=NONE pgs=0 cs=0 l=1 rev1=0 crypto rx=0 tx=0 comp rx=0 tx=0).connect
2024-04-24T06:32:55.436 INFO:teuthology.orchestra.run.smithi005.stdout:/usr/bin/ceph: stderr
2024-04-24T06:32:54.412+0000 7fa5f2e00700 1 -- --> [v2:172.21.15.5:3300/0,v1:172.21.15.5:6789/0] -- mon_getmap magic: 0 -- 0x7fa5ec10eae0 con 0x7fa5ec07deb0
2024-04-24T06:32:55.436 INFO:teuthology.orchestra.run.smithi005.stdout:/usr/bin/ceph: stderr
2024-04-24T06:32:54.412+0000 7fa5f1a00700 1 --2- >> [v2:172.21.15.5:3300/0,v1:172.21.15.5:6789/0] conn(0x7fa5ec07deb0 0x7fa5ec19e6b0 unknown :-1 s=BANNER_CONNECTING pgs=0 cs=0 l=1 rev1=0 crypto rx=0 tx=0 comp rx=0 tx=0)._handle_peer_banner_payload supported=3 required=0
2024-04-24T06:32:55.436 INFO:teuthology.orchestra.run.smithi005.stdout:/usr/bin/ceph: stderr
2024-04-24T06:32:54.413+0000 7fa5f1a00700 1 --2- >> [v2:172.21.15.5:3300/0,v1:172.21.15.5:6789/0] conn(0x7fa5ec07deb0 0x7fa5ec19e6b0 unknown :-1 s=HELLO_CONNECTING pgs=0 cs=0 l=1 rev1=1 crypto rx=0 tx=0 comp rx=0 tx=0).handle_hello peer v2:172.21.15.5:3300/0 says I am v2:172.21.15.5:44790/0 (socket says 172.21.15.5:44790)
2024-04-24T06:32:55.436 INFO:teuthology.orchestra.run.smithi005.stdout:/usr/bin/ceph: stderr
2024-04-24T06:32:54.413+0000 7fa5f1a00700 1 -- 172.21.15.5:0/2049257290 learned_addr learned my addr 172.21.15.5:0/2049257290 (peer_addr_for_me v2:172.21.15.5:0/0)
2024-04-24T06:32:55.436 INFO:teuthology.orchestra.run.smithi005.stdout:/usr/bin/ceph: stderr
2024-04-24T06:32:54.413+0000 7fa5f1a00700 1 -- 172.21.15.5:0/2049257290 --> [v2:172.21.15.5:3300/0,v1:172.21.15.5:6789/0] -- mon_subscribe({config=0+,monmap=0+}) -- 0x7fa5ec19ebf0 con 0x7fa5ec07deb0
2024-04-24T06:32:55.436 INFO:teuthology.orchestra.run.smithi005.stdout:/usr/bin/ceph: stderr
2024-04-24T06:32:54.413+0000 7fa5f1a00700 1 --2- 172.21.15.5:0/2049257290 >> [v2:172.21.15.5:3300/0,v1:172.21.15.5:6789/0] conn(0x7fa5ec07deb0 0x7fa5ec19e6b0 secure :-1 s=READY pgs=19 cs=0 l=1 rev1=1 crypto rx=0x7fa5e0011b60 tx=0x7fa5e0011c40 comp rx=0 tx=0).ready entity=mon.0 client_cookie=0 server_cookie=0 in_seq=0 out_seq=0
2024-04-24T06:32:55.436 INFO:teuthology.orchestra.run.smithi005.stdout:/usr/bin/ceph: stderr
2024-04-24T06:32:54.414+0000 7fa5ea000700 1 -- 172.21.15.5:0/2049257290 <== mon.0 v2:172.21.15.5:3300/0 1 ==== mon_map magic: 0 ==== 205+0+0 (secure 0 0 0) 0x7fa5e0003970 con 0x7fa5ec07deb0
2024-04-24T06:32:55.437 INFO:teuthology.orchestra.run.smithi005.stdout:/usr/bin/ceph: stderr
2024-04-24T06:32:54.414+0000 7fa5ea000700 1 -- 172.21.15.5:0/2049257290 <== mon.0 v2:172.21.15.5:3300/0 2 ==== config(27 keys) ==== 1109+0+0 (secure 0 0 0) 0x7fa5e0003b10 con 0x7fa5ec07deb0
2024-04-24T06:32:55.437 INFO:teuthology.orchestra.run.smithi005.stdout:/usr/bin/ceph: stderr
2024-04-24T06:32:54.414+0000 7fa5ea000700 1 -- 172.21.15.5:0/2049257290 <== mon.0 v2:172.21.15.5:3300/0 3 ==== mon_map magic: 0 ==== 205+0+0 (secure 0 0 0) 0x7fa5e0024610 con 0x7fa5ec07deb0
2024-04-24T06:32:55.437 INFO:teuthology.orchestra.run.smithi005.stdout:/usr/bin/ceph: stderr
2024-04-24T06:32:54.414+0000 7fa5f2e00700 1 -- 172.21.15.5:0/2049257290 --> [v2:172.21.15.5:3300/0,v1:172.21.15.5:6789/0] -- mon_subscribe({mgrmap=0+}) -- 0x7fa5ec19ee80 con 0x7fa5ec07deb0
2024-04-24T06:32:55.437 INFO:teuthology.orchestra.run.smithi005.stdout:/usr/bin/ceph: stderr
2024-04-24T06:32:54.414+0000 7fa5f2e00700 1 -- 172.21.15.5:0/2049257290 --> [v2:172.21.15.5:3300/0,v1:172.21.15.5:6789/0] -- mon_subscribe({osdmap=0}) -- 0x7fa5ec1a1b70 con 0x7fa5ec07deb0
2024-04-24T06:32:55.437 INFO:teuthology.orchestra.run.smithi005.stdout:/usr/bin/ceph: stderr
2024-04-24T06:32:54.415+0000 7fa5ea000700 1 -- 172.21.15.5:0/2049257290 <== mon.0 v2:172.21.15.5:3300/0 4 ==== mgrmap(e 3) ==== 46441+0+0 (secure 0 0 0) 0x7fa5e001a9f0 con 0x7fa5ec07deb0
2024-04-24T06:32:55.437 INFO:teuthology.orchestra.run.smithi005.stdout:/usr/bin/ceph: stderr
2024-04-24T06:32:54.415+0000 7fa5f2e00700 1 -- 172.21.15.5:0/2049257290 --> [v2:172.21.15.5:3300/0,v1:172.21.15.5:6789/0] -- mon_command({"prefix": "get_command_descriptions"} v 0) -- 0x7fa5ec069c50 con 0x7fa5ec07deb0
2024-04-24T06:32:55.437 INFO:teuthology.orchestra.run.smithi005.stdout:/usr/bin/ceph: stderr
2024-04-24T06:32:54.415+0000 7fa5ea000700 1 --2- 172.21.15.5:0/2049257290 >> [v2:172.21.15.5:6800/2413496885,v1:172.21.15.5:6801/2413496885] conn(0x7fa5d4039490 0x7fa5d403b950 unknown :-1 s=NONE pgs=0 cs=0 l=1 rev1=0 crypto rx=0 tx=0 comp rx=0 tx=0).connect
2024-04-24T06:32:55.437 INFO:teuthology.orchestra.run.smithi005.stdout:/usr/bin/ceph: stderr
2024-04-24T06:32:54.415+0000 7fa5ea000700 1 -- 172.21.15.5:0/2049257290 <== mon.0 v2:172.21.15.5:3300/0 5 ==== osd_map(1..1 src has 1..1) ==== 725+0+0 (secure 0 0 0) 0x7fa5e0011e00 con 0x7fa5ec07deb0
2024-04-24T06:32:55.437 INFO:teuthology.orchestra.run.smithi005.stdout:/usr/bin/ceph: stderr
2024-04-24T06:32:54.416+0000 7fa5f1000700 1 --2- 172.21.15.5:0/2049257290 >> [v2:172.21.15.5:6800/2413496885,v1:172.21.15.5:6801/2413496885] conn(0x7fa5d4039490 0x7fa5d403b950 unknown :-1 s=BANNER_CONNECTING pgs=0 cs=0 l=1 rev1=0 crypto rx=0 tx=0 comp rx=0 tx=0)._handle_peer_banner_payload supported=3 required=0
2024-04-24T06:32:55.437 INFO:teuthology.orchestra.run.smithi005.stdout:/usr/bin/ceph: stderr
2024-04-24T06:32:54.416+0000 7fa5f1000700 1 --2- 172.21.15.5:0/2049257290 >> [v2:172.21.15.5:6800/2413496885,v1:172.21.15.5:6801/2413496885] conn(0x7fa5d4039490 0x7fa5d403b950 secure :-1 s=READY pgs=6 cs=0 l=1 rev1=1 crypto rx=0x7fa5d8006fd0 tx=0x7fa5d8006e40 comp rx=0 tx=0).ready entity=mgr.14100 client_cookie=0 server_cookie=0 in_seq=0 out_seq=0
2024-04-24T06:32:55.437 INFO:teuthology.orchestra.run.smithi005.stdout:/usr/bin/ceph: stderr
2024-04-24T06:32:54.422+0000 7fa5ea000700 1 -- 172.21.15.5:0/2049257290 <== mon.0 v2:172.21.15.5:3300/0 6 ==== mon_command_ack([{"prefix": "get_command_descriptions"}]=0 v0) ==== 72+0+188370 (secure 0 0 0) 0x7fa5e0024c40 con 0x7fa5ec07deb0
2024-04-24T06:32:55.437 INFO:teuthology.orchestra.run.smithi005.stdout:/usr/bin/ceph: stderr
2024-04-24T06:32:54.653+0000 7fa5ea000700 1 -- 172.21.15.5:0/2049257290 <== mon.0 v2:172.21.15.5:3300/0 7 ==== mgrmap(e 4) ==== 46547+0+0 (secure 0 0 0) 0x7fa5e000b3e0 con 0x7fa5ec07deb0
2024-04-24T06:32:55.437 INFO:teuthology.orchestra.run.smithi005.stdout:/usr/bin/ceph: stderr
2024-04-24T06:32:54.746+0000 7fa5f2e00700 1 -- 172.21.15.5:0/2049257290 --> [v2:172.21.15.5:3300/0,v1:172.21.15.5:6789/0] -- mon_command({"prefix": "status", "format": "json-pretty"} v 0) -- 0x7fa5ec1a1d40 con 0x7fa5ec07deb0
2024-04-24T06:32:55.438 INFO:teuthology.orchestra.run.smithi005.stdout:/usr/bin/ceph: stderr
2024-04-24T06:32:54.748+0000 7fa5ea000700 1 -- 172.21.15.5:0/2049257290 <== mon.0 v2:172.21.15.5:3300/0 8 ==== mon_command_ack([{"prefix": "status", "format": "json-pretty"}]=0 v0) ==== 79+0+1239 (secure 0 0 0) 0x7fa5ec1a1d40 con 0x7fa5ec07deb0
2024-04-24T06:32:55.438 INFO:teuthology.orchestra.run.smithi005.stdout:/usr/bin/ceph: stderr
2024-04-24T06:32:54.750+0000 7fa5f2e00700 1 -- 172.21.15.5:0/2049257290 >> [v2:172.21.15.5:6800/2413496885,v1:172.21.15.5:6801/2413496885] conn(0x7fa5d4039490 msgr2=0x7fa5d403b950 secure :-1 s=STATE_CONNECTION_ESTABLISHED l=1).mark_down
2024-04-24T06:32:55.438 INFO:teuthology.orchestra.run.smithi005.stdout:/usr/bin/ceph: stderr
2024-04-24T06:32:54.750+0000 7fa5f2e00700 1 --2- 172.21.15.5:0/2049257290 >> [v2:172.21.15.5:6800/2413496885,v1:172.21.15.5:6801/2413496885] conn(0x7fa5d4039490 0x7fa5d403b950 secure :-1 s=READY pgs=6 cs=0 l=1 rev1=1 crypto rx=0x7fa5d8006fd0 tx=0x7fa5d8006e40 comp rx=0 tx=0).stop
2024-04-24T06:32:55.438 INFO:teuthology.orchestra.run.smithi005.stdout:/usr/bin/ceph: stderr
2024-04-24T06:32:54.750+0000 7fa5f2e00700 1 -- 172.21.15.5:0/2049257290 >> [v2:172.21.15.5:3300/0,v1:172.21.15.5:6789/0] conn(0x7fa5ec07deb0 msgr2=0x7fa5ec19e6b0 secure :-1 s=STATE_CONNECTION_ESTABLISHED l=1).mark_down
2024-04-24T06:32:55.438 INFO:teuthology.orchestra.run.smithi005.stdout:/usr/bin/ceph: stderr
2024-04-24T06:32:54.750+0000 7fa5f2e00700 1 --2- 172.21.15.5:0/2049257290 >> [v2:172.21.15.5:3300/0,v1:172.21.15.5:6789/0] conn(0x7fa5ec07deb0 0x7fa5ec19e6b0 secure :-1 s=READY pgs=19 cs=0 l=1 rev1=1 crypto rx=0x7fa5e0011b60 tx=0x7fa5e0011c40 comp rx=0 tx=0).stop
2024-04-24T06:32:55.438 INFO:teuthology.orchestra.run.smithi005.stdout:/usr/bin/ceph: stderr
2024-04-24T06:32:54.751+0000 7fa5f2e00700 1 -- 172.21.15.5:0/2049257290 shutdown_connections
2024-04-24T06:32:55.438 INFO:teuthology.orchestra.run.smithi005.stdout:/usr/bin/ceph: stderr
2024-04-24T06:32:54.751+0000 7fa5f2e00700 1 --2- 172.21.15.5:0/2049257290 >> [v2:172.21.15.5:6800/2413496885,v1:172.21.15.5:6801/2413496885] conn(0x7fa5d4039490 0x7fa5d403b950 unknown :-1 s=CLOSED pgs=6 cs=0 l=1 rev1=1 crypto rx=0 tx=0 comp rx=0 tx=0).stop
2024-04-24T06:32:55.438 INFO:teuthology.orchestra.run.smithi005.stdout:/usr/bin/ceph: stderr
2024-04-24T06:32:54.751+0000 7fa5f2e00700 1 --2- 172.21.15.5:0/2049257290 >> [v2:172.21.15.5:3300/0,v1:172.21.15.5:6789/0] conn(0x7fa5ec07deb0 0x7fa5ec19e6b0 unknown :-1 s=CLOSED pgs=19 cs=0 l=1 rev1=1 crypto rx=0 tx=0 comp rx=0 tx=0).stop
2024-04-24T06:32:55.438 INFO:teuthology.orchestra.run.smithi005.stdout:/usr/bin/ceph: stderr
2024-04-24T06:32:54.751+0000 7fa5f2e00700 1 -- 172.21.15.5:0/2049257290 >> 172.21.15.5:0/2049257290 conn(0x7fa5ec103b50 msgr2=0x7fa5ec104730 unknown :-1 s=STATE_NONE l=0).mark_down
2024-04-24T06:32:55.438 INFO:teuthology.orchestra.run.smithi005.stdout:/usr/bin/ceph: stderr
2024-04-24T06:32:54.751+0000 7fa5f2e00700 1 -- 172.21.15.5:0/2049257290 shutdown_connections
2024-04-24T06:32:55.438 INFO:teuthology.orchestra.run.smithi005.stdout:/usr/bin/ceph: stderr
2024-04-24T06:32:54.751+0000 7fa5f2e00700 1 -- 172.21.15.5:0/2049257290 wait complete.
2024-04-24T06:32:55.438 INFO:teuthology.orchestra.run.smithi005.stdout:mgr is available
2024-04-24T06:32:55.950 INFO:journalctl@ceph.mon.a.smithi005.stdout:Apr 24 06:32:55 smithi005 ceph-mon[27798]: mgrmap e4: x(active, since 2s)
2024-04-24T06:32:55.950 INFO:journalctl@ceph.mon.a.smithi005.stdout:Apr 24 06:32:55 smithi005 ceph-mon[27798]: from='client.? 172.21.15.5:0/2049257290' entity='client.admin' cmd=[{"prefix": "status", "format": "json-pretty"}]: dispatch
2024-04-24T06:32:56.945 INFO:journalctl@ceph.mon.a.smithi005.stdout:Apr 24 06:32:56 smithi005 ceph-mon[27798]: from='client.? 172.21.15.5:0/1724915819' entity='client.admin' cmd=[{"prefix": "config assimilate-conf"}]: dispatch
2024-04-24T06:32:56.957 INFO:teuthology.orchestra.run.smithi005.stdout:/usr/bin/ceph: stdout
2024-04-24T06:32:56.958 INFO:teuthology.orchestra.run.smithi005.stdout:/usr/bin/ceph: stdout [global]
2024-04-24T06:32:56.958 INFO:teuthology.orchestra.run.smithi005.stdout:/usr/bin/ceph: stdout fsid = 43e9bad0-0204-11ef-bc93-c7b262605968
2024-04-24T06:32:56.958 INFO:teuthology.orchestra.run.smithi005.stdout:/usr/bin/ceph: stdout mon_osd_allow_pg_remap = true
2024-04-24T06:32:56.959 INFO:teuthology.orchestra.run.smithi005.stdout:/usr/bin/ceph: stdout mon_osd_allow_primary_affinity = true
2024-04-24T06:32:56.959 INFO:teuthology.orchestra.run.smithi005.stdout:/usr/bin/ceph: stdout mon_warn_on_no_sortbitwise = false
2024-04-24T06:32:56.959 INFO:teuthology.orchestra.run.smithi005.stdout:/usr/bin/ceph: stdout osd_crush_chooseleaf_type = 0
2024-04-24T06:32:56.960 INFO:teuthology.orchestra.run.smithi005.stdout:/usr/bin/ceph: stdout
2024-04-24T06:32:56.960 INFO:teuthology.orchestra.run.smithi005.stdout:/usr/bin/ceph: stdout [mgr]
2024-04-24T06:32:56.960 INFO:teuthology.orchestra.run.smithi005.stdout:/usr/bin/ceph: stdout mgr/telemetry/nag = false
2024-04-24T06:32:56.960 INFO:teuthology.orchestra.run.smithi005.stdout:/usr/bin/ceph: stdout
2024-04-24T06:32:56.960 INFO:teuthology.orchestra.run.smithi005.stdout:/usr/bin/ceph: stdout [osd]
2024-04-24T06:32:56.960 INFO:teuthology.orchestra.run.smithi005.stdout:/usr/bin/ceph: stdout bdev_async_discard = True
2024-04-24T06:32:56.961 INFO:teuthology.orchestra.run.smithi005.stdout:/usr/bin/ceph: stdout mon_osd_backfillfull_ratio = 0.85
2024-04-24T06:32:56.961 INFO:teuthology.orchestra.run.smithi005.stdout:/usr/bin/ceph: stdout mon_osd_full_ratio = 0.9
2024-04-24T06:32:56.961 INFO:teuthology.orchestra.run.smithi005.stdout:/usr/bin/ceph: stdout mon_osd_nearfull_ratio = 0.8
2024-04-24T06:32:56.961 INFO:teuthology.orchestra.run.smithi005.stdout:/usr/bin/ceph: stdout osd_map_max_advance = 10
2024-04-24T06:32:56.962 INFO:teuthology.orchestra.run.smithi005.stdout:/usr/bin/ceph: stdout osd_sloppy_crc = true
2024-04-24T06:32:56.962 INFO:teuthology.orchestra.run.smithi005.stdout:/usr/bin/ceph: stderr
2024-04-24T06:32:56.026+0000 7fd864c00700 1 Processor -- start
2024-04-24T06:32:56.962 INFO:teuthology.orchestra.run.smithi005.stdout:/usr/bin/ceph: stderr
2024-04-24T06:32:56.026+0000 7fd864c00700 1 -- start start
2024-04-24T06:32:56.963 INFO:teuthology.orchestra.run.smithi005.stdout:/usr/bin/ceph: stderr
2024-04-24T06:32:56.026+0000 7fd864c00700 1 --2- >> [v2:172.21.15.5:3300/0,v1:172.21.15.5:6789/0] conn(0x7fd860110090 0x7fd8601104b0 unknown :-1 s=NONE pgs=0 cs=0 l=0 rev1=0 crypto rx=0 tx=0 comp rx=0 tx=0).connect
2024-04-24T06:32:56.963 INFO:teuthology.orchestra.run.smithi005.stdout:/usr/bin/ceph: stderr
2024-04-24T06:32:56.026+0000 7fd864c00700 1 -- --> [v2:172.21.15.5:3300/0,v1:172.21.15.5:6789/0] -- mon_getmap magic: 0 -- 0x7fd860110a80 con 0x7fd860110090
2024-04-24T06:32:56.963 INFO:teuthology.orchestra.run.smithi005.stdout:/usr/bin/ceph: stderr
2024-04-24T06:32:56.027+0000 7fd85f400700 1 --2- >> [v2:172.21.15.5:3300/0,v1:172.21.15.5:6789/0] conn(0x7fd860110090 0x7fd8601104b0 unknown :-1 s=BANNER_CONNECTING pgs=0 cs=0 l=0 rev1=0 crypto rx=0 tx=0 comp rx=0 tx=0)._handle_peer_banner_payload supported=3 required=0
2024-04-24T06:32:56.963 INFO:teuthology.orchestra.run.smithi005.stdout:/usr/bin/ceph: stderr
2024-04-24T06:32:56.027+0000 7fd85f400700 1 --2- >> [v2:172.21.15.5:3300/0,v1:172.21.15.5:6789/0] conn(0x7fd860110090 0x7fd8601104b0 unknown :-1 s=HELLO_CONNECTING pgs=0 cs=0 l=0 rev1=1 crypto rx=0 tx=0 comp rx=0 tx=0).handle_hello peer v2:172.21.15.5:3300/0 says I am v2:172.21.15.5:44806/0 (socket says 172.21.15.5:44806)
2024-04-24T06:32:56.964 INFO:teuthology.orchestra.run.smithi005.stdout:/usr/bin/ceph: stderr
2024-04-24T06:32:56.027+0000 7fd85f400700 1 -- 172.21.15.5:0/365870327 learned_addr learned my addr 172.21.15.5:0/365870327 (peer_addr_for_me v2:172.21.15.5:0/0)
2024-04-24T06:32:56.964 INFO:teuthology.orchestra.run.smithi005.stdout:/usr/bin/ceph: stderr
2024-04-24T06:32:56.027+0000 7fd85f400700 1 -- 172.21.15.5:0/365870327 --> [v2:172.21.15.5:3300/0,v1:172.21.15.5:6789/0] -- mon_subscribe({config=0+,monmap=0+}) -- 0x7fd86010ecf0 con 0x7fd860110090
2024-04-24T06:32:56.964 INFO:teuthology.orchestra.run.smithi005.stdout:/usr/bin/ceph: stderr
2024-04-24T06:32:56.028+0000 7fd85f400700 1 --2- 172.21.15.5:0/365870327 >> [v2:172.21.15.5:3300/0,v1:172.21.15.5:6789/0] conn(0x7fd860110090 0x7fd8601104b0 secure :-1 s=READY pgs=20 cs=0 l=1 rev1=1 crypto rx=0x7fd8500098a0 tx=0x7fd850009bb0 comp rx=0 tx=0).ready entity=mon.0 client_cookie=74ce20ee3e715080 server_cookie=0 in_seq=0 out_seq=0
2024-04-24T06:32:56.964 INFO:teuthology.orchestra.run.smithi005.stdout:/usr/bin/ceph: stderr
2024-04-24T06:32:56.028+0000 7fd85e000700 1 -- 172.21.15.5:0/365870327 <== mon.0 v2:172.21.15.5:3300/0 1 ==== mon_map magic: 0 ==== 205+0+0 (secure 0 0 0) 0x7fd850004160 con 0x7fd860110090
2024-04-24T06:32:56.964 INFO:teuthology.orchestra.run.smithi005.stdout:/usr/bin/ceph: stderr
2024-04-24T06:32:56.028+0000 7fd85e000700 1 -- 172.21.15.5:0/365870327 <== mon.0 v2:172.21.15.5:3300/0 2 ==== config(27 keys) ==== 1109+0+0 (secure 0 0 0) 0x7fd850004300 con 0x7fd860110090
2024-04-24T06:32:56.965 INFO:teuthology.orchestra.run.smithi005.stdout:/usr/bin/ceph: stderr
2024-04-24T06:32:56.028+0000 7fd85e000700 1 -- 172.21.15.5:0/365870327 <== mon.0 v2:172.21.15.5:3300/0 3 ==== mon_map magic: 0 ==== 205+0+0 (secure 0 0 0) 0x7fd850011b50 con 0x7fd860110090
2024-04-24T06:32:56.965 INFO:teuthology.orchestra.run.smithi005.stdout:/usr/bin/ceph: stderr
2024-04-24T06:32:56.029+0000 7fd864c00700 1 -- 172.21.15.5:0/365870327 >> [v2:172.21.15.5:3300/0,v1:172.21.15.5:6789/0] conn(0x7fd860110090 msgr2=0x7fd8601104b0 secure :-1 s=STATE_CONNECTION_ESTABLISHED l=1).mark_down
2024-04-24T06:32:56.965 INFO:teuthology.orchestra.run.smithi005.stdout:/usr/bin/ceph: stderr
2024-04-24T06:32:56.029+0000 7fd864c00700 1 --2- 172.21.15.5:0/365870327 >> [v2:172.21.15.5:3300/0,v1:172.21.15.5:6789/0] conn(0x7fd860110090 0x7fd8601104b0 secure :-1 s=READY pgs=20 cs=0 l=1 rev1=1 crypto rx=0x7fd8500098a0 tx=0x7fd850009bb0 comp rx=0 tx=0).stop
2024-04-24T06:32:56.965 INFO:teuthology.orchestra.run.smithi005.stdout:/usr/bin/ceph: stderr
2024-04-24T06:32:56.029+0000 7fd864c00700 1 -- 172.21.15.5:0/365870327 shutdown_connections
2024-04-24T06:32:56.966 INFO:teuthology.orchestra.run.smithi005.stdout:/usr/bin/ceph: stderr
2024-04-24T06:32:56.029+0000 7fd864c00700 1 --2- 172.21.15.5:0/365870327 >> [v2:172.21.15.5:3300/0,v1:172.21.15.5:6789/0] conn(0x7fd860110090 0x7fd8601104b0 unknown :-1 s=CLOSED pgs=20 cs=0 l=1 rev1=1 crypto rx=0 tx=0 comp rx=0 tx=0).stop
2024-04-24T06:32:56.966 INFO:teuthology.orchestra.run.smithi005.stdout:/usr/bin/ceph: stderr
2024-04-24T06:32:56.029+0000 7fd864c00700 1 -- 172.21.15.5:0/365870327 >> 172.21.15.5:0/365870327 conn(0x7fd86007dba0 msgr2=0x7fd86007ffc0 unknown :-1 s=STATE_NONE l=0).mark_down
2024-04-24T06:32:56.966 INFO:teuthology.orchestra.run.smithi005.stdout:/usr/bin/ceph: stderr
2024-04-24T06:32:56.029+0000 7fd864c00700 1 -- 172.21.15.5:0/365870327 shutdown_connections
2024-04-24T06:32:56.966 INFO:teuthology.orchestra.run.smithi005.stdout:/usr/bin/ceph: stderr
2024-04-24T06:32:56.029+0000 7fd864c00700 1 -- 172.21.15.5:0/365870327 wait complete.
2024-04-24T06:32:56.966 INFO:teuthology.orchestra.run.smithi005.stdout:/usr/bin/ceph: stderr
2024-04-24T06:32:56.030+0000 7fd864c00700 1 Processor -- start
2024-04-24T06:32:56.966 INFO:teuthology.orchestra.run.smithi005.stdout:/usr/bin/ceph: stderr
2024-04-24T06:32:56.030+0000 7fd864c00700 1 -- start start
2024-04-24T06:32:56.967 INFO:teuthology.orchestra.run.smithi005.stdout:/usr/bin/ceph: stderr
2024-04-24T06:32:56.030+0000 7fd864c00700 1 --2- >> [v2:172.21.15.5:3300/0,v1:172.21.15.5:6789/0] conn(0x7fd860110090 0x7fd8601a2a90 unknown :-1 s=NONE pgs=0 cs=0 l=1 rev1=0 crypto rx=0 tx=0 comp rx=0 tx=0).connect
2024-04-24T06:32:56.967 INFO:teuthology.orchestra.run.smithi005.stdout:/usr/bin/ceph: stderr
2024-04-24T06:32:56.030+0000 7fd864c00700 1 -- --> [v2:172.21.15.5:3300/0,v1:172.21.15.5:6789/0] -- mon_getmap magic: 0 -- 0x7fd8601130b0 con 0x7fd860110090
2024-04-24T06:32:56.967 INFO:teuthology.orchestra.run.smithi005.stdout:/usr/bin/ceph: stderr
2024-04-24T06:32:56.031+0000 7fd85f400700 1 --2- >> [v2:172.21.15.5:3300/0,v1:172.21.15.5:6789/0] conn(0x7fd860110090 0x7fd8601a2a90 unknown :-1 s=BANNER_CONNECTING pgs=0 cs=0 l=1 rev1=0 crypto rx=0 tx=0 comp rx=0 tx=0)._handle_peer_banner_payload supported=3 required=0
2024-04-24T06:32:56.967 INFO:teuthology.orchestra.run.smithi005.stdout:/usr/bin/ceph: stderr
2024-04-24T06:32:56.031+0000 7fd85f400700 1 --2- >> [v2:172.21.15.5:3300/0,v1:172.21.15.5:6789/0] conn(0x7fd860110090 0x7fd8601a2a90 unknown :-1 s=HELLO_CONNECTING pgs=0 cs=0 l=1 rev1=1 crypto rx=0 tx=0 comp rx=0 tx=0).handle_hello peer v2:172.21.15.5:3300/0 says I am v2:172.21.15.5:44820/0 (socket says 172.21.15.5:44820)
2024-04-24T06:32:56.968 INFO:teuthology.orchestra.run.smithi005.stdout:/usr/bin/ceph: stderr
2024-04-24T06:32:56.031+0000 7fd85f400700 1 -- 172.21.15.5:0/1724915819 learned_addr learned my addr 172.21.15.5:0/1724915819 (peer_addr_for_me v2:172.21.15.5:0/0)
2024-04-24T06:32:56.968 INFO:teuthology.orchestra.run.smithi005.stdout:/usr/bin/ceph: stderr
2024-04-24T06:32:56.031+0000 7fd85f400700 1 -- 172.21.15.5:0/1724915819 --> [v2:172.21.15.5:3300/0,v1:172.21.15.5:6789/0] -- mon_subscribe({config=0+,monmap=0+}) -- 0x7fd8601a2fd0 con 0x7fd860110090
2024-04-24T06:32:56.968 INFO:teuthology.orchestra.run.smithi005.stdout:/usr/bin/ceph: stderr
2024-04-24T06:32:56.032+0000 7fd85f400700 1 --2- 172.21.15.5:0/1724915819 >> [v2:172.21.15.5:3300/0,v1:172.21.15.5:6789/0] conn(0x7fd860110090 0x7fd8601a2a90 secure :-1 s=READY pgs=21 cs=0 l=1 rev1=1 crypto rx=0x7fd850011b60 tx=0x7fd850011c40 comp rx=0 tx=0).ready entity=mon.0 client_cookie=0 server_cookie=0 in_seq=0 out_seq=0
2024-04-24T06:32:56.968 INFO:teuthology.orchestra.run.smithi005.stdout:/usr/bin/ceph: stderr
2024-04-24T06:32:56.032+0000 7fd857e00700 1 -- 172.21.15.5:0/1724915819 <== mon.0 v2:172.21.15.5:3300/0 1 ==== mon_map magic: 0 ==== 205+0+0 (secure 0 0 0) 0x7fd850003970 con 0x7fd860110090
2024-04-24T06:32:56.969 INFO:teuthology.orchestra.run.smithi005.stdout:/usr/bin/ceph: stderr
2024-04-24T06:32:56.032+0000 7fd857e00700 1 -- 172.21.15.5:0/1724915819 <== mon.0 v2:172.21.15.5:3300/0 2 ==== config(27 keys) ==== 1109+0+0 (secure 0 0 0) 0x7fd850003b10 con 0x7fd860110090
2024-04-24T06:32:56.969 INFO:teuthology.orchestra.run.smithi005.stdout:/usr/bin/ceph: stderr
2024-04-24T06:32:56.032+0000 7fd857e00700 1 -- 172.21.15.5:0/1724915819 <== mon.0 v2:172.21.15.5:3300/0 3 ==== mon_map magic: 0 ==== 205+0+0 (secure 0 0 0) 0x7fd850024610 con 0x7fd860110090
2024-04-24T06:32:56.969 INFO:teuthology.orchestra.run.smithi005.stdout:/usr/bin/ceph: stderr
2024-04-24T06:32:56.032+0000 7fd864c00700 1 -- 172.21.15.5:0/1724915819 --> [v2:172.21.15.5:3300/0,v1:172.21.15.5:6789/0] -- mon_subscribe({mgrmap=0+}) -- 0x7fd8601a3260 con 0x7fd860110090
2024-04-24T06:32:56.970 INFO:teuthology.orchestra.run.smithi005.stdout:/usr/bin/ceph: stderr
2024-04-24T06:32:56.032+0000 7fd864c00700 1 -- 172.21.15.5:0/1724915819 --> [v2:172.21.15.5:3300/0,v1:172.21.15.5:6789/0] -- mon_subscribe({osdmap=0}) -- 0x7fd8601a5f50 con 0x7fd860110090
2024-04-24T06:32:56.970 INFO:teuthology.orchestra.run.smithi005.stdout:/usr/bin/ceph: stderr
2024-04-24T06:32:56.033+0000 7fd857e00700 1 -- 172.21.15.5:0/1724915819 <== mon.0 v2:172.21.15.5:3300/0 4 ==== mgrmap(e 4) ==== 46547+0+0 (secure 0 0 0) 0x7fd85001a9f0 con 0x7fd860110090
2024-04-24T06:32:56.970 INFO:teuthology.orchestra.run.smithi005.stdout:/usr/bin/ceph: stderr
2024-04-24T06:32:56.033+0000 7fd864c00700 1 -- 172.21.15.5:0/1724915819 --> [v2:172.21.15.5:3300/0,v1:172.21.15.5:6789/0] -- mon_command({"prefix": "get_command_descriptions"} v 0) -- 0x7fd860069c50 con 0x7fd860110090
2024-04-24T06:32:56.970 INFO:teuthology.orchestra.run.smithi005.stdout:/usr/bin/ceph: stderr
2024-04-24T06:32:56.034+0000 7fd857e00700 1 --2- 172.21.15.5:0/1724915819 >> [v2:172.21.15.5:6800/2413496885,v1:172.21.15.5:6801/2413496885] conn(0x7fd8440395b0 0x7fd84403ba70 unknown :-1 s=NONE pgs=0 cs=0 l=1 rev1=0 crypto rx=0 tx=0 comp rx=0 tx=0).connect
2024-04-24T06:32:56.972 INFO:teuthology.orchestra.run.smithi005.stdout:/usr/bin/ceph: stderr
2024-04-24T06:32:56.034+0000 7fd857e00700 1 -- 172.21.15.5:0/1724915819 <== mon.0 v2:172.21.15.5:3300/0 5 ==== osd_map(1..1 src has 1..1) ==== 725+0+0 (secure 0 0 0) 0x7fd850011e00 con 0x7fd860110090
2024-04-24T06:32:56.972 INFO:teuthology.orchestra.run.smithi005.stdout:/usr/bin/ceph: stderr
2024-04-24T06:32:56.034+0000 7fd85ea00700 1 --2- 172.21.15.5:0/1724915819 >> [v2:172.21.15.5:6800/2413496885,v1:172.21.15.5:6801/2413496885] conn(0x7fd8440395b0 0x7fd84403ba70 unknown :-1 s=BANNER_CONNECTING pgs=0 cs=0 l=1 rev1=0 crypto rx=0 tx=0 comp rx=0 tx=0)._handle_peer_banner_payload supported=3 required=0
2024-04-24T06:32:56.972 INFO:teuthology.orchestra.run.smithi005.stdout:/usr/bin/ceph: stderr
2024-04-24T06:32:56.035+0000 7fd85ea00700 1 --2- 172.21.15.5:0/1724915819 >> [v2:172.21.15.5:6800/2413496885,v1:172.21.15.5:6801/2413496885] conn(0x7fd8440395b0 0x7fd84403ba70 secure :-1 s=READY pgs=7 cs=0 l=1 rev1=1 crypto rx=0x7fd84c006fd0 tx=0x7fd84c006e40 comp rx=0 tx=0).ready entity=mgr.14100 client_cookie=0 server_cookie=0 in_seq=0 out_seq=0
2024-04-24T06:32:56.972 INFO:teuthology.orchestra.run.smithi005.stdout:/usr/bin/ceph: stderr
2024-04-24T06:32:56.040+0000 7fd857e00700 1 -- 172.21.15.5:0/1724915819 <== mon.0 v2:172.21.15.5:3300/0 6 ==== mon_command_ack([{"prefix": "get_command_descriptions"}]=0 v0) ==== 72+0+188370 (secure 0 0 0) 0x7fd85000b3e0 con 0x7fd860110090
2024-04-24T06:32:56.972 INFO:teuthology.orchestra.run.smithi005.stdout:/usr/bin/ceph: stderr
2024-04-24T06:32:56.268+0000 7fd864c00700 1 -- 172.21.15.5:0/1724915819 --> [v2:172.21.15.5:3300/0,v1:172.21.15.5:6789/0] -- mon_command({"prefix": "config assimilate-conf"} v 0) -- 0x7fd8601a6120 con 0x7fd860110090
2024-04-24T06:32:56.972 INFO:teuthology.orchestra.run.smithi005.stdout:/usr/bin/ceph: stderr
2024-04-24T06:32:56.269+0000 7fd857e00700 1 -- 172.21.15.5:0/1724915819 <== mon.0 v2:172.21.15.5:3300/0 7 ==== mon_command_ack([{"prefix": "config assimilate-conf"}]=0 v3) ==== 70+0+400 (secure 0 0 0) 0x7fd8601a6120 con 0x7fd860110090
2024-04-24T06:32:56.972 INFO:teuthology.orchestra.run.smithi005.stdout:/usr/bin/ceph: stderr
2024-04-24T06:32:56.272+0000 7fd864c00700 1 -- 172.21.15.5:0/1724915819 >> [v2:172.21.15.5:6800/2413496885,v1:172.21.15.5:6801/2413496885] conn(0x7fd8440395b0 msgr2=0x7fd84403ba70 secure :-1 s=STATE_CONNECTION_ESTABLISHED l=1).mark_down
2024-04-24T06:32:56.972 INFO:teuthology.orchestra.run.smithi005.stdout:/usr/bin/ceph: stderr
2024-04-24T06:32:56.272+0000 7fd864c00700 1 --2- 172.21.15.5:0/1724915819 >> [v2:172.21.15.5:6800/2413496885,v1:172.21.15.5:6801/2413496885] conn(0x7fd8440395b0 0x7fd84403ba70 secure :-1 s=READY pgs=7 cs=0 l=1 rev1=1 crypto rx=0x7fd84c006fd0 tx=0x7fd84c006e40 comp rx=0 tx=0).stop
2024-04-24T06:32:56.972 INFO:teuthology.orchestra.run.smithi005.stdout:/usr/bin/ceph: stderr
2024-04-24T06:32:56.273+0000 7fd864c00700 1 -- 172.21.15.5:0/1724915819 >> [v2:172.21.15.5:3300/0,v1:172.21.15.5:6789/0] conn(0x7fd860110090 msgr2=0x7fd8601a2a90 secure :-1 s=STATE_CONNECTION_ESTABLISHED l=1).mark_down
2024-04-24T06:32:56.972 INFO:teuthology.orchestra.run.smithi005.stdout:/usr/bin/ceph: stderr
2024-04-24T06:32:56.273+0000 7fd864c00700 1 --2- 172.21.15.5:0/1724915819 >> [v2:172.21.15.5:3300/0,v1:172.21.15.5:6789/0] conn(0x7fd860110090 0x7fd8601a2a90 secure :-1 s=READY pgs=21 cs=0 l=1 rev1=1 crypto rx=0x7fd850011b60 tx=0x7fd850011c40 comp rx=0 tx=0).stop
2024-04-24T06:32:56.972 INFO:teuthology.orchestra.run.smithi005.stdout:/usr/bin/ceph: stderr
2024-04-24T06:32:56.273+0000 7fd864c00700 1 -- 172.21.15.5:0/1724915819 shutdown_connections
2024-04-24T06:32:56.972 INFO:teuthology.orchestra.run.smithi005.stdout:/usr/bin/ceph: stderr
2024-04-24T06:32:56.273+0000 7fd864c00700 1 --2- 172.21.15.5:0/1724915819 >> [v2:172.21.15.5:6800/2413496885,v1:172.21.15.5:6801/2413496885] conn(0x7fd8440395b0 0x7fd84403ba70 unknown :-1 s=CLOSED pgs=7 cs=0 l=1 rev1=1 crypto rx=0 tx=0 comp rx=0 tx=0).stop
2024-04-24T06:32:56.973 INFO:teuthology.orchestra.run.smithi005.stdout:/usr/bin/ceph: stderr
2024-04-24T06:32:56.273+0000 7fd864c00700 1 --2- 172.21.15.5:0/1724915819 >> [v2:172.21.15.5:3300/0,v1:172.21.15.5:6789/0] conn(0x7fd860110090 0x7fd8601a2a90 unknown :-1 s=CLOSED pgs=21 cs=0 l=1 rev1=1 crypto rx=0 tx=0 comp rx=0 tx=0).stop
2024-04-24T06:32:56.973 INFO:teuthology.orchestra.run.smithi005.stdout:/usr/bin/ceph: stderr
2024-04-24T06:32:56.273+0000 7fd864c00700 1 -- 172.21.15.5:0/1724915819 >> 172.21.15.5:0/1724915819 conn(0x7fd86007dba0 msgr2=0x7fd86007e710 unknown :-1 s=STATE_NONE l=0).mark_down
2024-04-24T06:32:56.973 INFO:teuthology.orchestra.run.smithi005.stdout:/usr/bin/ceph: stderr
2024-04-24T06:32:56.273+0000 7fd864c00700 1 -- 172.21.15.5:0/1724915819 shutdown_connections
2024-04-24T06:32:56.973 INFO:teuthology.orchestra.run.smithi005.stdout:/usr/bin/ceph: stderr
2024-04-24T06:32:56.273+0000 7fd864c00700 1 -- 172.21.15.5:0/1724915819 wait complete.
2024-04-24T06:32:56.973 INFO:teuthology.orchestra.run.smithi005.stdout:Enabling cephadm module...
2024-04-24T06:32:58.196 INFO:journalctl@ceph.mon.a.smithi005.stdout:Apr 24 06:32:57 smithi005 ceph-mon[27798]: from='client.? 172.21.15.5:0/2819881541' entity='client.admin' cmd=[{"prefix": "mgr module enable", "module": "cephadm"}]: dispatch
2024-04-24T06:32:58.196 INFO:journalctl@ceph.mgr.x.smithi005.stdout:Apr 24 06:32:58 smithi005 ceph-43e9bad0-0204-11ef-bc93-c7b262605968-mgr-x[28026]: ignoring --setuser ceph since I am not root
2024-04-24T06:32:58.196 INFO:journalctl@ceph.mgr.x.smithi005.stdout:Apr 24 06:32:58 smithi005 ceph-43e9bad0-0204-11ef-bc93-c7b262605968-mgr-x[28026]: ignoring --setgroup ceph since I am not root
2024-04-24T06:32:58.196 INFO:journalctl@ceph.mgr.x.smithi005.stdout:Apr 24 06:32:58 smithi005 ceph-43e9bad0-0204-11ef-bc93-c7b262605968-mgr-x[28026]:
2024-04-24T06:32:58.193+0000 7fd4ead0d200 -1 mgr[py] Module balancer has missing NOTIFY_TYPES member
2024-04-24T06:32:58.506 INFO:journalctl@ceph.mgr.x.smithi005.stdout:Apr 24 06:32:58 smithi005 ceph-43e9bad0-0204-11ef-bc93-c7b262605968-mgr-x[28026]:
2024-04-24T06:32:58.438+0000 7fd4ead0d200 -1 mgr[py] Module orchestrator has missing NOTIFY_TYPES member
2024-04-24T06:32:58.670 INFO:teuthology.orchestra.run.smithi005.stdout:/usr/bin/ceph: stderr
2024-04-24T06:32:57.556+0000 7ff559200700 1 Processor -- start
2024-04-24T06:32:58.670 INFO:teuthology.orchestra.run.smithi005.stdout:/usr/bin/ceph: stderr
2024-04-24T06:32:57.557+0000 7ff559200700 1 -- start start
2024-04-24T06:32:58.670 INFO:teuthology.orchestra.run.smithi005.stdout:/usr/bin/ceph: stderr
2024-04-24T06:32:57.557+0000 7ff559200700 1 --2- >> [v2:172.21.15.5:3300/0,v1:172.21.15.5:6789/0] conn(0x7ff554108700 0x7ff554108b20 unknown :-1 s=NONE pgs=0 cs=0 l=0 rev1=0 crypto rx=0 tx=0 comp rx=0 tx=0).connect
2024-04-24T06:32:58.670 INFO:teuthology.orchestra.run.smithi005.stdout:/usr/bin/ceph: stderr
2024-04-24T06:32:57.557+0000 7ff559200700 1 -- --> [v2:172.21.15.5:3300/0,v1:172.21.15.5:6789/0] -- mon_getmap magic: 0 -- 0x7ff5541090f0 con 0x7ff554108700
2024-04-24T06:32:58.671 INFO:teuthology.orchestra.run.smithi005.stdout:/usr/bin/ceph: stderr
2024-04-24T06:32:57.558+0000 7ff551e00700 1 --2- >> [v2:172.21.15.5:3300/0,v1:172.21.15.5:6789/0] conn(0x7ff554108700 0x7ff554108b20 unknown :-1 s=BANNER_CONNECTING pgs=0 cs=0 l=0 rev1=0 crypto rx=0 tx=0 comp rx=0 tx=0)._handle_peer_banner_payload supported=3 required=0
2024-04-24T06:32:58.671 INFO:teuthology.orchestra.run.smithi005.stdout:/usr/bin/ceph: stderr
2024-04-24T06:32:57.558+0000 7ff551e00700 1 --2- >> [v2:172.21.15.5:3300/0,v1:172.21.15.5:6789/0] conn(0x7ff554108700 0x7ff554108b20 unknown :-1 s=HELLO_CONNECTING pgs=0 cs=0 l=0 rev1=1 crypto rx=0 tx=0 comp rx=0 tx=0).handle_hello peer v2:172.21.15.5:3300/0 says I am v2:172.21.15.5:44828/0 (socket says 172.21.15.5:44828)
2024-04-24T06:32:58.671 INFO:teuthology.orchestra.run.smithi005.stdout:/usr/bin/ceph: stderr
2024-04-24T06:32:57.558+0000 7ff551e00700 1 -- 172.21.15.5:0/3760171796 learned_addr learned my addr 172.21.15.5:0/3760171796 (peer_addr_for_me v2:172.21.15.5:0/0)
2024-04-24T06:32:58.671 INFO:teuthology.orchestra.run.smithi005.stdout:/usr/bin/ceph: stderr
2024-04-24T06:32:57.558+0000 7ff551e00700 1 -- 172.21.15.5:0/3760171796 --> [v2:172.21.15.5:3300/0,v1:172.21.15.5:6789/0] -- mon_subscribe({config=0+,monmap=0+}) -- 0x7ff5541098b0 con 0x7ff554108700
2024-04-24T06:32:58.671 INFO:teuthology.orchestra.run.smithi005.stdout:/usr/bin/ceph: stderr
2024-04-24T06:32:57.558+0000 7ff551e00700 1 --2- 172.21.15.5:0/3760171796 >> [v2:172.21.15.5:3300/0,v1:172.21.15.5:6789/0] conn(0x7ff554108700 0x7ff554108b20 secure :-1 s=READY pgs=22 cs=0 l=1 rev1=1 crypto rx=0x7ff5440098a0 tx=0x7ff544009bb0 comp rx=0 tx=0).ready entity=mon.0 client_cookie=775ab8f9ece328f0 server_cookie=0 in_seq=0 out_seq=0
2024-04-24T06:32:58.671 INFO:teuthology.orchestra.run.smithi005.stdout:/usr/bin/ceph: stderr
2024-04-24T06:32:57.559+0000 7ff550a00700 1 -- 172.21.15.5:0/3760171796 <== mon.0 v2:172.21.15.5:3300/0 1 ==== mon_map magic: 0 ==== 205+0+0 (secure 0 0 0) 0x7ff544004160 con 0x7ff554108700
2024-04-24T06:32:58.671 INFO:teuthology.orchestra.run.smithi005.stdout:/usr/bin/ceph: stderr
2024-04-24T06:32:57.559+0000 7ff550a00700 1 -- 172.21.15.5:0/3760171796 <== mon.0 v2:172.21.15.5:3300/0 2 ==== config(27 keys) ==== 1109+0+0 (secure 0 0 0) 0x7ff544004300 con 0x7ff554108700
2024-04-24T06:32:58.671 INFO:teuthology.orchestra.run.smithi005.stdout:/usr/bin/ceph: stderr
2024-04-24T06:32:57.559+0000 7ff550a00700 1 -- 172.21.15.5:0/3760171796 <== mon.0 v2:172.21.15.5:3300/0 3 ==== mon_map magic: 0 ==== 205+0+0 (secure 0 0 0) 0x7ff544011b50 con 0x7ff554108700
2024-04-24T06:32:58.671 INFO:teuthology.orchestra.run.smithi005.stdout:/usr/bin/ceph: stderr
2024-04-24T06:32:57.559+0000 7ff559200700 1 -- 172.21.15.5:0/3760171796 >> [v2:172.21.15.5:3300/0,v1:172.21.15.5:6789/0] conn(0x7ff554108700 msgr2=0x7ff554108b20 secure :-1 s=STATE_CONNECTION_ESTABLISHED l=1).mark_down
2024-04-24T06:32:58.671 INFO:teuthology.orchestra.run.smithi005.stdout:/usr/bin/ceph: stderr
2024-04-24T06:32:57.559+0000 7ff559200700 1 --2- 172.21.15.5:0/3760171796 >> [v2:172.21.15.5:3300/0,v1:172.21.15.5:6789/0] conn(0x7ff554108700 0x7ff554108b20 secure :-1 s=READY pgs=22 cs=0 l=1 rev1=1 crypto rx=0x7ff5440098a0 tx=0x7ff544009bb0 comp rx=0 tx=0).stop
2024-04-24T06:32:58.671 INFO:teuthology.orchestra.run.smithi005.stdout:/usr/bin/ceph: stderr
2024-04-24T06:32:57.560+0000 7ff559200700 1 -- 172.21.15.5:0/3760171796 shutdown_connections
2024-04-24T06:32:58.671 INFO:teuthology.orchestra.run.smithi005.stdout:/usr/bin/ceph: stderr
2024-04-24T06:32:57.560+0000 7ff559200700 1 --2- 172.21.15.5:0/3760171796 >> [v2:172.21.15.5:3300/0,v1:172.21.15.5:6789/0] conn(0x7ff554108700 0x7ff554108b20 unknown :-1 s=CLOSED pgs=22 cs=0 l=1 rev1=1 crypto rx=0 tx=0 comp rx=0 tx=0).stop
2024-04-24T06:32:58.671 INFO:teuthology.orchestra.run.smithi005.stdout:/usr/bin/ceph: stderr
2024-04-24T06:32:57.560+0000 7ff559200700 1 -- 172.21.15.5:0/3760171796 >> 172.21.15.5:0/3760171796 conn(0x7ff554103d40 msgr2=0x7ff554106160 unknown :-1 s=STATE_NONE l=0).mark_down
2024-04-24T06:32:58.671 INFO:teuthology.orchestra.run.smithi005.stdout:/usr/bin/ceph: stderr
2024-04-24T06:32:57.560+0000 7ff559200700 1 -- 172.21.15.5:0/3760171796 shutdown_connections
2024-04-24T06:32:58.672 INFO:teuthology.orchestra.run.smithi005.stdout:/usr/bin/ceph: stderr
2024-04-24T06:32:57.560+0000 7ff559200700 1 -- 172.21.15.5:0/3760171796 wait complete.
2024-04-24T06:32:58.672 INFO:teuthology.orchestra.run.smithi005.stdout:/usr/bin/ceph: stderr
2024-04-24T06:32:57.561+0000 7ff559200700 1 Processor -- start
2024-04-24T06:32:58.672 INFO:teuthology.orchestra.run.smithi005.stdout:/usr/bin/ceph: stderr
2024-04-24T06:32:57.561+0000 7ff559200700 1 -- start start
2024-04-24T06:32:58.672 INFO:teuthology.orchestra.run.smithi005.stdout:/usr/bin/ceph: stderr
2024-04-24T06:32:57.561+0000 7ff559200700 1 --2- >> [v2:172.21.15.5:3300/0,v1:172.21.15.5:6789/0] conn(0x7ff554108700 0x7ff55419e8d0 unknown :-1 s=NONE pgs=0 cs=0 l=1 rev1=0 crypto rx=0 tx=0 comp rx=0 tx=0).connect
2024-04-24T06:32:58.672 INFO:teuthology.orchestra.run.smithi005.stdout:/usr/bin/ceph: stderr
2024-04-24T06:32:57.561+0000 7ff559200700 1 -- --> [v2:172.21.15.5:3300/0,v1:172.21.15.5:6789/0] -- mon_getmap magic: 0 -- 0x7ff55410cc60 con 0x7ff554108700
2024-04-24T06:32:58.672 INFO:teuthology.orchestra.run.smithi005.stdout:/usr/bin/ceph: stderr
2024-04-24T06:32:57.562+0000 7ff551e00700 1 --2- >> [v2:172.21.15.5:3300/0,v1:172.21.15.5:6789/0] conn(0x7ff554108700 0x7ff55419e8d0 unknown :-1 s=BANNER_CONNECTING pgs=0 cs=0 l=1 rev1=0 crypto rx=0 tx=0 comp rx=0 tx=0)._handle_peer_banner_payload supported=3 required=0
2024-04-24T06:32:58.672 INFO:teuthology.orchestra.run.smithi005.stdout:/usr/bin/ceph: stderr
2024-04-24T06:32:57.562+0000 7ff551e00700 1 --2- >> [v2:172.21.15.5:3300/0,v1:172.21.15.5:6789/0] conn(0x7ff554108700 0x7ff55419e8d0 unknown :-1 s=HELLO_CONNECTING pgs=0 cs=0 l=1 rev1=1 crypto rx=0 tx=0 comp rx=0 tx=0).handle_hello peer v2:172.21.15.5:3300/0 says I am v2:172.21.15.5:44832/0 (socket says 172.21.15.5:44832)
2024-04-24T06:32:58.672 INFO:teuthology.orchestra.run.smithi005.stdout:/usr/bin/ceph: stderr
2024-04-24T06:32:57.562+0000 7ff551e00700 1 -- 172.21.15.5:0/2819881541 learned_addr learned my addr 172.21.15.5:0/2819881541 (peer_addr_for_me v2:172.21.15.5:0/0)
2024-04-24T06:32:58.672 INFO:teuthology.orchestra.run.smithi005.stdout:/usr/bin/ceph: stderr
2024-04-24T06:32:57.562+0000 7ff551e00700 1 -- 172.21.15.5:0/2819881541 --> [v2:172.21.15.5:3300/0,v1:172.21.15.5:6789/0] -- mon_subscribe({config=0+,monmap=0+}) -- 0x7ff55419ee10 con 0x7ff554108700
2024-04-24T06:32:58.672 INFO:teuthology.orchestra.run.smithi005.stdout:/usr/bin/ceph: stderr
2024-04-24T06:32:57.562+0000 7ff551e00700 1 --2- 172.21.15.5:0/2819881541 >> [v2:172.21.15.5:3300/0,v1:172.21.15.5:6789/0] conn(0x7ff554108700 0x7ff55419e8d0 secure :-1 s=READY pgs=23 cs=0 l=1 rev1=1 crypto rx=0x7ff544011850 tx=0x7ff544011c10 comp rx=0 tx=0).ready entity=mon.0 client_cookie=0 server_cookie=0 in_seq=0 out_seq=0
2024-04-24T06:32:58.672 INFO:teuthology.orchestra.run.smithi005.stdout:/usr/bin/ceph: stderr
2024-04-24T06:32:57.563+0000 7ff54aa00700 1 -- 172.21.15.5:0/2819881541 <== mon.0 v2:172.21.15.5:3300/0 1 ==== mon_map magic: 0 ==== 205+0+0 (secure 0 0 0) 0x7ff544003af0 con 0x7ff554108700
2024-04-24T06:32:58.672 INFO:teuthology.orchestra.run.smithi005.stdout:/usr/bin/ceph: stderr
2024-04-24T06:32:57.563+0000 7ff54aa00700 1 -- 172.21.15.5:0/2819881541 <== mon.0 v2:172.21.15.5:3300/0 2 ==== config(27 keys) ==== 1109+0+0 (secure 0 0 0) 0x7ff544020070 con 0x7ff554108700
2024-04-24T06:32:58.672 INFO:teuthology.orchestra.run.smithi005.stdout:/usr/bin/ceph: stderr
2024-04-24T06:32:57.563+0000 7ff559200700 1 -- 172.21.15.5:0/2819881541 --> [v2:172.21.15.5:3300/0,v1:172.21.15.5:6789/0] -- mon_subscribe({mgrmap=0+}) -- 0x7ff55419f0a0 con 0x7ff554108700
2024-04-24T06:32:58.673 INFO:teuthology.orchestra.run.smithi005.stdout:/usr/bin/ceph: stderr
2024-04-24T06:32:57.563+0000 7ff54aa00700 1 -- 172.21.15.5:0/2819881541 <== mon.0 v2:172.21.15.5:3300/0 3 ==== mon_map magic: 0 ==== 205+0+0 (secure 0 0 0) 0x7ff5440195a0 con 0x7ff554108700
2024-04-24T06:32:58.673 INFO:teuthology.orchestra.run.smithi005.stdout:/usr/bin/ceph: stderr
2024-04-24T06:32:57.563+0000 7ff559200700 1 -- 172.21.15.5:0/2819881541 --> [v2:172.21.15.5:3300/0,v1:172.21.15.5:6789/0] -- mon_subscribe({osdmap=0}) -- 0x7ff5541a1d90 con 0x7ff554108700
2024-04-24T06:32:58.673 INFO:teuthology.orchestra.run.smithi005.stdout:/usr/bin/ceph: stderr
2024-04-24T06:32:57.564+0000 7ff559200700 1 -- 172.21.15.5:0/2819881541 --> [v2:172.21.15.5:3300/0,v1:172.21.15.5:6789/0] -- mon_command({"prefix": "get_command_descriptions"} v 0) -- 0x7ff554064150 con 0x7ff554108700
2024-04-24T06:32:58.673 INFO:teuthology.orchestra.run.smithi005.stdout:/usr/bin/ceph: stderr
2024-04-24T06:32:57.564+0000 7ff54aa00700 1 -- 172.21.15.5:0/2819881541 <== mon.0 v2:172.21.15.5:3300/0 4 ==== mgrmap(e 4) ==== 46547+0+0 (secure 0 0 0) 0x7ff5440198a0 con 0x7ff554108700
2024-04-24T06:32:58.673 INFO:teuthology.orchestra.run.smithi005.stdout:/usr/bin/ceph: stderr
2024-04-24T06:32:57.564+0000 7ff54aa00700 1 --2- 172.21.15.5:0/2819881541 >> [v2:172.21.15.5:6800/2413496885,v1:172.21.15.5:6801/2413496885] conn(0x7ff538039560 0x7ff53803ba20 unknown :-1 s=NONE pgs=0 cs=0 l=1 rev1=0 crypto rx=0 tx=0 comp rx=0 tx=0).connect
2024-04-24T06:32:58.673 INFO:teuthology.orchestra.run.smithi005.stdout:/usr/bin/ceph: stderr
2024-04-24T06:32:57.564+0000 7ff54aa00700 1 -- 172.21.15.5:0/2819881541 <== mon.0 v2:172.21.15.5:3300/0 5 ==== osd_map(1..1 src has 1..1) ==== 725+0+0 (secure 0 0 0) 0x7ff544011e00 con 0x7ff554108700
2024-04-24T06:32:58.673 INFO:teuthology.orchestra.run.smithi005.stdout:/usr/bin/ceph: stderr
2024-04-24T06:32:57.565+0000 7ff551400700 1 --2- 172.21.15.5:0/2819881541 >> [v2:172.21.15.5:6800/2413496885,v1:172.21.15.5:6801/2413496885] conn(0x7ff538039560 0x7ff53803ba20 unknown :-1 s=BANNER_CONNECTING pgs=0 cs=0 l=1 rev1=0 crypto rx=0 tx=0 comp rx=0 tx=0)._handle_peer_banner_payload supported=3 required=0
2024-04-24T06:32:58.673 INFO:teuthology.orchestra.run.smithi005.stdout:/usr/bin/ceph: stderr
2024-04-24T06:32:57.565+0000 7ff551400700 1 --2- 172.21.15.5:0/2819881541 >> [v2:172.21.15.5:6800/2413496885,v1:172.21.15.5:6801/2413496885] conn(0x7ff538039560 0x7ff53803ba20 secure :-1 s=READY pgs=8 cs=0 l=1 rev1=1 crypto rx=0x7ff540006fd0 tx=0x7ff540006e40 comp rx=0 tx=0).ready entity=mgr.14100 client_cookie=0 server_cookie=0 in_seq=0 out_seq=0
2024-04-24T06:32:58.673 INFO:teuthology.orchestra.run.smithi005.stdout:/usr/bin/ceph: stderr
2024-04-24T06:32:57.570+0000 7ff54aa00700 1 -- 172.21.15.5:0/2819881541 <== mon.0 v2:172.21.15.5:3300/0 6 ==== mon_command_ack([{"prefix": "get_command_descriptions"}]=0 v0) ==== 72+0+188370 (secure 0 0 0) 0x7ff54400e260 con 0x7ff554108700
2024-04-24T06:32:58.673 INFO:teuthology.orchestra.run.smithi005.stdout:/usr/bin/ceph: stderr
2024-04-24T06:32:57.859+0000 7ff559200700 1 -- 172.21.15.5:0/2819881541 --> [v2:172.21.15.5:3300/0,v1:172.21.15.5:6789/0] -- mon_command({"prefix": "mgr module enable", "module": "cephadm"} v 0) -- 0x7ff5541a1f60 con 0x7ff554108700
2024-04-24T06:32:58.673 INFO:teuthology.orchestra.run.smithi005.stdout:/usr/bin/ceph: stderr
2024-04-24T06:32:57.913+0000 7ff54aa00700 1 -- 172.21.15.5:0/2819881541 <== mon.0 v2:172.21.15.5:3300/0 7 ==== mon_command_ack([{"prefix": "mgr module enable", "module": "cephadm"}]=0 v5) ==== 86+0+0 (secure 0 0 0) 0x7ff5541a1f60 con 0x7ff554108700
2024-04-24T06:32:58.673 INFO:teuthology.orchestra.run.smithi005.stdout:/usr/bin/ceph: stderr
2024-04-24T06:32:57.916+0000 7ff54aa00700 1 -- 172.21.15.5:0/2819881541 <== mon.0 v2:172.21.15.5:3300/0 8 ==== mgrmap(e 5) ==== 46558+0+0 (secure 0 0 0) 0x7ff54401a430 con 0x7ff554108700
2024-04-24T06:32:58.673 INFO:teuthology.orchestra.run.smithi005.stdout:/usr/bin/ceph: stderr
2024-04-24T06:32:57.918+0000 7ff559200700 1 -- 172.21.15.5:0/2819881541 >> [v2:172.21.15.5:6800/2413496885,v1:172.21.15.5:6801/2413496885] conn(0x7ff538039560 msgr2=0x7ff53803ba20 secure :-1 s=STATE_CONNECTION_ESTABLISHED l=1).mark_down
2024-04-24T06:32:58.673 INFO:teuthology.orchestra.run.smithi005.stdout:/usr/bin/ceph: stderr
2024-04-24T06:32:57.918+0000 7ff559200700 1 --2- 172.21.15.5:0/2819881541 >> [v2:172.21.15.5:6800/2413496885,v1:172.21.15.5:6801/2413496885] conn(0x7ff538039560 0x7ff53803ba20 secure :-1 s=READY pgs=8 cs=0 l=1 rev1=1 crypto rx=0x7ff540006fd0 tx=0x7ff540006e40 comp rx=0 tx=0).stop
2024-04-24T06:32:58.674 INFO:teuthology.orchestra.run.smithi005.stdout:/usr/bin/ceph: stderr
2024-04-24T06:32:57.918+0000 7ff559200700 1 -- 172.21.15.5:0/2819881541 >> [v2:172.21.15.5:3300/0,v1:172.21.15.5:6789/0] conn(0x7ff554108700 msgr2=0x7ff55419e8d0 secure :-1 s=STATE_CONNECTION_ESTABLISHED l=1).mark_down
2024-04-24T06:32:58.674 INFO:teuthology.orchestra.run.smithi005.stdout:/usr/bin/ceph: stderr
2024-04-24T06:32:57.918+0000 7ff559200700 1 --2- 172.21.15.5:0/2819881541 >> [v2:172.21.15.5:3300/0,v1:172.21.15.5:6789/0] conn(0x7ff554108700 0x7ff55419e8d0 secure :-1 s=READY pgs=23 cs=0 l=1 rev1=1 crypto rx=0x7ff544011850 tx=0x7ff544011c10 comp rx=0 tx=0).stop
2024-04-24T06:32:58.674 INFO:teuthology.orchestra.run.smithi005.stdout:/usr/bin/ceph: stderr
2024-04-24T06:32:57.919+0000 7ff559200700 1 -- 172.21.15.5:0/2819881541 shutdown_connections
2024-04-24T06:32:58.674 INFO:teuthology.orchestra.run.smithi005.stdout:/usr/bin/ceph: stderr
2024-04-24T06:32:57.919+0000 7ff559200700 1 --2- 172.21.15.5:0/2819881541 >> [v2:172.21.15.5:6800/2413496885,v1:172.21.15.5:6801/2413496885] conn(0x7ff538039560 0x7ff53803ba20 unknown :-1 s=CLOSED pgs=8 cs=0 l=1 rev1=1 crypto rx=0 tx=0 comp rx=0 tx=0).stop
2024-04-24T06:32:58.674 INFO:teuthology.orchestra.run.smithi005.stdout:/usr/bin/ceph: stderr
2024-04-24T06:32:57.919+0000 7ff559200700 1 --2- 172.21.15.5:0/2819881541 >> [v2:172.21.15.5:3300/0,v1:172.21.15.5:6789/0] conn(0x7ff554108700 0x7ff55419e8d0 unknown :-1 s=CLOSED pgs=23 cs=0 l=1 rev1=1 crypto rx=0 tx=0 comp rx=0 tx=0).stop
2024-04-24T06:32:58.674 INFO:teuthology.orchestra.run.smithi005.stdout:/usr/bin/ceph: stderr
2024-04-24T06:32:57.919+0000 7ff559200700 1 -- 172.21.15.5:0/2819881541 >> 172.21.15.5:0/2819881541 conn(0x7ff554103d40 msgr2=0x7ff5541048d0 unknown :-1 s=STATE_NONE l=0).mark_down
2024-04-24T06:32:58.674 INFO:teuthology.orchestra.run.smithi005.stdout:/usr/bin/ceph: stderr
2024-04-24T06:32:57.919+0000 7ff559200700 1 -- 172.21.15.5:0/2819881541 shutdown_connections
2024-04-24T06:32:58.674 INFO:teuthology.orchestra.run.smithi005.stdout:/usr/bin/ceph: stderr
2024-04-24T06:32:57.919+0000 7ff559200700 1 -- 172.21.15.5:0/2819881541 wait complete.
2024-04-24T06:32:58.924 INFO:journalctl@ceph.mgr.x.smithi005.stdout:Apr 24 06:32:58 smithi005 ceph-43e9bad0-0204-11ef-bc93-c7b262605968-mgr-x[28026]:
2024-04-24T06:32:58.570+0000 7fd4ead0d200 -1 mgr[py] Module snap_schedule has missing NOTIFY_TYPES member
2024-04-24T06:32:59.196 INFO:journalctl@ceph.mon.a.smithi005.stdout:Apr 24 06:32:58 smithi005 ceph-mon[27798]: from='client.? 172.21.15.5:0/2819881541' entity='client.admin' cmd='[{"prefix": "mgr module enable", "module": "cephadm"}]': finished
2024-04-24T06:32:59.196 INFO:journalctl@ceph.mon.a.smithi005.stdout:Apr 24 06:32:58 smithi005 ceph-mon[27798]: mgrmap e5: x(active, since 5s)
2024-04-24T06:32:59.196 INFO:journalctl@ceph.mgr.x.smithi005.stdout:Apr 24 06:32:58 smithi005 ceph-43e9bad0-0204-11ef-bc93-c7b262605968-mgr-x[28026]:
2024-04-24T06:32:58.985+0000 7fd4ead0d200 -1 mgr[py] Module progress has missing NOTIFY_TYPES member
2024-04-24T06:32:59.196 INFO:journalctl@ceph.mgr.x.smithi005.stdout:Apr 24 06:32:59 smithi005 ceph-43e9bad0-0204-11ef-bc93-c7b262605968-mgr-x[28026]:
2024-04-24T06:32:59.104+0000 7fd4ead0d200 -1 mgr[py] Module influx has missing NOTIFY_TYPES member
2024-04-24T06:33:00.150 INFO:journalctl@ceph.mon.a.smithi005.stdout:Apr 24 06:32:59 smithi005 ceph-mon[27798]: from='client.? 172.21.15.5:0/648304177' entity='client.admin' cmd=[{"prefix": "mgr stat"}]: dispatch
2024-04-24T06:33:00.163 INFO:teuthology.orchestra.run.smithi005.stdout:/usr/bin/ceph: stdout {
2024-04-24T06:33:00.163 INFO:teuthology.orchestra.run.smithi005.stdout:/usr/bin/ceph: stdout "epoch": 5,
2024-04-24T06:33:00.163 INFO:teuthology.orchestra.run.smithi005.stdout:/usr/bin/ceph: stdout "available": true,
2024-04-24T06:33:00.163 INFO:teuthology.orchestra.run.smithi005.stdout:/usr/bin/ceph: stdout "active_name": "x",
2024-04-24T06:33:00.163 INFO:teuthology.orchestra.run.smithi005.stdout:/usr/bin/ceph: stdout "num_standby": 0
2024-04-24T06:33:00.163 INFO:teuthology.orchestra.run.smithi005.stdout:/usr/bin/ceph: stdout }
2024-04-24T06:33:00.163 INFO:teuthology.orchestra.run.smithi005.stdout:/usr/bin/ceph: stderr
2024-04-24T06:32:59.257+0000 7f8e7c400700 1 Processor -- start
2024-04-24T06:33:00.163 INFO:teuthology.orchestra.run.smithi005.stdout:/usr/bin/ceph: stderr
2024-04-24T06:32:59.257+0000 7f8e7c400700 1 -- start start
2024-04-24T06:33:00.164 INFO:teuthology.orchestra.run.smithi005.stdout:/usr/bin/ceph: stderr
