2024-04-24T06:43:16.066+0000 7fb903400700 1 -- 172.21.15.16:0/1086228181 --> [v2:172.21.15.16:3300/0,v1:172.21.15.16:6789/0] -- mon_subscribe({config=0+,monmap=0+}) -- 0x7fb90407c9f0 con 0x7fb90407ddc0
2024-04-24T06:43:23.251 INFO:teuthology.orchestra.run.smithi016.stdout:/usr/bin/ceph: stderr
2024-04-24T06:43:16.066+0000 7fb903400700 1 --2- 172.21.15.16:0/1086228181 >> [v2:172.21.15.16:3300/0,v1:172.21.15.16:6789/0] conn(0x7fb90407ddc0 0x7fb90407c330 secure :-1 s=READY pgs=45 cs=0 l=1 rev1=1 crypto rx=0x7fb8f40098a0 tx=0x7fb8f4009bb0 comp rx=0 tx=0).ready entity=mon.0 client_cookie=bf047631ffc89194 server_cookie=0 in_seq=0 out_seq=0
2024-04-24T06:43:23.251 INFO:teuthology.orchestra.run.smithi016.stdout:/usr/bin/ceph: stderr
2024-04-24T06:43:16.067+0000 7fb902a00700 1 -- 172.21.15.16:0/1086228181 <== mon.0 v2:172.21.15.16:3300/0 1 ==== mon_map magic: 0 ==== 205+0+0 (secure 0 0 0) 0x7fb8f4004160 con 0x7fb90407ddc0
2024-04-24T06:43:23.251 INFO:teuthology.orchestra.run.smithi016.stdout:/usr/bin/ceph: stderr
2024-04-24T06:43:16.067+0000 7fb902a00700 1 -- 172.21.15.16:0/1086228181 <== mon.0 v2:172.21.15.16:3300/0 2 ==== config(26 keys) ==== 1071+0+0 (secure 0 0 0) 0x7fb8f4004300 con 0x7fb90407ddc0
2024-04-24T06:43:23.251 INFO:teuthology.orchestra.run.smithi016.stdout:/usr/bin/ceph: stderr
2024-04-24T06:43:16.067+0000 7fb902a00700 1 -- 172.21.15.16:0/1086228181 <== mon.0 v2:172.21.15.16:3300/0 3 ==== mon_map magic: 0 ==== 205+0+0 (secure 0 0 0) 0x7fb8f4011a80 con 0x7fb90407ddc0
2024-04-24T06:43:23.251 INFO:teuthology.orchestra.run.smithi016.stdout:/usr/bin/ceph: stderr
2024-04-24T06:43:16.067+0000 7fb90a000700 1 -- 172.21.15.16:0/1086228181 >> [v2:172.21.15.16:3300/0,v1:172.21.15.16:6789/0] conn(0x7fb90407ddc0 msgr2=0x7fb90407c330 secure :-1 s=STATE_CONNECTION_ESTABLISHED l=1).mark_down
2024-04-24T06:43:23.252 INFO:teuthology.orchestra.run.smithi016.stdout:/usr/bin/ceph: stderr
2024-04-24T06:43:16.067+0000 7fb90a000700 1 --2- 172.21.15.16:0/1086228181 >> [v2:172.21.15.16:3300/0,v1:172.21.15.16:6789/0] conn(0x7fb90407ddc0 0x7fb90407c330 secure :-1 s=READY pgs=45 cs=0 l=1 rev1=1 crypto rx=0x7fb8f40098a0 tx=0x7fb8f4009bb0 comp rx=0 tx=0).stop
2024-04-24T06:43:23.252 INFO:teuthology.orchestra.run.smithi016.stdout:/usr/bin/ceph: stderr
2024-04-24T06:43:16.067+0000 7fb90a000700 1 -- 172.21.15.16:0/1086228181 shutdown_connections
2024-04-24T06:43:23.252 INFO:teuthology.orchestra.run.smithi016.stdout:/usr/bin/ceph: stderr
2024-04-24T06:43:16.067+0000 7fb90a000700 1 --2- 172.21.15.16:0/1086228181 >> [v2:172.21.15.16:3300/0,v1:172.21.15.16:6789/0] conn(0x7fb90407ddc0 0x7fb90407c330 unknown :-1 s=CLOSED pgs=45 cs=0 l=1 rev1=1 crypto rx=0 tx=0 comp rx=0 tx=0).stop
2024-04-24T06:43:23.252 INFO:teuthology.orchestra.run.smithi016.stdout:/usr/bin/ceph: stderr
2024-04-24T06:43:16.067+0000 7fb90a000700 1 -- 172.21.15.16:0/1086228181 >> 172.21.15.16:0/1086228181 conn(0x7fb904103a40 msgr2=0x7fb904105e60 unknown :-1 s=STATE_NONE l=0).mark_down
2024-04-24T06:43:23.252 INFO:teuthology.orchestra.run.smithi016.stdout:/usr/bin/ceph: stderr
2024-04-24T06:43:16.068+0000 7fb90a000700 1 -- 172.21.15.16:0/1086228181 shutdown_connections
2024-04-24T06:43:23.252 INFO:teuthology.orchestra.run.smithi016.stdout:/usr/bin/ceph: stderr
2024-04-24T06:43:16.068+0000 7fb90a000700 1 -- 172.21.15.16:0/1086228181 wait complete.
2024-04-24T06:43:23.252 INFO:teuthology.orchestra.run.smithi016.stdout:/usr/bin/ceph: stderr
2024-04-24T06:43:16.069+0000 7fb90a000700 1 Processor -- start
2024-04-24T06:43:23.252 INFO:teuthology.orchestra.run.smithi016.stdout:/usr/bin/ceph: stderr
2024-04-24T06:43:16.069+0000 7fb90a000700 1 -- start start
2024-04-24T06:43:23.252 INFO:teuthology.orchestra.run.smithi016.stdout:/usr/bin/ceph: stderr
2024-04-24T06:43:16.069+0000 7fb90a000700 1 --2- >> [v2:172.21.15.16:3300/0,v1:172.21.15.16:6789/0] conn(0x7fb90407ddc0 0x7fb90419e7d0 unknown :-1 s=NONE pgs=0 cs=0 l=1 rev1=0 crypto rx=0 tx=0 comp rx=0 tx=0).connect
2024-04-24T06:43:23.252 INFO:teuthology.orchestra.run.smithi016.stdout:/usr/bin/ceph: stderr
2024-04-24T06:43:16.069+0000 7fb90a000700 1 -- --> [v2:172.21.15.16:3300/0,v1:172.21.15.16:6789/0] -- mon_getmap magic: 0 -- 0x7fb90410e7d0 con 0x7fb90407ddc0
2024-04-24T06:43:23.252 INFO:teuthology.orchestra.run.smithi016.stdout:/usr/bin/ceph: stderr
2024-04-24T06:43:16.069+0000 7fb903400700 1 --2- >> [v2:172.21.15.16:3300/0,v1:172.21.15.16:6789/0] conn(0x7fb90407ddc0 0x7fb90419e7d0 unknown :-1 s=BANNER_CONNECTING pgs=0 cs=0 l=1 rev1=0 crypto rx=0 tx=0 comp rx=0 tx=0)._handle_peer_banner_payload supported=3 required=0
2024-04-24T06:43:23.252 INFO:teuthology.orchestra.run.smithi016.stdout:/usr/bin/ceph: stderr
2024-04-24T06:43:16.070+0000 7fb903400700 1 --2- >> [v2:172.21.15.16:3300/0,v1:172.21.15.16:6789/0] conn(0x7fb90407ddc0 0x7fb90419e7d0 unknown :-1 s=HELLO_CONNECTING pgs=0 cs=0 l=1 rev1=1 crypto rx=0 tx=0 comp rx=0 tx=0).handle_hello peer v2:172.21.15.16:3300/0 says I am v2:172.21.15.16:52068/0 (socket says 172.21.15.16:52068)
2024-04-24T06:43:23.252 INFO:teuthology.orchestra.run.smithi016.stdout:/usr/bin/ceph: stderr
2024-04-24T06:43:16.070+0000 7fb903400700 1 -- 172.21.15.16:0/3466546861 learned_addr learned my addr 172.21.15.16:0/3466546861 (peer_addr_for_me v2:172.21.15.16:0/0)
2024-04-24T06:43:23.253 INFO:teuthology.orchestra.run.smithi016.stdout:/usr/bin/ceph: stderr
2024-04-24T06:43:16.070+0000 7fb903400700 1 -- 172.21.15.16:0/3466546861 --> [v2:172.21.15.16:3300/0,v1:172.21.15.16:6789/0] -- mon_subscribe({config=0+,monmap=0+}) -- 0x7fb90419ed10 con 0x7fb90407ddc0
2024-04-24T06:43:23.253 INFO:teuthology.orchestra.run.smithi016.stdout:/usr/bin/ceph: stderr
2024-04-24T06:43:16.070+0000 7fb903400700 1 --2- 172.21.15.16:0/3466546861 >> [v2:172.21.15.16:3300/0,v1:172.21.15.16:6789/0] conn(0x7fb90407ddc0 0x7fb90419e7d0 secure :-1 s=READY pgs=46 cs=0 l=1 rev1=1 crypto rx=0x7fb8f4006af0 tx=0x7fb8f4011c40 comp rx=0 tx=0).ready entity=mon.0 client_cookie=0 server_cookie=0 in_seq=0 out_seq=0
2024-04-24T06:43:23.253 INFO:teuthology.orchestra.run.smithi016.stdout:/usr/bin/ceph: stderr
2024-04-24T06:43:16.070+0000 7fb900c00700 1 -- 172.21.15.16:0/3466546861 <== mon.0 v2:172.21.15.16:3300/0 1 ==== mon_map magic: 0 ==== 205+0+0 (secure 0 0 0) 0x7fb8f40039e0 con 0x7fb90407ddc0
2024-04-24T06:43:23.253 INFO:teuthology.orchestra.run.smithi016.stdout:/usr/bin/ceph: stderr
2024-04-24T06:43:16.071+0000 7fb900c00700 1 -- 172.21.15.16:0/3466546861 <== mon.0 v2:172.21.15.16:3300/0 2 ==== config(26 keys) ==== 1071+0+0 (secure 0 0 0) 0x7fb8f4003b80 con 0x7fb90407ddc0
2024-04-24T06:43:23.253 INFO:teuthology.orchestra.run.smithi016.stdout:/usr/bin/ceph: stderr
2024-04-24T06:43:16.071+0000 7fb90a000700 1 -- 172.21.15.16:0/3466546861 --> [v2:172.21.15.16:3300/0,v1:172.21.15.16:6789/0] -- mon_subscribe({mgrmap=0+}) -- 0x7fb90419efa0 con 0x7fb90407ddc0
2024-04-24T06:43:23.253 INFO:teuthology.orchestra.run.smithi016.stdout:/usr/bin/ceph: stderr
2024-04-24T06:43:16.071+0000 7fb900c00700 1 -- 172.21.15.16:0/3466546861 <== mon.0 v2:172.21.15.16:3300/0 3 ==== mon_map magic: 0 ==== 205+0+0 (secure 0 0 0) 0x7fb8f40196a0 con 0x7fb90407ddc0
2024-04-24T06:43:23.253 INFO:teuthology.orchestra.run.smithi016.stdout:/usr/bin/ceph: stderr
2024-04-24T06:43:16.071+0000 7fb90a000700 1 -- 172.21.15.16:0/3466546861 --> [v2:172.21.15.16:3300/0,v1:172.21.15.16:6789/0] -- mon_subscribe({osdmap=0}) -- 0x7fb9041a1c90 con 0x7fb90407ddc0
2024-04-24T06:43:23.253 INFO:teuthology.orchestra.run.smithi016.stdout:/usr/bin/ceph: stderr
2024-04-24T06:43:16.072+0000 7fb900c00700 1 -- 172.21.15.16:0/3466546861 <== mon.0 v2:172.21.15.16:3300/0 4 ==== mgrmap(e 8) ==== 46558+0+0 (secure 0 0 0) 0x7fb8f401ab50 con 0x7fb90407ddc0
2024-04-24T06:43:23.253 INFO:teuthology.orchestra.run.smithi016.stdout:/usr/bin/ceph: stderr
2024-04-24T06:43:16.072+0000 7fb90a000700 1 -- 172.21.15.16:0/3466546861 --> [v2:172.21.15.16:3300/0,v1:172.21.15.16:6789/0] -- mon_command({"prefix": "get_command_descriptions"} v 0) -- 0x7fb904064150 con 0x7fb90407ddc0
2024-04-24T06:43:23.253 INFO:teuthology.orchestra.run.smithi016.stdout:/usr/bin/ceph: stderr
2024-04-24T06:43:16.072+0000 7fb900c00700 1 --2- 172.21.15.16:0/3466546861 >> [v2:172.21.15.16:6800/92544581,v1:172.21.15.16:6801/92544581] conn(0x7fb8e40395b0 0x7fb8e403ba70 unknown :-1 s=NONE pgs=0 cs=0 l=1 rev1=0 crypto rx=0 tx=0 comp rx=0 tx=0).connect
2024-04-24T06:43:23.253 INFO:teuthology.orchestra.run.smithi016.stdout:/usr/bin/ceph: stderr
2024-04-24T06:43:16.072+0000 7fb900c00700 1 -- 172.21.15.16:0/3466546861 <== mon.0 v2:172.21.15.16:3300/0 5 ==== osd_map(2..2 src has 1..2) ==== 940+0+0 (secure 0 0 0) 0x7fb8f404dc20 con 0x7fb90407ddc0
2024-04-24T06:43:23.253 INFO:teuthology.orchestra.run.smithi016.stdout:/usr/bin/ceph: stderr
2024-04-24T06:43:16.073+0000 7fb8faa00700 1 --2- 172.21.15.16:0/3466546861 >> [v2:172.21.15.16:6800/92544581,v1:172.21.15.16:6801/92544581] conn(0x7fb8e40395b0 0x7fb8e403ba70 unknown :-1 s=BANNER_CONNECTING pgs=0 cs=0 l=1 rev1=0 crypto rx=0 tx=0 comp rx=0 tx=0)._handle_peer_banner_payload supported=3 required=0
2024-04-24T06:43:23.253 INFO:teuthology.orchestra.run.smithi016.stdout:/usr/bin/ceph: stderr
2024-04-24T06:43:16.073+0000 7fb8faa00700 1 --2- 172.21.15.16:0/3466546861 >> [v2:172.21.15.16:6800/92544581,v1:172.21.15.16:6801/92544581] conn(0x7fb8e40395b0 0x7fb8e403ba70 secure :-1 s=READY pgs=11 cs=0 l=1 rev1=1 crypto rx=0x7fb8ec006fd0 tx=0x7fb8ec006e40 comp rx=0 tx=0).ready entity=mgr.14120 client_cookie=0 server_cookie=0 in_seq=0 out_seq=0
2024-04-24T06:43:23.254 INFO:teuthology.orchestra.run.smithi016.stdout:/usr/bin/ceph: stderr
2024-04-24T06:43:16.078+0000 7fb900c00700 1 -- 172.21.15.16:0/3466546861 <== mon.0 v2:172.21.15.16:3300/0 6 ==== mon_command_ack([{"prefix": "get_command_descriptions"}]=0 v0) ==== 72+0+188370 (secure 0 0 0) 0x7fb8f400b3e0 con 0x7fb90407ddc0
2024-04-24T06:43:23.254 INFO:teuthology.orchestra.run.smithi016.stdout:/usr/bin/ceph: stderr
2024-04-24T06:43:16.317+0000 7fb90a000700 1 -- 172.21.15.16:0/3466546861 --> [v2:172.21.15.16:6800/92544581,v1:172.21.15.16:6801/92544581] -- mgr_command(tid 0: {"prefix": "orch host add", "hostname": "smithi016", "addr": "172.21.15.16", "target": ["mon-mgr", ""]}) -- 0x7fb90402e050 con 0x7fb8e40395b0
2024-04-24T06:43:23.254 INFO:teuthology.orchestra.run.smithi016.stdout:/usr/bin/ceph: stderr
2024-04-24T06:43:22.559+0000 7fb900c00700 1 -- 172.21.15.16:0/3466546861 <== mgr.14120 v2:172.21.15.16:6800/92544581 1 ==== mgr_command_reply(tid 0: 0 ) ==== 8+0+48 (secure 0 0 0) 0x7fb90402e050 con 0x7fb8e40395b0
2024-04-24T06:43:23.254 INFO:teuthology.orchestra.run.smithi016.stdout:/usr/bin/ceph: stderr
2024-04-24T06:43:22.562+0000 7fb90a000700 1 -- 172.21.15.16:0/3466546861 >> [v2:172.21.15.16:6800/92544581,v1:172.21.15.16:6801/92544581] conn(0x7fb8e40395b0 msgr2=0x7fb8e403ba70 secure :-1 s=STATE_CONNECTION_ESTABLISHED l=1).mark_down
2024-04-24T06:43:23.254 INFO:teuthology.orchestra.run.smithi016.stdout:/usr/bin/ceph: stderr
2024-04-24T06:43:22.562+0000 7fb90a000700 1 --2- 172.21.15.16:0/3466546861 >> [v2:172.21.15.16:6800/92544581,v1:172.21.15.16:6801/92544581] conn(0x7fb8e40395b0 0x7fb8e403ba70 secure :-1 s=READY pgs=11 cs=0 l=1 rev1=1 crypto rx=0x7fb8ec006fd0 tx=0x7fb8ec006e40 comp rx=0 tx=0).stop
2024-04-24T06:43:23.254 INFO:teuthology.orchestra.run.smithi016.stdout:/usr/bin/ceph: stderr
2024-04-24T06:43:22.563+0000 7fb90a000700 1 -- 172.21.15.16:0/3466546861 >> [v2:172.21.15.16:3300/0,v1:172.21.15.16:6789/0] conn(0x7fb90407ddc0 msgr2=0x7fb90419e7d0 secure :-1 s=STATE_CONNECTION_ESTABLISHED l=1).mark_down
2024-04-24T06:43:23.254 INFO:teuthology.orchestra.run.smithi016.stdout:/usr/bin/ceph: stderr
2024-04-24T06:43:22.563+0000 7fb90a000700 1 --2- 172.21.15.16:0/3466546861 >> [v2:172.21.15.16:3300/0,v1:172.21.15.16:6789/0] conn(0x7fb90407ddc0 0x7fb90419e7d0 secure :-1 s=READY pgs=46 cs=0 l=1 rev1=1 crypto rx=0x7fb8f4006af0 tx=0x7fb8f4011c40 comp rx=0 tx=0).stop
2024-04-24T06:43:23.254 INFO:teuthology.orchestra.run.smithi016.stdout:/usr/bin/ceph: stderr
2024-04-24T06:43:22.563+0000 7fb90a000700 1 -- 172.21.15.16:0/3466546861 shutdown_connections
2024-04-24T06:43:23.254 INFO:teuthology.orchestra.run.smithi016.stdout:/usr/bin/ceph: stderr
2024-04-24T06:43:22.563+0000 7fb90a000700 1 --2- 172.21.15.16:0/3466546861 >> [v2:172.21.15.16:6800/92544581,v1:172.21.15.16:6801/92544581] conn(0x7fb8e40395b0 0x7fb8e403ba70 unknown :-1 s=CLOSED pgs=11 cs=0 l=1 rev1=1 crypto rx=0 tx=0 comp rx=0 tx=0).stop
2024-04-24T06:43:23.254 INFO:teuthology.orchestra.run.smithi016.stdout:/usr/bin/ceph: stderr
2024-04-24T06:43:22.563+0000 7fb90a000700 1 --2- 172.21.15.16:0/3466546861 >> [v2:172.21.15.16:3300/0,v1:172.21.15.16:6789/0] conn(0x7fb90407ddc0 0x7fb90419e7d0 unknown :-1 s=CLOSED pgs=46 cs=0 l=1 rev1=1 crypto rx=0 tx=0 comp rx=0 tx=0).stop
2024-04-24T06:43:23.254 INFO:teuthology.orchestra.run.smithi016.stdout:/usr/bin/ceph: stderr
2024-04-24T06:43:22.563+0000 7fb90a000700 1 -- 172.21.15.16:0/3466546861 >> 172.21.15.16:0/3466546861 conn(0x7fb904103a40 msgr2=0x7fb904104830 unknown :-1 s=STATE_NONE l=0).mark_down
2024-04-24T06:43:23.254 INFO:teuthology.orchestra.run.smithi016.stdout:/usr/bin/ceph: stderr
2024-04-24T06:43:22.563+0000 7fb90a000700 1 -- 172.21.15.16:0/3466546861 shutdown_connections
2024-04-24T06:43:23.254 INFO:teuthology.orchestra.run.smithi016.stdout:/usr/bin/ceph: stderr
2024-04-24T06:43:22.563+0000 7fb90a000700 1 -- 172.21.15.16:0/3466546861 wait complete.
2024-04-24T06:43:23.255 INFO:teuthology.orchestra.run.smithi016.stdout:Deploying unmanaged mon service...
2024-04-24T06:43:23.826 INFO:journalctl@ceph.mon.a.smithi016.stdout:Apr 24 06:43:23 smithi016 ceph-mon[27972]: from='mgr.14120 172.21.15.16:0/1976517128' entity='mgr.x'
2024-04-24T06:43:23.826 INFO:journalctl@ceph.mon.a.smithi016.stdout:Apr 24 06:43:23 smithi016 ceph-mon[27972]: Added host smithi016
2024-04-24T06:43:23.826 INFO:journalctl@ceph.mon.a.smithi016.stdout:Apr 24 06:43:23 smithi016 ceph-mon[27972]: from='mgr.14120 172.21.15.16:0/1976517128' entity='mgr.x' cmd=[{"prefix": "config dump", "format": "json"}]: dispatch
2024-04-24T06:43:25.176 INFO:teuthology.orchestra.run.smithi016.stdout:/usr/bin/ceph: stdout Scheduled mon update...
2024-04-24T06:43:25.180 INFO:teuthology.orchestra.run.smithi016.stdout:/usr/bin/ceph: stderr
2024-04-24T06:43:24.003+0000 7ff561e00700 1 Processor -- start
2024-04-24T06:43:25.180 INFO:teuthology.orchestra.run.smithi016.stdout:/usr/bin/ceph: stderr
2024-04-24T06:43:24.003+0000 7ff561e00700 1 -- start start
2024-04-24T06:43:25.180 INFO:teuthology.orchestra.run.smithi016.stdout:/usr/bin/ceph: stderr
2024-04-24T06:43:24.003+0000 7ff561e00700 1 --2- >> [v2:172.21.15.16:3300/0,v1:172.21.15.16:6789/0] conn(0x7ff55c10a4f0 0x7ff55c10a910 unknown :-1 s=NONE pgs=0 cs=0 l=0 rev1=0 crypto rx=0 tx=0 comp rx=0 tx=0).connect
2024-04-24T06:43:25.180 INFO:teuthology.orchestra.run.smithi016.stdout:/usr/bin/ceph: stderr
2024-04-24T06:43:24.004+0000 7ff561e00700 1 -- --> [v2:172.21.15.16:3300/0,v1:172.21.15.16:6789/0] -- mon_getmap magic: 0 -- 0x7ff55c10ae50 con 0x7ff55c10a4f0
2024-04-24T06:43:25.180 INFO:teuthology.orchestra.run.smithi016.stdout:/usr/bin/ceph: stderr
2024-04-24T06:43:24.004+0000 7ff560a00700 1 --2- >> [v2:172.21.15.16:3300/0,v1:172.21.15.16:6789/0] conn(0x7ff55c10a4f0 0x7ff55c10a910 unknown :-1 s=BANNER_CONNECTING pgs=0 cs=0 l=0 rev1=0 crypto rx=0 tx=0 comp rx=0 tx=0)._handle_peer_banner_payload supported=3 required=0
2024-04-24T06:43:25.180 INFO:teuthology.orchestra.run.smithi016.stdout:/usr/bin/ceph: stderr
2024-04-24T06:43:24.004+0000 7ff560a00700 1 --2- >> [v2:172.21.15.16:3300/0,v1:172.21.15.16:6789/0] conn(0x7ff55c10a4f0 0x7ff55c10a910 unknown :-1 s=HELLO_CONNECTING pgs=0 cs=0 l=0 rev1=1 crypto rx=0 tx=0 comp rx=0 tx=0).handle_hello peer v2:172.21.15.16:3300/0 says I am v2:172.21.15.16:52078/0 (socket says 172.21.15.16:52078)
2024-04-24T06:43:25.180 INFO:teuthology.orchestra.run.smithi016.stdout:/usr/bin/ceph: stderr
2024-04-24T06:43:24.004+0000 7ff560a00700 1 -- 172.21.15.16:0/1399382466 learned_addr learned my addr 172.21.15.16:0/1399382466 (peer_addr_for_me v2:172.21.15.16:0/0)
2024-04-24T06:43:25.181 INFO:teuthology.orchestra.run.smithi016.stdout:/usr/bin/ceph: stderr
2024-04-24T06:43:24.004+0000 7ff560a00700 1 -- 172.21.15.16:0/1399382466 --> [v2:172.21.15.16:3300/0,v1:172.21.15.16:6789/0] -- mon_subscribe({config=0+,monmap=0+}) -- 0x7ff55c10afd0 con 0x7ff55c10a4f0
2024-04-24T06:43:25.181 INFO:teuthology.orchestra.run.smithi016.stdout:/usr/bin/ceph: stderr
2024-04-24T06:43:24.005+0000 7ff560a00700 1 --2- 172.21.15.16:0/1399382466 >> [v2:172.21.15.16:3300/0,v1:172.21.15.16:6789/0] conn(0x7ff55c10a4f0 0x7ff55c10a910 secure :-1 s=READY pgs=47 cs=0 l=1 rev1=1 crypto rx=0x7ff5500098a0 tx=0x7ff550009bb0 comp rx=0 tx=0).ready entity=mon.0 client_cookie=85e381de1f3a790d server_cookie=0 in_seq=0 out_seq=0
2024-04-24T06:43:25.181 INFO:teuthology.orchestra.run.smithi016.stdout:/usr/bin/ceph: stderr
2024-04-24T06:43:24.005+0000 7ff55b400700 1 -- 172.21.15.16:0/1399382466 <== mon.0 v2:172.21.15.16:3300/0 1 ==== mon_map magic: 0 ==== 205+0+0 (secure 0 0 0) 0x7ff550004160 con 0x7ff55c10a4f0
2024-04-24T06:43:25.181 INFO:teuthology.orchestra.run.smithi016.stdout:/usr/bin/ceph: stderr
2024-04-24T06:43:24.005+0000 7ff55b400700 1 -- 172.21.15.16:0/1399382466 <== mon.0 v2:172.21.15.16:3300/0 2 ==== config(26 keys) ==== 1071+0+0 (secure 0 0 0) 0x7ff550004300 con 0x7ff55c10a4f0
2024-04-24T06:43:25.181 INFO:teuthology.orchestra.run.smithi016.stdout:/usr/bin/ceph: stderr
2024-04-24T06:43:24.005+0000 7ff55b400700 1 -- 172.21.15.16:0/1399382466 <== mon.0 v2:172.21.15.16:3300/0 3 ==== mon_map magic: 0 ==== 205+0+0 (secure 0 0 0) 0x7ff550011a80 con 0x7ff55c10a4f0
2024-04-24T06:43:25.181 INFO:teuthology.orchestra.run.smithi016.stdout:/usr/bin/ceph: stderr
2024-04-24T06:43:24.006+0000 7ff561e00700 1 -- 172.21.15.16:0/1399382466 >> [v2:172.21.15.16:3300/0,v1:172.21.15.16:6789/0] conn(0x7ff55c10a4f0 msgr2=0x7ff55c10a910 secure :-1 s=STATE_CONNECTION_ESTABLISHED l=1).mark_down
2024-04-24T06:43:25.181 INFO:teuthology.orchestra.run.smithi016.stdout:/usr/bin/ceph: stderr
2024-04-24T06:43:24.006+0000 7ff561e00700 1 --2- 172.21.15.16:0/1399382466 >> [v2:172.21.15.16:3300/0,v1:172.21.15.16:6789/0] conn(0x7ff55c10a4f0 0x7ff55c10a910 secure :-1 s=READY pgs=47 cs=0 l=1 rev1=1 crypto rx=0x7ff5500098a0 tx=0x7ff550009bb0 comp rx=0 tx=0).stop
2024-04-24T06:43:25.181 INFO:teuthology.orchestra.run.smithi016.stdout:/usr/bin/ceph: stderr
2024-04-24T06:43:24.006+0000 7ff561e00700 1 -- 172.21.15.16:0/1399382466 shutdown_connections
2024-04-24T06:43:25.181 INFO:teuthology.orchestra.run.smithi016.stdout:/usr/bin/ceph: stderr
2024-04-24T06:43:24.006+0000 7ff561e00700 1 --2- 172.21.15.16:0/1399382466 >> [v2:172.21.15.16:3300/0,v1:172.21.15.16:6789/0] conn(0x7ff55c10a4f0 0x7ff55c10a910 unknown :-1 s=CLOSED pgs=47 cs=0 l=1 rev1=1 crypto rx=0 tx=0 comp rx=0 tx=0).stop
2024-04-24T06:43:25.181 INFO:teuthology.orchestra.run.smithi016.stdout:/usr/bin/ceph: stderr
2024-04-24T06:43:24.006+0000 7ff561e00700 1 -- 172.21.15.16:0/1399382466 >> 172.21.15.16:0/1399382466 conn(0x7ff55c07de20 msgr2=0x7ff55c1084e0 unknown :-1 s=STATE_NONE l=0).mark_down
2024-04-24T06:43:25.181 INFO:teuthology.orchestra.run.smithi016.stdout:/usr/bin/ceph: stderr
2024-04-24T06:43:24.006+0000 7ff561e00700 1 -- 172.21.15.16:0/1399382466 shutdown_connections
2024-04-24T06:43:25.181 INFO:teuthology.orchestra.run.smithi016.stdout:/usr/bin/ceph: stderr
2024-04-24T06:43:24.006+0000 7ff561e00700 1 -- 172.21.15.16:0/1399382466 wait complete.
2024-04-24T06:43:25.181 INFO:teuthology.orchestra.run.smithi016.stdout:/usr/bin/ceph: stderr
2024-04-24T06:43:24.007+0000 7ff561e00700 1 Processor -- start
2024-04-24T06:43:25.182 INFO:teuthology.orchestra.run.smithi016.stdout:/usr/bin/ceph: stderr
2024-04-24T06:43:24.007+0000 7ff561e00700 1 -- start start
2024-04-24T06:43:25.182 INFO:teuthology.orchestra.run.smithi016.stdout:/usr/bin/ceph: stderr
2024-04-24T06:43:24.008+0000 7ff561e00700 1 --2- >> [v2:172.21.15.16:3300/0,v1:172.21.15.16:6789/0] conn(0x7ff55c10a4f0 0x7ff55c19e630 unknown :-1 s=NONE pgs=0 cs=0 l=1 rev1=0 crypto rx=0 tx=0 comp rx=0 tx=0).connect
2024-04-24T06:43:25.182 INFO:teuthology.orchestra.run.smithi016.stdout:/usr/bin/ceph: stderr
2024-04-24T06:43:24.008+0000 7ff561e00700 1 -- --> [v2:172.21.15.16:3300/0,v1:172.21.15.16:6789/0] -- mon_getmap magic: 0 -- 0x7ff55c10c430 con 0x7ff55c10a4f0
2024-04-24T06:43:25.182 INFO:teuthology.orchestra.run.smithi016.stdout:/usr/bin/ceph: stderr
2024-04-24T06:43:24.008+0000 7ff560a00700 1 --2- >> [v2:172.21.15.16:3300/0,v1:172.21.15.16:6789/0] conn(0x7ff55c10a4f0 0x7ff55c19e630 unknown :-1 s=BANNER_CONNECTING pgs=0 cs=0 l=1 rev1=0 crypto rx=0 tx=0 comp rx=0 tx=0)._handle_peer_banner_payload supported=3 required=0
2024-04-24T06:43:25.182 INFO:teuthology.orchestra.run.smithi016.stdout:/usr/bin/ceph: stderr
2024-04-24T06:43:24.008+0000 7ff560a00700 1 --2- >> [v2:172.21.15.16:3300/0,v1:172.21.15.16:6789/0] conn(0x7ff55c10a4f0 0x7ff55c19e630 unknown :-1 s=HELLO_CONNECTING pgs=0 cs=0 l=1 rev1=1 crypto rx=0 tx=0 comp rx=0 tx=0).handle_hello peer v2:172.21.15.16:3300/0 says I am v2:172.21.15.16:52080/0 (socket says 172.21.15.16:52080)
2024-04-24T06:43:25.182 INFO:teuthology.orchestra.run.smithi016.stdout:/usr/bin/ceph: stderr
2024-04-24T06:43:24.008+0000 7ff560a00700 1 -- 172.21.15.16:0/356861211 learned_addr learned my addr 172.21.15.16:0/356861211 (peer_addr_for_me v2:172.21.15.16:0/0)
2024-04-24T06:43:25.182 INFO:teuthology.orchestra.run.smithi016.stdout:/usr/bin/ceph: stderr
2024-04-24T06:43:24.008+0000 7ff560a00700 1 -- 172.21.15.16:0/356861211 --> [v2:172.21.15.16:3300/0,v1:172.21.15.16:6789/0] -- mon_subscribe({config=0+,monmap=0+}) -- 0x7ff55c19eb70 con 0x7ff55c10a4f0
2024-04-24T06:43:25.182 INFO:teuthology.orchestra.run.smithi016.stdout:/usr/bin/ceph: stderr
2024-04-24T06:43:24.009+0000 7ff560a00700 1 --2- 172.21.15.16:0/356861211 >> [v2:172.21.15.16:3300/0,v1:172.21.15.16:6789/0] conn(0x7ff55c10a4f0 0x7ff55c19e630 secure :-1 s=READY pgs=48 cs=0 l=1 rev1=1 crypto rx=0x7ff550011a50 tx=0x7ff550004290 comp rx=0 tx=0).ready entity=mon.0 client_cookie=0 server_cookie=0 in_seq=0 out_seq=0
2024-04-24T06:43:25.182 INFO:teuthology.orchestra.run.smithi016.stdout:/usr/bin/ceph: stderr
2024-04-24T06:43:24.009+0000 7ff559600700 1 -- 172.21.15.16:0/356861211 <== mon.0 v2:172.21.15.16:3300/0 1 ==== mon_map magic: 0 ==== 205+0+0 (secure 0 0 0) 0x7ff5500039f0 con 0x7ff55c10a4f0
2024-04-24T06:43:25.182 INFO:teuthology.orchestra.run.smithi016.stdout:/usr/bin/ceph: stderr
2024-04-24T06:43:24.009+0000 7ff559600700 1 -- 172.21.15.16:0/356861211 <== mon.0 v2:172.21.15.16:3300/0 2 ==== config(26 keys) ==== 1071+0+0 (secure 0 0 0) 0x7ff550003b90 con 0x7ff55c10a4f0
2024-04-24T06:43:25.182 INFO:teuthology.orchestra.run.smithi016.stdout:/usr/bin/ceph: stderr
2024-04-24T06:43:24.009+0000 7ff559600700 1 -- 172.21.15.16:0/356861211 <== mon.0 v2:172.21.15.16:3300/0 3 ==== mon_map magic: 0 ==== 205+0+0 (secure 0 0 0) 0x7ff55001a600 con 0x7ff55c10a4f0
2024-04-24T06:43:25.183 INFO:teuthology.orchestra.run.smithi016.stdout:/usr/bin/ceph: stderr
2024-04-24T06:43:24.009+0000 7ff561e00700 1 -- 172.21.15.16:0/356861211 --> [v2:172.21.15.16:3300/0,v1:172.21.15.16:6789/0] -- mon_subscribe({mgrmap=0+}) -- 0x7ff55c19ee00 con 0x7ff55c10a4f0
2024-04-24T06:43:25.183 INFO:teuthology.orchestra.run.smithi016.stdout:/usr/bin/ceph: stderr
2024-04-24T06:43:24.009+0000 7ff561e00700 1 -- 172.21.15.16:0/356861211 --> [v2:172.21.15.16:3300/0,v1:172.21.15.16:6789/0] -- mon_subscribe({osdmap=0}) -- 0x7ff55c1a1af0 con 0x7ff55c10a4f0
2024-04-24T06:43:25.183 INFO:teuthology.orchestra.run.smithi016.stdout:/usr/bin/ceph: stderr
2024-04-24T06:43:24.010+0000 7ff561e00700 1 -- 172.21.15.16:0/356861211 --> [v2:172.21.15.16:3300/0,v1:172.21.15.16:6789/0] -- mon_command({"prefix": "get_command_descriptions"} v 0) -- 0x7ff55c064150 con 0x7ff55c10a4f0
2024-04-24T06:43:25.183 INFO:teuthology.orchestra.run.smithi016.stdout:/usr/bin/ceph: stderr
2024-04-24T06:43:24.010+0000 7ff559600700 1 -- 172.21.15.16:0/356861211 <== mon.0 v2:172.21.15.16:3300/0 4 ==== mgrmap(e 8) ==== 46558+0+0 (secure 0 0 0) 0x7ff550024a40 con 0x7ff55c10a4f0
2024-04-24T06:43:25.185 INFO:teuthology.orchestra.run.smithi016.stdout:/usr/bin/ceph: stderr
2024-04-24T06:43:24.011+0000 7ff559600700 1 --2- 172.21.15.16:0/356861211 >> [v2:172.21.15.16:6800/92544581,v1:172.21.15.16:6801/92544581] conn(0x7ff5440395b0 0x7ff54403ba70 unknown :-1 s=NONE pgs=0 cs=0 l=1 rev1=0 crypto rx=0 tx=0 comp rx=0 tx=0).connect
2024-04-24T06:43:25.185 INFO:teuthology.orchestra.run.smithi016.stdout:/usr/bin/ceph: stderr
2024-04-24T06:43:24.011+0000 7ff559600700 1 -- 172.21.15.16:0/356861211 <== mon.0 v2:172.21.15.16:3300/0 5 ==== osd_map(2..2 src has 1..2) ==== 940+0+0 (secure 0 0 0) 0x7ff55004dc30 con 0x7ff55c10a4f0
2024-04-24T06:43:25.185 INFO:teuthology.orchestra.run.smithi016.stdout:/usr/bin/ceph: stderr
2024-04-24T06:43:24.011+0000 7ff55be00700 1 --2- 172.21.15.16:0/356861211 >> [v2:172.21.15.16:6800/92544581,v1:172.21.15.16:6801/92544581] conn(0x7ff5440395b0 0x7ff54403ba70 unknown :-1 s=BANNER_CONNECTING pgs=0 cs=0 l=1 rev1=0 crypto rx=0 tx=0 comp rx=0 tx=0)._handle_peer_banner_payload supported=3 required=0
2024-04-24T06:43:25.185 INFO:teuthology.orchestra.run.smithi016.stdout:/usr/bin/ceph: stderr
2024-04-24T06:43:24.012+0000 7ff55be00700 1 --2- 172.21.15.16:0/356861211 >> [v2:172.21.15.16:6800/92544581,v1:172.21.15.16:6801/92544581] conn(0x7ff5440395b0 0x7ff54403ba70 secure :-1 s=READY pgs=12 cs=0 l=1 rev1=1 crypto rx=0x7ff548006fd0 tx=0x7ff548006e40 comp rx=0 tx=0).ready entity=mgr.14120 client_cookie=0 server_cookie=0 in_seq=0 out_seq=0
2024-04-24T06:43:25.185 INFO:teuthology.orchestra.run.smithi016.stdout:/usr/bin/ceph: stderr
2024-04-24T06:43:24.017+0000 7ff559600700 1 -- 172.21.15.16:0/356861211 <== mon.0 v2:172.21.15.16:3300/0 6 ==== mon_command_ack([{"prefix": "get_command_descriptions"}]=0 v0) ==== 72+0+188370 (secure 0 0 0) 0x7ff55004d580 con 0x7ff55c10a4f0
2024-04-24T06:43:25.185 INFO:teuthology.orchestra.run.smithi016.stdout:/usr/bin/ceph: stderr
2024-04-24T06:43:24.287+0000 7ff561e00700 1 -- 172.21.15.16:0/356861211 --> [v2:172.21.15.16:6800/92544581,v1:172.21.15.16:6801/92544581] -- mgr_command(tid 0: {"prefix": "orch apply", "service_type": "mon", "unmanaged": true, "target": ["mon-mgr", ""]}) -- 0x7ff55c02e050 con 0x7ff5440395b0
2024-04-24T06:43:25.185 INFO:teuthology.orchestra.run.smithi016.stdout:/usr/bin/ceph: stderr
2024-04-24T06:43:24.295+0000 7ff559600700 1 -- 172.21.15.16:0/356861211 <== mgr.14120 v2:172.21.15.16:6800/92544581 1 ==== mgr_command_reply(tid 0: 0 ) ==== 8+0+24 (secure 0 0 0) 0x7ff55c02e050 con 0x7ff5440395b0
2024-04-24T06:43:25.186 INFO:teuthology.orchestra.run.smithi016.stdout:/usr/bin/ceph: stderr
2024-04-24T06:43:24.298+0000 7ff561e00700 1 -- 172.21.15.16:0/356861211 >> [v2:172.21.15.16:6800/92544581,v1:172.21.15.16:6801/92544581] conn(0x7ff5440395b0 msgr2=0x7ff54403ba70 secure :-1 s=STATE_CONNECTION_ESTABLISHED l=1).mark_down
2024-04-24T06:43:25.186 INFO:teuthology.orchestra.run.smithi016.stdout:/usr/bin/ceph: stderr
2024-04-24T06:43:24.298+0000 7ff561e00700 1 --2- 172.21.15.16:0/356861211 >> [v2:172.21.15.16:6800/92544581,v1:172.21.15.16:6801/92544581] conn(0x7ff5440395b0 0x7ff54403ba70 secure :-1 s=READY pgs=12 cs=0 l=1 rev1=1 crypto rx=0x7ff548006fd0 tx=0x7ff548006e40 comp rx=0 tx=0).stop
2024-04-24T06:43:25.186 INFO:teuthology.orchestra.run.smithi016.stdout:/usr/bin/ceph: stderr
2024-04-24T06:43:24.298+0000 7ff561e00700 1 -- 172.21.15.16:0/356861211 >> [v2:172.21.15.16:3300/0,v1:172.21.15.16:6789/0] conn(0x7ff55c10a4f0 msgr2=0x7ff55c19e630 secure :-1 s=STATE_CONNECTION_ESTABLISHED l=1).mark_down
2024-04-24T06:43:25.186 INFO:teuthology.orchestra.run.smithi016.stdout:/usr/bin/ceph: stderr
2024-04-24T06:43:24.298+0000 7ff561e00700 1 --2- 172.21.15.16:0/356861211 >> [v2:172.21.15.16:3300/0,v1:172.21.15.16:6789/0] conn(0x7ff55c10a4f0 0x7ff55c19e630 secure :-1 s=READY pgs=48 cs=0 l=1 rev1=1 crypto rx=0x7ff550011a50 tx=0x7ff550004290 comp rx=0 tx=0).stop
2024-04-24T06:43:25.186 INFO:teuthology.orchestra.run.smithi016.stdout:/usr/bin/ceph: stderr
2024-04-24T06:43:24.298+0000 7ff561e00700 1 -- 172.21.15.16:0/356861211 shutdown_connections
2024-04-24T06:43:25.186 INFO:teuthology.orchestra.run.smithi016.stdout:/usr/bin/ceph: stderr
2024-04-24T06:43:24.298+0000 7ff561e00700 1 --2- 172.21.15.16:0/356861211 >> [v2:172.21.15.16:6800/92544581,v1:172.21.15.16:6801/92544581] conn(0x7ff5440395b0 0x7ff54403ba70 unknown :-1 s=CLOSED pgs=12 cs=0 l=1 rev1=1 crypto rx=0 tx=0 comp rx=0 tx=0).stop
2024-04-24T06:43:25.186 INFO:teuthology.orchestra.run.smithi016.stdout:/usr/bin/ceph: stderr
2024-04-24T06:43:24.298+0000 7ff561e00700 1 --2- 172.21.15.16:0/356861211 >> [v2:172.21.15.16:3300/0,v1:172.21.15.16:6789/0] conn(0x7ff55c10a4f0 0x7ff55c19e630 unknown :-1 s=CLOSED pgs=48 cs=0 l=1 rev1=1 crypto rx=0 tx=0 comp rx=0 tx=0).stop
2024-04-24T06:43:25.187 INFO:teuthology.orchestra.run.smithi016.stdout:/usr/bin/ceph: stderr
2024-04-24T06:43:24.298+0000 7ff561e00700 1 -- 172.21.15.16:0/356861211 >> 172.21.15.16:0/356861211 conn(0x7ff55c07de20 msgr2=0x7ff55c107e30 unknown :-1 s=STATE_NONE l=0).mark_down
2024-04-24T06:43:25.187 INFO:teuthology.orchestra.run.smithi016.stdout:/usr/bin/ceph: stderr
2024-04-24T06:43:24.298+0000 7ff561e00700 1 -- 172.21.15.16:0/356861211 shutdown_connections
2024-04-24T06:43:25.187 INFO:teuthology.orchestra.run.smithi016.stdout:/usr/bin/ceph: stderr
2024-04-24T06:43:24.298+0000 7ff561e00700 1 -- 172.21.15.16:0/356861211 wait complete.
2024-04-24T06:43:25.187 INFO:teuthology.orchestra.run.smithi016.stdout:Deploying unmanaged mgr service...
2024-04-24T06:43:25.531 INFO:journalctl@ceph.mon.a.smithi016.stdout:Apr 24 06:43:25 smithi016 ceph-mon[27972]: from='client.14142 -' entity='client.admin' cmd=[{"prefix": "orch apply", "service_type": "mon", "unmanaged": true, "target": ["mon-mgr", ""]}]: dispatch
2024-04-24T06:43:25.531 INFO:journalctl@ceph.mon.a.smithi016.stdout:Apr 24 06:43:25 smithi016 ceph-mon[27972]: Saving service mon spec with placement count:5
2024-04-24T06:43:25.531 INFO:journalctl@ceph.mon.a.smithi016.stdout:Apr 24 06:43:25 smithi016 ceph-mon[27972]: from='mgr.14120 172.21.15.16:0/1976517128' entity='mgr.x'
2024-04-24T06:43:27.472 INFO:journalctl@ceph.mon.a.smithi016.stdout:Apr 24 06:43:27 smithi016 ceph-mon[27972]: from='mgr.14120 172.21.15.16:0/1976517128' entity='mgr.x'
2024-04-24T06:43:27.472 INFO:journalctl@ceph.mon.a.smithi016.stdout:Apr 24 06:43:27 smithi016 ceph-mon[27972]: from='client.14144 -' entity='client.admin' cmd=[{"prefix": "orch apply", "service_type": "mgr", "unmanaged": true, "target": ["mon-mgr", ""]}]: dispatch
2024-04-24T06:43:27.472 INFO:journalctl@ceph.mon.a.smithi016.stdout:Apr 24 06:43:27 smithi016 ceph-mon[27972]: Saving service mgr spec with placement count:2
2024-04-24T06:43:27.472 INFO:journalctl@ceph.mon.a.smithi016.stdout:Apr 24 06:43:27 smithi016 ceph-mon[27972]: from='mgr.14120 172.21.15.16:0/1976517128' entity='mgr.x'
2024-04-24T06:43:27.472 INFO:journalctl@ceph.mon.a.smithi016.stdout:Apr 24 06:43:27 smithi016 ceph-mon[27972]: from='mgr.14120 172.21.15.16:0/1976517128' entity='mgr.x'
2024-04-24T06:43:27.488 INFO:teuthology.orchestra.run.smithi016.stdout:/usr/bin/ceph: stdout Scheduled mgr update...
2024-04-24T06:43:27.488 INFO:teuthology.orchestra.run.smithi016.stdout:/usr/bin/ceph: stderr
2024-04-24T06:43:26.456+0000 7ff483800700 1 Processor -- start
2024-04-24T06:43:27.488 INFO:teuthology.orchestra.run.smithi016.stdout:/usr/bin/ceph: stderr
2024-04-24T06:43:26.456+0000 7ff483800700 1 -- start start
2024-04-24T06:43:27.488 INFO:teuthology.orchestra.run.smithi016.stdout:/usr/bin/ceph: stderr
2024-04-24T06:43:26.457+0000 7ff483800700 1 --2- >> [v2:172.21.15.16:3300/0,v1:172.21.15.16:6789/0] conn(0x7ff47c108420 0x7ff47c108840 unknown :-1 s=NONE pgs=0 cs=0 l=0 rev1=0 crypto rx=0 tx=0 comp rx=0 tx=0).connect
2024-04-24T06:43:27.488 INFO:teuthology.orchestra.run.smithi016.stdout:/usr/bin/ceph: stderr
2024-04-24T06:43:26.457+0000 7ff483800700 1 -- --> [v2:172.21.15.16:3300/0,v1:172.21.15.16:6789/0] -- mon_getmap magic: 0 -- 0x7ff47c108e10 con 0x7ff47c108420
2024-04-24T06:43:27.488 INFO:teuthology.orchestra.run.smithi016.stdout:/usr/bin/ceph: stderr
2024-04-24T06:43:26.457+0000 7ff480e00700 1 --2- >> [v2:172.21.15.16:3300/0,v1:172.21.15.16:6789/0] conn(0x7ff47c108420 0x7ff47c108840 unknown :-1 s=BANNER_CONNECTING pgs=0 cs=0 l=0 rev1=0 crypto rx=0 tx=0 comp rx=0 tx=0)._handle_peer_banner_payload supported=3 required=0
2024-04-24T06:43:27.488 INFO:teuthology.orchestra.run.smithi016.stdout:/usr/bin/ceph: stderr
2024-04-24T06:43:26.457+0000 7ff480e00700 1 --2- >> [v2:172.21.15.16:3300/0,v1:172.21.15.16:6789/0] conn(0x7ff47c108420 0x7ff47c108840 unknown :-1 s=HELLO_CONNECTING pgs=0 cs=0 l=0 rev1=1 crypto rx=0 tx=0 comp rx=0 tx=0).handle_hello peer v2:172.21.15.16:3300/0 says I am v2:172.21.15.16:36410/0 (socket says 172.21.15.16:36410)
2024-04-24T06:43:27.488 INFO:teuthology.orchestra.run.smithi016.stdout:/usr/bin/ceph: stderr
2024-04-24T06:43:26.457+0000 7ff480e00700 1 -- 172.21.15.16:0/664419234 learned_addr learned my addr 172.21.15.16:0/664419234 (peer_addr_for_me v2:172.21.15.16:0/0)
2024-04-24T06:43:27.489 INFO:teuthology.orchestra.run.smithi016.stdout:/usr/bin/ceph: stderr
2024-04-24T06:43:26.458+0000 7ff480e00700 1 -- 172.21.15.16:0/664419234 --> [v2:172.21.15.16:3300/0,v1:172.21.15.16:6789/0] -- mon_subscribe({config=0+,monmap=0+}) -- 0x7ff47c109580 con 0x7ff47c108420
2024-04-24T06:43:27.489 INFO:teuthology.orchestra.run.smithi016.stdout:/usr/bin/ceph: stderr
2024-04-24T06:43:26.458+0000 7ff480e00700 1 --2- 172.21.15.16:0/664419234 >> [v2:172.21.15.16:3300/0,v1:172.21.15.16:6789/0] conn(0x7ff47c108420 0x7ff47c108840 secure :-1 s=READY pgs=49 cs=0 l=1 rev1=1 crypto rx=0x7ff4700098a0 tx=0x7ff470009bb0 comp rx=0 tx=0).ready entity=mon.0 client_cookie=8bf2d32d36436d1a server_cookie=0 in_seq=0 out_seq=0
2024-04-24T06:43:27.489 INFO:teuthology.orchestra.run.smithi016.stdout:/usr/bin/ceph: stderr
2024-04-24T06:43:26.458+0000 7ff47b400700 1 -- 172.21.15.16:0/664419234 <== mon.0 v2:172.21.15.16:3300/0 1 ==== mon_map magic: 0 ==== 205+0+0 (secure 0 0 0) 0x7ff470004160 con 0x7ff47c108420
2024-04-24T06:43:27.489 INFO:teuthology.orchestra.run.smithi016.stdout:/usr/bin/ceph: stderr
2024-04-24T06:43:26.458+0000 7ff47b400700 1 -- 172.21.15.16:0/664419234 <== mon.0 v2:172.21.15.16:3300/0 2 ==== config(26 keys) ==== 1102+0+0 (secure 0 0 0) 0x7ff470004300 con 0x7ff47c108420
2024-04-24T06:43:27.489 INFO:teuthology.orchestra.run.smithi016.stdout:/usr/bin/ceph: stderr
2024-04-24T06:43:26.458+0000 7ff47b400700 1 -- 172.21.15.16:0/664419234 <== mon.0 v2:172.21.15.16:3300/0 3 ==== mon_map magic: 0 ==== 205+0+0 (secure 0 0 0) 0x7ff470011a50 con 0x7ff47c108420
2024-04-24T06:43:27.489 INFO:teuthology.orchestra.run.smithi016.stdout:/usr/bin/ceph: stderr
2024-04-24T06:43:26.459+0000 7ff483800700 1 -- 172.21.15.16:0/664419234 >> [v2:172.21.15.16:3300/0,v1:172.21.15.16:6789/0] conn(0x7ff47c108420 msgr2=0x7ff47c108840 secure :-1 s=STATE_CONNECTION_ESTABLISHED l=1).mark_down
2024-04-24T06:43:27.489 INFO:teuthology.orchestra.run.smithi016.stdout:/usr/bin/ceph: stderr
2024-04-24T06:43:26.459+0000 7ff483800700 1 --2- 172.21.15.16:0/664419234 >> [v2:172.21.15.16:3300/0,v1:172.21.15.16:6789/0] conn(0x7ff47c108420 0x7ff47c108840 secure :-1 s=READY pgs=49 cs=0 l=1 rev1=1 crypto rx=0x7ff4700098a0 tx=0x7ff470009bb0 comp rx=0 tx=0).stop
2024-04-24T06:43:27.489 INFO:teuthology.orchestra.run.smithi016.stdout:/usr/bin/ceph: stderr
2024-04-24T06:43:26.459+0000 7ff483800700 1 -- 172.21.15.16:0/664419234 shutdown_connections
2024-04-24T06:43:27.489 INFO:teuthology.orchestra.run.smithi016.stdout:/usr/bin/ceph: stderr
2024-04-24T06:43:26.459+0000 7ff483800700 1 --2- 172.21.15.16:0/664419234 >> [v2:172.21.15.16:3300/0,v1:172.21.15.16:6789/0] conn(0x7ff47c108420 0x7ff47c108840 unknown :-1 s=CLOSED pgs=49 cs=0 l=1 rev1=1 crypto rx=0 tx=0 comp rx=0 tx=0).stop
2024-04-24T06:43:27.489 INFO:teuthology.orchestra.run.smithi016.stdout:/usr/bin/ceph: stderr
2024-04-24T06:43:26.459+0000 7ff483800700 1 -- 172.21.15.16:0/664419234 >> 172.21.15.16:0/664419234 conn(0x7ff47c1039e0 msgr2=0x7ff47c105e00 unknown :-1 s=STATE_NONE l=0).mark_down
2024-04-24T06:43:27.489 INFO:teuthology.orchestra.run.smithi016.stdout:/usr/bin/ceph: stderr
2024-04-24T06:43:26.459+0000 7ff483800700 1 -- 172.21.15.16:0/664419234 shutdown_connections
2024-04-24T06:43:27.489 INFO:teuthology.orchestra.run.smithi016.stdout:/usr/bin/ceph: stderr
2024-04-24T06:43:26.460+0000 7ff483800700 1 -- 172.21.15.16:0/664419234 wait complete.
2024-04-24T06:43:27.489 INFO:teuthology.orchestra.run.smithi016.stdout:/usr/bin/ceph: stderr
2024-04-24T06:43:26.461+0000 7ff483800700 1 Processor -- start
2024-04-24T06:43:27.489 INFO:teuthology.orchestra.run.smithi016.stdout:/usr/bin/ceph: stderr
2024-04-24T06:43:26.461+0000 7ff483800700 1 -- start start
2024-04-24T06:43:27.490 INFO:teuthology.orchestra.run.smithi016.stdout:/usr/bin/ceph: stderr
2024-04-24T06:43:26.461+0000 7ff483800700 1 --2- >> [v2:172.21.15.16:3300/0,v1:172.21.15.16:6789/0] conn(0x7ff47c108420 0x7ff47c19c630 unknown :-1 s=NONE pgs=0 cs=0 l=1 rev1=0 crypto rx=0 tx=0 comp rx=0 tx=0).connect
2024-04-24T06:43:27.490 INFO:teuthology.orchestra.run.smithi016.stdout:/usr/bin/ceph: stderr
2024-04-24T06:43:26.461+0000 7ff483800700 1 -- --> [v2:172.21.15.16:3300/0,v1:172.21.15.16:6789/0] -- mon_getmap magic: 0 -- 0x7ff47c10c930 con 0x7ff47c108420
2024-04-24T06:43:27.490 INFO:teuthology.orchestra.run.smithi016.stdout:/usr/bin/ceph: stderr
2024-04-24T06:43:26.462+0000 7ff480e00700 1 --2- >> [v2:172.21.15.16:3300/0,v1:172.21.15.16:6789/0] conn(0x7ff47c108420 0x7ff47c19c630 unknown :-1 s=BANNER_CONNECTING pgs=0 cs=0 l=1 rev1=0 crypto rx=0 tx=0 comp rx=0 tx=0)._handle_peer_banner_payload supported=3 required=0
2024-04-24T06:43:27.490 INFO:teuthology.orchestra.run.smithi016.stdout:/usr/bin/ceph: stderr
2024-04-24T06:43:26.462+0000 7ff480e00700 1 --2- >> [v2:172.21.15.16:3300/0,v1:172.21.15.16:6789/0] conn(0x7ff47c108420 0x7ff47c19c630 unknown :-1 s=HELLO_CONNECTING pgs=0 cs=0 l=1 rev1=1 crypto rx=0 tx=0 comp rx=0 tx=0).handle_hello peer v2:172.21.15.16:3300/0 says I am v2:172.21.15.16:36418/0 (socket says 172.21.15.16:36418)
2024-04-24T06:43:27.490 INFO:teuthology.orchestra.run.smithi016.stdout:/usr/bin/ceph: stderr
2024-04-24T06:43:26.462+0000 7ff480e00700 1 -- 172.21.15.16:0/1719431468 learned_addr learned my addr 172.21.15.16:0/1719431468 (peer_addr_for_me v2:172.21.15.16:0/0)
2024-04-24T06:43:27.490 INFO:teuthology.orchestra.run.smithi016.stdout:/usr/bin/ceph: stderr
2024-04-24T06:43:26.462+0000 7ff480e00700 1 -- 172.21.15.16:0/1719431468 --> [v2:172.21.15.16:3300/0,v1:172.21.15.16:6789/0] -- mon_subscribe({config=0+,monmap=0+}) -- 0x7ff47c19cb70 con 0x7ff47c108420
2024-04-24T06:43:27.490 INFO:teuthology.orchestra.run.smithi016.stdout:/usr/bin/ceph: stderr
2024-04-24T06:43:26.462+0000 7ff480e00700 1 --2- 172.21.15.16:0/1719431468 >> [v2:172.21.15.16:3300/0,v1:172.21.15.16:6789/0] conn(0x7ff47c108420 0x7ff47c19c630 secure :-1 s=READY pgs=50 cs=0 l=1 rev1=1 crypto rx=0x7ff470011710 tx=0x7ff470011ad0 comp rx=0 tx=0).ready entity=mon.0 client_cookie=0 server_cookie=0 in_seq=0 out_seq=0
2024-04-24T06:43:27.490 INFO:teuthology.orchestra.run.smithi016.stdout:/usr/bin/ceph: stderr
2024-04-24T06:43:26.463+0000 7ff479600700 1 -- 172.21.15.16:0/1719431468 <== mon.0 v2:172.21.15.16:3300/0 1 ==== mon_map magic: 0 ==== 205+0+0 (secure 0 0 0) 0x7ff4700039c0 con 0x7ff47c108420
2024-04-24T06:43:27.490 INFO:teuthology.orchestra.run.smithi016.stdout:/usr/bin/ceph: stderr
2024-04-24T06:43:26.463+0000 7ff479600700 1 -- 172.21.15.16:0/1719431468 <== mon.0 v2:172.21.15.16:3300/0 2 ==== config(26 keys) ==== 1102+0+0 (secure 0 0 0) 0x7ff470003b60 con 0x7ff47c108420
2024-04-24T06:43:27.490 INFO:teuthology.orchestra.run.smithi016.stdout:/usr/bin/ceph: stderr
2024-04-24T06:43:26.463+0000 7ff479600700 1 -- 172.21.15.16:0/1719431468 <== mon.0 v2:172.21.15.16:3300/0 3 ==== mon_map magic: 0 ==== 205+0+0 (secure 0 0 0) 0x7ff47001a690 con 0x7ff47c108420
2024-04-24T06:43:27.490 INFO:teuthology.orchestra.run.smithi016.stdout:/usr/bin/ceph: stderr
2024-04-24T06:43:26.463+0000 7ff483800700 1 -- 172.21.15.16:0/1719431468 --> [v2:172.21.15.16:3300/0,v1:172.21.15.16:6789/0] -- mon_subscribe({mgrmap=0+}) -- 0x7ff47c19ce00 con 0x7ff47c108420
2024-04-24T06:43:27.490 INFO:teuthology.orchestra.run.smithi016.stdout:/usr/bin/ceph: stderr
2024-04-24T06:43:26.463+0000 7ff483800700 1 -- 172.21.15.16:0/1719431468 --> [v2:172.21.15.16:3300/0,v1:172.21.15.16:6789/0] -- mon_subscribe({osdmap=0}) -- 0x7ff47c19faf0 con 0x7ff47c108420
2024-04-24T06:43:27.491 INFO:teuthology.orchestra.run.smithi016.stdout:/usr/bin/ceph: stderr
2024-04-24T06:43:26.464+0000 7ff479600700 1 -- 172.21.15.16:0/1719431468 <== mon.0 v2:172.21.15.16:3300/0 4 ==== mgrmap(e 8) ==== 46558+0+0 (secure 0 0 0) 0x7ff47001a940 con 0x7ff47c108420
2024-04-24T06:43:27.491 INFO:teuthology.orchestra.run.smithi016.stdout:/usr/bin/ceph: stderr
2024-04-24T06:43:26.464+0000 7ff483800700 1 -- 172.21.15.16:0/1719431468 --> [v2:172.21.15.16:3300/0,v1:172.21.15.16:6789/0] -- mon_command({"prefix": "get_command_descriptions"} v 0) -- 0x7ff47c064150 con 0x7ff47c108420
2024-04-24T06:43:27.491 INFO:teuthology.orchestra.run.smithi016.stdout:/usr/bin/ceph: stderr
2024-04-24T06:43:26.465+0000 7ff479600700 1 --2- 172.21.15.16:0/1719431468 >> [v2:172.21.15.16:6800/92544581,v1:172.21.15.16:6801/92544581] conn(0x7ff4640395b0 0x7ff46403ba70 unknown :-1 s=NONE pgs=0 cs=0 l=1 rev1=0 crypto rx=0 tx=0 comp rx=0 tx=0).connect
2024-04-24T06:43:27.491 INFO:teuthology.orchestra.run.smithi016.stdout:/usr/bin/ceph: stderr
2024-04-24T06:43:26.465+0000 7ff479600700 1 -- 172.21.15.16:0/1719431468 <== mon.0 v2:172.21.15.16:3300/0 5 ==== osd_map(2..2 src has 1..2) ==== 940+0+0 (secure 0 0 0) 0x7ff47004de30 con 0x7ff47c108420
2024-04-24T06:43:27.491 INFO:teuthology.orchestra.run.smithi016.stdout:/usr/bin/ceph: stderr
2024-04-24T06:43:26.465+0000 7ff47be00700 1 --2- 172.21.15.16:0/1719431468 >> [v2:172.21.15.16:6800/92544581,v1:172.21.15.16:6801/92544581] conn(0x7ff4640395b0 0x7ff46403ba70 unknown :-1 s=BANNER_CONNECTING pgs=0 cs=0 l=1 rev1=0 crypto rx=0 tx=0 comp rx=0 tx=0)._handle_peer_banner_payload supported=3 required=0
2024-04-24T06:43:27.491 INFO:teuthology.orchestra.run.smithi016.stdout:/usr/bin/ceph: stderr
2024-04-24T06:43:26.466+0000 7ff47be00700 1 --2- 172.21.15.16:0/1719431468 >> [v2:172.21.15.16:6800/92544581,v1:172.21.15.16:6801/92544581] conn(0x7ff4640395b0 0x7ff46403ba70 secure :-1 s=READY pgs=13 cs=0 l=1 rev1=1 crypto rx=0x7ff468006fd0 tx=0x7ff468006e40 comp rx=0 tx=0).ready entity=mgr.14120 client_cookie=0 server_cookie=0 in_seq=0 out_seq=0
2024-04-24T06:43:27.491 INFO:teuthology.orchestra.run.smithi016.stdout:/usr/bin/ceph: stderr
2024-04-24T06:43:26.471+0000 7ff479600700 1 -- 172.21.15.16:0/1719431468 <== mon.0 v2:172.21.15.16:3300/0 6 ==== mon_command_ack([{"prefix": "get_command_descriptions"}]=0 v0) ==== 72+0+188370 (secure 0 0 0) 0x7ff470019c70 con 0x7ff47c108420
2024-04-24T06:43:27.491 INFO:teuthology.orchestra.run.smithi016.stdout:/usr/bin/ceph: stderr
2024-04-24T06:43:26.716+0000 7ff483800700 1 -- 172.21.15.16:0/1719431468 --> [v2:172.21.15.16:6800/92544581,v1:172.21.15.16:6801/92544581] -- mgr_command(tid 0: {"prefix": "orch apply", "service_type": "mgr", "unmanaged": true, "target": ["mon-mgr", ""]}) -- 0x7ff47c062f30 con 0x7ff4640395b0
2024-04-24T06:43:27.491 INFO:teuthology.orchestra.run.smithi016.stdout:/usr/bin/ceph: stderr
2024-04-24T06:43:26.725+0000 7ff479600700 1 -- 172.21.15.16:0/1719431468 <== mgr.14120 v2:172.21.15.16:6800/92544581 1 ==== mgr_command_reply(tid 0: 0 ) ==== 8+0+24 (secure 0 0 0) 0x7ff47c062f30 con 0x7ff4640395b0
2024-04-24T06:43:27.491 INFO:teuthology.orchestra.run.smithi016.stdout:/usr/bin/ceph: stderr
2024-04-24T06:43:26.728+0000 7ff483800700 1 -- 172.21.15.16:0/1719431468 >> [v2:172.21.15.16:6800/92544581,v1:172.21.15.16:6801/92544581] conn(0x7ff4640395b0 msgr2=0x7ff46403ba70 secure :-1 s=STATE_CONNECTION_ESTABLISHED l=1).mark_down
2024-04-24T06:43:27.491 INFO:teuthology.orchestra.run.smithi016.stdout:/usr/bin/ceph: stderr
2024-04-24T06:43:26.728+0000 7ff483800700 1 --2- 172.21.15.16:0/1719431468 >> [v2:172.21.15.16:6800/92544581,v1:172.21.15.16:6801/92544581] conn(0x7ff4640395b0 0x7ff46403ba70 secure :-1 s=READY pgs=13 cs=0 l=1 rev1=1 crypto rx=0x7ff468006fd0 tx=0x7ff468006e40 comp rx=0 tx=0).stop
2024-04-24T06:43:27.491 INFO:teuthology.orchestra.run.smithi016.stdout:/usr/bin/ceph: stderr
2024-04-24T06:43:26.728+0000 7ff483800700 1 -- 172.21.15.16:0/1719431468 >> [v2:172.21.15.16:3300/0,v1:172.21.15.16:6789/0] conn(0x7ff47c108420 msgr2=0x7ff47c19c630 secure :-1 s=STATE_CONNECTION_ESTABLISHED l=1).mark_down
2024-04-24T06:43:27.491 INFO:teuthology.orchestra.run.smithi016.stdout:/usr/bin/ceph: stderr
2024-04-24T06:43:26.728+0000 7ff483800700 1 --2- 172.21.15.16:0/1719431468 >> [v2:172.21.15.16:3300/0,v1:172.21.15.16:6789/0] conn(0x7ff47c108420 0x7ff47c19c630 secure :-1 s=READY pgs=50 cs=0 l=1 rev1=1 crypto rx=0x7ff470011710 tx=0x7ff470011ad0 comp rx=0 tx=0).stop
2024-04-24T06:43:27.492 INFO:teuthology.orchestra.run.smithi016.stdout:/usr/bin/ceph: stderr
2024-04-24T06:43:26.728+0000 7ff483800700 1 -- 172.21.15.16:0/1719431468 shutdown_connections
2024-04-24T06:43:27.492 INFO:teuthology.orchestra.run.smithi016.stdout:/usr/bin/ceph: stderr
2024-04-24T06:43:26.728+0000 7ff483800700 1 --2- 172.21.15.16:0/1719431468 >> [v2:172.21.15.16:6800/92544581,v1:172.21.15.16:6801/92544581] conn(0x7ff4640395b0 0x7ff46403ba70 unknown :-1 s=CLOSED pgs=13 cs=0 l=1 rev1=1 crypto rx=0 tx=0 comp rx=0 tx=0).stop
2024-04-24T06:43:27.492 INFO:teuthology.orchestra.run.smithi016.stdout:/usr/bin/ceph: stderr
2024-04-24T06:43:26.728+0000 7ff483800700 1 --2- 172.21.15.16:0/1719431468 >> [v2:172.21.15.16:3300/0,v1:172.21.15.16:6789/0] conn(0x7ff47c108420 0x7ff47c19c630 unknown :-1 s=CLOSED pgs=50 cs=0 l=1 rev1=1 crypto rx=0 tx=0 comp rx=0 tx=0).stop
2024-04-24T06:43:27.492 INFO:teuthology.orchestra.run.smithi016.stdout:/usr/bin/ceph: stderr
2024-04-24T06:43:26.728+0000 7ff483800700 1 -- 172.21.15.16:0/1719431468 >> 172.21.15.16:0/1719431468 conn(0x7ff47c1039e0 msgr2=0x7ff47c1047b0 unknown :-1 s=STATE_NONE l=0).mark_down
2024-04-24T06:43:27.492 INFO:teuthology.orchestra.run.smithi016.stdout:/usr/bin/ceph: stderr
2024-04-24T06:43:26.729+0000 7ff483800700 1 -- 172.21.15.16:0/1719431468 shutdown_connections
2024-04-24T06:43:27.492 INFO:teuthology.orchestra.run.smithi016.stdout:/usr/bin/ceph: stderr
2024-04-24T06:43:26.729+0000 7ff483800700 1 -- 172.21.15.16:0/1719431468 wait complete.
2024-04-24T06:43:28.281 INFO:journalctl@ceph.mon.a.smithi016.stdout:Apr 24 06:43:28 smithi016 ceph-mon[27972]: pgmap v3: 0 pgs: ; 0 B data, 0 B used, 0 B / 0 B avail
2024-04-24T06:43:29.152 INFO:teuthology.orchestra.run.smithi016.stdout:/usr/bin/ceph: stderr
2024-04-24T06:43:28.015+0000 7ffa0d000700 1 Processor -- start
2024-04-24T06:43:29.152 INFO:teuthology.orchestra.run.smithi016.stdout:/usr/bin/ceph: stderr
2024-04-24T06:43:28.016+0000 7ffa0d000700 1 -- start start
2024-04-24T06:43:29.152 INFO:teuthology.orchestra.run.smithi016.stdout:/usr/bin/ceph: stderr
2024-04-24T06:43:28.016+0000 7ffa0d000700 1 --2- >> [v2:172.21.15.16:3300/0,v1:172.21.15.16:6789/0] conn(0x7ffa08108380 0x7ffa081087a0 unknown :-1 s=NONE pgs=0 cs=0 l=0 rev1=0 crypto rx=0 tx=0 comp rx=0 tx=0).connect
2024-04-24T06:43:29.152 INFO:teuthology.orchestra.run.smithi016.stdout:/usr/bin/ceph: stderr
2024-04-24T06:43:28.016+0000 7ffa0d000700 1 -- --> [v2:172.21.15.16:3300/0,v1:172.21.15.16:6789/0] -- mon_getmap magic: 0 -- 0x7ffa08108ce0 con 0x7ffa08108380
2024-04-24T06:43:29.152 INFO:teuthology.orchestra.run.smithi016.stdout:/usr/bin/ceph: stderr
2024-04-24T06:43:28.017+0000 7ffa05e00700 1 --2- >> [v2:172.21.15.16:3300/0,v1:172.21.15.16:6789/0] conn(0x7ffa08108380 0x7ffa081087a0 unknown :-1 s=BANNER_CONNECTING pgs=0 cs=0 l=0 rev1=0 crypto rx=0 tx=0 comp rx=0 tx=0)._handle_peer_banner_payload supported=3 required=0
2024-04-24T06:43:29.152 INFO:teuthology.orchestra.run.smithi016.stdout:/usr/bin/ceph: stderr
2024-04-24T06:43:28.017+0000 7ffa05e00700 1 --2- >> [v2:172.21.15.16:3300/0,v1:172.21.15.16:6789/0] conn(0x7ffa08108380 0x7ffa081087a0 unknown :-1 s=HELLO_CONNECTING pgs=0 cs=0 l=0 rev1=1 crypto rx=0 tx=0 comp rx=0 tx=0).handle_hello peer v2:172.21.15.16:3300/0 says I am v2:172.21.15.16:36432/0 (socket says 172.21.15.16:36432)
2024-04-24T06:43:29.152 INFO:teuthology.orchestra.run.smithi016.stdout:/usr/bin/ceph: stderr
2024-04-24T06:43:28.017+0000 7ffa05e00700 1 -- 172.21.15.16:0/1805308037 learned_addr learned my addr 172.21.15.16:0/1805308037 (peer_addr_for_me v2:172.21.15.16:0/0)
2024-04-24T06:43:29.152 INFO:teuthology.orchestra.run.smithi016.stdout:/usr/bin/ceph: stderr
2024-04-24T06:43:28.017+0000 7ffa05e00700 1 -- 172.21.15.16:0/1805308037 --> [v2:172.21.15.16:3300/0,v1:172.21.15.16:6789/0] -- mon_subscribe({config=0+,monmap=0+}) -- 0x7ffa08108e60 con 0x7ffa08108380
2024-04-24T06:43:29.153 INFO:teuthology.orchestra.run.smithi016.stdout:/usr/bin/ceph: stderr
2024-04-24T06:43:28.017+0000 7ffa05e00700 1 --2- 172.21.15.16:0/1805308037 >> [v2:172.21.15.16:3300/0,v1:172.21.15.16:6789/0] conn(0x7ffa08108380 0x7ffa081087a0 secure :-1 s=READY pgs=51 cs=0 l=1 rev1=1 crypto rx=0x7ff9f80098a0 tx=0x7ff9f8009bb0 comp rx=0 tx=0).ready entity=mon.0 client_cookie=4514e2b0a80b25fa server_cookie=0 in_seq=0 out_seq=0
2024-04-24T06:43:29.153 INFO:teuthology.orchestra.run.smithi016.stdout:/usr/bin/ceph: stderr
2024-04-24T06:43:28.018+0000 7ffa04a00700 1 -- 172.21.15.16:0/1805308037 <== mon.0 v2:172.21.15.16:3300/0 1 ==== mon_map magic: 0 ==== 205+0+0 (secure 0 0 0) 0x7ff9f8004160 con 0x7ffa08108380
2024-04-24T06:43:29.153 INFO:teuthology.orchestra.run.smithi016.stdout:/usr/bin/ceph: stderr
