2024-04-24T06:42:55.681+0000 7f52be000700 1 -- 172.21.15.16:0/2960522606 <== mon.0 v2:172.21.15.16:3300/0 3 ==== mon_map magic: 0 ==== 205+0+0 (secure 0 0 0) 0x7f52b0011a80 con 0x7f52c007dd80
2024-04-24T06:42:56.593 INFO:teuthology.orchestra.run.smithi016.stdout:/usr/bin/ceph: stderr
2024-04-24T06:42:55.681+0000 7f52bfe00700 1 -- 172.21.15.16:0/2960522606 >> [v2:172.21.15.16:3300/0,v1:172.21.15.16:6789/0] conn(0x7f52c007dd80 msgr2=0x7f52c007c2f0 secure :-1 s=STATE_CONNECTION_ESTABLISHED l=1).mark_down
2024-04-24T06:42:56.593 INFO:teuthology.orchestra.run.smithi016.stdout:/usr/bin/ceph: stderr
2024-04-24T06:42:55.681+0000 7f52bfe00700 1 --2- 172.21.15.16:0/2960522606 >> [v2:172.21.15.16:3300/0,v1:172.21.15.16:6789/0] conn(0x7f52c007dd80 0x7f52c007c2f0 secure :-1 s=READY pgs=20 cs=0 l=1 rev1=1 crypto rx=0x7f52b00098a0 tx=0x7f52b0009bb0 comp rx=0 tx=0).stop
2024-04-24T06:42:56.593 INFO:teuthology.orchestra.run.smithi016.stdout:/usr/bin/ceph: stderr
2024-04-24T06:42:55.681+0000 7f52bfe00700 1 -- 172.21.15.16:0/2960522606 shutdown_connections
2024-04-24T06:42:56.593 INFO:teuthology.orchestra.run.smithi016.stdout:/usr/bin/ceph: stderr
2024-04-24T06:42:55.681+0000 7f52bfe00700 1 --2- 172.21.15.16:0/2960522606 >> [v2:172.21.15.16:3300/0,v1:172.21.15.16:6789/0] conn(0x7f52c007dd80 0x7f52c007c2f0 unknown :-1 s=CLOSED pgs=20 cs=0 l=1 rev1=1 crypto rx=0 tx=0 comp rx=0 tx=0).stop
2024-04-24T06:42:56.593 INFO:teuthology.orchestra.run.smithi016.stdout:/usr/bin/ceph: stderr
2024-04-24T06:42:55.681+0000 7f52bfe00700 1 -- 172.21.15.16:0/2960522606 >> 172.21.15.16:0/2960522606 conn(0x7f52c0103900 msgr2=0x7f52c0105d20 unknown :-1 s=STATE_NONE l=0).mark_down
2024-04-24T06:42:56.593 INFO:teuthology.orchestra.run.smithi016.stdout:/usr/bin/ceph: stderr
2024-04-24T06:42:55.681+0000 7f52bfe00700 1 -- 172.21.15.16:0/2960522606 shutdown_connections
2024-04-24T06:42:56.594 INFO:teuthology.orchestra.run.smithi016.stdout:/usr/bin/ceph: stderr
2024-04-24T06:42:55.682+0000 7f52bfe00700 1 -- 172.21.15.16:0/2960522606 wait complete.
2024-04-24T06:42:56.594 INFO:teuthology.orchestra.run.smithi016.stdout:/usr/bin/ceph: stderr
2024-04-24T06:42:55.683+0000 7f52bfe00700 1 Processor -- start
2024-04-24T06:42:56.594 INFO:teuthology.orchestra.run.smithi016.stdout:/usr/bin/ceph: stderr
2024-04-24T06:42:55.683+0000 7f52bfe00700 1 -- start start
2024-04-24T06:42:56.594 INFO:teuthology.orchestra.run.smithi016.stdout:/usr/bin/ceph: stderr
2024-04-24T06:42:55.683+0000 7f52bfe00700 1 --2- >> [v2:172.21.15.16:3300/0,v1:172.21.15.16:6789/0] conn(0x7f52c007dd80 0x7f52c019e630 unknown :-1 s=NONE pgs=0 cs=0 l=1 rev1=0 crypto rx=0 tx=0 comp rx=0 tx=0).connect
2024-04-24T06:42:56.594 INFO:teuthology.orchestra.run.smithi016.stdout:/usr/bin/ceph: stderr
2024-04-24T06:42:55.683+0000 7f52bfe00700 1 -- --> [v2:172.21.15.16:3300/0,v1:172.21.15.16:6789/0] -- mon_getmap magic: 0 -- 0x7f52c010e6b0 con 0x7f52c007dd80
2024-04-24T06:42:56.594 INFO:teuthology.orchestra.run.smithi016.stdout:/usr/bin/ceph: stderr
2024-04-24T06:42:55.683+0000 7f52bea00700 1 --2- >> [v2:172.21.15.16:3300/0,v1:172.21.15.16:6789/0] conn(0x7f52c007dd80 0x7f52c019e630 unknown :-1 s=BANNER_CONNECTING pgs=0 cs=0 l=1 rev1=0 crypto rx=0 tx=0 comp rx=0 tx=0)._handle_peer_banner_payload supported=3 required=0
2024-04-24T06:42:56.594 INFO:teuthology.orchestra.run.smithi016.stdout:/usr/bin/ceph: stderr
2024-04-24T06:42:55.683+0000 7f52bea00700 1 --2- >> [v2:172.21.15.16:3300/0,v1:172.21.15.16:6789/0] conn(0x7f52c007dd80 0x7f52c019e630 unknown :-1 s=HELLO_CONNECTING pgs=0 cs=0 l=1 rev1=1 crypto rx=0 tx=0 comp rx=0 tx=0).handle_hello peer v2:172.21.15.16:3300/0 says I am v2:172.21.15.16:43560/0 (socket says 172.21.15.16:43560)
2024-04-24T06:42:56.594 INFO:teuthology.orchestra.run.smithi016.stdout:/usr/bin/ceph: stderr
2024-04-24T06:42:55.683+0000 7f52bea00700 1 -- 172.21.15.16:0/1084577056 learned_addr learned my addr 172.21.15.16:0/1084577056 (peer_addr_for_me v2:172.21.15.16:0/0)
2024-04-24T06:42:56.594 INFO:teuthology.orchestra.run.smithi016.stdout:/usr/bin/ceph: stderr
2024-04-24T06:42:55.684+0000 7f52bea00700 1 -- 172.21.15.16:0/1084577056 --> [v2:172.21.15.16:3300/0,v1:172.21.15.16:6789/0] -- mon_subscribe({config=0+,monmap=0+}) -- 0x7f52c019eb70 con 0x7f52c007dd80
2024-04-24T06:42:56.594 INFO:teuthology.orchestra.run.smithi016.stdout:/usr/bin/ceph: stderr
2024-04-24T06:42:55.684+0000 7f52bea00700 1 --2- 172.21.15.16:0/1084577056 >> [v2:172.21.15.16:3300/0,v1:172.21.15.16:6789/0] conn(0x7f52c007dd80 0x7f52c019e630 secure :-1 s=READY pgs=21 cs=0 l=1 rev1=1 crypto rx=0x7f52b0011a50 tx=0x7f52b0011b30 comp rx=0 tx=0).ready entity=mon.0 client_cookie=0 server_cookie=0 in_seq=0 out_seq=0
2024-04-24T06:42:56.594 INFO:teuthology.orchestra.run.smithi016.stdout:/usr/bin/ceph: stderr
2024-04-24T06:42:55.684+0000 7f52b7400700 1 -- 172.21.15.16:0/1084577056 <== mon.0 v2:172.21.15.16:3300/0 1 ==== mon_map magic: 0 ==== 205+0+0 (secure 0 0 0) 0x7f52b0003a80 con 0x7f52c007dd80
2024-04-24T06:42:56.594 INFO:teuthology.orchestra.run.smithi016.stdout:/usr/bin/ceph: stderr
2024-04-24T06:42:55.684+0000 7f52b7400700 1 -- 172.21.15.16:0/1084577056 <== mon.0 v2:172.21.15.16:3300/0 2 ==== config(26 keys) ==== 1071+0+0 (secure 0 0 0) 0x7f52b0003c20 con 0x7f52c007dd80
2024-04-24T06:42:56.594 INFO:teuthology.orchestra.run.smithi016.stdout:/usr/bin/ceph: stderr
2024-04-24T06:42:55.684+0000 7f52b7400700 1 -- 172.21.15.16:0/1084577056 <== mon.0 v2:172.21.15.16:3300/0 3 ==== mon_map magic: 0 ==== 205+0+0 (secure 0 0 0) 0x7f52b001a650 con 0x7f52c007dd80
2024-04-24T06:42:56.595 INFO:teuthology.orchestra.run.smithi016.stdout:/usr/bin/ceph: stderr
2024-04-24T06:42:55.684+0000 7f52bfe00700 1 -- 172.21.15.16:0/1084577056 --> [v2:172.21.15.16:3300/0,v1:172.21.15.16:6789/0] -- mon_subscribe({mgrmap=0+}) -- 0x7f52c019ee00 con 0x7f52c007dd80
2024-04-24T06:42:56.595 INFO:teuthology.orchestra.run.smithi016.stdout:/usr/bin/ceph: stderr
2024-04-24T06:42:55.685+0000 7f52bfe00700 1 -- 172.21.15.16:0/1084577056 --> [v2:172.21.15.16:3300/0,v1:172.21.15.16:6789/0] -- mon_subscribe({osdmap=0}) -- 0x7f52c01a1aa0 con 0x7f52c007dd80
2024-04-24T06:42:56.595 INFO:teuthology.orchestra.run.smithi016.stdout:/usr/bin/ceph: stderr
2024-04-24T06:42:55.686+0000 7f52b7400700 1 -- 172.21.15.16:0/1084577056 <== mon.0 v2:172.21.15.16:3300/0 4 ==== mgrmap(e 4) ==== 46547+0+0 (secure 0 0 0) 0x7f52b0024ad0 con 0x7f52c007dd80
2024-04-24T06:42:56.595 INFO:teuthology.orchestra.run.smithi016.stdout:/usr/bin/ceph: stderr
2024-04-24T06:42:55.686+0000 7f52bfe00700 1 -- 172.21.15.16:0/1084577056 --> [v2:172.21.15.16:3300/0,v1:172.21.15.16:6789/0] -- mon_command({"prefix": "get_command_descriptions"} v 0) -- 0x7f52c0064150 con 0x7f52c007dd80
2024-04-24T06:42:56.595 INFO:teuthology.orchestra.run.smithi016.stdout:/usr/bin/ceph: stderr
2024-04-24T06:42:55.686+0000 7f52b7400700 1 --2- 172.21.15.16:0/1084577056 >> [v2:172.21.15.16:6800/1805913410,v1:172.21.15.16:6801/1805913410] conn(0x7f52a40395b0 0x7f52a403ba70 unknown :-1 s=NONE pgs=0 cs=0 l=1 rev1=0 crypto rx=0 tx=0 comp rx=0 tx=0).connect
2024-04-24T06:42:56.595 INFO:teuthology.orchestra.run.smithi016.stdout:/usr/bin/ceph: stderr
2024-04-24T06:42:55.686+0000 7f52b7400700 1 -- 172.21.15.16:0/1084577056 <== mon.0 v2:172.21.15.16:3300/0 5 ==== osd_map(1..1 src has 1..1) ==== 725+0+0 (secure 0 0 0) 0x7f52b004db40 con 0x7f52c007dd80
2024-04-24T06:42:56.595 INFO:teuthology.orchestra.run.smithi016.stdout:/usr/bin/ceph: stderr
2024-04-24T06:42:55.687+0000 7f52b7e00700 1 --2- 172.21.15.16:0/1084577056 >> [v2:172.21.15.16:6800/1805913410,v1:172.21.15.16:6801/1805913410] conn(0x7f52a40395b0 0x7f52a403ba70 unknown :-1 s=BANNER_CONNECTING pgs=0 cs=0 l=1 rev1=0 crypto rx=0 tx=0 comp rx=0 tx=0)._handle_peer_banner_payload supported=3 required=0
2024-04-24T06:42:56.595 INFO:teuthology.orchestra.run.smithi016.stdout:/usr/bin/ceph: stderr
2024-04-24T06:42:55.687+0000 7f52b7e00700 1 --2- 172.21.15.16:0/1084577056 >> [v2:172.21.15.16:6800/1805913410,v1:172.21.15.16:6801/1805913410] conn(0x7f52a40395b0 0x7f52a403ba70 secure :-1 s=READY pgs=7 cs=0 l=1 rev1=1 crypto rx=0x7f52a8006fd0 tx=0x7f52a8006e40 comp rx=0 tx=0).ready entity=mgr.14100 client_cookie=0 server_cookie=0 in_seq=0 out_seq=0
2024-04-24T06:42:56.595 INFO:teuthology.orchestra.run.smithi016.stdout:/usr/bin/ceph: stderr
2024-04-24T06:42:55.692+0000 7f52b7400700 1 -- 172.21.15.16:0/1084577056 <== mon.0 v2:172.21.15.16:3300/0 6 ==== mon_command_ack([{"prefix": "get_command_descriptions"}]=0 v0) ==== 72+0+188370 (secure 0 0 0) 0x7f52b000f2e0 con 0x7f52c007dd80
2024-04-24T06:42:56.595 INFO:teuthology.orchestra.run.smithi016.stdout:/usr/bin/ceph: stderr
2024-04-24T06:42:55.925+0000 7f52bfe00700 1 -- 172.21.15.16:0/1084577056 --> [v2:172.21.15.16:3300/0,v1:172.21.15.16:6789/0] -- mon_command({"prefix": "config assimilate-conf"} v 0) -- 0x7f52c002e010 con 0x7f52c007dd80
2024-04-24T06:42:56.595 INFO:teuthology.orchestra.run.smithi016.stdout:/usr/bin/ceph: stderr
2024-04-24T06:42:55.926+0000 7f52b7400700 1 -- 172.21.15.16:0/1084577056 <== mon.0 v2:172.21.15.16:3300/0 7 ==== mon_command_ack([{"prefix": "config assimilate-conf"}]=0 v3) ==== 70+0+373 (secure 0 0 0) 0x7f52b004d560 con 0x7f52c007dd80
2024-04-24T06:42:56.595 INFO:teuthology.orchestra.run.smithi016.stdout:/usr/bin/ceph: stderr
2024-04-24T06:42:55.929+0000 7f52bfe00700 1 -- 172.21.15.16:0/1084577056 >> [v2:172.21.15.16:6800/1805913410,v1:172.21.15.16:6801/1805913410] conn(0x7f52a40395b0 msgr2=0x7f52a403ba70 secure :-1 s=STATE_CONNECTION_ESTABLISHED l=1).mark_down
2024-04-24T06:42:56.595 INFO:teuthology.orchestra.run.smithi016.stdout:/usr/bin/ceph: stderr
2024-04-24T06:42:55.929+0000 7f52bfe00700 1 --2- 172.21.15.16:0/1084577056 >> [v2:172.21.15.16:6800/1805913410,v1:172.21.15.16:6801/1805913410] conn(0x7f52a40395b0 0x7f52a403ba70 secure :-1 s=READY pgs=7 cs=0 l=1 rev1=1 crypto rx=0x7f52a8006fd0 tx=0x7f52a8006e40 comp rx=0 tx=0).stop
2024-04-24T06:42:56.596 INFO:teuthology.orchestra.run.smithi016.stdout:/usr/bin/ceph: stderr
2024-04-24T06:42:55.929+0000 7f52bfe00700 1 -- 172.21.15.16:0/1084577056 >> [v2:172.21.15.16:3300/0,v1:172.21.15.16:6789/0] conn(0x7f52c007dd80 msgr2=0x7f52c019e630 secure :-1 s=STATE_CONNECTION_ESTABLISHED l=1).mark_down
2024-04-24T06:42:56.596 INFO:teuthology.orchestra.run.smithi016.stdout:/usr/bin/ceph: stderr
2024-04-24T06:42:55.929+0000 7f52bfe00700 1 --2- 172.21.15.16:0/1084577056 >> [v2:172.21.15.16:3300/0,v1:172.21.15.16:6789/0] conn(0x7f52c007dd80 0x7f52c019e630 secure :-1 s=READY pgs=21 cs=0 l=1 rev1=1 crypto rx=0x7f52b0011a50 tx=0x7f52b0011b30 comp rx=0 tx=0).stop
2024-04-24T06:42:56.596 INFO:teuthology.orchestra.run.smithi016.stdout:/usr/bin/ceph: stderr
2024-04-24T06:42:55.929+0000 7f52bfe00700 1 -- 172.21.15.16:0/1084577056 shutdown_connections
2024-04-24T06:42:56.596 INFO:teuthology.orchestra.run.smithi016.stdout:/usr/bin/ceph: stderr
2024-04-24T06:42:55.929+0000 7f52bfe00700 1 --2- 172.21.15.16:0/1084577056 >> [v2:172.21.15.16:6800/1805913410,v1:172.21.15.16:6801/1805913410] conn(0x7f52a40395b0 0x7f52a403ba70 unknown :-1 s=CLOSED pgs=7 cs=0 l=1 rev1=1 crypto rx=0 tx=0 comp rx=0 tx=0).stop
2024-04-24T06:42:56.596 INFO:teuthology.orchestra.run.smithi016.stdout:/usr/bin/ceph: stderr
2024-04-24T06:42:55.929+0000 7f52bfe00700 1 --2- 172.21.15.16:0/1084577056 >> [v2:172.21.15.16:3300/0,v1:172.21.15.16:6789/0] conn(0x7f52c007dd80 0x7f52c019e630 unknown :-1 s=CLOSED pgs=21 cs=0 l=1 rev1=1 crypto rx=0 tx=0 comp rx=0 tx=0).stop
2024-04-24T06:42:56.596 INFO:teuthology.orchestra.run.smithi016.stdout:/usr/bin/ceph: stderr
2024-04-24T06:42:55.929+0000 7f52bfe00700 1 -- 172.21.15.16:0/1084577056 >> 172.21.15.16:0/1084577056 conn(0x7f52c0103900 msgr2=0x7f52c0104650 unknown :-1 s=STATE_NONE l=0).mark_down
2024-04-24T06:42:56.596 INFO:teuthology.orchestra.run.smithi016.stdout:/usr/bin/ceph: stderr
2024-04-24T06:42:55.929+0000 7f52bfe00700 1 -- 172.21.15.16:0/1084577056 shutdown_connections
2024-04-24T06:42:56.596 INFO:teuthology.orchestra.run.smithi016.stdout:/usr/bin/ceph: stderr
2024-04-24T06:42:55.929+0000 7f52bfe00700 1 -- 172.21.15.16:0/1084577056 wait complete.
2024-04-24T06:42:56.596 INFO:teuthology.orchestra.run.smithi016.stdout:Enabling cephadm module...
2024-04-24T06:42:57.914 INFO:journalctl@ceph.mon.a.smithi016.stdout:Apr 24 06:42:57 smithi016 ceph-mon[27972]: from='client.? 172.21.15.16:0/1166132592' entity='client.admin' cmd=[{"prefix": "mgr module enable", "module": "cephadm"}]: dispatch
2024-04-24T06:42:57.914 INFO:journalctl@ceph.mgr.x.smithi016.stdout:Apr 24 06:42:57 smithi016 ceph-a8e8e34c-0205-11ef-bc93-c7b262605968-mgr-x[28201]: ignoring --setuser ceph since I am not root
2024-04-24T06:42:57.914 INFO:journalctl@ceph.mgr.x.smithi016.stdout:Apr 24 06:42:57 smithi016 ceph-a8e8e34c-0205-11ef-bc93-c7b262605968-mgr-x[28201]: ignoring --setgroup ceph since I am not root
2024-04-24T06:42:57.914 INFO:journalctl@ceph.mgr.x.smithi016.stdout:Apr 24 06:42:57 smithi016 ceph-a8e8e34c-0205-11ef-bc93-c7b262605968-mgr-x[28201]:
2024-04-24T06:42:57.912+0000 7fa6c4f9b200 -1 mgr[py] Module balancer has missing NOTIFY_TYPES member
2024-04-24T06:42:58.531 INFO:journalctl@ceph.mgr.x.smithi016.stdout:Apr 24 06:42:58 smithi016 ceph-a8e8e34c-0205-11ef-bc93-c7b262605968-mgr-x[28201]:
2024-04-24T06:42:58.162+0000 7fa6c4f9b200 -1 mgr[py] Module orchestrator has missing NOTIFY_TYPES member
2024-04-24T06:42:58.531 INFO:journalctl@ceph.mgr.x.smithi016.stdout:Apr 24 06:42:58 smithi016 ceph-a8e8e34c-0205-11ef-bc93-c7b262605968-mgr-x[28201]:
2024-04-24T06:42:58.297+0000 7fa6c4f9b200 -1 mgr[py] Module snap_schedule has missing NOTIFY_TYPES member
2024-04-24T06:42:58.613 INFO:teuthology.orchestra.run.smithi016.stdout:/usr/bin/ceph: stderr
2024-04-24T06:42:57.227+0000 7f8e8e000700 1 Processor -- start
2024-04-24T06:42:58.613 INFO:teuthology.orchestra.run.smithi016.stdout:/usr/bin/ceph: stderr
2024-04-24T06:42:57.227+0000 7f8e8e000700 1 -- start start
2024-04-24T06:42:58.613 INFO:teuthology.orchestra.run.smithi016.stdout:/usr/bin/ceph: stderr
2024-04-24T06:42:57.228+0000 7f8e8e000700 1 --2- >> [v2:172.21.15.16:3300/0,v1:172.21.15.16:6789/0] conn(0x7f8e8810a620 0x7f8e8810aa40 unknown :-1 s=NONE pgs=0 cs=0 l=0 rev1=0 crypto rx=0 tx=0 comp rx=0 tx=0).connect
2024-04-24T06:42:58.613 INFO:teuthology.orchestra.run.smithi016.stdout:/usr/bin/ceph: stderr
2024-04-24T06:42:57.228+0000 7f8e8e000700 1 -- --> [v2:172.21.15.16:3300/0,v1:172.21.15.16:6789/0] -- mon_getmap magic: 0 -- 0x7f8e8810b010 con 0x7f8e8810a620
2024-04-24T06:42:58.613 INFO:teuthology.orchestra.run.smithi016.stdout:/usr/bin/ceph: stderr
2024-04-24T06:42:57.228+0000 7f8e87400700 1 --2- >> [v2:172.21.15.16:3300/0,v1:172.21.15.16:6789/0] conn(0x7f8e8810a620 0x7f8e8810aa40 unknown :-1 s=BANNER_CONNECTING pgs=0 cs=0 l=0 rev1=0 crypto rx=0 tx=0 comp rx=0 tx=0)._handle_peer_banner_payload supported=3 required=0
2024-04-24T06:42:58.613 INFO:teuthology.orchestra.run.smithi016.stdout:/usr/bin/ceph: stderr
2024-04-24T06:42:57.228+0000 7f8e87400700 1 --2- >> [v2:172.21.15.16:3300/0,v1:172.21.15.16:6789/0] conn(0x7f8e8810a620 0x7f8e8810aa40 unknown :-1 s=HELLO_CONNECTING pgs=0 cs=0 l=0 rev1=1 crypto rx=0 tx=0 comp rx=0 tx=0).handle_hello peer v2:172.21.15.16:3300/0 says I am v2:172.21.15.16:43574/0 (socket says 172.21.15.16:43574)
2024-04-24T06:42:58.613 INFO:teuthology.orchestra.run.smithi016.stdout:/usr/bin/ceph: stderr
2024-04-24T06:42:57.228+0000 7f8e87400700 1 -- 172.21.15.16:0/3293668007 learned_addr learned my addr 172.21.15.16:0/3293668007 (peer_addr_for_me v2:172.21.15.16:0/0)
2024-04-24T06:42:58.613 INFO:teuthology.orchestra.run.smithi016.stdout:/usr/bin/ceph: stderr
2024-04-24T06:42:57.229+0000 7f8e87400700 1 -- 172.21.15.16:0/3293668007 --> [v2:172.21.15.16:3300/0,v1:172.21.15.16:6789/0] -- mon_subscribe({config=0+,monmap=0+}) -- 0x7f8e8810b780 con 0x7f8e8810a620
2024-04-24T06:42:58.614 INFO:teuthology.orchestra.run.smithi016.stdout:/usr/bin/ceph: stderr
2024-04-24T06:42:57.229+0000 7f8e87400700 1 --2- 172.21.15.16:0/3293668007 >> [v2:172.21.15.16:3300/0,v1:172.21.15.16:6789/0] conn(0x7f8e8810a620 0x7f8e8810aa40 secure :-1 s=READY pgs=22 cs=0 l=1 rev1=1 crypto rx=0x7f8e780098a0 tx=0x7f8e78009bb0 comp rx=0 tx=0).ready entity=mon.0 client_cookie=7c4fb2ebb79a43fa server_cookie=0 in_seq=0 out_seq=0
2024-04-24T06:42:58.614 INFO:teuthology.orchestra.run.smithi016.stdout:/usr/bin/ceph: stderr
2024-04-24T06:42:57.229+0000 7f8e86000700 1 -- 172.21.15.16:0/3293668007 <== mon.0 v2:172.21.15.16:3300/0 1 ==== mon_map magic: 0 ==== 205+0+0 (secure 0 0 0) 0x7f8e78004160 con 0x7f8e8810a620
2024-04-24T06:42:58.614 INFO:teuthology.orchestra.run.smithi016.stdout:/usr/bin/ceph: stderr
2024-04-24T06:42:57.230+0000 7f8e86000700 1 -- 172.21.15.16:0/3293668007 <== mon.0 v2:172.21.15.16:3300/0 2 ==== config(26 keys) ==== 1071+0+0 (secure 0 0 0) 0x7f8e78004300 con 0x7f8e8810a620
2024-04-24T06:42:58.614 INFO:teuthology.orchestra.run.smithi016.stdout:/usr/bin/ceph: stderr
2024-04-24T06:42:57.230+0000 7f8e86000700 1 -- 172.21.15.16:0/3293668007 <== mon.0 v2:172.21.15.16:3300/0 3 ==== mon_map magic: 0 ==== 205+0+0 (secure 0 0 0) 0x7f8e78011a80 con 0x7f8e8810a620
2024-04-24T06:42:58.614 INFO:teuthology.orchestra.run.smithi016.stdout:/usr/bin/ceph: stderr
2024-04-24T06:42:57.230+0000 7f8e8e000700 1 -- 172.21.15.16:0/3293668007 >> [v2:172.21.15.16:3300/0,v1:172.21.15.16:6789/0] conn(0x7f8e8810a620 msgr2=0x7f8e8810aa40 secure :-1 s=STATE_CONNECTION_ESTABLISHED l=1).mark_down
2024-04-24T06:42:58.614 INFO:teuthology.orchestra.run.smithi016.stdout:/usr/bin/ceph: stderr
2024-04-24T06:42:57.230+0000 7f8e8e000700 1 --2- 172.21.15.16:0/3293668007 >> [v2:172.21.15.16:3300/0,v1:172.21.15.16:6789/0] conn(0x7f8e8810a620 0x7f8e8810aa40 secure :-1 s=READY pgs=22 cs=0 l=1 rev1=1 crypto rx=0x7f8e780098a0 tx=0x7f8e78009bb0 comp rx=0 tx=0).stop
2024-04-24T06:42:58.614 INFO:teuthology.orchestra.run.smithi016.stdout:/usr/bin/ceph: stderr
2024-04-24T06:42:57.230+0000 7f8e8e000700 1 -- 172.21.15.16:0/3293668007 shutdown_connections
2024-04-24T06:42:58.614 INFO:teuthology.orchestra.run.smithi016.stdout:/usr/bin/ceph: stderr
2024-04-24T06:42:57.230+0000 7f8e8e000700 1 --2- 172.21.15.16:0/3293668007 >> [v2:172.21.15.16:3300/0,v1:172.21.15.16:6789/0] conn(0x7f8e8810a620 0x7f8e8810aa40 unknown :-1 s=CLOSED pgs=22 cs=0 l=1 rev1=1 crypto rx=0 tx=0 comp rx=0 tx=0).stop
2024-04-24T06:42:58.614 INFO:teuthology.orchestra.run.smithi016.stdout:/usr/bin/ceph: stderr
2024-04-24T06:42:57.230+0000 7f8e8e000700 1 -- 172.21.15.16:0/3293668007 >> 172.21.15.16:0/3293668007 conn(0x7f8e8807dc00 msgr2=0x7f8e881084e0 unknown :-1 s=STATE_NONE l=0).mark_down
2024-04-24T06:42:58.614 INFO:teuthology.orchestra.run.smithi016.stdout:/usr/bin/ceph: stderr
2024-04-24T06:42:57.231+0000 7f8e8e000700 1 -- 172.21.15.16:0/3293668007 shutdown_connections
2024-04-24T06:42:58.614 INFO:teuthology.orchestra.run.smithi016.stdout:/usr/bin/ceph: stderr
2024-04-24T06:42:57.231+0000 7f8e8e000700 1 -- 172.21.15.16:0/3293668007 wait complete.
2024-04-24T06:42:58.614 INFO:teuthology.orchestra.run.smithi016.stdout:/usr/bin/ceph: stderr
2024-04-24T06:42:57.232+0000 7f8e8e000700 1 Processor -- start
2024-04-24T06:42:58.615 INFO:teuthology.orchestra.run.smithi016.stdout:/usr/bin/ceph: stderr
2024-04-24T06:42:57.232+0000 7f8e8e000700 1 -- start start
2024-04-24T06:42:58.615 INFO:teuthology.orchestra.run.smithi016.stdout:/usr/bin/ceph: stderr
2024-04-24T06:42:57.232+0000 7f8e8e000700 1 --2- >> [v2:172.21.15.16:3300/0,v1:172.21.15.16:6789/0] conn(0x7f8e8810a620 0x7f8e8819e820 unknown :-1 s=NONE pgs=0 cs=0 l=1 rev1=0 crypto rx=0 tx=0 comp rx=0 tx=0).connect
2024-04-24T06:42:58.615 INFO:teuthology.orchestra.run.smithi016.stdout:/usr/bin/ceph: stderr
2024-04-24T06:42:57.232+0000 7f8e8e000700 1 -- --> [v2:172.21.15.16:3300/0,v1:172.21.15.16:6789/0] -- mon_getmap magic: 0 -- 0x7f8e8810eb30 con 0x7f8e8810a620
2024-04-24T06:42:58.615 INFO:teuthology.orchestra.run.smithi016.stdout:/usr/bin/ceph: stderr
2024-04-24T06:42:57.233+0000 7f8e87400700 1 --2- >> [v2:172.21.15.16:3300/0,v1:172.21.15.16:6789/0] conn(0x7f8e8810a620 0x7f8e8819e820 unknown :-1 s=BANNER_CONNECTING pgs=0 cs=0 l=1 rev1=0 crypto rx=0 tx=0 comp rx=0 tx=0)._handle_peer_banner_payload supported=3 required=0
2024-04-24T06:42:58.615 INFO:teuthology.orchestra.run.smithi016.stdout:/usr/bin/ceph: stderr
2024-04-24T06:42:57.233+0000 7f8e87400700 1 --2- >> [v2:172.21.15.16:3300/0,v1:172.21.15.16:6789/0] conn(0x7f8e8810a620 0x7f8e8819e820 unknown :-1 s=HELLO_CONNECTING pgs=0 cs=0 l=1 rev1=1 crypto rx=0 tx=0 comp rx=0 tx=0).handle_hello peer v2:172.21.15.16:3300/0 says I am v2:172.21.15.16:43590/0 (socket says 172.21.15.16:43590)
2024-04-24T06:42:58.615 INFO:teuthology.orchestra.run.smithi016.stdout:/usr/bin/ceph: stderr
2024-04-24T06:42:57.233+0000 7f8e87400700 1 -- 172.21.15.16:0/1166132592 learned_addr learned my addr 172.21.15.16:0/1166132592 (peer_addr_for_me v2:172.21.15.16:0/0)
2024-04-24T06:42:58.615 INFO:teuthology.orchestra.run.smithi016.stdout:/usr/bin/ceph: stderr
2024-04-24T06:42:57.233+0000 7f8e87400700 1 -- 172.21.15.16:0/1166132592 --> [v2:172.21.15.16:3300/0,v1:172.21.15.16:6789/0] -- mon_subscribe({config=0+,monmap=0+}) -- 0x7f8e8819ed60 con 0x7f8e8810a620
2024-04-24T06:42:58.615 INFO:teuthology.orchestra.run.smithi016.stdout:/usr/bin/ceph: stderr
2024-04-24T06:42:57.233+0000 7f8e87400700 1 --2- 172.21.15.16:0/1166132592 >> [v2:172.21.15.16:3300/0,v1:172.21.15.16:6789/0] conn(0x7f8e8810a620 0x7f8e8819e820 secure :-1 s=READY pgs=23 cs=0 l=1 rev1=1 crypto rx=0x7f8e78000c00 tx=0x7f8e78011b00 comp rx=0 tx=0).ready entity=mon.0 client_cookie=0 server_cookie=0 in_seq=0 out_seq=0
2024-04-24T06:42:58.615 INFO:teuthology.orchestra.run.smithi016.stdout:/usr/bin/ceph: stderr
2024-04-24T06:42:57.234+0000 7f8e7fe00700 1 -- 172.21.15.16:0/1166132592 <== mon.0 v2:172.21.15.16:3300/0 1 ==== mon_map magic: 0 ==== 205+0+0 (secure 0 0 0) 0x7f8e780039f0 con 0x7f8e8810a620
2024-04-24T06:42:58.615 INFO:teuthology.orchestra.run.smithi016.stdout:/usr/bin/ceph: stderr
2024-04-24T06:42:57.234+0000 7f8e7fe00700 1 -- 172.21.15.16:0/1166132592 <== mon.0 v2:172.21.15.16:3300/0 2 ==== config(26 keys) ==== 1071+0+0 (secure 0 0 0) 0x7f8e78003b90 con 0x7f8e8810a620
2024-04-24T06:42:58.615 INFO:teuthology.orchestra.run.smithi016.stdout:/usr/bin/ceph: stderr
2024-04-24T06:42:57.234+0000 7f8e8e000700 1 -- 172.21.15.16:0/1166132592 --> [v2:172.21.15.16:3300/0,v1:172.21.15.16:6789/0] -- mon_subscribe({mgrmap=0+}) -- 0x7f8e8819eff0 con 0x7f8e8810a620
2024-04-24T06:42:58.615 INFO:teuthology.orchestra.run.smithi016.stdout:/usr/bin/ceph: stderr
2024-04-24T06:42:57.234+0000 7f8e7fe00700 1 -- 172.21.15.16:0/1166132592 <== mon.0 v2:172.21.15.16:3300/0 3 ==== mon_map magic: 0 ==== 205+0+0 (secure 0 0 0) 0x7f8e7801a740 con 0x7f8e8810a620
2024-04-24T06:42:58.615 INFO:teuthology.orchestra.run.smithi016.stdout:/usr/bin/ceph: stderr
2024-04-24T06:42:57.234+0000 7f8e8e000700 1 -- 172.21.15.16:0/1166132592 --> [v2:172.21.15.16:3300/0,v1:172.21.15.16:6789/0] -- mon_subscribe({osdmap=0}) -- 0x7f8e881a1c90 con 0x7f8e8810a620
2024-04-24T06:42:58.615 INFO:teuthology.orchestra.run.smithi016.stdout:/usr/bin/ceph: stderr
2024-04-24T06:42:57.235+0000 7f8e8e000700 1 -- 172.21.15.16:0/1166132592 --> [v2:172.21.15.16:3300/0,v1:172.21.15.16:6789/0] -- mon_command({"prefix": "get_command_descriptions"} v 0) -- 0x7f8e88064150 con 0x7f8e8810a620
2024-04-24T06:42:58.616 INFO:teuthology.orchestra.run.smithi016.stdout:/usr/bin/ceph: stderr
2024-04-24T06:42:57.236+0000 7f8e7fe00700 1 -- 172.21.15.16:0/1166132592 <== mon.0 v2:172.21.15.16:3300/0 4 ==== mgrmap(e 4) ==== 46547+0+0 (secure 0 0 0) 0x7f8e78024af0 con 0x7f8e8810a620
2024-04-24T06:42:58.616 INFO:teuthology.orchestra.run.smithi016.stdout:/usr/bin/ceph: stderr
2024-04-24T06:42:57.236+0000 7f8e7fe00700 1 --2- 172.21.15.16:0/1166132592 >> [v2:172.21.15.16:6800/1805913410,v1:172.21.15.16:6801/1805913410] conn(0x7f8e6c0395b0 0x7f8e6c03ba70 unknown :-1 s=NONE pgs=0 cs=0 l=1 rev1=0 crypto rx=0 tx=0 comp rx=0 tx=0).connect
2024-04-24T06:42:58.616 INFO:teuthology.orchestra.run.smithi016.stdout:/usr/bin/ceph: stderr
2024-04-24T06:42:57.236+0000 7f8e7fe00700 1 -- 172.21.15.16:0/1166132592 <== mon.0 v2:172.21.15.16:3300/0 5 ==== osd_map(1..1 src has 1..1) ==== 725+0+0 (secure 0 0 0) 0x7f8e7804dc80 con 0x7f8e8810a620
2024-04-24T06:42:58.616 INFO:teuthology.orchestra.run.smithi016.stdout:/usr/bin/ceph: stderr
2024-04-24T06:42:57.237+0000 7f8e86a00700 1 --2- 172.21.15.16:0/1166132592 >> [v2:172.21.15.16:6800/1805913410,v1:172.21.15.16:6801/1805913410] conn(0x7f8e6c0395b0 0x7f8e6c03ba70 unknown :-1 s=BANNER_CONNECTING pgs=0 cs=0 l=1 rev1=0 crypto rx=0 tx=0 comp rx=0 tx=0)._handle_peer_banner_payload supported=3 required=0
2024-04-24T06:42:58.616 INFO:teuthology.orchestra.run.smithi016.stdout:/usr/bin/ceph: stderr
2024-04-24T06:42:57.237+0000 7f8e86a00700 1 --2- 172.21.15.16:0/1166132592 >> [v2:172.21.15.16:6800/1805913410,v1:172.21.15.16:6801/1805913410] conn(0x7f8e6c0395b0 0x7f8e6c03ba70 secure :-1 s=READY pgs=8 cs=0 l=1 rev1=1 crypto rx=0x7f8e74006fd0 tx=0x7f8e74006e40 comp rx=0 tx=0).ready entity=mgr.14100 client_cookie=0 server_cookie=0 in_seq=0 out_seq=0
2024-04-24T06:42:58.616 INFO:teuthology.orchestra.run.smithi016.stdout:/usr/bin/ceph: stderr
2024-04-24T06:42:57.241+0000 7f8e7fe00700 1 -- 172.21.15.16:0/1166132592 <== mon.0 v2:172.21.15.16:3300/0 6 ==== mon_command_ack([{"prefix": "get_command_descriptions"}]=0 v0) ==== 72+0+188370 (secure 0 0 0) 0x7f8e7800b5a0 con 0x7f8e8810a620
2024-04-24T06:42:58.616 INFO:teuthology.orchestra.run.smithi016.stdout:/usr/bin/ceph: stderr
2024-04-24T06:42:57.533+0000 7f8e8e000700 1 -- 172.21.15.16:0/1166132592 --> [v2:172.21.15.16:3300/0,v1:172.21.15.16:6789/0] -- mon_command({"prefix": "mgr module enable", "module": "cephadm"} v 0) -- 0x7f8e8802dfe0 con 0x7f8e8810a620
2024-04-24T06:42:58.616 INFO:teuthology.orchestra.run.smithi016.stdout:/usr/bin/ceph: stderr
2024-04-24T06:42:57.586+0000 7f8e7fe00700 1 -- 172.21.15.16:0/1166132592 <== mon.0 v2:172.21.15.16:3300/0 7 ==== mon_command_ack([{"prefix": "mgr module enable", "module": "cephadm"}]=0 v5) ==== 86+0+0 (secure 0 0 0) 0x7f8e780247c0 con 0x7f8e8810a620
2024-04-24T06:42:58.616 INFO:teuthology.orchestra.run.smithi016.stdout:/usr/bin/ceph: stderr
2024-04-24T06:42:57.589+0000 7f8e7fe00700 1 -- 172.21.15.16:0/1166132592 <== mon.0 v2:172.21.15.16:3300/0 8 ==== mgrmap(e 5) ==== 46558+0+0 (secure 0 0 0) 0x7f8e7804c740 con 0x7f8e8810a620
2024-04-24T06:42:58.616 INFO:teuthology.orchestra.run.smithi016.stdout:/usr/bin/ceph: stderr
2024-04-24T06:42:57.590+0000 7f8e8e000700 1 -- 172.21.15.16:0/1166132592 >> [v2:172.21.15.16:6800/1805913410,v1:172.21.15.16:6801/1805913410] conn(0x7f8e6c0395b0 msgr2=0x7f8e6c03ba70 secure :-1 s=STATE_CONNECTION_ESTABLISHED l=1).mark_down
2024-04-24T06:42:58.616 INFO:teuthology.orchestra.run.smithi016.stdout:/usr/bin/ceph: stderr
2024-04-24T06:42:57.590+0000 7f8e8e000700 1 --2- 172.21.15.16:0/1166132592 >> [v2:172.21.15.16:6800/1805913410,v1:172.21.15.16:6801/1805913410] conn(0x7f8e6c0395b0 0x7f8e6c03ba70 secure :-1 s=READY pgs=8 cs=0 l=1 rev1=1 crypto rx=0x7f8e74006fd0 tx=0x7f8e74006e40 comp rx=0 tx=0).stop
2024-04-24T06:42:58.616 INFO:teuthology.orchestra.run.smithi016.stdout:/usr/bin/ceph: stderr
2024-04-24T06:42:57.590+0000 7f8e8e000700 1 -- 172.21.15.16:0/1166132592 >> [v2:172.21.15.16:3300/0,v1:172.21.15.16:6789/0] conn(0x7f8e8810a620 msgr2=0x7f8e8819e820 secure :-1 s=STATE_CONNECTION_ESTABLISHED l=1).mark_down
2024-04-24T06:42:58.616 INFO:teuthology.orchestra.run.smithi016.stdout:/usr/bin/ceph: stderr
2024-04-24T06:42:57.590+0000 7f8e8e000700 1 --2- 172.21.15.16:0/1166132592 >> [v2:172.21.15.16:3300/0,v1:172.21.15.16:6789/0] conn(0x7f8e8810a620 0x7f8e8819e820 secure :-1 s=READY pgs=23 cs=0 l=1 rev1=1 crypto rx=0x7f8e78000c00 tx=0x7f8e78011b00 comp rx=0 tx=0).stop
2024-04-24T06:42:58.617 INFO:teuthology.orchestra.run.smithi016.stdout:/usr/bin/ceph: stderr
2024-04-24T06:42:57.590+0000 7f8e8e000700 1 -- 172.21.15.16:0/1166132592 shutdown_connections
2024-04-24T06:42:58.617 INFO:teuthology.orchestra.run.smithi016.stdout:/usr/bin/ceph: stderr
2024-04-24T06:42:57.590+0000 7f8e8e000700 1 --2- 172.21.15.16:0/1166132592 >> [v2:172.21.15.16:6800/1805913410,v1:172.21.15.16:6801/1805913410] conn(0x7f8e6c0395b0 0x7f8e6c03ba70 unknown :-1 s=CLOSED pgs=8 cs=0 l=1 rev1=1 crypto rx=0 tx=0 comp rx=0 tx=0).stop
2024-04-24T06:42:58.617 INFO:teuthology.orchestra.run.smithi016.stdout:/usr/bin/ceph: stderr
2024-04-24T06:42:57.590+0000 7f8e8e000700 1 --2- 172.21.15.16:0/1166132592 >> [v2:172.21.15.16:3300/0,v1:172.21.15.16:6789/0] conn(0x7f8e8810a620 0x7f8e8819e820 unknown :-1 s=CLOSED pgs=23 cs=0 l=1 rev1=1 crypto rx=0 tx=0 comp rx=0 tx=0).stop
2024-04-24T06:42:58.617 INFO:teuthology.orchestra.run.smithi016.stdout:/usr/bin/ceph: stderr
2024-04-24T06:42:57.590+0000 7f8e8e000700 1 -- 172.21.15.16:0/1166132592 >> 172.21.15.16:0/1166132592 conn(0x7f8e8807dc00 msgr2=0x7f8e88107de0 unknown :-1 s=STATE_NONE l=0).mark_down
2024-04-24T06:42:58.617 INFO:teuthology.orchestra.run.smithi016.stdout:/usr/bin/ceph: stderr
2024-04-24T06:42:57.591+0000 7f8e8e000700 1 -- 172.21.15.16:0/1166132592 shutdown_connections
2024-04-24T06:42:58.617 INFO:teuthology.orchestra.run.smithi016.stdout:/usr/bin/ceph: stderr
2024-04-24T06:42:57.591+0000 7f8e8e000700 1 -- 172.21.15.16:0/1166132592 wait complete.
2024-04-24T06:42:58.894 INFO:journalctl@ceph.mon.a.smithi016.stdout:Apr 24 06:42:58 smithi016 ceph-mon[27972]: from='client.? 172.21.15.16:0/1166132592' entity='client.admin' cmd='[{"prefix": "mgr module enable", "module": "cephadm"}]': finished
2024-04-24T06:42:58.894 INFO:journalctl@ceph.mon.a.smithi016.stdout:Apr 24 06:42:58 smithi016 ceph-mon[27972]: mgrmap e5: x(active, since 5s)
2024-04-24T06:42:58.894 INFO:journalctl@ceph.mgr.x.smithi016.stdout:Apr 24 06:42:58 smithi016 ceph-a8e8e34c-0205-11ef-bc93-c7b262605968-mgr-x[28201]:
2024-04-24T06:42:58.715+0000 7fa6c4f9b200 -1 mgr[py] Module progress has missing NOTIFY_TYPES member
2024-04-24T06:42:58.894 INFO:journalctl@ceph.mgr.x.smithi016.stdout:Apr 24 06:42:58 smithi016 ceph-a8e8e34c-0205-11ef-bc93-c7b262605968-mgr-x[28201]:
2024-04-24T06:42:58.833+0000 7fa6c4f9b200 -1 mgr[py] Module influx has missing NOTIFY_TYPES member
2024-04-24T06:42:59.892 INFO:journalctl@ceph.mon.a.smithi016.stdout:Apr 24 06:42:59 smithi016 ceph-mon[27972]: from='client.? 172.21.15.16:0/4139862747' entity='client.admin' cmd=[{"prefix": "mgr stat"}]: dispatch
2024-04-24T06:43:00.245 INFO:teuthology.orchestra.run.smithi016.stdout:/usr/bin/ceph: stdout {
2024-04-24T06:43:00.245 INFO:teuthology.orchestra.run.smithi016.stdout:/usr/bin/ceph: stdout "epoch": 5,
2024-04-24T06:43:00.245 INFO:teuthology.orchestra.run.smithi016.stdout:/usr/bin/ceph: stdout "available": true,
2024-04-24T06:43:00.245 INFO:teuthology.orchestra.run.smithi016.stdout:/usr/bin/ceph: stdout "active_name": "x",
2024-04-24T06:43:00.245 INFO:teuthology.orchestra.run.smithi016.stdout:/usr/bin/ceph: stdout "num_standby": 0
2024-04-24T06:43:00.245 INFO:teuthology.orchestra.run.smithi016.stdout:/usr/bin/ceph: stdout }
2024-04-24T06:43:00.245 INFO:teuthology.orchestra.run.smithi016.stdout:/usr/bin/ceph: stderr
2024-04-24T06:42:59.203+0000 7f5911000700 1 Processor -- start
2024-04-24T06:43:00.245 INFO:teuthology.orchestra.run.smithi016.stdout:/usr/bin/ceph: stderr
2024-04-24T06:42:59.203+0000 7f5911000700 1 -- start start
2024-04-24T06:43:00.245 INFO:teuthology.orchestra.run.smithi016.stdout:/usr/bin/ceph: stderr
2024-04-24T06:42:59.204+0000 7f5911000700 1 --2- >> [v2:172.21.15.16:3300/0,v1:172.21.15.16:6789/0] conn(0x7f590c07dd80 0x7f590c07c2f0 unknown :-1 s=NONE pgs=0 cs=0 l=0 rev1=0 crypto rx=0 tx=0 comp rx=0 tx=0).connect
2024-04-24T06:43:00.245 INFO:teuthology.orchestra.run.smithi016.stdout:/usr/bin/ceph: stderr
2024-04-24T06:42:59.204+0000 7f5911000700 1 -- --> [v2:172.21.15.16:3300/0,v1:172.21.15.16:6789/0] -- mon_getmap magic: 0 -- 0x7f590c07c830 con 0x7f590c07dd80
2024-04-24T06:43:00.245 INFO:teuthology.orchestra.run.smithi016.stdout:/usr/bin/ceph: stderr
2024-04-24T06:42:59.205+0000 7f5909e00700 1 --2- >> [v2:172.21.15.16:3300/0,v1:172.21.15.16:6789/0] conn(0x7f590c07dd80 0x7f590c07c2f0 unknown :-1 s=BANNER_CONNECTING pgs=0 cs=0 l=0 rev1=0 crypto rx=0 tx=0 comp rx=0 tx=0)._handle_peer_banner_payload supported=3 required=0
2024-04-24T06:43:00.245 INFO:teuthology.orchestra.run.smithi016.stdout:/usr/bin/ceph: stderr
2024-04-24T06:42:59.205+0000 7f5909e00700 1 --2- >> [v2:172.21.15.16:3300/0,v1:172.21.15.16:6789/0] conn(0x7f590c07dd80 0x7f590c07c2f0 unknown :-1 s=HELLO_CONNECTING pgs=0 cs=0 l=0 rev1=1 crypto rx=0 tx=0 comp rx=0 tx=0).handle_hello peer v2:172.21.15.16:3300/0 says I am v2:172.21.15.16:43606/0 (socket says 172.21.15.16:43606)
2024-04-24T06:43:00.246 INFO:teuthology.orchestra.run.smithi016.stdout:/usr/bin/ceph: stderr
2024-04-24T06:42:59.205+0000 7f5909e00700 1 -- 172.21.15.16:0/1015634296 learned_addr learned my addr 172.21.15.16:0/1015634296 (peer_addr_for_me v2:172.21.15.16:0/0)
2024-04-24T06:43:00.246 INFO:teuthology.orchestra.run.smithi016.stdout:/usr/bin/ceph: stderr
2024-04-24T06:42:59.205+0000 7f5909e00700 1 -- 172.21.15.16:0/1015634296 --> [v2:172.21.15.16:3300/0,v1:172.21.15.16:6789/0] -- mon_subscribe({config=0+,monmap=0+}) -- 0x7f590c07c9b0 con 0x7f590c07dd80
2024-04-24T06:43:00.246 INFO:teuthology.orchestra.run.smithi016.stdout:/usr/bin/ceph: stderr
2024-04-24T06:42:59.205+0000 7f5909e00700 1 --2- 172.21.15.16:0/1015634296 >> [v2:172.21.15.16:3300/0,v1:172.21.15.16:6789/0] conn(0x7f590c07dd80 0x7f590c07c2f0 secure :-1 s=READY pgs=26 cs=0 l=1 rev1=1 crypto rx=0x7f58fc0098a0 tx=0x7f58fc009bb0 comp rx=0 tx=0).ready entity=mon.0 client_cookie=497fb79999dff0dc server_cookie=0 in_seq=0 out_seq=0
2024-04-24T06:43:00.246 INFO:teuthology.orchestra.run.smithi016.stdout:/usr/bin/ceph: stderr
2024-04-24T06:42:59.206+0000 7f5908a00700 1 -- 172.21.15.16:0/1015634296 <== mon.0 v2:172.21.15.16:3300/0 1 ==== mon_map magic: 0 ==== 205+0+0 (secure 0 0 0) 0x7f58fc004160 con 0x7f590c07dd80
2024-04-24T06:43:00.246 INFO:teuthology.orchestra.run.smithi016.stdout:/usr/bin/ceph: stderr
2024-04-24T06:42:59.206+0000 7f5908a00700 1 -- 172.21.15.16:0/1015634296 <== mon.0 v2:172.21.15.16:3300/0 2 ==== config(26 keys) ==== 1071+0+0 (secure 0 0 0) 0x7f58fc004300 con 0x7f590c07dd80
2024-04-24T06:43:00.246 INFO:teuthology.orchestra.run.smithi016.stdout:/usr/bin/ceph: stderr
2024-04-24T06:42:59.206+0000 7f5908a00700 1 -- 172.21.15.16:0/1015634296 <== mon.0 v2:172.21.15.16:3300/0 3 ==== mon_map magic: 0 ==== 205+0+0 (secure 0 0 0) 0x7f58fc011a80 con 0x7f590c07dd80
2024-04-24T06:43:00.246 INFO:teuthology.orchestra.run.smithi016.stdout:/usr/bin/ceph: stderr
2024-04-24T06:42:59.207+0000 7f5911000700 1 -- 172.21.15.16:0/1015634296 >> [v2:172.21.15.16:3300/0,v1:172.21.15.16:6789/0] conn(0x7f590c07dd80 msgr2=0x7f590c07c2f0 secure :-1 s=STATE_CONNECTION_ESTABLISHED l=1).mark_down
2024-04-24T06:43:00.246 INFO:teuthology.orchestra.run.smithi016.stdout:/usr/bin/ceph: stderr
2024-04-24T06:42:59.207+0000 7f5911000700 1 --2- 172.21.15.16:0/1015634296 >> [v2:172.21.15.16:3300/0,v1:172.21.15.16:6789/0] conn(0x7f590c07dd80 0x7f590c07c2f0 secure :-1 s=READY pgs=26 cs=0 l=1 rev1=1 crypto rx=0x7f58fc0098a0 tx=0x7f58fc009bb0 comp rx=0 tx=0).stop
2024-04-24T06:43:00.246 INFO:teuthology.orchestra.run.smithi016.stdout:/usr/bin/ceph: stderr
2024-04-24T06:42:59.207+0000 7f5911000700 1 -- 172.21.15.16:0/1015634296 shutdown_connections
2024-04-24T06:43:00.246 INFO:teuthology.orchestra.run.smithi016.stdout:/usr/bin/ceph: stderr
2024-04-24T06:42:59.207+0000 7f5911000700 1 --2- 172.21.15.16:0/1015634296 >> [v2:172.21.15.16:3300/0,v1:172.21.15.16:6789/0] conn(0x7f590c07dd80 0x7f590c07c2f0 unknown :-1 s=CLOSED pgs=26 cs=0 l=1 rev1=1 crypto rx=0 tx=0 comp rx=0 tx=0).stop
2024-04-24T06:43:00.246 INFO:teuthology.orchestra.run.smithi016.stdout:/usr/bin/ceph: stderr
2024-04-24T06:42:59.207+0000 7f5911000700 1 -- 172.21.15.16:0/1015634296 >> 172.21.15.16:0/1015634296 conn(0x7f590c103a40 msgr2=0x7f590c105e60 unknown :-1 s=STATE_NONE l=0).mark_down
2024-04-24T06:43:00.246 INFO:teuthology.orchestra.run.smithi016.stdout:/usr/bin/ceph: stderr
2024-04-24T06:42:59.207+0000 7f5911000700 1 -- 172.21.15.16:0/1015634296 shutdown_connections
2024-04-24T06:43:00.246 INFO:teuthology.orchestra.run.smithi016.stdout:/usr/bin/ceph: stderr
2024-04-24T06:42:59.207+0000 7f5911000700 1 -- 172.21.15.16:0/1015634296 wait complete.
2024-04-24T06:43:00.246 INFO:teuthology.orchestra.run.smithi016.stdout:/usr/bin/ceph: stderr
2024-04-24T06:42:59.208+0000 7f5911000700 1 Processor -- start
2024-04-24T06:43:00.247 INFO:teuthology.orchestra.run.smithi016.stdout:/usr/bin/ceph: stderr
2024-04-24T06:42:59.208+0000 7f5911000700 1 -- start start
2024-04-24T06:43:00.247 INFO:teuthology.orchestra.run.smithi016.stdout:/usr/bin/ceph: stderr
2024-04-24T06:42:59.209+0000 7f5911000700 1 --2- >> [v2:172.21.15.16:3300/0,v1:172.21.15.16:6789/0] conn(0x7f590c07dd80 0x7f590c19e7d0 unknown :-1 s=NONE pgs=0 cs=0 l=1 rev1=0 crypto rx=0 tx=0 comp rx=0 tx=0).connect
2024-04-24T06:43:00.247 INFO:teuthology.orchestra.run.smithi016.stdout:/usr/bin/ceph: stderr
2024-04-24T06:42:59.209+0000 7f5911000700 1 -- --> [v2:172.21.15.16:3300/0,v1:172.21.15.16:6789/0] -- mon_getmap magic: 0 -- 0x7f590c10e810 con 0x7f590c07dd80
2024-04-24T06:43:00.247 INFO:teuthology.orchestra.run.smithi016.stdout:/usr/bin/ceph: stderr
2024-04-24T06:42:59.209+0000 7f5909e00700 1 --2- >> [v2:172.21.15.16:3300/0,v1:172.21.15.16:6789/0] conn(0x7f590c07dd80 0x7f590c19e7d0 unknown :-1 s=BANNER_CONNECTING pgs=0 cs=0 l=1 rev1=0 crypto rx=0 tx=0 comp rx=0 tx=0)._handle_peer_banner_payload supported=3 required=0
2024-04-24T06:43:00.247 INFO:teuthology.orchestra.run.smithi016.stdout:/usr/bin/ceph: stderr
2024-04-24T06:42:59.209+0000 7f5909e00700 1 --2- >> [v2:172.21.15.16:3300/0,v1:172.21.15.16:6789/0] conn(0x7f590c07dd80 0x7f590c19e7d0 unknown :-1 s=HELLO_CONNECTING pgs=0 cs=0 l=1 rev1=1 crypto rx=0 tx=0 comp rx=0 tx=0).handle_hello peer v2:172.21.15.16:3300/0 says I am v2:172.21.15.16:43622/0 (socket says 172.21.15.16:43622)
2024-04-24T06:43:00.247 INFO:teuthology.orchestra.run.smithi016.stdout:/usr/bin/ceph: stderr
2024-04-24T06:42:59.209+0000 7f5909e00700 1 -- 172.21.15.16:0/4139862747 learned_addr learned my addr 172.21.15.16:0/4139862747 (peer_addr_for_me v2:172.21.15.16:0/0)
2024-04-24T06:43:00.247 INFO:teuthology.orchestra.run.smithi016.stdout:/usr/bin/ceph: stderr
2024-04-24T06:42:59.209+0000 7f5909e00700 1 -- 172.21.15.16:0/4139862747 --> [v2:172.21.15.16:3300/0,v1:172.21.15.16:6789/0] -- mon_subscribe({config=0+,monmap=0+}) -- 0x7f590c19ed10 con 0x7f590c07dd80
2024-04-24T06:43:00.247 INFO:teuthology.orchestra.run.smithi016.stdout:/usr/bin/ceph: stderr
2024-04-24T06:42:59.210+0000 7f5909e00700 1 --2- 172.21.15.16:0/4139862747 >> [v2:172.21.15.16:3300/0,v1:172.21.15.16:6789/0] conn(0x7f590c07dd80 0x7f590c19e7d0 secure :-1 s=READY pgs=27 cs=0 l=1 rev1=1 crypto rx=0x7f58fc006af0 tx=0x7f58fc011c40 comp rx=0 tx=0).ready entity=mon.0 client_cookie=0 server_cookie=0 in_seq=0 out_seq=0
2024-04-24T06:43:00.247 INFO:teuthology.orchestra.run.smithi016.stdout:/usr/bin/ceph: stderr
2024-04-24T06:42:59.210+0000 7f5902a00700 1 -- 172.21.15.16:0/4139862747 <== mon.0 v2:172.21.15.16:3300/0 1 ==== mon_map magic: 0 ==== 205+0+0 (secure 0 0 0) 0x7f58fc0039e0 con 0x7f590c07dd80
2024-04-24T06:43:00.247 INFO:teuthology.orchestra.run.smithi016.stdout:/usr/bin/ceph: stderr
2024-04-24T06:42:59.210+0000 7f5902a00700 1 -- 172.21.15.16:0/4139862747 <== mon.0 v2:172.21.15.16:3300/0 2 ==== config(26 keys) ==== 1071+0+0 (secure 0 0 0) 0x7f58fc003b80 con 0x7f590c07dd80
2024-04-24T06:43:00.247 INFO:teuthology.orchestra.run.smithi016.stdout:/usr/bin/ceph: stderr
2024-04-24T06:42:59.210+0000 7f5902a00700 1 -- 172.21.15.16:0/4139862747 <== mon.0 v2:172.21.15.16:3300/0 3 ==== mon_map magic: 0 ==== 205+0+0 (secure 0 0 0) 0x7f58fc0196a0 con 0x7f590c07dd80
2024-04-24T06:43:00.247 INFO:teuthology.orchestra.run.smithi016.stdout:/usr/bin/ceph: stderr
2024-04-24T06:42:59.210+0000 7f5911000700 1 -- 172.21.15.16:0/4139862747 --> [v2:172.21.15.16:3300/0,v1:172.21.15.16:6789/0] -- mon_subscribe({mgrmap=0+}) -- 0x7f590c19efa0 con 0x7f590c07dd80
2024-04-24T06:43:00.247 INFO:teuthology.orchestra.run.smithi016.stdout:/usr/bin/ceph: stderr
2024-04-24T06:42:59.210+0000 7f5911000700 1 -- 172.21.15.16:0/4139862747 --> [v2:172.21.15.16:3300/0,v1:172.21.15.16:6789/0] -- mon_subscribe({osdmap=0}) -- 0x7f590c1a1c90 con 0x7f590c07dd80
2024-04-24T06:43:00.248 INFO:teuthology.orchestra.run.smithi016.stdout:/usr/bin/ceph: stderr
2024-04-24T06:42:59.211+0000 7f5902a00700 1 -- 172.21.15.16:0/4139862747 <== mon.0 v2:172.21.15.16:3300/0 4 ==== mgrmap(e 5) ==== 46558+0+0 (secure 0 0 0) 0x7f58fc01a430 con 0x7f590c07dd80
2024-04-24T06:43:00.248 INFO:teuthology.orchestra.run.smithi016.stdout:/usr/bin/ceph: stderr
2024-04-24T06:42:59.211+0000 7f5911000700 1 -- 172.21.15.16:0/4139862747 --> [v2:172.21.15.16:3300/0,v1:172.21.15.16:6789/0] -- mon_command({"prefix": "get_command_descriptions"} v 0) -- 0x7f590c064150 con 0x7f590c07dd80
2024-04-24T06:43:00.248 INFO:teuthology.orchestra.run.smithi016.stdout:/usr/bin/ceph: stderr
2024-04-24T06:42:59.212+0000 7f5902a00700 1 --2- 172.21.15.16:0/4139862747 >> [v2:172.21.15.16:6800/1805913410,v1:172.21.15.16:6801/1805913410] conn(0x7f58f0039560 0x7f58f003ba20 unknown :-1 s=NONE pgs=0 cs=0 l=1 rev1=0 crypto rx=0 tx=0 comp rx=0 tx=0).connect
2024-04-24T06:43:00.248 INFO:teuthology.orchestra.run.smithi016.stdout:/usr/bin/ceph: stderr
2024-04-24T06:42:59.212+0000 7f5902a00700 1 -- 172.21.15.16:0/4139862747 <== mon.0 v2:172.21.15.16:3300/0 5 ==== osd_map(1..1 src has 1..1) ==== 725+0+0 (secure 0 0 0) 0x7f58fc04dc60 con 0x7f590c07dd80
2024-04-24T06:43:00.248 INFO:teuthology.orchestra.run.smithi016.stdout:/usr/bin/ceph: stderr
2024-04-24T06:42:59.212+0000 7f5909400700 1 -- 172.21.15.16:0/4139862747 >> [v2:172.21.15.16:6800/1805913410,v1:172.21.15.16:6801/1805913410] conn(0x7f58f0039560 msgr2=0x7f58f003ba20 unknown :-1 s=STATE_CONNECTING_RE l=1).process reconnect failed to v2:172.21.15.16:6800/1805913410
2024-04-24T06:43:00.248 INFO:teuthology.orchestra.run.smithi016.stdout:/usr/bin/ceph: stderr
2024-04-24T06:42:59.212+0000 7f5909400700 1 --2- 172.21.15.16:0/4139862747 >> [v2:172.21.15.16:6800/1805913410,v1:172.21.15.16:6801/1805913410] conn(0x7f58f0039560 0x7f58f003ba20 unknown :-1 s=START_CONNECT pgs=0 cs=0 l=1 rev1=0 crypto rx=0 tx=0 comp rx=0 tx=0)._fault waiting 0.200000
2024-04-24T06:43:00.248 INFO:teuthology.orchestra.run.smithi016.stdout:/usr/bin/ceph: stderr
2024-04-24T06:42:59.217+0000 7f5902a00700 1 -- 172.21.15.16:0/4139862747 <== mon.0 v2:172.21.15.16:3300/0 6 ==== mon_command_ack([{"prefix": "get_command_descriptions"}]=0 v0) ==== 72+0+188370 (secure 0 0 0) 0x7f58fc02de00 con 0x7f590c07dd80
2024-04-24T06:43:00.248 INFO:teuthology.orchestra.run.smithi016.stdout:/usr/bin/ceph: stderr
2024-04-24T06:42:59.413+0000 7f5909400700 1 -- 172.21.15.16:0/4139862747 >> [v2:172.21.15.16:6800/1805913410,v1:172.21.15.16:6801/1805913410] conn(0x7f58f0039560 msgr2=0x7f58f003ba20 unknown :-1 s=STATE_CONNECTING_RE l=1).process reconnect failed to v2:172.21.15.16:6800/1805913410
2024-04-24T06:43:00.248 INFO:teuthology.orchestra.run.smithi016.stdout:/usr/bin/ceph: stderr
2024-04-24T06:42:59.413+0000 7f5909400700 1 --2- 172.21.15.16:0/4139862747 >> [v2:172.21.15.16:6800/1805913410,v1:172.21.15.16:6801/1805913410] conn(0x7f58f0039560 0x7f58f003ba20 unknown :-1 s=START_CONNECT pgs=0 cs=0 l=1 rev1=0 crypto rx=0 tx=0 comp rx=0 tx=0)._fault waiting 0.400000
2024-04-24T06:43:00.249 INFO:teuthology.orchestra.run.smithi016.stdout:/usr/bin/ceph: stderr
2024-04-24T06:42:59.540+0000 7f5911000700 1 -- 172.21.15.16:0/4139862747 --> [v2:172.21.15.16:3300/0,v1:172.21.15.16:6789/0] -- mon_command({"prefix": "mgr stat"} v 0) -- 0x7f590c02dfe0 con 0x7f590c07dd80
2024-04-24T06:43:00.249 INFO:teuthology.orchestra.run.smithi016.stdout:/usr/bin/ceph: stderr
2024-04-24T06:42:59.541+0000 7f5902a00700 1 -- 172.21.15.16:0/4139862747 <== mon.0 v2:172.21.15.16:3300/0 7 ==== mon_command_ack([{"prefix": "mgr stat"}]=0 v5) ==== 56+0+88 (secure 0 0 0) 0x7f58fc04d680 con 0x7f590c07dd80
2024-04-24T06:43:00.249 INFO:teuthology.orchestra.run.smithi016.stdout:/usr/bin/ceph: stderr
2024-04-24T06:42:59.544+0000 7f5911000700 1 -- 172.21.15.16:0/4139862747 >> [v2:172.21.15.16:6800/1805913410,v1:172.21.15.16:6801/1805913410] conn(0x7f58f0039560 msgr2=0x7f58f003ba20 unknown :-1 s=STATE_CONNECTING l=1).mark_down
2024-04-24T06:43:00.249 INFO:teuthology.orchestra.run.smithi016.stdout:/usr/bin/ceph: stderr
2024-04-24T06:42:59.544+0000 7f5911000700 1 --2- 172.21.15.16:0/4139862747 >> [v2:172.21.15.16:6800/1805913410,v1:172.21.15.16:6801/1805913410] conn(0x7f58f0039560 0x7f58f003ba20 unknown :-1 s=START_CONNECT pgs=0 cs=0 l=1 rev1=0 crypto rx=0 tx=0 comp rx=0 tx=0).stop
2024-04-24T06:43:00.249 INFO:teuthology.orchestra.run.smithi016.stdout:/usr/bin/ceph: stderr
2024-04-24T06:42:59.544+0000 7f5911000700 1 -- 172.21.15.16:0/4139862747 >> [v2:172.21.15.16:3300/0,v1:172.21.15.16:6789/0] conn(0x7f590c07dd80 msgr2=0x7f590c19e7d0 secure :-1 s=STATE_CONNECTION_ESTABLISHED l=1).mark_down
2024-04-24T06:43:00.249 INFO:teuthology.orchestra.run.smithi016.stdout:/usr/bin/ceph: stderr
2024-04-24T06:42:59.544+0000 7f5911000700 1 --2- 172.21.15.16:0/4139862747 >> [v2:172.21.15.16:3300/0,v1:172.21.15.16:6789/0] conn(0x7f590c07dd80 0x7f590c19e7d0 secure :-1 s=READY pgs=27 cs=0 l=1 rev1=1 crypto rx=0x7f58fc006af0 tx=0x7f58fc011c40 comp rx=0 tx=0).stop
2024-04-24T06:43:00.249 INFO:teuthology.orchestra.run.smithi016.stdout:/usr/bin/ceph: stderr
2024-04-24T06:42:59.544+0000 7f5911000700 1 -- 172.21.15.16:0/4139862747 shutdown_connections
2024-04-24T06:43:00.249 INFO:teuthology.orchestra.run.smithi016.stdout:/usr/bin/ceph: stderr
2024-04-24T06:42:59.544+0000 7f5911000700 1 --2- 172.21.15.16:0/4139862747 >> [v2:172.21.15.16:6800/1805913410,v1:172.21.15.16:6801/1805913410] conn(0x7f58f0039560 0x7f58f003ba20 unknown :-1 s=CLOSED pgs=0 cs=0 l=1 rev1=0 crypto rx=0 tx=0 comp rx=0 tx=0).stop
2024-04-24T06:43:00.249 INFO:teuthology.orchestra.run.smithi016.stdout:/usr/bin/ceph: stderr
2024-04-24T06:42:59.544+0000 7f5911000700 1 --2- 172.21.15.16:0/4139862747 >> [v2:172.21.15.16:3300/0,v1:172.21.15.16:6789/0] conn(0x7f590c07dd80 0x7f590c19e7d0 unknown :-1 s=CLOSED pgs=27 cs=0 l=1 rev1=1 crypto rx=0 tx=0 comp rx=0 tx=0).stop
2024-04-24T06:43:00.249 INFO:teuthology.orchestra.run.smithi016.stdout:/usr/bin/ceph: stderr
2024-04-24T06:42:59.544+0000 7f5911000700 1 -- 172.21.15.16:0/4139862747 >> 172.21.15.16:0/4139862747 conn(0x7f590c103a40 msgr2=0x7f590c104810 unknown :-1 s=STATE_NONE l=0).mark_down
2024-04-24T06:43:00.249 INFO:teuthology.orchestra.run.smithi016.stdout:/usr/bin/ceph: stderr
2024-04-24T06:42:59.544+0000 7f5911000700 1 -- 172.21.15.16:0/4139862747 shutdown_connections
2024-04-24T06:43:00.249 INFO:teuthology.orchestra.run.smithi016.stdout:/usr/bin/ceph: stderr
2024-04-24T06:42:59.545+0000 7f5911000700 1 -- 172.21.15.16:0/4139862747 wait complete.
2024-04-24T06:43:00.249 INFO:teuthology.orchestra.run.smithi016.stdout:Waiting for the mgr to restart...
2024-04-24T06:43:00.250 INFO:teuthology.orchestra.run.smithi016.stdout:Waiting for mgr epoch 5...
2024-04-24T06:43:00.482 INFO:journalctl@ceph.mgr.x.smithi016.stdout:Apr 24 06:43:00 smithi016 ceph-a8e8e34c-0205-11ef-bc93-c7b262605968-mgr-x[28201]:
2024-04-24T06:43:00.455+0000 7fa6c4f9b200 -1 mgr[py] Module telegraf has missing NOTIFY_TYPES member
2024-04-24T06:43:00.781 INFO:journalctl@ceph.mgr.x.smithi016.stdout:Apr 24 06:43:00 smithi016 ceph-a8e8e34c-0205-11ef-bc93-c7b262605968-mgr-x[28201]:
2024-04-24T06:43:00.694+0000 7fa6c4f9b200 -1 mgr[py] Module osd_support has missing NOTIFY_TYPES member
2024-04-24T06:43:01.281 INFO:journalctl@ceph.mgr.x.smithi016.stdout:Apr 24 06:43:00 smithi016 ceph-a8e8e34c-0205-11ef-bc93-c7b262605968-mgr-x[28201]:
2024-04-24T06:43:00.916+0000 7fa6c4f9b200 -1 mgr[py] Module iostat has missing NOTIFY_TYPES member
2024-04-24T06:43:01.698 INFO:journalctl@ceph.mgr.x.smithi016.stdout:Apr 24 06:43:01 smithi016 ceph-a8e8e34c-0205-11ef-bc93-c7b262605968-mgr-x[28201]:
2024-04-24T06:43:01.310+0000 7fa6c4f9b200 -1 mgr[py] Module alerts has missing NOTIFY_TYPES member
2024-04-24T06:43:01.698 INFO:journalctl@ceph.mgr.x.smithi016.stdout:Apr 24 06:43:01 smithi016 ceph-a8e8e34c-0205-11ef-bc93-c7b262605968-mgr-x[28201]:
2024-04-24T06:43:01.437+0000 7fa6c4f9b200 -1 mgr[py] Module selftest has missing NOTIFY_TYPES member
2024-04-24T06:43:01.963 INFO:journalctl@ceph.mgr.x.smithi016.stdout:Apr 24 06:43:01 smithi016 ceph-a8e8e34c-0205-11ef-bc93-c7b262605968-mgr-x[28201]:
2024-04-24T06:43:01.696+0000 7fa6c4f9b200 -1 mgr[py] Module pg_autoscaler has missing NOTIFY_TYPES member
2024-04-24T06:43:01.963 INFO:journalctl@ceph.mgr.x.smithi016.stdout:Apr 24 06:43:01 smithi016 ceph-a8e8e34c-0205-11ef-bc93-c7b262605968-mgr-x[28201]:
2024-04-24T06:43:01.960+0000 7fa6c4f9b200 -1 mgr[py] Module test_orchestrator has missing NOTIFY_TYPES member
2024-04-24T06:43:03.031 INFO:journalctl@ceph.mgr.x.smithi016.stdout:Apr 24 06:43:02 smithi016 ceph-a8e8e34c-0205-11ef-bc93-c7b262605968-mgr-x[28201]:
2024-04-24T06:43:02.771+0000 7fa6c4f9b200 -1 mgr[py] Module rook has missing NOTIFY_TYPES member
2024-04-24T06:43:03.753 INFO:journalctl@ceph.mgr.x.smithi016.stdout:Apr 24 06:43:03 smithi016 ceph-a8e8e34c-0205-11ef-bc93-c7b262605968-mgr-x[28201]:
2024-04-24T06:43:03.342+0000 7fa6c4f9b200 -1 mgr[py] Module volumes has missing NOTIFY_TYPES member
2024-04-24T06:43:03.753 INFO:journalctl@ceph.mgr.x.smithi016.stdout:Apr 24 06:43:03 smithi016 ceph-a8e8e34c-0205-11ef-bc93-c7b262605968-mgr-x[28201]:
2024-04-24T06:43:03.473+0000 7fa6c4f9b200 -1 mgr[py] Module crash has missing NOTIFY_TYPES member
2024-04-24T06:43:03.754 INFO:journalctl@ceph.mgr.x.smithi016.stdout:Apr 24 06:43:03 smithi016 ceph-a8e8e34c-0205-11ef-bc93-c7b262605968-mgr-x[28201]:
2024-04-24T06:43:03.749+0000 7fa6c4f9b200 -1 mgr[py] Module rgw has missing NOTIFY_TYPES member
