2024-04-24T06:45:18.297+0000 7f4140a00700 1 --2- 172.21.15.164:0/31791805 >> [v2:172.21.15.164:6800/3172138675,v1:172.21.15.164:6801/3172138675] conn(0x7f4124038720 0x7f412403abe0 secure :-1 s=READY pgs=7 cs=0 l=1 rev1=1 crypto rx=0x7f4128006fd0 tx=0x7f4128006e40 comp rx=0 tx=0).ready entity=mgr.14100 client_cookie=0 server_cookie=0 in_seq=0 out_seq=0
2024-04-24T06:45:19.155 INFO:teuthology.orchestra.run.smithi164.stdout:/usr/bin/ceph: stderr
2024-04-24T06:45:18.301+0000 7f413a000700 1 -- 172.21.15.164:0/31791805 <== mon.0 v2:172.21.15.164:3300/0 6 ==== mon_command_ack([{"prefix": "get_command_descriptions"}]=0 v0) v1 ==== 72+0+183351 (secure 0 0 0) 0x7f413001bce0 con 0x7f413c1070a0
2024-04-24T06:45:19.155 INFO:teuthology.orchestra.run.smithi164.stdout:/usr/bin/ceph: stderr
2024-04-24T06:45:18.513+0000 7f4143e00700 1 -- 172.21.15.164:0/31791805 --> [v2:172.21.15.164:3300/0,v1:172.21.15.164:6789/0] -- mon_command({"prefix": "config assimilate-conf"} v 0) v1 -- 0x7f413c10a900 con 0x7f413c1070a0
2024-04-24T06:45:19.155 INFO:teuthology.orchestra.run.smithi164.stdout:/usr/bin/ceph: stderr
2024-04-24T06:45:18.514+0000 7f413a000700 1 -- 172.21.15.164:0/31791805 <== mon.0 v2:172.21.15.164:3300/0 7 ==== mon_command_ack([{"prefix": "config assimilate-conf"}]=0 v3) v1 ==== 70+0+373 (secure 0 0 0) 0x7f413001f070 con 0x7f413c1070a0
2024-04-24T06:45:19.155 INFO:teuthology.orchestra.run.smithi164.stdout:/usr/bin/ceph: stderr
2024-04-24T06:45:18.518+0000 7f4143e00700 1 -- 172.21.15.164:0/31791805 >> [v2:172.21.15.164:6800/3172138675,v1:172.21.15.164:6801/3172138675] conn(0x7f4124038720 msgr2=0x7f412403abe0 secure :-1 s=STATE_CONNECTION_ESTABLISHED l=1).mark_down
2024-04-24T06:45:19.156 INFO:teuthology.orchestra.run.smithi164.stdout:/usr/bin/ceph: stderr
2024-04-24T06:45:18.518+0000 7f4143e00700 1 --2- 172.21.15.164:0/31791805 >> [v2:172.21.15.164:6800/3172138675,v1:172.21.15.164:6801/3172138675] conn(0x7f4124038720 0x7f412403abe0 secure :-1 s=READY pgs=7 cs=0 l=1 rev1=1 crypto rx=0x7f4128006fd0 tx=0x7f4128006e40 comp rx=0 tx=0).stop
2024-04-24T06:45:19.156 INFO:teuthology.orchestra.run.smithi164.stdout:/usr/bin/ceph: stderr
2024-04-24T06:45:18.518+0000 7f4143e00700 1 -- 172.21.15.164:0/31791805 >> [v2:172.21.15.164:3300/0,v1:172.21.15.164:6789/0] conn(0x7f413c1070a0 msgr2=0x7f413c19c530 secure :-1 s=STATE_CONNECTION_ESTABLISHED l=1).mark_down
2024-04-24T06:45:19.156 INFO:teuthology.orchestra.run.smithi164.stdout:/usr/bin/ceph: stderr
2024-04-24T06:45:18.518+0000 7f4143e00700 1 --2- 172.21.15.164:0/31791805 >> [v2:172.21.15.164:3300/0,v1:172.21.15.164:6789/0] conn(0x7f413c1070a0 0x7f413c19c530 secure :-1 s=READY pgs=21 cs=0 l=1 rev1=1 crypto rx=0x7f4130011710 tx=0x7f41300047c0 comp rx=0 tx=0).stop
2024-04-24T06:45:19.156 INFO:teuthology.orchestra.run.smithi164.stdout:/usr/bin/ceph: stderr
2024-04-24T06:45:18.518+0000 7f4143e00700 1 -- 172.21.15.164:0/31791805 shutdown_connections
2024-04-24T06:45:19.156 INFO:teuthology.orchestra.run.smithi164.stdout:/usr/bin/ceph: stderr
2024-04-24T06:45:18.518+0000 7f4143e00700 1 --2- 172.21.15.164:0/31791805 >> [v2:172.21.15.164:6800/3172138675,v1:172.21.15.164:6801/3172138675] conn(0x7f4124038720 0x7f412403abe0 unknown :-1 s=CLOSED pgs=7 cs=0 l=1 rev1=1 crypto rx=0 tx=0 comp rx=0 tx=0).stop
2024-04-24T06:45:19.156 INFO:teuthology.orchestra.run.smithi164.stdout:/usr/bin/ceph: stderr
2024-04-24T06:45:18.518+0000 7f4143e00700 1 --2- 172.21.15.164:0/31791805 >> [v2:172.21.15.164:3300/0,v1:172.21.15.164:6789/0] conn(0x7f413c1070a0 0x7f413c19c530 unknown :-1 s=CLOSED pgs=21 cs=0 l=1 rev1=1 crypto rx=0 tx=0 comp rx=0 tx=0).stop
2024-04-24T06:45:19.156 INFO:teuthology.orchestra.run.smithi164.stdout:/usr/bin/ceph: stderr
2024-04-24T06:45:18.518+0000 7f4143e00700 1 -- 172.21.15.164:0/31791805 >> 172.21.15.164:0/31791805 conn(0x7f413c100a50 msgr2=0x7f413c1015b0 unknown :-1 s=STATE_NONE l=0).mark_down
2024-04-24T06:45:19.156 INFO:teuthology.orchestra.run.smithi164.stdout:/usr/bin/ceph: stderr
2024-04-24T06:45:18.518+0000 7f4143e00700 1 -- 172.21.15.164:0/31791805 shutdown_connections
2024-04-24T06:45:19.156 INFO:teuthology.orchestra.run.smithi164.stdout:/usr/bin/ceph: stderr
2024-04-24T06:45:18.518+0000 7f4143e00700 1 -- 172.21.15.164:0/31791805 wait complete.
2024-04-24T06:45:19.156 INFO:teuthology.orchestra.run.smithi164.stdout:Enabling cephadm module...
2024-04-24T06:45:20.369 INFO:journalctl@ceph.mon.smithi164.smithi164.stdout:Apr 24 06:45:20 smithi164 ceph-mon[25786]: from='client.? 172.21.15.164:0/2490316884' entity='client.admin' cmd=[{"prefix": "mgr module enable", "module": "cephadm"}]: dispatch
2024-04-24T06:45:20.867 INFO:teuthology.orchestra.run.smithi164.stdout:/usr/bin/ceph: stderr
2024-04-24T06:45:19.756+0000 7f7f2fe00700 1 Processor -- start
2024-04-24T06:45:20.867 INFO:teuthology.orchestra.run.smithi164.stdout:/usr/bin/ceph: stderr
2024-04-24T06:45:19.756+0000 7f7f2fe00700 1 -- start start
2024-04-24T06:45:20.867 INFO:teuthology.orchestra.run.smithi164.stdout:/usr/bin/ceph: stderr
2024-04-24T06:45:19.756+0000 7f7f2fe00700 1 --2- >> [v2:172.21.15.164:3300/0,v1:172.21.15.164:6789/0] conn(0x7f7f3007be80 0x7f7f3007a2e0 unknown :-1 s=NONE pgs=0 cs=0 l=0 rev1=0 crypto rx=0 tx=0 comp rx=0 tx=0).connect
2024-04-24T06:45:20.867 INFO:teuthology.orchestra.run.smithi164.stdout:/usr/bin/ceph: stderr
2024-04-24T06:45:19.756+0000 7f7f2fe00700 1 -- --> [v2:172.21.15.164:3300/0,v1:172.21.15.164:6789/0] -- mon_getmap magic: 0 v1 -- 0x7f7f3007a8b0 con 0x7f7f3007be80
2024-04-24T06:45:20.867 INFO:teuthology.orchestra.run.smithi164.stdout:/usr/bin/ceph: stderr
2024-04-24T06:45:19.757+0000 7f7f2ea00700 1 --2- >> [v2:172.21.15.164:3300/0,v1:172.21.15.164:6789/0] conn(0x7f7f3007be80 0x7f7f3007a2e0 unknown :-1 s=BANNER_CONNECTING pgs=0 cs=0 l=0 rev1=0 crypto rx=0 tx=0 comp rx=0 tx=0)._handle_peer_banner_payload supported=3 required=0
2024-04-24T06:45:20.867 INFO:teuthology.orchestra.run.smithi164.stdout:/usr/bin/ceph: stderr
2024-04-24T06:45:19.757+0000 7f7f2ea00700 1 --2- >> [v2:172.21.15.164:3300/0,v1:172.21.15.164:6789/0] conn(0x7f7f3007be80 0x7f7f3007a2e0 unknown :-1 s=HELLO_CONNECTING pgs=0 cs=0 l=0 rev1=1 crypto rx=0 tx=0 comp rx=0 tx=0).handle_hello peer v2:172.21.15.164:3300/0 says I am v2:172.21.15.164:38692/0 (socket says 172.21.15.164:38692)
2024-04-24T06:45:20.867 INFO:teuthology.orchestra.run.smithi164.stdout:/usr/bin/ceph: stderr
2024-04-24T06:45:19.757+0000 7f7f2ea00700 1 -- 172.21.15.164:0/1982957634 learned_addr learned my addr 172.21.15.164:0/1982957634 (peer_addr_for_me v2:172.21.15.164:0/0)
2024-04-24T06:45:20.867 INFO:teuthology.orchestra.run.smithi164.stdout:/usr/bin/ceph: stderr
2024-04-24T06:45:19.757+0000 7f7f2ea00700 1 -- 172.21.15.164:0/1982957634 --> [v2:172.21.15.164:3300/0,v1:172.21.15.164:6789/0] -- mon_subscribe({config=0+,monmap=0+}) v3 -- 0x7f7f3007a9f0 con 0x7f7f3007be80
2024-04-24T06:45:20.867 INFO:teuthology.orchestra.run.smithi164.stdout:/usr/bin/ceph: stderr
2024-04-24T06:45:19.757+0000 7f7f2ea00700 1 --2- 172.21.15.164:0/1982957634 >> [v2:172.21.15.164:3300/0,v1:172.21.15.164:6789/0] conn(0x7f7f3007be80 0x7f7f3007a2e0 secure :-1 s=READY pgs=22 cs=0 l=1 rev1=1 crypto rx=0x7f7f200098a0 tx=0x7f7f20009bb0 comp rx=0 tx=0).ready entity=mon.0 client_cookie=34e7670bb49fa709 server_cookie=0 in_seq=0 out_seq=0
2024-04-24T06:45:20.867 INFO:teuthology.orchestra.run.smithi164.stdout:/usr/bin/ceph: stderr
2024-04-24T06:45:19.758+0000 7f7f2e000700 1 -- 172.21.15.164:0/1982957634 <== mon.0 v2:172.21.15.164:3300/0 1 ==== mon_map magic: 0 v1 ==== 229+0+0 (secure 0 0 0) 0x7f7f20004180 con 0x7f7f3007be80
2024-04-24T06:45:20.868 INFO:teuthology.orchestra.run.smithi164.stdout:/usr/bin/ceph: stderr
2024-04-24T06:45:19.758+0000 7f7f2e000700 1 -- 172.21.15.164:0/1982957634 <== mon.0 v2:172.21.15.164:3300/0 2 ==== config(27 keys) v1 ==== 1042+0+0 (secure 0 0 0) 0x7f7f200042e0 con 0x7f7f3007be80
2024-04-24T06:45:20.868 INFO:teuthology.orchestra.run.smithi164.stdout:/usr/bin/ceph: stderr
2024-04-24T06:45:19.758+0000 7f7f2e000700 1 -- 172.21.15.164:0/1982957634 <== mon.0 v2:172.21.15.164:3300/0 3 ==== mon_map magic: 0 v1 ==== 229+0+0 (secure 0 0 0) 0x7f7f20011a70 con 0x7f7f3007be80
2024-04-24T06:45:20.868 INFO:teuthology.orchestra.run.smithi164.stdout:/usr/bin/ceph: stderr
2024-04-24T06:45:19.758+0000 7f7f2fe00700 1 -- 172.21.15.164:0/1982957634 >> [v2:172.21.15.164:3300/0,v1:172.21.15.164:6789/0] conn(0x7f7f3007be80 msgr2=0x7f7f3007a2e0 secure :-1 s=STATE_CONNECTION_ESTABLISHED l=1).mark_down
2024-04-24T06:45:20.868 INFO:teuthology.orchestra.run.smithi164.stdout:/usr/bin/ceph: stderr
2024-04-24T06:45:19.758+0000 7f7f2fe00700 1 --2- 172.21.15.164:0/1982957634 >> [v2:172.21.15.164:3300/0,v1:172.21.15.164:6789/0] conn(0x7f7f3007be80 0x7f7f3007a2e0 secure :-1 s=READY pgs=22 cs=0 l=1 rev1=1 crypto rx=0x7f7f200098a0 tx=0x7f7f20009bb0 comp rx=0 tx=0).stop
2024-04-24T06:45:20.868 INFO:teuthology.orchestra.run.smithi164.stdout:/usr/bin/ceph: stderr
2024-04-24T06:45:19.758+0000 7f7f2fe00700 1 -- 172.21.15.164:0/1982957634 shutdown_connections
2024-04-24T06:45:20.868 INFO:teuthology.orchestra.run.smithi164.stdout:/usr/bin/ceph: stderr
2024-04-24T06:45:19.758+0000 7f7f2fe00700 1 --2- 172.21.15.164:0/1982957634 >> [v2:172.21.15.164:3300/0,v1:172.21.15.164:6789/0] conn(0x7f7f3007be80 0x7f7f3007a2e0 unknown :-1 s=CLOSED pgs=22 cs=0 l=1 rev1=1 crypto rx=0 tx=0 comp rx=0 tx=0).stop
2024-04-24T06:45:20.868 INFO:teuthology.orchestra.run.smithi164.stdout:/usr/bin/ceph: stderr
2024-04-24T06:45:19.759+0000 7f7f2fe00700 1 -- 172.21.15.164:0/1982957634 >> 172.21.15.164:0/1982957634 conn(0x7f7f301019a0 msgr2=0x7f7f30103dc0 unknown :-1 s=STATE_NONE l=0).mark_down
2024-04-24T06:45:20.868 INFO:teuthology.orchestra.run.smithi164.stdout:/usr/bin/ceph: stderr
2024-04-24T06:45:19.759+0000 7f7f2fe00700 1 -- 172.21.15.164:0/1982957634 shutdown_connections
2024-04-24T06:45:20.868 INFO:teuthology.orchestra.run.smithi164.stdout:/usr/bin/ceph: stderr
2024-04-24T06:45:19.759+0000 7f7f2fe00700 1 -- 172.21.15.164:0/1982957634 wait complete.
2024-04-24T06:45:20.868 INFO:teuthology.orchestra.run.smithi164.stdout:/usr/bin/ceph: stderr
2024-04-24T06:45:19.760+0000 7f7f2fe00700 1 Processor -- start
2024-04-24T06:45:20.868 INFO:teuthology.orchestra.run.smithi164.stdout:/usr/bin/ceph: stderr
2024-04-24T06:45:19.760+0000 7f7f2fe00700 1 -- start start
2024-04-24T06:45:20.868 INFO:teuthology.orchestra.run.smithi164.stdout:/usr/bin/ceph: stderr
2024-04-24T06:45:19.760+0000 7f7f2fe00700 1 --2- >> [v2:172.21.15.164:3300/0,v1:172.21.15.164:6789/0] conn(0x7f7f3007be80 0x7f7f3019c2b0 unknown :-1 s=NONE pgs=0 cs=0 l=1 rev1=0 crypto rx=0 tx=0 comp rx=0 tx=0).connect
2024-04-24T06:45:20.868 INFO:teuthology.orchestra.run.smithi164.stdout:/usr/bin/ceph: stderr
2024-04-24T06:45:19.760+0000 7f7f2fe00700 1 -- --> [v2:172.21.15.164:3300/0,v1:172.21.15.164:6789/0] -- mon_getmap magic: 0 v1 -- 0x7f7f3019c7f0 con 0x7f7f3007be80
2024-04-24T06:45:20.869 INFO:teuthology.orchestra.run.smithi164.stdout:/usr/bin/ceph: stderr
2024-04-24T06:45:19.760+0000 7f7f2ea00700 1 --2- >> [v2:172.21.15.164:3300/0,v1:172.21.15.164:6789/0] conn(0x7f7f3007be80 0x7f7f3019c2b0 unknown :-1 s=BANNER_CONNECTING pgs=0 cs=0 l=1 rev1=0 crypto rx=0 tx=0 comp rx=0 tx=0)._handle_peer_banner_payload supported=3 required=0
2024-04-24T06:45:20.869 INFO:teuthology.orchestra.run.smithi164.stdout:/usr/bin/ceph: stderr
2024-04-24T06:45:19.760+0000 7f7f2ea00700 1 --2- >> [v2:172.21.15.164:3300/0,v1:172.21.15.164:6789/0] conn(0x7f7f3007be80 0x7f7f3019c2b0 unknown :-1 s=HELLO_CONNECTING pgs=0 cs=0 l=1 rev1=1 crypto rx=0 tx=0 comp rx=0 tx=0).handle_hello peer v2:172.21.15.164:3300/0 says I am v2:172.21.15.164:38702/0 (socket says 172.21.15.164:38702)
2024-04-24T06:45:20.869 INFO:teuthology.orchestra.run.smithi164.stdout:/usr/bin/ceph: stderr
2024-04-24T06:45:19.760+0000 7f7f2ea00700 1 -- 172.21.15.164:0/2490316884 learned_addr learned my addr 172.21.15.164:0/2490316884 (peer_addr_for_me v2:172.21.15.164:0/0)
2024-04-24T06:45:20.869 INFO:teuthology.orchestra.run.smithi164.stdout:/usr/bin/ceph: stderr
2024-04-24T06:45:19.761+0000 7f7f2ea00700 1 -- 172.21.15.164:0/2490316884 --> [v2:172.21.15.164:3300/0,v1:172.21.15.164:6789/0] -- mon_subscribe({config=0+,monmap=0+}) v3 -- 0x7f7f20009550 con 0x7f7f3007be80
2024-04-24T06:45:20.869 INFO:teuthology.orchestra.run.smithi164.stdout:/usr/bin/ceph: stderr
2024-04-24T06:45:19.761+0000 7f7f2ea00700 1 --2- 172.21.15.164:0/2490316884 >> [v2:172.21.15.164:3300/0,v1:172.21.15.164:6789/0] conn(0x7f7f3007be80 0x7f7f3019c2b0 secure :-1 s=READY pgs=23 cs=0 l=1 rev1=1 crypto rx=0x7f7f20006af0 tx=0x7f7f200047c0 comp rx=0 tx=0).ready entity=mon.0 client_cookie=0 server_cookie=0 in_seq=0 out_seq=0
2024-04-24T06:45:20.869 INFO:teuthology.orchestra.run.smithi164.stdout:/usr/bin/ceph: stderr
2024-04-24T06:45:19.761+0000 7f7f34a00700 1 -- 172.21.15.164:0/2490316884 <== mon.0 v2:172.21.15.164:3300/0 1 ==== mon_map magic: 0 v1 ==== 229+0+0 (secure 0 0 0) 0x7f7f20003a00 con 0x7f7f3007be80
2024-04-24T06:45:20.869 INFO:teuthology.orchestra.run.smithi164.stdout:/usr/bin/ceph: stderr
2024-04-24T06:45:19.761+0000 7f7f34a00700 1 -- 172.21.15.164:0/2490316884 <== mon.0 v2:172.21.15.164:3300/0 2 ==== config(27 keys) v1 ==== 1042+0+0 (secure 0 0 0) 0x7f7f20003b60 con 0x7f7f3007be80
2024-04-24T06:45:20.870 INFO:teuthology.orchestra.run.smithi164.stdout:/usr/bin/ceph: stderr
2024-04-24T06:45:19.761+0000 7f7f34a00700 1 -- 172.21.15.164:0/2490316884 <== mon.0 v2:172.21.15.164:3300/0 3 ==== mon_map magic: 0 v1 ==== 229+0+0 (secure 0 0 0) 0x7f7f20023750 con 0x7f7f3007be80
2024-04-24T06:45:20.870 INFO:teuthology.orchestra.run.smithi164.stdout:/usr/bin/ceph: stderr
2024-04-24T06:45:19.761+0000 7f7f2fe00700 1 -- 172.21.15.164:0/2490316884 --> [v2:172.21.15.164:3300/0,v1:172.21.15.164:6789/0] -- mon_subscribe({mgrmap=0+}) v3 -- 0x7f7f3019c9f0 con 0x7f7f3007be80
2024-04-24T06:45:20.870 INFO:teuthology.orchestra.run.smithi164.stdout:/usr/bin/ceph: stderr
2024-04-24T06:45:19.762+0000 7f7f2fe00700 1 -- 172.21.15.164:0/2490316884 --> [v2:172.21.15.164:3300/0,v1:172.21.15.164:6789/0] -- mon_subscribe({osdmap=0}) v3 -- 0x7f7f3019ce90 con 0x7f7f3007be80
2024-04-24T06:45:20.870 INFO:teuthology.orchestra.run.smithi164.stdout:/usr/bin/ceph: stderr
2024-04-24T06:45:19.763+0000 7f7f34a00700 1 -- 172.21.15.164:0/2490316884 <== mon.0 v2:172.21.15.164:3300/0 4 ==== mgrmap(e 4) v1 ==== 45545+0+0 (secure 0 0 0) 0x7f7f20023980 con 0x7f7f3007be80
2024-04-24T06:45:20.870 INFO:teuthology.orchestra.run.smithi164.stdout:/usr/bin/ceph: stderr
2024-04-24T06:45:19.763+0000 7f7f2fe00700 1 -- 172.21.15.164:0/2490316884 --> [v2:172.21.15.164:3300/0,v1:172.21.15.164:6789/0] -- mon_command({"prefix": "get_command_descriptions"} v 0) v1 -- 0x7f7f3010c720 con 0x7f7f3007be80
2024-04-24T06:45:20.870 INFO:teuthology.orchestra.run.smithi164.stdout:/usr/bin/ceph: stderr
2024-04-24T06:45:19.763+0000 7f7f34a00700 1 --2- 172.21.15.164:0/2490316884 >> [v2:172.21.15.164:6800/3172138675,v1:172.21.15.164:6801/3172138675] conn(0x7f7f140387e0 0x7f7f1403aca0 unknown :-1 s=NONE pgs=0 cs=0 l=1 rev1=0 crypto rx=0 tx=0 comp rx=0 tx=0).connect
2024-04-24T06:45:20.870 INFO:teuthology.orchestra.run.smithi164.stdout:/usr/bin/ceph: stderr
2024-04-24T06:45:19.764+0000 7f7f34a00700 1 -- 172.21.15.164:0/2490316884 <== mon.0 v2:172.21.15.164:3300/0 5 ==== osd_map(1..1 src has 1..1) v4 ==== 725+0+0 (secure 0 0 0) 0x7f7f2004c980 con 0x7f7f3007be80
2024-04-24T06:45:20.871 INFO:teuthology.orchestra.run.smithi164.stdout:/usr/bin/ceph: stderr
2024-04-24T06:45:19.764+0000 7f7f26000700 1 --2- 172.21.15.164:0/2490316884 >> [v2:172.21.15.164:6800/3172138675,v1:172.21.15.164:6801/3172138675] conn(0x7f7f140387e0 0x7f7f1403aca0 unknown :-1 s=BANNER_CONNECTING pgs=0 cs=0 l=1 rev1=0 crypto rx=0 tx=0 comp rx=0 tx=0)._handle_peer_banner_payload supported=3 required=0
2024-04-24T06:45:20.871 INFO:teuthology.orchestra.run.smithi164.stdout:/usr/bin/ceph: stderr
2024-04-24T06:45:19.765+0000 7f7f26000700 1 --2- 172.21.15.164:0/2490316884 >> [v2:172.21.15.164:6800/3172138675,v1:172.21.15.164:6801/3172138675] conn(0x7f7f140387e0 0x7f7f1403aca0 secure :-1 s=READY pgs=8 cs=0 l=1 rev1=1 crypto rx=0x7f7f1800ad30 tx=0x7f7f180093f0 comp rx=0 tx=0).ready entity=mgr.14100 client_cookie=0 server_cookie=0 in_seq=0 out_seq=0
2024-04-24T06:45:20.871 INFO:teuthology.orchestra.run.smithi164.stdout:/usr/bin/ceph: stderr
2024-04-24T06:45:19.769+0000 7f7f34a00700 1 -- 172.21.15.164:0/2490316884 <== mon.0 v2:172.21.15.164:3300/0 6 ==== mon_command_ack([{"prefix": "get_command_descriptions"}]=0 v0) v1 ==== 72+0+183351 (secure 0 0 0) 0x7f7f2002b760 con 0x7f7f3007be80
2024-04-24T06:45:20.871 INFO:teuthology.orchestra.run.smithi164.stdout:/usr/bin/ceph: stderr
2024-04-24T06:45:20.047+0000 7f7f2fe00700 1 -- 172.21.15.164:0/2490316884 --> [v2:172.21.15.164:3300/0,v1:172.21.15.164:6789/0] -- mon_command({"prefix": "mgr module enable", "module": "cephadm"} v 0) v1 -- 0x7f7f3010c960 con 0x7f7f3007be80
2024-04-24T06:45:20.871 INFO:teuthology.orchestra.run.smithi164.stdout:/usr/bin/ceph: stderr
2024-04-24T06:45:20.104+0000 7f7f34a00700 1 -- 172.21.15.164:0/2490316884 <== mon.0 v2:172.21.15.164:3300/0 7 ==== mgrmap(e 5) v1 ==== 45556+0+0 (secure 0 0 0) 0x7f7f2001b440 con 0x7f7f3007be80
2024-04-24T06:45:20.871 INFO:teuthology.orchestra.run.smithi164.stdout:/usr/bin/ceph: stderr
2024-04-24T06:45:20.106+0000 7f7f34a00700 1 -- 172.21.15.164:0/2490316884 <== mon.0 v2:172.21.15.164:3300/0 8 ==== mon_command_ack([{"prefix": "mgr module enable", "module": "cephadm"}]=0 v5) v1 ==== 86+0+0 (secure 0 0 0) 0x7f7f2001b960 con 0x7f7f3007be80
2024-04-24T06:45:20.871 INFO:teuthology.orchestra.run.smithi164.stdout:/usr/bin/ceph: stderr
2024-04-24T06:45:20.109+0000 7f7f2fe00700 1 -- 172.21.15.164:0/2490316884 >> [v2:172.21.15.164:6800/3172138675,v1:172.21.15.164:6801/3172138675] conn(0x7f7f140387e0 msgr2=0x7f7f1403aca0 secure :-1 s=STATE_CONNECTION_ESTABLISHED l=1).mark_down
2024-04-24T06:45:20.871 INFO:teuthology.orchestra.run.smithi164.stdout:/usr/bin/ceph: stderr
2024-04-24T06:45:20.109+0000 7f7f2fe00700 1 --2- 172.21.15.164:0/2490316884 >> [v2:172.21.15.164:6800/3172138675,v1:172.21.15.164:6801/3172138675] conn(0x7f7f140387e0 0x7f7f1403aca0 secure :-1 s=READY pgs=8 cs=0 l=1 rev1=1 crypto rx=0x7f7f1800ad30 tx=0x7f7f180093f0 comp rx=0 tx=0).stop
2024-04-24T06:45:20.871 INFO:teuthology.orchestra.run.smithi164.stdout:/usr/bin/ceph: stderr
2024-04-24T06:45:20.109+0000 7f7f2fe00700 1 -- 172.21.15.164:0/2490316884 >> [v2:172.21.15.164:3300/0,v1:172.21.15.164:6789/0] conn(0x7f7f3007be80 msgr2=0x7f7f3019c2b0 secure :-1 s=STATE_CONNECTION_ESTABLISHED l=1).mark_down
2024-04-24T06:45:20.871 INFO:teuthology.orchestra.run.smithi164.stdout:/usr/bin/ceph: stderr
2024-04-24T06:45:20.109+0000 7f7f2fe00700 1 --2- 172.21.15.164:0/2490316884 >> [v2:172.21.15.164:3300/0,v1:172.21.15.164:6789/0] conn(0x7f7f3007be80 0x7f7f3019c2b0 secure :-1 s=READY pgs=23 cs=0 l=1 rev1=1 crypto rx=0x7f7f20006af0 tx=0x7f7f200047c0 comp rx=0 tx=0).stop
2024-04-24T06:45:20.871 INFO:teuthology.orchestra.run.smithi164.stdout:/usr/bin/ceph: stderr
2024-04-24T06:45:20.109+0000 7f7f2fe00700 1 -- 172.21.15.164:0/2490316884 shutdown_connections
2024-04-24T06:45:20.871 INFO:teuthology.orchestra.run.smithi164.stdout:/usr/bin/ceph: stderr
2024-04-24T06:45:20.109+0000 7f7f2fe00700 1 --2- 172.21.15.164:0/2490316884 >> [v2:172.21.15.164:6800/3172138675,v1:172.21.15.164:6801/3172138675] conn(0x7f7f140387e0 0x7f7f1403aca0 unknown :-1 s=CLOSED pgs=8 cs=0 l=1 rev1=1 crypto rx=0 tx=0 comp rx=0 tx=0).stop
2024-04-24T06:45:20.871 INFO:teuthology.orchestra.run.smithi164.stdout:/usr/bin/ceph: stderr
2024-04-24T06:45:20.109+0000 7f7f2fe00700 1 --2- 172.21.15.164:0/2490316884 >> [v2:172.21.15.164:3300/0,v1:172.21.15.164:6789/0] conn(0x7f7f3007be80 0x7f7f3019c2b0 unknown :-1 s=CLOSED pgs=23 cs=0 l=1 rev1=1 crypto rx=0 tx=0 comp rx=0 tx=0).stop
2024-04-24T06:45:20.872 INFO:teuthology.orchestra.run.smithi164.stdout:/usr/bin/ceph: stderr
2024-04-24T06:45:20.109+0000 7f7f2fe00700 1 -- 172.21.15.164:0/2490316884 >> 172.21.15.164:0/2490316884 conn(0x7f7f301019a0 msgr2=0x7f7f30102500 unknown :-1 s=STATE_NONE l=0).mark_down
2024-04-24T06:45:20.872 INFO:teuthology.orchestra.run.smithi164.stdout:/usr/bin/ceph: stderr
2024-04-24T06:45:20.109+0000 7f7f2fe00700 1 -- 172.21.15.164:0/2490316884 shutdown_connections
2024-04-24T06:45:20.872 INFO:teuthology.orchestra.run.smithi164.stdout:/usr/bin/ceph: stderr
2024-04-24T06:45:20.109+0000 7f7f2fe00700 1 -- 172.21.15.164:0/2490316884 wait complete.
2024-04-24T06:45:21.314 INFO:journalctl@ceph.mon.smithi164.smithi164.stdout:Apr 24 06:45:21 smithi164 ceph-mon[25786]: from='client.? 172.21.15.164:0/2490316884' entity='client.admin' cmd='[{"prefix": "mgr module enable", "module": "cephadm"}]': finished
2024-04-24T06:45:21.314 INFO:journalctl@ceph.mon.smithi164.smithi164.stdout:Apr 24 06:45:21 smithi164 ceph-mon[25786]: mgrmap e5: smithi164.hdftnm(active, since 5s)
2024-04-24T06:45:22.484 INFO:journalctl@ceph.mon.smithi164.smithi164.stdout:Apr 24 06:45:22 smithi164 ceph-mon[25786]: from='client.? 172.21.15.164:0/1572776826' entity='client.admin' cmd=[{"prefix": "mgr stat"}]: dispatch
2024-04-24T06:45:22.509 INFO:teuthology.orchestra.run.smithi164.stdout:/usr/bin/ceph: stdout {
2024-04-24T06:45:22.509 INFO:teuthology.orchestra.run.smithi164.stdout:/usr/bin/ceph: stdout "epoch": 5,
2024-04-24T06:45:22.509 INFO:teuthology.orchestra.run.smithi164.stdout:/usr/bin/ceph: stdout "available": true,
2024-04-24T06:45:22.509 INFO:teuthology.orchestra.run.smithi164.stdout:/usr/bin/ceph: stdout "active_name": "smithi164.hdftnm",
2024-04-24T06:45:22.509 INFO:teuthology.orchestra.run.smithi164.stdout:/usr/bin/ceph: stdout "num_standby": 0
2024-04-24T06:45:22.509 INFO:teuthology.orchestra.run.smithi164.stdout:/usr/bin/ceph: stdout }
2024-04-24T06:45:22.509 INFO:teuthology.orchestra.run.smithi164.stdout:/usr/bin/ceph: stderr
2024-04-24T06:45:21.471+0000 7fe88ce00700 1 Processor -- start
2024-04-24T06:45:22.510 INFO:teuthology.orchestra.run.smithi164.stdout:/usr/bin/ceph: stderr
2024-04-24T06:45:21.471+0000 7fe88ce00700 1 -- start start
2024-04-24T06:45:22.510 INFO:teuthology.orchestra.run.smithi164.stdout:/usr/bin/ceph: stderr
2024-04-24T06:45:21.471+0000 7fe88ce00700 1 --2- >> [v2:172.21.15.164:3300/0,v1:172.21.15.164:6789/0] conn(0x7fe8881065c0 0x7fe8881069e0 unknown :-1 s=NONE pgs=0 cs=0 l=0 rev1=0 crypto rx=0 tx=0 comp rx=0 tx=0).connect
2024-04-24T06:45:22.510 INFO:teuthology.orchestra.run.smithi164.stdout:/usr/bin/ceph: stderr
2024-04-24T06:45:21.471+0000 7fe88ce00700 1 -- --> [v2:172.21.15.164:3300/0,v1:172.21.15.164:6789/0] -- mon_getmap magic: 0 v1 -- 0x7fe888106fb0 con 0x7fe8881065c0
2024-04-24T06:45:22.510 INFO:teuthology.orchestra.run.smithi164.stdout:/usr/bin/ceph: stderr
2024-04-24T06:45:21.472+0000 7fe885e00700 1 --2- >> [v2:172.21.15.164:3300/0,v1:172.21.15.164:6789/0] conn(0x7fe8881065c0 0x7fe8881069e0 unknown :-1 s=BANNER_CONNECTING pgs=0 cs=0 l=0 rev1=0 crypto rx=0 tx=0 comp rx=0 tx=0)._handle_peer_banner_payload supported=3 required=0
2024-04-24T06:45:22.510 INFO:teuthology.orchestra.run.smithi164.stdout:/usr/bin/ceph: stderr
2024-04-24T06:45:21.472+0000 7fe885e00700 1 --2- >> [v2:172.21.15.164:3300/0,v1:172.21.15.164:6789/0] conn(0x7fe8881065c0 0x7fe8881069e0 unknown :-1 s=HELLO_CONNECTING pgs=0 cs=0 l=0 rev1=1 crypto rx=0 tx=0 comp rx=0 tx=0).handle_hello peer v2:172.21.15.164:3300/0 says I am v2:172.21.15.164:38738/0 (socket says 172.21.15.164:38738)
2024-04-24T06:45:22.510 INFO:teuthology.orchestra.run.smithi164.stdout:/usr/bin/ceph: stderr
2024-04-24T06:45:21.472+0000 7fe885e00700 1 -- 172.21.15.164:0/1359885079 learned_addr learned my addr 172.21.15.164:0/1359885079 (peer_addr_for_me v2:172.21.15.164:0/0)
2024-04-24T06:45:22.510 INFO:teuthology.orchestra.run.smithi164.stdout:/usr/bin/ceph: stderr
2024-04-24T06:45:21.472+0000 7fe885e00700 1 -- 172.21.15.164:0/1359885079 --> [v2:172.21.15.164:3300/0,v1:172.21.15.164:6789/0] -- mon_subscribe({config=0+,monmap=0+}) v3 -- 0x7fe8881077c0 con 0x7fe8881065c0
2024-04-24T06:45:22.510 INFO:teuthology.orchestra.run.smithi164.stdout:/usr/bin/ceph: stderr
2024-04-24T06:45:21.473+0000 7fe885e00700 1 --2- 172.21.15.164:0/1359885079 >> [v2:172.21.15.164:3300/0,v1:172.21.15.164:6789/0] conn(0x7fe8881065c0 0x7fe8881069e0 secure :-1 s=READY pgs=26 cs=0 l=1 rev1=1 crypto rx=0x7fe8780098a0 tx=0x7fe878009bb0 comp rx=0 tx=0).ready entity=mon.0 client_cookie=1c0f72a90423fe49 server_cookie=0 in_seq=0 out_seq=0
2024-04-24T06:45:22.510 INFO:teuthology.orchestra.run.smithi164.stdout:/usr/bin/ceph: stderr
2024-04-24T06:45:21.473+0000 7fe884a00700 1 -- 172.21.15.164:0/1359885079 <== mon.0 v2:172.21.15.164:3300/0 1 ==== mon_map magic: 0 v1 ==== 229+0+0 (secure 0 0 0) 0x7fe878004180 con 0x7fe8881065c0
2024-04-24T06:45:22.510 INFO:teuthology.orchestra.run.smithi164.stdout:/usr/bin/ceph: stderr
2024-04-24T06:45:21.473+0000 7fe884a00700 1 -- 172.21.15.164:0/1359885079 <== mon.0 v2:172.21.15.164:3300/0 2 ==== config(27 keys) v1 ==== 1042+0+0 (secure 0 0 0) 0x7fe8780042e0 con 0x7fe8881065c0
2024-04-24T06:45:22.510 INFO:teuthology.orchestra.run.smithi164.stdout:/usr/bin/ceph: stderr
2024-04-24T06:45:21.473+0000 7fe884a00700 1 -- 172.21.15.164:0/1359885079 <== mon.0 v2:172.21.15.164:3300/0 3 ==== mon_map magic: 0 v1 ==== 229+0+0 (secure 0 0 0) 0x7fe878011a70 con 0x7fe8881065c0
2024-04-24T06:45:22.510 INFO:teuthology.orchestra.run.smithi164.stdout:/usr/bin/ceph: stderr
2024-04-24T06:45:21.474+0000 7fe88ce00700 1 -- 172.21.15.164:0/1359885079 >> [v2:172.21.15.164:3300/0,v1:172.21.15.164:6789/0] conn(0x7fe8881065c0 msgr2=0x7fe8881069e0 secure :-1 s=STATE_CONNECTION_ESTABLISHED l=1).mark_down
2024-04-24T06:45:22.511 INFO:teuthology.orchestra.run.smithi164.stdout:/usr/bin/ceph: stderr
2024-04-24T06:45:21.474+0000 7fe88ce00700 1 --2- 172.21.15.164:0/1359885079 >> [v2:172.21.15.164:3300/0,v1:172.21.15.164:6789/0] conn(0x7fe8881065c0 0x7fe8881069e0 secure :-1 s=READY pgs=26 cs=0 l=1 rev1=1 crypto rx=0x7fe8780098a0 tx=0x7fe878009bb0 comp rx=0 tx=0).stop
2024-04-24T06:45:22.511 INFO:teuthology.orchestra.run.smithi164.stdout:/usr/bin/ceph: stderr
2024-04-24T06:45:21.474+0000 7fe88ce00700 1 -- 172.21.15.164:0/1359885079 shutdown_connections
2024-04-24T06:45:22.511 INFO:teuthology.orchestra.run.smithi164.stdout:/usr/bin/ceph: stderr
2024-04-24T06:45:21.474+0000 7fe88ce00700 1 --2- 172.21.15.164:0/1359885079 >> [v2:172.21.15.164:3300/0,v1:172.21.15.164:6789/0] conn(0x7fe8881065c0 0x7fe8881069e0 unknown :-1 s=CLOSED pgs=26 cs=0 l=1 rev1=1 crypto rx=0 tx=0 comp rx=0 tx=0).stop
2024-04-24T06:45:22.511 INFO:teuthology.orchestra.run.smithi164.stdout:/usr/bin/ceph: stderr
2024-04-24T06:45:21.474+0000 7fe88ce00700 1 -- 172.21.15.164:0/1359885079 >> 172.21.15.164:0/1359885079 conn(0x7fe888101be0 msgr2=0x7fe888104000 unknown :-1 s=STATE_NONE l=0).mark_down
2024-04-24T06:45:22.511 INFO:teuthology.orchestra.run.smithi164.stdout:/usr/bin/ceph: stderr
2024-04-24T06:45:21.474+0000 7fe88ce00700 1 -- 172.21.15.164:0/1359885079 shutdown_connections
2024-04-24T06:45:22.511 INFO:teuthology.orchestra.run.smithi164.stdout:/usr/bin/ceph: stderr
2024-04-24T06:45:21.474+0000 7fe88ce00700 1 -- 172.21.15.164:0/1359885079 wait complete.
2024-04-24T06:45:22.511 INFO:teuthology.orchestra.run.smithi164.stdout:/usr/bin/ceph: stderr
2024-04-24T06:45:21.475+0000 7fe88ce00700 1 Processor -- start
2024-04-24T06:45:22.511 INFO:teuthology.orchestra.run.smithi164.stdout:/usr/bin/ceph: stderr
2024-04-24T06:45:21.475+0000 7fe88ce00700 1 -- start start
2024-04-24T06:45:22.511 INFO:teuthology.orchestra.run.smithi164.stdout:/usr/bin/ceph: stderr
2024-04-24T06:45:21.475+0000 7fe88ce00700 1 --2- >> [v2:172.21.15.164:3300/0,v1:172.21.15.164:6789/0] conn(0x7fe8881065c0 0x7fe88807bb40 unknown :-1 s=NONE pgs=0 cs=0 l=1 rev1=0 crypto rx=0 tx=0 comp rx=0 tx=0).connect
2024-04-24T06:45:22.511 INFO:teuthology.orchestra.run.smithi164.stdout:/usr/bin/ceph: stderr
2024-04-24T06:45:21.476+0000 7fe88ce00700 1 -- --> [v2:172.21.15.164:3300/0,v1:172.21.15.164:6789/0] -- mon_getmap magic: 0 v1 -- 0x7fe88807c080 con 0x7fe8881065c0
2024-04-24T06:45:22.511 INFO:teuthology.orchestra.run.smithi164.stdout:/usr/bin/ceph: stderr
2024-04-24T06:45:21.476+0000 7fe885e00700 1 --2- >> [v2:172.21.15.164:3300/0,v1:172.21.15.164:6789/0] conn(0x7fe8881065c0 0x7fe88807bb40 unknown :-1 s=BANNER_CONNECTING pgs=0 cs=0 l=1 rev1=0 crypto rx=0 tx=0 comp rx=0 tx=0)._handle_peer_banner_payload supported=3 required=0
2024-04-24T06:45:22.511 INFO:teuthology.orchestra.run.smithi164.stdout:/usr/bin/ceph: stderr
2024-04-24T06:45:21.476+0000 7fe885e00700 1 --2- >> [v2:172.21.15.164:3300/0,v1:172.21.15.164:6789/0] conn(0x7fe8881065c0 0x7fe88807bb40 unknown :-1 s=HELLO_CONNECTING pgs=0 cs=0 l=1 rev1=1 crypto rx=0 tx=0 comp rx=0 tx=0).handle_hello peer v2:172.21.15.164:3300/0 says I am v2:172.21.15.164:38754/0 (socket says 172.21.15.164:38754)
2024-04-24T06:45:22.511 INFO:teuthology.orchestra.run.smithi164.stdout:/usr/bin/ceph: stderr
2024-04-24T06:45:21.476+0000 7fe885e00700 1 -- 172.21.15.164:0/1572776826 learned_addr learned my addr 172.21.15.164:0/1572776826 (peer_addr_for_me v2:172.21.15.164:0/0)
2024-04-24T06:45:22.512 INFO:teuthology.orchestra.run.smithi164.stdout:/usr/bin/ceph: stderr
2024-04-24T06:45:21.476+0000 7fe885e00700 1 -- 172.21.15.164:0/1572776826 --> [v2:172.21.15.164:3300/0,v1:172.21.15.164:6789/0] -- mon_subscribe({config=0+,monmap=0+}) v3 -- 0x7fe878009550 con 0x7fe8881065c0
2024-04-24T06:45:22.512 INFO:teuthology.orchestra.run.smithi164.stdout:/usr/bin/ceph: stderr
2024-04-24T06:45:21.476+0000 7fe885e00700 1 --2- 172.21.15.164:0/1572776826 >> [v2:172.21.15.164:3300/0,v1:172.21.15.164:6789/0] conn(0x7fe8881065c0 0x7fe88807bb40 secure :-1 s=READY pgs=27 cs=0 l=1 rev1=1 crypto rx=0x7fe878011710 tx=0x7fe8780047c0 comp rx=0 tx=0).ready entity=mon.0 client_cookie=0 server_cookie=0 in_seq=0 out_seq=0
2024-04-24T06:45:22.512 INFO:teuthology.orchestra.run.smithi164.stdout:/usr/bin/ceph: stderr
2024-04-24T06:45:21.477+0000 7fe87ea00700 1 -- 172.21.15.164:0/1572776826 <== mon.0 v2:172.21.15.164:3300/0 1 ==== mon_map magic: 0 v1 ==== 229+0+0 (secure 0 0 0) 0x7fe878003b10 con 0x7fe8881065c0
2024-04-24T06:45:22.512 INFO:teuthology.orchestra.run.smithi164.stdout:/usr/bin/ceph: stderr
2024-04-24T06:45:21.477+0000 7fe87ea00700 1 -- 172.21.15.164:0/1572776826 <== mon.0 v2:172.21.15.164:3300/0 2 ==== config(27 keys) v1 ==== 1042+0+0 (secure 0 0 0) 0x7fe87801b8c0 con 0x7fe8881065c0
2024-04-24T06:45:22.512 INFO:teuthology.orchestra.run.smithi164.stdout:/usr/bin/ceph: stderr
2024-04-24T06:45:21.477+0000 7fe87ea00700 1 -- 172.21.15.164:0/1572776826 <== mon.0 v2:172.21.15.164:3300/0 3 ==== mon_map magic: 0 v1 ==== 229+0+0 (secure 0 0 0) 0x7fe878019770 con 0x7fe8881065c0
2024-04-24T06:45:22.512 INFO:teuthology.orchestra.run.smithi164.stdout:/usr/bin/ceph: stderr
2024-04-24T06:45:21.477+0000 7fe88ce00700 1 -- 172.21.15.164:0/1572776826 --> [v2:172.21.15.164:3300/0,v1:172.21.15.164:6789/0] -- mon_subscribe({mgrmap=0+}) v3 -- 0x7fe88807a2c0 con 0x7fe8881065c0
2024-04-24T06:45:22.512 INFO:teuthology.orchestra.run.smithi164.stdout:/usr/bin/ceph: stderr
2024-04-24T06:45:21.477+0000 7fe88ce00700 1 -- 172.21.15.164:0/1572776826 --> [v2:172.21.15.164:3300/0,v1:172.21.15.164:6789/0] -- mon_subscribe({osdmap=0}) v3 -- 0x7fe88807a760 con 0x7fe8881065c0
2024-04-24T06:45:22.512 INFO:teuthology.orchestra.run.smithi164.stdout:/usr/bin/ceph: stderr
2024-04-24T06:45:21.478+0000 7fe87ea00700 1 -- 172.21.15.164:0/1572776826 <== mon.0 v2:172.21.15.164:3300/0 4 ==== mgrmap(e 5) v1 ==== 45556+0+0 (secure 0 0 0) 0x7fe8780199f0 con 0x7fe8881065c0
2024-04-24T06:45:22.512 INFO:teuthology.orchestra.run.smithi164.stdout:/usr/bin/ceph: stderr
2024-04-24T06:45:21.478+0000 7fe88ce00700 1 -- 172.21.15.164:0/1572776826 --> [v2:172.21.15.164:3300/0,v1:172.21.15.164:6789/0] -- mon_command({"prefix": "get_command_descriptions"} v 0) v1 -- 0x7fe888062510 con 0x7fe8881065c0
2024-04-24T06:45:22.512 INFO:teuthology.orchestra.run.smithi164.stdout:/usr/bin/ceph: stderr
2024-04-24T06:45:21.479+0000 7fe87ea00700 1 --2- 172.21.15.164:0/1572776826 >> [v2:172.21.15.164:6800/3172138675,v1:172.21.15.164:6801/3172138675] conn(0x7fe86c038720 0x7fe86c03abe0 unknown :-1 s=NONE pgs=0 cs=0 l=1 rev1=0 crypto rx=0 tx=0 comp rx=0 tx=0).connect
2024-04-24T06:45:22.512 INFO:teuthology.orchestra.run.smithi164.stdout:/usr/bin/ceph: stderr
2024-04-24T06:45:21.479+0000 7fe87ea00700 1 -- 172.21.15.164:0/1572776826 <== mon.0 v2:172.21.15.164:3300/0 5 ==== osd_map(1..1 src has 1..1) v4 ==== 725+0+0 (secure 0 0 0) 0x7fe87804caa0 con 0x7fe8881065c0
2024-04-24T06:45:22.512 INFO:teuthology.orchestra.run.smithi164.stdout:/usr/bin/ceph: stderr
2024-04-24T06:45:21.479+0000 7fe885400700 1 -- 172.21.15.164:0/1572776826 >> [v2:172.21.15.164:6800/3172138675,v1:172.21.15.164:6801/3172138675] conn(0x7fe86c038720 msgr2=0x7fe86c03abe0 unknown :-1 s=STATE_CONNECTING_RE l=1).process reconnect failed to v2:172.21.15.164:6800/3172138675
2024-04-24T06:45:22.512 INFO:teuthology.orchestra.run.smithi164.stdout:/usr/bin/ceph: stderr
2024-04-24T06:45:21.479+0000 7fe885400700 1 --2- 172.21.15.164:0/1572776826 >> [v2:172.21.15.164:6800/3172138675,v1:172.21.15.164:6801/3172138675] conn(0x7fe86c038720 0x7fe86c03abe0 unknown :-1 s=START_CONNECT pgs=0 cs=0 l=1 rev1=0 crypto rx=0 tx=0 comp rx=0 tx=0)._fault waiting 0.200000
2024-04-24T06:45:22.512 INFO:teuthology.orchestra.run.smithi164.stdout:/usr/bin/ceph: stderr
2024-04-24T06:45:21.487+0000 7fe87ea00700 1 -- 172.21.15.164:0/1572776826 <== mon.0 v2:172.21.15.164:3300/0 6 ==== mon_command_ack([{"prefix": "get_command_descriptions"}]=0 v0) v1 ==== 72+0+183351 (secure 0 0 0) 0x7fe878018db0 con 0x7fe8881065c0
2024-04-24T06:45:22.513 INFO:teuthology.orchestra.run.smithi164.stdout:/usr/bin/ceph: stderr
2024-04-24T06:45:21.680+0000 7fe885400700 1 -- 172.21.15.164:0/1572776826 >> [v2:172.21.15.164:6800/3172138675,v1:172.21.15.164:6801/3172138675] conn(0x7fe86c038720 msgr2=0x7fe86c03abe0 unknown :-1 s=STATE_CONNECTING_RE l=1).process reconnect failed to v2:172.21.15.164:6800/3172138675
2024-04-24T06:45:22.513 INFO:teuthology.orchestra.run.smithi164.stdout:/usr/bin/ceph: stderr
2024-04-24T06:45:21.680+0000 7fe885400700 1 --2- 172.21.15.164:0/1572776826 >> [v2:172.21.15.164:6800/3172138675,v1:172.21.15.164:6801/3172138675] conn(0x7fe86c038720 0x7fe86c03abe0 unknown :-1 s=START_CONNECT pgs=0 cs=0 l=1 rev1=0 crypto rx=0 tx=0 comp rx=0 tx=0)._fault waiting 0.400000
2024-04-24T06:45:22.513 INFO:teuthology.orchestra.run.smithi164.stdout:/usr/bin/ceph: stderr
2024-04-24T06:45:21.769+0000 7fe88ce00700 1 -- 172.21.15.164:0/1572776826 --> [v2:172.21.15.164:3300/0,v1:172.21.15.164:6789/0] -- mon_command({"prefix": "mgr stat"} v 0) v1 -- 0x7fe88810a9f0 con 0x7fe8881065c0
2024-04-24T06:45:22.513 INFO:teuthology.orchestra.run.smithi164.stdout:/usr/bin/ceph: stderr
2024-04-24T06:45:21.770+0000 7fe87ea00700 1 -- 172.21.15.164:0/1572776826 <== mon.0 v2:172.21.15.164:3300/0 7 ==== mon_command_ack([{"prefix": "mgr stat"}]=0 v5) v1 ==== 56+0+103 (secure 0 0 0) 0x7fe878018350 con 0x7fe8881065c0
2024-04-24T06:45:22.513 INFO:teuthology.orchestra.run.smithi164.stdout:/usr/bin/ceph: stderr
2024-04-24T06:45:21.773+0000 7fe88ce00700 1 -- 172.21.15.164:0/1572776826 >> [v2:172.21.15.164:6800/3172138675,v1:172.21.15.164:6801/3172138675] conn(0x7fe86c038720 msgr2=0x7fe86c03abe0 unknown :-1 s=STATE_CONNECTING l=1).mark_down
2024-04-24T06:45:22.513 INFO:teuthology.orchestra.run.smithi164.stdout:/usr/bin/ceph: stderr
2024-04-24T06:45:21.773+0000 7fe88ce00700 1 --2- 172.21.15.164:0/1572776826 >> [v2:172.21.15.164:6800/3172138675,v1:172.21.15.164:6801/3172138675] conn(0x7fe86c038720 0x7fe86c03abe0 unknown :-1 s=START_CONNECT pgs=0 cs=0 l=1 rev1=0 crypto rx=0 tx=0 comp rx=0 tx=0).stop
2024-04-24T06:45:22.513 INFO:teuthology.orchestra.run.smithi164.stdout:/usr/bin/ceph: stderr
2024-04-24T06:45:21.773+0000 7fe88ce00700 1 -- 172.21.15.164:0/1572776826 >> [v2:172.21.15.164:3300/0,v1:172.21.15.164:6789/0] conn(0x7fe8881065c0 msgr2=0x7fe88807bb40 secure :-1 s=STATE_CONNECTION_ESTABLISHED l=1).mark_down
2024-04-24T06:45:22.513 INFO:teuthology.orchestra.run.smithi164.stdout:/usr/bin/ceph: stderr
2024-04-24T06:45:21.773+0000 7fe88ce00700 1 --2- 172.21.15.164:0/1572776826 >> [v2:172.21.15.164:3300/0,v1:172.21.15.164:6789/0] conn(0x7fe8881065c0 0x7fe88807bb40 secure :-1 s=READY pgs=27 cs=0 l=1 rev1=1 crypto rx=0x7fe878011710 tx=0x7fe8780047c0 comp rx=0 tx=0).stop
2024-04-24T06:45:22.513 INFO:teuthology.orchestra.run.smithi164.stdout:/usr/bin/ceph: stderr
2024-04-24T06:45:21.774+0000 7fe88ce00700 1 -- 172.21.15.164:0/1572776826 shutdown_connections
2024-04-24T06:45:22.513 INFO:teuthology.orchestra.run.smithi164.stdout:/usr/bin/ceph: stderr
2024-04-24T06:45:21.774+0000 7fe88ce00700 1 --2- 172.21.15.164:0/1572776826 >> [v2:172.21.15.164:6800/3172138675,v1:172.21.15.164:6801/3172138675] conn(0x7fe86c038720 0x7fe86c03abe0 unknown :-1 s=CLOSED pgs=0 cs=0 l=1 rev1=0 crypto rx=0 tx=0 comp rx=0 tx=0).stop
2024-04-24T06:45:22.513 INFO:teuthology.orchestra.run.smithi164.stdout:/usr/bin/ceph: stderr
2024-04-24T06:45:21.774+0000 7fe88ce00700 1 --2- 172.21.15.164:0/1572776826 >> [v2:172.21.15.164:3300/0,v1:172.21.15.164:6789/0] conn(0x7fe8881065c0 0x7fe88807bb40 unknown :-1 s=CLOSED pgs=27 cs=0 l=1 rev1=1 crypto rx=0 tx=0 comp rx=0 tx=0).stop
2024-04-24T06:45:22.513 INFO:teuthology.orchestra.run.smithi164.stdout:/usr/bin/ceph: stderr
2024-04-24T06:45:21.774+0000 7fe88ce00700 1 -- 172.21.15.164:0/1572776826 >> 172.21.15.164:0/1572776826 conn(0x7fe888101be0 msgr2=0x7fe8881026a0 unknown :-1 s=STATE_NONE l=0).mark_down
2024-04-24T06:45:22.513 INFO:teuthology.orchestra.run.smithi164.stdout:/usr/bin/ceph: stderr
2024-04-24T06:45:21.775+0000 7fe88ce00700 1 -- 172.21.15.164:0/1572776826 shutdown_connections
2024-04-24T06:45:22.514 INFO:teuthology.orchestra.run.smithi164.stdout:/usr/bin/ceph: stderr
2024-04-24T06:45:21.775+0000 7fe88ce00700 1 -- 172.21.15.164:0/1572776826 wait complete.
2024-04-24T06:45:22.514 INFO:teuthology.orchestra.run.smithi164.stdout:Waiting for the mgr to restart...
2024-04-24T06:45:22.514 INFO:teuthology.orchestra.run.smithi164.stdout:Waiting for mgr epoch 5...
2024-04-24T06:45:29.235 INFO:journalctl@ceph.mon.smithi164.smithi164.stdout:Apr 24 06:45:28 smithi164 ceph-mon[25786]: Active manager daemon smithi164.hdftnm restarted
2024-04-24T06:45:29.236 INFO:journalctl@ceph.mon.smithi164.smithi164.stdout:Apr 24 06:45:28 smithi164 ceph-mon[25786]: Activating manager daemon smithi164.hdftnm
2024-04-24T06:45:29.236 INFO:journalctl@ceph.mon.smithi164.smithi164.stdout:Apr 24 06:45:28 smithi164 ceph-mon[25786]: osdmap e2: 0 total, 0 up, 0 in
2024-04-24T06:45:29.236 INFO:journalctl@ceph.mon.smithi164.smithi164.stdout:Apr 24 06:45:28 smithi164 ceph-mon[25786]: mgrmap e6: smithi164.hdftnm(active, starting, since 0.00816193s)
2024-04-24T06:45:29.236 INFO:journalctl@ceph.mon.smithi164.smithi164.stdout:Apr 24 06:45:28 smithi164 ceph-mon[25786]: from='mgr.14120 172.21.15.164:0/779787247' entity='mgr.smithi164.hdftnm' cmd=[{"prefix": "mon metadata", "id": "smithi164"}]: dispatch
2024-04-24T06:45:29.236 INFO:journalctl@ceph.mon.smithi164.smithi164.stdout:Apr 24 06:45:28 smithi164 ceph-mon[25786]: from='mgr.14120 172.21.15.164:0/779787247' entity='mgr.smithi164.hdftnm' cmd=[{"prefix": "mgr metadata", "who": "smithi164.hdftnm", "id": "smithi164.hdftnm"}]: dispatch
2024-04-24T06:45:29.236 INFO:journalctl@ceph.mon.smithi164.smithi164.stdout:Apr 24 06:45:28 smithi164 ceph-mon[25786]: from='mgr.14120 172.21.15.164:0/779787247' entity='mgr.smithi164.hdftnm' cmd=[{"prefix": "mds metadata"}]: dispatch
2024-04-24T06:45:29.236 INFO:journalctl@ceph.mon.smithi164.smithi164.stdout:Apr 24 06:45:28 smithi164 ceph-mon[25786]: from='mgr.14120 172.21.15.164:0/779787247' entity='mgr.smithi164.hdftnm' cmd=[{"prefix": "osd metadata"}]: dispatch
2024-04-24T06:45:29.236 INFO:journalctl@ceph.mon.smithi164.smithi164.stdout:Apr 24 06:45:28 smithi164 ceph-mon[25786]: from='mgr.14120 172.21.15.164:0/779787247' entity='mgr.smithi164.hdftnm' cmd=[{"prefix": "mon metadata"}]: dispatch
2024-04-24T06:45:29.236 INFO:journalctl@ceph.mon.smithi164.smithi164.stdout:Apr 24 06:45:28 smithi164 ceph-mon[25786]: Manager daemon smithi164.hdftnm is now available
2024-04-24T06:45:29.237 INFO:journalctl@ceph.mon.smithi164.smithi164.stdout:Apr 24 06:45:28 smithi164 ceph-mon[25786]: from='mgr.14120 172.21.15.164:0/779787247' entity='mgr.smithi164.hdftnm'
2024-04-24T06:45:29.237 INFO:journalctl@ceph.mon.smithi164.smithi164.stdout:Apr 24 06:45:28 smithi164 ceph-mon[25786]: from='mgr.14120 172.21.15.164:0/779787247' entity='mgr.smithi164.hdftnm'
2024-04-24T06:45:30.235 INFO:journalctl@ceph.mon.smithi164.smithi164.stdout:Apr 24 06:45:29 smithi164 ceph-mon[25786]: Found migration_current of "None". Setting to last migration.
2024-04-24T06:45:30.235 INFO:journalctl@ceph.mon.smithi164.smithi164.stdout:Apr 24 06:45:29 smithi164 ceph-mon[25786]: from='mgr.14120 172.21.15.164:0/779787247' entity='mgr.smithi164.hdftnm' cmd=[{"prefix": "config dump", "format": "json"}]: dispatch
2024-04-24T06:45:30.235 INFO:journalctl@ceph.mon.smithi164.smithi164.stdout:Apr 24 06:45:29 smithi164 ceph-mon[25786]: from='mgr.14120 172.21.15.164:0/779787247' entity='mgr.smithi164.hdftnm' cmd=[{"prefix": "config dump", "format": "json"}]: dispatch
2024-04-24T06:45:30.235 INFO:journalctl@ceph.mon.smithi164.smithi164.stdout:Apr 24 06:45:29 smithi164 ceph-mon[25786]: from='mgr.14120 172.21.15.164:0/779787247' entity='mgr.smithi164.hdftnm' cmd=[{"prefix":"config rm","who":"mgr","name":"mgr/rbd_support/smithi164.hdftnm/mirror_snapshot_schedule"}]: dispatch
2024-04-24T06:45:30.235 INFO:journalctl@ceph.mon.smithi164.smithi164.stdout:Apr 24 06:45:29 smithi164 ceph-mon[25786]: from='mgr.14120 172.21.15.164:0/779787247' entity='mgr.smithi164.hdftnm' cmd=[{"prefix":"config rm","who":"mgr","name":"mgr/rbd_support/smithi164.hdftnm/trash_purge_schedule"}]: dispatch
2024-04-24T06:45:30.236 INFO:journalctl@ceph.mon.smithi164.smithi164.stdout:Apr 24 06:45:29 smithi164 ceph-mon[25786]: from='mgr.14120 172.21.15.164:0/779787247' entity='mgr.smithi164.hdftnm'
2024-04-24T06:45:30.236 INFO:journalctl@ceph.mon.smithi164.smithi164.stdout:Apr 24 06:45:29 smithi164 ceph-mon[25786]: from='mgr.14120 172.21.15.164:0/779787247' entity='mgr.smithi164.hdftnm'
2024-04-24T06:45:30.236 INFO:journalctl@ceph.mon.smithi164.smithi164.stdout:Apr 24 06:45:29 smithi164 ceph-mon[25786]: from='mgr.14120 172.21.15.164:0/779787247' entity='mgr.smithi164.hdftnm' cmd=[{"prefix": "config dump", "format": "json"}]: dispatch
2024-04-24T06:45:30.236 INFO:journalctl@ceph.mon.smithi164.smithi164.stdout:Apr 24 06:45:29 smithi164 ceph-mon[25786]: mgrmap e7: smithi164.hdftnm(active, since 1.0158s)
2024-04-24T06:45:30.624 INFO:teuthology.orchestra.run.smithi164.stdout:/usr/bin/ceph: stdout {
2024-04-24T06:45:30.624 INFO:teuthology.orchestra.run.smithi164.stdout:/usr/bin/ceph: stdout "mgrmap_epoch": 7,
2024-04-24T06:45:30.625 INFO:teuthology.orchestra.run.smithi164.stdout:/usr/bin/ceph: stdout "initialized": true
2024-04-24T06:45:30.625 INFO:teuthology.orchestra.run.smithi164.stdout:/usr/bin/ceph: stdout }
2024-04-24T06:45:30.625 INFO:teuthology.orchestra.run.smithi164.stdout:/usr/bin/ceph: stderr
2024-04-24T06:45:23.120+0000 7f7fcca00700 1 Processor -- start
2024-04-24T06:45:30.625 INFO:teuthology.orchestra.run.smithi164.stdout:/usr/bin/ceph: stderr
2024-04-24T06:45:23.120+0000 7f7fcca00700 1 -- start start
2024-04-24T06:45:30.632 INFO:teuthology.orchestra.run.smithi164.stdout:/usr/bin/ceph: stderr
2024-04-24T06:45:23.120+0000 7f7fcca00700 1 --2- >> [v2:172.21.15.164:3300/0,v1:172.21.15.164:6789/0] conn(0x7f7fc807ad90 0x7f7fc80791f0 unknown :-1 s=NONE pgs=0 cs=0 l=0 rev1=0 crypto rx=0 tx=0 comp rx=0 tx=0).connect
2024-04-24T06:45:30.632 INFO:teuthology.orchestra.run.smithi164.stdout:/usr/bin/ceph: stderr
2024-04-24T06:45:23.120+0000 7f7fcca00700 1 -- --> [v2:172.21.15.164:3300/0,v1:172.21.15.164:6789/0] -- mon_getmap magic: 0 v1 -- 0x7f7fc80797c0 con 0x7f7fc807ad90
2024-04-24T06:45:30.632 INFO:teuthology.orchestra.run.smithi164.stdout:/usr/bin/ceph: stderr
2024-04-24T06:45:23.121+0000 7f7fc5e00700 1 --2- >> [v2:172.21.15.164:3300/0,v1:172.21.15.164:6789/0] conn(0x7f7fc807ad90 0x7f7fc80791f0 unknown :-1 s=BANNER_CONNECTING pgs=0 cs=0 l=0 rev1=0 crypto rx=0 tx=0 comp rx=0 tx=0)._handle_peer_banner_payload supported=3 required=0
2024-04-24T06:45:30.632 INFO:teuthology.orchestra.run.smithi164.stdout:/usr/bin/ceph: stderr
2024-04-24T06:45:23.121+0000 7f7fc5e00700 1 --2- >> [v2:172.21.15.164:3300/0,v1:172.21.15.164:6789/0] conn(0x7f7fc807ad90 0x7f7fc80791f0 unknown :-1 s=HELLO_CONNECTING pgs=0 cs=0 l=0 rev1=1 crypto rx=0 tx=0 comp rx=0 tx=0).handle_hello peer v2:172.21.15.164:3300/0 says I am v2:172.21.15.164:57298/0 (socket says 172.21.15.164:57298)
2024-04-24T06:45:30.632 INFO:teuthology.orchestra.run.smithi164.stdout:/usr/bin/ceph: stderr
2024-04-24T06:45:23.121+0000 7f7fc5e00700 1 -- 172.21.15.164:0/825740099 learned_addr learned my addr 172.21.15.164:0/825740099 (peer_addr_for_me v2:172.21.15.164:0/0)
2024-04-24T06:45:30.632 INFO:teuthology.orchestra.run.smithi164.stdout:/usr/bin/ceph: stderr
2024-04-24T06:45:23.121+0000 7f7fc5e00700 1 -- 172.21.15.164:0/825740099 --> [v2:172.21.15.164:3300/0,v1:172.21.15.164:6789/0] -- mon_subscribe({config=0+,monmap=0+}) v3 -- 0x7f7fc8079900 con 0x7f7fc807ad90
2024-04-24T06:45:30.633 INFO:teuthology.orchestra.run.smithi164.stdout:/usr/bin/ceph: stderr
2024-04-24T06:45:23.122+0000 7f7fc5e00700 1 --2- 172.21.15.164:0/825740099 >> [v2:172.21.15.164:3300/0,v1:172.21.15.164:6789/0] conn(0x7f7fc807ad90 0x7f7fc80791f0 secure :-1 s=READY pgs=28 cs=0 l=1 rev1=1 crypto rx=0x7f7fb80098a0 tx=0x7f7fb8009bb0 comp rx=0 tx=0).ready entity=mon.0 client_cookie=d074095e2259357b server_cookie=0 in_seq=0 out_seq=0
2024-04-24T06:45:30.633 INFO:teuthology.orchestra.run.smithi164.stdout:/usr/bin/ceph: stderr
2024-04-24T06:45:23.122+0000 7f7fc4a00700 1 -- 172.21.15.164:0/825740099 <== mon.0 v2:172.21.15.164:3300/0 1 ==== mon_map magic: 0 v1 ==== 229+0+0 (secure 0 0 0) 0x7f7fb8004180 con 0x7f7fc807ad90
2024-04-24T06:45:30.633 INFO:teuthology.orchestra.run.smithi164.stdout:/usr/bin/ceph: stderr
2024-04-24T06:45:23.122+0000 7f7fc4a00700 1 -- 172.21.15.164:0/825740099 <== mon.0 v2:172.21.15.164:3300/0 2 ==== config(27 keys) v1 ==== 1042+0+0 (secure 0 0 0) 0x7f7fb80042e0 con 0x7f7fc807ad90
2024-04-24T06:45:30.633 INFO:teuthology.orchestra.run.smithi164.stdout:/usr/bin/ceph: stderr
2024-04-24T06:45:23.122+0000 7f7fc4a00700 1 -- 172.21.15.164:0/825740099 <== mon.0 v2:172.21.15.164:3300/0 3 ==== mon_map magic: 0 v1 ==== 229+0+0 (secure 0 0 0) 0x7f7fb8011a70 con 0x7f7fc807ad90
2024-04-24T06:45:30.633 INFO:teuthology.orchestra.run.smithi164.stdout:/usr/bin/ceph: stderr
2024-04-24T06:45:23.123+0000 7f7fcca00700 1 -- 172.21.15.164:0/825740099 >> [v2:172.21.15.164:3300/0,v1:172.21.15.164:6789/0] conn(0x7f7fc807ad90 msgr2=0x7f7fc80791f0 secure :-1 s=STATE_CONNECTION_ESTABLISHED l=1).mark_down
2024-04-24T06:45:30.633 INFO:teuthology.orchestra.run.smithi164.stdout:/usr/bin/ceph: stderr
2024-04-24T06:45:23.123+0000 7f7fcca00700 1 --2- 172.21.15.164:0/825740099 >> [v2:172.21.15.164:3300/0,v1:172.21.15.164:6789/0] conn(0x7f7fc807ad90 0x7f7fc80791f0 secure :-1 s=READY pgs=28 cs=0 l=1 rev1=1 crypto rx=0x7f7fb80098a0 tx=0x7f7fb8009bb0 comp rx=0 tx=0).stop
2024-04-24T06:45:30.633 INFO:teuthology.orchestra.run.smithi164.stdout:/usr/bin/ceph: stderr
2024-04-24T06:45:23.123+0000 7f7fcca00700 1 -- 172.21.15.164:0/825740099 shutdown_connections
2024-04-24T06:45:30.633 INFO:teuthology.orchestra.run.smithi164.stdout:/usr/bin/ceph: stderr
2024-04-24T06:45:23.123+0000 7f7fcca00700 1 --2- 172.21.15.164:0/825740099 >> [v2:172.21.15.164:3300/0,v1:172.21.15.164:6789/0] conn(0x7f7fc807ad90 0x7f7fc80791f0 unknown :-1 s=CLOSED pgs=28 cs=0 l=1 rev1=1 crypto rx=0 tx=0 comp rx=0 tx=0).stop
2024-04-24T06:45:30.633 INFO:teuthology.orchestra.run.smithi164.stdout:/usr/bin/ceph: stderr
2024-04-24T06:45:23.123+0000 7f7fcca00700 1 -- 172.21.15.164:0/825740099 >> 172.21.15.164:0/825740099 conn(0x7f7fc8101ba0 msgr2=0x7f7fc8103fc0 unknown :-1 s=STATE_NONE l=0).mark_down
2024-04-24T06:45:30.633 INFO:teuthology.orchestra.run.smithi164.stdout:/usr/bin/ceph: stderr
2024-04-24T06:45:23.123+0000 7f7fcca00700 1 -- 172.21.15.164:0/825740099 shutdown_connections
2024-04-24T06:45:30.633 INFO:teuthology.orchestra.run.smithi164.stdout:/usr/bin/ceph: stderr
2024-04-24T06:45:23.123+0000 7f7fcca00700 1 -- 172.21.15.164:0/825740099 wait complete.
2024-04-24T06:45:30.633 INFO:teuthology.orchestra.run.smithi164.stdout:/usr/bin/ceph: stderr
2024-04-24T06:45:23.124+0000 7f7fcca00700 1 Processor -- start
2024-04-24T06:45:30.633 INFO:teuthology.orchestra.run.smithi164.stdout:/usr/bin/ceph: stderr
2024-04-24T06:45:23.124+0000 7f7fcca00700 1 -- start start
2024-04-24T06:45:30.633 INFO:teuthology.orchestra.run.smithi164.stdout:/usr/bin/ceph: stderr
2024-04-24T06:45:23.125+0000 7f7fcca00700 1 --2- >> [v2:172.21.15.164:3300/0,v1:172.21.15.164:6789/0] conn(0x7f7fc807ad90 0x7f7fc819c550 unknown :-1 s=NONE pgs=0 cs=0 l=1 rev1=0 crypto rx=0 tx=0 comp rx=0 tx=0).connect
2024-04-24T06:45:30.634 INFO:teuthology.orchestra.run.smithi164.stdout:/usr/bin/ceph: stderr
2024-04-24T06:45:23.125+0000 7f7fcca00700 1 -- --> [v2:172.21.15.164:3300/0,v1:172.21.15.164:6789/0] -- mon_getmap magic: 0 v1 -- 0x7f7fc819ca90 con 0x7f7fc807ad90
2024-04-24T06:45:30.634 INFO:teuthology.orchestra.run.smithi164.stdout:/usr/bin/ceph: stderr
2024-04-24T06:45:23.125+0000 7f7fc5e00700 1 --2- >> [v2:172.21.15.164:3300/0,v1:172.21.15.164:6789/0] conn(0x7f7fc807ad90 0x7f7fc819c550 unknown :-1 s=BANNER_CONNECTING pgs=0 cs=0 l=1 rev1=0 crypto rx=0 tx=0 comp rx=0 tx=0)._handle_peer_banner_payload supported=3 required=0
2024-04-24T06:45:30.634 INFO:teuthology.orchestra.run.smithi164.stdout:/usr/bin/ceph: stderr
