2024-04-24T06:45:59.042+0000 7ff773400700 1 --2- >> [v2:172.21.15.164:3300/0,v1:172.21.15.164:6789/0] conn(0x7ff774107050 0x7ff774109440 unknown :-1 s=BANNER_CONNECTING pgs=0 cs=0 l=0 rev1=0 crypto rx=0 tx=0 comp rx=0 tx=0)._handle_peer_banner_payload supported=3 required=0
2024-04-24T06:46:00.012 INFO:teuthology.orchestra.run.smithi164.stdout:/usr/bin/ceph: stderr
2024-04-24T06:45:59.042+0000 7ff773400700 1 --2- >> [v2:172.21.15.164:3300/0,v1:172.21.15.164:6789/0] conn(0x7ff774107050 0x7ff774109440 unknown :-1 s=HELLO_CONNECTING pgs=0 cs=0 l=0 rev1=1 crypto rx=0 tx=0 comp rx=0 tx=0).handle_hello peer v2:172.21.15.164:3300/0 says I am v2:172.21.15.164:33190/0 (socket says 172.21.15.164:33190)
2024-04-24T06:46:00.013 INFO:teuthology.orchestra.run.smithi164.stdout:/usr/bin/ceph: stderr
2024-04-24T06:45:59.042+0000 7ff773400700 1 -- 172.21.15.164:0/541241443 learned_addr learned my addr 172.21.15.164:0/541241443 (peer_addr_for_me v2:172.21.15.164:0/0)
2024-04-24T06:46:00.013 INFO:teuthology.orchestra.run.smithi164.stdout:/usr/bin/ceph: stderr
2024-04-24T06:45:59.043+0000 7ff773400700 1 -- 172.21.15.164:0/541241443 --> [v2:172.21.15.164:3300/0,v1:172.21.15.164:6789/0] -- mon_subscribe({config=0+,monmap=0+}) v3 -- 0x7ff774109980 con 0x7ff774107050
2024-04-24T06:46:00.013 INFO:teuthology.orchestra.run.smithi164.stdout:/usr/bin/ceph: stderr
2024-04-24T06:45:59.043+0000 7ff773400700 1 --2- 172.21.15.164:0/541241443 >> [v2:172.21.15.164:3300/0,v1:172.21.15.164:6789/0] conn(0x7ff774107050 0x7ff774109440 secure :-1 s=READY pgs=65 cs=0 l=1 rev1=1 crypto rx=0x7ff7640098a0 tx=0x7ff764009bb0 comp rx=0 tx=0).ready entity=mon.0 client_cookie=e1a39a57f14aa75 server_cookie=0 in_seq=0 out_seq=0
2024-04-24T06:46:00.013 INFO:teuthology.orchestra.run.smithi164.stdout:/usr/bin/ceph: stderr
2024-04-24T06:45:59.043+0000 7ff772000700 1 -- 172.21.15.164:0/541241443 <== mon.0 v2:172.21.15.164:3300/0 1 ==== mon_map magic: 0 v1 ==== 229+0+0 (secure 0 0 0) 0x7ff764004180 con 0x7ff774107050
2024-04-24T06:46:00.013 INFO:teuthology.orchestra.run.smithi164.stdout:/usr/bin/ceph: stderr
2024-04-24T06:45:59.043+0000 7ff772000700 1 -- 172.21.15.164:0/541241443 <== mon.0 v2:172.21.15.164:3300/0 2 ==== config(27 keys) v1 ==== 1109+0+0 (secure 0 0 0) 0x7ff7640042e0 con 0x7ff774107050
2024-04-24T06:46:00.013 INFO:teuthology.orchestra.run.smithi164.stdout:/usr/bin/ceph: stderr
2024-04-24T06:45:59.043+0000 7ff772000700 1 -- 172.21.15.164:0/541241443 <== mon.0 v2:172.21.15.164:3300/0 3 ==== mon_map magic: 0 v1 ==== 229+0+0 (secure 0 0 0) 0x7ff764011b10 con 0x7ff774107050
2024-04-24T06:46:00.013 INFO:teuthology.orchestra.run.smithi164.stdout:/usr/bin/ceph: stderr
2024-04-24T06:45:59.044+0000 7ff77a400700 1 -- 172.21.15.164:0/541241443 >> [v2:172.21.15.164:3300/0,v1:172.21.15.164:6789/0] conn(0x7ff774107050 msgr2=0x7ff774109440 secure :-1 s=STATE_CONNECTION_ESTABLISHED l=1).mark_down
2024-04-24T06:46:00.013 INFO:teuthology.orchestra.run.smithi164.stdout:/usr/bin/ceph: stderr
2024-04-24T06:45:59.044+0000 7ff77a400700 1 --2- 172.21.15.164:0/541241443 >> [v2:172.21.15.164:3300/0,v1:172.21.15.164:6789/0] conn(0x7ff774107050 0x7ff774109440 secure :-1 s=READY pgs=65 cs=0 l=1 rev1=1 crypto rx=0x7ff7640098a0 tx=0x7ff764009bb0 comp rx=0 tx=0).stop
2024-04-24T06:46:00.013 INFO:teuthology.orchestra.run.smithi164.stdout:/usr/bin/ceph: stderr
2024-04-24T06:45:59.044+0000 7ff77a400700 1 -- 172.21.15.164:0/541241443 shutdown_connections
2024-04-24T06:46:00.013 INFO:teuthology.orchestra.run.smithi164.stdout:/usr/bin/ceph: stderr
2024-04-24T06:45:59.044+0000 7ff77a400700 1 --2- 172.21.15.164:0/541241443 >> [v2:172.21.15.164:3300/0,v1:172.21.15.164:6789/0] conn(0x7ff774107050 0x7ff774109440 unknown :-1 s=CLOSED pgs=65 cs=0 l=1 rev1=1 crypto rx=0 tx=0 comp rx=0 tx=0).stop
2024-04-24T06:46:00.013 INFO:teuthology.orchestra.run.smithi164.stdout:/usr/bin/ceph: stderr
2024-04-24T06:45:59.044+0000 7ff77a400700 1 -- 172.21.15.164:0/541241443 >> 172.21.15.164:0/541241443 conn(0x7ff774100a60 msgr2=0x7ff774102e80 unknown :-1 s=STATE_NONE l=0).mark_down
2024-04-24T06:46:00.013 INFO:teuthology.orchestra.run.smithi164.stdout:/usr/bin/ceph: stderr
2024-04-24T06:45:59.044+0000 7ff77a400700 1 -- 172.21.15.164:0/541241443 shutdown_connections
2024-04-24T06:46:00.013 INFO:teuthology.orchestra.run.smithi164.stdout:/usr/bin/ceph: stderr
2024-04-24T06:45:59.044+0000 7ff77a400700 1 -- 172.21.15.164:0/541241443 wait complete.
2024-04-24T06:46:00.014 INFO:teuthology.orchestra.run.smithi164.stdout:/usr/bin/ceph: stderr
2024-04-24T06:45:59.045+0000 7ff77a400700 1 Processor -- start
2024-04-24T06:46:00.014 INFO:teuthology.orchestra.run.smithi164.stdout:/usr/bin/ceph: stderr
2024-04-24T06:45:59.045+0000 7ff77a400700 1 -- start start
2024-04-24T06:46:00.014 INFO:teuthology.orchestra.run.smithi164.stdout:/usr/bin/ceph: stderr
2024-04-24T06:45:59.046+0000 7ff77a400700 1 --2- >> [v2:172.21.15.164:3300/0,v1:172.21.15.164:6789/0] conn(0x7ff774107050 0x7ff774106880 unknown :-1 s=NONE pgs=0 cs=0 l=1 rev1=0 crypto rx=0 tx=0 comp rx=0 tx=0).connect
2024-04-24T06:46:00.014 INFO:teuthology.orchestra.run.smithi164.stdout:/usr/bin/ceph: stderr
2024-04-24T06:45:59.046+0000 7ff77a400700 1 -- --> [v2:172.21.15.164:3300/0,v1:172.21.15.164:6789/0] -- mon_getmap magic: 0 v1 -- 0x7ff774106dc0 con 0x7ff774107050
2024-04-24T06:46:00.014 INFO:teuthology.orchestra.run.smithi164.stdout:/usr/bin/ceph: stderr
2024-04-24T06:45:59.046+0000 7ff773400700 1 --2- >> [v2:172.21.15.164:3300/0,v1:172.21.15.164:6789/0] conn(0x7ff774107050 0x7ff774106880 unknown :-1 s=BANNER_CONNECTING pgs=0 cs=0 l=1 rev1=0 crypto rx=0 tx=0 comp rx=0 tx=0)._handle_peer_banner_payload supported=3 required=0
2024-04-24T06:46:00.014 INFO:teuthology.orchestra.run.smithi164.stdout:/usr/bin/ceph: stderr
2024-04-24T06:45:59.046+0000 7ff773400700 1 --2- >> [v2:172.21.15.164:3300/0,v1:172.21.15.164:6789/0] conn(0x7ff774107050 0x7ff774106880 unknown :-1 s=HELLO_CONNECTING pgs=0 cs=0 l=1 rev1=1 crypto rx=0 tx=0 comp rx=0 tx=0).handle_hello peer v2:172.21.15.164:3300/0 says I am v2:172.21.15.164:33200/0 (socket says 172.21.15.164:33200)
2024-04-24T06:46:00.014 INFO:teuthology.orchestra.run.smithi164.stdout:/usr/bin/ceph: stderr
2024-04-24T06:45:59.046+0000 7ff773400700 1 -- 172.21.15.164:0/2936182442 learned_addr learned my addr 172.21.15.164:0/2936182442 (peer_addr_for_me v2:172.21.15.164:0/0)
2024-04-24T06:46:00.014 INFO:teuthology.orchestra.run.smithi164.stdout:/usr/bin/ceph: stderr
2024-04-24T06:45:59.046+0000 7ff773400700 1 -- 172.21.15.164:0/2936182442 --> [v2:172.21.15.164:3300/0,v1:172.21.15.164:6789/0] -- mon_subscribe({config=0+,monmap=0+}) v3 -- 0x7ff764009550 con 0x7ff774107050
2024-04-24T06:46:00.014 INFO:teuthology.orchestra.run.smithi164.stdout:/usr/bin/ceph: stderr
2024-04-24T06:45:59.047+0000 7ff773400700 1 --2- 172.21.15.164:0/2936182442 >> [v2:172.21.15.164:3300/0,v1:172.21.15.164:6789/0] conn(0x7ff774107050 0x7ff774106880 secure :-1 s=READY pgs=66 cs=0 l=1 rev1=1 crypto rx=0x7ff764009fb0 tx=0x7ff764011890 comp rx=0 tx=0).ready entity=mon.0 client_cookie=0 server_cookie=0 in_seq=0 out_seq=0
2024-04-24T06:46:00.014 INFO:teuthology.orchestra.run.smithi164.stdout:/usr/bin/ceph: stderr
2024-04-24T06:45:59.047+0000 7ff76be00700 1 -- 172.21.15.164:0/2936182442 <== mon.0 v2:172.21.15.164:3300/0 1 ==== mon_map magic: 0 v1 ==== 229+0+0 (secure 0 0 0) 0x7ff7640038b0 con 0x7ff774107050
2024-04-24T06:46:00.014 INFO:teuthology.orchestra.run.smithi164.stdout:/usr/bin/ceph: stderr
2024-04-24T06:45:59.047+0000 7ff76be00700 1 -- 172.21.15.164:0/2936182442 <== mon.0 v2:172.21.15.164:3300/0 2 ==== config(27 keys) v1 ==== 1109+0+0 (secure 0 0 0) 0x7ff764003a10 con 0x7ff774107050
2024-04-24T06:46:00.014 INFO:teuthology.orchestra.run.smithi164.stdout:/usr/bin/ceph: stderr
2024-04-24T06:45:59.047+0000 7ff77a400700 1 -- 172.21.15.164:0/2936182442 --> [v2:172.21.15.164:3300/0,v1:172.21.15.164:6789/0] -- mon_subscribe({mgrmap=0+}) v3 -- 0x7ff774105000 con 0x7ff774107050
2024-04-24T06:46:00.014 INFO:teuthology.orchestra.run.smithi164.stdout:/usr/bin/ceph: stderr
2024-04-24T06:45:59.047+0000 7ff76be00700 1 -- 172.21.15.164:0/2936182442 <== mon.0 v2:172.21.15.164:3300/0 3 ==== mon_map magic: 0 v1 ==== 229+0+0 (secure 0 0 0) 0x7ff764019750 con 0x7ff774107050
2024-04-24T06:46:00.015 INFO:teuthology.orchestra.run.smithi164.stdout:/usr/bin/ceph: stderr
2024-04-24T06:45:59.047+0000 7ff77a400700 1 -- 172.21.15.164:0/2936182442 --> [v2:172.21.15.164:3300/0,v1:172.21.15.164:6789/0] -- mon_subscribe({osdmap=0}) v3 -- 0x7ff7741054a0 con 0x7ff774107050
2024-04-24T06:46:00.015 INFO:teuthology.orchestra.run.smithi164.stdout:/usr/bin/ceph: stderr
2024-04-24T06:45:59.048+0000 7ff77a400700 1 -- 172.21.15.164:0/2936182442 --> [v2:172.21.15.164:3300/0,v1:172.21.15.164:6789/0] -- mon_command({"prefix": "get_command_descriptions"} v 0) v1 -- 0x7ff77410a710 con 0x7ff774107050
2024-04-24T06:46:00.015 INFO:teuthology.orchestra.run.smithi164.stdout:/usr/bin/ceph: stderr
2024-04-24T06:45:59.049+0000 7ff76be00700 1 -- 172.21.15.164:0/2936182442 <== mon.0 v2:172.21.15.164:3300/0 4 ==== mgrmap(e 8) v1 ==== 45556+0+0 (secure 0 0 0) 0x7ff76401a430 con 0x7ff774107050
2024-04-24T06:46:00.015 INFO:teuthology.orchestra.run.smithi164.stdout:/usr/bin/ceph: stderr
2024-04-24T06:45:59.049+0000 7ff76be00700 1 --2- 172.21.15.164:0/2936182442 >> [v2:172.21.15.164:6800/2294013792,v1:172.21.15.164:6801/2294013792] conn(0x7ff7580386e0 0x7ff75803aba0 unknown :-1 s=NONE pgs=0 cs=0 l=1 rev1=0 crypto rx=0 tx=0 comp rx=0 tx=0).connect
2024-04-24T06:46:00.015 INFO:teuthology.orchestra.run.smithi164.stdout:/usr/bin/ceph: stderr
2024-04-24T06:45:59.049+0000 7ff76be00700 1 -- 172.21.15.164:0/2936182442 <== mon.0 v2:172.21.15.164:3300/0 5 ==== osd_map(2..2 src has 1..2) v4 ==== 940+0+0 (secure 0 0 0) 0x7ff76404c850 con 0x7ff774107050
2024-04-24T06:46:00.015 INFO:teuthology.orchestra.run.smithi164.stdout:/usr/bin/ceph: stderr
2024-04-24T06:45:59.049+0000 7ff772a00700 1 --2- 172.21.15.164:0/2936182442 >> [v2:172.21.15.164:6800/2294013792,v1:172.21.15.164:6801/2294013792] conn(0x7ff7580386e0 0x7ff75803aba0 unknown :-1 s=BANNER_CONNECTING pgs=0 cs=0 l=1 rev1=0 crypto rx=0 tx=0 comp rx=0 tx=0)._handle_peer_banner_payload supported=3 required=0
2024-04-24T06:46:00.015 INFO:teuthology.orchestra.run.smithi164.stdout:/usr/bin/ceph: stderr
2024-04-24T06:45:59.050+0000 7ff772a00700 1 --2- 172.21.15.164:0/2936182442 >> [v2:172.21.15.164:6800/2294013792,v1:172.21.15.164:6801/2294013792] conn(0x7ff7580386e0 0x7ff75803aba0 secure :-1 s=READY pgs=21 cs=0 l=1 rev1=1 crypto rx=0x7ff760006fd0 tx=0x7ff760006e40 comp rx=0 tx=0).ready entity=mgr.14120 client_cookie=0 server_cookie=0 in_seq=0 out_seq=0
2024-04-24T06:46:00.015 INFO:teuthology.orchestra.run.smithi164.stdout:/usr/bin/ceph: stderr
2024-04-24T06:45:59.054+0000 7ff76be00700 1 -- 172.21.15.164:0/2936182442 <== mon.0 v2:172.21.15.164:3300/0 6 ==== mon_command_ack([{"prefix": "get_command_descriptions"}]=0 v0) v1 ==== 72+0+183351 (secure 0 0 0) 0x7ff7640224f0 con 0x7ff774107050
2024-04-24T06:46:00.015 INFO:teuthology.orchestra.run.smithi164.stdout:/usr/bin/ceph: stderr
2024-04-24T06:45:59.272+0000 7ff77a400700 1 -- 172.21.15.164:0/2936182442 --> [v2:172.21.15.164:3300/0,v1:172.21.15.164:6789/0] -- mon_command([{prefix=config set, name=mgr/dashboard/ssl_server_port}] v 0) v1 -- 0x7ff774105990 con 0x7ff774107050
2024-04-24T06:46:00.015 INFO:teuthology.orchestra.run.smithi164.stdout:/usr/bin/ceph: stderr
2024-04-24T06:45:59.277+0000 7ff76be00700 1 -- 172.21.15.164:0/2936182442 <== mon.0 v2:172.21.15.164:3300/0 7 ==== mon_command_ack([{prefix=config set, name=mgr/dashboard/ssl_server_port}]=0 v8)=0 v8) v1 ==== 130+0+0 (secure 0 0 0) 0x7ff76404c220 con 0x7ff774107050
2024-04-24T06:46:00.015 INFO:teuthology.orchestra.run.smithi164.stdout:/usr/bin/ceph: stderr
2024-04-24T06:45:59.281+0000 7ff77a400700 1 -- 172.21.15.164:0/2936182442 >> [v2:172.21.15.164:6800/2294013792,v1:172.21.15.164:6801/2294013792] conn(0x7ff7580386e0 msgr2=0x7ff75803aba0 secure :-1 s=STATE_CONNECTION_ESTABLISHED l=1).mark_down
2024-04-24T06:46:00.015 INFO:teuthology.orchestra.run.smithi164.stdout:/usr/bin/ceph: stderr
2024-04-24T06:45:59.281+0000 7ff77a400700 1 --2- 172.21.15.164:0/2936182442 >> [v2:172.21.15.164:6800/2294013792,v1:172.21.15.164:6801/2294013792] conn(0x7ff7580386e0 0x7ff75803aba0 secure :-1 s=READY pgs=21 cs=0 l=1 rev1=1 crypto rx=0x7ff760006fd0 tx=0x7ff760006e40 comp rx=0 tx=0).stop
2024-04-24T06:46:00.015 INFO:teuthology.orchestra.run.smithi164.stdout:/usr/bin/ceph: stderr
2024-04-24T06:45:59.281+0000 7ff77a400700 1 -- 172.21.15.164:0/2936182442 >> [v2:172.21.15.164:3300/0,v1:172.21.15.164:6789/0] conn(0x7ff774107050 msgr2=0x7ff774106880 secure :-1 s=STATE_CONNECTION_ESTABLISHED l=1).mark_down
2024-04-24T06:46:00.015 INFO:teuthology.orchestra.run.smithi164.stdout:/usr/bin/ceph: stderr
2024-04-24T06:45:59.281+0000 7ff77a400700 1 --2- 172.21.15.164:0/2936182442 >> [v2:172.21.15.164:3300/0,v1:172.21.15.164:6789/0] conn(0x7ff774107050 0x7ff774106880 secure :-1 s=READY pgs=66 cs=0 l=1 rev1=1 crypto rx=0x7ff764009fb0 tx=0x7ff764011890 comp rx=0 tx=0).stop
2024-04-24T06:46:00.016 INFO:teuthology.orchestra.run.smithi164.stdout:/usr/bin/ceph: stderr
2024-04-24T06:45:59.281+0000 7ff77a400700 1 -- 172.21.15.164:0/2936182442 shutdown_connections
2024-04-24T06:46:00.016 INFO:teuthology.orchestra.run.smithi164.stdout:/usr/bin/ceph: stderr
2024-04-24T06:45:59.281+0000 7ff77a400700 1 --2- 172.21.15.164:0/2936182442 >> [v2:172.21.15.164:6800/2294013792,v1:172.21.15.164:6801/2294013792] conn(0x7ff7580386e0 0x7ff75803aba0 unknown :-1 s=CLOSED pgs=21 cs=0 l=1 rev1=1 crypto rx=0 tx=0 comp rx=0 tx=0).stop
2024-04-24T06:46:00.016 INFO:teuthology.orchestra.run.smithi164.stdout:/usr/bin/ceph: stderr
2024-04-24T06:45:59.281+0000 7ff77a400700 1 --2- 172.21.15.164:0/2936182442 >> [v2:172.21.15.164:3300/0,v1:172.21.15.164:6789/0] conn(0x7ff774107050 0x7ff774106880 unknown :-1 s=CLOSED pgs=66 cs=0 l=1 rev1=1 crypto rx=0 tx=0 comp rx=0 tx=0).stop
2024-04-24T06:46:00.016 INFO:teuthology.orchestra.run.smithi164.stdout:/usr/bin/ceph: stderr
2024-04-24T06:45:59.281+0000 7ff77a400700 1 -- 172.21.15.164:0/2936182442 >> 172.21.15.164:0/2936182442 conn(0x7ff774100a60 msgr2=0x7ff7741015c0 unknown :-1 s=STATE_NONE l=0).mark_down
2024-04-24T06:46:00.016 INFO:teuthology.orchestra.run.smithi164.stdout:/usr/bin/ceph: stderr
2024-04-24T06:45:59.281+0000 7ff77a400700 1 -- 172.21.15.164:0/2936182442 shutdown_connections
2024-04-24T06:46:00.016 INFO:teuthology.orchestra.run.smithi164.stdout:/usr/bin/ceph: stderr
2024-04-24T06:45:59.281+0000 7ff77a400700 1 -- 172.21.15.164:0/2936182442 wait complete.
2024-04-24T06:46:00.016 INFO:teuthology.orchestra.run.smithi164.stdout:Enabling the dashboard module...
2024-04-24T06:46:01.235 INFO:journalctl@ceph.mon.smithi164.smithi164.stdout:Apr 24 06:46:00 smithi164 ceph-mon[25786]: from='client.? 172.21.15.164:0/3715629487' entity='client.admin' cmd=[{"prefix": "mgr module enable", "module": "dashboard"}]: dispatch
2024-04-24T06:46:01.695 INFO:teuthology.orchestra.run.smithi164.stdout:/usr/bin/ceph: stderr
2024-04-24T06:46:00.579+0000 7fcd10e00700 1 Processor -- start
2024-04-24T06:46:01.695 INFO:teuthology.orchestra.run.smithi164.stdout:/usr/bin/ceph: stderr
2024-04-24T06:46:00.579+0000 7fcd10e00700 1 -- start start
2024-04-24T06:46:01.695 INFO:teuthology.orchestra.run.smithi164.stdout:/usr/bin/ceph: stderr
2024-04-24T06:46:00.579+0000 7fcd10e00700 1 --2- >> [v2:172.21.15.164:3300/0,v1:172.21.15.164:6789/0] conn(0x7fcd0c1087a0 0x7fcd0c108bc0 unknown :-1 s=NONE pgs=0 cs=0 l=0 rev1=0 crypto rx=0 tx=0 comp rx=0 tx=0).connect
2024-04-24T06:46:01.695 INFO:teuthology.orchestra.run.smithi164.stdout:/usr/bin/ceph: stderr
2024-04-24T06:46:00.579+0000 7fcd10e00700 1 -- --> [v2:172.21.15.164:3300/0,v1:172.21.15.164:6789/0] -- mon_getmap magic: 0 v1 -- 0x7fcd0c109190 con 0x7fcd0c1087a0
2024-04-24T06:46:01.695 INFO:teuthology.orchestra.run.smithi164.stdout:/usr/bin/ceph: stderr
2024-04-24T06:46:00.580+0000 7fcd09e00700 1 --2- >> [v2:172.21.15.164:3300/0,v1:172.21.15.164:6789/0] conn(0x7fcd0c1087a0 0x7fcd0c108bc0 unknown :-1 s=BANNER_CONNECTING pgs=0 cs=0 l=0 rev1=0 crypto rx=0 tx=0 comp rx=0 tx=0)._handle_peer_banner_payload supported=3 required=0
2024-04-24T06:46:01.695 INFO:teuthology.orchestra.run.smithi164.stdout:/usr/bin/ceph: stderr
2024-04-24T06:46:00.580+0000 7fcd09e00700 1 --2- >> [v2:172.21.15.164:3300/0,v1:172.21.15.164:6789/0] conn(0x7fcd0c1087a0 0x7fcd0c108bc0 unknown :-1 s=HELLO_CONNECTING pgs=0 cs=0 l=0 rev1=1 crypto rx=0 tx=0 comp rx=0 tx=0).handle_hello peer v2:172.21.15.164:3300/0 says I am v2:172.21.15.164:33212/0 (socket says 172.21.15.164:33212)
2024-04-24T06:46:01.695 INFO:teuthology.orchestra.run.smithi164.stdout:/usr/bin/ceph: stderr
2024-04-24T06:46:00.580+0000 7fcd09e00700 1 -- 172.21.15.164:0/2706637733 learned_addr learned my addr 172.21.15.164:0/2706637733 (peer_addr_for_me v2:172.21.15.164:0/0)
2024-04-24T06:46:01.695 INFO:teuthology.orchestra.run.smithi164.stdout:/usr/bin/ceph: stderr
2024-04-24T06:46:00.580+0000 7fcd09e00700 1 -- 172.21.15.164:0/2706637733 --> [v2:172.21.15.164:3300/0,v1:172.21.15.164:6789/0] -- mon_subscribe({config=0+,monmap=0+}) v3 -- 0x7fcd0c1099a0 con 0x7fcd0c1087a0
2024-04-24T06:46:01.695 INFO:teuthology.orchestra.run.smithi164.stdout:/usr/bin/ceph: stderr
2024-04-24T06:46:00.581+0000 7fcd09e00700 1 --2- 172.21.15.164:0/2706637733 >> [v2:172.21.15.164:3300/0,v1:172.21.15.164:6789/0] conn(0x7fcd0c1087a0 0x7fcd0c108bc0 secure :-1 s=READY pgs=67 cs=0 l=1 rev1=1 crypto rx=0x7fccfc0098a0 tx=0x7fccfc009bb0 comp rx=0 tx=0).ready entity=mon.0 client_cookie=de1ed6d17cdac163 server_cookie=0 in_seq=0 out_seq=0
2024-04-24T06:46:01.696 INFO:teuthology.orchestra.run.smithi164.stdout:/usr/bin/ceph: stderr
2024-04-24T06:46:00.581+0000 7fcd08a00700 1 -- 172.21.15.164:0/2706637733 <== mon.0 v2:172.21.15.164:3300/0 1 ==== mon_map magic: 0 v1 ==== 229+0+0 (secure 0 0 0) 0x7fccfc004180 con 0x7fcd0c1087a0
2024-04-24T06:46:01.696 INFO:teuthology.orchestra.run.smithi164.stdout:/usr/bin/ceph: stderr
2024-04-24T06:46:00.581+0000 7fcd08a00700 1 -- 172.21.15.164:0/2706637733 <== mon.0 v2:172.21.15.164:3300/0 2 ==== config(27 keys) v1 ==== 1109+0+0 (secure 0 0 0) 0x7fccfc0042e0 con 0x7fcd0c1087a0
2024-04-24T06:46:01.696 INFO:teuthology.orchestra.run.smithi164.stdout:/usr/bin/ceph: stderr
2024-04-24T06:46:00.581+0000 7fcd08a00700 1 -- 172.21.15.164:0/2706637733 <== mon.0 v2:172.21.15.164:3300/0 3 ==== mon_map magic: 0 v1 ==== 229+0+0 (secure 0 0 0) 0x7fccfc011b10 con 0x7fcd0c1087a0
2024-04-24T06:46:01.696 INFO:teuthology.orchestra.run.smithi164.stdout:/usr/bin/ceph: stderr
2024-04-24T06:46:00.582+0000 7fcd10e00700 1 -- 172.21.15.164:0/2706637733 >> [v2:172.21.15.164:3300/0,v1:172.21.15.164:6789/0] conn(0x7fcd0c1087a0 msgr2=0x7fcd0c108bc0 secure :-1 s=STATE_CONNECTION_ESTABLISHED l=1).mark_down
2024-04-24T06:46:01.696 INFO:teuthology.orchestra.run.smithi164.stdout:/usr/bin/ceph: stderr
2024-04-24T06:46:00.582+0000 7fcd10e00700 1 --2- 172.21.15.164:0/2706637733 >> [v2:172.21.15.164:3300/0,v1:172.21.15.164:6789/0] conn(0x7fcd0c1087a0 0x7fcd0c108bc0 secure :-1 s=READY pgs=67 cs=0 l=1 rev1=1 crypto rx=0x7fccfc0098a0 tx=0x7fccfc009bb0 comp rx=0 tx=0).stop
2024-04-24T06:46:01.696 INFO:teuthology.orchestra.run.smithi164.stdout:/usr/bin/ceph: stderr
2024-04-24T06:46:00.582+0000 7fcd10e00700 1 -- 172.21.15.164:0/2706637733 shutdown_connections
2024-04-24T06:46:01.696 INFO:teuthology.orchestra.run.smithi164.stdout:/usr/bin/ceph: stderr
2024-04-24T06:46:00.582+0000 7fcd10e00700 1 --2- 172.21.15.164:0/2706637733 >> [v2:172.21.15.164:3300/0,v1:172.21.15.164:6789/0] conn(0x7fcd0c1087a0 0x7fcd0c108bc0 unknown :-1 s=CLOSED pgs=67 cs=0 l=1 rev1=1 crypto rx=0 tx=0 comp rx=0 tx=0).stop
2024-04-24T06:46:01.696 INFO:teuthology.orchestra.run.smithi164.stdout:/usr/bin/ceph: stderr
2024-04-24T06:46:00.582+0000 7fcd10e00700 1 -- 172.21.15.164:0/2706637733 >> 172.21.15.164:0/2706637733 conn(0x7fcd0c103d80 msgr2=0x7fcd0c1061a0 unknown :-1 s=STATE_NONE l=0).mark_down
2024-04-24T06:46:01.696 INFO:teuthology.orchestra.run.smithi164.stdout:/usr/bin/ceph: stderr
2024-04-24T06:46:00.582+0000 7fcd10e00700 1 -- 172.21.15.164:0/2706637733 shutdown_connections
2024-04-24T06:46:01.696 INFO:teuthology.orchestra.run.smithi164.stdout:/usr/bin/ceph: stderr
2024-04-24T06:46:00.582+0000 7fcd10e00700 1 -- 172.21.15.164:0/2706637733 wait complete.
2024-04-24T06:46:01.696 INFO:teuthology.orchestra.run.smithi164.stdout:/usr/bin/ceph: stderr
2024-04-24T06:46:00.583+0000 7fcd10e00700 1 Processor -- start
2024-04-24T06:46:01.696 INFO:teuthology.orchestra.run.smithi164.stdout:/usr/bin/ceph: stderr
2024-04-24T06:46:00.584+0000 7fcd10e00700 1 -- start start
2024-04-24T06:46:01.696 INFO:teuthology.orchestra.run.smithi164.stdout:/usr/bin/ceph: stderr
2024-04-24T06:46:00.584+0000 7fcd10e00700 1 --2- >> [v2:172.21.15.164:3300/0,v1:172.21.15.164:6789/0] conn(0x7fcd0c1087a0 0x7fcd0c19c4e0 unknown :-1 s=NONE pgs=0 cs=0 l=1 rev1=0 crypto rx=0 tx=0 comp rx=0 tx=0).connect
2024-04-24T06:46:01.696 INFO:teuthology.orchestra.run.smithi164.stdout:/usr/bin/ceph: stderr
2024-04-24T06:46:00.584+0000 7fcd10e00700 1 -- --> [v2:172.21.15.164:3300/0,v1:172.21.15.164:6789/0] -- mon_getmap magic: 0 v1 -- 0x7fcd0c19ca20 con 0x7fcd0c1087a0
2024-04-24T06:46:01.697 INFO:teuthology.orchestra.run.smithi164.stdout:/usr/bin/ceph: stderr
2024-04-24T06:46:00.584+0000 7fcd09e00700 1 --2- >> [v2:172.21.15.164:3300/0,v1:172.21.15.164:6789/0] conn(0x7fcd0c1087a0 0x7fcd0c19c4e0 unknown :-1 s=BANNER_CONNECTING pgs=0 cs=0 l=1 rev1=0 crypto rx=0 tx=0 comp rx=0 tx=0)._handle_peer_banner_payload supported=3 required=0
2024-04-24T06:46:01.697 INFO:teuthology.orchestra.run.smithi164.stdout:/usr/bin/ceph: stderr
2024-04-24T06:46:00.584+0000 7fcd09e00700 1 --2- >> [v2:172.21.15.164:3300/0,v1:172.21.15.164:6789/0] conn(0x7fcd0c1087a0 0x7fcd0c19c4e0 unknown :-1 s=HELLO_CONNECTING pgs=0 cs=0 l=1 rev1=1 crypto rx=0 tx=0 comp rx=0 tx=0).handle_hello peer v2:172.21.15.164:3300/0 says I am v2:172.21.15.164:33224/0 (socket says 172.21.15.164:33224)
2024-04-24T06:46:01.697 INFO:teuthology.orchestra.run.smithi164.stdout:/usr/bin/ceph: stderr
2024-04-24T06:46:00.584+0000 7fcd09e00700 1 -- 172.21.15.164:0/3715629487 learned_addr learned my addr 172.21.15.164:0/3715629487 (peer_addr_for_me v2:172.21.15.164:0/0)
2024-04-24T06:46:01.697 INFO:teuthology.orchestra.run.smithi164.stdout:/usr/bin/ceph: stderr
2024-04-24T06:46:00.585+0000 7fcd09e00700 1 -- 172.21.15.164:0/3715629487 --> [v2:172.21.15.164:3300/0,v1:172.21.15.164:6789/0] -- mon_subscribe({config=0+,monmap=0+}) v3 -- 0x7fccfc009550 con 0x7fcd0c1087a0
2024-04-24T06:46:01.697 INFO:teuthology.orchestra.run.smithi164.stdout:/usr/bin/ceph: stderr
2024-04-24T06:46:00.585+0000 7fcd09e00700 1 --2- 172.21.15.164:0/3715629487 >> [v2:172.21.15.164:3300/0,v1:172.21.15.164:6789/0] conn(0x7fcd0c1087a0 0x7fcd0c19c4e0 secure :-1 s=READY pgs=68 cs=0 l=1 rev1=1 crypto rx=0x7fccfc0117b0 tx=0x7fccfc011890 comp rx=0 tx=0).ready entity=mon.0 client_cookie=0 server_cookie=0 in_seq=0 out_seq=0
2024-04-24T06:46:01.697 INFO:teuthology.orchestra.run.smithi164.stdout:/usr/bin/ceph: stderr
2024-04-24T06:46:00.585+0000 7fcd02a00700 1 -- 172.21.15.164:0/3715629487 <== mon.0 v2:172.21.15.164:3300/0 1 ==== mon_map magic: 0 v1 ==== 229+0+0 (secure 0 0 0) 0x7fccfc0038b0 con 0x7fcd0c1087a0
2024-04-24T06:46:01.697 INFO:teuthology.orchestra.run.smithi164.stdout:/usr/bin/ceph: stderr
2024-04-24T06:46:00.585+0000 7fcd02a00700 1 -- 172.21.15.164:0/3715629487 <== mon.0 v2:172.21.15.164:3300/0 2 ==== config(27 keys) v1 ==== 1109+0+0 (secure 0 0 0) 0x7fccfc003a10 con 0x7fcd0c1087a0
2024-04-24T06:46:01.697 INFO:teuthology.orchestra.run.smithi164.stdout:/usr/bin/ceph: stderr
2024-04-24T06:46:00.585+0000 7fcd10e00700 1 -- 172.21.15.164:0/3715629487 --> [v2:172.21.15.164:3300/0,v1:172.21.15.164:6789/0] -- mon_subscribe({mgrmap=0+}) v3 -- 0x7fcd0c19cc20 con 0x7fcd0c1087a0
2024-04-24T06:46:01.697 INFO:teuthology.orchestra.run.smithi164.stdout:/usr/bin/ceph: stderr
2024-04-24T06:46:00.585+0000 7fcd02a00700 1 -- 172.21.15.164:0/3715629487 <== mon.0 v2:172.21.15.164:3300/0 3 ==== mon_map magic: 0 v1 ==== 229+0+0 (secure 0 0 0) 0x7fccfc0246e0 con 0x7fcd0c1087a0
2024-04-24T06:46:01.697 INFO:teuthology.orchestra.run.smithi164.stdout:/usr/bin/ceph: stderr
2024-04-24T06:46:00.585+0000 7fcd10e00700 1 -- 172.21.15.164:0/3715629487 --> [v2:172.21.15.164:3300/0,v1:172.21.15.164:6789/0] -- mon_subscribe({osdmap=0}) v3 -- 0x7fcd0c19d0c0 con 0x7fcd0c1087a0
2024-04-24T06:46:01.697 INFO:teuthology.orchestra.run.smithi164.stdout:/usr/bin/ceph: stderr
2024-04-24T06:46:00.587+0000 7fcd02a00700 1 -- 172.21.15.164:0/3715629487 <== mon.0 v2:172.21.15.164:3300/0 4 ==== mgrmap(e 8) v1 ==== 45556+0+0 (secure 0 0 0) 0x7fccfc01ab80 con 0x7fcd0c1087a0
2024-04-24T06:46:01.697 INFO:teuthology.orchestra.run.smithi164.stdout:/usr/bin/ceph: stderr
2024-04-24T06:46:00.587+0000 7fcd10e00700 1 -- 172.21.15.164:0/3715629487 --> [v2:172.21.15.164:3300/0,v1:172.21.15.164:6789/0] -- mon_command({"prefix": "get_command_descriptions"} v 0) v1 -- 0x7fcd0c10cbd0 con 0x7fcd0c1087a0
2024-04-24T06:46:01.697 INFO:teuthology.orchestra.run.smithi164.stdout:/usr/bin/ceph: stderr
2024-04-24T06:46:00.587+0000 7fcd02a00700 1 --2- 172.21.15.164:0/3715629487 >> [v2:172.21.15.164:6800/2294013792,v1:172.21.15.164:6801/2294013792] conn(0x7fccf0038770 0x7fccf003ac30 unknown :-1 s=NONE pgs=0 cs=0 l=1 rev1=0 crypto rx=0 tx=0 comp rx=0 tx=0).connect
2024-04-24T06:46:01.697 INFO:teuthology.orchestra.run.smithi164.stdout:/usr/bin/ceph: stderr
2024-04-24T06:46:00.587+0000 7fcd02a00700 1 -- 172.21.15.164:0/3715629487 <== mon.0 v2:172.21.15.164:3300/0 5 ==== osd_map(2..2 src has 1..2) v4 ==== 940+0+0 (secure 0 0 0) 0x7fccfc04c9b0 con 0x7fcd0c1087a0
2024-04-24T06:46:01.698 INFO:teuthology.orchestra.run.smithi164.stdout:/usr/bin/ceph: stderr
2024-04-24T06:46:00.587+0000 7fcd09400700 1 --2- 172.21.15.164:0/3715629487 >> [v2:172.21.15.164:6800/2294013792,v1:172.21.15.164:6801/2294013792] conn(0x7fccf0038770 0x7fccf003ac30 unknown :-1 s=BANNER_CONNECTING pgs=0 cs=0 l=1 rev1=0 crypto rx=0 tx=0 comp rx=0 tx=0)._handle_peer_banner_payload supported=3 required=0
2024-04-24T06:46:01.698 INFO:teuthology.orchestra.run.smithi164.stdout:/usr/bin/ceph: stderr
2024-04-24T06:46:00.588+0000 7fcd09400700 1 --2- 172.21.15.164:0/3715629487 >> [v2:172.21.15.164:6800/2294013792,v1:172.21.15.164:6801/2294013792] conn(0x7fccf0038770 0x7fccf003ac30 secure :-1 s=READY pgs=22 cs=0 l=1 rev1=1 crypto rx=0x7fccf8006fd0 tx=0x7fccf8006e40 comp rx=0 tx=0).ready entity=mgr.14120 client_cookie=0 server_cookie=0 in_seq=0 out_seq=0
2024-04-24T06:46:01.698 INFO:teuthology.orchestra.run.smithi164.stdout:/usr/bin/ceph: stderr
2024-04-24T06:46:00.592+0000 7fcd02a00700 1 -- 172.21.15.164:0/3715629487 <== mon.0 v2:172.21.15.164:3300/0 6 ==== mon_command_ack([{"prefix": "get_command_descriptions"}]=0 v0) v1 ==== 72+0+183351 (secure 0 0 0) 0x7fccfc010380 con 0x7fcd0c1087a0
2024-04-24T06:46:01.698 INFO:teuthology.orchestra.run.smithi164.stdout:/usr/bin/ceph: stderr
2024-04-24T06:46:00.874+0000 7fcd10e00700 1 -- 172.21.15.164:0/3715629487 --> [v2:172.21.15.164:3300/0,v1:172.21.15.164:6789/0] -- mon_command({"prefix": "mgr module enable", "module": "dashboard"} v 0) v1 -- 0x7fcd0c19f950 con 0x7fcd0c1087a0
2024-04-24T06:46:01.698 INFO:teuthology.orchestra.run.smithi164.stdout:/usr/bin/ceph: stderr
2024-04-24T06:46:00.930+0000 7fcd02a00700 1 -- 172.21.15.164:0/3715629487 <== mon.0 v2:172.21.15.164:3300/0 7 ==== mgrmap(e 9) v1 ==== 45569+0+0 (secure 0 0 0) 0x7fccfc02d770 con 0x7fcd0c1087a0
2024-04-24T06:46:01.698 INFO:teuthology.orchestra.run.smithi164.stdout:/usr/bin/ceph: stderr
2024-04-24T06:46:00.934+0000 7fcd02a00700 1 -- 172.21.15.164:0/3715629487 <== mon.0 v2:172.21.15.164:3300/0 8 ==== mon_command_ack([{"prefix": "mgr module enable", "module": "dashboard"}]=0 v9) v1 ==== 88+0+0 (secure 0 0 0) 0x7fccfc02ccd0 con 0x7fcd0c1087a0
2024-04-24T06:46:01.698 INFO:teuthology.orchestra.run.smithi164.stdout:/usr/bin/ceph: stderr
2024-04-24T06:46:00.936+0000 7fcd10e00700 1 -- 172.21.15.164:0/3715629487 >> [v2:172.21.15.164:6800/2294013792,v1:172.21.15.164:6801/2294013792] conn(0x7fccf0038770 msgr2=0x7fccf003ac30 secure :-1 s=STATE_CONNECTION_ESTABLISHED l=1).mark_down
2024-04-24T06:46:01.698 INFO:teuthology.orchestra.run.smithi164.stdout:/usr/bin/ceph: stderr
2024-04-24T06:46:00.936+0000 7fcd10e00700 1 --2- 172.21.15.164:0/3715629487 >> [v2:172.21.15.164:6800/2294013792,v1:172.21.15.164:6801/2294013792] conn(0x7fccf0038770 0x7fccf003ac30 secure :-1 s=READY pgs=22 cs=0 l=1 rev1=1 crypto rx=0x7fccf8006fd0 tx=0x7fccf8006e40 comp rx=0 tx=0).stop
2024-04-24T06:46:01.698 INFO:teuthology.orchestra.run.smithi164.stdout:/usr/bin/ceph: stderr
2024-04-24T06:46:00.936+0000 7fcd10e00700 1 -- 172.21.15.164:0/3715629487 >> [v2:172.21.15.164:3300/0,v1:172.21.15.164:6789/0] conn(0x7fcd0c1087a0 msgr2=0x7fcd0c19c4e0 secure :-1 s=STATE_CONNECTION_ESTABLISHED l=1).mark_down
2024-04-24T06:46:01.698 INFO:teuthology.orchestra.run.smithi164.stdout:/usr/bin/ceph: stderr
2024-04-24T06:46:00.936+0000 7fcd10e00700 1 --2- 172.21.15.164:0/3715629487 >> [v2:172.21.15.164:3300/0,v1:172.21.15.164:6789/0] conn(0x7fcd0c1087a0 0x7fcd0c19c4e0 secure :-1 s=READY pgs=68 cs=0 l=1 rev1=1 crypto rx=0x7fccfc0117b0 tx=0x7fccfc011890 comp rx=0 tx=0).stop
2024-04-24T06:46:01.698 INFO:teuthology.orchestra.run.smithi164.stdout:/usr/bin/ceph: stderr
2024-04-24T06:46:00.937+0000 7fcd10e00700 1 -- 172.21.15.164:0/3715629487 shutdown_connections
2024-04-24T06:46:01.698 INFO:teuthology.orchestra.run.smithi164.stdout:/usr/bin/ceph: stderr
2024-04-24T06:46:00.937+0000 7fcd10e00700 1 --2- 172.21.15.164:0/3715629487 >> [v2:172.21.15.164:6800/2294013792,v1:172.21.15.164:6801/2294013792] conn(0x7fccf0038770 0x7fccf003ac30 unknown :-1 s=CLOSED pgs=22 cs=0 l=1 rev1=1 crypto rx=0 tx=0 comp rx=0 tx=0).stop
2024-04-24T06:46:01.698 INFO:teuthology.orchestra.run.smithi164.stdout:/usr/bin/ceph: stderr
2024-04-24T06:46:00.937+0000 7fcd10e00700 1 --2- 172.21.15.164:0/3715629487 >> [v2:172.21.15.164:3300/0,v1:172.21.15.164:6789/0] conn(0x7fcd0c1087a0 0x7fcd0c19c4e0 unknown :-1 s=CLOSED pgs=68 cs=0 l=1 rev1=1 crypto rx=0 tx=0 comp rx=0 tx=0).stop
2024-04-24T06:46:01.699 INFO:teuthology.orchestra.run.smithi164.stdout:/usr/bin/ceph: stderr
2024-04-24T06:46:00.937+0000 7fcd10e00700 1 -- 172.21.15.164:0/3715629487 >> 172.21.15.164:0/3715629487 conn(0x7fcd0c103d80 msgr2=0x7fcd0c1048d0 unknown :-1 s=STATE_NONE l=0).mark_down
2024-04-24T06:46:01.699 INFO:teuthology.orchestra.run.smithi164.stdout:/usr/bin/ceph: stderr
2024-04-24T06:46:00.937+0000 7fcd10e00700 1 -- 172.21.15.164:0/3715629487 shutdown_connections
2024-04-24T06:46:01.699 INFO:teuthology.orchestra.run.smithi164.stdout:/usr/bin/ceph: stderr
2024-04-24T06:46:00.937+0000 7fcd10e00700 1 -- 172.21.15.164:0/3715629487 wait complete.
2024-04-24T06:46:02.234 INFO:journalctl@ceph.mon.smithi164.smithi164.stdout:Apr 24 06:46:01 smithi164 ceph-mon[25786]: from='client.? 172.21.15.164:0/3715629487' entity='client.admin' cmd='[{"prefix": "mgr module enable", "module": "dashboard"}]': finished
2024-04-24T06:46:02.235 INFO:journalctl@ceph.mon.smithi164.smithi164.stdout:Apr 24 06:46:01 smithi164 ceph-mon[25786]: mgrmap e9: smithi164.hdftnm(active, since 32s)
2024-04-24T06:46:03.235 INFO:journalctl@ceph.mon.smithi164.smithi164.stdout:Apr 24 06:46:02 smithi164 ceph-mon[25786]: from='client.? 172.21.15.164:0/55719533' entity='client.admin' cmd=[{"prefix": "mgr stat"}]: dispatch
2024-04-24T06:46:03.288 INFO:teuthology.orchestra.run.smithi164.stdout:/usr/bin/ceph: stdout {
2024-04-24T06:46:03.288 INFO:teuthology.orchestra.run.smithi164.stdout:/usr/bin/ceph: stdout "epoch": 9,
2024-04-24T06:46:03.288 INFO:teuthology.orchestra.run.smithi164.stdout:/usr/bin/ceph: stdout "available": true,
2024-04-24T06:46:03.288 INFO:teuthology.orchestra.run.smithi164.stdout:/usr/bin/ceph: stdout "active_name": "smithi164.hdftnm",
2024-04-24T06:46:03.288 INFO:teuthology.orchestra.run.smithi164.stdout:/usr/bin/ceph: stdout "num_standby": 0
2024-04-24T06:46:03.288 INFO:teuthology.orchestra.run.smithi164.stdout:/usr/bin/ceph: stdout }
2024-04-24T06:46:03.288 INFO:teuthology.orchestra.run.smithi164.stdout:/usr/bin/ceph: stderr
2024-04-24T06:46:02.327+0000 7f920f200700 1 Processor -- start
2024-04-24T06:46:03.288 INFO:teuthology.orchestra.run.smithi164.stdout:/usr/bin/ceph: stderr
2024-04-24T06:46:02.327+0000 7f920f200700 1 -- start start
2024-04-24T06:46:03.288 INFO:teuthology.orchestra.run.smithi164.stdout:/usr/bin/ceph: stderr
2024-04-24T06:46:02.327+0000 7f920f200700 1 --2- >> [v2:172.21.15.164:3300/0,v1:172.21.15.164:6789/0] conn(0x7f921007ad70 0x7f92100791d0 unknown :-1 s=NONE pgs=0 cs=0 l=0 rev1=0 crypto rx=0 tx=0 comp rx=0 tx=0).connect
2024-04-24T06:46:03.288 INFO:teuthology.orchestra.run.smithi164.stdout:/usr/bin/ceph: stderr
2024-04-24T06:46:02.327+0000 7f920f200700 1 -- --> [v2:172.21.15.164:3300/0,v1:172.21.15.164:6789/0] -- mon_getmap magic: 0 v1 -- 0x7f92100797a0 con 0x7f921007ad70
2024-04-24T06:46:03.288 INFO:teuthology.orchestra.run.smithi164.stdout:/usr/bin/ceph: stderr
2024-04-24T06:46:02.328+0000 7f920de00700 1 --2- >> [v2:172.21.15.164:3300/0,v1:172.21.15.164:6789/0] conn(0x7f921007ad70 0x7f92100791d0 unknown :-1 s=BANNER_CONNECTING pgs=0 cs=0 l=0 rev1=0 crypto rx=0 tx=0 comp rx=0 tx=0)._handle_peer_banner_payload supported=3 required=0
2024-04-24T06:46:03.288 INFO:teuthology.orchestra.run.smithi164.stdout:/usr/bin/ceph: stderr
2024-04-24T06:46:02.328+0000 7f920de00700 1 --2- >> [v2:172.21.15.164:3300/0,v1:172.21.15.164:6789/0] conn(0x7f921007ad70 0x7f92100791d0 unknown :-1 s=HELLO_CONNECTING pgs=0 cs=0 l=0 rev1=1 crypto rx=0 tx=0 comp rx=0 tx=0).handle_hello peer v2:172.21.15.164:3300/0 says I am v2:172.21.15.164:58362/0 (socket says 172.21.15.164:58362)
2024-04-24T06:46:03.289 INFO:teuthology.orchestra.run.smithi164.stdout:/usr/bin/ceph: stderr
2024-04-24T06:46:02.328+0000 7f920de00700 1 -- 172.21.15.164:0/2014777598 learned_addr learned my addr 172.21.15.164:0/2014777598 (peer_addr_for_me v2:172.21.15.164:0/0)
2024-04-24T06:46:03.289 INFO:teuthology.orchestra.run.smithi164.stdout:/usr/bin/ceph: stderr
2024-04-24T06:46:02.328+0000 7f920de00700 1 -- 172.21.15.164:0/2014777598 --> [v2:172.21.15.164:3300/0,v1:172.21.15.164:6789/0] -- mon_subscribe({config=0+,monmap=0+}) v3 -- 0x7f92100798e0 con 0x7f921007ad70
2024-04-24T06:46:03.289 INFO:teuthology.orchestra.run.smithi164.stdout:/usr/bin/ceph: stderr
2024-04-24T06:46:02.329+0000 7f920de00700 1 --2- 172.21.15.164:0/2014777598 >> [v2:172.21.15.164:3300/0,v1:172.21.15.164:6789/0] conn(0x7f921007ad70 0x7f92100791d0 secure :-1 s=READY pgs=71 cs=0 l=1 rev1=1 crypto rx=0x7f92000098a0 tx=0x7f9200009bb0 comp rx=0 tx=0).ready entity=mon.0 client_cookie=2f40aca2c109c23d server_cookie=0 in_seq=0 out_seq=0
2024-04-24T06:46:03.289 INFO:teuthology.orchestra.run.smithi164.stdout:/usr/bin/ceph: stderr
2024-04-24T06:46:02.329+0000 7f920ca00700 1 -- 172.21.15.164:0/2014777598 <== mon.0 v2:172.21.15.164:3300/0 1 ==== mon_map magic: 0 v1 ==== 229+0+0 (secure 0 0 0) 0x7f9200004180 con 0x7f921007ad70
2024-04-24T06:46:03.289 INFO:teuthology.orchestra.run.smithi164.stdout:/usr/bin/ceph: stderr
2024-04-24T06:46:02.329+0000 7f920ca00700 1 -- 172.21.15.164:0/2014777598 <== mon.0 v2:172.21.15.164:3300/0 2 ==== config(27 keys) v1 ==== 1109+0+0 (secure 0 0 0) 0x7f92000042e0 con 0x7f921007ad70
2024-04-24T06:46:03.289 INFO:teuthology.orchestra.run.smithi164.stdout:/usr/bin/ceph: stderr
2024-04-24T06:46:02.329+0000 7f920ca00700 1 -- 172.21.15.164:0/2014777598 <== mon.0 v2:172.21.15.164:3300/0 3 ==== mon_map magic: 0 v1 ==== 229+0+0 (secure 0 0 0) 0x7f9200011b10 con 0x7f921007ad70
2024-04-24T06:46:03.289 INFO:teuthology.orchestra.run.smithi164.stdout:/usr/bin/ceph: stderr
2024-04-24T06:46:02.330+0000 7f920f200700 1 -- 172.21.15.164:0/2014777598 >> [v2:172.21.15.164:3300/0,v1:172.21.15.164:6789/0] conn(0x7f921007ad70 msgr2=0x7f92100791d0 secure :-1 s=STATE_CONNECTION_ESTABLISHED l=1).mark_down
2024-04-24T06:46:03.289 INFO:teuthology.orchestra.run.smithi164.stdout:/usr/bin/ceph: stderr
2024-04-24T06:46:02.330+0000 7f920f200700 1 --2- 172.21.15.164:0/2014777598 >> [v2:172.21.15.164:3300/0,v1:172.21.15.164:6789/0] conn(0x7f921007ad70 0x7f92100791d0 secure :-1 s=READY pgs=71 cs=0 l=1 rev1=1 crypto rx=0x7f92000098a0 tx=0x7f9200009bb0 comp rx=0 tx=0).stop
2024-04-24T06:46:03.289 INFO:teuthology.orchestra.run.smithi164.stdout:/usr/bin/ceph: stderr
2024-04-24T06:46:02.330+0000 7f920f200700 1 -- 172.21.15.164:0/2014777598 shutdown_connections
2024-04-24T06:46:03.289 INFO:teuthology.orchestra.run.smithi164.stdout:/usr/bin/ceph: stderr
2024-04-24T06:46:02.330+0000 7f920f200700 1 --2- 172.21.15.164:0/2014777598 >> [v2:172.21.15.164:3300/0,v1:172.21.15.164:6789/0] conn(0x7f921007ad70 0x7f92100791d0 unknown :-1 s=CLOSED pgs=71 cs=0 l=1 rev1=1 crypto rx=0 tx=0 comp rx=0 tx=0).stop
2024-04-24T06:46:03.289 INFO:teuthology.orchestra.run.smithi164.stdout:/usr/bin/ceph: stderr
2024-04-24T06:46:02.330+0000 7f920f200700 1 -- 172.21.15.164:0/2014777598 >> 172.21.15.164:0/2014777598 conn(0x7f9210101a30 msgr2=0x7f9210103e50 unknown :-1 s=STATE_NONE l=0).mark_down
2024-04-24T06:46:03.289 INFO:teuthology.orchestra.run.smithi164.stdout:/usr/bin/ceph: stderr
2024-04-24T06:46:02.330+0000 7f920f200700 1 -- 172.21.15.164:0/2014777598 shutdown_connections
2024-04-24T06:46:03.289 INFO:teuthology.orchestra.run.smithi164.stdout:/usr/bin/ceph: stderr
2024-04-24T06:46:02.330+0000 7f920f200700 1 -- 172.21.15.164:0/2014777598 wait complete.
2024-04-24T06:46:03.290 INFO:teuthology.orchestra.run.smithi164.stdout:/usr/bin/ceph: stderr
2024-04-24T06:46:02.331+0000 7f920f200700 1 Processor -- start
2024-04-24T06:46:03.290 INFO:teuthology.orchestra.run.smithi164.stdout:/usr/bin/ceph: stderr
2024-04-24T06:46:02.332+0000 7f920f200700 1 -- start start
2024-04-24T06:46:03.290 INFO:teuthology.orchestra.run.smithi164.stdout:/usr/bin/ceph: stderr
2024-04-24T06:46:02.332+0000 7f920f200700 1 --2- >> [v2:172.21.15.164:3300/0,v1:172.21.15.164:6789/0] conn(0x7f921007ad70 0x7f921019c310 unknown :-1 s=NONE pgs=0 cs=0 l=1 rev1=0 crypto rx=0 tx=0 comp rx=0 tx=0).connect
2024-04-24T06:46:03.290 INFO:teuthology.orchestra.run.smithi164.stdout:/usr/bin/ceph: stderr
2024-04-24T06:46:02.332+0000 7f920f200700 1 -- --> [v2:172.21.15.164:3300/0,v1:172.21.15.164:6789/0] -- mon_getmap magic: 0 v1 -- 0x7f921019c850 con 0x7f921007ad70
2024-04-24T06:46:03.290 INFO:teuthology.orchestra.run.smithi164.stdout:/usr/bin/ceph: stderr
2024-04-24T06:46:02.332+0000 7f920de00700 1 --2- >> [v2:172.21.15.164:3300/0,v1:172.21.15.164:6789/0] conn(0x7f921007ad70 0x7f921019c310 unknown :-1 s=BANNER_CONNECTING pgs=0 cs=0 l=1 rev1=0 crypto rx=0 tx=0 comp rx=0 tx=0)._handle_peer_banner_payload supported=3 required=0
2024-04-24T06:46:03.290 INFO:teuthology.orchestra.run.smithi164.stdout:/usr/bin/ceph: stderr
2024-04-24T06:46:02.332+0000 7f920de00700 1 --2- >> [v2:172.21.15.164:3300/0,v1:172.21.15.164:6789/0] conn(0x7f921007ad70 0x7f921019c310 unknown :-1 s=HELLO_CONNECTING pgs=0 cs=0 l=1 rev1=1 crypto rx=0 tx=0 comp rx=0 tx=0).handle_hello peer v2:172.21.15.164:3300/0 says I am v2:172.21.15.164:58378/0 (socket says 172.21.15.164:58378)
2024-04-24T06:46:03.290 INFO:teuthology.orchestra.run.smithi164.stdout:/usr/bin/ceph: stderr
2024-04-24T06:46:02.332+0000 7f920de00700 1 -- 172.21.15.164:0/55719533 learned_addr learned my addr 172.21.15.164:0/55719533 (peer_addr_for_me v2:172.21.15.164:0/0)
2024-04-24T06:46:03.290 INFO:teuthology.orchestra.run.smithi164.stdout:/usr/bin/ceph: stderr
2024-04-24T06:46:02.333+0000 7f920de00700 1 -- 172.21.15.164:0/55719533 --> [v2:172.21.15.164:3300/0,v1:172.21.15.164:6789/0] -- mon_subscribe({config=0+,monmap=0+}) v3 -- 0x7f9200009550 con 0x7f921007ad70
2024-04-24T06:46:03.290 INFO:teuthology.orchestra.run.smithi164.stdout:/usr/bin/ceph: stderr
2024-04-24T06:46:02.333+0000 7f920de00700 1 --2- 172.21.15.164:0/55719533 >> [v2:172.21.15.164:3300/0,v1:172.21.15.164:6789/0] conn(0x7f921007ad70 0x7f921019c310 secure :-1 s=READY pgs=72 cs=0 l=1 rev1=1 crypto rx=0x7f92000117b0 tx=0x7f9200011890 comp rx=0 tx=0).ready entity=mon.0 client_cookie=0 server_cookie=0 in_seq=0 out_seq=0
2024-04-24T06:46:03.290 INFO:teuthology.orchestra.run.smithi164.stdout:/usr/bin/ceph: stderr
2024-04-24T06:46:02.333+0000 7f9206a00700 1 -- 172.21.15.164:0/55719533 <== mon.0 v2:172.21.15.164:3300/0 1 ==== mon_map magic: 0 v1 ==== 229+0+0 (secure 0 0 0) 0x7f92000038b0 con 0x7f921007ad70
2024-04-24T06:46:03.290 INFO:teuthology.orchestra.run.smithi164.stdout:/usr/bin/ceph: stderr
2024-04-24T06:46:02.333+0000 7f9206a00700 1 -- 172.21.15.164:0/55719533 <== mon.0 v2:172.21.15.164:3300/0 2 ==== config(27 keys) v1 ==== 1109+0+0 (secure 0 0 0) 0x7f9200003a10 con 0x7f921007ad70
2024-04-24T06:46:03.290 INFO:teuthology.orchestra.run.smithi164.stdout:/usr/bin/ceph: stderr
2024-04-24T06:46:02.333+0000 7f9206a00700 1 -- 172.21.15.164:0/55719533 <== mon.0 v2:172.21.15.164:3300/0 3 ==== mon_map magic: 0 v1 ==== 229+0+0 (secure 0 0 0) 0x7f9200024780 con 0x7f921007ad70
2024-04-24T06:46:03.291 INFO:teuthology.orchestra.run.smithi164.stdout:/usr/bin/ceph: stderr
2024-04-24T06:46:02.333+0000 7f920f200700 1 -- 172.21.15.164:0/55719533 --> [v2:172.21.15.164:3300/0,v1:172.21.15.164:6789/0] -- mon_subscribe({mgrmap=0+}) v3 -- 0x7f921019ca50 con 0x7f921007ad70
2024-04-24T06:46:03.291 INFO:teuthology.orchestra.run.smithi164.stdout:/usr/bin/ceph: stderr
2024-04-24T06:46:02.334+0000 7f920f200700 1 -- 172.21.15.164:0/55719533 --> [v2:172.21.15.164:3300/0,v1:172.21.15.164:6789/0] -- mon_subscribe({osdmap=0}) v3 -- 0x7f921019cef0 con 0x7f921007ad70
2024-04-24T06:46:03.291 INFO:teuthology.orchestra.run.smithi164.stdout:/usr/bin/ceph: stderr
2024-04-24T06:46:02.335+0000 7f9206a00700 1 -- 172.21.15.164:0/55719533 <== mon.0 v2:172.21.15.164:3300/0 4 ==== mgrmap(e 9) v1 ==== 45569+0+0 (secure 0 0 0) 0x7f920001a430 con 0x7f921007ad70
2024-04-24T06:46:03.291 INFO:teuthology.orchestra.run.smithi164.stdout:/usr/bin/ceph: stderr
2024-04-24T06:46:02.335+0000 7f920f200700 1 -- 172.21.15.164:0/55719533 --> [v2:172.21.15.164:3300/0,v1:172.21.15.164:6789/0] -- mon_command({"prefix": "get_command_descriptions"} v 0) v1 -- 0x7f921010c7b0 con 0x7f921007ad70
2024-04-24T06:46:03.291 INFO:teuthology.orchestra.run.smithi164.stdout:/usr/bin/ceph: stderr
2024-04-24T06:46:02.335+0000 7f9206a00700 1 --2- 172.21.15.164:0/55719533 >> [v2:172.21.15.164:6800/2294013792,v1:172.21.15.164:6801/2294013792] conn(0x7f91f4038880 0x7f91f403ad40 unknown :-1 s=NONE pgs=0 cs=0 l=1 rev1=0 crypto rx=0 tx=0 comp rx=0 tx=0).connect
2024-04-24T06:46:03.291 INFO:teuthology.orchestra.run.smithi164.stdout:/usr/bin/ceph: stderr
2024-04-24T06:46:02.335+0000 7f9206a00700 1 -- 172.21.15.164:0/55719533 <== mon.0 v2:172.21.15.164:3300/0 5 ==== osd_map(2..2 src has 1..2) v4 ==== 940+0+0 (secure 0 0 0) 0x7f920004c8a0 con 0x7f921007ad70
2024-04-24T06:46:03.291 INFO:teuthology.orchestra.run.smithi164.stdout:/usr/bin/ceph: stderr
2024-04-24T06:46:02.335+0000 7f920d400700 1 -- 172.21.15.164:0/55719533 >> [v2:172.21.15.164:6800/2294013792,v1:172.21.15.164:6801/2294013792] conn(0x7f91f4038880 msgr2=0x7f91f403ad40 unknown :-1 s=STATE_CONNECTING_RE l=1).process reconnect failed to v2:172.21.15.164:6800/2294013792
2024-04-24T06:46:03.291 INFO:teuthology.orchestra.run.smithi164.stdout:/usr/bin/ceph: stderr
2024-04-24T06:46:02.336+0000 7f920d400700 1 --2- 172.21.15.164:0/55719533 >> [v2:172.21.15.164:6800/2294013792,v1:172.21.15.164:6801/2294013792] conn(0x7f91f4038880 0x7f91f403ad40 unknown :-1 s=START_CONNECT pgs=0 cs=0 l=1 rev1=0 crypto rx=0 tx=0 comp rx=0 tx=0)._fault waiting 0.200000
2024-04-24T06:46:03.291 INFO:teuthology.orchestra.run.smithi164.stdout:/usr/bin/ceph: stderr
2024-04-24T06:46:02.344+0000 7f9206a00700 1 -- 172.21.15.164:0/55719533 <== mon.0 v2:172.21.15.164:3300/0 6 ==== mon_command_ack([{"prefix": "get_command_descriptions"}]=0 v0) v1 ==== 72+0+183351 (secure 0 0 0) 0x7f920001a6e0 con 0x7f921007ad70
2024-04-24T06:46:03.291 INFO:teuthology.orchestra.run.smithi164.stdout:/usr/bin/ceph: stderr
2024-04-24T06:46:02.537+0000 7f920d400700 1 -- 172.21.15.164:0/55719533 >> [v2:172.21.15.164:6800/2294013792,v1:172.21.15.164:6801/2294013792] conn(0x7f91f4038880 msgr2=0x7f91f403ad40 unknown :-1 s=STATE_CONNECTING_RE l=1).process reconnect failed to v2:172.21.15.164:6800/2294013792
2024-04-24T06:46:03.291 INFO:teuthology.orchestra.run.smithi164.stdout:/usr/bin/ceph: stderr
2024-04-24T06:46:02.537+0000 7f920d400700 1 --2- 172.21.15.164:0/55719533 >> [v2:172.21.15.164:6800/2294013792,v1:172.21.15.164:6801/2294013792] conn(0x7f91f4038880 0x7f91f403ad40 unknown :-1 s=START_CONNECT pgs=0 cs=0 l=1 rev1=0 crypto rx=0 tx=0 comp rx=0 tx=0)._fault waiting 0.400000
2024-04-24T06:46:03.291 INFO:teuthology.orchestra.run.smithi164.stdout:/usr/bin/ceph: stderr
2024-04-24T06:46:02.636+0000 7f920f200700 1 -- 172.21.15.164:0/55719533 --> [v2:172.21.15.164:3300/0,v1:172.21.15.164:6789/0] -- mon_command({"prefix": "mgr stat"} v 0) v1 -- 0x7f921019f780 con 0x7f921007ad70
2024-04-24T06:46:03.292 INFO:teuthology.orchestra.run.smithi164.stdout:/usr/bin/ceph: stderr
2024-04-24T06:46:02.637+0000 7f9206a00700 1 -- 172.21.15.164:0/55719533 <== mon.0 v2:172.21.15.164:3300/0 7 ==== mon_command_ack([{"prefix": "mgr stat"}]=0 v9) v1 ==== 56+0+103 (secure 0 0 0) 0x7f9200018350 con 0x7f921007ad70
2024-04-24T06:46:03.292 INFO:teuthology.orchestra.run.smithi164.stdout:/usr/bin/ceph: stderr
2024-04-24T06:46:02.639+0000 7f920f200700 1 -- 172.21.15.164:0/55719533 >> [v2:172.21.15.164:6800/2294013792,v1:172.21.15.164:6801/2294013792] conn(0x7f91f4038880 msgr2=0x7f91f403ad40 unknown :-1 s=STATE_CONNECTING l=1).mark_down
2024-04-24T06:46:03.292 INFO:teuthology.orchestra.run.smithi164.stdout:/usr/bin/ceph: stderr
2024-04-24T06:46:02.639+0000 7f920f200700 1 --2- 172.21.15.164:0/55719533 >> [v2:172.21.15.164:6800/2294013792,v1:172.21.15.164:6801/2294013792] conn(0x7f91f4038880 0x7f91f403ad40 unknown :-1 s=START_CONNECT pgs=0 cs=0 l=1 rev1=0 crypto rx=0 tx=0 comp rx=0 tx=0).stop
2024-04-24T06:46:03.292 INFO:teuthology.orchestra.run.smithi164.stdout:/usr/bin/ceph: stderr
2024-04-24T06:46:02.639+0000 7f920f200700 1 -- 172.21.15.164:0/55719533 >> [v2:172.21.15.164:3300/0,v1:172.21.15.164:6789/0] conn(0x7f921007ad70 msgr2=0x7f921019c310 secure :-1 s=STATE_CONNECTION_ESTABLISHED l=1).mark_down
2024-04-24T06:46:03.292 INFO:teuthology.orchestra.run.smithi164.stdout:/usr/bin/ceph: stderr
2024-04-24T06:46:02.639+0000 7f920f200700 1 --2- 172.21.15.164:0/55719533 >> [v2:172.21.15.164:3300/0,v1:172.21.15.164:6789/0] conn(0x7f921007ad70 0x7f921019c310 secure :-1 s=READY pgs=72 cs=0 l=1 rev1=1 crypto rx=0x7f92000117b0 tx=0x7f9200011890 comp rx=0 tx=0).stop
2024-04-24T06:46:03.292 INFO:teuthology.orchestra.run.smithi164.stdout:/usr/bin/ceph: stderr
2024-04-24T06:46:02.639+0000 7f920f200700 1 -- 172.21.15.164:0/55719533 shutdown_connections
2024-04-24T06:46:03.292 INFO:teuthology.orchestra.run.smithi164.stdout:/usr/bin/ceph: stderr
2024-04-24T06:46:02.639+0000 7f920f200700 1 --2- 172.21.15.164:0/55719533 >> [v2:172.21.15.164:6800/2294013792,v1:172.21.15.164:6801/2294013792] conn(0x7f91f4038880 0x7f91f403ad40 unknown :-1 s=CLOSED pgs=0 cs=0 l=1 rev1=0 crypto rx=0 tx=0 comp rx=0 tx=0).stop
2024-04-24T06:46:03.292 INFO:teuthology.orchestra.run.smithi164.stdout:/usr/bin/ceph: stderr
2024-04-24T06:46:02.639+0000 7f920f200700 1 --2- 172.21.15.164:0/55719533 >> [v2:172.21.15.164:3300/0,v1:172.21.15.164:6789/0] conn(0x7f921007ad70 0x7f921019c310 unknown :-1 s=CLOSED pgs=72 cs=0 l=1 rev1=1 crypto rx=0 tx=0 comp rx=0 tx=0).stop
2024-04-24T06:46:03.292 INFO:teuthology.orchestra.run.smithi164.stdout:/usr/bin/ceph: stderr
2024-04-24T06:46:02.639+0000 7f920f200700 1 -- 172.21.15.164:0/55719533 >> 172.21.15.164:0/55719533 conn(0x7f9210101a30 msgr2=0x7f9210102500 unknown :-1 s=STATE_NONE l=0).mark_down
2024-04-24T06:46:03.292 INFO:teuthology.orchestra.run.smithi164.stdout:/usr/bin/ceph: stderr
2024-04-24T06:46:02.640+0000 7f920f200700 1 -- 172.21.15.164:0/55719533 shutdown_connections
2024-04-24T06:46:03.292 INFO:teuthology.orchestra.run.smithi164.stdout:/usr/bin/ceph: stderr
2024-04-24T06:46:02.640+0000 7f920f200700 1 -- 172.21.15.164:0/55719533 wait complete.
2024-04-24T06:46:03.293 INFO:teuthology.orchestra.run.smithi164.stdout:Waiting for the mgr to restart...
2024-04-24T06:46:03.293 INFO:teuthology.orchestra.run.smithi164.stdout:Waiting for mgr epoch 9...
2024-04-24T06:46:10.234 INFO:journalctl@ceph.mon.smithi164.smithi164.stdout:Apr 24 06:46:09 smithi164 ceph-mon[25786]: Active manager daemon smithi164.hdftnm restarted
2024-04-24T06:46:10.235 INFO:journalctl@ceph.mon.smithi164.smithi164.stdout:Apr 24 06:46:09 smithi164 ceph-mon[25786]: Activating manager daemon smithi164.hdftnm
2024-04-24T06:46:10.235 INFO:journalctl@ceph.mon.smithi164.smithi164.stdout:Apr 24 06:46:09 smithi164 ceph-mon[25786]: osdmap e3: 0 total, 0 up, 0 in
2024-04-24T06:46:10.235 INFO:journalctl@ceph.mon.smithi164.smithi164.stdout:Apr 24 06:46:09 smithi164 ceph-mon[25786]: mgrmap e10: smithi164.hdftnm(active, starting, since 0.00842806s)
2024-04-24T06:46:10.235 INFO:journalctl@ceph.mon.smithi164.smithi164.stdout:Apr 24 06:46:09 smithi164 ceph-mon[25786]: from='mgr.14164 172.21.15.164:0/1876972933' entity='mgr.smithi164.hdftnm' cmd=[{"prefix": "mon metadata", "id": "smithi164"}]: dispatch
2024-04-24T06:46:10.235 INFO:journalctl@ceph.mon.smithi164.smithi164.stdout:Apr 24 06:46:09 smithi164 ceph-mon[25786]: from='mgr.14164 172.21.15.164:0/1876972933' entity='mgr.smithi164.hdftnm' cmd=[{"prefix": "mgr metadata", "who": "smithi164.hdftnm", "id": "smithi164.hdftnm"}]: dispatch
2024-04-24T06:46:10.235 INFO:journalctl@ceph.mon.smithi164.smithi164.stdout:Apr 24 06:46:09 smithi164 ceph-mon[25786]: from='mgr.14164 172.21.15.164:0/1876972933' entity='mgr.smithi164.hdftnm' cmd=[{"prefix": "mds metadata"}]: dispatch
