2024-04-24T06:46:14.720+0000 7fc23ea00700 1 --2- >> [v2:172.21.15.164:3300/0,v1:172.21.15.164:6789/0] conn(0x7fc24007adb0 0x7fc24019c510 unknown :-1 s=HELLO_CONNECTING pgs=0 cs=0 l=1 rev1=1 crypto rx=0 tx=0 comp rx=0 tx=0).handle_hello peer v2:172.21.15.164:3300/0 says I am v2:172.21.15.164:33512/0 (socket says 172.21.15.164:33512)
2024-04-24T06:46:16.284 INFO:teuthology.orchestra.run.smithi164.stdout:/usr/bin/ceph: stderr
2024-04-24T06:46:14.720+0000 7fc23ea00700 1 -- 172.21.15.164:0/123961466 learned_addr learned my addr 172.21.15.164:0/123961466 (peer_addr_for_me v2:172.21.15.164:0/0)
2024-04-24T06:46:16.285 INFO:teuthology.orchestra.run.smithi164.stdout:/usr/bin/ceph: stderr
2024-04-24T06:46:14.720+0000 7fc23ea00700 1 -- 172.21.15.164:0/123961466 --> [v2:172.21.15.164:3300/0,v1:172.21.15.164:6789/0] -- mon_subscribe({config=0+,monmap=0+}) v3 -- 0x7fc230009b30 con 0x7fc24007adb0
2024-04-24T06:46:16.285 INFO:teuthology.orchestra.run.smithi164.stdout:/usr/bin/ceph: stderr
2024-04-24T06:46:14.720+0000 7fc23ea00700 1 --2- 172.21.15.164:0/123961466 >> [v2:172.21.15.164:3300/0,v1:172.21.15.164:6789/0] conn(0x7fc24007adb0 0x7fc24019c510 secure :-1 s=READY pgs=85 cs=0 l=1 rev1=1 crypto rx=0x7fc230000f80 tx=0x7fc23000bd10 comp rx=0 tx=0).ready entity=mon.0 client_cookie=0 server_cookie=0 in_seq=0 out_seq=0
2024-04-24T06:46:16.285 INFO:teuthology.orchestra.run.smithi164.stdout:/usr/bin/ceph: stderr
2024-04-24T06:46:14.721+0000 7fc237400700 1 -- 172.21.15.164:0/123961466 <== mon.0 v2:172.21.15.164:3300/0 1 ==== mon_map magic: 0 v1 ==== 229+0+0 (secure 0 0 0) 0x7fc23000e040 con 0x7fc24007adb0
2024-04-24T06:46:16.285 INFO:teuthology.orchestra.run.smithi164.stdout:/usr/bin/ceph: stderr
2024-04-24T06:46:14.721+0000 7fc237400700 1 -- 172.21.15.164:0/123961466 <== mon.0 v2:172.21.15.164:3300/0 2 ==== config(27 keys) v1 ==== 1109+0+0 (secure 0 0 0) 0x7fc230003c30 con 0x7fc24007adb0
2024-04-24T06:46:16.285 INFO:teuthology.orchestra.run.smithi164.stdout:/usr/bin/ceph: stderr
2024-04-24T06:46:14.721+0000 7fc237400700 1 -- 172.21.15.164:0/123961466 <== mon.0 v2:172.21.15.164:3300/0 3 ==== mon_map magic: 0 v1 ==== 229+0+0 (secure 0 0 0) 0x7fc230012670 con 0x7fc24007adb0
2024-04-24T06:46:16.285 INFO:teuthology.orchestra.run.smithi164.stdout:/usr/bin/ceph: stderr
2024-04-24T06:46:14.721+0000 7fc245800700 1 -- 172.21.15.164:0/123961466 --> [v2:172.21.15.164:3300/0,v1:172.21.15.164:6789/0] -- mon_subscribe({mgrmap=0+}) v3 -- 0x7fc24019cc50 con 0x7fc24007adb0
2024-04-24T06:46:16.285 INFO:teuthology.orchestra.run.smithi164.stdout:/usr/bin/ceph: stderr
2024-04-24T06:46:14.721+0000 7fc245800700 1 -- 172.21.15.164:0/123961466 --> [v2:172.21.15.164:3300/0,v1:172.21.15.164:6789/0] -- mon_subscribe({osdmap=0}) v3 -- 0x7fc24019d150 con 0x7fc24007adb0
2024-04-24T06:46:16.285 INFO:teuthology.orchestra.run.smithi164.stdout:/usr/bin/ceph: stderr
2024-04-24T06:46:14.722+0000 7fc237400700 1 -- 172.21.15.164:0/123961466 <== mon.0 v2:172.21.15.164:3300/0 4 ==== mgrmap(e 12) v1 ==== 45569+0+0 (secure 0 0 0) 0x7fc230019040 con 0x7fc24007adb0
2024-04-24T06:46:16.285 INFO:teuthology.orchestra.run.smithi164.stdout:/usr/bin/ceph: stderr
2024-04-24T06:46:14.722+0000 7fc245800700 1 -- 172.21.15.164:0/123961466 --> [v2:172.21.15.164:3300/0,v1:172.21.15.164:6789/0] -- mon_command({"prefix": "get_command_descriptions"} v 0) v1 -- 0x7fc24010c950 con 0x7fc24007adb0
2024-04-24T06:46:16.285 INFO:teuthology.orchestra.run.smithi164.stdout:/usr/bin/ceph: stderr
2024-04-24T06:46:14.723+0000 7fc237400700 1 --2- 172.21.15.164:0/123961466 >> [v2:172.21.15.164:6800/1867525639,v1:172.21.15.164:6801/1867525639] conn(0x7fc224038770 0x7fc22403ac30 unknown :-1 s=NONE pgs=0 cs=0 l=1 rev1=0 crypto rx=0 tx=0 comp rx=0 tx=0).connect
2024-04-24T06:46:16.285 INFO:teuthology.orchestra.run.smithi164.stdout:/usr/bin/ceph: stderr
2024-04-24T06:46:14.723+0000 7fc237400700 1 -- 172.21.15.164:0/123961466 <== mon.0 v2:172.21.15.164:3300/0 5 ==== osd_map(3..3 src has 1..3) v4 ==== 1155+0+0 (secure 0 0 0) 0x7fc23004c610 con 0x7fc24007adb0
2024-04-24T06:46:16.285 INFO:teuthology.orchestra.run.smithi164.stdout:/usr/bin/ceph: stderr
2024-04-24T06:46:14.724+0000 7fc237e00700 1 --2- 172.21.15.164:0/123961466 >> [v2:172.21.15.164:6800/1867525639,v1:172.21.15.164:6801/1867525639] conn(0x7fc224038770 0x7fc22403ac30 unknown :-1 s=BANNER_CONNECTING pgs=0 cs=0 l=1 rev1=0 crypto rx=0 tx=0 comp rx=0 tx=0)._handle_peer_banner_payload supported=3 required=0
2024-04-24T06:46:16.285 INFO:teuthology.orchestra.run.smithi164.stdout:/usr/bin/ceph: stderr
2024-04-24T06:46:14.725+0000 7fc237e00700 1 --2- 172.21.15.164:0/123961466 >> [v2:172.21.15.164:6800/1867525639,v1:172.21.15.164:6801/1867525639] conn(0x7fc224038770 0x7fc22403ac30 secure :-1 s=READY pgs=8 cs=0 l=1 rev1=1 crypto rx=0x7fc228006fd0 tx=0x7fc228006e40 comp rx=0 tx=0).ready entity=mgr.14164 client_cookie=0 server_cookie=0 in_seq=0 out_seq=0
2024-04-24T06:46:16.285 INFO:teuthology.orchestra.run.smithi164.stdout:/usr/bin/ceph: stderr
2024-04-24T06:46:14.729+0000 7fc237400700 1 -- 172.21.15.164:0/123961466 <== mon.0 v2:172.21.15.164:3300/0 6 ==== mon_command_ack([{"prefix": "get_command_descriptions"}]=0 v0) v1 ==== 72+0+183351 (secure 0 0 0) 0x7fc230011750 con 0x7fc24007adb0
2024-04-24T06:46:16.286 INFO:teuthology.orchestra.run.smithi164.stdout:/usr/bin/ceph: stderr
2024-04-24T06:46:14.989+0000 7fc245800700 1 -- 172.21.15.164:0/123961466 --> [v2:172.21.15.164:6800/1867525639,v1:172.21.15.164:6801/1867525639] -- mgr_command(tid 0: {"prefix": "dashboard ac-user-create", "username": "admin", "rolename": "administrator", "force_password": true, "pwd_update_required": true, "target": ["mon-mgr", ""]}) v1 -- 0x7fc240062330 con 0x7fc224038770
2024-04-24T06:46:16.286 INFO:teuthology.orchestra.run.smithi164.stdout:/usr/bin/ceph: stderr
2024-04-24T06:46:15.279+0000 7fc237400700 1 -- 172.21.15.164:0/123961466 <== mgr.14164 v2:172.21.15.164:6800/1867525639 1 ==== mgr_command_reply(tid 0: 0 ) v1 ==== 8+0+252 (secure 0 0 0) 0x7fc240062330 con 0x7fc224038770
2024-04-24T06:46:16.286 INFO:teuthology.orchestra.run.smithi164.stdout:/usr/bin/ceph: stderr
2024-04-24T06:46:15.282+0000 7fc245800700 1 -- 172.21.15.164:0/123961466 >> [v2:172.21.15.164:6800/1867525639,v1:172.21.15.164:6801/1867525639] conn(0x7fc224038770 msgr2=0x7fc22403ac30 secure :-1 s=STATE_CONNECTION_ESTABLISHED l=1).mark_down
2024-04-24T06:46:16.286 INFO:teuthology.orchestra.run.smithi164.stdout:/usr/bin/ceph: stderr
2024-04-24T06:46:15.282+0000 7fc245800700 1 --2- 172.21.15.164:0/123961466 >> [v2:172.21.15.164:6800/1867525639,v1:172.21.15.164:6801/1867525639] conn(0x7fc224038770 0x7fc22403ac30 secure :-1 s=READY pgs=8 cs=0 l=1 rev1=1 crypto rx=0x7fc228006fd0 tx=0x7fc228006e40 comp rx=0 tx=0).stop
2024-04-24T06:46:16.286 INFO:teuthology.orchestra.run.smithi164.stdout:/usr/bin/ceph: stderr
2024-04-24T06:46:15.282+0000 7fc245800700 1 -- 172.21.15.164:0/123961466 >> [v2:172.21.15.164:3300/0,v1:172.21.15.164:6789/0] conn(0x7fc24007adb0 msgr2=0x7fc24019c510 secure :-1 s=STATE_CONNECTION_ESTABLISHED l=1).mark_down
2024-04-24T06:46:16.286 INFO:teuthology.orchestra.run.smithi164.stdout:/usr/bin/ceph: stderr
2024-04-24T06:46:15.282+0000 7fc245800700 1 --2- 172.21.15.164:0/123961466 >> [v2:172.21.15.164:3300/0,v1:172.21.15.164:6789/0] conn(0x7fc24007adb0 0x7fc24019c510 secure :-1 s=READY pgs=85 cs=0 l=1 rev1=1 crypto rx=0x7fc230000f80 tx=0x7fc23000bd10 comp rx=0 tx=0).stop
2024-04-24T06:46:16.286 INFO:teuthology.orchestra.run.smithi164.stdout:/usr/bin/ceph: stderr
2024-04-24T06:46:15.282+0000 7fc245800700 1 -- 172.21.15.164:0/123961466 shutdown_connections
2024-04-24T06:46:16.286 INFO:teuthology.orchestra.run.smithi164.stdout:/usr/bin/ceph: stderr
2024-04-24T06:46:15.282+0000 7fc245800700 1 --2- 172.21.15.164:0/123961466 >> [v2:172.21.15.164:6800/1867525639,v1:172.21.15.164:6801/1867525639] conn(0x7fc224038770 0x7fc22403ac30 unknown :-1 s=CLOSED pgs=8 cs=0 l=1 rev1=1 crypto rx=0 tx=0 comp rx=0 tx=0).stop
2024-04-24T06:46:16.286 INFO:teuthology.orchestra.run.smithi164.stdout:/usr/bin/ceph: stderr
2024-04-24T06:46:15.282+0000 7fc245800700 1 --2- 172.21.15.164:0/123961466 >> [v2:172.21.15.164:3300/0,v1:172.21.15.164:6789/0] conn(0x7fc24007adb0 0x7fc24019c510 unknown :-1 s=CLOSED pgs=85 cs=0 l=1 rev1=1 crypto rx=0 tx=0 comp rx=0 tx=0).stop
2024-04-24T06:46:16.286 INFO:teuthology.orchestra.run.smithi164.stdout:/usr/bin/ceph: stderr
2024-04-24T06:46:15.282+0000 7fc245800700 1 -- 172.21.15.164:0/123961466 >> 172.21.15.164:0/123961466 conn(0x7fc240101b70 msgr2=0x7fc2401026b0 unknown :-1 s=STATE_NONE l=0).mark_down
2024-04-24T06:46:16.286 INFO:teuthology.orchestra.run.smithi164.stdout:/usr/bin/ceph: stderr
2024-04-24T06:46:15.282+0000 7fc245800700 1 -- 172.21.15.164:0/123961466 shutdown_connections
2024-04-24T06:46:16.286 INFO:teuthology.orchestra.run.smithi164.stdout:/usr/bin/ceph: stderr
2024-04-24T06:46:15.282+0000 7fc245800700 1 -- 172.21.15.164:0/123961466 wait complete.
2024-04-24T06:46:16.286 INFO:teuthology.orchestra.run.smithi164.stdout:Fetching dashboard port number...
2024-04-24T06:46:17.504 INFO:journalctl@ceph.mon.smithi164.smithi164.stdout:Apr 24 06:46:17 smithi164 ceph-mon[25786]: mgrmap e13: smithi164.hdftnm(active, since 6s)
2024-04-24T06:46:18.222 INFO:teuthology.orchestra.run.smithi164.stdout:/usr/bin/ceph: stdout 8443
2024-04-24T06:46:18.222 INFO:teuthology.orchestra.run.smithi164.stdout:/usr/bin/ceph: stderr
2024-04-24T06:46:17.246+0000 7fb24ac00700 1 Processor -- start
2024-04-24T06:46:18.222 INFO:teuthology.orchestra.run.smithi164.stdout:/usr/bin/ceph: stderr
2024-04-24T06:46:17.246+0000 7fb24ac00700 1 -- start start
2024-04-24T06:46:18.222 INFO:teuthology.orchestra.run.smithi164.stdout:/usr/bin/ceph: stderr
2024-04-24T06:46:17.247+0000 7fb24ac00700 1 --2- >> [v2:172.21.15.164:3300/0,v1:172.21.15.164:6789/0] conn(0x7fb2441087a0 0x7fb244108bc0 unknown :-1 s=NONE pgs=0 cs=0 l=0 rev1=0 crypto rx=0 tx=0 comp rx=0 tx=0).connect
2024-04-24T06:46:18.222 INFO:teuthology.orchestra.run.smithi164.stdout:/usr/bin/ceph: stderr
2024-04-24T06:46:17.247+0000 7fb24ac00700 1 -- --> [v2:172.21.15.164:3300/0,v1:172.21.15.164:6789/0] -- mon_getmap magic: 0 v1 -- 0x7fb244109190 con 0x7fb2441087a0
2024-04-24T06:46:18.222 INFO:teuthology.orchestra.run.smithi164.stdout:/usr/bin/ceph: stderr
2024-04-24T06:46:17.247+0000 7fb243e00700 1 --2- >> [v2:172.21.15.164:3300/0,v1:172.21.15.164:6789/0] conn(0x7fb2441087a0 0x7fb244108bc0 unknown :-1 s=BANNER_CONNECTING pgs=0 cs=0 l=0 rev1=0 crypto rx=0 tx=0 comp rx=0 tx=0)._handle_peer_banner_payload supported=3 required=0
2024-04-24T06:46:18.222 INFO:teuthology.orchestra.run.smithi164.stdout:/usr/bin/ceph: stderr
2024-04-24T06:46:17.247+0000 7fb243e00700 1 --2- >> [v2:172.21.15.164:3300/0,v1:172.21.15.164:6789/0] conn(0x7fb2441087a0 0x7fb244108bc0 unknown :-1 s=HELLO_CONNECTING pgs=0 cs=0 l=0 rev1=1 crypto rx=0 tx=0 comp rx=0 tx=0).handle_hello peer v2:172.21.15.164:3300/0 says I am v2:172.21.15.164:33522/0 (socket says 172.21.15.164:33522)
2024-04-24T06:46:18.223 INFO:teuthology.orchestra.run.smithi164.stdout:/usr/bin/ceph: stderr
2024-04-24T06:46:17.247+0000 7fb243e00700 1 -- 172.21.15.164:0/3442383143 learned_addr learned my addr 172.21.15.164:0/3442383143 (peer_addr_for_me v2:172.21.15.164:0/0)
2024-04-24T06:46:18.223 INFO:teuthology.orchestra.run.smithi164.stdout:/usr/bin/ceph: stderr
2024-04-24T06:46:17.248+0000 7fb243e00700 1 -- 172.21.15.164:0/3442383143 --> [v2:172.21.15.164:3300/0,v1:172.21.15.164:6789/0] -- mon_subscribe({config=0+,monmap=0+}) v3 -- 0x7fb2441099a0 con 0x7fb2441087a0
2024-04-24T06:46:18.223 INFO:teuthology.orchestra.run.smithi164.stdout:/usr/bin/ceph: stderr
2024-04-24T06:46:17.248+0000 7fb243e00700 1 --2- 172.21.15.164:0/3442383143 >> [v2:172.21.15.164:3300/0,v1:172.21.15.164:6789/0] conn(0x7fb2441087a0 0x7fb244108bc0 secure :-1 s=READY pgs=86 cs=0 l=1 rev1=1 crypto rx=0x7fb2340098a0 tx=0x7fb234009bb0 comp rx=0 tx=0).ready entity=mon.0 client_cookie=9b040497dd85867d server_cookie=0 in_seq=0 out_seq=0
2024-04-24T06:46:18.223 INFO:teuthology.orchestra.run.smithi164.stdout:/usr/bin/ceph: stderr
2024-04-24T06:46:17.248+0000 7fb243400700 1 -- 172.21.15.164:0/3442383143 <== mon.0 v2:172.21.15.164:3300/0 1 ==== mon_map magic: 0 v1 ==== 229+0+0 (secure 0 0 0) 0x7fb234004180 con 0x7fb2441087a0
2024-04-24T06:46:18.223 INFO:teuthology.orchestra.run.smithi164.stdout:/usr/bin/ceph: stderr
2024-04-24T06:46:17.248+0000 7fb243400700 1 -- 172.21.15.164:0/3442383143 <== mon.0 v2:172.21.15.164:3300/0 2 ==== config(27 keys) v1 ==== 1109+0+0 (secure 0 0 0) 0x7fb2340042e0 con 0x7fb2441087a0
2024-04-24T06:46:18.223 INFO:teuthology.orchestra.run.smithi164.stdout:/usr/bin/ceph: stderr
2024-04-24T06:46:17.248+0000 7fb243400700 1 -- 172.21.15.164:0/3442383143 <== mon.0 v2:172.21.15.164:3300/0 3 ==== mon_map magic: 0 v1 ==== 229+0+0 (secure 0 0 0) 0x7fb234011b10 con 0x7fb2441087a0
2024-04-24T06:46:18.227 INFO:teuthology.orchestra.run.smithi164.stdout:/usr/bin/ceph: stderr
2024-04-24T06:46:17.249+0000 7fb24ac00700 1 -- 172.21.15.164:0/3442383143 >> [v2:172.21.15.164:3300/0,v1:172.21.15.164:6789/0] conn(0x7fb2441087a0 msgr2=0x7fb244108bc0 secure :-1 s=STATE_CONNECTION_ESTABLISHED l=1).mark_down
2024-04-24T06:46:18.227 INFO:teuthology.orchestra.run.smithi164.stdout:/usr/bin/ceph: stderr
2024-04-24T06:46:17.249+0000 7fb24ac00700 1 --2- 172.21.15.164:0/3442383143 >> [v2:172.21.15.164:3300/0,v1:172.21.15.164:6789/0] conn(0x7fb2441087a0 0x7fb244108bc0 secure :-1 s=READY pgs=86 cs=0 l=1 rev1=1 crypto rx=0x7fb2340098a0 tx=0x7fb234009bb0 comp rx=0 tx=0).stop
2024-04-24T06:46:18.227 INFO:teuthology.orchestra.run.smithi164.stdout:/usr/bin/ceph: stderr
2024-04-24T06:46:17.249+0000 7fb24ac00700 1 -- 172.21.15.164:0/3442383143 shutdown_connections
2024-04-24T06:46:18.227 INFO:teuthology.orchestra.run.smithi164.stdout:/usr/bin/ceph: stderr
2024-04-24T06:46:17.249+0000 7fb24ac00700 1 --2- 172.21.15.164:0/3442383143 >> [v2:172.21.15.164:3300/0,v1:172.21.15.164:6789/0] conn(0x7fb2441087a0 0x7fb244108bc0 unknown :-1 s=CLOSED pgs=86 cs=0 l=1 rev1=1 crypto rx=0 tx=0 comp rx=0 tx=0).stop
2024-04-24T06:46:18.227 INFO:teuthology.orchestra.run.smithi164.stdout:/usr/bin/ceph: stderr
2024-04-24T06:46:17.249+0000 7fb24ac00700 1 -- 172.21.15.164:0/3442383143 >> 172.21.15.164:0/3442383143 conn(0x7fb244103d60 msgr2=0x7fb244106180 unknown :-1 s=STATE_NONE l=0).mark_down
2024-04-24T06:46:18.227 INFO:teuthology.orchestra.run.smithi164.stdout:/usr/bin/ceph: stderr
2024-04-24T06:46:17.249+0000 7fb24ac00700 1 -- 172.21.15.164:0/3442383143 shutdown_connections
2024-04-24T06:46:18.228 INFO:teuthology.orchestra.run.smithi164.stdout:/usr/bin/ceph: stderr
2024-04-24T06:46:17.249+0000 7fb24ac00700 1 -- 172.21.15.164:0/3442383143 wait complete.
2024-04-24T06:46:18.228 INFO:teuthology.orchestra.run.smithi164.stdout:/usr/bin/ceph: stderr
2024-04-24T06:46:17.250+0000 7fb24ac00700 1 Processor -- start
2024-04-24T06:46:18.228 INFO:teuthology.orchestra.run.smithi164.stdout:/usr/bin/ceph: stderr
2024-04-24T06:46:17.251+0000 7fb24ac00700 1 -- start start
2024-04-24T06:46:18.228 INFO:teuthology.orchestra.run.smithi164.stdout:/usr/bin/ceph: stderr
2024-04-24T06:46:17.251+0000 7fb24ac00700 1 --2- >> [v2:172.21.15.164:3300/0,v1:172.21.15.164:6789/0] conn(0x7fb2441087a0 0x7fb24419c530 unknown :-1 s=NONE pgs=0 cs=0 l=1 rev1=0 crypto rx=0 tx=0 comp rx=0 tx=0).connect
2024-04-24T06:46:18.228 INFO:teuthology.orchestra.run.smithi164.stdout:/usr/bin/ceph: stderr
2024-04-24T06:46:17.251+0000 7fb24ac00700 1 -- --> [v2:172.21.15.164:3300/0,v1:172.21.15.164:6789/0] -- mon_getmap magic: 0 v1 -- 0x7fb24419ca70 con 0x7fb2441087a0
2024-04-24T06:46:18.228 INFO:teuthology.orchestra.run.smithi164.stdout:/usr/bin/ceph: stderr
2024-04-24T06:46:17.251+0000 7fb243e00700 1 --2- >> [v2:172.21.15.164:3300/0,v1:172.21.15.164:6789/0] conn(0x7fb2441087a0 0x7fb24419c530 unknown :-1 s=BANNER_CONNECTING pgs=0 cs=0 l=1 rev1=0 crypto rx=0 tx=0 comp rx=0 tx=0)._handle_peer_banner_payload supported=3 required=0
2024-04-24T06:46:18.228 INFO:teuthology.orchestra.run.smithi164.stdout:/usr/bin/ceph: stderr
2024-04-24T06:46:17.251+0000 7fb243e00700 1 --2- >> [v2:172.21.15.164:3300/0,v1:172.21.15.164:6789/0] conn(0x7fb2441087a0 0x7fb24419c530 unknown :-1 s=HELLO_CONNECTING pgs=0 cs=0 l=1 rev1=1 crypto rx=0 tx=0 comp rx=0 tx=0).handle_hello peer v2:172.21.15.164:3300/0 says I am v2:172.21.15.164:33538/0 (socket says 172.21.15.164:33538)
2024-04-24T06:46:18.228 INFO:teuthology.orchestra.run.smithi164.stdout:/usr/bin/ceph: stderr
2024-04-24T06:46:17.251+0000 7fb243e00700 1 -- 172.21.15.164:0/2036227620 learned_addr learned my addr 172.21.15.164:0/2036227620 (peer_addr_for_me v2:172.21.15.164:0/0)
2024-04-24T06:46:18.228 INFO:teuthology.orchestra.run.smithi164.stdout:/usr/bin/ceph: stderr
2024-04-24T06:46:17.251+0000 7fb243e00700 1 -- 172.21.15.164:0/2036227620 --> [v2:172.21.15.164:3300/0,v1:172.21.15.164:6789/0] -- mon_subscribe({config=0+,monmap=0+}) v3 -- 0x7fb234009550 con 0x7fb2441087a0
2024-04-24T06:46:18.228 INFO:teuthology.orchestra.run.smithi164.stdout:/usr/bin/ceph: stderr
2024-04-24T06:46:17.252+0000 7fb243e00700 1 --2- 172.21.15.164:0/2036227620 >> [v2:172.21.15.164:3300/0,v1:172.21.15.164:6789/0] conn(0x7fb2441087a0 0x7fb24419c530 secure :-1 s=READY pgs=87 cs=0 l=1 rev1=1 crypto rx=0x7fb234009fb0 tx=0x7fb234011890 comp rx=0 tx=0).ready entity=mon.0 client_cookie=0 server_cookie=0 in_seq=0 out_seq=0
2024-04-24T06:46:18.228 INFO:teuthology.orchestra.run.smithi164.stdout:/usr/bin/ceph: stderr
2024-04-24T06:46:17.252+0000 7fb241600700 1 -- 172.21.15.164:0/2036227620 <== mon.0 v2:172.21.15.164:3300/0 1 ==== mon_map magic: 0 v1 ==== 229+0+0 (secure 0 0 0) 0x7fb2340038b0 con 0x7fb2441087a0
2024-04-24T06:46:18.228 INFO:teuthology.orchestra.run.smithi164.stdout:/usr/bin/ceph: stderr
2024-04-24T06:46:17.252+0000 7fb241600700 1 -- 172.21.15.164:0/2036227620 <== mon.0 v2:172.21.15.164:3300/0 2 ==== config(27 keys) v1 ==== 1109+0+0 (secure 0 0 0) 0x7fb234003a10 con 0x7fb2441087a0
2024-04-24T06:46:18.228 INFO:teuthology.orchestra.run.smithi164.stdout:/usr/bin/ceph: stderr
2024-04-24T06:46:17.252+0000 7fb241600700 1 -- 172.21.15.164:0/2036227620 <== mon.0 v2:172.21.15.164:3300/0 3 ==== mon_map magic: 0 v1 ==== 229+0+0 (secure 0 0 0) 0x7fb234019770 con 0x7fb2441087a0
2024-04-24T06:46:18.228 INFO:teuthology.orchestra.run.smithi164.stdout:/usr/bin/ceph: stderr
2024-04-24T06:46:17.252+0000 7fb24ac00700 1 -- 172.21.15.164:0/2036227620 --> [v2:172.21.15.164:3300/0,v1:172.21.15.164:6789/0] -- mon_subscribe({mgrmap=0+}) v3 -- 0x7fb24419cc70 con 0x7fb2441087a0
2024-04-24T06:46:18.229 INFO:teuthology.orchestra.run.smithi164.stdout:/usr/bin/ceph: stderr
2024-04-24T06:46:17.252+0000 7fb24ac00700 1 -- 172.21.15.164:0/2036227620 --> [v2:172.21.15.164:3300/0,v1:172.21.15.164:6789/0] -- mon_subscribe({osdmap=0}) v3 -- 0x7fb24419d110 con 0x7fb2441087a0
2024-04-24T06:46:18.229 INFO:teuthology.orchestra.run.smithi164.stdout:/usr/bin/ceph: stderr
2024-04-24T06:46:17.253+0000 7fb241600700 1 -- 172.21.15.164:0/2036227620 <== mon.0 v2:172.21.15.164:3300/0 4 ==== mgrmap(e 13) v1 ==== 45613+0+0 (secure 0 0 0) 0x7fb23401ac10 con 0x7fb2441087a0
2024-04-24T06:46:18.229 INFO:teuthology.orchestra.run.smithi164.stdout:/usr/bin/ceph: stderr
2024-04-24T06:46:17.253+0000 7fb24ac00700 1 -- 172.21.15.164:0/2036227620 --> [v2:172.21.15.164:3300/0,v1:172.21.15.164:6789/0] -- mon_command({"prefix": "get_command_descriptions"} v 0) v1 -- 0x7fb24410cbd0 con 0x7fb2441087a0
2024-04-24T06:46:18.229 INFO:teuthology.orchestra.run.smithi164.stdout:/usr/bin/ceph: stderr
2024-04-24T06:46:17.254+0000 7fb241600700 1 --2- 172.21.15.164:0/2036227620 >> [v2:172.21.15.164:6800/1867525639,v1:172.21.15.164:6801/1867525639] conn(0x7fb228038820 0x7fb22803ace0 unknown :-1 s=NONE pgs=0 cs=0 l=1 rev1=0 crypto rx=0 tx=0 comp rx=0 tx=0).connect
2024-04-24T06:46:18.229 INFO:teuthology.orchestra.run.smithi164.stdout:/usr/bin/ceph: stderr
2024-04-24T06:46:17.254+0000 7fb241600700 1 -- 172.21.15.164:0/2036227620 <== mon.0 v2:172.21.15.164:3300/0 5 ==== osd_map(3..3 src has 1..3) v4 ==== 1155+0+0 (secure 0 0 0) 0x7fb23404ca50 con 0x7fb2441087a0
2024-04-24T06:46:18.229 INFO:teuthology.orchestra.run.smithi164.stdout:/usr/bin/ceph: stderr
2024-04-24T06:46:17.254+0000 7fb23b400700 1 --2- 172.21.15.164:0/2036227620 >> [v2:172.21.15.164:6800/1867525639,v1:172.21.15.164:6801/1867525639] conn(0x7fb228038820 0x7fb22803ace0 unknown :-1 s=BANNER_CONNECTING pgs=0 cs=0 l=1 rev1=0 crypto rx=0 tx=0 comp rx=0 tx=0)._handle_peer_banner_payload supported=3 required=0
2024-04-24T06:46:18.229 INFO:teuthology.orchestra.run.smithi164.stdout:/usr/bin/ceph: stderr
2024-04-24T06:46:17.255+0000 7fb23b400700 1 --2- 172.21.15.164:0/2036227620 >> [v2:172.21.15.164:6800/1867525639,v1:172.21.15.164:6801/1867525639] conn(0x7fb228038820 0x7fb22803ace0 secure :-1 s=READY pgs=9 cs=0 l=1 rev1=1 crypto rx=0x7fb22c00ad30 tx=0x7fb22c0093f0 comp rx=0 tx=0).ready entity=mgr.14164 client_cookie=0 server_cookie=0 in_seq=0 out_seq=0
2024-04-24T06:46:18.229 INFO:teuthology.orchestra.run.smithi164.stdout:/usr/bin/ceph: stderr
2024-04-24T06:46:17.259+0000 7fb241600700 1 -- 172.21.15.164:0/2036227620 <== mon.0 v2:172.21.15.164:3300/0 6 ==== mon_command_ack([{"prefix": "get_command_descriptions"}]=0 v0) v1 ==== 72+0+183351 (secure 0 0 0) 0x7fb2340198d0 con 0x7fb2441087a0
2024-04-24T06:46:18.229 INFO:teuthology.orchestra.run.smithi164.stdout:/usr/bin/ceph: stderr
2024-04-24T06:46:17.480+0000 7fb24ac00700 1 -- 172.21.15.164:0/2036227620 --> [v2:172.21.15.164:3300/0,v1:172.21.15.164:6789/0] -- mon_command({"prefix": "config get", "who": "mgr", "key": "mgr/dashboard/ssl_server_port"} v 0) v1 -- 0x7fb24419f9a0 con 0x7fb2441087a0
2024-04-24T06:46:18.229 INFO:teuthology.orchestra.run.smithi164.stdout:/usr/bin/ceph: stderr
2024-04-24T06:46:17.481+0000 7fb241600700 1 -- 172.21.15.164:0/2036227620 <== mon.0 v2:172.21.15.164:3300/0 7 ==== mon_command_ack([{"prefix": "config get", "who": "mgr", "key": "mgr/dashboard/ssl_server_port"}]=0 v8) v1 ==== 112+0+5 (secure 0 0 0) 0x7fb234022310 con 0x7fb2441087a0
2024-04-24T06:46:18.229 INFO:teuthology.orchestra.run.smithi164.stdout:/usr/bin/ceph: stderr
2024-04-24T06:46:17.483+0000 7fb24ac00700 1 -- 172.21.15.164:0/2036227620 >> [v2:172.21.15.164:6800/1867525639,v1:172.21.15.164:6801/1867525639] conn(0x7fb228038820 msgr2=0x7fb22803ace0 secure :-1 s=STATE_CONNECTION_ESTABLISHED l=1).mark_down
2024-04-24T06:46:18.229 INFO:teuthology.orchestra.run.smithi164.stdout:/usr/bin/ceph: stderr
2024-04-24T06:46:17.483+0000 7fb24ac00700 1 --2- 172.21.15.164:0/2036227620 >> [v2:172.21.15.164:6800/1867525639,v1:172.21.15.164:6801/1867525639] conn(0x7fb228038820 0x7fb22803ace0 secure :-1 s=READY pgs=9 cs=0 l=1 rev1=1 crypto rx=0x7fb22c00ad30 tx=0x7fb22c0093f0 comp rx=0 tx=0).stop
2024-04-24T06:46:18.230 INFO:teuthology.orchestra.run.smithi164.stdout:/usr/bin/ceph: stderr
2024-04-24T06:46:17.484+0000 7fb24ac00700 1 -- 172.21.15.164:0/2036227620 >> [v2:172.21.15.164:3300/0,v1:172.21.15.164:6789/0] conn(0x7fb2441087a0 msgr2=0x7fb24419c530 secure :-1 s=STATE_CONNECTION_ESTABLISHED l=1).mark_down
2024-04-24T06:46:18.230 INFO:teuthology.orchestra.run.smithi164.stdout:/usr/bin/ceph: stderr
2024-04-24T06:46:17.484+0000 7fb24ac00700 1 --2- 172.21.15.164:0/2036227620 >> [v2:172.21.15.164:3300/0,v1:172.21.15.164:6789/0] conn(0x7fb2441087a0 0x7fb24419c530 secure :-1 s=READY pgs=87 cs=0 l=1 rev1=1 crypto rx=0x7fb234009fb0 tx=0x7fb234011890 comp rx=0 tx=0).stop
2024-04-24T06:46:18.230 INFO:teuthology.orchestra.run.smithi164.stdout:/usr/bin/ceph: stderr
2024-04-24T06:46:17.484+0000 7fb24ac00700 1 -- 172.21.15.164:0/2036227620 shutdown_connections
2024-04-24T06:46:18.230 INFO:teuthology.orchestra.run.smithi164.stdout:/usr/bin/ceph: stderr
2024-04-24T06:46:17.484+0000 7fb24ac00700 1 --2- 172.21.15.164:0/2036227620 >> [v2:172.21.15.164:6800/1867525639,v1:172.21.15.164:6801/1867525639] conn(0x7fb228038820 0x7fb22803ace0 unknown :-1 s=CLOSED pgs=9 cs=0 l=1 rev1=1 crypto rx=0 tx=0 comp rx=0 tx=0).stop
2024-04-24T06:46:18.230 INFO:teuthology.orchestra.run.smithi164.stdout:/usr/bin/ceph: stderr
2024-04-24T06:46:17.484+0000 7fb24ac00700 1 --2- 172.21.15.164:0/2036227620 >> [v2:172.21.15.164:3300/0,v1:172.21.15.164:6789/0] conn(0x7fb2441087a0 0x7fb24419c530 unknown :-1 s=CLOSED pgs=87 cs=0 l=1 rev1=1 crypto rx=0 tx=0 comp rx=0 tx=0).stop
2024-04-24T06:46:18.230 INFO:teuthology.orchestra.run.smithi164.stdout:/usr/bin/ceph: stderr
2024-04-24T06:46:17.484+0000 7fb24ac00700 1 -- 172.21.15.164:0/2036227620 >> 172.21.15.164:0/2036227620 conn(0x7fb244103d60 msgr2=0x7fb2441048b0 unknown :-1 s=STATE_NONE l=0).mark_down
2024-04-24T06:46:18.230 INFO:teuthology.orchestra.run.smithi164.stdout:/usr/bin/ceph: stderr
2024-04-24T06:46:17.484+0000 7fb24ac00700 1 -- 172.21.15.164:0/2036227620 shutdown_connections
2024-04-24T06:46:18.230 INFO:teuthology.orchestra.run.smithi164.stdout:/usr/bin/ceph: stderr
2024-04-24T06:46:17.484+0000 7fb24ac00700 1 -- 172.21.15.164:0/2036227620 wait complete.
2024-04-24T06:46:18.261 INFO:teuthology.orchestra.run.smithi164.stdout:Non-zero exit code 1 from systemctl is-enabled firewalld.service
2024-04-24T06:46:18.261 INFO:teuthology.orchestra.run.smithi164.stdout:systemctl: stdout disabled
2024-04-24T06:46:18.285 INFO:teuthology.orchestra.run.smithi164.stdout:Non-zero exit code 3 from systemctl is-active firewalld.service
2024-04-24T06:46:18.285 INFO:teuthology.orchestra.run.smithi164.stdout:systemctl: stdout inactive
2024-04-24T06:46:18.286 INFO:teuthology.orchestra.run.smithi164.stdout:firewalld.service is not enabled
2024-04-24T06:46:18.286 INFO:teuthology.orchestra.run.smithi164.stdout:Not possible to open ports <[8443]>. firewalld.service is not available
2024-04-24T06:46:18.290 INFO:teuthology.orchestra.run.smithi164.stdout:Ceph Dashboard is now available at:
2024-04-24T06:46:18.290 INFO:teuthology.orchestra.run.smithi164.stdout:
2024-04-24T06:46:18.290 INFO:teuthology.orchestra.run.smithi164.stdout: URL: https://smithi164.front.sepia.ceph.com:8443/
2024-04-24T06:46:18.290 INFO:teuthology.orchestra.run.smithi164.stdout: User: admin
2024-04-24T06:46:18.293 INFO:teuthology.orchestra.run.smithi164.stdout: Password: eh5ufdh08t
2024-04-24T06:46:18.293 INFO:teuthology.orchestra.run.smithi164.stdout:
2024-04-24T06:46:18.294 INFO:teuthology.orchestra.run.smithi164.stdout:Saving cluster configuration to /var/lib/ceph/0153fdf0-0206-11ef-bc93-c7b262605968/config directory
2024-04-24T06:46:18.294 INFO:teuthology.orchestra.run.smithi164.stdout:Enabling autotune for osd_memory_target
2024-04-24T06:46:18.468 INFO:journalctl@ceph.mon.smithi164.smithi164.stdout:Apr 24 06:46:18 smithi164 ceph-mon[25786]: from='client.? 172.21.15.164:0/2036227620' entity='client.admin' cmd=[{"prefix": "config get", "who": "mgr", "key": "mgr/dashboard/ssl_server_port"}]: dispatch
2024-04-24T06:46:19.856 INFO:teuthology.orchestra.run.smithi164.stdout:/usr/bin/ceph: stderr
2024-04-24T06:46:18.904+0000 7f3296a00700 1 Processor -- start
2024-04-24T06:46:19.857 INFO:teuthology.orchestra.run.smithi164.stdout:/usr/bin/ceph: stderr
2024-04-24T06:46:18.904+0000 7f3296a00700 1 -- start start
2024-04-24T06:46:19.857 INFO:teuthology.orchestra.run.smithi164.stdout:/usr/bin/ceph: stderr
2024-04-24T06:46:18.905+0000 7f3296a00700 1 --2- >> [v2:172.21.15.164:3300/0,v1:172.21.15.164:6789/0] conn(0x7f32901087a0 0x7f3290108bc0 unknown :-1 s=NONE pgs=0 cs=0 l=0 rev1=0 crypto rx=0 tx=0 comp rx=0 tx=0).connect
2024-04-24T06:46:19.857 INFO:teuthology.orchestra.run.smithi164.stdout:/usr/bin/ceph: stderr
2024-04-24T06:46:18.905+0000 7f3296a00700 1 -- --> [v2:172.21.15.164:3300/0,v1:172.21.15.164:6789/0] -- mon_getmap magic: 0 v1 -- 0x7f3290109190 con 0x7f32901087a0
2024-04-24T06:46:19.857 INFO:teuthology.orchestra.run.smithi164.stdout:/usr/bin/ceph: stderr
2024-04-24T06:46:18.905+0000 7f328fe00700 1 --2- >> [v2:172.21.15.164:3300/0,v1:172.21.15.164:6789/0] conn(0x7f32901087a0 0x7f3290108bc0 unknown :-1 s=BANNER_CONNECTING pgs=0 cs=0 l=0 rev1=0 crypto rx=0 tx=0 comp rx=0 tx=0)._handle_peer_banner_payload supported=3 required=0
2024-04-24T06:46:19.857 INFO:teuthology.orchestra.run.smithi164.stdout:/usr/bin/ceph: stderr
2024-04-24T06:46:18.905+0000 7f328fe00700 1 --2- >> [v2:172.21.15.164:3300/0,v1:172.21.15.164:6789/0] conn(0x7f32901087a0 0x7f3290108bc0 unknown :-1 s=HELLO_CONNECTING pgs=0 cs=0 l=0 rev1=1 crypto rx=0 tx=0 comp rx=0 tx=0).handle_hello peer v2:172.21.15.164:3300/0 says I am v2:172.21.15.164:33544/0 (socket says 172.21.15.164:33544)
2024-04-24T06:46:19.857 INFO:teuthology.orchestra.run.smithi164.stdout:/usr/bin/ceph: stderr
2024-04-24T06:46:18.905+0000 7f328fe00700 1 -- 172.21.15.164:0/1742119401 learned_addr learned my addr 172.21.15.164:0/1742119401 (peer_addr_for_me v2:172.21.15.164:0/0)
2024-04-24T06:46:19.857 INFO:teuthology.orchestra.run.smithi164.stdout:/usr/bin/ceph: stderr
2024-04-24T06:46:18.906+0000 7f328fe00700 1 -- 172.21.15.164:0/1742119401 --> [v2:172.21.15.164:3300/0,v1:172.21.15.164:6789/0] -- mon_subscribe({config=0+,monmap=0+}) v3 -- 0x7f32901099a0 con 0x7f32901087a0
2024-04-24T06:46:19.857 INFO:teuthology.orchestra.run.smithi164.stdout:/usr/bin/ceph: stderr
2024-04-24T06:46:18.906+0000 7f328fe00700 1 --2- 172.21.15.164:0/1742119401 >> [v2:172.21.15.164:3300/0,v1:172.21.15.164:6789/0] conn(0x7f32901087a0 0x7f3290108bc0 secure :-1 s=READY pgs=88 cs=0 l=1 rev1=1 crypto rx=0x7f32800098a0 tx=0x7f3280009bb0 comp rx=0 tx=0).ready entity=mon.0 client_cookie=7b8b725991d4e2fd server_cookie=0 in_seq=0 out_seq=0
2024-04-24T06:46:19.857 INFO:teuthology.orchestra.run.smithi164.stdout:/usr/bin/ceph: stderr
2024-04-24T06:46:18.906+0000 7f328ea00700 1 -- 172.21.15.164:0/1742119401 <== mon.0 v2:172.21.15.164:3300/0 1 ==== mon_map magic: 0 v1 ==== 229+0+0 (secure 0 0 0) 0x7f3280004180 con 0x7f32901087a0
2024-04-24T06:46:19.857 INFO:teuthology.orchestra.run.smithi164.stdout:/usr/bin/ceph: stderr
2024-04-24T06:46:18.906+0000 7f328ea00700 1 -- 172.21.15.164:0/1742119401 <== mon.0 v2:172.21.15.164:3300/0 2 ==== config(27 keys) v1 ==== 1109+0+0 (secure 0 0 0) 0x7f32800042e0 con 0x7f32901087a0
2024-04-24T06:46:19.857 INFO:teuthology.orchestra.run.smithi164.stdout:/usr/bin/ceph: stderr
2024-04-24T06:46:18.907+0000 7f328ea00700 1 -- 172.21.15.164:0/1742119401 <== mon.0 v2:172.21.15.164:3300/0 3 ==== mon_map magic: 0 v1 ==== 229+0+0 (secure 0 0 0) 0x7f3280011b10 con 0x7f32901087a0
2024-04-24T06:46:19.857 INFO:teuthology.orchestra.run.smithi164.stdout:/usr/bin/ceph: stderr
2024-04-24T06:46:18.907+0000 7f3296a00700 1 -- 172.21.15.164:0/1742119401 >> [v2:172.21.15.164:3300/0,v1:172.21.15.164:6789/0] conn(0x7f32901087a0 msgr2=0x7f3290108bc0 secure :-1 s=STATE_CONNECTION_ESTABLISHED l=1).mark_down
2024-04-24T06:46:19.857 INFO:teuthology.orchestra.run.smithi164.stdout:/usr/bin/ceph: stderr
2024-04-24T06:46:18.907+0000 7f3296a00700 1 --2- 172.21.15.164:0/1742119401 >> [v2:172.21.15.164:3300/0,v1:172.21.15.164:6789/0] conn(0x7f32901087a0 0x7f3290108bc0 secure :-1 s=READY pgs=88 cs=0 l=1 rev1=1 crypto rx=0x7f32800098a0 tx=0x7f3280009bb0 comp rx=0 tx=0).stop
2024-04-24T06:46:19.858 INFO:teuthology.orchestra.run.smithi164.stdout:/usr/bin/ceph: stderr
2024-04-24T06:46:18.907+0000 7f3296a00700 1 -- 172.21.15.164:0/1742119401 shutdown_connections
2024-04-24T06:46:19.858 INFO:teuthology.orchestra.run.smithi164.stdout:/usr/bin/ceph: stderr
2024-04-24T06:46:18.907+0000 7f3296a00700 1 --2- 172.21.15.164:0/1742119401 >> [v2:172.21.15.164:3300/0,v1:172.21.15.164:6789/0] conn(0x7f32901087a0 0x7f3290108bc0 unknown :-1 s=CLOSED pgs=88 cs=0 l=1 rev1=1 crypto rx=0 tx=0 comp rx=0 tx=0).stop
2024-04-24T06:46:19.858 INFO:teuthology.orchestra.run.smithi164.stdout:/usr/bin/ceph: stderr
2024-04-24T06:46:18.907+0000 7f3296a00700 1 -- 172.21.15.164:0/1742119401 >> 172.21.15.164:0/1742119401 conn(0x7f3290103d80 msgr2=0x7f32901061a0 unknown :-1 s=STATE_NONE l=0).mark_down
2024-04-24T06:46:19.858 INFO:teuthology.orchestra.run.smithi164.stdout:/usr/bin/ceph: stderr
2024-04-24T06:46:18.907+0000 7f3296a00700 1 -- 172.21.15.164:0/1742119401 shutdown_connections
2024-04-24T06:46:19.858 INFO:teuthology.orchestra.run.smithi164.stdout:/usr/bin/ceph: stderr
2024-04-24T06:46:18.907+0000 7f3296a00700 1 -- 172.21.15.164:0/1742119401 wait complete.
2024-04-24T06:46:19.858 INFO:teuthology.orchestra.run.smithi164.stdout:/usr/bin/ceph: stderr
2024-04-24T06:46:18.908+0000 7f3296a00700 1 Processor -- start
2024-04-24T06:46:19.858 INFO:teuthology.orchestra.run.smithi164.stdout:/usr/bin/ceph: stderr
2024-04-24T06:46:18.909+0000 7f3296a00700 1 -- start start
2024-04-24T06:46:19.858 INFO:teuthology.orchestra.run.smithi164.stdout:/usr/bin/ceph: stderr
2024-04-24T06:46:18.909+0000 7f3296a00700 1 --2- >> [v2:172.21.15.164:3300/0,v1:172.21.15.164:6789/0] conn(0x7f32901087a0 0x7f329019c4e0 unknown :-1 s=NONE pgs=0 cs=0 l=1 rev1=0 crypto rx=0 tx=0 comp rx=0 tx=0).connect
2024-04-24T06:46:19.858 INFO:teuthology.orchestra.run.smithi164.stdout:/usr/bin/ceph: stderr
2024-04-24T06:46:18.909+0000 7f3296a00700 1 -- --> [v2:172.21.15.164:3300/0,v1:172.21.15.164:6789/0] -- mon_getmap magic: 0 v1 -- 0x7f329019ca20 con 0x7f32901087a0
2024-04-24T06:46:19.858 INFO:teuthology.orchestra.run.smithi164.stdout:/usr/bin/ceph: stderr
2024-04-24T06:46:18.909+0000 7f328fe00700 1 --2- >> [v2:172.21.15.164:3300/0,v1:172.21.15.164:6789/0] conn(0x7f32901087a0 0x7f329019c4e0 unknown :-1 s=BANNER_CONNECTING pgs=0 cs=0 l=1 rev1=0 crypto rx=0 tx=0 comp rx=0 tx=0)._handle_peer_banner_payload supported=3 required=0
2024-04-24T06:46:19.858 INFO:teuthology.orchestra.run.smithi164.stdout:/usr/bin/ceph: stderr
2024-04-24T06:46:18.909+0000 7f328fe00700 1 --2- >> [v2:172.21.15.164:3300/0,v1:172.21.15.164:6789/0] conn(0x7f32901087a0 0x7f329019c4e0 unknown :-1 s=HELLO_CONNECTING pgs=0 cs=0 l=1 rev1=1 crypto rx=0 tx=0 comp rx=0 tx=0).handle_hello peer v2:172.21.15.164:3300/0 says I am v2:172.21.15.164:33550/0 (socket says 172.21.15.164:33550)
2024-04-24T06:46:19.858 INFO:teuthology.orchestra.run.smithi164.stdout:/usr/bin/ceph: stderr
2024-04-24T06:46:18.909+0000 7f328fe00700 1 -- 172.21.15.164:0/3305445425 learned_addr learned my addr 172.21.15.164:0/3305445425 (peer_addr_for_me v2:172.21.15.164:0/0)
2024-04-24T06:46:19.858 INFO:teuthology.orchestra.run.smithi164.stdout:/usr/bin/ceph: stderr
2024-04-24T06:46:18.910+0000 7f328fe00700 1 -- 172.21.15.164:0/3305445425 --> [v2:172.21.15.164:3300/0,v1:172.21.15.164:6789/0] -- mon_subscribe({config=0+,monmap=0+}) v3 -- 0x7f3280009550 con 0x7f32901087a0
2024-04-24T06:46:19.859 INFO:teuthology.orchestra.run.smithi164.stdout:/usr/bin/ceph: stderr
2024-04-24T06:46:18.910+0000 7f328fe00700 1 --2- 172.21.15.164:0/3305445425 >> [v2:172.21.15.164:3300/0,v1:172.21.15.164:6789/0] conn(0x7f32901087a0 0x7f329019c4e0 secure :-1 s=READY pgs=89 cs=0 l=1 rev1=1 crypto rx=0x7f32800117b0 tx=0x7f3280011890 comp rx=0 tx=0).ready entity=mon.0 client_cookie=0 server_cookie=0 in_seq=0 out_seq=0
2024-04-24T06:46:19.859 INFO:teuthology.orchestra.run.smithi164.stdout:/usr/bin/ceph: stderr
2024-04-24T06:46:18.910+0000 7f328cc00700 1 -- 172.21.15.164:0/3305445425 <== mon.0 v2:172.21.15.164:3300/0 1 ==== mon_map magic: 0 v1 ==== 229+0+0 (secure 0 0 0) 0x7f32800038b0 con 0x7f32901087a0
2024-04-24T06:46:19.859 INFO:teuthology.orchestra.run.smithi164.stdout:/usr/bin/ceph: stderr
2024-04-24T06:46:18.910+0000 7f3296a00700 1 -- 172.21.15.164:0/3305445425 --> [v2:172.21.15.164:3300/0,v1:172.21.15.164:6789/0] -- mon_subscribe({mgrmap=0+}) v3 -- 0x7f329019cc20 con 0x7f32901087a0
2024-04-24T06:46:19.859 INFO:teuthology.orchestra.run.smithi164.stdout:/usr/bin/ceph: stderr
2024-04-24T06:46:18.910+0000 7f328cc00700 1 -- 172.21.15.164:0/3305445425 <== mon.0 v2:172.21.15.164:3300/0 2 ==== config(27 keys) v1 ==== 1109+0+0 (secure 0 0 0) 0x7f3280003a10 con 0x7f32901087a0
2024-04-24T06:46:19.859 INFO:teuthology.orchestra.run.smithi164.stdout:/usr/bin/ceph: stderr
2024-04-24T06:46:18.910+0000 7f328cc00700 1 -- 172.21.15.164:0/3305445425 <== mon.0 v2:172.21.15.164:3300/0 3 ==== mon_map magic: 0 v1 ==== 229+0+0 (secure 0 0 0) 0x7f32800246e0 con 0x7f32901087a0
2024-04-24T06:46:19.859 INFO:teuthology.orchestra.run.smithi164.stdout:/usr/bin/ceph: stderr
2024-04-24T06:46:18.910+0000 7f3296a00700 1 -- 172.21.15.164:0/3305445425 --> [v2:172.21.15.164:3300/0,v1:172.21.15.164:6789/0] -- mon_subscribe({osdmap=0}) v3 -- 0x7f329019d0c0 con 0x7f32901087a0
2024-04-24T06:46:19.859 INFO:teuthology.orchestra.run.smithi164.stdout:/usr/bin/ceph: stderr
2024-04-24T06:46:18.911+0000 7f328cc00700 1 -- 172.21.15.164:0/3305445425 <== mon.0 v2:172.21.15.164:3300/0 4 ==== mgrmap(e 13) v1 ==== 45613+0+0 (secure 0 0 0) 0x7f328001ab80 con 0x7f32901087a0
2024-04-24T06:46:19.859 INFO:teuthology.orchestra.run.smithi164.stdout:/usr/bin/ceph: stderr
2024-04-24T06:46:18.911+0000 7f3296a00700 1 -- 172.21.15.164:0/3305445425 --> [v2:172.21.15.164:3300/0,v1:172.21.15.164:6789/0] -- mon_command({"prefix": "get_command_descriptions"} v 0) v1 -- 0x7f329010cbd0 con 0x7f32901087a0
2024-04-24T06:46:19.859 INFO:teuthology.orchestra.run.smithi164.stdout:/usr/bin/ceph: stderr
2024-04-24T06:46:18.912+0000 7f328cc00700 1 --2- 172.21.15.164:0/3305445425 >> [v2:172.21.15.164:6800/1867525639,v1:172.21.15.164:6801/1867525639] conn(0x7f3274038810 0x7f327403acd0 unknown :-1 s=NONE pgs=0 cs=0 l=1 rev1=0 crypto rx=0 tx=0 comp rx=0 tx=0).connect
2024-04-24T06:46:19.859 INFO:teuthology.orchestra.run.smithi164.stdout:/usr/bin/ceph: stderr
2024-04-24T06:46:18.912+0000 7f328cc00700 1 -- 172.21.15.164:0/3305445425 <== mon.0 v2:172.21.15.164:3300/0 5 ==== osd_map(3..3 src has 1..3) v4 ==== 1155+0+0 (secure 0 0 0) 0x7f328004cad0 con 0x7f32901087a0
2024-04-24T06:46:19.859 INFO:teuthology.orchestra.run.smithi164.stdout:/usr/bin/ceph: stderr
2024-04-24T06:46:18.912+0000 7f328f400700 1 --2- 172.21.15.164:0/3305445425 >> [v2:172.21.15.164:6800/1867525639,v1:172.21.15.164:6801/1867525639] conn(0x7f3274038810 0x7f327403acd0 unknown :-1 s=BANNER_CONNECTING pgs=0 cs=0 l=1 rev1=0 crypto rx=0 tx=0 comp rx=0 tx=0)._handle_peer_banner_payload supported=3 required=0
2024-04-24T06:46:19.859 INFO:teuthology.orchestra.run.smithi164.stdout:/usr/bin/ceph: stderr
2024-04-24T06:46:18.913+0000 7f328f400700 1 --2- 172.21.15.164:0/3305445425 >> [v2:172.21.15.164:6800/1867525639,v1:172.21.15.164:6801/1867525639] conn(0x7f3274038810 0x7f327403acd0 secure :-1 s=READY pgs=10 cs=0 l=1 rev1=1 crypto rx=0x7f327c006fd0 tx=0x7f327c006e40 comp rx=0 tx=0).ready entity=mgr.14164 client_cookie=0 server_cookie=0 in_seq=0 out_seq=0
2024-04-24T06:46:19.859 INFO:teuthology.orchestra.run.smithi164.stdout:/usr/bin/ceph: stderr
2024-04-24T06:46:18.918+0000 7f328cc00700 1 -- 172.21.15.164:0/3305445425 <== mon.0 v2:172.21.15.164:3300/0 6 ==== mon_command_ack([{"prefix": "get_command_descriptions"}]=0 v0) v1 ==== 72+0+183351 (secure 0 0 0) 0x7f3280010380 con 0x7f32901087a0
2024-04-24T06:46:19.860 INFO:teuthology.orchestra.run.smithi164.stdout:/usr/bin/ceph: stderr
2024-04-24T06:46:19.135+0000 7f3296a00700 1 -- 172.21.15.164:0/3305445425 --> [v2:172.21.15.164:3300/0,v1:172.21.15.164:6789/0] -- mon_command([{prefix=config set, name=osd_memory_target_autotune}] v 0) v1 -- 0x7f329019f950 con 0x7f32901087a0
2024-04-24T06:46:19.860 INFO:teuthology.orchestra.run.smithi164.stdout:/usr/bin/ceph: stderr
2024-04-24T06:46:19.136+0000 7f328cc00700 1 -- 172.21.15.164:0/3305445425 <== mon.0 v2:172.21.15.164:3300/0 7 ==== mon_command_ack([{prefix=config set, name=osd_memory_target_autotune}]=0 v8)=0 v8) v1 ==== 127+0+0 (secure 0 0 0) 0x7f3280018b40 con 0x7f32901087a0
2024-04-24T06:46:19.860 INFO:teuthology.orchestra.run.smithi164.stdout:/usr/bin/ceph: stderr
2024-04-24T06:46:19.139+0000 7f3296a00700 1 -- 172.21.15.164:0/3305445425 >> [v2:172.21.15.164:6800/1867525639,v1:172.21.15.164:6801/1867525639] conn(0x7f3274038810 msgr2=0x7f327403acd0 secure :-1 s=STATE_CONNECTION_ESTABLISHED l=1).mark_down
2024-04-24T06:46:19.860 INFO:teuthology.orchestra.run.smithi164.stdout:/usr/bin/ceph: stderr
2024-04-24T06:46:19.139+0000 7f3296a00700 1 --2- 172.21.15.164:0/3305445425 >> [v2:172.21.15.164:6800/1867525639,v1:172.21.15.164:6801/1867525639] conn(0x7f3274038810 0x7f327403acd0 secure :-1 s=READY pgs=10 cs=0 l=1 rev1=1 crypto rx=0x7f327c006fd0 tx=0x7f327c006e40 comp rx=0 tx=0).stop
2024-04-24T06:46:19.860 INFO:teuthology.orchestra.run.smithi164.stdout:/usr/bin/ceph: stderr
2024-04-24T06:46:19.139+0000 7f3296a00700 1 -- 172.21.15.164:0/3305445425 >> [v2:172.21.15.164:3300/0,v1:172.21.15.164:6789/0] conn(0x7f32901087a0 msgr2=0x7f329019c4e0 secure :-1 s=STATE_CONNECTION_ESTABLISHED l=1).mark_down
2024-04-24T06:46:19.860 INFO:teuthology.orchestra.run.smithi164.stdout:/usr/bin/ceph: stderr
2024-04-24T06:46:19.139+0000 7f3296a00700 1 --2- 172.21.15.164:0/3305445425 >> [v2:172.21.15.164:3300/0,v1:172.21.15.164:6789/0] conn(0x7f32901087a0 0x7f329019c4e0 secure :-1 s=READY pgs=89 cs=0 l=1 rev1=1 crypto rx=0x7f32800117b0 tx=0x7f3280011890 comp rx=0 tx=0).stop
2024-04-24T06:46:19.860 INFO:teuthology.orchestra.run.smithi164.stdout:/usr/bin/ceph: stderr
2024-04-24T06:46:19.139+0000 7f3296a00700 1 -- 172.21.15.164:0/3305445425 shutdown_connections
2024-04-24T06:46:19.860 INFO:teuthology.orchestra.run.smithi164.stdout:/usr/bin/ceph: stderr
2024-04-24T06:46:19.139+0000 7f3296a00700 1 --2- 172.21.15.164:0/3305445425 >> [v2:172.21.15.164:6800/1867525639,v1:172.21.15.164:6801/1867525639] conn(0x7f3274038810 0x7f327403acd0 unknown :-1 s=CLOSED pgs=10 cs=0 l=1 rev1=1 crypto rx=0 tx=0 comp rx=0 tx=0).stop
2024-04-24T06:46:19.860 INFO:teuthology.orchestra.run.smithi164.stdout:/usr/bin/ceph: stderr
2024-04-24T06:46:19.139+0000 7f3296a00700 1 --2- 172.21.15.164:0/3305445425 >> [v2:172.21.15.164:3300/0,v1:172.21.15.164:6789/0] conn(0x7f32901087a0 0x7f329019c4e0 unknown :-1 s=CLOSED pgs=89 cs=0 l=1 rev1=1 crypto rx=0 tx=0 comp rx=0 tx=0).stop
2024-04-24T06:46:19.860 INFO:teuthology.orchestra.run.smithi164.stdout:/usr/bin/ceph: stderr
2024-04-24T06:46:19.139+0000 7f3296a00700 1 -- 172.21.15.164:0/3305445425 >> 172.21.15.164:0/3305445425 conn(0x7f3290103d80 msgr2=0x7f32901048d0 unknown :-1 s=STATE_NONE l=0).mark_down
2024-04-24T06:46:19.860 INFO:teuthology.orchestra.run.smithi164.stdout:/usr/bin/ceph: stderr
2024-04-24T06:46:19.140+0000 7f3296a00700 1 -- 172.21.15.164:0/3305445425 shutdown_connections
2024-04-24T06:46:19.860 INFO:teuthology.orchestra.run.smithi164.stdout:/usr/bin/ceph: stderr
2024-04-24T06:46:19.140+0000 7f3296a00700 1 -- 172.21.15.164:0/3305445425 wait complete.
2024-04-24T06:46:21.549 INFO:teuthology.orchestra.run.smithi164.stdout:/usr/bin/ceph: stderr
2024-04-24T06:46:20.493+0000 7fafcc400700 1 Processor -- start
2024-04-24T06:46:21.550 INFO:teuthology.orchestra.run.smithi164.stdout:/usr/bin/ceph: stderr
2024-04-24T06:46:20.493+0000 7fafcc400700 1 -- start start
2024-04-24T06:46:21.550 INFO:teuthology.orchestra.run.smithi164.stdout:/usr/bin/ceph: stderr
2024-04-24T06:46:20.494+0000 7fafcc400700 1 --2- >> [v2:172.21.15.164:3300/0,v1:172.21.15.164:6789/0] conn(0x7fafc410cf80 0x7fafc410d3a0 unknown :-1 s=NONE pgs=0 cs=0 l=0 rev1=0 crypto rx=0 tx=0 comp rx=0 tx=0).connect
2024-04-24T06:46:21.550 INFO:teuthology.orchestra.run.smithi164.stdout:/usr/bin/ceph: stderr
2024-04-24T06:46:20.494+0000 7fafcc400700 1 -- --> [v2:172.21.15.164:3300/0,v1:172.21.15.164:6789/0] -- mon_getmap magic: 0 v1 -- 0x7fafc410d970 con 0x7fafc410cf80
2024-04-24T06:46:21.550 INFO:teuthology.orchestra.run.smithi164.stdout:/usr/bin/ceph: stderr
2024-04-24T06:46:20.494+0000 7fafc9a00700 1 --2- >> [v2:172.21.15.164:3300/0,v1:172.21.15.164:6789/0] conn(0x7fafc410cf80 0x7fafc410d3a0 unknown :-1 s=BANNER_CONNECTING pgs=0 cs=0 l=0 rev1=0 crypto rx=0 tx=0 comp rx=0 tx=0)._handle_peer_banner_payload supported=3 required=0
2024-04-24T06:46:21.550 INFO:teuthology.orchestra.run.smithi164.stdout:/usr/bin/ceph: stderr
2024-04-24T06:46:20.494+0000 7fafc9a00700 1 --2- >> [v2:172.21.15.164:3300/0,v1:172.21.15.164:6789/0] conn(0x7fafc410cf80 0x7fafc410d3a0 unknown :-1 s=HELLO_CONNECTING pgs=0 cs=0 l=0 rev1=1 crypto rx=0 tx=0 comp rx=0 tx=0).handle_hello peer v2:172.21.15.164:3300/0 says I am v2:172.21.15.164:33566/0 (socket says 172.21.15.164:33566)
2024-04-24T06:46:21.550 INFO:teuthology.orchestra.run.smithi164.stdout:/usr/bin/ceph: stderr
2024-04-24T06:46:20.494+0000 7fafc9a00700 1 -- 172.21.15.164:0/2303704780 learned_addr learned my addr 172.21.15.164:0/2303704780 (peer_addr_for_me v2:172.21.15.164:0/0)
2024-04-24T06:46:21.550 INFO:teuthology.orchestra.run.smithi164.stdout:/usr/bin/ceph: stderr
2024-04-24T06:46:20.495+0000 7fafc9a00700 1 -- 172.21.15.164:0/2303704780 --> [v2:172.21.15.164:3300/0,v1:172.21.15.164:6789/0] -- mon_subscribe({config=0+,monmap=0+}) v3 -- 0x7fafc410dd60 con 0x7fafc410cf80
2024-04-24T06:46:21.550 INFO:teuthology.orchestra.run.smithi164.stdout:/usr/bin/ceph: stderr
2024-04-24T06:46:20.495+0000 7fafc9a00700 1 --2- 172.21.15.164:0/2303704780 >> [v2:172.21.15.164:3300/0,v1:172.21.15.164:6789/0] conn(0x7fafc410cf80 0x7fafc410d3a0 secure :-1 s=READY pgs=90 cs=0 l=1 rev1=1 crypto rx=0x7fafb80098a0 tx=0x7fafb8009bb0 comp rx=0 tx=0).ready entity=mon.0 client_cookie=55fe20f6e6554b34 server_cookie=0 in_seq=0 out_seq=0
2024-04-24T06:46:21.550 INFO:teuthology.orchestra.run.smithi164.stdout:/usr/bin/ceph: stderr
2024-04-24T06:46:20.495+0000 7fafc3e00700 1 -- 172.21.15.164:0/2303704780 <== mon.0 v2:172.21.15.164:3300/0 1 ==== mon_map magic: 0 v1 ==== 229+0+0 (secure 0 0 0) 0x7fafb8004180 con 0x7fafc410cf80
2024-04-24T06:46:21.550 INFO:teuthology.orchestra.run.smithi164.stdout:/usr/bin/ceph: stderr
2024-04-24T06:46:20.495+0000 7fafc3e00700 1 -- 172.21.15.164:0/2303704780 <== mon.0 v2:172.21.15.164:3300/0 2 ==== config(27 keys) v1 ==== 1109+0+0 (secure 0 0 0) 0x7fafb80042e0 con 0x7fafc410cf80
2024-04-24T06:46:21.550 INFO:teuthology.orchestra.run.smithi164.stdout:/usr/bin/ceph: stderr
2024-04-24T06:46:20.495+0000 7fafc3e00700 1 -- 172.21.15.164:0/2303704780 <== mon.0 v2:172.21.15.164:3300/0 3 ==== mon_map magic: 0 v1 ==== 229+0+0 (secure 0 0 0) 0x7fafb8011b10 con 0x7fafc410cf80
2024-04-24T06:46:21.550 INFO:teuthology.orchestra.run.smithi164.stdout:/usr/bin/ceph: stderr
2024-04-24T06:46:20.496+0000 7fafcc400700 1 -- 172.21.15.164:0/2303704780 >> [v2:172.21.15.164:3300/0,v1:172.21.15.164:6789/0] conn(0x7fafc410cf80 msgr2=0x7fafc410d3a0 secure :-1 s=STATE_CONNECTION_ESTABLISHED l=1).mark_down
2024-04-24T06:46:21.550 INFO:teuthology.orchestra.run.smithi164.stdout:/usr/bin/ceph: stderr
2024-04-24T06:46:20.496+0000 7fafcc400700 1 --2- 172.21.15.164:0/2303704780 >> [v2:172.21.15.164:3300/0,v1:172.21.15.164:6789/0] conn(0x7fafc410cf80 0x7fafc410d3a0 secure :-1 s=READY pgs=90 cs=0 l=1 rev1=1 crypto rx=0x7fafb80098a0 tx=0x7fafb8009bb0 comp rx=0 tx=0).stop
2024-04-24T06:46:21.552 INFO:teuthology.orchestra.run.smithi164.stdout:/usr/bin/ceph: stderr
2024-04-24T06:46:20.496+0000 7fafcc400700 1 -- 172.21.15.164:0/2303704780 shutdown_connections
2024-04-24T06:46:21.553 INFO:teuthology.orchestra.run.smithi164.stdout:/usr/bin/ceph: stderr
2024-04-24T06:46:20.496+0000 7fafcc400700 1 --2- 172.21.15.164:0/2303704780 >> [v2:172.21.15.164:3300/0,v1:172.21.15.164:6789/0] conn(0x7fafc410cf80 0x7fafc410d3a0 unknown :-1 s=CLOSED pgs=90 cs=0 l=1 rev1=1 crypto rx=0 tx=0 comp rx=0 tx=0).stop
2024-04-24T06:46:21.553 INFO:teuthology.orchestra.run.smithi164.stdout:/usr/bin/ceph: stderr
2024-04-24T06:46:20.496+0000 7fafcc400700 1 -- 172.21.15.164:0/2303704780 >> 172.21.15.164:0/2303704780 conn(0x7fafc407bc20 msgr2=0x7fafc407e060 unknown :-1 s=STATE_NONE l=0).mark_down
2024-04-24T06:46:21.553 INFO:teuthology.orchestra.run.smithi164.stdout:/usr/bin/ceph: stderr
2024-04-24T06:46:20.496+0000 7fafcc400700 1 -- 172.21.15.164:0/2303704780 shutdown_connections
2024-04-24T06:46:21.553 INFO:teuthology.orchestra.run.smithi164.stdout:/usr/bin/ceph: stderr
2024-04-24T06:46:20.496+0000 7fafcc400700 1 -- 172.21.15.164:0/2303704780 wait complete.
2024-04-24T06:46:21.553 INFO:teuthology.orchestra.run.smithi164.stdout:/usr/bin/ceph: stderr
2024-04-24T06:46:20.497+0000 7fafcc400700 1 Processor -- start
2024-04-24T06:46:21.553 INFO:teuthology.orchestra.run.smithi164.stdout:/usr/bin/ceph: stderr
2024-04-24T06:46:20.497+0000 7fafcc400700 1 -- start start
2024-04-24T06:46:21.553 INFO:teuthology.orchestra.run.smithi164.stdout:/usr/bin/ceph: stderr
2024-04-24T06:46:20.498+0000 7fafcc400700 1 --2- >> [v2:172.21.15.164:3300/0,v1:172.21.15.164:6789/0] conn(0x7fafc410cf80 0x7fafc41a08c0 unknown :-1 s=NONE pgs=0 cs=0 l=1 rev1=0 crypto rx=0 tx=0 comp rx=0 tx=0).connect
2024-04-24T06:46:21.553 INFO:teuthology.orchestra.run.smithi164.stdout:/usr/bin/ceph: stderr
2024-04-24T06:46:20.498+0000 7fafcc400700 1 -- --> [v2:172.21.15.164:3300/0,v1:172.21.15.164:6789/0] -- mon_getmap magic: 0 v1 -- 0x7fafc41a0e00 con 0x7fafc410cf80
2024-04-24T06:46:21.553 INFO:teuthology.orchestra.run.smithi164.stdout:/usr/bin/ceph: stderr
2024-04-24T06:46:20.498+0000 7fafc9a00700 1 --2- >> [v2:172.21.15.164:3300/0,v1:172.21.15.164:6789/0] conn(0x7fafc410cf80 0x7fafc41a08c0 unknown :-1 s=BANNER_CONNECTING pgs=0 cs=0 l=1 rev1=0 crypto rx=0 tx=0 comp rx=0 tx=0)._handle_peer_banner_payload supported=3 required=0
2024-04-24T06:46:21.553 INFO:teuthology.orchestra.run.smithi164.stdout:/usr/bin/ceph: stderr
2024-04-24T06:46:20.498+0000 7fafc9a00700 1 --2- >> [v2:172.21.15.164:3300/0,v1:172.21.15.164:6789/0] conn(0x7fafc410cf80 0x7fafc41a08c0 unknown :-1 s=HELLO_CONNECTING pgs=0 cs=0 l=1 rev1=1 crypto rx=0 tx=0 comp rx=0 tx=0).handle_hello peer v2:172.21.15.164:3300/0 says I am v2:172.21.15.164:33582/0 (socket says 172.21.15.164:33582)
2024-04-24T06:46:21.553 INFO:teuthology.orchestra.run.smithi164.stdout:/usr/bin/ceph: stderr
2024-04-24T06:46:20.498+0000 7fafc9a00700 1 -- 172.21.15.164:0/3198237876 learned_addr learned my addr 172.21.15.164:0/3198237876 (peer_addr_for_me v2:172.21.15.164:0/0)
2024-04-24T06:46:21.553 INFO:teuthology.orchestra.run.smithi164.stdout:/usr/bin/ceph: stderr
