2024-04-24T06:58:11.959 INFO:teuthology.orchestra.run.smithi042.stdout:/usr/bin/ceph: stderr
2024-04-24T06:58:10.554+0000 7f89c1400700 1 -- start start
2024-04-24T06:58:11.959 INFO:teuthology.orchestra.run.smithi042.stdout:/usr/bin/ceph: stderr
2024-04-24T06:58:10.554+0000 7f89c1400700 1 --2- >> [v2:172.21.15.42:3300/0,v1:172.21.15.42:6789/0] conn(0x7f89bc1070e0 0x7f89bc19c4f0 unknown :-1 s=NONE pgs=0 cs=0 l=1 rev1=0 crypto rx=0 tx=0 comp rx=0 tx=0).connect
2024-04-24T06:58:11.959 INFO:teuthology.orchestra.run.smithi042.stdout:/usr/bin/ceph: stderr
2024-04-24T06:58:10.554+0000 7f89c1400700 1 -- --> [v2:172.21.15.42:3300/0,v1:172.21.15.42:6789/0] -- mon_getmap magic: 0 v1 -- 0x7f89bc19ca30 con 0x7f89bc1070e0
2024-04-24T06:58:11.959 INFO:teuthology.orchestra.run.smithi042.stdout:/usr/bin/ceph: stderr
2024-04-24T06:58:10.555+0000 7f89ba800700 1 --2- >> [v2:172.21.15.42:3300/0,v1:172.21.15.42:6789/0] conn(0x7f89bc1070e0 0x7f89bc19c4f0 unknown :-1 s=BANNER_CONNECTING pgs=0 cs=0 l=1 rev1=0 crypto rx=0 tx=0 comp rx=0 tx=0)._handle_peer_banner_payload supported=3 required=0
2024-04-24T06:58:11.959 INFO:teuthology.orchestra.run.smithi042.stdout:/usr/bin/ceph: stderr
2024-04-24T06:58:10.555+0000 7f89ba800700 1 --2- >> [v2:172.21.15.42:3300/0,v1:172.21.15.42:6789/0] conn(0x7f89bc1070e0 0x7f89bc19c4f0 unknown :-1 s=HELLO_CONNECTING pgs=0 cs=0 l=1 rev1=1 crypto rx=0 tx=0 comp rx=0 tx=0).handle_hello peer v2:172.21.15.42:3300/0 says I am v2:172.21.15.42:49608/0 (socket says 172.21.15.42:49608)
2024-04-24T06:58:11.959 INFO:teuthology.orchestra.run.smithi042.stdout:/usr/bin/ceph: stderr
2024-04-24T06:58:10.555+0000 7f89ba800700 1 -- 172.21.15.42:0/3424289019 learned_addr learned my addr 172.21.15.42:0/3424289019 (peer_addr_for_me v2:172.21.15.42:0/0)
2024-04-24T06:58:11.959 INFO:teuthology.orchestra.run.smithi042.stdout:/usr/bin/ceph: stderr
2024-04-24T06:58:10.555+0000 7f89ba800700 1 -- 172.21.15.42:0/3424289019 --> [v2:172.21.15.42:3300/0,v1:172.21.15.42:6789/0] -- mon_subscribe({config=0+,monmap=0+}) v3 -- 0x7f89ac009550 con 0x7f89bc1070e0
2024-04-24T06:58:11.959 INFO:teuthology.orchestra.run.smithi042.stdout:/usr/bin/ceph: stderr
2024-04-24T06:58:10.555+0000 7f89ba800700 1 --2- 172.21.15.42:0/3424289019 >> [v2:172.21.15.42:3300/0,v1:172.21.15.42:6789/0] conn(0x7f89bc1070e0 0x7f89bc19c4f0 secure :-1 s=READY pgs=42 cs=0 l=1 rev1=1 crypto rx=0x7f89ac011710 tx=0x7f89ac0047c0 comp rx=0 tx=0).ready entity=mon.0 client_cookie=0 server_cookie=0 in_seq=0 out_seq=0
2024-04-24T06:58:11.959 INFO:teuthology.orchestra.run.smithi042.stdout:/usr/bin/ceph: stderr
2024-04-24T06:58:10.556+0000 7f89b3e00700 1 -- 172.21.15.42:0/3424289019 <== mon.0 v2:172.21.15.42:3300/0 1 ==== mon_map magic: 0 v1 ==== 229+0+0 (secure 0 0 0) 0x7f89ac003b10 con 0x7f89bc1070e0
2024-04-24T06:58:11.960 INFO:teuthology.orchestra.run.smithi042.stdout:/usr/bin/ceph: stderr
2024-04-24T06:58:10.556+0000 7f89b3e00700 1 -- 172.21.15.42:0/3424289019 <== mon.0 v2:172.21.15.42:3300/0 2 ==== config(27 keys) v1 ==== 1042+0+0 (secure 0 0 0) 0x7f89ac01b8c0 con 0x7f89bc1070e0
2024-04-24T06:58:11.960 INFO:teuthology.orchestra.run.smithi042.stdout:/usr/bin/ceph: stderr
2024-04-24T06:58:10.556+0000 7f89b3e00700 1 -- 172.21.15.42:0/3424289019 <== mon.0 v2:172.21.15.42:3300/0 3 ==== mon_map magic: 0 v1 ==== 229+0+0 (secure 0 0 0) 0x7f89ac0197e0 con 0x7f89bc1070e0
2024-04-24T06:58:11.960 INFO:teuthology.orchestra.run.smithi042.stdout:/usr/bin/ceph: stderr
2024-04-24T06:58:10.556+0000 7f89c1400700 1 -- 172.21.15.42:0/3424289019 --> [v2:172.21.15.42:3300/0,v1:172.21.15.42:6789/0] -- mon_subscribe({mgrmap=0+}) v3 -- 0x7f89bc19cc30 con 0x7f89bc1070e0
2024-04-24T06:58:11.960 INFO:teuthology.orchestra.run.smithi042.stdout:/usr/bin/ceph: stderr
2024-04-24T06:58:10.556+0000 7f89c1400700 1 -- 172.21.15.42:0/3424289019 --> [v2:172.21.15.42:3300/0,v1:172.21.15.42:6789/0] -- mon_subscribe({osdmap=0}) v3 -- 0x7f89bc19d0d0 con 0x7f89bc1070e0
2024-04-24T06:58:11.960 INFO:teuthology.orchestra.run.smithi042.stdout:/usr/bin/ceph: stderr
2024-04-24T06:58:10.557+0000 7f89c1400700 1 -- 172.21.15.42:0/3424289019 --> [v2:172.21.15.42:3300/0,v1:172.21.15.42:6789/0] -- mon_command({"prefix": "get_command_descriptions"} v 0) v1 -- 0x7f89bc10a6f0 con 0x7f89bc1070e0
2024-04-24T06:58:11.960 INFO:teuthology.orchestra.run.smithi042.stdout:/usr/bin/ceph: stderr
2024-04-24T06:58:10.557+0000 7f89b3e00700 1 -- 172.21.15.42:0/3424289019 <== mon.0 v2:172.21.15.42:3300/0 4 ==== mgrmap(e 8) v1 ==== 45556+0+0 (secure 0 0 0) 0x7f89ac01ba30 con 0x7f89bc1070e0
2024-04-24T06:58:11.960 INFO:teuthology.orchestra.run.smithi042.stdout:/usr/bin/ceph: stderr
2024-04-24T06:58:10.558+0000 7f89b3e00700 1 --2- 172.21.15.42:0/3424289019 >> [v2:172.21.15.42:6800/3327549054,v1:172.21.15.42:6801/3327549054] conn(0x7f89a0038770 0x7f89a003ac30 unknown :-1 s=NONE pgs=0 cs=0 l=1 rev1=0 crypto rx=0 tx=0 comp rx=0 tx=0).connect
2024-04-24T06:58:11.960 INFO:teuthology.orchestra.run.smithi042.stdout:/usr/bin/ceph: stderr
2024-04-24T06:58:10.558+0000 7f89b3e00700 1 -- 172.21.15.42:0/3424289019 <== mon.0 v2:172.21.15.42:3300/0 5 ==== osd_map(2..2 src has 1..2) v4 ==== 940+0+0 (secure 0 0 0) 0x7f89ac04c950 con 0x7f89bc1070e0
2024-04-24T06:58:11.960 INFO:teuthology.orchestra.run.smithi042.stdout:/usr/bin/ceph: stderr
2024-04-24T06:58:10.558+0000 7f89b1e00700 1 --2- 172.21.15.42:0/3424289019 >> [v2:172.21.15.42:6800/3327549054,v1:172.21.15.42:6801/3327549054] conn(0x7f89a0038770 0x7f89a003ac30 unknown :-1 s=BANNER_CONNECTING pgs=0 cs=0 l=1 rev1=0 crypto rx=0 tx=0 comp rx=0 tx=0)._handle_peer_banner_payload supported=3 required=0
2024-04-24T06:58:11.960 INFO:teuthology.orchestra.run.smithi042.stdout:/usr/bin/ceph: stderr
2024-04-24T06:58:10.559+0000 7f89b1e00700 1 --2- 172.21.15.42:0/3424289019 >> [v2:172.21.15.42:6800/3327549054,v1:172.21.15.42:6801/3327549054] conn(0x7f89a0038770 0x7f89a003ac30 secure :-1 s=READY pgs=9 cs=0 l=1 rev1=1 crypto rx=0x7f89a4006fd0 tx=0x7f89a4006e40 comp rx=0 tx=0).ready entity=mgr.14120 client_cookie=0 server_cookie=0 in_seq=0 out_seq=0
2024-04-24T06:58:11.960 INFO:teuthology.orchestra.run.smithi042.stdout:/usr/bin/ceph: stderr
2024-04-24T06:58:10.563+0000 7f89b3e00700 1 -- 172.21.15.42:0/3424289019 <== mon.0 v2:172.21.15.42:3300/0 6 ==== mon_command_ack([{"prefix": "get_command_descriptions"}]=0 v0) v1 ==== 72+0+183351 (secure 0 0 0) 0x7f89ac02cd20 con 0x7f89bc1070e0
2024-04-24T06:58:11.960 INFO:teuthology.orchestra.run.smithi042.stdout:/usr/bin/ceph: stderr
2024-04-24T06:58:10.788+0000 7f89c1400700 1 -- 172.21.15.42:0/3424289019 --> [v2:172.21.15.42:6800/3327549054,v1:172.21.15.42:6801/3327549054] -- mgr_command(tid 0: {"prefix": "cephadm generate-key", "target": ["mon-mgr", ""]}) v1 -- 0x7f89bc101d40 con 0x7f89a0038770
2024-04-24T06:58:11.960 INFO:teuthology.orchestra.run.smithi042.stdout:/usr/bin/ceph: stderr
2024-04-24T06:58:11.191+0000 7f89b3e00700 1 -- 172.21.15.42:0/3424289019 <== mgr.14120 v2:172.21.15.42:6800/3327549054 1 ==== mgr_command_reply(tid 0: 0 ) v1 ==== 8+0+0 (secure 0 0 0) 0x7f89bc101d40 con 0x7f89a0038770
2024-04-24T06:58:11.960 INFO:teuthology.orchestra.run.smithi042.stdout:/usr/bin/ceph: stderr
2024-04-24T06:58:11.194+0000 7f89c1400700 1 -- 172.21.15.42:0/3424289019 >> [v2:172.21.15.42:6800/3327549054,v1:172.21.15.42:6801/3327549054] conn(0x7f89a0038770 msgr2=0x7f89a003ac30 secure :-1 s=STATE_CONNECTION_ESTABLISHED l=1).mark_down
2024-04-24T06:58:11.960 INFO:teuthology.orchestra.run.smithi042.stdout:/usr/bin/ceph: stderr
2024-04-24T06:58:11.194+0000 7f89c1400700 1 --2- 172.21.15.42:0/3424289019 >> [v2:172.21.15.42:6800/3327549054,v1:172.21.15.42:6801/3327549054] conn(0x7f89a0038770 0x7f89a003ac30 secure :-1 s=READY pgs=9 cs=0 l=1 rev1=1 crypto rx=0x7f89a4006fd0 tx=0x7f89a4006e40 comp rx=0 tx=0).stop
2024-04-24T06:58:11.961 INFO:teuthology.orchestra.run.smithi042.stdout:/usr/bin/ceph: stderr
2024-04-24T06:58:11.194+0000 7f89c1400700 1 -- 172.21.15.42:0/3424289019 >> [v2:172.21.15.42:3300/0,v1:172.21.15.42:6789/0] conn(0x7f89bc1070e0 msgr2=0x7f89bc19c4f0 secure :-1 s=STATE_CONNECTION_ESTABLISHED l=1).mark_down
2024-04-24T06:58:11.961 INFO:teuthology.orchestra.run.smithi042.stdout:/usr/bin/ceph: stderr
2024-04-24T06:58:11.194+0000 7f89c1400700 1 --2- 172.21.15.42:0/3424289019 >> [v2:172.21.15.42:3300/0,v1:172.21.15.42:6789/0] conn(0x7f89bc1070e0 0x7f89bc19c4f0 secure :-1 s=READY pgs=42 cs=0 l=1 rev1=1 crypto rx=0x7f89ac011710 tx=0x7f89ac0047c0 comp rx=0 tx=0).stop
2024-04-24T06:58:11.961 INFO:teuthology.orchestra.run.smithi042.stdout:/usr/bin/ceph: stderr
2024-04-24T06:58:11.195+0000 7f89c1400700 1 -- 172.21.15.42:0/3424289019 shutdown_connections
2024-04-24T06:58:11.961 INFO:teuthology.orchestra.run.smithi042.stdout:/usr/bin/ceph: stderr
2024-04-24T06:58:11.195+0000 7f89c1400700 1 --2- 172.21.15.42:0/3424289019 >> [v2:172.21.15.42:6800/3327549054,v1:172.21.15.42:6801/3327549054] conn(0x7f89a0038770 0x7f89a003ac30 unknown :-1 s=CLOSED pgs=9 cs=0 l=1 rev1=1 crypto rx=0 tx=0 comp rx=0 tx=0).stop
2024-04-24T06:58:11.961 INFO:teuthology.orchestra.run.smithi042.stdout:/usr/bin/ceph: stderr
2024-04-24T06:58:11.195+0000 7f89c1400700 1 --2- 172.21.15.42:0/3424289019 >> [v2:172.21.15.42:3300/0,v1:172.21.15.42:6789/0] conn(0x7f89bc1070e0 0x7f89bc19c4f0 unknown :-1 s=CLOSED pgs=42 cs=0 l=1 rev1=1 crypto rx=0 tx=0 comp rx=0 tx=0).stop
2024-04-24T06:58:11.961 INFO:teuthology.orchestra.run.smithi042.stdout:/usr/bin/ceph: stderr
2024-04-24T06:58:11.195+0000 7f89c1400700 1 -- 172.21.15.42:0/3424289019 >> 172.21.15.42:0/3424289019 conn(0x7f89bc100a50 msgr2=0x7f89bc101630 unknown :-1 s=STATE_NONE l=0).mark_down
2024-04-24T06:58:11.961 INFO:teuthology.orchestra.run.smithi042.stdout:/usr/bin/ceph: stderr
2024-04-24T06:58:11.195+0000 7f89c1400700 1 -- 172.21.15.42:0/3424289019 shutdown_connections
2024-04-24T06:58:11.961 INFO:teuthology.orchestra.run.smithi042.stdout:/usr/bin/ceph: stderr
2024-04-24T06:58:11.195+0000 7f89c1400700 1 -- 172.21.15.42:0/3424289019 wait complete.
2024-04-24T06:58:12.249 INFO:journalctl@ceph.mon.smithi042.smithi042.stdout:Apr 24 06:58:12 smithi042 ceph-mon[25309]: from='client.14136 -' entity='client.admin' cmd=[{"prefix": "cephadm generate-key", "target": ["mon-mgr", ""]}]: dispatch
2024-04-24T06:58:12.249 INFO:journalctl@ceph.mon.smithi042.smithi042.stdout:Apr 24 06:58:12 smithi042 ceph-mon[25309]: Generating ssh key...
2024-04-24T06:58:12.249 INFO:journalctl@ceph.mon.smithi042.smithi042.stdout:Apr 24 06:58:12 smithi042 ceph-mon[25309]: from='mgr.14120 172.21.15.42:0/3667979289' entity='mgr.smithi042.avxyfj'
2024-04-24T06:58:12.249 INFO:journalctl@ceph.mon.smithi042.smithi042.stdout:Apr 24 06:58:12 smithi042 ceph-mon[25309]: from='mgr.14120 172.21.15.42:0/3667979289' entity='mgr.smithi042.avxyfj'
2024-04-24T06:58:13.461 INFO:teuthology.orchestra.run.smithi042.stdout:/usr/bin/ceph: stdout ssh-rsa AAAAB3NzaC1yc2EAAAADAQABAAABgQCw3BQ/xacgHxecnuOKOLQIUiAoReKaJosIR6V0LuNc7nQuUsPyowv+MQ8TWOKCzN7Y5cRWrK134PkrXbIaa6u7TZ546gQzs/SEobAruMbvPlNQ3yHsjaDLSJxy1NBZIrnmxKtVaCCaKg5nFqaGtIoaVyxVYfXNKtjk7m3FfMkTGU2x6ObzEIVXr0tdpzEU2xD51Fa7bvhKnegoLNG59cQREKnn6T2CaKCgzUYVAbdI/UqKh/RDpXZz9xgqLVlBTKsuwBFnqdV4hZAO+RB69H382fgmY+ULShmXmRsa0BNI82mNAFlb9NarS3VWokGr9bvzhH0VluBDU0hBUV2ENEUeZqcdSZ2JJYz3u/lnTVpGULn4dBsaRj9IOQvZfo3Wi2vxYI7re8Zx+IYHzgyC1FdTMQ12WtsjoV18Pr0aLxLeFxfPvj3AslwE5M/r5h9/7gJQYoeeLLaAlxoDHzHC7zmrJudB85eJt2FiRj6UPTxyx6L1M10fqvKOl0HOKkxkeT0= ceph-c4015414-0207-11ef-bc93-c7b262605968
2024-04-24T06:58:13.462 INFO:teuthology.orchestra.run.smithi042.stdout:/usr/bin/ceph: stderr
2024-04-24T06:58:12.596+0000 7f1d0b200700 1 Processor -- start
2024-04-24T06:58:13.462 INFO:teuthology.orchestra.run.smithi042.stdout:/usr/bin/ceph: stderr
2024-04-24T06:58:12.596+0000 7f1d0b200700 1 -- start start
2024-04-24T06:58:13.462 INFO:teuthology.orchestra.run.smithi042.stdout:/usr/bin/ceph: stderr
2024-04-24T06:58:12.596+0000 7f1d0b200700 1 --2- >> [v2:172.21.15.42:3300/0,v1:172.21.15.42:6789/0] conn(0x7f1d0407bf00 0x7f1d0407a360 unknown :-1 s=NONE pgs=0 cs=0 l=0 rev1=0 crypto rx=0 tx=0 comp rx=0 tx=0).connect
2024-04-24T06:58:13.462 INFO:teuthology.orchestra.run.smithi042.stdout:/usr/bin/ceph: stderr
2024-04-24T06:58:12.596+0000 7f1d0b200700 1 -- --> [v2:172.21.15.42:3300/0,v1:172.21.15.42:6789/0] -- mon_getmap magic: 0 v1 -- 0x7f1d0407a930 con 0x7f1d0407bf00
2024-04-24T06:58:13.462 INFO:teuthology.orchestra.run.smithi042.stdout:/usr/bin/ceph: stderr
2024-04-24T06:58:12.597+0000 7f1d03e00700 1 --2- >> [v2:172.21.15.42:3300/0,v1:172.21.15.42:6789/0] conn(0x7f1d0407bf00 0x7f1d0407a360 unknown :-1 s=BANNER_CONNECTING pgs=0 cs=0 l=0 rev1=0 crypto rx=0 tx=0 comp rx=0 tx=0)._handle_peer_banner_payload supported=3 required=0
2024-04-24T06:58:13.462 INFO:teuthology.orchestra.run.smithi042.stdout:/usr/bin/ceph: stderr
2024-04-24T06:58:12.597+0000 7f1d03e00700 1 --2- >> [v2:172.21.15.42:3300/0,v1:172.21.15.42:6789/0] conn(0x7f1d0407bf00 0x7f1d0407a360 unknown :-1 s=HELLO_CONNECTING pgs=0 cs=0 l=0 rev1=1 crypto rx=0 tx=0 comp rx=0 tx=0).handle_hello peer v2:172.21.15.42:3300/0 says I am v2:172.21.15.42:49612/0 (socket says 172.21.15.42:49612)
2024-04-24T06:58:13.462 INFO:teuthology.orchestra.run.smithi042.stdout:/usr/bin/ceph: stderr
2024-04-24T06:58:12.597+0000 7f1d03e00700 1 -- 172.21.15.42:0/1094134635 learned_addr learned my addr 172.21.15.42:0/1094134635 (peer_addr_for_me v2:172.21.15.42:0/0)
2024-04-24T06:58:13.462 INFO:teuthology.orchestra.run.smithi042.stdout:/usr/bin/ceph: stderr
2024-04-24T06:58:12.597+0000 7f1d03e00700 1 -- 172.21.15.42:0/1094134635 --> [v2:172.21.15.42:3300/0,v1:172.21.15.42:6789/0] -- mon_subscribe({config=0+,monmap=0+}) v3 -- 0x7f1d0407aa70 con 0x7f1d0407bf00
2024-04-24T06:58:13.462 INFO:teuthology.orchestra.run.smithi042.stdout:/usr/bin/ceph: stderr
2024-04-24T06:58:12.597+0000 7f1d03e00700 1 --2- 172.21.15.42:0/1094134635 >> [v2:172.21.15.42:3300/0,v1:172.21.15.42:6789/0] conn(0x7f1d0407bf00 0x7f1d0407a360 secure :-1 s=READY pgs=43 cs=0 l=1 rev1=1 crypto rx=0x7f1cf40098a0 tx=0x7f1cf4009bb0 comp rx=0 tx=0).ready entity=mon.0 client_cookie=2f2a83b463b0235b server_cookie=0 in_seq=0 out_seq=0
2024-04-24T06:58:13.462 INFO:teuthology.orchestra.run.smithi042.stdout:/usr/bin/ceph: stderr
2024-04-24T06:58:12.598+0000 7f1d03400700 1 -- 172.21.15.42:0/1094134635 <== mon.0 v2:172.21.15.42:3300/0 1 ==== mon_map magic: 0 v1 ==== 229+0+0 (secure 0 0 0) 0x7f1cf4004180 con 0x7f1d0407bf00
2024-04-24T06:58:13.463 INFO:teuthology.orchestra.run.smithi042.stdout:/usr/bin/ceph: stderr
2024-04-24T06:58:12.598+0000 7f1d03400700 1 -- 172.21.15.42:0/1094134635 <== mon.0 v2:172.21.15.42:3300/0 2 ==== config(27 keys) v1 ==== 1042+0+0 (secure 0 0 0) 0x7f1cf40042e0 con 0x7f1d0407bf00
2024-04-24T06:58:13.463 INFO:teuthology.orchestra.run.smithi042.stdout:/usr/bin/ceph: stderr
2024-04-24T06:58:12.598+0000 7f1d03400700 1 -- 172.21.15.42:0/1094134635 <== mon.0 v2:172.21.15.42:3300/0 3 ==== mon_map magic: 0 v1 ==== 229+0+0 (secure 0 0 0) 0x7f1cf4011a70 con 0x7f1d0407bf00
2024-04-24T06:58:13.463 INFO:teuthology.orchestra.run.smithi042.stdout:/usr/bin/ceph: stderr
2024-04-24T06:58:12.598+0000 7f1d0b200700 1 -- 172.21.15.42:0/1094134635 >> [v2:172.21.15.42:3300/0,v1:172.21.15.42:6789/0] conn(0x7f1d0407bf00 msgr2=0x7f1d0407a360 secure :-1 s=STATE_CONNECTION_ESTABLISHED l=1).mark_down
2024-04-24T06:58:13.463 INFO:teuthology.orchestra.run.smithi042.stdout:/usr/bin/ceph: stderr
2024-04-24T06:58:12.598+0000 7f1d0b200700 1 --2- 172.21.15.42:0/1094134635 >> [v2:172.21.15.42:3300/0,v1:172.21.15.42:6789/0] conn(0x7f1d0407bf00 0x7f1d0407a360 secure :-1 s=READY pgs=43 cs=0 l=1 rev1=1 crypto rx=0x7f1cf40098a0 tx=0x7f1cf4009bb0 comp rx=0 tx=0).stop
2024-04-24T06:58:13.463 INFO:teuthology.orchestra.run.smithi042.stdout:/usr/bin/ceph: stderr
2024-04-24T06:58:12.599+0000 7f1d0b200700 1 -- 172.21.15.42:0/1094134635 shutdown_connections
2024-04-24T06:58:13.463 INFO:teuthology.orchestra.run.smithi042.stdout:/usr/bin/ceph: stderr
2024-04-24T06:58:12.599+0000 7f1d0b200700 1 --2- 172.21.15.42:0/1094134635 >> [v2:172.21.15.42:3300/0,v1:172.21.15.42:6789/0] conn(0x7f1d0407bf00 0x7f1d0407a360 unknown :-1 s=CLOSED pgs=43 cs=0 l=1 rev1=1 crypto rx=0 tx=0 comp rx=0 tx=0).stop
2024-04-24T06:58:13.463 INFO:teuthology.orchestra.run.smithi042.stdout:/usr/bin/ceph: stderr
2024-04-24T06:58:12.599+0000 7f1d0b200700 1 -- 172.21.15.42:0/1094134635 >> 172.21.15.42:0/1094134635 conn(0x7f1d04101be0 msgr2=0x7f1d04104000 unknown :-1 s=STATE_NONE l=0).mark_down
2024-04-24T06:58:13.463 INFO:teuthology.orchestra.run.smithi042.stdout:/usr/bin/ceph: stderr
2024-04-24T06:58:12.599+0000 7f1d0b200700 1 -- 172.21.15.42:0/1094134635 shutdown_connections
2024-04-24T06:58:13.463 INFO:teuthology.orchestra.run.smithi042.stdout:/usr/bin/ceph: stderr
2024-04-24T06:58:12.599+0000 7f1d0b200700 1 -- 172.21.15.42:0/1094134635 wait complete.
2024-04-24T06:58:13.463 INFO:teuthology.orchestra.run.smithi042.stdout:/usr/bin/ceph: stderr
2024-04-24T06:58:12.600+0000 7f1d0b200700 1 Processor -- start
2024-04-24T06:58:13.463 INFO:teuthology.orchestra.run.smithi042.stdout:/usr/bin/ceph: stderr
2024-04-24T06:58:12.600+0000 7f1d0b200700 1 -- start start
2024-04-24T06:58:13.463 INFO:teuthology.orchestra.run.smithi042.stdout:/usr/bin/ceph: stderr
2024-04-24T06:58:12.600+0000 7f1d0b200700 1 --2- >> [v2:172.21.15.42:3300/0,v1:172.21.15.42:6789/0] conn(0x7f1d0407bf00 0x7f1d041097c0 unknown :-1 s=NONE pgs=0 cs=0 l=1 rev1=0 crypto rx=0 tx=0 comp rx=0 tx=0).connect
2024-04-24T06:58:13.464 INFO:teuthology.orchestra.run.smithi042.stdout:/usr/bin/ceph: stderr
2024-04-24T06:58:12.600+0000 7f1d0b200700 1 -- --> [v2:172.21.15.42:3300/0,v1:172.21.15.42:6789/0] -- mon_getmap magic: 0 v1 -- 0x7f1d04109d00 con 0x7f1d0407bf00
2024-04-24T06:58:13.464 INFO:teuthology.orchestra.run.smithi042.stdout:/usr/bin/ceph: stderr
2024-04-24T06:58:12.601+0000 7f1d03e00700 1 --2- >> [v2:172.21.15.42:3300/0,v1:172.21.15.42:6789/0] conn(0x7f1d0407bf00 0x7f1d041097c0 unknown :-1 s=BANNER_CONNECTING pgs=0 cs=0 l=1 rev1=0 crypto rx=0 tx=0 comp rx=0 tx=0)._handle_peer_banner_payload supported=3 required=0
2024-04-24T06:58:13.464 INFO:teuthology.orchestra.run.smithi042.stdout:/usr/bin/ceph: stderr
2024-04-24T06:58:12.601+0000 7f1d03e00700 1 --2- >> [v2:172.21.15.42:3300/0,v1:172.21.15.42:6789/0] conn(0x7f1d0407bf00 0x7f1d041097c0 unknown :-1 s=HELLO_CONNECTING pgs=0 cs=0 l=1 rev1=1 crypto rx=0 tx=0 comp rx=0 tx=0).handle_hello peer v2:172.21.15.42:3300/0 says I am v2:172.21.15.42:49622/0 (socket says 172.21.15.42:49622)
2024-04-24T06:58:13.464 INFO:teuthology.orchestra.run.smithi042.stdout:/usr/bin/ceph: stderr
2024-04-24T06:58:12.601+0000 7f1d03e00700 1 -- 172.21.15.42:0/1295946641 learned_addr learned my addr 172.21.15.42:0/1295946641 (peer_addr_for_me v2:172.21.15.42:0/0)
2024-04-24T06:58:13.464 INFO:teuthology.orchestra.run.smithi042.stdout:/usr/bin/ceph: stderr
2024-04-24T06:58:12.601+0000 7f1d03e00700 1 -- 172.21.15.42:0/1295946641 --> [v2:172.21.15.42:3300/0,v1:172.21.15.42:6789/0] -- mon_subscribe({config=0+,monmap=0+}) v3 -- 0x7f1cf4009550 con 0x7f1d0407bf00
2024-04-24T06:58:13.464 INFO:teuthology.orchestra.run.smithi042.stdout:/usr/bin/ceph: stderr
2024-04-24T06:58:12.601+0000 7f1d03e00700 1 --2- 172.21.15.42:0/1295946641 >> [v2:172.21.15.42:3300/0,v1:172.21.15.42:6789/0] conn(0x7f1d0407bf00 0x7f1d041097c0 secure :-1 s=READY pgs=44 cs=0 l=1 rev1=1 crypto rx=0x7f1cf4011710 tx=0x7f1cf40047c0 comp rx=0 tx=0).ready entity=mon.0 client_cookie=0 server_cookie=0 in_seq=0 out_seq=0
2024-04-24T06:58:13.464 INFO:teuthology.orchestra.run.smithi042.stdout:/usr/bin/ceph: stderr
2024-04-24T06:58:12.602+0000 7f1d01600700 1 -- 172.21.15.42:0/1295946641 <== mon.0 v2:172.21.15.42:3300/0 1 ==== mon_map magic: 0 v1 ==== 229+0+0 (secure 0 0 0) 0x7f1cf4003b10 con 0x7f1d0407bf00
2024-04-24T06:58:13.464 INFO:teuthology.orchestra.run.smithi042.stdout:/usr/bin/ceph: stderr
2024-04-24T06:58:12.602+0000 7f1d01600700 1 -- 172.21.15.42:0/1295946641 <== mon.0 v2:172.21.15.42:3300/0 2 ==== config(27 keys) v1 ==== 1042+0+0 (secure 0 0 0) 0x7f1cf401b8c0 con 0x7f1d0407bf00
2024-04-24T06:58:13.464 INFO:teuthology.orchestra.run.smithi042.stdout:/usr/bin/ceph: stderr
2024-04-24T06:58:12.602+0000 7f1d0b200700 1 -- 172.21.15.42:0/1295946641 --> [v2:172.21.15.42:3300/0,v1:172.21.15.42:6789/0] -- mon_subscribe({mgrmap=0+}) v3 -- 0x7f1d04109f00 con 0x7f1d0407bf00
2024-04-24T06:58:13.464 INFO:teuthology.orchestra.run.smithi042.stdout:/usr/bin/ceph: stderr
2024-04-24T06:58:12.602+0000 7f1d01600700 1 -- 172.21.15.42:0/1295946641 <== mon.0 v2:172.21.15.42:3300/0 3 ==== mon_map magic: 0 v1 ==== 229+0+0 (secure 0 0 0) 0x7f1cf4019770 con 0x7f1d0407bf00
2024-04-24T06:58:13.464 INFO:teuthology.orchestra.run.smithi042.stdout:/usr/bin/ceph: stderr
2024-04-24T06:58:12.602+0000 7f1d0b200700 1 -- 172.21.15.42:0/1295946641 --> [v2:172.21.15.42:3300/0,v1:172.21.15.42:6789/0] -- mon_subscribe({osdmap=0}) v3 -- 0x7f1d04106350 con 0x7f1d0407bf00
2024-04-24T06:58:13.464 INFO:teuthology.orchestra.run.smithi042.stdout:/usr/bin/ceph: stderr
2024-04-24T06:58:12.603+0000 7f1cfa000700 1 -- 172.21.15.42:0/1295946641 --> [v2:172.21.15.42:3300/0,v1:172.21.15.42:6789/0] -- mon_command({"prefix": "get_command_descriptions"} v 0) v1 -- 0x7f1cdc0052f0 con 0x7f1d0407bf00
2024-04-24T06:58:13.464 INFO:teuthology.orchestra.run.smithi042.stdout:/usr/bin/ceph: stderr
2024-04-24T06:58:12.603+0000 7f1d01600700 1 -- 172.21.15.42:0/1295946641 <== mon.0 v2:172.21.15.42:3300/0 4 ==== mgrmap(e 8) v1 ==== 45556+0+0 (secure 0 0 0) 0x7f1cf401ba30 con 0x7f1d0407bf00
2024-04-24T06:58:13.465 INFO:teuthology.orchestra.run.smithi042.stdout:/usr/bin/ceph: stderr
2024-04-24T06:58:12.604+0000 7f1d01600700 1 --2- 172.21.15.42:0/1295946641 >> [v2:172.21.15.42:6800/3327549054,v1:172.21.15.42:6801/3327549054] conn(0x7f1ce8038770 0x7f1ce803ac30 unknown :-1 s=NONE pgs=0 cs=0 l=1 rev1=0 crypto rx=0 tx=0 comp rx=0 tx=0).connect
2024-04-24T06:58:13.465 INFO:teuthology.orchestra.run.smithi042.stdout:/usr/bin/ceph: stderr
2024-04-24T06:58:12.604+0000 7f1d01600700 1 -- 172.21.15.42:0/1295946641 <== mon.0 v2:172.21.15.42:3300/0 5 ==== osd_map(2..2 src has 1..2) v4 ==== 940+0+0 (secure 0 0 0) 0x7f1cf404c8c0 con 0x7f1d0407bf00
2024-04-24T06:58:13.465 INFO:teuthology.orchestra.run.smithi042.stdout:/usr/bin/ceph: stderr
2024-04-24T06:58:12.604+0000 7f1cfb400700 1 --2- 172.21.15.42:0/1295946641 >> [v2:172.21.15.42:6800/3327549054,v1:172.21.15.42:6801/3327549054] conn(0x7f1ce8038770 0x7f1ce803ac30 unknown :-1 s=BANNER_CONNECTING pgs=0 cs=0 l=1 rev1=0 crypto rx=0 tx=0 comp rx=0 tx=0)._handle_peer_banner_payload supported=3 required=0
2024-04-24T06:58:13.465 INFO:teuthology.orchestra.run.smithi042.stdout:/usr/bin/ceph: stderr
2024-04-24T06:58:12.605+0000 7f1cfb400700 1 --2- 172.21.15.42:0/1295946641 >> [v2:172.21.15.42:6800/3327549054,v1:172.21.15.42:6801/3327549054] conn(0x7f1ce8038770 0x7f1ce803ac30 secure :-1 s=READY pgs=10 cs=0 l=1 rev1=1 crypto rx=0x7f1cec006fd0 tx=0x7f1cec006e40 comp rx=0 tx=0).ready entity=mgr.14120 client_cookie=0 server_cookie=0 in_seq=0 out_seq=0
2024-04-24T06:58:13.465 INFO:teuthology.orchestra.run.smithi042.stdout:/usr/bin/ceph: stderr
2024-04-24T06:58:12.610+0000 7f1d01600700 1 -- 172.21.15.42:0/1295946641 <== mon.0 v2:172.21.15.42:3300/0 6 ==== mon_command_ack([{"prefix": "get_command_descriptions"}]=0 v0) v1 ==== 72+0+183351 (secure 0 0 0) 0x7f1cf402c9a0 con 0x7f1d0407bf00
2024-04-24T06:58:13.465 INFO:teuthology.orchestra.run.smithi042.stdout:/usr/bin/ceph: stderr
2024-04-24T06:58:12.839+0000 7f1cfa000700 1 -- 172.21.15.42:0/1295946641 --> [v2:172.21.15.42:6800/3327549054,v1:172.21.15.42:6801/3327549054] -- mgr_command(tid 0: {"prefix": "cephadm get-pub-key", "target": ["mon-mgr", ""]}) v1 -- 0x7f1cdc000bc0 con 0x7f1ce8038770
2024-04-24T06:58:13.465 INFO:teuthology.orchestra.run.smithi042.stdout:/usr/bin/ceph: stderr
2024-04-24T06:58:12.841+0000 7f1d01600700 1 -- 172.21.15.42:0/1295946641 <== mgr.14120 v2:172.21.15.42:6800/3327549054 1 ==== mgr_command_reply(tid 0: 0 ) v1 ==== 8+0+595 (secure 0 0 0) 0x7f1cdc000bc0 con 0x7f1ce8038770
2024-04-24T06:58:13.465 INFO:teuthology.orchestra.run.smithi042.stdout:/usr/bin/ceph: stderr
2024-04-24T06:58:12.843+0000 7f1cfa000700 1 -- 172.21.15.42:0/1295946641 >> [v2:172.21.15.42:6800/3327549054,v1:172.21.15.42:6801/3327549054] conn(0x7f1ce8038770 msgr2=0x7f1ce803ac30 secure :-1 s=STATE_CONNECTION_ESTABLISHED l=1).mark_down
2024-04-24T06:58:13.465 INFO:teuthology.orchestra.run.smithi042.stdout:/usr/bin/ceph: stderr
2024-04-24T06:58:12.843+0000 7f1cfa000700 1 --2- 172.21.15.42:0/1295946641 >> [v2:172.21.15.42:6800/3327549054,v1:172.21.15.42:6801/3327549054] conn(0x7f1ce8038770 0x7f1ce803ac30 secure :-1 s=READY pgs=10 cs=0 l=1 rev1=1 crypto rx=0x7f1cec006fd0 tx=0x7f1cec006e40 comp rx=0 tx=0).stop
2024-04-24T06:58:13.465 INFO:teuthology.orchestra.run.smithi042.stdout:/usr/bin/ceph: stderr
2024-04-24T06:58:12.844+0000 7f1cfa000700 1 -- 172.21.15.42:0/1295946641 >> [v2:172.21.15.42:3300/0,v1:172.21.15.42:6789/0] conn(0x7f1d0407bf00 msgr2=0x7f1d041097c0 secure :-1 s=STATE_CONNECTION_ESTABLISHED l=1).mark_down
2024-04-24T06:58:13.465 INFO:teuthology.orchestra.run.smithi042.stdout:/usr/bin/ceph: stderr
2024-04-24T06:58:12.844+0000 7f1cfa000700 1 --2- 172.21.15.42:0/1295946641 >> [v2:172.21.15.42:3300/0,v1:172.21.15.42:6789/0] conn(0x7f1d0407bf00 0x7f1d041097c0 secure :-1 s=READY pgs=44 cs=0 l=1 rev1=1 crypto rx=0x7f1cf4011710 tx=0x7f1cf40047c0 comp rx=0 tx=0).stop
2024-04-24T06:58:13.465 INFO:teuthology.orchestra.run.smithi042.stdout:/usr/bin/ceph: stderr
2024-04-24T06:58:12.844+0000 7f1cfa000700 1 -- 172.21.15.42:0/1295946641 shutdown_connections
2024-04-24T06:58:13.465 INFO:teuthology.orchestra.run.smithi042.stdout:/usr/bin/ceph: stderr
2024-04-24T06:58:12.844+0000 7f1cfa000700 1 --2- 172.21.15.42:0/1295946641 >> [v2:172.21.15.42:6800/3327549054,v1:172.21.15.42:6801/3327549054] conn(0x7f1ce8038770 0x7f1ce803ac30 unknown :-1 s=CLOSED pgs=10 cs=0 l=1 rev1=1 crypto rx=0 tx=0 comp rx=0 tx=0).stop
2024-04-24T06:58:13.466 INFO:teuthology.orchestra.run.smithi042.stdout:/usr/bin/ceph: stderr
2024-04-24T06:58:12.844+0000 7f1cfa000700 1 --2- 172.21.15.42:0/1295946641 >> [v2:172.21.15.42:3300/0,v1:172.21.15.42:6789/0] conn(0x7f1d0407bf00 0x7f1d041097c0 unknown :-1 s=CLOSED pgs=44 cs=0 l=1 rev1=1 crypto rx=0 tx=0 comp rx=0 tx=0).stop
2024-04-24T06:58:13.466 INFO:teuthology.orchestra.run.smithi042.stdout:/usr/bin/ceph: stderr
2024-04-24T06:58:12.844+0000 7f1cfa000700 1 -- 172.21.15.42:0/1295946641 >> 172.21.15.42:0/1295946641 conn(0x7f1d04101be0 msgr2=0x7f1d04102710 unknown :-1 s=STATE_NONE l=0).mark_down
2024-04-24T06:58:13.466 INFO:teuthology.orchestra.run.smithi042.stdout:/usr/bin/ceph: stderr
2024-04-24T06:58:12.844+0000 7f1cfa000700 1 -- 172.21.15.42:0/1295946641 shutdown_connections
2024-04-24T06:58:13.466 INFO:teuthology.orchestra.run.smithi042.stdout:/usr/bin/ceph: stderr
2024-04-24T06:58:12.844+0000 7f1cfa000700 1 -- 172.21.15.42:0/1295946641 wait complete.
2024-04-24T06:58:13.466 INFO:teuthology.orchestra.run.smithi042.stdout:Wrote public SSH key to /home/ubuntu/cephtest/ceph.pub
2024-04-24T06:58:13.466 INFO:teuthology.orchestra.run.smithi042.stdout:Adding key to root@localhost authorized_keys...
2024-04-24T06:58:13.466 INFO:teuthology.orchestra.run.smithi042.stdout:Adding host smithi042...
2024-04-24T06:58:13.752 INFO:journalctl@ceph.mon.smithi042.smithi042.stdout:Apr 24 06:58:13 smithi042 ceph-mon[25309]: from='client.14138 -' entity='client.admin' cmd=[{"prefix": "cephadm get-pub-key", "target": ["mon-mgr", ""]}]: dispatch
2024-04-24T06:58:15.003 INFO:journalctl@ceph.mon.smithi042.smithi042.stdout:Apr 24 06:58:14 smithi042 ceph-mon[25309]: from='client.14140 -' entity='client.admin' cmd=[{"prefix": "orch host add", "hostname": "smithi042", "addr": "172.21.15.42", "target": ["mon-mgr", ""]}]: dispatch
2024-04-24T06:58:17.002 INFO:journalctl@ceph.mon.smithi042.smithi042.stdout:Apr 24 06:58:16 smithi042 ceph-mon[25309]: Deploying cephadm binary to smithi042
2024-04-24T06:58:19.474 INFO:teuthology.orchestra.run.smithi042.stdout:/usr/bin/ceph: stdout Added host 'smithi042' with addr '172.21.15.42'
2024-04-24T06:58:19.474 INFO:teuthology.orchestra.run.smithi042.stdout:/usr/bin/ceph: stderr
2024-04-24T06:58:14.081+0000 7f201aa00700 1 Processor -- start
2024-04-24T06:58:19.474 INFO:teuthology.orchestra.run.smithi042.stdout:/usr/bin/ceph: stderr
2024-04-24T06:58:14.081+0000 7f201aa00700 1 -- start start
2024-04-24T06:58:19.475 INFO:teuthology.orchestra.run.smithi042.stdout:/usr/bin/ceph: stderr
2024-04-24T06:58:14.082+0000 7f201aa00700 1 --2- >> [v2:172.21.15.42:3300/0,v1:172.21.15.42:6789/0] conn(0x7f20141087a0 0x7f2014108bc0 unknown :-1 s=NONE pgs=0 cs=0 l=0 rev1=0 crypto rx=0 tx=0 comp rx=0 tx=0).connect
2024-04-24T06:58:19.475 INFO:teuthology.orchestra.run.smithi042.stdout:/usr/bin/ceph: stderr
2024-04-24T06:58:14.082+0000 7f201aa00700 1 -- --> [v2:172.21.15.42:3300/0,v1:172.21.15.42:6789/0] -- mon_getmap magic: 0 v1 -- 0x7f2014109190 con 0x7f20141087a0
2024-04-24T06:58:19.476 INFO:teuthology.orchestra.run.smithi042.stdout:/usr/bin/ceph: stderr
2024-04-24T06:58:14.083+0000 7f2013e00700 1 --2- >> [v2:172.21.15.42:3300/0,v1:172.21.15.42:6789/0] conn(0x7f20141087a0 0x7f2014108bc0 unknown :-1 s=BANNER_CONNECTING pgs=0 cs=0 l=0 rev1=0 crypto rx=0 tx=0 comp rx=0 tx=0)._handle_peer_banner_payload supported=3 required=0
2024-04-24T06:58:19.476 INFO:teuthology.orchestra.run.smithi042.stdout:/usr/bin/ceph: stderr
2024-04-24T06:58:14.083+0000 7f2013e00700 1 --2- >> [v2:172.21.15.42:3300/0,v1:172.21.15.42:6789/0] conn(0x7f20141087a0 0x7f2014108bc0 unknown :-1 s=HELLO_CONNECTING pgs=0 cs=0 l=0 rev1=1 crypto rx=0 tx=0 comp rx=0 tx=0).handle_hello peer v2:172.21.15.42:3300/0 says I am v2:172.21.15.42:49630/0 (socket says 172.21.15.42:49630)
2024-04-24T06:58:19.476 INFO:teuthology.orchestra.run.smithi042.stdout:/usr/bin/ceph: stderr
2024-04-24T06:58:14.083+0000 7f2013e00700 1 -- 172.21.15.42:0/700133497 learned_addr learned my addr 172.21.15.42:0/700133497 (peer_addr_for_me v2:172.21.15.42:0/0)
2024-04-24T06:58:19.476 INFO:teuthology.orchestra.run.smithi042.stdout:/usr/bin/ceph: stderr
2024-04-24T06:58:14.083+0000 7f2013e00700 1 -- 172.21.15.42:0/700133497 --> [v2:172.21.15.42:3300/0,v1:172.21.15.42:6789/0] -- mon_subscribe({config=0+,monmap=0+}) v3 -- 0x7f20141099a0 con 0x7f20141087a0
2024-04-24T06:58:19.476 INFO:teuthology.orchestra.run.smithi042.stdout:/usr/bin/ceph: stderr
2024-04-24T06:58:14.084+0000 7f2013e00700 1 --2- 172.21.15.42:0/700133497 >> [v2:172.21.15.42:3300/0,v1:172.21.15.42:6789/0] conn(0x7f20141087a0 0x7f2014108bc0 secure :-1 s=READY pgs=45 cs=0 l=1 rev1=1 crypto rx=0x7f20040098a0 tx=0x7f2004009bb0 comp rx=0 tx=0).ready entity=mon.0 client_cookie=196bb15e74e4fc8b server_cookie=0 in_seq=0 out_seq=0
2024-04-24T06:58:19.476 INFO:teuthology.orchestra.run.smithi042.stdout:/usr/bin/ceph: stderr
2024-04-24T06:58:14.084+0000 7f2012a00700 1 -- 172.21.15.42:0/700133497 <== mon.0 v2:172.21.15.42:3300/0 1 ==== mon_map magic: 0 v1 ==== 229+0+0 (secure 0 0 0) 0x7f2004004180 con 0x7f20141087a0
2024-04-24T06:58:19.476 INFO:teuthology.orchestra.run.smithi042.stdout:/usr/bin/ceph: stderr
2024-04-24T06:58:14.084+0000 7f2012a00700 1 -- 172.21.15.42:0/700133497 <== mon.0 v2:172.21.15.42:3300/0 2 ==== config(27 keys) v1 ==== 1042+0+0 (secure 0 0 0) 0x7f20040042e0 con 0x7f20141087a0
2024-04-24T06:58:19.477 INFO:teuthology.orchestra.run.smithi042.stdout:/usr/bin/ceph: stderr
2024-04-24T06:58:14.084+0000 7f2012a00700 1 -- 172.21.15.42:0/700133497 <== mon.0 v2:172.21.15.42:3300/0 3 ==== mon_map magic: 0 v1 ==== 229+0+0 (secure 0 0 0) 0x7f2004011a70 con 0x7f20141087a0
2024-04-24T06:58:19.477 INFO:teuthology.orchestra.run.smithi042.stdout:/usr/bin/ceph: stderr
2024-04-24T06:58:14.085+0000 7f201aa00700 1 -- 172.21.15.42:0/700133497 >> [v2:172.21.15.42:3300/0,v1:172.21.15.42:6789/0] conn(0x7f20141087a0 msgr2=0x7f2014108bc0 secure :-1 s=STATE_CONNECTION_ESTABLISHED l=1).mark_down
2024-04-24T06:58:19.477 INFO:teuthology.orchestra.run.smithi042.stdout:/usr/bin/ceph: stderr
2024-04-24T06:58:14.085+0000 7f201aa00700 1 --2- 172.21.15.42:0/700133497 >> [v2:172.21.15.42:3300/0,v1:172.21.15.42:6789/0] conn(0x7f20141087a0 0x7f2014108bc0 secure :-1 s=READY pgs=45 cs=0 l=1 rev1=1 crypto rx=0x7f20040098a0 tx=0x7f2004009bb0 comp rx=0 tx=0).stop
2024-04-24T06:58:19.477 INFO:teuthology.orchestra.run.smithi042.stdout:/usr/bin/ceph: stderr
2024-04-24T06:58:14.086+0000 7f201aa00700 1 -- 172.21.15.42:0/700133497 shutdown_connections
2024-04-24T06:58:19.477 INFO:teuthology.orchestra.run.smithi042.stdout:/usr/bin/ceph: stderr
2024-04-24T06:58:14.086+0000 7f201aa00700 1 --2- 172.21.15.42:0/700133497 >> [v2:172.21.15.42:3300/0,v1:172.21.15.42:6789/0] conn(0x7f20141087a0 0x7f2014108bc0 unknown :-1 s=CLOSED pgs=45 cs=0 l=1 rev1=1 crypto rx=0 tx=0 comp rx=0 tx=0).stop
2024-04-24T06:58:19.477 INFO:teuthology.orchestra.run.smithi042.stdout:/usr/bin/ceph: stderr
2024-04-24T06:58:14.086+0000 7f201aa00700 1 -- 172.21.15.42:0/700133497 >> 172.21.15.42:0/700133497 conn(0x7f2014103d60 msgr2=0x7f2014106180 unknown :-1 s=STATE_NONE l=0).mark_down
2024-04-24T06:58:19.477 INFO:teuthology.orchestra.run.smithi042.stdout:/usr/bin/ceph: stderr
2024-04-24T06:58:14.086+0000 7f201aa00700 1 -- 172.21.15.42:0/700133497 shutdown_connections
2024-04-24T06:58:19.478 INFO:teuthology.orchestra.run.smithi042.stdout:/usr/bin/ceph: stderr
2024-04-24T06:58:14.086+0000 7f201aa00700 1 -- 172.21.15.42:0/700133497 wait complete.
2024-04-24T06:58:19.478 INFO:teuthology.orchestra.run.smithi042.stdout:/usr/bin/ceph: stderr
2024-04-24T06:58:14.087+0000 7f201aa00700 1 Processor -- start
2024-04-24T06:58:19.478 INFO:teuthology.orchestra.run.smithi042.stdout:/usr/bin/ceph: stderr
2024-04-24T06:58:14.087+0000 7f201aa00700 1 -- start start
2024-04-24T06:58:19.478 INFO:teuthology.orchestra.run.smithi042.stdout:/usr/bin/ceph: stderr
2024-04-24T06:58:14.087+0000 7f201aa00700 1 --2- >> [v2:172.21.15.42:3300/0,v1:172.21.15.42:6789/0] conn(0x7f20141087a0 0x7f201419c500 unknown :-1 s=NONE pgs=0 cs=0 l=1 rev1=0 crypto rx=0 tx=0 comp rx=0 tx=0).connect
2024-04-24T06:58:19.479 INFO:teuthology.orchestra.run.smithi042.stdout:/usr/bin/ceph: stderr
2024-04-24T06:58:14.088+0000 7f201aa00700 1 -- --> [v2:172.21.15.42:3300/0,v1:172.21.15.42:6789/0] -- mon_getmap magic: 0 v1 -- 0x7f201419ca40 con 0x7f20141087a0
2024-04-24T06:58:19.479 INFO:teuthology.orchestra.run.smithi042.stdout:/usr/bin/ceph: stderr
2024-04-24T06:58:14.088+0000 7f2013e00700 1 --2- >> [v2:172.21.15.42:3300/0,v1:172.21.15.42:6789/0] conn(0x7f20141087a0 0x7f201419c500 unknown :-1 s=BANNER_CONNECTING pgs=0 cs=0 l=1 rev1=0 crypto rx=0 tx=0 comp rx=0 tx=0)._handle_peer_banner_payload supported=3 required=0
2024-04-24T06:58:19.479 INFO:teuthology.orchestra.run.smithi042.stdout:/usr/bin/ceph: stderr
2024-04-24T06:58:14.088+0000 7f2013e00700 1 --2- >> [v2:172.21.15.42:3300/0,v1:172.21.15.42:6789/0] conn(0x7f20141087a0 0x7f201419c500 unknown :-1 s=HELLO_CONNECTING pgs=0 cs=0 l=1 rev1=1 crypto rx=0 tx=0 comp rx=0 tx=0).handle_hello peer v2:172.21.15.42:3300/0 says I am v2:172.21.15.42:49632/0 (socket says 172.21.15.42:49632)
2024-04-24T06:58:19.479 INFO:teuthology.orchestra.run.smithi042.stdout:/usr/bin/ceph: stderr
2024-04-24T06:58:14.088+0000 7f2013e00700 1 -- 172.21.15.42:0/100047829 learned_addr learned my addr 172.21.15.42:0/100047829 (peer_addr_for_me v2:172.21.15.42:0/0)
2024-04-24T06:58:19.479 INFO:teuthology.orchestra.run.smithi042.stdout:/usr/bin/ceph: stderr
2024-04-24T06:58:14.088+0000 7f2013e00700 1 -- 172.21.15.42:0/100047829 --> [v2:172.21.15.42:3300/0,v1:172.21.15.42:6789/0] -- mon_subscribe({config=0+,monmap=0+}) v3 -- 0x7f2004009550 con 0x7f20141087a0
2024-04-24T06:58:19.479 INFO:teuthology.orchestra.run.smithi042.stdout:/usr/bin/ceph: stderr
2024-04-24T06:58:14.089+0000 7f2013e00700 1 --2- 172.21.15.42:0/100047829 >> [v2:172.21.15.42:3300/0,v1:172.21.15.42:6789/0] conn(0x7f20141087a0 0x7f201419c500 secure :-1 s=READY pgs=46 cs=0 l=1 rev1=1 crypto rx=0x7f2004011710 tx=0x7f20040047c0 comp rx=0 tx=0).ready entity=mon.0 client_cookie=0 server_cookie=0 in_seq=0 out_seq=0
2024-04-24T06:58:19.479 INFO:teuthology.orchestra.run.smithi042.stdout:/usr/bin/ceph: stderr
2024-04-24T06:58:14.089+0000 7f2010c00700 1 -- 172.21.15.42:0/100047829 <== mon.0 v2:172.21.15.42:3300/0 1 ==== mon_map magic: 0 v1 ==== 229+0+0 (secure 0 0 0) 0x7f2004003b10 con 0x7f20141087a0
2024-04-24T06:58:19.479 INFO:teuthology.orchestra.run.smithi042.stdout:/usr/bin/ceph: stderr
2024-04-24T06:58:14.089+0000 7f2010c00700 1 -- 172.21.15.42:0/100047829 <== mon.0 v2:172.21.15.42:3300/0 2 ==== config(27 keys) v1 ==== 1042+0+0 (secure 0 0 0) 0x7f200401b8c0 con 0x7f20141087a0
2024-04-24T06:58:19.479 INFO:teuthology.orchestra.run.smithi042.stdout:/usr/bin/ceph: stderr
2024-04-24T06:58:14.089+0000 7f2010c00700 1 -- 172.21.15.42:0/100047829 <== mon.0 v2:172.21.15.42:3300/0 3 ==== mon_map magic: 0 v1 ==== 229+0+0 (secure 0 0 0) 0x7f2004019770 con 0x7f20141087a0
2024-04-24T06:58:19.479 INFO:teuthology.orchestra.run.smithi042.stdout:/usr/bin/ceph: stderr
2024-04-24T06:58:14.089+0000 7f201aa00700 1 -- 172.21.15.42:0/100047829 --> [v2:172.21.15.42:3300/0,v1:172.21.15.42:6789/0] -- mon_subscribe({mgrmap=0+}) v3 -- 0x7f201419cc40 con 0x7f20141087a0
2024-04-24T06:58:19.479 INFO:teuthology.orchestra.run.smithi042.stdout:/usr/bin/ceph: stderr
2024-04-24T06:58:14.089+0000 7f201aa00700 1 -- 172.21.15.42:0/100047829 --> [v2:172.21.15.42:3300/0,v1:172.21.15.42:6789/0] -- mon_subscribe({osdmap=0}) v3 -- 0x7f201419d0e0 con 0x7f20141087a0
2024-04-24T06:58:19.479 INFO:teuthology.orchestra.run.smithi042.stdout:/usr/bin/ceph: stderr
2024-04-24T06:58:14.090+0000 7f201aa00700 1 -- 172.21.15.42:0/100047829 --> [v2:172.21.15.42:3300/0,v1:172.21.15.42:6789/0] -- mon_command({"prefix": "get_command_descriptions"} v 0) v1 -- 0x7f201410cbd0 con 0x7f20141087a0
2024-04-24T06:58:19.480 INFO:teuthology.orchestra.run.smithi042.stdout:/usr/bin/ceph: stderr
2024-04-24T06:58:14.090+0000 7f2010c00700 1 -- 172.21.15.42:0/100047829 <== mon.0 v2:172.21.15.42:3300/0 4 ==== mgrmap(e 8) v1 ==== 45556+0+0 (secure 0 0 0) 0x7f200401ba30 con 0x7f20141087a0
2024-04-24T06:58:19.480 INFO:teuthology.orchestra.run.smithi042.stdout:/usr/bin/ceph: stderr
2024-04-24T06:58:14.091+0000 7f2010c00700 1 --2- 172.21.15.42:0/100047829 >> [v2:172.21.15.42:6800/3327549054,v1:172.21.15.42:6801/3327549054] conn(0x7f1ff8038720 0x7f1ff803abe0 unknown :-1 s=NONE pgs=0 cs=0 l=1 rev1=0 crypto rx=0 tx=0 comp rx=0 tx=0).connect
2024-04-24T06:58:19.480 INFO:teuthology.orchestra.run.smithi042.stdout:/usr/bin/ceph: stderr
2024-04-24T06:58:14.091+0000 7f2010c00700 1 -- 172.21.15.42:0/100047829 <== mon.0 v2:172.21.15.42:3300/0 5 ==== osd_map(2..2 src has 1..2) v4 ==== 940+0+0 (secure 0 0 0) 0x7f200404c9a0 con 0x7f20141087a0
2024-04-24T06:58:19.480 INFO:teuthology.orchestra.run.smithi042.stdout:/usr/bin/ceph: stderr
2024-04-24T06:58:14.091+0000 7f2013400700 1 --2- 172.21.15.42:0/100047829 >> [v2:172.21.15.42:6800/3327549054,v1:172.21.15.42:6801/3327549054] conn(0x7f1ff8038720 0x7f1ff803abe0 unknown :-1 s=BANNER_CONNECTING pgs=0 cs=0 l=1 rev1=0 crypto rx=0 tx=0 comp rx=0 tx=0)._handle_peer_banner_payload supported=3 required=0
2024-04-24T06:58:19.480 INFO:teuthology.orchestra.run.smithi042.stdout:/usr/bin/ceph: stderr
2024-04-24T06:58:14.092+0000 7f2013400700 1 --2- 172.21.15.42:0/100047829 >> [v2:172.21.15.42:6800/3327549054,v1:172.21.15.42:6801/3327549054] conn(0x7f1ff8038720 0x7f1ff803abe0 secure :-1 s=READY pgs=11 cs=0 l=1 rev1=1 crypto rx=0x7f2000006fd0 tx=0x7f2000006e40 comp rx=0 tx=0).ready entity=mgr.14120 client_cookie=0 server_cookie=0 in_seq=0 out_seq=0
2024-04-24T06:58:19.480 INFO:teuthology.orchestra.run.smithi042.stdout:/usr/bin/ceph: stderr
2024-04-24T06:58:14.096+0000 7f2010c00700 1 -- 172.21.15.42:0/100047829 <== mon.0 v2:172.21.15.42:3300/0 6 ==== mon_command_ack([{"prefix": "get_command_descriptions"}]=0 v0) v1 ==== 72+0+183351 (secure 0 0 0) 0x7f200402cce0 con 0x7f20141087a0
2024-04-24T06:58:19.480 INFO:teuthology.orchestra.run.smithi042.stdout:/usr/bin/ceph: stderr
2024-04-24T06:58:14.334+0000 7f201aa00700 1 -- 172.21.15.42:0/100047829 --> [v2:172.21.15.42:6800/3327549054,v1:172.21.15.42:6801/3327549054] -- mgr_command(tid 0: {"prefix": "orch host add", "hostname": "smithi042", "addr": "172.21.15.42", "target": ["mon-mgr", ""]}) v1 -- 0x7f201419f9d0 con 0x7f1ff8038720
2024-04-24T06:58:19.480 INFO:teuthology.orchestra.run.smithi042.stdout:/usr/bin/ceph: stderr
2024-04-24T06:58:18.781+0000 7f2010c00700 1 -- 172.21.15.42:0/100047829 <== mgr.14120 v2:172.21.15.42:6800/3327549054 1 ==== mgr_command_reply(tid 0: 0 ) v1 ==== 8+0+48 (secure 0 0 0) 0x7f201419f9d0 con 0x7f1ff8038720
2024-04-24T06:58:19.480 INFO:teuthology.orchestra.run.smithi042.stdout:/usr/bin/ceph: stderr
2024-04-24T06:58:18.786+0000 7f201aa00700 1 -- 172.21.15.42:0/100047829 >> [v2:172.21.15.42:6800/3327549054,v1:172.21.15.42:6801/3327549054] conn(0x7f1ff8038720 msgr2=0x7f1ff803abe0 secure :-1 s=STATE_CONNECTION_ESTABLISHED l=1).mark_down
2024-04-24T06:58:19.480 INFO:teuthology.orchestra.run.smithi042.stdout:/usr/bin/ceph: stderr
2024-04-24T06:58:18.786+0000 7f201aa00700 1 --2- 172.21.15.42:0/100047829 >> [v2:172.21.15.42:6800/3327549054,v1:172.21.15.42:6801/3327549054] conn(0x7f1ff8038720 0x7f1ff803abe0 secure :-1 s=READY pgs=11 cs=0 l=1 rev1=1 crypto rx=0x7f2000006fd0 tx=0x7f2000006e40 comp rx=0 tx=0).stop
2024-04-24T06:58:19.480 INFO:teuthology.orchestra.run.smithi042.stdout:/usr/bin/ceph: stderr
2024-04-24T06:58:18.786+0000 7f201aa00700 1 -- 172.21.15.42:0/100047829 >> [v2:172.21.15.42:3300/0,v1:172.21.15.42:6789/0] conn(0x7f20141087a0 msgr2=0x7f201419c500 secure :-1 s=STATE_CONNECTION_ESTABLISHED l=1).mark_down
2024-04-24T06:58:19.480 INFO:teuthology.orchestra.run.smithi042.stdout:/usr/bin/ceph: stderr
2024-04-24T06:58:18.786+0000 7f201aa00700 1 --2- 172.21.15.42:0/100047829 >> [v2:172.21.15.42:3300/0,v1:172.21.15.42:6789/0] conn(0x7f20141087a0 0x7f201419c500 secure :-1 s=READY pgs=46 cs=0 l=1 rev1=1 crypto rx=0x7f2004011710 tx=0x7f20040047c0 comp rx=0 tx=0).stop
2024-04-24T06:58:19.480 INFO:teuthology.orchestra.run.smithi042.stdout:/usr/bin/ceph: stderr
2024-04-24T06:58:18.787+0000 7f201aa00700 1 -- 172.21.15.42:0/100047829 shutdown_connections
2024-04-24T06:58:19.481 INFO:teuthology.orchestra.run.smithi042.stdout:/usr/bin/ceph: stderr
2024-04-24T06:58:18.787+0000 7f201aa00700 1 --2- 172.21.15.42:0/100047829 >> [v2:172.21.15.42:6800/3327549054,v1:172.21.15.42:6801/3327549054] conn(0x7f1ff8038720 0x7f1ff803abe0 unknown :-1 s=CLOSED pgs=11 cs=0 l=1 rev1=1 crypto rx=0 tx=0 comp rx=0 tx=0).stop
2024-04-24T06:58:19.481 INFO:teuthology.orchestra.run.smithi042.stdout:/usr/bin/ceph: stderr
2024-04-24T06:58:18.787+0000 7f201aa00700 1 --2- 172.21.15.42:0/100047829 >> [v2:172.21.15.42:3300/0,v1:172.21.15.42:6789/0] conn(0x7f20141087a0 0x7f201419c500 unknown :-1 s=CLOSED pgs=46 cs=0 l=1 rev1=1 crypto rx=0 tx=0 comp rx=0 tx=0).stop
2024-04-24T06:58:19.481 INFO:teuthology.orchestra.run.smithi042.stdout:/usr/bin/ceph: stderr
2024-04-24T06:58:18.787+0000 7f201aa00700 1 -- 172.21.15.42:0/100047829 >> 172.21.15.42:0/100047829 conn(0x7f2014103d60 msgr2=0x7f2014104890 unknown :-1 s=STATE_NONE l=0).mark_down
2024-04-24T06:58:19.481 INFO:teuthology.orchestra.run.smithi042.stdout:/usr/bin/ceph: stderr
2024-04-24T06:58:18.787+0000 7f201aa00700 1 -- 172.21.15.42:0/100047829 shutdown_connections
2024-04-24T06:58:19.481 INFO:teuthology.orchestra.run.smithi042.stdout:/usr/bin/ceph: stderr
2024-04-24T06:58:18.787+0000 7f201aa00700 1 -- 172.21.15.42:0/100047829 wait complete.
2024-04-24T06:58:19.481 INFO:teuthology.orchestra.run.smithi042.stdout:Deploying mon service with default placement...
2024-04-24T06:58:20.073 INFO:journalctl@ceph.mon.smithi042.smithi042.stdout:Apr 24 06:58:19 smithi042 ceph-mon[25309]: from='mgr.14120 172.21.15.42:0/3667979289' entity='mgr.smithi042.avxyfj'
2024-04-24T06:58:20.073 INFO:journalctl@ceph.mon.smithi042.smithi042.stdout:Apr 24 06:58:19 smithi042 ceph-mon[25309]: Added host smithi042
2024-04-24T06:58:20.073 INFO:journalctl@ceph.mon.smithi042.smithi042.stdout:Apr 24 06:58:19 smithi042 ceph-mon[25309]: from='mgr.14120 172.21.15.42:0/3667979289' entity='mgr.smithi042.avxyfj' cmd=[{"prefix": "config dump", "format": "json"}]: dispatch
2024-04-24T06:58:21.753 INFO:journalctl@ceph.mon.smithi042.smithi042.stdout:Apr 24 06:58:21 smithi042 ceph-mon[25309]: from='client.14142 -' entity='client.admin' cmd=[{"prefix": "orch apply", "service_type": "mon", "target": ["mon-mgr", ""]}]: dispatch
2024-04-24T06:58:21.753 INFO:journalctl@ceph.mon.smithi042.smithi042.stdout:Apr 24 06:58:21 smithi042 ceph-mon[25309]: Saving service mon spec with placement count:5
2024-04-24T06:58:21.753 INFO:journalctl@ceph.mon.smithi042.smithi042.stdout:Apr 24 06:58:21 smithi042 ceph-mon[25309]: from='mgr.14120 172.21.15.42:0/3667979289' entity='mgr.smithi042.avxyfj'
2024-04-24T06:58:21.900 INFO:teuthology.orchestra.run.smithi042.stdout:/usr/bin/ceph: stdout Scheduled mon update...
2024-04-24T06:58:21.900 INFO:teuthology.orchestra.run.smithi042.stdout:/usr/bin/ceph: stderr
2024-04-24T06:58:20.093+0000 7f460a400700 1 Processor -- start
2024-04-24T06:58:21.900 INFO:teuthology.orchestra.run.smithi042.stdout:/usr/bin/ceph: stderr
2024-04-24T06:58:20.093+0000 7f460a400700 1 -- start start
2024-04-24T06:58:21.900 INFO:teuthology.orchestra.run.smithi042.stdout:/usr/bin/ceph: stderr
2024-04-24T06:58:20.093+0000 7f460a400700 1 --2- >> [v2:172.21.15.42:3300/0,v1:172.21.15.42:6789/0] conn(0x7f460410d080 0x7f460410d4a0 unknown :-1 s=NONE pgs=0 cs=0 l=0 rev1=0 crypto rx=0 tx=0 comp rx=0 tx=0).connect
2024-04-24T06:58:21.901 INFO:teuthology.orchestra.run.smithi042.stdout:/usr/bin/ceph: stderr
2024-04-24T06:58:20.093+0000 7f460a400700 1 -- --> [v2:172.21.15.42:3300/0,v1:172.21.15.42:6789/0] -- mon_getmap magic: 0 v1 -- 0x7f460410da70 con 0x7f460410d080
2024-04-24T06:58:21.902 INFO:teuthology.orchestra.run.smithi042.stdout:/usr/bin/ceph: stderr
2024-04-24T06:58:20.093+0000 7f4603400700 1 --2- >> [v2:172.21.15.42:3300/0,v1:172.21.15.42:6789/0] conn(0x7f460410d080 0x7f460410d4a0 unknown :-1 s=BANNER_CONNECTING pgs=0 cs=0 l=0 rev1=0 crypto rx=0 tx=0 comp rx=0 tx=0)._handle_peer_banner_payload supported=3 required=0
2024-04-24T06:58:21.902 INFO:teuthology.orchestra.run.smithi042.stdout:/usr/bin/ceph: stderr
2024-04-24T06:58:20.093+0000 7f4603400700 1 --2- >> [v2:172.21.15.42:3300/0,v1:172.21.15.42:6789/0] conn(0x7f460410d080 0x7f460410d4a0 unknown :-1 s=HELLO_CONNECTING pgs=0 cs=0 l=0 rev1=1 crypto rx=0 tx=0 comp rx=0 tx=0).handle_hello peer v2:172.21.15.42:3300/0 says I am v2:172.21.15.42:50546/0 (socket says 172.21.15.42:50546)
2024-04-24T06:58:21.902 INFO:teuthology.orchestra.run.smithi042.stdout:/usr/bin/ceph: stderr
2024-04-24T06:58:20.093+0000 7f4603400700 1 -- 172.21.15.42:0/3536021306 learned_addr learned my addr 172.21.15.42:0/3536021306 (peer_addr_for_me v2:172.21.15.42:0/0)
2024-04-24T06:58:21.902 INFO:teuthology.orchestra.run.smithi042.stdout:/usr/bin/ceph: stderr
2024-04-24T06:58:20.094+0000 7f4603400700 1 -- 172.21.15.42:0/3536021306 --> [v2:172.21.15.42:3300/0,v1:172.21.15.42:6789/0] -- mon_subscribe({config=0+,monmap=0+}) v3 -- 0x7f460410de00 con 0x7f460410d080
2024-04-24T06:58:21.902 INFO:teuthology.orchestra.run.smithi042.stdout:/usr/bin/ceph: stderr
2024-04-24T06:58:20.094+0000 7f4603400700 1 --2- 172.21.15.42:0/3536021306 >> [v2:172.21.15.42:3300/0,v1:172.21.15.42:6789/0] conn(0x7f460410d080 0x7f460410d4a0 secure :-1 s=READY pgs=47 cs=0 l=1 rev1=1 crypto rx=0x7f45f40098a0 tx=0x7f45f4009bb0 comp rx=0 tx=0).ready entity=mon.0 client_cookie=1fedbb7ce1a98b89 server_cookie=0 in_seq=0 out_seq=0
2024-04-24T06:58:21.902 INFO:teuthology.orchestra.run.smithi042.stdout:/usr/bin/ceph: stderr
2024-04-24T06:58:20.094+0000 7f4602000700 1 -- 172.21.15.42:0/3536021306 <== mon.0 v2:172.21.15.42:3300/0 1 ==== mon_map magic: 0 v1 ==== 229+0+0 (secure 0 0 0) 0x7f45f4004180 con 0x7f460410d080
2024-04-24T06:58:21.902 INFO:teuthology.orchestra.run.smithi042.stdout:/usr/bin/ceph: stderr
2024-04-24T06:58:20.094+0000 7f4602000700 1 -- 172.21.15.42:0/3536021306 <== mon.0 v2:172.21.15.42:3300/0 2 ==== config(27 keys) v1 ==== 1042+0+0 (secure 0 0 0) 0x7f45f40042e0 con 0x7f460410d080
2024-04-24T06:58:21.902 INFO:teuthology.orchestra.run.smithi042.stdout:/usr/bin/ceph: stderr
2024-04-24T06:58:20.095+0000 7f4602000700 1 -- 172.21.15.42:0/3536021306 <== mon.0 v2:172.21.15.42:3300/0 3 ==== mon_map magic: 0 v1 ==== 229+0+0 (secure 0 0 0) 0x7f45f4011a70 con 0x7f460410d080
2024-04-24T06:58:21.902 INFO:teuthology.orchestra.run.smithi042.stdout:/usr/bin/ceph: stderr
2024-04-24T06:58:20.095+0000 7f460a400700 1 -- 172.21.15.42:0/3536021306 >> [v2:172.21.15.42:3300/0,v1:172.21.15.42:6789/0] conn(0x7f460410d080 msgr2=0x7f460410d4a0 secure :-1 s=STATE_CONNECTION_ESTABLISHED l=1).mark_down
2024-04-24T06:58:21.903 INFO:teuthology.orchestra.run.smithi042.stdout:/usr/bin/ceph: stderr
2024-04-24T06:58:20.095+0000 7f460a400700 1 --2- 172.21.15.42:0/3536021306 >> [v2:172.21.15.42:3300/0,v1:172.21.15.42:6789/0] conn(0x7f460410d080 0x7f460410d4a0 secure :-1 s=READY pgs=47 cs=0 l=1 rev1=1 crypto rx=0x7f45f40098a0 tx=0x7f45f4009bb0 comp rx=0 tx=0).stop
2024-04-24T06:58:21.903 INFO:teuthology.orchestra.run.smithi042.stdout:/usr/bin/ceph: stderr
2024-04-24T06:58:20.095+0000 7f460a400700 1 -- 172.21.15.42:0/3536021306 shutdown_connections
2024-04-24T06:58:21.903 INFO:teuthology.orchestra.run.smithi042.stdout:/usr/bin/ceph: stderr
2024-04-24T06:58:20.095+0000 7f460a400700 1 --2- 172.21.15.42:0/3536021306 >> [v2:172.21.15.42:3300/0,v1:172.21.15.42:6789/0] conn(0x7f460410d080 0x7f460410d4a0 unknown :-1 s=CLOSED pgs=47 cs=0 l=1 rev1=1 crypto rx=0 tx=0 comp rx=0 tx=0).stop
2024-04-24T06:58:21.907 INFO:teuthology.orchestra.run.smithi042.stdout:/usr/bin/ceph: stderr
2024-04-24T06:58:20.095+0000 7f460a400700 1 -- 172.21.15.42:0/3536021306 >> 172.21.15.42:0/3536021306 conn(0x7f460407bbf0 msgr2=0x7f460407e010 unknown :-1 s=STATE_NONE l=0).mark_down
