2024-04-24T07:53:07.951 INFO:teuthology.orchestra.run.smithi179.stdout:/usr/bin/ceph: stderr
2024-04-24T07:53:06.814+0000 7f6a40c00700 1 -- 172.21.15.179:0/2856748050 <== mon.0 v2:172.21.15.179:3300/0 3 ==== mon_map magic: 0 ==== 205+0+0 (secure 0 0 0) 0x7f6a3401a740 con 0x7f6a44107a00
2024-04-24T07:53:07.951 INFO:teuthology.orchestra.run.smithi179.stdout:/usr/bin/ceph: stderr
2024-04-24T07:53:06.814+0000 7f6a4b200700 1 -- 172.21.15.179:0/2856748050 --> [v2:172.21.15.179:3300/0,v1:172.21.15.179:6789/0] -- mon_subscribe({osdmap=0}) -- 0x7f6a4419edf0 con 0x7f6a44107a00
2024-04-24T07:53:07.951 INFO:teuthology.orchestra.run.smithi179.stdout:/usr/bin/ceph: stderr
2024-04-24T07:53:06.815+0000 7f6a40c00700 1 -- 172.21.15.179:0/2856748050 <== mon.0 v2:172.21.15.179:3300/0 4 ==== mgrmap(e 4) ==== 46547+0+0 (secure 0 0 0) 0x7f6a34024af0 con 0x7f6a44107a00
2024-04-24T07:53:07.952 INFO:teuthology.orchestra.run.smithi179.stdout:/usr/bin/ceph: stderr
2024-04-24T07:53:06.815+0000 7f6a4b200700 1 -- 172.21.15.179:0/2856748050 --> [v2:172.21.15.179:3300/0,v1:172.21.15.179:6789/0] -- mon_command({"prefix": "get_command_descriptions"} v 0) -- 0x7f6a4410bfb0 con 0x7f6a44107a00
2024-04-24T07:53:07.952 INFO:teuthology.orchestra.run.smithi179.stdout:/usr/bin/ceph: stderr
2024-04-24T07:53:06.815+0000 7f6a40c00700 1 --2- 172.21.15.179:0/2856748050 >> [v2:172.21.15.179:6800/2954781129,v1:172.21.15.179:6801/2954781129] conn(0x7f6a280395b0 0x7f6a2803ba70 unknown :-1 s=NONE pgs=0 cs=0 l=1 rev1=0 crypto rx=0 tx=0 comp rx=0 tx=0).connect
2024-04-24T07:53:07.952 INFO:teuthology.orchestra.run.smithi179.stdout:/usr/bin/ceph: stderr
2024-04-24T07:53:06.816+0000 7f6a40c00700 1 -- 172.21.15.179:0/2856748050 <== mon.0 v2:172.21.15.179:3300/0 5 ==== osd_map(1..1 src has 1..1) ==== 725+0+0 (secure 0 0 0) 0x7f6a3404d9c0 con 0x7f6a44107a00
2024-04-24T07:53:07.952 INFO:teuthology.orchestra.run.smithi179.stdout:/usr/bin/ceph: stderr
2024-04-24T07:53:06.816+0000 7f6a43400700 1 --2- 172.21.15.179:0/2856748050 >> [v2:172.21.15.179:6800/2954781129,v1:172.21.15.179:6801/2954781129] conn(0x7f6a280395b0 0x7f6a2803ba70 unknown :-1 s=BANNER_CONNECTING pgs=0 cs=0 l=1 rev1=0 crypto rx=0 tx=0 comp rx=0 tx=0)._handle_peer_banner_payload supported=3 required=0
2024-04-24T07:53:07.952 INFO:teuthology.orchestra.run.smithi179.stdout:/usr/bin/ceph: stderr
2024-04-24T07:53:06.816+0000 7f6a43400700 1 --2- 172.21.15.179:0/2856748050 >> [v2:172.21.15.179:6800/2954781129,v1:172.21.15.179:6801/2954781129] conn(0x7f6a280395b0 0x7f6a2803ba70 secure :-1 s=READY pgs=6 cs=0 l=1 rev1=1 crypto rx=0x7f6a30006fd0 tx=0x7f6a30006e40 comp rx=0 tx=0).ready entity=mgr.14100 client_cookie=0 server_cookie=0 in_seq=0 out_seq=0
2024-04-24T07:53:07.952 INFO:teuthology.orchestra.run.smithi179.stdout:/usr/bin/ceph: stderr
2024-04-24T07:53:06.822+0000 7f6a40c00700 1 -- 172.21.15.179:0/2856748050 <== mon.0 v2:172.21.15.179:3300/0 6 ==== mon_command_ack([{"prefix": "get_command_descriptions"}]=0 v0) ==== 72+0+188370 (secure 0 0 0) 0x7f6a3400f2e0 con 0x7f6a44107a00
2024-04-24T07:53:07.952 INFO:teuthology.orchestra.run.smithi179.stdout:/usr/bin/ceph: stderr
2024-04-24T07:53:07.128+0000 7f6a4b200700 1 -- 172.21.15.179:0/2856748050 --> [v2:172.21.15.179:3300/0,v1:172.21.15.179:6789/0] -- mon_command({"prefix": "status", "format": "json-pretty"} v 0) -- 0x7f6a4419f440 con 0x7f6a44107a00
2024-04-24T07:53:07.952 INFO:teuthology.orchestra.run.smithi179.stdout:/usr/bin/ceph: stderr
2024-04-24T07:53:07.129+0000 7f6a40c00700 1 -- 172.21.15.179:0/2856748050 <== mon.0 v2:172.21.15.179:3300/0 7 ==== mon_command_ack([{"prefix": "status", "format": "json-pretty"}]=0 v0) ==== 79+0+1239 (secure 0 0 0) 0x7f6a3404d3e0 con 0x7f6a44107a00
2024-04-24T07:53:07.952 INFO:teuthology.orchestra.run.smithi179.stdout:/usr/bin/ceph: stderr
2024-04-24T07:53:07.132+0000 7f6a4b200700 1 -- 172.21.15.179:0/2856748050 >> [v2:172.21.15.179:6800/2954781129,v1:172.21.15.179:6801/2954781129] conn(0x7f6a280395b0 msgr2=0x7f6a2803ba70 secure :-1 s=STATE_CONNECTION_ESTABLISHED l=1).mark_down
2024-04-24T07:53:07.952 INFO:teuthology.orchestra.run.smithi179.stdout:/usr/bin/ceph: stderr
2024-04-24T07:53:07.132+0000 7f6a4b200700 1 --2- 172.21.15.179:0/2856748050 >> [v2:172.21.15.179:6800/2954781129,v1:172.21.15.179:6801/2954781129] conn(0x7f6a280395b0 0x7f6a2803ba70 secure :-1 s=READY pgs=6 cs=0 l=1 rev1=1 crypto rx=0x7f6a30006fd0 tx=0x7f6a30006e40 comp rx=0 tx=0).stop
2024-04-24T07:53:07.952 INFO:teuthology.orchestra.run.smithi179.stdout:/usr/bin/ceph: stderr
2024-04-24T07:53:07.132+0000 7f6a4b200700 1 -- 172.21.15.179:0/2856748050 >> [v2:172.21.15.179:3300/0,v1:172.21.15.179:6789/0] conn(0x7f6a44107a00 msgr2=0x7f6a4419b930 secure :-1 s=STATE_CONNECTION_ESTABLISHED l=1).mark_down
2024-04-24T07:53:07.952 INFO:teuthology.orchestra.run.smithi179.stdout:/usr/bin/ceph: stderr
2024-04-24T07:53:07.132+0000 7f6a4b200700 1 --2- 172.21.15.179:0/2856748050 >> [v2:172.21.15.179:3300/0,v1:172.21.15.179:6789/0] conn(0x7f6a44107a00 0x7f6a4419b930 secure :-1 s=READY pgs=19 cs=0 l=1 rev1=1 crypto rx=0x7f6a34000c00 tx=0x7f6a34011b00 comp rx=0 tx=0).stop
2024-04-24T07:53:07.952 INFO:teuthology.orchestra.run.smithi179.stdout:/usr/bin/ceph: stderr
2024-04-24T07:53:07.132+0000 7f6a4b200700 1 -- 172.21.15.179:0/2856748050 shutdown_connections
2024-04-24T07:53:07.952 INFO:teuthology.orchestra.run.smithi179.stdout:/usr/bin/ceph: stderr
2024-04-24T07:53:07.132+0000 7f6a4b200700 1 --2- 172.21.15.179:0/2856748050 >> [v2:172.21.15.179:6800/2954781129,v1:172.21.15.179:6801/2954781129] conn(0x7f6a280395b0 0x7f6a2803ba70 unknown :-1 s=CLOSED pgs=6 cs=0 l=1 rev1=1 crypto rx=0 tx=0 comp rx=0 tx=0).stop
2024-04-24T07:53:07.952 INFO:teuthology.orchestra.run.smithi179.stdout:/usr/bin/ceph: stderr
2024-04-24T07:53:07.132+0000 7f6a4b200700 1 --2- 172.21.15.179:0/2856748050 >> [v2:172.21.15.179:3300/0,v1:172.21.15.179:6789/0] conn(0x7f6a44107a00 0x7f6a4419b930 unknown :-1 s=CLOSED pgs=19 cs=0 l=1 rev1=1 crypto rx=0 tx=0 comp rx=0 tx=0).stop
2024-04-24T07:53:07.953 INFO:teuthology.orchestra.run.smithi179.stdout:/usr/bin/ceph: stderr
2024-04-24T07:53:07.132+0000 7f6a4b200700 1 -- 172.21.15.179:0/2856748050 >> 172.21.15.179:0/2856748050 conn(0x7f6a44103000 msgr2=0x7f6a44103b90 unknown :-1 s=STATE_NONE l=0).mark_down
2024-04-24T07:53:07.953 INFO:teuthology.orchestra.run.smithi179.stdout:/usr/bin/ceph: stderr
2024-04-24T07:53:07.132+0000 7f6a4b200700 1 -- 172.21.15.179:0/2856748050 shutdown_connections
2024-04-24T07:53:07.953 INFO:teuthology.orchestra.run.smithi179.stdout:/usr/bin/ceph: stderr
2024-04-24T07:53:07.132+0000 7f6a4b200700 1 -- 172.21.15.179:0/2856748050 wait complete.
2024-04-24T07:53:07.953 INFO:teuthology.orchestra.run.smithi179.stdout:mgr is available
2024-04-24T07:53:09.218 INFO:journalctl@ceph.mon.a.smithi179.stdout:Apr 24 07:53:08 smithi179 ceph-mon[25686]: from='client.? 172.21.15.179:0/2211930880' entity='client.admin' cmd=[{"prefix": "config assimilate-conf"}]: dispatch
2024-04-24T07:53:09.599 INFO:teuthology.orchestra.run.smithi179.stdout:/usr/bin/ceph: stdout
2024-04-24T07:53:09.601 INFO:teuthology.orchestra.run.smithi179.stdout:/usr/bin/ceph: stdout [global]
2024-04-24T07:53:09.601 INFO:teuthology.orchestra.run.smithi179.stdout:/usr/bin/ceph: stdout fsid = 7d875f26-020f-11ef-bc93-c7b262605968
2024-04-24T07:53:09.601 INFO:teuthology.orchestra.run.smithi179.stdout:/usr/bin/ceph: stdout mon_osd_allow_pg_remap = true
2024-04-24T07:53:09.601 INFO:teuthology.orchestra.run.smithi179.stdout:/usr/bin/ceph: stdout mon_osd_allow_primary_affinity = true
2024-04-24T07:53:09.601 INFO:teuthology.orchestra.run.smithi179.stdout:/usr/bin/ceph: stdout mon_warn_on_no_sortbitwise = false
2024-04-24T07:53:09.601 INFO:teuthology.orchestra.run.smithi179.stdout:/usr/bin/ceph: stdout osd_crush_chooseleaf_type = 0
2024-04-24T07:53:09.601 INFO:teuthology.orchestra.run.smithi179.stdout:/usr/bin/ceph: stdout
2024-04-24T07:53:09.601 INFO:teuthology.orchestra.run.smithi179.stdout:/usr/bin/ceph: stdout [mgr]
2024-04-24T07:53:09.601 INFO:teuthology.orchestra.run.smithi179.stdout:/usr/bin/ceph: stdout mgr/telemetry/nag = false
2024-04-24T07:53:09.601 INFO:teuthology.orchestra.run.smithi179.stdout:/usr/bin/ceph: stdout
2024-04-24T07:53:09.601 INFO:teuthology.orchestra.run.smithi179.stdout:/usr/bin/ceph: stdout [osd]
2024-04-24T07:53:09.601 INFO:teuthology.orchestra.run.smithi179.stdout:/usr/bin/ceph: stdout osd_map_max_advance = 10
2024-04-24T07:53:09.603 INFO:teuthology.orchestra.run.smithi179.stdout:/usr/bin/ceph: stdout osd_sloppy_crc = true
2024-04-24T07:53:09.603 INFO:teuthology.orchestra.run.smithi179.stdout:/usr/bin/ceph: stderr
2024-04-24T07:53:08.622+0000 7f3cc0800700 1 Processor -- start
2024-04-24T07:53:09.603 INFO:teuthology.orchestra.run.smithi179.stdout:/usr/bin/ceph: stderr
2024-04-24T07:53:08.622+0000 7f3cc0800700 1 -- start start
2024-04-24T07:53:09.603 INFO:teuthology.orchestra.run.smithi179.stdout:/usr/bin/ceph: stderr
2024-04-24T07:53:08.623+0000 7f3cc0800700 1 --2- >> [v2:172.21.15.179:3300/0,v1:172.21.15.179:6789/0] conn(0x7f3cb8109c40 0x7f3cb810a060 unknown :-1 s=NONE pgs=0 cs=0 l=0 rev1=0 crypto rx=0 tx=0 comp rx=0 tx=0).connect
2024-04-24T07:53:09.603 INFO:teuthology.orchestra.run.smithi179.stdout:/usr/bin/ceph: stderr
2024-04-24T07:53:08.623+0000 7f3cc0800700 1 -- --> [v2:172.21.15.179:3300/0,v1:172.21.15.179:6789/0] -- mon_getmap magic: 0 -- 0x7f3cb810a630 con 0x7f3cb8109c40
2024-04-24T07:53:09.603 INFO:teuthology.orchestra.run.smithi179.stdout:/usr/bin/ceph: stderr
2024-04-24T07:53:08.623+0000 7f3cbde00700 1 --2- >> [v2:172.21.15.179:3300/0,v1:172.21.15.179:6789/0] conn(0x7f3cb8109c40 0x7f3cb810a060 unknown :-1 s=BANNER_CONNECTING pgs=0 cs=0 l=0 rev1=0 crypto rx=0 tx=0 comp rx=0 tx=0)._handle_peer_banner_payload supported=3 required=0
2024-04-24T07:53:09.603 INFO:teuthology.orchestra.run.smithi179.stdout:/usr/bin/ceph: stderr
2024-04-24T07:53:08.623+0000 7f3cbde00700 1 --2- >> [v2:172.21.15.179:3300/0,v1:172.21.15.179:6789/0] conn(0x7f3cb8109c40 0x7f3cb810a060 unknown :-1 s=HELLO_CONNECTING pgs=0 cs=0 l=0 rev1=1 crypto rx=0 tx=0 comp rx=0 tx=0).handle_hello peer v2:172.21.15.179:3300/0 says I am v2:172.21.15.179:58534/0 (socket says 172.21.15.179:58534)
2024-04-24T07:53:09.603 INFO:teuthology.orchestra.run.smithi179.stdout:/usr/bin/ceph: stderr
2024-04-24T07:53:08.623+0000 7f3cbde00700 1 -- 172.21.15.179:0/2796189233 learned_addr learned my addr 172.21.15.179:0/2796189233 (peer_addr_for_me v2:172.21.15.179:0/0)
2024-04-24T07:53:09.604 INFO:teuthology.orchestra.run.smithi179.stdout:/usr/bin/ceph: stderr
2024-04-24T07:53:08.624+0000 7f3cbde00700 1 -- 172.21.15.179:0/2796189233 --> [v2:172.21.15.179:3300/0,v1:172.21.15.179:6789/0] -- mon_subscribe({config=0+,monmap=0+}) -- 0x7f3cb810ae40 con 0x7f3cb8109c40
2024-04-24T07:53:09.604 INFO:teuthology.orchestra.run.smithi179.stdout:/usr/bin/ceph: stderr
2024-04-24T07:53:08.624+0000 7f3cbde00700 1 --2- 172.21.15.179:0/2796189233 >> [v2:172.21.15.179:3300/0,v1:172.21.15.179:6789/0] conn(0x7f3cb8109c40 0x7f3cb810a060 secure :-1 s=READY pgs=20 cs=0 l=1 rev1=1 crypto rx=0x7f3cac0098a0 tx=0x7f3cac009bb0 comp rx=0 tx=0).ready entity=mon.0 client_cookie=1be316ed44618e1 server_cookie=0 in_seq=0 out_seq=0
2024-04-24T07:53:09.604 INFO:teuthology.orchestra.run.smithi179.stdout:/usr/bin/ceph: stderr
2024-04-24T07:53:08.624+0000 7f3cbca00700 1 -- 172.21.15.179:0/2796189233 <== mon.0 v2:172.21.15.179:3300/0 1 ==== mon_map magic: 0 ==== 205+0+0 (secure 0 0 0) 0x7f3cac004160 con 0x7f3cb8109c40
2024-04-24T07:53:09.605 INFO:teuthology.orchestra.run.smithi179.stdout:/usr/bin/ceph: stderr
2024-04-24T07:53:08.624+0000 7f3cbca00700 1 -- 172.21.15.179:0/2796189233 <== mon.0 v2:172.21.15.179:3300/0 2 ==== config(26 keys) ==== 1071+0+0 (secure 0 0 0) 0x7f3cac004300 con 0x7f3cb8109c40
2024-04-24T07:53:09.605 INFO:teuthology.orchestra.run.smithi179.stdout:/usr/bin/ceph: stderr
2024-04-24T07:53:08.624+0000 7f3cbca00700 1 -- 172.21.15.179:0/2796189233 <== mon.0 v2:172.21.15.179:3300/0 3 ==== mon_map magic: 0 ==== 205+0+0 (secure 0 0 0) 0x7f3cac011a80 con 0x7f3cb8109c40
2024-04-24T07:53:09.606 INFO:teuthology.orchestra.run.smithi179.stdout:/usr/bin/ceph: stderr
2024-04-24T07:53:08.625+0000 7f3cc0800700 1 -- 172.21.15.179:0/2796189233 >> [v2:172.21.15.179:3300/0,v1:172.21.15.179:6789/0] conn(0x7f3cb8109c40 msgr2=0x7f3cb810a060 secure :-1 s=STATE_CONNECTION_ESTABLISHED l=1).mark_down
2024-04-24T07:53:09.606 INFO:teuthology.orchestra.run.smithi179.stdout:/usr/bin/ceph: stderr
2024-04-24T07:53:08.625+0000 7f3cc0800700 1 --2- 172.21.15.179:0/2796189233 >> [v2:172.21.15.179:3300/0,v1:172.21.15.179:6789/0] conn(0x7f3cb8109c40 0x7f3cb810a060 secure :-1 s=READY pgs=20 cs=0 l=1 rev1=1 crypto rx=0x7f3cac0098a0 tx=0x7f3cac009bb0 comp rx=0 tx=0).stop
2024-04-24T07:53:09.606 INFO:teuthology.orchestra.run.smithi179.stdout:/usr/bin/ceph: stderr
2024-04-24T07:53:08.625+0000 7f3cc0800700 1 -- 172.21.15.179:0/2796189233 shutdown_connections
2024-04-24T07:53:09.606 INFO:teuthology.orchestra.run.smithi179.stdout:/usr/bin/ceph: stderr
2024-04-24T07:53:08.625+0000 7f3cc0800700 1 --2- 172.21.15.179:0/2796189233 >> [v2:172.21.15.179:3300/0,v1:172.21.15.179:6789/0] conn(0x7f3cb8109c40 0x7f3cb810a060 unknown :-1 s=CLOSED pgs=20 cs=0 l=1 rev1=1 crypto rx=0 tx=0 comp rx=0 tx=0).stop
2024-04-24T07:53:09.606 INFO:teuthology.orchestra.run.smithi179.stdout:/usr/bin/ceph: stderr
2024-04-24T07:53:08.625+0000 7f3cc0800700 1 -- 172.21.15.179:0/2796189233 >> 172.21.15.179:0/2796189233 conn(0x7f3cb807d010 msgr2=0x7f3cb8107d10 unknown :-1 s=STATE_NONE l=0).mark_down
2024-04-24T07:53:09.606 INFO:teuthology.orchestra.run.smithi179.stdout:/usr/bin/ceph: stderr
2024-04-24T07:53:08.625+0000 7f3cc0800700 1 -- 172.21.15.179:0/2796189233 shutdown_connections
2024-04-24T07:53:09.606 INFO:teuthology.orchestra.run.smithi179.stdout:/usr/bin/ceph: stderr
2024-04-24T07:53:08.625+0000 7f3cc0800700 1 -- 172.21.15.179:0/2796189233 wait complete.
2024-04-24T07:53:09.606 INFO:teuthology.orchestra.run.smithi179.stdout:/usr/bin/ceph: stderr
2024-04-24T07:53:08.626+0000 7f3cc0800700 1 Processor -- start
2024-04-24T07:53:09.606 INFO:teuthology.orchestra.run.smithi179.stdout:/usr/bin/ceph: stderr
2024-04-24T07:53:08.627+0000 7f3cc0800700 1 -- start start
2024-04-24T07:53:09.606 INFO:teuthology.orchestra.run.smithi179.stdout:/usr/bin/ceph: stderr
2024-04-24T07:53:08.627+0000 7f3cc0800700 1 --2- >> [v2:172.21.15.179:3300/0,v1:172.21.15.179:6789/0] conn(0x7f3cb8109c40 0x7f3cb819db50 unknown :-1 s=NONE pgs=0 cs=0 l=1 rev1=0 crypto rx=0 tx=0 comp rx=0 tx=0).connect
2024-04-24T07:53:09.606 INFO:teuthology.orchestra.run.smithi179.stdout:/usr/bin/ceph: stderr
2024-04-24T07:53:08.627+0000 7f3cc0800700 1 -- --> [v2:172.21.15.179:3300/0,v1:172.21.15.179:6789/0] -- mon_getmap magic: 0 -- 0x7f3cb810e070 con 0x7f3cb8109c40
2024-04-24T07:53:09.610 INFO:teuthology.orchestra.run.smithi179.stdout:/usr/bin/ceph: stderr
2024-04-24T07:53:08.627+0000 7f3cbde00700 1 --2- >> [v2:172.21.15.179:3300/0,v1:172.21.15.179:6789/0] conn(0x7f3cb8109c40 0x7f3cb819db50 unknown :-1 s=BANNER_CONNECTING pgs=0 cs=0 l=1 rev1=0 crypto rx=0 tx=0 comp rx=0 tx=0)._handle_peer_banner_payload supported=3 required=0
2024-04-24T07:53:09.610 INFO:teuthology.orchestra.run.smithi179.stdout:/usr/bin/ceph: stderr
2024-04-24T07:53:08.627+0000 7f3cbde00700 1 --2- >> [v2:172.21.15.179:3300/0,v1:172.21.15.179:6789/0] conn(0x7f3cb8109c40 0x7f3cb819db50 unknown :-1 s=HELLO_CONNECTING pgs=0 cs=0 l=1 rev1=1 crypto rx=0 tx=0 comp rx=0 tx=0).handle_hello peer v2:172.21.15.179:3300/0 says I am v2:172.21.15.179:58544/0 (socket says 172.21.15.179:58544)
2024-04-24T07:53:09.610 INFO:teuthology.orchestra.run.smithi179.stdout:/usr/bin/ceph: stderr
2024-04-24T07:53:08.627+0000 7f3cbde00700 1 -- 172.21.15.179:0/2211930880 learned_addr learned my addr 172.21.15.179:0/2211930880 (peer_addr_for_me v2:172.21.15.179:0/0)
2024-04-24T07:53:09.610 INFO:teuthology.orchestra.run.smithi179.stdout:/usr/bin/ceph: stderr
2024-04-24T07:53:08.627+0000 7f3cbde00700 1 -- 172.21.15.179:0/2211930880 --> [v2:172.21.15.179:3300/0,v1:172.21.15.179:6789/0] -- mon_subscribe({config=0+,monmap=0+}) -- 0x7f3cb819e090 con 0x7f3cb8109c40
2024-04-24T07:53:09.610 INFO:teuthology.orchestra.run.smithi179.stdout:/usr/bin/ceph: stderr
2024-04-24T07:53:08.628+0000 7f3cbde00700 1 --2- 172.21.15.179:0/2211930880 >> [v2:172.21.15.179:3300/0,v1:172.21.15.179:6789/0] conn(0x7f3cb8109c40 0x7f3cb819db50 secure :-1 s=READY pgs=21 cs=0 l=1 rev1=1 crypto rx=0x7f3cac000c00 tx=0x7f3cac004290 comp rx=0 tx=0).ready entity=mon.0 client_cookie=0 server_cookie=0 in_seq=0 out_seq=0
2024-04-24T07:53:09.610 INFO:teuthology.orchestra.run.smithi179.stdout:/usr/bin/ceph: stderr
2024-04-24T07:53:08.628+0000 7f3cb2a00700 1 -- 172.21.15.179:0/2211930880 <== mon.0 v2:172.21.15.179:3300/0 1 ==== mon_map magic: 0 ==== 205+0+0 (secure 0 0 0) 0x7f3cac0039c0 con 0x7f3cb8109c40
2024-04-24T07:53:09.610 INFO:teuthology.orchestra.run.smithi179.stdout:/usr/bin/ceph: stderr
2024-04-24T07:53:08.628+0000 7f3cb2a00700 1 -- 172.21.15.179:0/2211930880 <== mon.0 v2:172.21.15.179:3300/0 2 ==== config(26 keys) ==== 1071+0+0 (secure 0 0 0) 0x7f3cac003b60 con 0x7f3cb8109c40
2024-04-24T07:53:09.610 INFO:teuthology.orchestra.run.smithi179.stdout:/usr/bin/ceph: stderr
2024-04-24T07:53:08.628+0000 7f3cb2a00700 1 -- 172.21.15.179:0/2211930880 <== mon.0 v2:172.21.15.179:3300/0 3 ==== mon_map magic: 0 ==== 205+0+0 (secure 0 0 0) 0x7f3cac01a6f0 con 0x7f3cb8109c40
2024-04-24T07:53:09.610 INFO:teuthology.orchestra.run.smithi179.stdout:/usr/bin/ceph: stderr
2024-04-24T07:53:08.628+0000 7f3cc0800700 1 -- 172.21.15.179:0/2211930880 --> [v2:172.21.15.179:3300/0,v1:172.21.15.179:6789/0] -- mon_subscribe({mgrmap=0+}) -- 0x7f3cb819e320 con 0x7f3cb8109c40
2024-04-24T07:53:09.610 INFO:teuthology.orchestra.run.smithi179.stdout:/usr/bin/ceph: stderr
2024-04-24T07:53:08.628+0000 7f3cc0800700 1 -- 172.21.15.179:0/2211930880 --> [v2:172.21.15.179:3300/0,v1:172.21.15.179:6789/0] -- mon_subscribe({osdmap=0}) -- 0x7f3cb81a1010 con 0x7f3cb8109c40
2024-04-24T07:53:09.611 INFO:teuthology.orchestra.run.smithi179.stdout:/usr/bin/ceph: stderr
2024-04-24T07:53:08.630+0000 7f3cb2a00700 1 -- 172.21.15.179:0/2211930880 <== mon.0 v2:172.21.15.179:3300/0 4 ==== mgrmap(e 4) ==== 46547+0+0 (secure 0 0 0) 0x7f3cac024a40 con 0x7f3cb8109c40
2024-04-24T07:53:09.611 INFO:teuthology.orchestra.run.smithi179.stdout:/usr/bin/ceph: stderr
2024-04-24T07:53:08.630+0000 7f3cc0800700 1 -- 172.21.15.179:0/2211930880 --> [v2:172.21.15.179:3300/0,v1:172.21.15.179:6789/0] -- mon_command({"prefix": "get_command_descriptions"} v 0) -- 0x7f3cb810e1f0 con 0x7f3cb8109c40
2024-04-24T07:53:09.611 INFO:teuthology.orchestra.run.smithi179.stdout:/usr/bin/ceph: stderr
2024-04-24T07:53:08.630+0000 7f3cb2a00700 1 --2- 172.21.15.179:0/2211930880 >> [v2:172.21.15.179:6800/2954781129,v1:172.21.15.179:6801/2954781129] conn(0x7f3ca00395b0 0x7f3ca003ba70 unknown :-1 s=NONE pgs=0 cs=0 l=1 rev1=0 crypto rx=0 tx=0 comp rx=0 tx=0).connect
2024-04-24T07:53:09.611 INFO:teuthology.orchestra.run.smithi179.stdout:/usr/bin/ceph: stderr
2024-04-24T07:53:08.630+0000 7f3cb2a00700 1 -- 172.21.15.179:0/2211930880 <== mon.0 v2:172.21.15.179:3300/0 5 ==== osd_map(1..1 src has 1..1) ==== 725+0+0 (secure 0 0 0) 0x7f3cac04d980 con 0x7f3cb8109c40
2024-04-24T07:53:09.611 INFO:teuthology.orchestra.run.smithi179.stdout:/usr/bin/ceph: stderr
2024-04-24T07:53:08.631+0000 7f3cbd400700 1 --2- 172.21.15.179:0/2211930880 >> [v2:172.21.15.179:6800/2954781129,v1:172.21.15.179:6801/2954781129] conn(0x7f3ca00395b0 0x7f3ca003ba70 unknown :-1 s=BANNER_CONNECTING pgs=0 cs=0 l=1 rev1=0 crypto rx=0 tx=0 comp rx=0 tx=0)._handle_peer_banner_payload supported=3 required=0
2024-04-24T07:53:09.611 INFO:teuthology.orchestra.run.smithi179.stdout:/usr/bin/ceph: stderr
2024-04-24T07:53:08.631+0000 7f3cbd400700 1 --2- 172.21.15.179:0/2211930880 >> [v2:172.21.15.179:6800/2954781129,v1:172.21.15.179:6801/2954781129] conn(0x7f3ca00395b0 0x7f3ca003ba70 secure :-1 s=READY pgs=7 cs=0 l=1 rev1=1 crypto rx=0x7f3ca8006fd0 tx=0x7f3ca8006e40 comp rx=0 tx=0).ready entity=mgr.14100 client_cookie=0 server_cookie=0 in_seq=0 out_seq=0
2024-04-24T07:53:09.611 INFO:teuthology.orchestra.run.smithi179.stdout:/usr/bin/ceph: stderr
2024-04-24T07:53:08.635+0000 7f3cb2a00700 1 -- 172.21.15.179:0/2211930880 <== mon.0 v2:172.21.15.179:3300/0 6 ==== mon_command_ack([{"prefix": "get_command_descriptions"}]=0 v0) ==== 72+0+188370 (secure 0 0 0) 0x7f3cac00f2e0 con 0x7f3cb8109c40
2024-04-24T07:53:09.611 INFO:teuthology.orchestra.run.smithi179.stdout:/usr/bin/ceph: stderr
2024-04-24T07:53:08.859+0000 7f3cc0800700 1 -- 172.21.15.179:0/2211930880 --> [v2:172.21.15.179:3300/0,v1:172.21.15.179:6789/0] -- mon_command({"prefix": "config assimilate-conf"} v 0) -- 0x7f3cb8064150 con 0x7f3cb8109c40
2024-04-24T07:53:09.611 INFO:teuthology.orchestra.run.smithi179.stdout:/usr/bin/ceph: stderr
2024-04-24T07:53:08.861+0000 7f3cb2a00700 1 -- 172.21.15.179:0/2211930880 <== mon.0 v2:172.21.15.179:3300/0 7 ==== mon_command_ack([{"prefix": "config assimilate-conf"}]=0 v3) ==== 70+0+282 (secure 0 0 0) 0x7f3cac004300 con 0x7f3cb8109c40
2024-04-24T07:53:09.611 INFO:teuthology.orchestra.run.smithi179.stdout:/usr/bin/ceph: stderr
2024-04-24T07:53:08.864+0000 7f3cc0800700 1 -- 172.21.15.179:0/2211930880 >> [v2:172.21.15.179:6800/2954781129,v1:172.21.15.179:6801/2954781129] conn(0x7f3ca00395b0 msgr2=0x7f3ca003ba70 secure :-1 s=STATE_CONNECTION_ESTABLISHED l=1).mark_down
2024-04-24T07:53:09.611 INFO:teuthology.orchestra.run.smithi179.stdout:/usr/bin/ceph: stderr
2024-04-24T07:53:08.864+0000 7f3cc0800700 1 --2- 172.21.15.179:0/2211930880 >> [v2:172.21.15.179:6800/2954781129,v1:172.21.15.179:6801/2954781129] conn(0x7f3ca00395b0 0x7f3ca003ba70 secure :-1 s=READY pgs=7 cs=0 l=1 rev1=1 crypto rx=0x7f3ca8006fd0 tx=0x7f3ca8006e40 comp rx=0 tx=0).stop
2024-04-24T07:53:09.611 INFO:teuthology.orchestra.run.smithi179.stdout:/usr/bin/ceph: stderr
2024-04-24T07:53:08.864+0000 7f3cc0800700 1 -- 172.21.15.179:0/2211930880 >> [v2:172.21.15.179:3300/0,v1:172.21.15.179:6789/0] conn(0x7f3cb8109c40 msgr2=0x7f3cb819db50 secure :-1 s=STATE_CONNECTION_ESTABLISHED l=1).mark_down
2024-04-24T07:53:09.611 INFO:teuthology.orchestra.run.smithi179.stdout:/usr/bin/ceph: stderr
2024-04-24T07:53:08.864+0000 7f3cc0800700 1 --2- 172.21.15.179:0/2211930880 >> [v2:172.21.15.179:3300/0,v1:172.21.15.179:6789/0] conn(0x7f3cb8109c40 0x7f3cb819db50 secure :-1 s=READY pgs=21 cs=0 l=1 rev1=1 crypto rx=0x7f3cac000c00 tx=0x7f3cac004290 comp rx=0 tx=0).stop
2024-04-24T07:53:09.611 INFO:teuthology.orchestra.run.smithi179.stdout:/usr/bin/ceph: stderr
2024-04-24T07:53:08.865+0000 7f3cc0800700 1 -- 172.21.15.179:0/2211930880 shutdown_connections
2024-04-24T07:53:09.612 INFO:teuthology.orchestra.run.smithi179.stdout:/usr/bin/ceph: stderr
2024-04-24T07:53:08.865+0000 7f3cc0800700 1 --2- 172.21.15.179:0/2211930880 >> [v2:172.21.15.179:6800/2954781129,v1:172.21.15.179:6801/2954781129] conn(0x7f3ca00395b0 0x7f3ca003ba70 unknown :-1 s=CLOSED pgs=7 cs=0 l=1 rev1=1 crypto rx=0 tx=0 comp rx=0 tx=0).stop
2024-04-24T07:53:09.612 INFO:teuthology.orchestra.run.smithi179.stdout:/usr/bin/ceph: stderr
2024-04-24T07:53:08.865+0000 7f3cc0800700 1 --2- 172.21.15.179:0/2211930880 >> [v2:172.21.15.179:3300/0,v1:172.21.15.179:6789/0] conn(0x7f3cb8109c40 0x7f3cb819db50 unknown :-1 s=CLOSED pgs=21 cs=0 l=1 rev1=1 crypto rx=0 tx=0 comp rx=0 tx=0).stop
2024-04-24T07:53:09.612 INFO:teuthology.orchestra.run.smithi179.stdout:/usr/bin/ceph: stderr
2024-04-24T07:53:08.865+0000 7f3cc0800700 1 -- 172.21.15.179:0/2211930880 >> 172.21.15.179:0/2211930880 conn(0x7f3cb807d010 msgr2=0x7f3cb81074a0 unknown :-1 s=STATE_NONE l=0).mark_down
2024-04-24T07:53:09.612 INFO:teuthology.orchestra.run.smithi179.stdout:/usr/bin/ceph: stderr
2024-04-24T07:53:08.865+0000 7f3cc0800700 1 -- 172.21.15.179:0/2211930880 shutdown_connections
2024-04-24T07:53:09.612 INFO:teuthology.orchestra.run.smithi179.stdout:/usr/bin/ceph: stderr
2024-04-24T07:53:08.865+0000 7f3cc0800700 1 -- 172.21.15.179:0/2211930880 wait complete.
2024-04-24T07:53:09.612 INFO:teuthology.orchestra.run.smithi179.stdout:Enabling cephadm module...
2024-04-24T07:53:10.848 INFO:journalctl@ceph.mon.a.smithi179.stdout:Apr 24 07:53:10 smithi179 ceph-mon[25686]: from='client.? 172.21.15.179:0/2133731673' entity='client.admin' cmd=[{"prefix": "mgr module enable", "module": "cephadm"}]: dispatch
2024-04-24T07:53:10.849 INFO:journalctl@ceph.mgr.x.smithi179.stdout:Apr 24 07:53:10 smithi179 ceph-7d875f26-020f-11ef-bc93-c7b262605968-mgr-x[25924]: ignoring --setuser ceph since I am not root
2024-04-24T07:53:10.849 INFO:journalctl@ceph.mgr.x.smithi179.stdout:Apr 24 07:53:10 smithi179 ceph-7d875f26-020f-11ef-bc93-c7b262605968-mgr-x[25924]: ignoring --setgroup ceph since I am not root
2024-04-24T07:53:10.849 INFO:journalctl@ceph.mgr.x.smithi179.stdout:Apr 24 07:53:10 smithi179 ceph-7d875f26-020f-11ef-bc93-c7b262605968-mgr-x[25924]:
2024-04-24T07:53:10.848+0000 7f8fc6253200 -1 mgr[py] Module balancer has missing NOTIFY_TYPES member
2024-04-24T07:53:11.215 INFO:journalctl@ceph.mgr.x.smithi179.stdout:Apr 24 07:53:11 smithi179 ceph-7d875f26-020f-11ef-bc93-c7b262605968-mgr-x[25924]:
2024-04-24T07:53:11.084+0000 7f8fc6253200 -1 mgr[py] Module orchestrator has missing NOTIFY_TYPES member
2024-04-24T07:53:11.216 INFO:journalctl@ceph.mgr.x.smithi179.stdout:Apr 24 07:53:11 smithi179 ceph-7d875f26-020f-11ef-bc93-c7b262605968-mgr-x[25924]:
2024-04-24T07:53:11.214+0000 7f8fc6253200 -1 mgr[py] Module snap_schedule has missing NOTIFY_TYPES member
2024-04-24T07:53:11.365 INFO:teuthology.orchestra.run.smithi179.stdout:/usr/bin/ceph: stderr
2024-04-24T07:53:10.226+0000 7f70e4a00700 1 Processor -- start
2024-04-24T07:53:11.365 INFO:teuthology.orchestra.run.smithi179.stdout:/usr/bin/ceph: stderr
2024-04-24T07:53:10.226+0000 7f70e4a00700 1 -- start start
2024-04-24T07:53:11.365 INFO:teuthology.orchestra.run.smithi179.stdout:/usr/bin/ceph: stderr
2024-04-24T07:53:10.227+0000 7f70e4a00700 1 --2- >> [v2:172.21.15.179:3300/0,v1:172.21.15.179:6789/0] conn(0x7f70e0109c20 0x7f70e010a040 unknown :-1 s=NONE pgs=0 cs=0 l=0 rev1=0 crypto rx=0 tx=0 comp rx=0 tx=0).connect
2024-04-24T07:53:11.366 INFO:teuthology.orchestra.run.smithi179.stdout:/usr/bin/ceph: stderr
2024-04-24T07:53:10.227+0000 7f70e4a00700 1 -- --> [v2:172.21.15.179:3300/0,v1:172.21.15.179:6789/0] -- mon_getmap magic: 0 -- 0x7f70e010a610 con 0x7f70e0109c20
2024-04-24T07:53:11.366 INFO:teuthology.orchestra.run.smithi179.stdout:/usr/bin/ceph: stderr
2024-04-24T07:53:10.227+0000 7f70dde00700 1 --2- >> [v2:172.21.15.179:3300/0,v1:172.21.15.179:6789/0] conn(0x7f70e0109c20 0x7f70e010a040 unknown :-1 s=BANNER_CONNECTING pgs=0 cs=0 l=0 rev1=0 crypto rx=0 tx=0 comp rx=0 tx=0)._handle_peer_banner_payload supported=3 required=0
2024-04-24T07:53:11.366 INFO:teuthology.orchestra.run.smithi179.stdout:/usr/bin/ceph: stderr
2024-04-24T07:53:10.227+0000 7f70dde00700 1 --2- >> [v2:172.21.15.179:3300/0,v1:172.21.15.179:6789/0] conn(0x7f70e0109c20 0x7f70e010a040 unknown :-1 s=HELLO_CONNECTING pgs=0 cs=0 l=0 rev1=1 crypto rx=0 tx=0 comp rx=0 tx=0).handle_hello peer v2:172.21.15.179:3300/0 says I am v2:172.21.15.179:50370/0 (socket says 172.21.15.179:50370)
2024-04-24T07:53:11.366 INFO:teuthology.orchestra.run.smithi179.stdout:/usr/bin/ceph: stderr
2024-04-24T07:53:10.227+0000 7f70dde00700 1 -- 172.21.15.179:0/2690346957 learned_addr learned my addr 172.21.15.179:0/2690346957 (peer_addr_for_me v2:172.21.15.179:0/0)
2024-04-24T07:53:11.366 INFO:teuthology.orchestra.run.smithi179.stdout:/usr/bin/ceph: stderr
2024-04-24T07:53:10.228+0000 7f70dde00700 1 -- 172.21.15.179:0/2690346957 --> [v2:172.21.15.179:3300/0,v1:172.21.15.179:6789/0] -- mon_subscribe({config=0+,monmap=0+}) -- 0x7f70e010ae20 con 0x7f70e0109c20
2024-04-24T07:53:11.366 INFO:teuthology.orchestra.run.smithi179.stdout:/usr/bin/ceph: stderr
2024-04-24T07:53:10.228+0000 7f70dde00700 1 --2- 172.21.15.179:0/2690346957 >> [v2:172.21.15.179:3300/0,v1:172.21.15.179:6789/0] conn(0x7f70e0109c20 0x7f70e010a040 secure :-1 s=READY pgs=22 cs=0 l=1 rev1=1 crypto rx=0x7f70d00098a0 tx=0x7f70d0009bb0 comp rx=0 tx=0).ready entity=mon.0 client_cookie=289606ea00e86a92 server_cookie=0 in_seq=0 out_seq=0
2024-04-24T07:53:11.366 INFO:teuthology.orchestra.run.smithi179.stdout:/usr/bin/ceph: stderr
2024-04-24T07:53:10.228+0000 7f70dca00700 1 -- 172.21.15.179:0/2690346957 <== mon.0 v2:172.21.15.179:3300/0 1 ==== mon_map magic: 0 ==== 205+0+0 (secure 0 0 0) 0x7f70d0004160 con 0x7f70e0109c20
2024-04-24T07:53:11.366 INFO:teuthology.orchestra.run.smithi179.stdout:/usr/bin/ceph: stderr
2024-04-24T07:53:10.228+0000 7f70dca00700 1 -- 172.21.15.179:0/2690346957 <== mon.0 v2:172.21.15.179:3300/0 2 ==== config(26 keys) ==== 1071+0+0 (secure 0 0 0) 0x7f70d0004300 con 0x7f70e0109c20
2024-04-24T07:53:11.366 INFO:teuthology.orchestra.run.smithi179.stdout:/usr/bin/ceph: stderr
2024-04-24T07:53:10.228+0000 7f70dca00700 1 -- 172.21.15.179:0/2690346957 <== mon.0 v2:172.21.15.179:3300/0 3 ==== mon_map magic: 0 ==== 205+0+0 (secure 0 0 0) 0x7f70d0011a80 con 0x7f70e0109c20
2024-04-24T07:53:11.366 INFO:teuthology.orchestra.run.smithi179.stdout:/usr/bin/ceph: stderr
2024-04-24T07:53:10.229+0000 7f70e4a00700 1 -- 172.21.15.179:0/2690346957 >> [v2:172.21.15.179:3300/0,v1:172.21.15.179:6789/0] conn(0x7f70e0109c20 msgr2=0x7f70e010a040 secure :-1 s=STATE_CONNECTION_ESTABLISHED l=1).mark_down
2024-04-24T07:53:11.366 INFO:teuthology.orchestra.run.smithi179.stdout:/usr/bin/ceph: stderr
2024-04-24T07:53:10.229+0000 7f70e4a00700 1 --2- 172.21.15.179:0/2690346957 >> [v2:172.21.15.179:3300/0,v1:172.21.15.179:6789/0] conn(0x7f70e0109c20 0x7f70e010a040 secure :-1 s=READY pgs=22 cs=0 l=1 rev1=1 crypto rx=0x7f70d00098a0 tx=0x7f70d0009bb0 comp rx=0 tx=0).stop
2024-04-24T07:53:11.366 INFO:teuthology.orchestra.run.smithi179.stdout:/usr/bin/ceph: stderr
2024-04-24T07:53:10.229+0000 7f70e4a00700 1 -- 172.21.15.179:0/2690346957 shutdown_connections
2024-04-24T07:53:11.367 INFO:teuthology.orchestra.run.smithi179.stdout:/usr/bin/ceph: stderr
2024-04-24T07:53:10.229+0000 7f70e4a00700 1 --2- 172.21.15.179:0/2690346957 >> [v2:172.21.15.179:3300/0,v1:172.21.15.179:6789/0] conn(0x7f70e0109c20 0x7f70e010a040 unknown :-1 s=CLOSED pgs=22 cs=0 l=1 rev1=1 crypto rx=0 tx=0 comp rx=0 tx=0).stop
2024-04-24T07:53:11.367 INFO:teuthology.orchestra.run.smithi179.stdout:/usr/bin/ceph: stderr
2024-04-24T07:53:10.229+0000 7f70e4a00700 1 -- 172.21.15.179:0/2690346957 >> 172.21.15.179:0/2690346957 conn(0x7f70e007d000 msgr2=0x7f70e007d410 unknown :-1 s=STATE_NONE l=0).mark_down
2024-04-24T07:53:11.367 INFO:teuthology.orchestra.run.smithi179.stdout:/usr/bin/ceph: stderr
2024-04-24T07:53:10.229+0000 7f70e4a00700 1 -- 172.21.15.179:0/2690346957 shutdown_connections
2024-04-24T07:53:11.367 INFO:teuthology.orchestra.run.smithi179.stdout:/usr/bin/ceph: stderr
2024-04-24T07:53:10.229+0000 7f70e4a00700 1 -- 172.21.15.179:0/2690346957 wait complete.
2024-04-24T07:53:11.367 INFO:teuthology.orchestra.run.smithi179.stdout:/usr/bin/ceph: stderr
2024-04-24T07:53:10.230+0000 7f70e4a00700 1 Processor -- start
2024-04-24T07:53:11.367 INFO:teuthology.orchestra.run.smithi179.stdout:/usr/bin/ceph: stderr
2024-04-24T07:53:10.230+0000 7f70e4a00700 1 -- start start
2024-04-24T07:53:11.367 INFO:teuthology.orchestra.run.smithi179.stdout:/usr/bin/ceph: stderr
2024-04-24T07:53:10.231+0000 7f70e4a00700 1 --2- >> [v2:172.21.15.179:3300/0,v1:172.21.15.179:6789/0] conn(0x7f70e0109c20 0x7f70e019db80 unknown :-1 s=NONE pgs=0 cs=0 l=1 rev1=0 crypto rx=0 tx=0 comp rx=0 tx=0).connect
2024-04-24T07:53:11.367 INFO:teuthology.orchestra.run.smithi179.stdout:/usr/bin/ceph: stderr
2024-04-24T07:53:10.231+0000 7f70e4a00700 1 -- --> [v2:172.21.15.179:3300/0,v1:172.21.15.179:6789/0] -- mon_getmap magic: 0 -- 0x7f70e010e050 con 0x7f70e0109c20
2024-04-24T07:53:11.367 INFO:teuthology.orchestra.run.smithi179.stdout:/usr/bin/ceph: stderr
2024-04-24T07:53:10.231+0000 7f70dde00700 1 --2- >> [v2:172.21.15.179:3300/0,v1:172.21.15.179:6789/0] conn(0x7f70e0109c20 0x7f70e019db80 unknown :-1 s=BANNER_CONNECTING pgs=0 cs=0 l=1 rev1=0 crypto rx=0 tx=0 comp rx=0 tx=0)._handle_peer_banner_payload supported=3 required=0
2024-04-24T07:53:11.367 INFO:teuthology.orchestra.run.smithi179.stdout:/usr/bin/ceph: stderr
2024-04-24T07:53:10.231+0000 7f70dde00700 1 --2- >> [v2:172.21.15.179:3300/0,v1:172.21.15.179:6789/0] conn(0x7f70e0109c20 0x7f70e019db80 unknown :-1 s=HELLO_CONNECTING pgs=0 cs=0 l=1 rev1=1 crypto rx=0 tx=0 comp rx=0 tx=0).handle_hello peer v2:172.21.15.179:3300/0 says I am v2:172.21.15.179:50382/0 (socket says 172.21.15.179:50382)
2024-04-24T07:53:11.367 INFO:teuthology.orchestra.run.smithi179.stdout:/usr/bin/ceph: stderr
2024-04-24T07:53:10.231+0000 7f70dde00700 1 -- 172.21.15.179:0/2133731673 learned_addr learned my addr 172.21.15.179:0/2133731673 (peer_addr_for_me v2:172.21.15.179:0/0)
2024-04-24T07:53:11.367 INFO:teuthology.orchestra.run.smithi179.stdout:/usr/bin/ceph: stderr
2024-04-24T07:53:10.231+0000 7f70dde00700 1 -- 172.21.15.179:0/2133731673 --> [v2:172.21.15.179:3300/0,v1:172.21.15.179:6789/0] -- mon_subscribe({config=0+,monmap=0+}) -- 0x7f70e019e0c0 con 0x7f70e0109c20
2024-04-24T07:53:11.367 INFO:teuthology.orchestra.run.smithi179.stdout:/usr/bin/ceph: stderr
2024-04-24T07:53:10.232+0000 7f70dde00700 1 --2- 172.21.15.179:0/2133731673 >> [v2:172.21.15.179:3300/0,v1:172.21.15.179:6789/0] conn(0x7f70e0109c20 0x7f70e019db80 secure :-1 s=READY pgs=23 cs=0 l=1 rev1=1 crypto rx=0x7f70d0000c00 tx=0x7f70d0004290 comp rx=0 tx=0).ready entity=mon.0 client_cookie=0 server_cookie=0 in_seq=0 out_seq=0
2024-04-24T07:53:11.367 INFO:teuthology.orchestra.run.smithi179.stdout:/usr/bin/ceph: stderr
2024-04-24T07:53:10.232+0000 7f70d6a00700 1 -- 172.21.15.179:0/2133731673 <== mon.0 v2:172.21.15.179:3300/0 1 ==== mon_map magic: 0 ==== 205+0+0 (secure 0 0 0) 0x7f70d00039c0 con 0x7f70e0109c20
2024-04-24T07:53:11.368 INFO:teuthology.orchestra.run.smithi179.stdout:/usr/bin/ceph: stderr
2024-04-24T07:53:10.232+0000 7f70d6a00700 1 -- 172.21.15.179:0/2133731673 <== mon.0 v2:172.21.15.179:3300/0 2 ==== config(26 keys) ==== 1071+0+0 (secure 0 0 0) 0x7f70d0003b60 con 0x7f70e0109c20
2024-04-24T07:53:11.368 INFO:teuthology.orchestra.run.smithi179.stdout:/usr/bin/ceph: stderr
2024-04-24T07:53:10.232+0000 7f70d6a00700 1 -- 172.21.15.179:0/2133731673 <== mon.0 v2:172.21.15.179:3300/0 3 ==== mon_map magic: 0 ==== 205+0+0 (secure 0 0 0) 0x7f70d001a6f0 con 0x7f70e0109c20
2024-04-24T07:53:11.368 INFO:teuthology.orchestra.run.smithi179.stdout:/usr/bin/ceph: stderr
2024-04-24T07:53:10.232+0000 7f70e4a00700 1 -- 172.21.15.179:0/2133731673 --> [v2:172.21.15.179:3300/0,v1:172.21.15.179:6789/0] -- mon_subscribe({mgrmap=0+}) -- 0x7f70e019e350 con 0x7f70e0109c20
2024-04-24T07:53:11.368 INFO:teuthology.orchestra.run.smithi179.stdout:/usr/bin/ceph: stderr
2024-04-24T07:53:10.232+0000 7f70e4a00700 1 -- 172.21.15.179:0/2133731673 --> [v2:172.21.15.179:3300/0,v1:172.21.15.179:6789/0] -- mon_subscribe({osdmap=0}) -- 0x7f70e01a1040 con 0x7f70e0109c20
2024-04-24T07:53:11.368 INFO:teuthology.orchestra.run.smithi179.stdout:/usr/bin/ceph: stderr
2024-04-24T07:53:10.233+0000 7f70d6a00700 1 -- 172.21.15.179:0/2133731673 <== mon.0 v2:172.21.15.179:3300/0 4 ==== mgrmap(e 4) ==== 46547+0+0 (secure 0 0 0) 0x7f70d0024a40 con 0x7f70e0109c20
2024-04-24T07:53:11.368 INFO:teuthology.orchestra.run.smithi179.stdout:/usr/bin/ceph: stderr
2024-04-24T07:53:10.233+0000 7f70e4a00700 1 -- 172.21.15.179:0/2133731673 --> [v2:172.21.15.179:3300/0,v1:172.21.15.179:6789/0] -- mon_command({"prefix": "get_command_descriptions"} v 0) -- 0x7f70e010e1d0 con 0x7f70e0109c20
2024-04-24T07:53:11.368 INFO:teuthology.orchestra.run.smithi179.stdout:/usr/bin/ceph: stderr
2024-04-24T07:53:10.234+0000 7f70d6a00700 1 --2- 172.21.15.179:0/2133731673 >> [v2:172.21.15.179:6800/2954781129,v1:172.21.15.179:6801/2954781129] conn(0x7f70c40395b0 0x7f70c403ba70 unknown :-1 s=NONE pgs=0 cs=0 l=1 rev1=0 crypto rx=0 tx=0 comp rx=0 tx=0).connect
2024-04-24T07:53:11.368 INFO:teuthology.orchestra.run.smithi179.stdout:/usr/bin/ceph: stderr
2024-04-24T07:53:10.234+0000 7f70d6a00700 1 -- 172.21.15.179:0/2133731673 <== mon.0 v2:172.21.15.179:3300/0 5 ==== osd_map(1..1 src has 1..1) ==== 725+0+0 (secure 0 0 0) 0x7f70d004d980 con 0x7f70e0109c20
2024-04-24T07:53:11.368 INFO:teuthology.orchestra.run.smithi179.stdout:/usr/bin/ceph: stderr
2024-04-24T07:53:10.234+0000 7f70dd400700 1 --2- 172.21.15.179:0/2133731673 >> [v2:172.21.15.179:6800/2954781129,v1:172.21.15.179:6801/2954781129] conn(0x7f70c40395b0 0x7f70c403ba70 unknown :-1 s=BANNER_CONNECTING pgs=0 cs=0 l=1 rev1=0 crypto rx=0 tx=0 comp rx=0 tx=0)._handle_peer_banner_payload supported=3 required=0
2024-04-24T07:53:11.368 INFO:teuthology.orchestra.run.smithi179.stdout:/usr/bin/ceph: stderr
2024-04-24T07:53:10.235+0000 7f70dd400700 1 --2- 172.21.15.179:0/2133731673 >> [v2:172.21.15.179:6800/2954781129,v1:172.21.15.179:6801/2954781129] conn(0x7f70c40395b0 0x7f70c403ba70 secure :-1 s=READY pgs=8 cs=0 l=1 rev1=1 crypto rx=0x7f70cc006fd0 tx=0x7f70cc006e40 comp rx=0 tx=0).ready entity=mgr.14100 client_cookie=0 server_cookie=0 in_seq=0 out_seq=0
2024-04-24T07:53:11.368 INFO:teuthology.orchestra.run.smithi179.stdout:/usr/bin/ceph: stderr
2024-04-24T07:53:10.239+0000 7f70d6a00700 1 -- 172.21.15.179:0/2133731673 <== mon.0 v2:172.21.15.179:3300/0 6 ==== mon_command_ack([{"prefix": "get_command_descriptions"}]=0 v0) ==== 72+0+188370 (secure 0 0 0) 0x7f70d000f2e0 con 0x7f70e0109c20
2024-04-24T07:53:11.369 INFO:teuthology.orchestra.run.smithi179.stdout:/usr/bin/ceph: stderr
2024-04-24T07:53:10.519+0000 7f70e4a00700 1 -- 172.21.15.179:0/2133731673 --> [v2:172.21.15.179:3300/0,v1:172.21.15.179:6789/0] -- mon_command({"prefix": "mgr module enable", "module": "cephadm"} v 0) -- 0x7f70e01a1690 con 0x7f70e0109c20
2024-04-24T07:53:11.369 INFO:teuthology.orchestra.run.smithi179.stdout:/usr/bin/ceph: stderr
2024-04-24T07:53:10.572+0000 7f70d6a00700 1 -- 172.21.15.179:0/2133731673 <== mon.0 v2:172.21.15.179:3300/0 7 ==== mon_command_ack([{"prefix": "mgr module enable", "module": "cephadm"}]=0 v5) ==== 86+0+0 (secure 0 0 0) 0x7f70d0004300 con 0x7f70e0109c20
2024-04-24T07:53:11.369 INFO:teuthology.orchestra.run.smithi179.stdout:/usr/bin/ceph: stderr
2024-04-24T07:53:10.575+0000 7f70d6a00700 1 -- 172.21.15.179:0/2133731673 <== mon.0 v2:172.21.15.179:3300/0 8 ==== mgrmap(e 5) ==== 46558+0+0 (secure 0 0 0) 0x7f70d002d770 con 0x7f70e0109c20
2024-04-24T07:53:11.369 INFO:teuthology.orchestra.run.smithi179.stdout:/usr/bin/ceph: stderr
2024-04-24T07:53:10.576+0000 7f70e4a00700 1 -- 172.21.15.179:0/2133731673 >> [v2:172.21.15.179:6800/2954781129,v1:172.21.15.179:6801/2954781129] conn(0x7f70c40395b0 msgr2=0x7f70c403ba70 secure :-1 s=STATE_CONNECTION_ESTABLISHED l=1).mark_down
2024-04-24T07:53:11.369 INFO:teuthology.orchestra.run.smithi179.stdout:/usr/bin/ceph: stderr
2024-04-24T07:53:10.576+0000 7f70e4a00700 1 --2- 172.21.15.179:0/2133731673 >> [v2:172.21.15.179:6800/2954781129,v1:172.21.15.179:6801/2954781129] conn(0x7f70c40395b0 0x7f70c403ba70 secure :-1 s=READY pgs=8 cs=0 l=1 rev1=1 crypto rx=0x7f70cc006fd0 tx=0x7f70cc006e40 comp rx=0 tx=0).stop
2024-04-24T07:53:11.369 INFO:teuthology.orchestra.run.smithi179.stdout:/usr/bin/ceph: stderr
2024-04-24T07:53:10.576+0000 7f70e4a00700 1 -- 172.21.15.179:0/2133731673 >> [v2:172.21.15.179:3300/0,v1:172.21.15.179:6789/0] conn(0x7f70e0109c20 msgr2=0x7f70e019db80 secure :-1 s=STATE_CONNECTION_ESTABLISHED l=1).mark_down
2024-04-24T07:53:11.369 INFO:teuthology.orchestra.run.smithi179.stdout:/usr/bin/ceph: stderr
2024-04-24T07:53:10.576+0000 7f70e4a00700 1 --2- 172.21.15.179:0/2133731673 >> [v2:172.21.15.179:3300/0,v1:172.21.15.179:6789/0] conn(0x7f70e0109c20 0x7f70e019db80 secure :-1 s=READY pgs=23 cs=0 l=1 rev1=1 crypto rx=0x7f70d0000c00 tx=0x7f70d0004290 comp rx=0 tx=0).stop
2024-04-24T07:53:11.369 INFO:teuthology.orchestra.run.smithi179.stdout:/usr/bin/ceph: stderr
2024-04-24T07:53:10.577+0000 7f70e4a00700 1 -- 172.21.15.179:0/2133731673 shutdown_connections
2024-04-24T07:53:11.369 INFO:teuthology.orchestra.run.smithi179.stdout:/usr/bin/ceph: stderr
2024-04-24T07:53:10.577+0000 7f70e4a00700 1 --2- 172.21.15.179:0/2133731673 >> [v2:172.21.15.179:6800/2954781129,v1:172.21.15.179:6801/2954781129] conn(0x7f70c40395b0 0x7f70c403ba70 unknown :-1 s=CLOSED pgs=8 cs=0 l=1 rev1=1 crypto rx=0 tx=0 comp rx=0 tx=0).stop
2024-04-24T07:53:11.369 INFO:teuthology.orchestra.run.smithi179.stdout:/usr/bin/ceph: stderr
2024-04-24T07:53:10.577+0000 7f70e4a00700 1 --2- 172.21.15.179:0/2133731673 >> [v2:172.21.15.179:3300/0,v1:172.21.15.179:6789/0] conn(0x7f70e0109c20 0x7f70e019db80 unknown :-1 s=CLOSED pgs=23 cs=0 l=1 rev1=1 crypto rx=0 tx=0 comp rx=0 tx=0).stop
2024-04-24T07:53:11.369 INFO:teuthology.orchestra.run.smithi179.stdout:/usr/bin/ceph: stderr
2024-04-24T07:53:10.577+0000 7f70e4a00700 1 -- 172.21.15.179:0/2133731673 >> 172.21.15.179:0/2133731673 conn(0x7f70e007d000 msgr2=0x7f70e010c040 unknown :-1 s=STATE_NONE l=0).mark_down
2024-04-24T07:53:11.369 INFO:teuthology.orchestra.run.smithi179.stdout:/usr/bin/ceph: stderr
2024-04-24T07:53:10.577+0000 7f70e4a00700 1 -- 172.21.15.179:0/2133731673 shutdown_connections
2024-04-24T07:53:11.369 INFO:teuthology.orchestra.run.smithi179.stdout:/usr/bin/ceph: stderr
2024-04-24T07:53:10.577+0000 7f70e4a00700 1 -- 172.21.15.179:0/2133731673 wait complete.
2024-04-24T07:53:11.777 INFO:journalctl@ceph.mon.a.smithi179.stdout:Apr 24 07:53:11 smithi179 ceph-mon[25686]: from='client.? 172.21.15.179:0/2133731673' entity='client.admin' cmd='[{"prefix": "mgr module enable", "module": "cephadm"}]': finished
2024-04-24T07:53:11.777 INFO:journalctl@ceph.mon.a.smithi179.stdout:Apr 24 07:53:11 smithi179 ceph-mon[25686]: mgrmap e5: x(active, since 6s)
2024-04-24T07:53:11.778 INFO:journalctl@ceph.mgr.x.smithi179.stdout:Apr 24 07:53:11 smithi179 ceph-7d875f26-020f-11ef-bc93-c7b262605968-mgr-x[25924]:
2024-04-24T07:53:11.621+0000 7f8fc6253200 -1 mgr[py] Module progress has missing NOTIFY_TYPES member
2024-04-24T07:53:11.778 INFO:journalctl@ceph.mgr.x.smithi179.stdout:Apr 24 07:53:11 smithi179 ceph-7d875f26-020f-11ef-bc93-c7b262605968-mgr-x[25924]:
2024-04-24T07:53:11.736+0000 7f8fc6253200 -1 mgr[py] Module influx has missing NOTIFY_TYPES member
2024-04-24T07:53:12.967 INFO:journalctl@ceph.mon.a.smithi179.stdout:Apr 24 07:53:12 smithi179 ceph-mon[25686]: from='client.? 172.21.15.179:0/4016224521' entity='client.admin' cmd=[{"prefix": "mgr stat"}]: dispatch
2024-04-24T07:53:13.132 INFO:teuthology.orchestra.run.smithi179.stdout:/usr/bin/ceph: stdout {
2024-04-24T07:53:13.132 INFO:teuthology.orchestra.run.smithi179.stdout:/usr/bin/ceph: stdout "epoch": 5,
2024-04-24T07:53:13.132 INFO:teuthology.orchestra.run.smithi179.stdout:/usr/bin/ceph: stdout "available": true,
2024-04-24T07:53:13.132 INFO:teuthology.orchestra.run.smithi179.stdout:/usr/bin/ceph: stdout "active_name": "x",
2024-04-24T07:53:13.132 INFO:teuthology.orchestra.run.smithi179.stdout:/usr/bin/ceph: stdout "num_standby": 0
2024-04-24T07:53:13.132 INFO:teuthology.orchestra.run.smithi179.stdout:/usr/bin/ceph: stdout }
2024-04-24T07:53:13.133 INFO:teuthology.orchestra.run.smithi179.stdout:/usr/bin/ceph: stderr
2024-04-24T07:53:12.037+0000 7f1262800700 1 Processor -- start
2024-04-24T07:53:13.133 INFO:teuthology.orchestra.run.smithi179.stdout:/usr/bin/ceph: stderr
2024-04-24T07:53:12.037+0000 7f1262800700 1 -- start start
2024-04-24T07:53:13.133 INFO:teuthology.orchestra.run.smithi179.stdout:/usr/bin/ceph: stderr
2024-04-24T07:53:12.038+0000 7f1262800700 1 --2- >> [v2:172.21.15.179:3300/0,v1:172.21.15.179:6789/0] conn(0x7f125c107a00 0x7f125c107e20 unknown :-1 s=NONE pgs=0 cs=0 l=0 rev1=0 crypto rx=0 tx=0 comp rx=0 tx=0).connect
2024-04-24T07:53:13.133 INFO:teuthology.orchestra.run.smithi179.stdout:/usr/bin/ceph: stderr
2024-04-24T07:53:12.038+0000 7f1262800700 1 -- --> [v2:172.21.15.179:3300/0,v1:172.21.15.179:6789/0] -- mon_getmap magic: 0 -- 0x7f125c1083f0 con 0x7f125c107a00
2024-04-24T07:53:13.133 INFO:teuthology.orchestra.run.smithi179.stdout:/usr/bin/ceph: stderr
2024-04-24T07:53:12.038+0000 7f125b400700 1 --2- >> [v2:172.21.15.179:3300/0,v1:172.21.15.179:6789/0] conn(0x7f125c107a00 0x7f125c107e20 unknown :-1 s=BANNER_CONNECTING pgs=0 cs=0 l=0 rev1=0 crypto rx=0 tx=0 comp rx=0 tx=0)._handle_peer_banner_payload supported=3 required=0
2024-04-24T07:53:13.133 INFO:teuthology.orchestra.run.smithi179.stdout:/usr/bin/ceph: stderr
2024-04-24T07:53:12.038+0000 7f125b400700 1 --2- >> [v2:172.21.15.179:3300/0,v1:172.21.15.179:6789/0] conn(0x7f125c107a00 0x7f125c107e20 unknown :-1 s=HELLO_CONNECTING pgs=0 cs=0 l=0 rev1=1 crypto rx=0 tx=0 comp rx=0 tx=0).handle_hello peer v2:172.21.15.179:3300/0 says I am v2:172.21.15.179:50404/0 (socket says 172.21.15.179:50404)
2024-04-24T07:53:13.133 INFO:teuthology.orchestra.run.smithi179.stdout:/usr/bin/ceph: stderr
2024-04-24T07:53:12.038+0000 7f125b400700 1 -- 172.21.15.179:0/322416869 learned_addr learned my addr 172.21.15.179:0/322416869 (peer_addr_for_me v2:172.21.15.179:0/0)
2024-04-24T07:53:13.133 INFO:teuthology.orchestra.run.smithi179.stdout:/usr/bin/ceph: stderr
2024-04-24T07:53:12.039+0000 7f125b400700 1 -- 172.21.15.179:0/322416869 --> [v2:172.21.15.179:3300/0,v1:172.21.15.179:6789/0] -- mon_subscribe({config=0+,monmap=0+}) -- 0x7f125c108c00 con 0x7f125c107a00
2024-04-24T07:53:13.133 INFO:teuthology.orchestra.run.smithi179.stdout:/usr/bin/ceph: stderr
2024-04-24T07:53:12.039+0000 7f125b400700 1 --2- 172.21.15.179:0/322416869 >> [v2:172.21.15.179:3300/0,v1:172.21.15.179:6789/0] conn(0x7f125c107a00 0x7f125c107e20 secure :-1 s=READY pgs=26 cs=0 l=1 rev1=1 crypto rx=0x7f124c0098a0 tx=0x7f124c009bb0 comp rx=0 tx=0).ready entity=mon.0 client_cookie=53fd58f8ebc47fba server_cookie=0 in_seq=0 out_seq=0
2024-04-24T07:53:13.133 INFO:teuthology.orchestra.run.smithi179.stdout:/usr/bin/ceph: stderr
2024-04-24T07:53:12.039+0000 7f125a000700 1 -- 172.21.15.179:0/322416869 <== mon.0 v2:172.21.15.179:3300/0 1 ==== mon_map magic: 0 ==== 205+0+0 (secure 0 0 0) 0x7f124c004160 con 0x7f125c107a00
2024-04-24T07:53:13.133 INFO:teuthology.orchestra.run.smithi179.stdout:/usr/bin/ceph: stderr
2024-04-24T07:53:12.039+0000 7f125a000700 1 -- 172.21.15.179:0/322416869 <== mon.0 v2:172.21.15.179:3300/0 2 ==== config(26 keys) ==== 1071+0+0 (secure 0 0 0) 0x7f124c004300 con 0x7f125c107a00
2024-04-24T07:53:13.133 INFO:teuthology.orchestra.run.smithi179.stdout:/usr/bin/ceph: stderr
2024-04-24T07:53:12.039+0000 7f125a000700 1 -- 172.21.15.179:0/322416869 <== mon.0 v2:172.21.15.179:3300/0 3 ==== mon_map magic: 0 ==== 205+0+0 (secure 0 0 0) 0x7f124c011a80 con 0x7f125c107a00
2024-04-24T07:53:13.133 INFO:teuthology.orchestra.run.smithi179.stdout:/usr/bin/ceph: stderr
2024-04-24T07:53:12.040+0000 7f1262800700 1 -- 172.21.15.179:0/322416869 >> [v2:172.21.15.179:3300/0,v1:172.21.15.179:6789/0] conn(0x7f125c107a00 msgr2=0x7f125c107e20 secure :-1 s=STATE_CONNECTION_ESTABLISHED l=1).mark_down
2024-04-24T07:53:13.134 INFO:teuthology.orchestra.run.smithi179.stdout:/usr/bin/ceph: stderr
2024-04-24T07:53:12.040+0000 7f1262800700 1 --2- 172.21.15.179:0/322416869 >> [v2:172.21.15.179:3300/0,v1:172.21.15.179:6789/0] conn(0x7f125c107a00 0x7f125c107e20 secure :-1 s=READY pgs=26 cs=0 l=1 rev1=1 crypto rx=0x7f124c0098a0 tx=0x7f124c009bb0 comp rx=0 tx=0).stop
2024-04-24T07:53:13.134 INFO:teuthology.orchestra.run.smithi179.stdout:/usr/bin/ceph: stderr
2024-04-24T07:53:12.040+0000 7f1262800700 1 -- 172.21.15.179:0/322416869 shutdown_connections
2024-04-24T07:53:13.134 INFO:teuthology.orchestra.run.smithi179.stdout:/usr/bin/ceph: stderr
2024-04-24T07:53:12.040+0000 7f1262800700 1 --2- 172.21.15.179:0/322416869 >> [v2:172.21.15.179:3300/0,v1:172.21.15.179:6789/0] conn(0x7f125c107a00 0x7f125c107e20 unknown :-1 s=CLOSED pgs=26 cs=0 l=1 rev1=1 crypto rx=0 tx=0 comp rx=0 tx=0).stop
2024-04-24T07:53:13.134 INFO:teuthology.orchestra.run.smithi179.stdout:/usr/bin/ceph: stderr
2024-04-24T07:53:12.040+0000 7f1262800700 1 -- 172.21.15.179:0/322416869 >> 172.21.15.179:0/322416869 conn(0x7f125c102fa0 msgr2=0x7f125c1053e0 unknown :-1 s=STATE_NONE l=0).mark_down
2024-04-24T07:53:13.134 INFO:teuthology.orchestra.run.smithi179.stdout:/usr/bin/ceph: stderr
2024-04-24T07:53:12.040+0000 7f1262800700 1 -- 172.21.15.179:0/322416869 shutdown_connections
2024-04-24T07:53:13.134 INFO:teuthology.orchestra.run.smithi179.stdout:/usr/bin/ceph: stderr
2024-04-24T07:53:12.041+0000 7f1262800700 1 -- 172.21.15.179:0/322416869 wait complete.
2024-04-24T07:53:13.134 INFO:teuthology.orchestra.run.smithi179.stdout:/usr/bin/ceph: stderr
2024-04-24T07:53:12.042+0000 7f1262800700 1 Processor -- start
2024-04-24T07:53:13.134 INFO:teuthology.orchestra.run.smithi179.stdout:/usr/bin/ceph: stderr
2024-04-24T07:53:12.042+0000 7f1262800700 1 -- start start
2024-04-24T07:53:13.134 INFO:teuthology.orchestra.run.smithi179.stdout:/usr/bin/ceph: stderr
2024-04-24T07:53:12.043+0000 7f1262800700 1 --2- >> [v2:172.21.15.179:3300/0,v1:172.21.15.179:6789/0] conn(0x7f125c107a00 0x7f125c07cb20 unknown :-1 s=NONE pgs=0 cs=0 l=1 rev1=0 crypto rx=0 tx=0 comp rx=0 tx=0).connect
2024-04-24T07:53:13.134 INFO:teuthology.orchestra.run.smithi179.stdout:/usr/bin/ceph: stderr
2024-04-24T07:53:12.043+0000 7f1262800700 1 -- --> [v2:172.21.15.179:3300/0,v1:172.21.15.179:6789/0] -- mon_getmap magic: 0 -- 0x7f125c10be30 con 0x7f125c107a00
2024-04-24T07:53:13.134 INFO:teuthology.orchestra.run.smithi179.stdout:/usr/bin/ceph: stderr
2024-04-24T07:53:12.043+0000 7f125b400700 1 --2- >> [v2:172.21.15.179:3300/0,v1:172.21.15.179:6789/0] conn(0x7f125c107a00 0x7f125c07cb20 unknown :-1 s=BANNER_CONNECTING pgs=0 cs=0 l=1 rev1=0 crypto rx=0 tx=0 comp rx=0 tx=0)._handle_peer_banner_payload supported=3 required=0
2024-04-24T07:53:13.134 INFO:teuthology.orchestra.run.smithi179.stdout:/usr/bin/ceph: stderr
