2024-04-24T07:53:46.768 INFO:teuthology.orchestra.run.smithi179.stdout:/usr/bin/ceph: stderr
2024-04-24T07:53:44.487+0000 7fac76400700 1 -- 172.21.15.179:0/411768211 shutdown_connections
2024-04-24T07:53:46.768 INFO:teuthology.orchestra.run.smithi179.stdout:/usr/bin/ceph: stderr
2024-04-24T07:53:44.487+0000 7fac76400700 1 -- 172.21.15.179:0/411768211 wait complete.
2024-04-24T07:53:46.768 INFO:teuthology.orchestra.run.smithi179.stdout:/usr/bin/ceph: stderr
2024-04-24T07:53:44.488+0000 7fac76400700 1 Processor -- start
2024-04-24T07:53:46.768 INFO:teuthology.orchestra.run.smithi179.stdout:/usr/bin/ceph: stderr
2024-04-24T07:53:44.488+0000 7fac76400700 1 -- start start
2024-04-24T07:53:46.768 INFO:teuthology.orchestra.run.smithi179.stdout:/usr/bin/ceph: stderr
2024-04-24T07:53:44.489+0000 7fac76400700 1 --2- >> [v2:172.21.15.179:3300/0,v1:172.21.15.179:6789/0] conn(0x7fac701078c0 0x7fac7019b6d0 unknown :-1 s=NONE pgs=0 cs=0 l=1 rev1=0 crypto rx=0 tx=0 comp rx=0 tx=0).connect
2024-04-24T07:53:46.768 INFO:teuthology.orchestra.run.smithi179.stdout:/usr/bin/ceph: stderr
2024-04-24T07:53:44.489+0000 7fac76400700 1 -- --> [v2:172.21.15.179:3300/0,v1:172.21.15.179:6789/0] -- mon_getmap magic: 0 -- 0x7fac7010be20 con 0x7fac701078c0
2024-04-24T07:53:46.768 INFO:teuthology.orchestra.run.smithi179.stdout:/usr/bin/ceph: stderr
2024-04-24T07:53:44.489+0000 7fac75000700 1 --2- >> [v2:172.21.15.179:3300/0,v1:172.21.15.179:6789/0] conn(0x7fac701078c0 0x7fac7019b6d0 unknown :-1 s=BANNER_CONNECTING pgs=0 cs=0 l=1 rev1=0 crypto rx=0 tx=0 comp rx=0 tx=0)._handle_peer_banner_payload supported=3 required=0
2024-04-24T07:53:46.768 INFO:teuthology.orchestra.run.smithi179.stdout:/usr/bin/ceph: stderr
2024-04-24T07:53:44.489+0000 7fac75000700 1 --2- >> [v2:172.21.15.179:3300/0,v1:172.21.15.179:6789/0] conn(0x7fac701078c0 0x7fac7019b6d0 unknown :-1 s=HELLO_CONNECTING pgs=0 cs=0 l=1 rev1=1 crypto rx=0 tx=0 comp rx=0 tx=0).handle_hello peer v2:172.21.15.179:3300/0 says I am v2:172.21.15.179:33174/0 (socket says 172.21.15.179:33174)
2024-04-24T07:53:46.768 INFO:teuthology.orchestra.run.smithi179.stdout:/usr/bin/ceph: stderr
2024-04-24T07:53:44.489+0000 7fac75000700 1 -- 172.21.15.179:0/2022670893 learned_addr learned my addr 172.21.15.179:0/2022670893 (peer_addr_for_me v2:172.21.15.179:0/0)
2024-04-24T07:53:46.768 INFO:teuthology.orchestra.run.smithi179.stdout:/usr/bin/ceph: stderr
2024-04-24T07:53:44.490+0000 7fac75000700 1 -- 172.21.15.179:0/2022670893 --> [v2:172.21.15.179:3300/0,v1:172.21.15.179:6789/0] -- mon_subscribe({config=0+,monmap=0+}) -- 0x7fac7019bc10 con 0x7fac701078c0
2024-04-24T07:53:46.768 INFO:teuthology.orchestra.run.smithi179.stdout:/usr/bin/ceph: stderr
2024-04-24T07:53:44.490+0000 7fac75000700 1 --2- 172.21.15.179:0/2022670893 >> [v2:172.21.15.179:3300/0,v1:172.21.15.179:6789/0] conn(0x7fac701078c0 0x7fac7019b6d0 secure :-1 s=READY pgs=56 cs=0 l=1 rev1=1 crypto rx=0x7fac64006ba0 tx=0x7fac64011ad0 comp rx=0 tx=0).ready entity=mon.0 client_cookie=0 server_cookie=0 in_seq=0 out_seq=0
2024-04-24T07:53:46.768 INFO:teuthology.orchestra.run.smithi179.stdout:/usr/bin/ceph: stderr
2024-04-24T07:53:44.490+0000 7fac6d600700 1 -- 172.21.15.179:0/2022670893 <== mon.0 v2:172.21.15.179:3300/0 1 ==== mon_map magic: 0 ==== 205+0+0 (secure 0 0 0) 0x7fac64003af0 con 0x7fac701078c0
2024-04-24T07:53:46.769 INFO:teuthology.orchestra.run.smithi179.stdout:/usr/bin/ceph: stderr
2024-04-24T07:53:44.490+0000 7fac6d600700 1 -- 172.21.15.179:0/2022670893 <== mon.0 v2:172.21.15.179:3300/0 2 ==== config(26 keys) ==== 1102+0+0 (secure 0 0 0) 0x7fac6401a8e0 con 0x7fac701078c0
2024-04-24T07:53:46.769 INFO:teuthology.orchestra.run.smithi179.stdout:/usr/bin/ceph: stderr
2024-04-24T07:53:44.490+0000 7fac6d600700 1 -- 172.21.15.179:0/2022670893 <== mon.0 v2:172.21.15.179:3300/0 3 ==== mon_map magic: 0 ==== 205+0+0 (secure 0 0 0) 0x7fac64024900 con 0x7fac701078c0
2024-04-24T07:53:46.769 INFO:teuthology.orchestra.run.smithi179.stdout:/usr/bin/ceph: stderr
2024-04-24T07:53:44.490+0000 7fac76400700 1 -- 172.21.15.179:0/2022670893 --> [v2:172.21.15.179:3300/0,v1:172.21.15.179:6789/0] -- mon_subscribe({mgrmap=0+}) -- 0x7fac7019bea0 con 0x7fac701078c0
2024-04-24T07:53:46.769 INFO:teuthology.orchestra.run.smithi179.stdout:/usr/bin/ceph: stderr
2024-04-24T07:53:44.490+0000 7fac76400700 1 -- 172.21.15.179:0/2022670893 --> [v2:172.21.15.179:3300/0,v1:172.21.15.179:6789/0] -- mon_subscribe({osdmap=0}) -- 0x7fac7019eb90 con 0x7fac701078c0
2024-04-24T07:53:46.769 INFO:teuthology.orchestra.run.smithi179.stdout:/usr/bin/ceph: stderr
2024-04-24T07:53:44.492+0000 7fac6d600700 1 -- 172.21.15.179:0/2022670893 <== mon.0 v2:172.21.15.179:3300/0 4 ==== mgrmap(e 8) ==== 46558+0+0 (secure 0 0 0) 0x7fac64022020 con 0x7fac701078c0
2024-04-24T07:53:46.769 INFO:teuthology.orchestra.run.smithi179.stdout:/usr/bin/ceph: stderr
2024-04-24T07:53:44.492+0000 7fac62a00700 1 -- 172.21.15.179:0/2022670893 --> [v2:172.21.15.179:3300/0,v1:172.21.15.179:6789/0] -- mon_command({"prefix": "get_command_descriptions"} v 0) -- 0x7fac7010bfa0 con 0x7fac701078c0
2024-04-24T07:53:46.769 INFO:teuthology.orchestra.run.smithi179.stdout:/usr/bin/ceph: stderr
2024-04-24T07:53:44.492+0000 7fac6d600700 1 --2- 172.21.15.179:0/2022670893 >> [v2:172.21.15.179:6800/216076711,v1:172.21.15.179:6801/216076711] conn(0x7fac580395b0 0x7fac5803ba70 unknown :-1 s=NONE pgs=0 cs=0 l=1 rev1=0 crypto rx=0 tx=0 comp rx=0 tx=0).connect
2024-04-24T07:53:46.769 INFO:teuthology.orchestra.run.smithi179.stdout:/usr/bin/ceph: stderr
2024-04-24T07:53:44.492+0000 7fac6d600700 1 -- 172.21.15.179:0/2022670893 <== mon.0 v2:172.21.15.179:3300/0 5 ==== osd_map(2..2 src has 1..2) ==== 940+0+0 (secure 0 0 0) 0x7fac6404da60 con 0x7fac701078c0
2024-04-24T07:53:46.769 INFO:teuthology.orchestra.run.smithi179.stdout:/usr/bin/ceph: stderr
2024-04-24T07:53:44.492+0000 7fac6fe00700 1 --2- 172.21.15.179:0/2022670893 >> [v2:172.21.15.179:6800/216076711,v1:172.21.15.179:6801/216076711] conn(0x7fac580395b0 0x7fac5803ba70 unknown :-1 s=BANNER_CONNECTING pgs=0 cs=0 l=1 rev1=0 crypto rx=0 tx=0 comp rx=0 tx=0)._handle_peer_banner_payload supported=3 required=0
2024-04-24T07:53:46.769 INFO:teuthology.orchestra.run.smithi179.stdout:/usr/bin/ceph: stderr
2024-04-24T07:53:44.493+0000 7fac6fe00700 1 --2- 172.21.15.179:0/2022670893 >> [v2:172.21.15.179:6800/216076711,v1:172.21.15.179:6801/216076711] conn(0x7fac580395b0 0x7fac5803ba70 secure :-1 s=READY pgs=16 cs=0 l=1 rev1=1 crypto rx=0x7fac5c006fd0 tx=0x7fac5c006e40 comp rx=0 tx=0).ready entity=mgr.14120 client_cookie=0 server_cookie=0 in_seq=0 out_seq=0
2024-04-24T07:53:46.769 INFO:teuthology.orchestra.run.smithi179.stdout:/usr/bin/ceph: stderr
2024-04-24T07:53:44.498+0000 7fac6d600700 1 -- 172.21.15.179:0/2022670893 <== mon.0 v2:172.21.15.179:3300/0 6 ==== mon_command_ack([{"prefix": "get_command_descriptions"}]=0 v0) ==== 72+0+188370 (secure 0 0 0) 0x7fac6400e260 con 0x7fac701078c0
2024-04-24T07:53:46.769 INFO:teuthology.orchestra.run.smithi179.stdout:/usr/bin/ceph: stderr
2024-04-24T07:53:44.794+0000 7fac62a00700 1 -- 172.21.15.179:0/2022670893 --> [v2:172.21.15.179:3300/0,v1:172.21.15.179:6789/0] -- mon_command({"prefix": "mgr module enable", "module": "dashboard"} v 0) -- 0x7fac70063700 con 0x7fac701078c0
2024-04-24T07:53:46.769 INFO:teuthology.orchestra.run.smithi179.stdout:/usr/bin/ceph: stderr
2024-04-24T07:53:45.073+0000 7fac6d600700 1 -- 172.21.15.179:0/2022670893 <== mon.0 v2:172.21.15.179:3300/0 7 ==== mon_command_ack([{"prefix": "mgr module enable", "module": "dashboard"}]=0 v9) ==== 88+0+0 (secure 0 0 0) 0x7fac64020e80 con 0x7fac701078c0
2024-04-24T07:53:46.769 INFO:teuthology.orchestra.run.smithi179.stdout:/usr/bin/ceph: stderr
2024-04-24T07:53:45.077+0000 7fac6d600700 1 -- 172.21.15.179:0/2022670893 <== mon.0 v2:172.21.15.179:3300/0 8 ==== mgrmap(e 9) ==== 46571+0+0 (secure 0 0 0) 0x7fac640193c0 con 0x7fac701078c0
2024-04-24T07:53:46.770 INFO:teuthology.orchestra.run.smithi179.stdout:/usr/bin/ceph: stderr
2024-04-24T07:53:45.078+0000 7fac62a00700 1 -- 172.21.15.179:0/2022670893 >> [v2:172.21.15.179:6800/216076711,v1:172.21.15.179:6801/216076711] conn(0x7fac580395b0 msgr2=0x7fac5803ba70 secure :-1 s=STATE_CONNECTION_ESTABLISHED l=1).mark_down
2024-04-24T07:53:46.770 INFO:teuthology.orchestra.run.smithi179.stdout:/usr/bin/ceph: stderr
2024-04-24T07:53:45.078+0000 7fac62a00700 1 --2- 172.21.15.179:0/2022670893 >> [v2:172.21.15.179:6800/216076711,v1:172.21.15.179:6801/216076711] conn(0x7fac580395b0 0x7fac5803ba70 secure :-1 s=READY pgs=16 cs=0 l=1 rev1=1 crypto rx=0x7fac5c006fd0 tx=0x7fac5c006e40 comp rx=0 tx=0).stop
2024-04-24T07:53:46.770 INFO:teuthology.orchestra.run.smithi179.stdout:/usr/bin/ceph: stderr
2024-04-24T07:53:45.078+0000 7fac62a00700 1 -- 172.21.15.179:0/2022670893 >> [v2:172.21.15.179:3300/0,v1:172.21.15.179:6789/0] conn(0x7fac701078c0 msgr2=0x7fac7019b6d0 secure :-1 s=STATE_CONNECTION_ESTABLISHED l=1).mark_down
2024-04-24T07:53:46.770 INFO:teuthology.orchestra.run.smithi179.stdout:/usr/bin/ceph: stderr
2024-04-24T07:53:45.078+0000 7fac62a00700 1 --2- 172.21.15.179:0/2022670893 >> [v2:172.21.15.179:3300/0,v1:172.21.15.179:6789/0] conn(0x7fac701078c0 0x7fac7019b6d0 secure :-1 s=READY pgs=56 cs=0 l=1 rev1=1 crypto rx=0x7fac64006ba0 tx=0x7fac64011ad0 comp rx=0 tx=0).stop
2024-04-24T07:53:46.770 INFO:teuthology.orchestra.run.smithi179.stdout:/usr/bin/ceph: stderr
2024-04-24T07:53:45.078+0000 7fac62a00700 1 -- 172.21.15.179:0/2022670893 shutdown_connections
2024-04-24T07:53:46.770 INFO:teuthology.orchestra.run.smithi179.stdout:/usr/bin/ceph: stderr
2024-04-24T07:53:45.078+0000 7fac62a00700 1 --2- 172.21.15.179:0/2022670893 >> [v2:172.21.15.179:6800/216076711,v1:172.21.15.179:6801/216076711] conn(0x7fac580395b0 0x7fac5803ba70 secure :-1 s=CLOSED pgs=16 cs=0 l=1 rev1=1 crypto rx=0x7fac5c006fd0 tx=0x7fac5c006e40 comp rx=0 tx=0).stop
2024-04-24T07:53:46.770 INFO:teuthology.orchestra.run.smithi179.stdout:/usr/bin/ceph: stderr
2024-04-24T07:53:45.078+0000 7fac62a00700 1 --2- 172.21.15.179:0/2022670893 >> [v2:172.21.15.179:3300/0,v1:172.21.15.179:6789/0] conn(0x7fac701078c0 0x7fac7019b6d0 unknown :-1 s=CLOSED pgs=56 cs=0 l=1 rev1=1 crypto rx=0 tx=0 comp rx=0 tx=0).stop
2024-04-24T07:53:46.770 INFO:teuthology.orchestra.run.smithi179.stdout:/usr/bin/ceph: stderr
2024-04-24T07:53:45.078+0000 7fac62a00700 1 -- 172.21.15.179:0/2022670893 >> 172.21.15.179:0/2022670893 conn(0x7fac70102e60 msgr2=0x7fac70103900 unknown :-1 s=STATE_NONE l=0).mark_down
2024-04-24T07:53:46.770 INFO:teuthology.orchestra.run.smithi179.stdout:/usr/bin/ceph: stderr
2024-04-24T07:53:45.079+0000 7fac62a00700 1 -- 172.21.15.179:0/2022670893 shutdown_connections
2024-04-24T07:53:46.770 INFO:teuthology.orchestra.run.smithi179.stdout:/usr/bin/ceph: stderr
2024-04-24T07:53:45.079+0000 7fac62a00700 1 -- 172.21.15.179:0/2022670893 wait complete.
2024-04-24T07:53:47.967 INFO:journalctl@ceph.mon.a.smithi179.stdout:Apr 24 07:53:47 smithi179 ceph-mon[25686]: from='client.? 172.21.15.179:0/3342978913' entity='client.admin' cmd=[{"prefix": "mgr stat"}]: dispatch
2024-04-24T07:53:47.967 INFO:journalctl@ceph.mgr.x.smithi179.stdout:Apr 24 07:53:47 smithi179 ceph-7d875f26-020f-11ef-bc93-c7b262605968-mgr-x[25924]:
2024-04-24T07:53:47.874+0000 7f013d4cc200 -1 mgr[py] Module telegraf has missing NOTIFY_TYPES member
2024-04-24T07:53:48.467 INFO:journalctl@ceph.mgr.x.smithi179.stdout:Apr 24 07:53:48 smithi179 ceph-7d875f26-020f-11ef-bc93-c7b262605968-mgr-x[25924]:
2024-04-24T07:53:48.105+0000 7f013d4cc200 -1 mgr[py] Module osd_support has missing NOTIFY_TYPES member
2024-04-24T07:53:48.467 INFO:journalctl@ceph.mgr.x.smithi179.stdout:Apr 24 07:53:48 smithi179 ceph-7d875f26-020f-11ef-bc93-c7b262605968-mgr-x[25924]:
2024-04-24T07:53:48.326+0000 7f013d4cc200 -1 mgr[py] Module iostat has missing NOTIFY_TYPES member
2024-04-24T07:53:48.581 INFO:teuthology.orchestra.run.smithi179.stdout:/usr/bin/ceph: stdout {
2024-04-24T07:53:48.645 INFO:teuthology.orchestra.run.smithi179.stdout:/usr/bin/ceph: stdout "epoch": 9,
2024-04-24T07:53:48.645 INFO:teuthology.orchestra.run.smithi179.stdout:/usr/bin/ceph: stdout "available": true,
2024-04-24T07:53:48.645 INFO:teuthology.orchestra.run.smithi179.stdout:/usr/bin/ceph: stdout "active_name": "x",
2024-04-24T07:53:48.645 INFO:teuthology.orchestra.run.smithi179.stdout:/usr/bin/ceph: stdout "num_standby": 0
2024-04-24T07:53:48.645 INFO:teuthology.orchestra.run.smithi179.stdout:/usr/bin/ceph: stdout }
2024-04-24T07:53:48.645 INFO:teuthology.orchestra.run.smithi179.stdout:/usr/bin/ceph: stderr
2024-04-24T07:53:47.476+0000 7f60c0200700 1 Processor -- start
2024-04-24T07:53:48.645 INFO:teuthology.orchestra.run.smithi179.stdout:/usr/bin/ceph: stderr
2024-04-24T07:53:47.476+0000 7f60c0200700 1 -- start start
2024-04-24T07:53:48.645 INFO:teuthology.orchestra.run.smithi179.stdout:/usr/bin/ceph: stderr
2024-04-24T07:53:47.477+0000 7f60c0200700 1 --2- >> [v2:172.21.15.179:3300/0,v1:172.21.15.179:6789/0] conn(0x7f60b8107a00 0x7f60b8107e20 unknown :-1 s=NONE pgs=0 cs=0 l=0 rev1=0 crypto rx=0 tx=0 comp rx=0 tx=0).connect
2024-04-24T07:53:48.645 INFO:teuthology.orchestra.run.smithi179.stdout:/usr/bin/ceph: stderr
2024-04-24T07:53:47.477+0000 7f60c0200700 1 -- --> [v2:172.21.15.179:3300/0,v1:172.21.15.179:6789/0] -- mon_getmap magic: 0 -- 0x7f60b81083f0 con 0x7f60b8107a00
2024-04-24T07:53:48.646 INFO:teuthology.orchestra.run.smithi179.stdout:/usr/bin/ceph: stderr
2024-04-24T07:53:47.477+0000 7f60bd800700 1 --2- >> [v2:172.21.15.179:3300/0,v1:172.21.15.179:6789/0] conn(0x7f60b8107a00 0x7f60b8107e20 unknown :-1 s=BANNER_CONNECTING pgs=0 cs=0 l=0 rev1=0 crypto rx=0 tx=0 comp rx=0 tx=0)._handle_peer_banner_payload supported=3 required=0
2024-04-24T07:53:48.646 INFO:teuthology.orchestra.run.smithi179.stdout:/usr/bin/ceph: stderr
2024-04-24T07:53:47.477+0000 7f60bd800700 1 --2- >> [v2:172.21.15.179:3300/0,v1:172.21.15.179:6789/0] conn(0x7f60b8107a00 0x7f60b8107e20 unknown :-1 s=HELLO_CONNECTING pgs=0 cs=0 l=0 rev1=1 crypto rx=0 tx=0 comp rx=0 tx=0).handle_hello peer v2:172.21.15.179:3300/0 says I am v2:172.21.15.179:33202/0 (socket says 172.21.15.179:33202)
2024-04-24T07:53:48.646 INFO:teuthology.orchestra.run.smithi179.stdout:/usr/bin/ceph: stderr
2024-04-24T07:53:47.477+0000 7f60bd800700 1 -- 172.21.15.179:0/2345411891 learned_addr learned my addr 172.21.15.179:0/2345411891 (peer_addr_for_me v2:172.21.15.179:0/0)
2024-04-24T07:53:48.646 INFO:teuthology.orchestra.run.smithi179.stdout:/usr/bin/ceph: stderr
2024-04-24T07:53:47.478+0000 7f60bd800700 1 -- 172.21.15.179:0/2345411891 --> [v2:172.21.15.179:3300/0,v1:172.21.15.179:6789/0] -- mon_subscribe({config=0+,monmap=0+}) -- 0x7f60b8108c00 con 0x7f60b8107a00
2024-04-24T07:53:48.646 INFO:teuthology.orchestra.run.smithi179.stdout:/usr/bin/ceph: stderr
2024-04-24T07:53:47.478+0000 7f60bd800700 1 --2- 172.21.15.179:0/2345411891 >> [v2:172.21.15.179:3300/0,v1:172.21.15.179:6789/0] conn(0x7f60b8107a00 0x7f60b8107e20 secure :-1 s=READY pgs=59 cs=0 l=1 rev1=1 crypto rx=0x7f60ac0098a0 tx=0x7f60ac009bb0 comp rx=0 tx=0).ready entity=mon.0 client_cookie=5bcdad6749317b2f server_cookie=0 in_seq=0 out_seq=0
2024-04-24T07:53:48.646 INFO:teuthology.orchestra.run.smithi179.stdout:/usr/bin/ceph: stderr
2024-04-24T07:53:47.478+0000 7f60b7e00700 1 -- 172.21.15.179:0/2345411891 <== mon.0 v2:172.21.15.179:3300/0 1 ==== mon_map magic: 0 ==== 205+0+0 (secure 0 0 0) 0x7f60ac004160 con 0x7f60b8107a00
2024-04-24T07:53:48.646 INFO:teuthology.orchestra.run.smithi179.stdout:/usr/bin/ceph: stderr
2024-04-24T07:53:47.478+0000 7f60b7e00700 1 -- 172.21.15.179:0/2345411891 <== mon.0 v2:172.21.15.179:3300/0 2 ==== config(26 keys) ==== 1102+0+0 (secure 0 0 0) 0x7f60ac004300 con 0x7f60b8107a00
2024-04-24T07:53:48.646 INFO:teuthology.orchestra.run.smithi179.stdout:/usr/bin/ceph: stderr
2024-04-24T07:53:47.478+0000 7f60b7e00700 1 -- 172.21.15.179:0/2345411891 <== mon.0 v2:172.21.15.179:3300/0 3 ==== mon_map magic: 0 ==== 205+0+0 (secure 0 0 0) 0x7f60ac011a50 con 0x7f60b8107a00
2024-04-24T07:53:48.646 INFO:teuthology.orchestra.run.smithi179.stdout:/usr/bin/ceph: stderr
2024-04-24T07:53:47.479+0000 7f60c0200700 1 -- 172.21.15.179:0/2345411891 >> [v2:172.21.15.179:3300/0,v1:172.21.15.179:6789/0] conn(0x7f60b8107a00 msgr2=0x7f60b8107e20 secure :-1 s=STATE_CONNECTION_ESTABLISHED l=1).mark_down
2024-04-24T07:53:48.646 INFO:teuthology.orchestra.run.smithi179.stdout:/usr/bin/ceph: stderr
2024-04-24T07:53:47.479+0000 7f60c0200700 1 --2- 172.21.15.179:0/2345411891 >> [v2:172.21.15.179:3300/0,v1:172.21.15.179:6789/0] conn(0x7f60b8107a00 0x7f60b8107e20 secure :-1 s=READY pgs=59 cs=0 l=1 rev1=1 crypto rx=0x7f60ac0098a0 tx=0x7f60ac009bb0 comp rx=0 tx=0).stop
2024-04-24T07:53:48.646 INFO:teuthology.orchestra.run.smithi179.stdout:/usr/bin/ceph: stderr
2024-04-24T07:53:47.479+0000 7f60c0200700 1 -- 172.21.15.179:0/2345411891 shutdown_connections
2024-04-24T07:53:48.646 INFO:teuthology.orchestra.run.smithi179.stdout:/usr/bin/ceph: stderr
2024-04-24T07:53:47.479+0000 7f60c0200700 1 --2- 172.21.15.179:0/2345411891 >> [v2:172.21.15.179:3300/0,v1:172.21.15.179:6789/0] conn(0x7f60b8107a00 0x7f60b8107e20 unknown :-1 s=CLOSED pgs=59 cs=0 l=1 rev1=1 crypto rx=0 tx=0 comp rx=0 tx=0).stop
2024-04-24T07:53:48.647 INFO:teuthology.orchestra.run.smithi179.stdout:/usr/bin/ceph: stderr
2024-04-24T07:53:47.479+0000 7f60c0200700 1 -- 172.21.15.179:0/2345411891 >> 172.21.15.179:0/2345411891 conn(0x7f60b8102fa0 msgr2=0x7f60b81053e0 unknown :-1 s=STATE_NONE l=0).mark_down
2024-04-24T07:53:48.647 INFO:teuthology.orchestra.run.smithi179.stdout:/usr/bin/ceph: stderr
2024-04-24T07:53:47.479+0000 7f60c0200700 1 -- 172.21.15.179:0/2345411891 shutdown_connections
2024-04-24T07:53:48.647 INFO:teuthology.orchestra.run.smithi179.stdout:/usr/bin/ceph: stderr
2024-04-24T07:53:47.479+0000 7f60c0200700 1 -- 172.21.15.179:0/2345411891 wait complete.
2024-04-24T07:53:48.647 INFO:teuthology.orchestra.run.smithi179.stdout:/usr/bin/ceph: stderr
2024-04-24T07:53:47.481+0000 7f60c0200700 1 Processor -- start
2024-04-24T07:53:48.647 INFO:teuthology.orchestra.run.smithi179.stdout:/usr/bin/ceph: stderr
2024-04-24T07:53:47.481+0000 7f60c0200700 1 -- start start
2024-04-24T07:53:48.647 INFO:teuthology.orchestra.run.smithi179.stdout:/usr/bin/ceph: stderr
2024-04-24T07:53:47.481+0000 7f60c0200700 1 --2- >> [v2:172.21.15.179:3300/0,v1:172.21.15.179:6789/0] conn(0x7f60b8107a00 0x7f60b819b8c0 unknown :-1 s=NONE pgs=0 cs=0 l=1 rev1=0 crypto rx=0 tx=0 comp rx=0 tx=0).connect
2024-04-24T07:53:48.647 INFO:teuthology.orchestra.run.smithi179.stdout:/usr/bin/ceph: stderr
2024-04-24T07:53:47.481+0000 7f60c0200700 1 -- --> [v2:172.21.15.179:3300/0,v1:172.21.15.179:6789/0] -- mon_getmap magic: 0 -- 0x7f60b810bfb0 con 0x7f60b8107a00
2024-04-24T07:53:48.647 INFO:teuthology.orchestra.run.smithi179.stdout:/usr/bin/ceph: stderr
2024-04-24T07:53:47.482+0000 7f60bd800700 1 --2- >> [v2:172.21.15.179:3300/0,v1:172.21.15.179:6789/0] conn(0x7f60b8107a00 0x7f60b819b8c0 unknown :-1 s=BANNER_CONNECTING pgs=0 cs=0 l=1 rev1=0 crypto rx=0 tx=0 comp rx=0 tx=0)._handle_peer_banner_payload supported=3 required=0
2024-04-24T07:53:48.647 INFO:teuthology.orchestra.run.smithi179.stdout:/usr/bin/ceph: stderr
2024-04-24T07:53:47.482+0000 7f60bd800700 1 --2- >> [v2:172.21.15.179:3300/0,v1:172.21.15.179:6789/0] conn(0x7f60b8107a00 0x7f60b819b8c0 unknown :-1 s=HELLO_CONNECTING pgs=0 cs=0 l=1 rev1=1 crypto rx=0 tx=0 comp rx=0 tx=0).handle_hello peer v2:172.21.15.179:3300/0 says I am v2:172.21.15.179:33212/0 (socket says 172.21.15.179:33212)
2024-04-24T07:53:48.647 INFO:teuthology.orchestra.run.smithi179.stdout:/usr/bin/ceph: stderr
2024-04-24T07:53:47.482+0000 7f60bd800700 1 -- 172.21.15.179:0/3342978913 learned_addr learned my addr 172.21.15.179:0/3342978913 (peer_addr_for_me v2:172.21.15.179:0/0)
2024-04-24T07:53:48.647 INFO:teuthology.orchestra.run.smithi179.stdout:/usr/bin/ceph: stderr
2024-04-24T07:53:47.482+0000 7f60bd800700 1 -- 172.21.15.179:0/3342978913 --> [v2:172.21.15.179:3300/0,v1:172.21.15.179:6789/0] -- mon_subscribe({config=0+,monmap=0+}) -- 0x7f60b819be00 con 0x7f60b8107a00
2024-04-24T07:53:48.647 INFO:teuthology.orchestra.run.smithi179.stdout:/usr/bin/ceph: stderr
2024-04-24T07:53:47.482+0000 7f60bd800700 1 --2- 172.21.15.179:0/3342978913 >> [v2:172.21.15.179:3300/0,v1:172.21.15.179:6789/0] conn(0x7f60b8107a00 0x7f60b819b8c0 secure :-1 s=READY pgs=60 cs=0 l=1 rev1=1 crypto rx=0x7f60ac011a20 tx=0x7f60ac011b00 comp rx=0 tx=0).ready entity=mon.0 client_cookie=0 server_cookie=0 in_seq=0 out_seq=0
2024-04-24T07:53:48.647 INFO:teuthology.orchestra.run.smithi179.stdout:/usr/bin/ceph: stderr
2024-04-24T07:53:47.483+0000 7f60b6000700 1 -- 172.21.15.179:0/3342978913 <== mon.0 v2:172.21.15.179:3300/0 1 ==== mon_map magic: 0 ==== 205+0+0 (secure 0 0 0) 0x7f60ac003af0 con 0x7f60b8107a00
2024-04-24T07:53:48.647 INFO:teuthology.orchestra.run.smithi179.stdout:/usr/bin/ceph: stderr
2024-04-24T07:53:47.483+0000 7f60b6000700 1 -- 172.21.15.179:0/3342978913 <== mon.0 v2:172.21.15.179:3300/0 2 ==== config(26 keys) ==== 1102+0+0 (secure 0 0 0) 0x7f60ac01a8e0 con 0x7f60b8107a00
2024-04-24T07:53:48.648 INFO:teuthology.orchestra.run.smithi179.stdout:/usr/bin/ceph: stderr
2024-04-24T07:53:47.483+0000 7f60b6000700 1 -- 172.21.15.179:0/3342978913 <== mon.0 v2:172.21.15.179:3300/0 3 ==== mon_map magic: 0 ==== 205+0+0 (secure 0 0 0) 0x7f60ac024860 con 0x7f60b8107a00
2024-04-24T07:53:48.648 INFO:teuthology.orchestra.run.smithi179.stdout:/usr/bin/ceph: stderr
2024-04-24T07:53:47.483+0000 7f60c0200700 1 -- 172.21.15.179:0/3342978913 --> [v2:172.21.15.179:3300/0,v1:172.21.15.179:6789/0] -- mon_subscribe({mgrmap=0+}) -- 0x7f60b819c090 con 0x7f60b8107a00
2024-04-24T07:53:48.648 INFO:teuthology.orchestra.run.smithi179.stdout:/usr/bin/ceph: stderr
2024-04-24T07:53:47.483+0000 7f60c0200700 1 -- 172.21.15.179:0/3342978913 --> [v2:172.21.15.179:3300/0,v1:172.21.15.179:6789/0] -- mon_subscribe({osdmap=0}) -- 0x7f60b819ed80 con 0x7f60b8107a00
2024-04-24T07:53:48.648 INFO:teuthology.orchestra.run.smithi179.stdout:/usr/bin/ceph: stderr
2024-04-24T07:53:47.484+0000 7f60b6000700 1 -- 172.21.15.179:0/3342978913 <== mon.0 v2:172.21.15.179:3300/0 4 ==== mgrmap(e 9) ==== 46571+0+0 (secure 0 0 0) 0x7f60ac022020 con 0x7f60b8107a00
2024-04-24T07:53:48.648 INFO:teuthology.orchestra.run.smithi179.stdout:/usr/bin/ceph: stderr
2024-04-24T07:53:47.484+0000 7f60c0200700 1 -- 172.21.15.179:0/3342978913 --> [v2:172.21.15.179:3300/0,v1:172.21.15.179:6789/0] -- mon_command({"prefix": "get_command_descriptions"} v 0) -- 0x7f60b810c130 con 0x7f60b8107a00
2024-04-24T07:53:48.648 INFO:teuthology.orchestra.run.smithi179.stdout:/usr/bin/ceph: stderr
2024-04-24T07:53:47.484+0000 7f60b6000700 1 --2- 172.21.15.179:0/3342978913 >> [v2:172.21.15.179:6800/216076711,v1:172.21.15.179:6801/216076711] conn(0x7f60a0039660 0x7f60a003bb20 unknown :-1 s=NONE pgs=0 cs=0 l=1 rev1=0 crypto rx=0 tx=0 comp rx=0 tx=0).connect
2024-04-24T07:53:48.648 INFO:teuthology.orchestra.run.smithi179.stdout:/usr/bin/ceph: stderr
2024-04-24T07:53:47.485+0000 7f60b6000700 1 -- 172.21.15.179:0/3342978913 <== mon.0 v2:172.21.15.179:3300/0 5 ==== osd_map(2..2 src has 1..2) ==== 940+0+0 (secure 0 0 0) 0x7f60ac04d9c0 con 0x7f60b8107a00
2024-04-24T07:53:48.648 INFO:teuthology.orchestra.run.smithi179.stdout:/usr/bin/ceph: stderr
2024-04-24T07:53:47.485+0000 7f60bce00700 1 -- 172.21.15.179:0/3342978913 >> [v2:172.21.15.179:6800/216076711,v1:172.21.15.179:6801/216076711] conn(0x7f60a0039660 msgr2=0x7f60a003bb20 unknown :-1 s=STATE_CONNECTING_RE l=1).process reconnect failed to v2:172.21.15.179:6800/216076711
2024-04-24T07:53:48.648 INFO:teuthology.orchestra.run.smithi179.stdout:/usr/bin/ceph: stderr
2024-04-24T07:53:47.485+0000 7f60bce00700 1 --2- 172.21.15.179:0/3342978913 >> [v2:172.21.15.179:6800/216076711,v1:172.21.15.179:6801/216076711] conn(0x7f60a0039660 0x7f60a003bb20 unknown :-1 s=START_CONNECT pgs=0 cs=0 l=1 rev1=0 crypto rx=0 tx=0 comp rx=0 tx=0)._fault waiting 0.200000
2024-04-24T07:53:48.648 INFO:teuthology.orchestra.run.smithi179.stdout:/usr/bin/ceph: stderr
2024-04-24T07:53:47.491+0000 7f60b6000700 1 -- 172.21.15.179:0/3342978913 <== mon.0 v2:172.21.15.179:3300/0 6 ==== mon_command_ack([{"prefix": "get_command_descriptions"}]=0 v0) ==== 72+0+188370 (secure 0 0 0) 0x7f60ac02c3a0 con 0x7f60b8107a00
2024-04-24T07:53:48.648 INFO:teuthology.orchestra.run.smithi179.stdout:/usr/bin/ceph: stderr
2024-04-24T07:53:47.686+0000 7f60bce00700 1 -- 172.21.15.179:0/3342978913 >> [v2:172.21.15.179:6800/216076711,v1:172.21.15.179:6801/216076711] conn(0x7f60a0039660 msgr2=0x7f60a003bb20 unknown :-1 s=STATE_CONNECTING_RE l=1).process reconnect failed to v2:172.21.15.179:6800/216076711
2024-04-24T07:53:48.648 INFO:teuthology.orchestra.run.smithi179.stdout:/usr/bin/ceph: stderr
2024-04-24T07:53:47.686+0000 7f60bce00700 1 --2- 172.21.15.179:0/3342978913 >> [v2:172.21.15.179:6800/216076711,v1:172.21.15.179:6801/216076711] conn(0x7f60a0039660 0x7f60a003bb20 unknown :-1 s=START_CONNECT pgs=0 cs=0 l=1 rev1=0 crypto rx=0 tx=0 comp rx=0 tx=0)._fault waiting 0.400000
2024-04-24T07:53:48.648 INFO:teuthology.orchestra.run.smithi179.stdout:/usr/bin/ceph: stderr
2024-04-24T07:53:47.772+0000 7f60c0200700 1 -- 172.21.15.179:0/3342978913 --> [v2:172.21.15.179:3300/0,v1:172.21.15.179:6789/0] -- mon_command({"prefix": "mgr stat"} v 0) -- 0x7f60b819f350 con 0x7f60b8107a00
2024-04-24T07:53:48.648 INFO:teuthology.orchestra.run.smithi179.stdout:/usr/bin/ceph: stderr
2024-04-24T07:53:47.773+0000 7f60b6000700 1 -- 172.21.15.179:0/3342978913 <== mon.0 v2:172.21.15.179:3300/0 7 ==== mon_command_ack([{"prefix": "mgr stat"}]=0 v9) ==== 56+0+88 (secure 0 0 0) 0x7f60ac02ad60 con 0x7f60b8107a00
2024-04-24T07:53:48.648 INFO:teuthology.orchestra.run.smithi179.stdout:/usr/bin/ceph: stderr
2024-04-24T07:53:47.777+0000 7f60c0200700 1 -- 172.21.15.179:0/3342978913 >> [v2:172.21.15.179:6800/216076711,v1:172.21.15.179:6801/216076711] conn(0x7f60a0039660 msgr2=0x7f60a003bb20 unknown :-1 s=STATE_CONNECTING l=1).mark_down
2024-04-24T07:53:48.649 INFO:teuthology.orchestra.run.smithi179.stdout:/usr/bin/ceph: stderr
2024-04-24T07:53:47.777+0000 7f60c0200700 1 --2- 172.21.15.179:0/3342978913 >> [v2:172.21.15.179:6800/216076711,v1:172.21.15.179:6801/216076711] conn(0x7f60a0039660 0x7f60a003bb20 unknown :-1 s=START_CONNECT pgs=0 cs=0 l=1 rev1=0 crypto rx=0 tx=0 comp rx=0 tx=0).stop
2024-04-24T07:53:48.649 INFO:teuthology.orchestra.run.smithi179.stdout:/usr/bin/ceph: stderr
2024-04-24T07:53:47.777+0000 7f60c0200700 1 -- 172.21.15.179:0/3342978913 >> [v2:172.21.15.179:3300/0,v1:172.21.15.179:6789/0] conn(0x7f60b8107a00 msgr2=0x7f60b819b8c0 secure :-1 s=STATE_CONNECTION_ESTABLISHED l=1).mark_down
2024-04-24T07:53:48.649 INFO:teuthology.orchestra.run.smithi179.stdout:/usr/bin/ceph: stderr
2024-04-24T07:53:47.777+0000 7f60c0200700 1 --2- 172.21.15.179:0/3342978913 >> [v2:172.21.15.179:3300/0,v1:172.21.15.179:6789/0] conn(0x7f60b8107a00 0x7f60b819b8c0 secure :-1 s=READY pgs=60 cs=0 l=1 rev1=1 crypto rx=0x7f60ac011a20 tx=0x7f60ac011b00 comp rx=0 tx=0).stop
2024-04-24T07:53:48.649 INFO:teuthology.orchestra.run.smithi179.stdout:/usr/bin/ceph: stderr
2024-04-24T07:53:47.778+0000 7f60c0200700 1 -- 172.21.15.179:0/3342978913 shutdown_connections
2024-04-24T07:53:48.649 INFO:teuthology.orchestra.run.smithi179.stdout:/usr/bin/ceph: stderr
2024-04-24T07:53:47.778+0000 7f60c0200700 1 --2- 172.21.15.179:0/3342978913 >> [v2:172.21.15.179:6800/216076711,v1:172.21.15.179:6801/216076711] conn(0x7f60a0039660 0x7f60a003bb20 unknown :-1 s=CLOSED pgs=0 cs=0 l=1 rev1=0 crypto rx=0 tx=0 comp rx=0 tx=0).stop
2024-04-24T07:53:48.649 INFO:teuthology.orchestra.run.smithi179.stdout:/usr/bin/ceph: stderr
2024-04-24T07:53:47.778+0000 7f60c0200700 1 --2- 172.21.15.179:0/3342978913 >> [v2:172.21.15.179:3300/0,v1:172.21.15.179:6789/0] conn(0x7f60b8107a00 0x7f60b819b8c0 unknown :-1 s=CLOSED pgs=60 cs=0 l=1 rev1=1 crypto rx=0 tx=0 comp rx=0 tx=0).stop
2024-04-24T07:53:48.649 INFO:teuthology.orchestra.run.smithi179.stdout:/usr/bin/ceph: stderr
2024-04-24T07:53:47.778+0000 7f60c0200700 1 -- 172.21.15.179:0/3342978913 >> 172.21.15.179:0/3342978913 conn(0x7f60b8102fa0 msgr2=0x7f60b8103a90 unknown :-1 s=STATE_NONE l=0).mark_down
2024-04-24T07:53:48.649 INFO:teuthology.orchestra.run.smithi179.stdout:/usr/bin/ceph: stderr
2024-04-24T07:53:47.778+0000 7f60c0200700 1 -- 172.21.15.179:0/3342978913 shutdown_connections
2024-04-24T07:53:48.649 INFO:teuthology.orchestra.run.smithi179.stdout:/usr/bin/ceph: stderr
2024-04-24T07:53:47.778+0000 7f60c0200700 1 -- 172.21.15.179:0/3342978913 wait complete.
2024-04-24T07:53:48.649 INFO:teuthology.orchestra.run.smithi179.stdout:Waiting for the mgr to restart...
2024-04-24T07:53:48.649 INFO:teuthology.orchestra.run.smithi179.stdout:Waiting for mgr epoch 9...
2024-04-24T07:53:48.842 INFO:journalctl@ceph.mgr.x.smithi179.stdout:Apr 24 07:53:48 smithi179 ceph-7d875f26-020f-11ef-bc93-c7b262605968-mgr-x[25924]:
2024-04-24T07:53:48.717+0000 7f013d4cc200 -1 mgr[py] Module alerts has missing NOTIFY_TYPES member
2024-04-24T07:53:48.843 INFO:journalctl@ceph.mgr.x.smithi179.stdout:Apr 24 07:53:48 smithi179 ceph-7d875f26-020f-11ef-bc93-c7b262605968-mgr-x[25924]:
2024-04-24T07:53:48.841+0000 7f013d4cc200 -1 mgr[py] Module selftest has missing NOTIFY_TYPES member
2024-04-24T07:53:49.363 INFO:journalctl@ceph.mgr.x.smithi179.stdout:Apr 24 07:53:49 smithi179 ceph-7d875f26-020f-11ef-bc93-c7b262605968-mgr-x[25924]:
2024-04-24T07:53:49.106+0000 7f013d4cc200 -1 mgr[py] Module pg_autoscaler has missing NOTIFY_TYPES member
2024-04-24T07:53:49.363 INFO:journalctl@ceph.mgr.x.smithi179.stdout:Apr 24 07:53:49 smithi179 ceph-7d875f26-020f-11ef-bc93-c7b262605968-mgr-x[25924]:
2024-04-24T07:53:49.362+0000 7f013d4cc200 -1 mgr[py] Module test_orchestrator has missing NOTIFY_TYPES member
2024-04-24T07:53:50.467 INFO:journalctl@ceph.mgr.x.smithi179.stdout:Apr 24 07:53:50 smithi179 ceph-7d875f26-020f-11ef-bc93-c7b262605968-mgr-x[25924]:
2024-04-24T07:53:50.134+0000 7f013d4cc200 -1 mgr[py] Module rook has missing NOTIFY_TYPES member
2024-04-24T07:53:50.967 INFO:journalctl@ceph.mgr.x.smithi179.stdout:Apr 24 07:53:50 smithi179 ceph-7d875f26-020f-11ef-bc93-c7b262605968-mgr-x[25924]:
2024-04-24T07:53:50.676+0000 7f013d4cc200 -1 mgr[py] Module volumes has missing NOTIFY_TYPES member
2024-04-24T07:53:50.967 INFO:journalctl@ceph.mgr.x.smithi179.stdout:Apr 24 07:53:50 smithi179 ceph-7d875f26-020f-11ef-bc93-c7b262605968-mgr-x[25924]:
2024-04-24T07:53:50.801+0000 7f013d4cc200 -1 mgr[py] Module crash has missing NOTIFY_TYPES member
2024-04-24T07:53:51.467 INFO:journalctl@ceph.mgr.x.smithi179.stdout:Apr 24 07:53:51 smithi179 ceph-7d875f26-020f-11ef-bc93-c7b262605968-mgr-x[25924]:
2024-04-24T07:53:51.064+0000 7f013d4cc200 -1 mgr[py] Module rgw has missing NOTIFY_TYPES member
2024-04-24T07:53:51.967 INFO:journalctl@ceph.mgr.x.smithi179.stdout:Apr 24 07:53:51 smithi179 ceph-7d875f26-020f-11ef-bc93-c7b262605968-mgr-x[25924]:
2024-04-24T07:53:51.704+0000 7f013d4cc200 -1 mgr[py] Module prometheus has missing NOTIFY_TYPES member
2024-04-24T07:53:51.967 INFO:journalctl@ceph.mgr.x.smithi179.stdout:Apr 24 07:53:51 smithi179 ceph-7d875f26-020f-11ef-bc93-c7b262605968-mgr-x[25924]:
2024-04-24T07:53:51.825+0000 7f013d4cc200 -1 mgr[py] Module devicehealth has missing NOTIFY_TYPES member
2024-04-24T07:53:52.442 INFO:journalctl@ceph.mgr.x.smithi179.stdout:Apr 24 07:53:52 smithi179 ceph-7d875f26-020f-11ef-bc93-c7b262605968-mgr-x[25924]:
2024-04-24T07:53:52.140+0000 7f013d4cc200 -1 mgr[py] Module telemetry has missing NOTIFY_TYPES member
2024-04-24T07:53:52.442 INFO:journalctl@ceph.mgr.x.smithi179.stdout:Apr 24 07:53:52 smithi179 ceph-7d875f26-020f-11ef-bc93-c7b262605968-mgr-x[25924]:
2024-04-24T07:53:52.316+0000 7f013d4cc200 -1 mgr[py] Module diskprediction_local has missing NOTIFY_TYPES member
2024-04-24T07:53:52.442 INFO:journalctl@ceph.mgr.x.smithi179.stdout:Apr 24 07:53:52 smithi179 ceph-7d875f26-020f-11ef-bc93-c7b262605968-mgr-x[25924]:
2024-04-24T07:53:52.441+0000 7f013d4cc200 -1 mgr[py] Module osd_perf_query has missing NOTIFY_TYPES member
2024-04-24T07:53:52.717 INFO:journalctl@ceph.mgr.x.smithi179.stdout:Apr 24 07:53:52 smithi179 ceph-7d875f26-020f-11ef-bc93-c7b262605968-mgr-x[25924]:
2024-04-24T07:53:52.590+0000 7f013d4cc200 -1 mgr[py] Module rbd_support has missing NOTIFY_TYPES member
2024-04-24T07:53:53.217 INFO:journalctl@ceph.mgr.x.smithi179.stdout:Apr 24 07:53:52 smithi179 ceph-7d875f26-020f-11ef-bc93-c7b262605968-mgr-x[25924]:
2024-04-24T07:53:52.957+0000 7f013d4cc200 -1 mgr[py] Module zabbix has missing NOTIFY_TYPES member
2024-04-24T07:53:53.967 INFO:journalctl@ceph.mgr.x.smithi179.stdout:Apr 24 07:53:53 smithi179 ceph-7d875f26-020f-11ef-bc93-c7b262605968-mgr-x[25924]:
2024-04-24T07:53:53.706+0000 7f013d4cc200 -1 mgr[py] Module status has missing NOTIFY_TYPES member
2024-04-24T07:53:54.467 INFO:journalctl@ceph.mgr.x.smithi179.stdout:Apr 24 07:53:53 smithi179 ceph-7d875f26-020f-11ef-bc93-c7b262605968-mgr-x[25924]:
2024-04-24T07:53:53.989+0000 7f013d4cc200 -1 mgr[py] Module nfs has missing NOTIFY_TYPES member
2024-04-24T07:53:54.467 INFO:journalctl@ceph.mon.a.smithi179.stdout:Apr 24 07:53:54 smithi179 ceph-mon[25686]: Active manager daemon x restarted
2024-04-24T07:53:54.468 INFO:journalctl@ceph.mon.a.smithi179.stdout:Apr 24 07:53:54 smithi179 ceph-mon[25686]: Activating manager daemon x
2024-04-24T07:53:54.468 INFO:journalctl@ceph.mon.a.smithi179.stdout:Apr 24 07:53:54 smithi179 ceph-mon[25686]: osdmap e3: 0 total, 0 up, 0 in
2024-04-24T07:53:54.468 INFO:journalctl@ceph.mon.a.smithi179.stdout:Apr 24 07:53:54 smithi179 ceph-mon[25686]: mgrmap e10: x(active, starting, since 0.00878027s)
2024-04-24T07:53:54.468 INFO:journalctl@ceph.mon.a.smithi179.stdout:Apr 24 07:53:54 smithi179 ceph-mon[25686]: from='mgr.14152 172.21.15.179:0/1611738610' entity='mgr.x' cmd=[{"prefix": "mon metadata", "id": "a"}]: dispatch
2024-04-24T07:53:54.468 INFO:journalctl@ceph.mon.a.smithi179.stdout:Apr 24 07:53:54 smithi179 ceph-mon[25686]: from='mgr.14152 172.21.15.179:0/1611738610' entity='mgr.x' cmd=[{"prefix": "mgr metadata", "who": "x", "id": "x"}]: dispatch
2024-04-24T07:53:54.468 INFO:journalctl@ceph.mon.a.smithi179.stdout:Apr 24 07:53:54 smithi179 ceph-mon[25686]: from='mgr.14152 172.21.15.179:0/1611738610' entity='mgr.x' cmd=[{"prefix": "mds metadata"}]: dispatch
2024-04-24T07:53:54.468 INFO:journalctl@ceph.mon.a.smithi179.stdout:Apr 24 07:53:54 smithi179 ceph-mon[25686]: from='mgr.14152 172.21.15.179:0/1611738610' entity='mgr.x' cmd=[{"prefix": "osd metadata"}]: dispatch
2024-04-24T07:53:54.468 INFO:journalctl@ceph.mon.a.smithi179.stdout:Apr 24 07:53:54 smithi179 ceph-mon[25686]: from='mgr.14152 172.21.15.179:0/1611738610' entity='mgr.x' cmd=[{"prefix": "mon metadata"}]: dispatch
2024-04-24T07:53:54.468 INFO:journalctl@ceph.mon.a.smithi179.stdout:Apr 24 07:53:54 smithi179 ceph-mon[25686]: Manager daemon x is now available
2024-04-24T07:53:55.467 INFO:journalctl@ceph.mon.a.smithi179.stdout:Apr 24 07:53:55 smithi179 ceph-mon[25686]: from='mgr.14152 172.21.15.179:0/1611738610' entity='mgr.x' cmd=[{"prefix": "config dump", "format": "json"}]: dispatch
2024-04-24T07:53:55.467 INFO:journalctl@ceph.mon.a.smithi179.stdout:Apr 24 07:53:55 smithi179 ceph-mon[25686]: from='mgr.14152 172.21.15.179:0/1611738610' entity='mgr.x' cmd=[{"prefix":"config rm","who":"mgr","name":"mgr/rbd_support/x/mirror_snapshot_schedule"}]: dispatch
2024-04-24T07:53:55.467 INFO:journalctl@ceph.mon.a.smithi179.stdout:Apr 24 07:53:55 smithi179 ceph-mon[25686]: from='mgr.14152 172.21.15.179:0/1611738610' entity='mgr.x' cmd=[{"prefix":"config rm","who":"mgr","name":"mgr/rbd_support/x/trash_purge_schedule"}]: dispatch
2024-04-24T07:53:55.467 INFO:journalctl@ceph.mon.a.smithi179.stdout:Apr 24 07:53:55 smithi179 ceph-mon[25686]: mgrmap e11: x(active, since 1.01007s)
2024-04-24T07:53:56.468 INFO:journalctl@ceph.mon.a.smithi179.stdout:Apr 24 07:53:56 smithi179 ceph-mon[25686]: [24/Apr/2024:07:53:54] ENGINE Bus STARTING
2024-04-24T07:53:56.468 INFO:journalctl@ceph.mon.a.smithi179.stdout:Apr 24 07:53:56 smithi179 ceph-mon[25686]: [24/Apr/2024:07:53:54] ENGINE Serving on http://172.21.15.179:8765
2024-04-24T07:53:56.468 INFO:journalctl@ceph.mon.a.smithi179.stdout:Apr 24 07:53:56 smithi179 ceph-mon[25686]: [24/Apr/2024:07:53:54] ENGINE Serving on https://172.21.15.179:7150
2024-04-24T07:53:56.468 INFO:journalctl@ceph.mon.a.smithi179.stdout:Apr 24 07:53:56 smithi179 ceph-mon[25686]: [24/Apr/2024:07:53:54] ENGINE Bus STARTED
2024-04-24T07:53:56.468 INFO:journalctl@ceph.mon.a.smithi179.stdout:Apr 24 07:53:56 smithi179 ceph-mon[25686]: from='client.14156 -' entity='client.admin' cmd=[{"prefix": "get_command_descriptions"}]: dispatch
2024-04-24T07:53:56.468 INFO:journalctl@ceph.mon.a.smithi179.stdout:Apr 24 07:53:56 smithi179 ceph-mon[25686]: from='client.14156 -' entity='client.admin' cmd=[{"prefix": "mgr_status"}]: dispatch
2024-04-24T07:53:56.626 INFO:teuthology.orchestra.run.smithi179.stdout:/usr/bin/ceph: stdout {
2024-04-24T07:53:56.626 INFO:teuthology.orchestra.run.smithi179.stdout:/usr/bin/ceph: stdout "mgrmap_epoch": 11,
2024-04-24T07:53:56.626 INFO:teuthology.orchestra.run.smithi179.stdout:/usr/bin/ceph: stdout "initialized": true
2024-04-24T07:53:56.626 INFO:teuthology.orchestra.run.smithi179.stdout:/usr/bin/ceph: stdout }
2024-04-24T07:53:56.626 INFO:teuthology.orchestra.run.smithi179.stdout:/usr/bin/ceph: stderr
2024-04-24T07:53:49.207+0000 7f0cd9200700 1 Processor -- start
2024-04-24T07:53:56.626 INFO:teuthology.orchestra.run.smithi179.stdout:/usr/bin/ceph: stderr
2024-04-24T07:53:49.207+0000 7f0cd9200700 1 -- start start
2024-04-24T07:53:56.633 INFO:teuthology.orchestra.run.smithi179.stdout:/usr/bin/ceph: stderr
2024-04-24T07:53:49.208+0000 7f0cd9200700 1 --2- >> [v2:172.21.15.179:3300/0,v1:172.21.15.179:6789/0] conn(0x7f0cd4106110 0x7f0cd4108540 unknown :-1 s=NONE pgs=0 cs=0 l=0 rev1=0 crypto rx=0 tx=0 comp rx=0 tx=0).connect
2024-04-24T07:53:56.633 INFO:teuthology.orchestra.run.smithi179.stdout:/usr/bin/ceph: stderr
2024-04-24T07:53:49.208+0000 7f0cd9200700 1 -- --> [v2:172.21.15.179:3300/0,v1:172.21.15.179:6789/0] -- mon_getmap magic: 0 -- 0x7f0cd407b6d0 con 0x7f0cd4106110
2024-04-24T07:53:56.634 INFO:teuthology.orchestra.run.smithi179.stdout:/usr/bin/ceph: stderr
2024-04-24T07:53:49.208+0000 7f0cd3400700 1 --2- >> [v2:172.21.15.179:3300/0,v1:172.21.15.179:6789/0] conn(0x7f0cd4106110 0x7f0cd4108540 unknown :-1 s=BANNER_CONNECTING pgs=0 cs=0 l=0 rev1=0 crypto rx=0 tx=0 comp rx=0 tx=0)._handle_peer_banner_payload supported=3 required=0
2024-04-24T07:53:56.634 INFO:teuthology.orchestra.run.smithi179.stdout:/usr/bin/ceph: stderr
2024-04-24T07:53:49.208+0000 7f0cd3400700 1 --2- >> [v2:172.21.15.179:3300/0,v1:172.21.15.179:6789/0] conn(0x7f0cd4106110 0x7f0cd4108540 unknown :-1 s=HELLO_CONNECTING pgs=0 cs=0 l=0 rev1=1 crypto rx=0 tx=0 comp rx=0 tx=0).handle_hello peer v2:172.21.15.179:3300/0 says I am v2:172.21.15.179:33224/0 (socket says 172.21.15.179:33224)
2024-04-24T07:53:56.634 INFO:teuthology.orchestra.run.smithi179.stdout:/usr/bin/ceph: stderr
2024-04-24T07:53:49.208+0000 7f0cd3400700 1 -- 172.21.15.179:0/3713444157 learned_addr learned my addr 172.21.15.179:0/3713444157 (peer_addr_for_me v2:172.21.15.179:0/0)
2024-04-24T07:53:56.634 INFO:teuthology.orchestra.run.smithi179.stdout:/usr/bin/ceph: stderr
2024-04-24T07:53:49.209+0000 7f0cd3400700 1 -- 172.21.15.179:0/3713444157 --> [v2:172.21.15.179:3300/0,v1:172.21.15.179:6789/0] -- mon_subscribe({config=0+,monmap=0+}) -- 0x7f0cd4108a80 con 0x7f0cd4106110
2024-04-24T07:53:56.634 INFO:teuthology.orchestra.run.smithi179.stdout:/usr/bin/ceph: stderr
2024-04-24T07:53:49.209+0000 7f0cd3400700 1 --2- 172.21.15.179:0/3713444157 >> [v2:172.21.15.179:3300/0,v1:172.21.15.179:6789/0] conn(0x7f0cd4106110 0x7f0cd4108540 secure :-1 s=READY pgs=61 cs=0 l=1 rev1=1 crypto rx=0x7f0cc40098a0 tx=0x7f0cc4009bb0 comp rx=0 tx=0).ready entity=mon.0 client_cookie=c44e5075d1d2bc50 server_cookie=0 in_seq=0 out_seq=0
2024-04-24T07:53:56.634 INFO:teuthology.orchestra.run.smithi179.stdout:/usr/bin/ceph: stderr
2024-04-24T07:53:49.209+0000 7f0cd2000700 1 -- 172.21.15.179:0/3713444157 <== mon.0 v2:172.21.15.179:3300/0 1 ==== mon_map magic: 0 ==== 205+0+0 (secure 0 0 0) 0x7f0cc4004160 con 0x7f0cd4106110
2024-04-24T07:53:56.634 INFO:teuthology.orchestra.run.smithi179.stdout:/usr/bin/ceph: stderr
2024-04-24T07:53:49.209+0000 7f0cd2000700 1 -- 172.21.15.179:0/3713444157 <== mon.0 v2:172.21.15.179:3300/0 2 ==== config(26 keys) ==== 1102+0+0 (secure 0 0 0) 0x7f0cc4004300 con 0x7f0cd4106110
2024-04-24T07:53:56.634 INFO:teuthology.orchestra.run.smithi179.stdout:/usr/bin/ceph: stderr
2024-04-24T07:53:49.209+0000 7f0cd2000700 1 -- 172.21.15.179:0/3713444157 <== mon.0 v2:172.21.15.179:3300/0 3 ==== mon_map magic: 0 ==== 205+0+0 (secure 0 0 0) 0x7f0cc4011a50 con 0x7f0cd4106110
2024-04-24T07:53:56.634 INFO:teuthology.orchestra.run.smithi179.stdout:/usr/bin/ceph: stderr
2024-04-24T07:53:49.210+0000 7f0cd9200700 1 -- 172.21.15.179:0/3713444157 >> [v2:172.21.15.179:3300/0,v1:172.21.15.179:6789/0] conn(0x7f0cd4106110 msgr2=0x7f0cd4108540 secure :-1 s=STATE_CONNECTION_ESTABLISHED l=1).mark_down
2024-04-24T07:53:56.634 INFO:teuthology.orchestra.run.smithi179.stdout:/usr/bin/ceph: stderr
2024-04-24T07:53:49.210+0000 7f0cd9200700 1 --2- 172.21.15.179:0/3713444157 >> [v2:172.21.15.179:3300/0,v1:172.21.15.179:6789/0] conn(0x7f0cd4106110 0x7f0cd4108540 secure :-1 s=READY pgs=61 cs=0 l=1 rev1=1 crypto rx=0x7f0cc40098a0 tx=0x7f0cc4009bb0 comp rx=0 tx=0).stop
2024-04-24T07:53:56.634 INFO:teuthology.orchestra.run.smithi179.stdout:/usr/bin/ceph: stderr
2024-04-24T07:53:49.210+0000 7f0cd9200700 1 -- 172.21.15.179:0/3713444157 shutdown_connections
2024-04-24T07:53:56.635 INFO:teuthology.orchestra.run.smithi179.stdout:/usr/bin/ceph: stderr
2024-04-24T07:53:49.210+0000 7f0cd9200700 1 --2- 172.21.15.179:0/3713444157 >> [v2:172.21.15.179:3300/0,v1:172.21.15.179:6789/0] conn(0x7f0cd4106110 0x7f0cd4108540 unknown :-1 s=CLOSED pgs=61 cs=0 l=1 rev1=1 crypto rx=0 tx=0 comp rx=0 tx=0).stop
2024-04-24T07:53:56.635 INFO:teuthology.orchestra.run.smithi179.stdout:/usr/bin/ceph: stderr
2024-04-24T07:53:49.210+0000 7f0cd9200700 1 -- 172.21.15.179:0/3713444157 >> 172.21.15.179:0/3713444157 conn(0x7f0cd4101d70 msgr2=0x7f0cd4104190 unknown :-1 s=STATE_NONE l=0).mark_down
2024-04-24T07:53:56.635 INFO:teuthology.orchestra.run.smithi179.stdout:/usr/bin/ceph: stderr
2024-04-24T07:53:49.210+0000 7f0cd9200700 1 -- 172.21.15.179:0/3713444157 shutdown_connections
2024-04-24T07:53:56.635 INFO:teuthology.orchestra.run.smithi179.stdout:/usr/bin/ceph: stderr
2024-04-24T07:53:49.210+0000 7f0cd9200700 1 -- 172.21.15.179:0/3713444157 wait complete.
2024-04-24T07:53:56.635 INFO:teuthology.orchestra.run.smithi179.stdout:/usr/bin/ceph: stderr
2024-04-24T07:53:49.211+0000 7f0cd9200700 1 Processor -- start
2024-04-24T07:53:56.635 INFO:teuthology.orchestra.run.smithi179.stdout:/usr/bin/ceph: stderr
2024-04-24T07:53:49.211+0000 7f0cd9200700 1 -- start start
2024-04-24T07:53:56.635 INFO:teuthology.orchestra.run.smithi179.stdout:/usr/bin/ceph: stderr
2024-04-24T07:53:49.212+0000 7f0cd9200700 1 --2- >> [v2:172.21.15.179:3300/0,v1:172.21.15.179:6789/0] conn(0x7f0cd4106110 0x7f0cd41a1cd0 unknown :-1 s=NONE pgs=0 cs=0 l=1 rev1=0 crypto rx=0 tx=0 comp rx=0 tx=0).connect
2024-04-24T07:53:56.635 INFO:teuthology.orchestra.run.smithi179.stdout:/usr/bin/ceph: stderr
2024-04-24T07:53:49.212+0000 7f0cd9200700 1 -- --> [v2:172.21.15.179:3300/0,v1:172.21.15.179:6789/0] -- mon_getmap magic: 0 -- 0x7f0cd4109af0 con 0x7f0cd4106110
2024-04-24T07:53:56.635 INFO:teuthology.orchestra.run.smithi179.stdout:/usr/bin/ceph: stderr
2024-04-24T07:53:49.212+0000 7f0cd3400700 1 --2- >> [v2:172.21.15.179:3300/0,v1:172.21.15.179:6789/0] conn(0x7f0cd4106110 0x7f0cd41a1cd0 unknown :-1 s=BANNER_CONNECTING pgs=0 cs=0 l=1 rev1=0 crypto rx=0 tx=0 comp rx=0 tx=0)._handle_peer_banner_payload supported=3 required=0
2024-04-24T07:53:56.635 INFO:teuthology.orchestra.run.smithi179.stdout:/usr/bin/ceph: stderr
2024-04-24T07:53:49.212+0000 7f0cd3400700 1 --2- >> [v2:172.21.15.179:3300/0,v1:172.21.15.179:6789/0] conn(0x7f0cd4106110 0x7f0cd41a1cd0 unknown :-1 s=HELLO_CONNECTING pgs=0 cs=0 l=1 rev1=1 crypto rx=0 tx=0 comp rx=0 tx=0).handle_hello peer v2:172.21.15.179:3300/0 says I am v2:172.21.15.179:33228/0 (socket says 172.21.15.179:33228)
2024-04-24T07:53:56.635 INFO:teuthology.orchestra.run.smithi179.stdout:/usr/bin/ceph: stderr
2024-04-24T07:53:49.212+0000 7f0cd3400700 1 -- 172.21.15.179:0/1317617364 learned_addr learned my addr 172.21.15.179:0/1317617364 (peer_addr_for_me v2:172.21.15.179:0/0)
2024-04-24T07:53:56.635 INFO:teuthology.orchestra.run.smithi179.stdout:/usr/bin/ceph: stderr
2024-04-24T07:53:49.212+0000 7f0cd3400700 1 -- 172.21.15.179:0/1317617364 --> [v2:172.21.15.179:3300/0,v1:172.21.15.179:6789/0] -- mon_subscribe({config=0+,monmap=0+}) -- 0x7f0cd41a2210 con 0x7f0cd4106110
2024-04-24T07:53:56.635 INFO:teuthology.orchestra.run.smithi179.stdout:/usr/bin/ceph: stderr
2024-04-24T07:53:49.212+0000 7f0cd3400700 1 --2- 172.21.15.179:0/1317617364 >> [v2:172.21.15.179:3300/0,v1:172.21.15.179:6789/0] conn(0x7f0cd4106110 0x7f0cd41a1cd0 secure :-1 s=READY pgs=62 cs=0 l=1 rev1=1 crypto rx=0x7f0cc4011a00 tx=0x7f0cc4011ae0 comp rx=0 tx=0).ready entity=mon.0 client_cookie=0 server_cookie=0 in_seq=0 out_seq=0
2024-04-24T07:53:56.636 INFO:teuthology.orchestra.run.smithi179.stdout:/usr/bin/ceph: stderr
2024-04-24T07:53:49.213+0000 7f0ccbe00700 1 -- 172.21.15.179:0/1317617364 <== mon.0 v2:172.21.15.179:3300/0 1 ==== mon_map magic: 0 ==== 205+0+0 (secure 0 0 0) 0x7f0cc4003af0 con 0x7f0cd4106110
2024-04-24T07:53:56.636 INFO:teuthology.orchestra.run.smithi179.stdout:/usr/bin/ceph: stderr
2024-04-24T07:53:49.213+0000 7f0ccbe00700 1 -- 172.21.15.179:0/1317617364 <== mon.0 v2:172.21.15.179:3300/0 2 ==== config(26 keys) ==== 1102+0+0 (secure 0 0 0) 0x7f0cc401a8e0 con 0x7f0cd4106110
2024-04-24T07:53:56.636 INFO:teuthology.orchestra.run.smithi179.stdout:/usr/bin/ceph: stderr
2024-04-24T07:53:49.213+0000 7f0ccbe00700 1 -- 172.21.15.179:0/1317617364 <== mon.0 v2:172.21.15.179:3300/0 3 ==== mon_map magic: 0 ==== 205+0+0 (secure 0 0 0) 0x7f0cc4024840 con 0x7f0cd4106110
2024-04-24T07:53:56.636 INFO:teuthology.orchestra.run.smithi179.stdout:/usr/bin/ceph: stderr
2024-04-24T07:53:49.213+0000 7f0cd9200700 1 -- 172.21.15.179:0/1317617364 --> [v2:172.21.15.179:3300/0,v1:172.21.15.179:6789/0] -- mon_subscribe({mgrmap=0+}) -- 0x7f0cd41a24a0 con 0x7f0cd4106110
2024-04-24T07:53:56.636 INFO:teuthology.orchestra.run.smithi179.stdout:/usr/bin/ceph: stderr
2024-04-24T07:53:49.213+0000 7f0cd9200700 1 -- 172.21.15.179:0/1317617364 --> [v2:172.21.15.179:3300/0,v1:172.21.15.179:6789/0] -- mon_subscribe({osdmap=0}) -- 0x7f0cd41a5180 con 0x7f0cd4106110
2024-04-24T07:53:56.636 INFO:teuthology.orchestra.run.smithi179.stdout:/usr/bin/ceph: stderr
2024-04-24T07:53:49.214+0000 7f0ccbe00700 1 -- 172.21.15.179:0/1317617364 <== mon.0 v2:172.21.15.179:3300/0 4 ==== mgrmap(e 9) ==== 46571+0+0 (secure 0 0 0) 0x7f0cc4022020 con 0x7f0cd4106110
2024-04-24T07:53:56.636 INFO:teuthology.orchestra.run.smithi179.stdout:/usr/bin/ceph: stderr
2024-04-24T07:53:49.214+0000 7f0ccbe00700 1 --2- 172.21.15.179:0/1317617364 >> [v2:172.21.15.179:6800/216076711,v1:172.21.15.179:6801/216076711] conn(0x7f0cb8039600 0x7f0cb803bac0 unknown :-1 s=NONE pgs=0 cs=0 l=1 rev1=0 crypto rx=0 tx=0 comp rx=0 tx=0).connect
2024-04-24T07:53:56.636 INFO:teuthology.orchestra.run.smithi179.stdout:/usr/bin/ceph: stderr
2024-04-24T07:53:49.214+0000 7f0ccbe00700 1 -- 172.21.15.179:0/1317617364 --> [v2:172.21.15.179:6800/216076711,v1:172.21.15.179:6801/216076711] -- command(tid 0: {"prefix": "get_command_descriptions"}) -- 0x7f0cb803c1d0 con 0x7f0cb8039600
2024-04-24T07:53:56.636 INFO:teuthology.orchestra.run.smithi179.stdout:/usr/bin/ceph: stderr
2024-04-24T07:53:49.215+0000 7f0ccbe00700 1 -- 172.21.15.179:0/1317617364 <== mon.0 v2:172.21.15.179:3300/0 5 ==== osd_map(2..2 src has 1..2) ==== 940+0+0 (secure 0 0 0) 0x7f0cc404db50 con 0x7f0cd4106110
2024-04-24T07:53:56.636 INFO:teuthology.orchestra.run.smithi179.stdout:/usr/bin/ceph: stderr
2024-04-24T07:53:49.215+0000 7f0cd2a00700 1 -- 172.21.15.179:0/1317617364 >> [v2:172.21.15.179:6800/216076711,v1:172.21.15.179:6801/216076711] conn(0x7f0cb8039600 msgr2=0x7f0cb803bac0 unknown :-1 s=STATE_CONNECTING_RE l=1).process reconnect failed to v2:172.21.15.179:6800/216076711
2024-04-24T07:53:56.636 INFO:teuthology.orchestra.run.smithi179.stdout:/usr/bin/ceph: stderr
2024-04-24T07:53:49.215+0000 7f0cd2a00700 1 --2- 172.21.15.179:0/1317617364 >> [v2:172.21.15.179:6800/216076711,v1:172.21.15.179:6801/216076711] conn(0x7f0cb8039600 0x7f0cb803bac0 unknown :-1 s=START_CONNECT pgs=0 cs=0 l=1 rev1=0 crypto rx=0 tx=0 comp rx=0 tx=0)._fault waiting 0.200000
2024-04-24T07:53:56.636 INFO:teuthology.orchestra.run.smithi179.stdout:/usr/bin/ceph: stderr
2024-04-24T07:53:49.416+0000 7f0cd2a00700 1 -- 172.21.15.179:0/1317617364 >> [v2:172.21.15.179:6800/216076711,v1:172.21.15.179:6801/216076711] conn(0x7f0cb8039600 msgr2=0x7f0cb803bac0 unknown :-1 s=STATE_CONNECTING_RE l=1).process reconnect failed to v2:172.21.15.179:6800/216076711
2024-04-24T07:53:56.636 INFO:teuthology.orchestra.run.smithi179.stdout:/usr/bin/ceph: stderr
2024-04-24T07:53:49.416+0000 7f0cd2a00700 1 --2- 172.21.15.179:0/1317617364 >> [v2:172.21.15.179:6800/216076711,v1:172.21.15.179:6801/216076711] conn(0x7f0cb8039600 0x7f0cb803bac0 unknown :-1 s=START_CONNECT pgs=0 cs=0 l=1 rev1=0 crypto rx=0 tx=0 comp rx=0 tx=0)._fault waiting 0.400000
2024-04-24T07:53:56.636 INFO:teuthology.orchestra.run.smithi179.stdout:/usr/bin/ceph: stderr
2024-04-24T07:53:49.817+0000 7f0cd2a00700 1 -- 172.21.15.179:0/1317617364 >> [v2:172.21.15.179:6800/216076711,v1:172.21.15.179:6801/216076711] conn(0x7f0cb8039600 msgr2=0x7f0cb803bac0 unknown :-1 s=STATE_CONNECTING_RE l=1).process reconnect failed to v2:172.21.15.179:6800/216076711
2024-04-24T07:53:56.637 INFO:teuthology.orchestra.run.smithi179.stdout:/usr/bin/ceph: stderr
