2024-04-24T07:53:27.944 INFO:teuthology.orchestra.run.smithi179.stdout:/usr/bin/ceph: stderr
2024-04-24T07:53:26.885+0000 7f9bda800700 1 Processor -- start
2024-04-24T07:53:27.944 INFO:teuthology.orchestra.run.smithi179.stdout:/usr/bin/ceph: stderr
2024-04-24T07:53:26.885+0000 7f9bda800700 1 -- start start
2024-04-24T07:53:27.944 INFO:teuthology.orchestra.run.smithi179.stdout:/usr/bin/ceph: stderr
2024-04-24T07:53:26.886+0000 7f9bda800700 1 --2- >> [v2:172.21.15.179:3300/0,v1:172.21.15.179:6789/0] conn(0x7f9bd4107a50 0x7f9bd419db90 unknown :-1 s=NONE pgs=0 cs=0 l=1 rev1=0 crypto rx=0 tx=0 comp rx=0 tx=0).connect
2024-04-24T07:53:27.945 INFO:teuthology.orchestra.run.smithi179.stdout:/usr/bin/ceph: stderr
2024-04-24T07:53:26.886+0000 7f9bda800700 1 -- --> [v2:172.21.15.179:3300/0,v1:172.21.15.179:6789/0] -- mon_getmap magic: 0 -- 0x7f9bd410be30 con 0x7f9bd4107a50
2024-04-24T07:53:27.948 INFO:teuthology.orchestra.run.smithi179.stdout:/usr/bin/ceph: stderr
2024-04-24T07:53:26.886+0000 7f9bd3400700 1 --2- >> [v2:172.21.15.179:3300/0,v1:172.21.15.179:6789/0] conn(0x7f9bd4107a50 0x7f9bd419db90 unknown :-1 s=BANNER_CONNECTING pgs=0 cs=0 l=1 rev1=0 crypto rx=0 tx=0 comp rx=0 tx=0)._handle_peer_banner_payload supported=3 required=0
2024-04-24T07:53:27.948 INFO:teuthology.orchestra.run.smithi179.stdout:/usr/bin/ceph: stderr
2024-04-24T07:53:26.886+0000 7f9bd3400700 1 --2- >> [v2:172.21.15.179:3300/0,v1:172.21.15.179:6789/0] conn(0x7f9bd4107a50 0x7f9bd419db90 unknown :-1 s=HELLO_CONNECTING pgs=0 cs=0 l=1 rev1=1 crypto rx=0 tx=0 comp rx=0 tx=0).handle_hello peer v2:172.21.15.179:3300/0 says I am v2:172.21.15.179:56374/0 (socket says 172.21.15.179:56374)
2024-04-24T07:53:27.948 INFO:teuthology.orchestra.run.smithi179.stdout:/usr/bin/ceph: stderr
2024-04-24T07:53:26.886+0000 7f9bd3400700 1 -- 172.21.15.179:0/3882838756 learned_addr learned my addr 172.21.15.179:0/3882838756 (peer_addr_for_me v2:172.21.15.179:0/0)
2024-04-24T07:53:27.948 INFO:teuthology.orchestra.run.smithi179.stdout:/usr/bin/ceph: stderr
2024-04-24T07:53:26.886+0000 7f9bd3400700 1 -- 172.21.15.179:0/3882838756 --> [v2:172.21.15.179:3300/0,v1:172.21.15.179:6789/0] -- mon_subscribe({config=0+,monmap=0+}) -- 0x7f9bd419e0d0 con 0x7f9bd4107a50
2024-04-24T07:53:27.948 INFO:teuthology.orchestra.run.smithi179.stdout:/usr/bin/ceph: stderr
2024-04-24T07:53:26.887+0000 7f9bd3400700 1 --2- 172.21.15.179:0/3882838756 >> [v2:172.21.15.179:3300/0,v1:172.21.15.179:6789/0] conn(0x7f9bd4107a50 0x7f9bd419db90 secure :-1 s=READY pgs=44 cs=0 l=1 rev1=1 crypto rx=0x7f9bc4000c00 tx=0x7f9bc4004290 comp rx=0 tx=0).ready entity=mon.0 client_cookie=0 server_cookie=0 in_seq=0 out_seq=0
2024-04-24T07:53:27.948 INFO:teuthology.orchestra.run.smithi179.stdout:/usr/bin/ceph: stderr
2024-04-24T07:53:26.887+0000 7f9bd0c00700 1 -- 172.21.15.179:0/3882838756 <== mon.0 v2:172.21.15.179:3300/0 1 ==== mon_map magic: 0 ==== 205+0+0 (secure 0 0 0) 0x7f9bc40039c0 con 0x7f9bd4107a50
2024-04-24T07:53:27.948 INFO:teuthology.orchestra.run.smithi179.stdout:/usr/bin/ceph: stderr
2024-04-24T07:53:26.887+0000 7f9bd0c00700 1 -- 172.21.15.179:0/3882838756 <== mon.0 v2:172.21.15.179:3300/0 2 ==== config(26 keys) ==== 1071+0+0 (secure 0 0 0) 0x7f9bc4003b60 con 0x7f9bd4107a50
2024-04-24T07:53:27.949 INFO:teuthology.orchestra.run.smithi179.stdout:/usr/bin/ceph: stderr
2024-04-24T07:53:26.887+0000 7f9bd0c00700 1 -- 172.21.15.179:0/3882838756 <== mon.0 v2:172.21.15.179:3300/0 3 ==== mon_map magic: 0 ==== 205+0+0 (secure 0 0 0) 0x7f9bc401a6f0 con 0x7f9bd4107a50
2024-04-24T07:53:27.949 INFO:teuthology.orchestra.run.smithi179.stdout:/usr/bin/ceph: stderr
2024-04-24T07:53:26.887+0000 7f9bda800700 1 -- 172.21.15.179:0/3882838756 --> [v2:172.21.15.179:3300/0,v1:172.21.15.179:6789/0] -- mon_subscribe({mgrmap=0+}) -- 0x7f9bd419e360 con 0x7f9bd4107a50
2024-04-24T07:53:27.949 INFO:teuthology.orchestra.run.smithi179.stdout:/usr/bin/ceph: stderr
2024-04-24T07:53:26.887+0000 7f9bda800700 1 -- 172.21.15.179:0/3882838756 --> [v2:172.21.15.179:3300/0,v1:172.21.15.179:6789/0] -- mon_subscribe({osdmap=0}) -- 0x7f9bd41a1050 con 0x7f9bd4107a50
2024-04-24T07:53:27.949 INFO:teuthology.orchestra.run.smithi179.stdout:/usr/bin/ceph: stderr
2024-04-24T07:53:26.888+0000 7f9bd0c00700 1 -- 172.21.15.179:0/3882838756 <== mon.0 v2:172.21.15.179:3300/0 4 ==== mgrmap(e 8) ==== 46558+0+0 (secure 0 0 0) 0x7f9bc4024a40 con 0x7f9bd4107a50
2024-04-24T07:53:27.949 INFO:teuthology.orchestra.run.smithi179.stdout:/usr/bin/ceph: stderr
2024-04-24T07:53:26.888+0000 7f9bda800700 1 -- 172.21.15.179:0/3882838756 --> [v2:172.21.15.179:3300/0,v1:172.21.15.179:6789/0] -- mon_command({"prefix": "get_command_descriptions"} v 0) -- 0x7f9bd410bfb0 con 0x7f9bd4107a50
2024-04-24T07:53:27.949 INFO:teuthology.orchestra.run.smithi179.stdout:/usr/bin/ceph: stderr
2024-04-24T07:53:26.889+0000 7f9bd0c00700 1 --2- 172.21.15.179:0/3882838756 >> [v2:172.21.15.179:6800/216076711,v1:172.21.15.179:6801/216076711] conn(0x7f9bb8039600 0x7f9bb803bac0 unknown :-1 s=NONE pgs=0 cs=0 l=1 rev1=0 crypto rx=0 tx=0 comp rx=0 tx=0).connect
2024-04-24T07:53:27.949 INFO:teuthology.orchestra.run.smithi179.stdout:/usr/bin/ceph: stderr
2024-04-24T07:53:26.889+0000 7f9bd0c00700 1 -- 172.21.15.179:0/3882838756 <== mon.0 v2:172.21.15.179:3300/0 5 ==== osd_map(2..2 src has 1..2) ==== 940+0+0 (secure 0 0 0) 0x7f9bc404daa0 con 0x7f9bd4107a50
2024-04-24T07:53:27.949 INFO:teuthology.orchestra.run.smithi179.stdout:/usr/bin/ceph: stderr
2024-04-24T07:53:26.889+0000 7f9bcaa00700 1 --2- 172.21.15.179:0/3882838756 >> [v2:172.21.15.179:6800/216076711,v1:172.21.15.179:6801/216076711] conn(0x7f9bb8039600 0x7f9bb803bac0 unknown :-1 s=BANNER_CONNECTING pgs=0 cs=0 l=1 rev1=0 crypto rx=0 tx=0 comp rx=0 tx=0)._handle_peer_banner_payload supported=3 required=0
2024-04-24T07:53:27.949 INFO:teuthology.orchestra.run.smithi179.stdout:/usr/bin/ceph: stderr
2024-04-24T07:53:26.890+0000 7f9bcaa00700 1 --2- 172.21.15.179:0/3882838756 >> [v2:172.21.15.179:6800/216076711,v1:172.21.15.179:6801/216076711] conn(0x7f9bb8039600 0x7f9bb803bac0 secure :-1 s=READY pgs=10 cs=0 l=1 rev1=1 crypto rx=0x7f9bbc006fd0 tx=0x7f9bbc006e40 comp rx=0 tx=0).ready entity=mgr.14120 client_cookie=0 server_cookie=0 in_seq=0 out_seq=0
2024-04-24T07:53:27.949 INFO:teuthology.orchestra.run.smithi179.stdout:/usr/bin/ceph: stderr
2024-04-24T07:53:26.894+0000 7f9bd0c00700 1 -- 172.21.15.179:0/3882838756 <== mon.0 v2:172.21.15.179:3300/0 6 ==== mon_command_ack([{"prefix": "get_command_descriptions"}]=0 v0) ==== 72+0+188370 (secure 0 0 0) 0x7f9bc400f2e0 con 0x7f9bd4107a50
2024-04-24T07:53:27.949 INFO:teuthology.orchestra.run.smithi179.stdout:/usr/bin/ceph: stderr
2024-04-24T07:53:27.118+0000 7f9bda800700 1 -- 172.21.15.179:0/3882838756 --> [v2:172.21.15.179:6800/216076711,v1:172.21.15.179:6801/216076711] -- mgr_command(tid 0: {"prefix": "cephadm get-pub-key", "target": ["mon-mgr", ""]}) -- 0x7f9bd4104260 con 0x7f9bb8039600
2024-04-24T07:53:27.949 INFO:teuthology.orchestra.run.smithi179.stdout:/usr/bin/ceph: stderr
2024-04-24T07:53:27.120+0000 7f9bd0c00700 1 -- 172.21.15.179:0/3882838756 <== mgr.14120 v2:172.21.15.179:6800/216076711 1 ==== mgr_command_reply(tid 0: 0 ) ==== 8+0+595 (secure 0 0 0) 0x7f9bd4104260 con 0x7f9bb8039600
2024-04-24T07:53:27.949 INFO:teuthology.orchestra.run.smithi179.stdout:/usr/bin/ceph: stderr
2024-04-24T07:53:27.123+0000 7f9bda800700 1 -- 172.21.15.179:0/3882838756 >> [v2:172.21.15.179:6800/216076711,v1:172.21.15.179:6801/216076711] conn(0x7f9bb8039600 msgr2=0x7f9bb803bac0 secure :-1 s=STATE_CONNECTION_ESTABLISHED l=1).mark_down
2024-04-24T07:53:27.950 INFO:teuthology.orchestra.run.smithi179.stdout:/usr/bin/ceph: stderr
2024-04-24T07:53:27.123+0000 7f9bda800700 1 --2- 172.21.15.179:0/3882838756 >> [v2:172.21.15.179:6800/216076711,v1:172.21.15.179:6801/216076711] conn(0x7f9bb8039600 0x7f9bb803bac0 secure :-1 s=READY pgs=10 cs=0 l=1 rev1=1 crypto rx=0x7f9bbc006fd0 tx=0x7f9bbc006e40 comp rx=0 tx=0).stop
2024-04-24T07:53:27.950 INFO:teuthology.orchestra.run.smithi179.stdout:/usr/bin/ceph: stderr
2024-04-24T07:53:27.123+0000 7f9bda800700 1 -- 172.21.15.179:0/3882838756 >> [v2:172.21.15.179:3300/0,v1:172.21.15.179:6789/0] conn(0x7f9bd4107a50 msgr2=0x7f9bd419db90 secure :-1 s=STATE_CONNECTION_ESTABLISHED l=1).mark_down
2024-04-24T07:53:27.950 INFO:teuthology.orchestra.run.smithi179.stdout:/usr/bin/ceph: stderr
2024-04-24T07:53:27.123+0000 7f9bda800700 1 --2- 172.21.15.179:0/3882838756 >> [v2:172.21.15.179:3300/0,v1:172.21.15.179:6789/0] conn(0x7f9bd4107a50 0x7f9bd419db90 secure :-1 s=READY pgs=44 cs=0 l=1 rev1=1 crypto rx=0x7f9bc4000c00 tx=0x7f9bc4004290 comp rx=0 tx=0).stop
2024-04-24T07:53:27.950 INFO:teuthology.orchestra.run.smithi179.stdout:/usr/bin/ceph: stderr
2024-04-24T07:53:27.123+0000 7f9bda800700 1 -- 172.21.15.179:0/3882838756 shutdown_connections
2024-04-24T07:53:27.950 INFO:teuthology.orchestra.run.smithi179.stdout:/usr/bin/ceph: stderr
2024-04-24T07:53:27.123+0000 7f9bda800700 1 --2- 172.21.15.179:0/3882838756 >> [v2:172.21.15.179:6800/216076711,v1:172.21.15.179:6801/216076711] conn(0x7f9bb8039600 0x7f9bb803bac0 unknown :-1 s=CLOSED pgs=10 cs=0 l=1 rev1=1 crypto rx=0 tx=0 comp rx=0 tx=0).stop
2024-04-24T07:53:27.950 INFO:teuthology.orchestra.run.smithi179.stdout:/usr/bin/ceph: stderr
2024-04-24T07:53:27.123+0000 7f9bda800700 1 --2- 172.21.15.179:0/3882838756 >> [v2:172.21.15.179:3300/0,v1:172.21.15.179:6789/0] conn(0x7f9bd4107a50 0x7f9bd419db90 unknown :-1 s=CLOSED pgs=44 cs=0 l=1 rev1=1 crypto rx=0 tx=0 comp rx=0 tx=0).stop
2024-04-24T07:53:27.950 INFO:teuthology.orchestra.run.smithi179.stdout:/usr/bin/ceph: stderr
2024-04-24T07:53:27.123+0000 7f9bda800700 1 -- 172.21.15.179:0/3882838756 >> 172.21.15.179:0/3882838756 conn(0x7f9bd4102ff0 msgr2=0x7f9bd4103b50 unknown :-1 s=STATE_NONE l=0).mark_down
2024-04-24T07:53:27.950 INFO:teuthology.orchestra.run.smithi179.stdout:/usr/bin/ceph: stderr
2024-04-24T07:53:27.124+0000 7f9bda800700 1 -- 172.21.15.179:0/3882838756 shutdown_connections
2024-04-24T07:53:27.950 INFO:teuthology.orchestra.run.smithi179.stdout:/usr/bin/ceph: stderr
2024-04-24T07:53:27.124+0000 7f9bda800700 1 -- 172.21.15.179:0/3882838756 wait complete.
2024-04-24T07:53:27.950 INFO:teuthology.orchestra.run.smithi179.stdout:Wrote public SSH key to /home/ubuntu/cephtest/ceph.pub
2024-04-24T07:53:27.951 INFO:teuthology.orchestra.run.smithi179.stdout:Adding key to root@localhost authorized_keys...
2024-04-24T07:53:27.956 INFO:teuthology.orchestra.run.smithi179.stdout:Adding host smithi179...
2024-04-24T07:53:29.872 INFO:journalctl@ceph.mon.a.smithi179.stdout:Apr 24 07:53:29 smithi179 ceph-mon[25686]: from='client.14140 -' entity='client.admin' cmd=[{"prefix": "orch host add", "hostname": "smithi179", "addr": "172.21.15.179", "target": ["mon-mgr", ""]}]: dispatch
2024-04-24T07:53:30.965 INFO:journalctl@ceph.mon.a.smithi179.stdout:Apr 24 07:53:30 smithi179 ceph-mon[25686]: Deploying cephadm binary to smithi179
2024-04-24T07:53:35.617 INFO:teuthology.orchestra.run.smithi179.stdout:/usr/bin/ceph: stdout Added host 'smithi179' with addr '172.21.15.179'
2024-04-24T07:53:35.618 INFO:teuthology.orchestra.run.smithi179.stdout:/usr/bin/ceph: stderr
2024-04-24T07:53:28.586+0000 7f7cf8000700 1 Processor -- start
2024-04-24T07:53:35.618 INFO:teuthology.orchestra.run.smithi179.stdout:/usr/bin/ceph: stderr
2024-04-24T07:53:28.586+0000 7f7cf8000700 1 -- start start
2024-04-24T07:53:35.618 INFO:teuthology.orchestra.run.smithi179.stdout:/usr/bin/ceph: stderr
2024-04-24T07:53:28.587+0000 7f7cf8000700 1 --2- >> [v2:172.21.15.179:3300/0,v1:172.21.15.179:6789/0] conn(0x7f7cf0105d00 0x7f7cf0106120 unknown :-1 s=NONE pgs=0 cs=0 l=0 rev1=0 crypto rx=0 tx=0 comp rx=0 tx=0).connect
2024-04-24T07:53:35.618 INFO:teuthology.orchestra.run.smithi179.stdout:/usr/bin/ceph: stderr
2024-04-24T07:53:28.587+0000 7f7cf8000700 1 -- --> [v2:172.21.15.179:3300/0,v1:172.21.15.179:6789/0] -- mon_getmap magic: 0 -- 0x7f7cf01066f0 con 0x7f7cf0105d00
2024-04-24T07:53:35.618 INFO:teuthology.orchestra.run.smithi179.stdout:/usr/bin/ceph: stderr
2024-04-24T07:53:28.587+0000 7f7cf5600700 1 --2- >> [v2:172.21.15.179:3300/0,v1:172.21.15.179:6789/0] conn(0x7f7cf0105d00 0x7f7cf0106120 unknown :-1 s=BANNER_CONNECTING pgs=0 cs=0 l=0 rev1=0 crypto rx=0 tx=0 comp rx=0 tx=0)._handle_peer_banner_payload supported=3 required=0
2024-04-24T07:53:35.618 INFO:teuthology.orchestra.run.smithi179.stdout:/usr/bin/ceph: stderr
2024-04-24T07:53:28.588+0000 7f7cf5600700 1 --2- >> [v2:172.21.15.179:3300/0,v1:172.21.15.179:6789/0] conn(0x7f7cf0105d00 0x7f7cf0106120 unknown :-1 s=HELLO_CONNECTING pgs=0 cs=0 l=0 rev1=1 crypto rx=0 tx=0 comp rx=0 tx=0).handle_hello peer v2:172.21.15.179:3300/0 says I am v2:172.21.15.179:56382/0 (socket says 172.21.15.179:56382)
2024-04-24T07:53:35.618 INFO:teuthology.orchestra.run.smithi179.stdout:/usr/bin/ceph: stderr
2024-04-24T07:53:28.588+0000 7f7cf5600700 1 -- 172.21.15.179:0/3169767574 learned_addr learned my addr 172.21.15.179:0/3169767574 (peer_addr_for_me v2:172.21.15.179:0/0)
2024-04-24T07:53:35.618 INFO:teuthology.orchestra.run.smithi179.stdout:/usr/bin/ceph: stderr
2024-04-24T07:53:28.588+0000 7f7cf5600700 1 -- 172.21.15.179:0/3169767574 --> [v2:172.21.15.179:3300/0,v1:172.21.15.179:6789/0] -- mon_subscribe({config=0+,monmap=0+}) -- 0x7f7cf0106a20 con 0x7f7cf0105d00
2024-04-24T07:53:35.618 INFO:teuthology.orchestra.run.smithi179.stdout:/usr/bin/ceph: stderr
2024-04-24T07:53:28.588+0000 7f7cf5600700 1 --2- 172.21.15.179:0/3169767574 >> [v2:172.21.15.179:3300/0,v1:172.21.15.179:6789/0] conn(0x7f7cf0105d00 0x7f7cf0106120 secure :-1 s=READY pgs=45 cs=0 l=1 rev1=1 crypto rx=0x7f7ce40098a0 tx=0x7f7ce4009bb0 comp rx=0 tx=0).ready entity=mon.0 client_cookie=b32fe60d4e9782e server_cookie=0 in_seq=0 out_seq=0
2024-04-24T07:53:35.618 INFO:teuthology.orchestra.run.smithi179.stdout:/usr/bin/ceph: stderr
2024-04-24T07:53:28.589+0000 7f7cefe00700 1 -- 172.21.15.179:0/3169767574 <== mon.0 v2:172.21.15.179:3300/0 1 ==== mon_map magic: 0 ==== 205+0+0 (secure 0 0 0) 0x7f7ce4004160 con 0x7f7cf0105d00
2024-04-24T07:53:35.618 INFO:teuthology.orchestra.run.smithi179.stdout:/usr/bin/ceph: stderr
2024-04-24T07:53:28.589+0000 7f7cefe00700 1 -- 172.21.15.179:0/3169767574 <== mon.0 v2:172.21.15.179:3300/0 2 ==== config(26 keys) ==== 1071+0+0 (secure 0 0 0) 0x7f7ce4004300 con 0x7f7cf0105d00
2024-04-24T07:53:35.619 INFO:teuthology.orchestra.run.smithi179.stdout:/usr/bin/ceph: stderr
2024-04-24T07:53:28.589+0000 7f7cefe00700 1 -- 172.21.15.179:0/3169767574 <== mon.0 v2:172.21.15.179:3300/0 3 ==== mon_map magic: 0 ==== 205+0+0 (secure 0 0 0) 0x7f7ce4011a80 con 0x7f7cf0105d00
2024-04-24T07:53:35.619 INFO:teuthology.orchestra.run.smithi179.stdout:/usr/bin/ceph: stderr
2024-04-24T07:53:28.589+0000 7f7cf8000700 1 -- 172.21.15.179:0/3169767574 >> [v2:172.21.15.179:3300/0,v1:172.21.15.179:6789/0] conn(0x7f7cf0105d00 msgr2=0x7f7cf0106120 secure :-1 s=STATE_CONNECTION_ESTABLISHED l=1).mark_down
2024-04-24T07:53:35.619 INFO:teuthology.orchestra.run.smithi179.stdout:/usr/bin/ceph: stderr
2024-04-24T07:53:28.589+0000 7f7cf8000700 1 --2- 172.21.15.179:0/3169767574 >> [v2:172.21.15.179:3300/0,v1:172.21.15.179:6789/0] conn(0x7f7cf0105d00 0x7f7cf0106120 secure :-1 s=READY pgs=45 cs=0 l=1 rev1=1 crypto rx=0x7f7ce40098a0 tx=0x7f7ce4009bb0 comp rx=0 tx=0).stop
2024-04-24T07:53:35.619 INFO:teuthology.orchestra.run.smithi179.stdout:/usr/bin/ceph: stderr
2024-04-24T07:53:28.590+0000 7f7cf8000700 1 -- 172.21.15.179:0/3169767574 shutdown_connections
2024-04-24T07:53:35.619 INFO:teuthology.orchestra.run.smithi179.stdout:/usr/bin/ceph: stderr
2024-04-24T07:53:28.590+0000 7f7cf8000700 1 --2- 172.21.15.179:0/3169767574 >> [v2:172.21.15.179:3300/0,v1:172.21.15.179:6789/0] conn(0x7f7cf0105d00 0x7f7cf0106120 unknown :-1 s=CLOSED pgs=45 cs=0 l=1 rev1=1 crypto rx=0 tx=0 comp rx=0 tx=0).stop
2024-04-24T07:53:35.619 INFO:teuthology.orchestra.run.smithi179.stdout:/usr/bin/ceph: stderr
2024-04-24T07:53:28.590+0000 7f7cf8000700 1 -- 172.21.15.179:0/3169767574 >> 172.21.15.179:0/3169767574 conn(0x7f7cf01016d0 msgr2=0x7f7cf0103af0 unknown :-1 s=STATE_NONE l=0).mark_down
2024-04-24T07:53:35.619 INFO:teuthology.orchestra.run.smithi179.stdout:/usr/bin/ceph: stderr
2024-04-24T07:53:28.590+0000 7f7cf8000700 1 -- 172.21.15.179:0/3169767574 shutdown_connections
2024-04-24T07:53:35.619 INFO:teuthology.orchestra.run.smithi179.stdout:/usr/bin/ceph: stderr
2024-04-24T07:53:28.590+0000 7f7cf8000700 1 -- 172.21.15.179:0/3169767574 wait complete.
2024-04-24T07:53:35.619 INFO:teuthology.orchestra.run.smithi179.stdout:/usr/bin/ceph: stderr
2024-04-24T07:53:28.591+0000 7f7cf8000700 1 Processor -- start
2024-04-24T07:53:35.619 INFO:teuthology.orchestra.run.smithi179.stdout:/usr/bin/ceph: stderr
2024-04-24T07:53:28.591+0000 7f7cf8000700 1 -- start start
2024-04-24T07:53:35.619 INFO:teuthology.orchestra.run.smithi179.stdout:/usr/bin/ceph: stderr
2024-04-24T07:53:28.591+0000 7f7cf8000700 1 --2- >> [v2:172.21.15.179:3300/0,v1:172.21.15.179:6789/0] conn(0x7f7cf0105d00 0x7f7cf01a1f70 unknown :-1 s=NONE pgs=0 cs=0 l=1 rev1=0 crypto rx=0 tx=0 comp rx=0 tx=0).connect
2024-04-24T07:53:35.619 INFO:teuthology.orchestra.run.smithi179.stdout:/usr/bin/ceph: stderr
2024-04-24T07:53:28.591+0000 7f7cf8000700 1 -- --> [v2:172.21.15.179:3300/0,v1:172.21.15.179:6789/0] -- mon_getmap magic: 0 -- 0x7f7cf0109c70 con 0x7f7cf0105d00
2024-04-24T07:53:35.620 INFO:teuthology.orchestra.run.smithi179.stdout:/usr/bin/ceph: stderr
2024-04-24T07:53:28.592+0000 7f7cf5600700 1 --2- >> [v2:172.21.15.179:3300/0,v1:172.21.15.179:6789/0] conn(0x7f7cf0105d00 0x7f7cf01a1f70 unknown :-1 s=BANNER_CONNECTING pgs=0 cs=0 l=1 rev1=0 crypto rx=0 tx=0 comp rx=0 tx=0)._handle_peer_banner_payload supported=3 required=0
2024-04-24T07:53:35.620 INFO:teuthology.orchestra.run.smithi179.stdout:/usr/bin/ceph: stderr
2024-04-24T07:53:28.592+0000 7f7cf5600700 1 --2- >> [v2:172.21.15.179:3300/0,v1:172.21.15.179:6789/0] conn(0x7f7cf0105d00 0x7f7cf01a1f70 unknown :-1 s=HELLO_CONNECTING pgs=0 cs=0 l=1 rev1=1 crypto rx=0 tx=0 comp rx=0 tx=0).handle_hello peer v2:172.21.15.179:3300/0 says I am v2:172.21.15.179:56390/0 (socket says 172.21.15.179:56390)
2024-04-24T07:53:35.620 INFO:teuthology.orchestra.run.smithi179.stdout:/usr/bin/ceph: stderr
2024-04-24T07:53:28.592+0000 7f7cf5600700 1 -- 172.21.15.179:0/2079569399 learned_addr learned my addr 172.21.15.179:0/2079569399 (peer_addr_for_me v2:172.21.15.179:0/0)
2024-04-24T07:53:35.620 INFO:teuthology.orchestra.run.smithi179.stdout:/usr/bin/ceph: stderr
2024-04-24T07:53:28.592+0000 7f7cf5600700 1 -- 172.21.15.179:0/2079569399 --> [v2:172.21.15.179:3300/0,v1:172.21.15.179:6789/0] -- mon_subscribe({config=0+,monmap=0+}) -- 0x7f7cf01a24b0 con 0x7f7cf0105d00
2024-04-24T07:53:35.620 INFO:teuthology.orchestra.run.smithi179.stdout:/usr/bin/ceph: stderr
2024-04-24T07:53:28.592+0000 7f7cf5600700 1 --2- 172.21.15.179:0/2079569399 >> [v2:172.21.15.179:3300/0,v1:172.21.15.179:6789/0] conn(0x7f7cf0105d00 0x7f7cf01a1f70 secure :-1 s=READY pgs=46 cs=0 l=1 rev1=1 crypto rx=0x7f7ce4000c00 tx=0x7f7ce4004290 comp rx=0 tx=0).ready entity=mon.0 client_cookie=0 server_cookie=0 in_seq=0 out_seq=0
2024-04-24T07:53:35.620 INFO:teuthology.orchestra.run.smithi179.stdout:/usr/bin/ceph: stderr
2024-04-24T07:53:28.593+0000 7f7cee000700 1 -- 172.21.15.179:0/2079569399 <== mon.0 v2:172.21.15.179:3300/0 1 ==== mon_map magic: 0 ==== 205+0+0 (secure 0 0 0) 0x7f7ce40039c0 con 0x7f7cf0105d00
2024-04-24T07:53:35.620 INFO:teuthology.orchestra.run.smithi179.stdout:/usr/bin/ceph: stderr
2024-04-24T07:53:28.593+0000 7f7cee000700 1 -- 172.21.15.179:0/2079569399 <== mon.0 v2:172.21.15.179:3300/0 2 ==== config(26 keys) ==== 1071+0+0 (secure 0 0 0) 0x7f7ce4003b60 con 0x7f7cf0105d00
2024-04-24T07:53:35.620 INFO:teuthology.orchestra.run.smithi179.stdout:/usr/bin/ceph: stderr
2024-04-24T07:53:28.593+0000 7f7cf8000700 1 -- 172.21.15.179:0/2079569399 --> [v2:172.21.15.179:3300/0,v1:172.21.15.179:6789/0] -- mon_subscribe({mgrmap=0+}) -- 0x7f7cf01a2740 con 0x7f7cf0105d00
2024-04-24T07:53:35.620 INFO:teuthology.orchestra.run.smithi179.stdout:/usr/bin/ceph: stderr
2024-04-24T07:53:28.593+0000 7f7cee000700 1 -- 172.21.15.179:0/2079569399 <== mon.0 v2:172.21.15.179:3300/0 3 ==== mon_map magic: 0 ==== 205+0+0 (secure 0 0 0) 0x7f7ce401a6f0 con 0x7f7cf0105d00
2024-04-24T07:53:35.620 INFO:teuthology.orchestra.run.smithi179.stdout:/usr/bin/ceph: stderr
2024-04-24T07:53:28.593+0000 7f7cf8000700 1 -- 172.21.15.179:0/2079569399 --> [v2:172.21.15.179:3300/0,v1:172.21.15.179:6789/0] -- mon_subscribe({osdmap=0}) -- 0x7f7cf01a5430 con 0x7f7cf0105d00
2024-04-24T07:53:35.620 INFO:teuthology.orchestra.run.smithi179.stdout:/usr/bin/ceph: stderr
2024-04-24T07:53:28.594+0000 7f7cf8000700 1 -- 172.21.15.179:0/2079569399 --> [v2:172.21.15.179:3300/0,v1:172.21.15.179:6789/0] -- mon_command({"prefix": "get_command_descriptions"} v 0) -- 0x7f7cf0064150 con 0x7f7cf0105d00
2024-04-24T07:53:35.620 INFO:teuthology.orchestra.run.smithi179.stdout:/usr/bin/ceph: stderr
2024-04-24T07:53:28.594+0000 7f7cee000700 1 -- 172.21.15.179:0/2079569399 <== mon.0 v2:172.21.15.179:3300/0 4 ==== mgrmap(e 8) ==== 46558+0+0 (secure 0 0 0) 0x7f7ce4024a40 con 0x7f7cf0105d00
2024-04-24T07:53:35.620 INFO:teuthology.orchestra.run.smithi179.stdout:/usr/bin/ceph: stderr
2024-04-24T07:53:28.594+0000 7f7cee000700 1 --2- 172.21.15.179:0/2079569399 >> [v2:172.21.15.179:6800/216076711,v1:172.21.15.179:6801/216076711] conn(0x7f7cd8039600 0x7f7cd803bac0 unknown :-1 s=NONE pgs=0 cs=0 l=1 rev1=0 crypto rx=0 tx=0 comp rx=0 tx=0).connect
2024-04-24T07:53:35.621 INFO:teuthology.orchestra.run.smithi179.stdout:/usr/bin/ceph: stderr
2024-04-24T07:53:28.594+0000 7f7cee000700 1 -- 172.21.15.179:0/2079569399 <== mon.0 v2:172.21.15.179:3300/0 5 ==== osd_map(2..2 src has 1..2) ==== 940+0+0 (secure 0 0 0) 0x7f7ce404dac0 con 0x7f7cf0105d00
2024-04-24T07:53:35.621 INFO:teuthology.orchestra.run.smithi179.stdout:/usr/bin/ceph: stderr
2024-04-24T07:53:28.595+0000 7f7cf4c00700 1 --2- 172.21.15.179:0/2079569399 >> [v2:172.21.15.179:6800/216076711,v1:172.21.15.179:6801/216076711] conn(0x7f7cd8039600 0x7f7cd803bac0 unknown :-1 s=BANNER_CONNECTING pgs=0 cs=0 l=1 rev1=0 crypto rx=0 tx=0 comp rx=0 tx=0)._handle_peer_banner_payload supported=3 required=0
2024-04-24T07:53:35.621 INFO:teuthology.orchestra.run.smithi179.stdout:/usr/bin/ceph: stderr
2024-04-24T07:53:28.596+0000 7f7cf4c00700 1 --2- 172.21.15.179:0/2079569399 >> [v2:172.21.15.179:6800/216076711,v1:172.21.15.179:6801/216076711] conn(0x7f7cd8039600 0x7f7cd803bac0 secure :-1 s=READY pgs=11 cs=0 l=1 rev1=1 crypto rx=0x7f7cdc006fd0 tx=0x7f7cdc006e40 comp rx=0 tx=0).ready entity=mgr.14120 client_cookie=0 server_cookie=0 in_seq=0 out_seq=0
2024-04-24T07:53:35.621 INFO:teuthology.orchestra.run.smithi179.stdout:/usr/bin/ceph: stderr
2024-04-24T07:53:28.600+0000 7f7cee000700 1 -- 172.21.15.179:0/2079569399 <== mon.0 v2:172.21.15.179:3300/0 6 ==== mon_command_ack([{"prefix": "get_command_descriptions"}]=0 v0) ==== 72+0+188370 (secure 0 0 0) 0x7f7ce400f2e0 con 0x7f7cf0105d00
2024-04-24T07:53:35.621 INFO:teuthology.orchestra.run.smithi179.stdout:/usr/bin/ceph: stderr
2024-04-24T07:53:28.830+0000 7f7cf8000700 1 -- 172.21.15.179:0/2079569399 --> [v2:172.21.15.179:6800/216076711,v1:172.21.15.179:6801/216076711] -- mgr_command(tid 0: {"prefix": "orch host add", "hostname": "smithi179", "addr": "172.21.15.179", "target": ["mon-mgr", ""]}) -- 0x7f7cf00008d0 con 0x7f7cd8039600
2024-04-24T07:53:35.621 INFO:teuthology.orchestra.run.smithi179.stdout:/usr/bin/ceph: stderr
2024-04-24T07:53:34.810+0000 7f7cee000700 1 -- 172.21.15.179:0/2079569399 <== mgr.14120 v2:172.21.15.179:6800/216076711 1 ==== mgr_command_reply(tid 0: 0 ) ==== 8+0+49 (secure 0 0 0) 0x7f7cf00008d0 con 0x7f7cd8039600
2024-04-24T07:53:35.621 INFO:teuthology.orchestra.run.smithi179.stdout:/usr/bin/ceph: stderr
2024-04-24T07:53:34.815+0000 7f7cf8000700 1 -- 172.21.15.179:0/2079569399 >> [v2:172.21.15.179:6800/216076711,v1:172.21.15.179:6801/216076711] conn(0x7f7cd8039600 msgr2=0x7f7cd803bac0 secure :-1 s=STATE_CONNECTION_ESTABLISHED l=1).mark_down
2024-04-24T07:53:35.621 INFO:teuthology.orchestra.run.smithi179.stdout:/usr/bin/ceph: stderr
2024-04-24T07:53:34.815+0000 7f7cf8000700 1 --2- 172.21.15.179:0/2079569399 >> [v2:172.21.15.179:6800/216076711,v1:172.21.15.179:6801/216076711] conn(0x7f7cd8039600 0x7f7cd803bac0 secure :-1 s=READY pgs=11 cs=0 l=1 rev1=1 crypto rx=0x7f7cdc006fd0 tx=0x7f7cdc006e40 comp rx=0 tx=0).stop
2024-04-24T07:53:35.621 INFO:teuthology.orchestra.run.smithi179.stdout:/usr/bin/ceph: stderr
2024-04-24T07:53:34.815+0000 7f7cf8000700 1 -- 172.21.15.179:0/2079569399 >> [v2:172.21.15.179:3300/0,v1:172.21.15.179:6789/0] conn(0x7f7cf0105d00 msgr2=0x7f7cf01a1f70 secure :-1 s=STATE_CONNECTION_ESTABLISHED l=1).mark_down
2024-04-24T07:53:35.621 INFO:teuthology.orchestra.run.smithi179.stdout:/usr/bin/ceph: stderr
2024-04-24T07:53:34.815+0000 7f7cf8000700 1 --2- 172.21.15.179:0/2079569399 >> [v2:172.21.15.179:3300/0,v1:172.21.15.179:6789/0] conn(0x7f7cf0105d00 0x7f7cf01a1f70 secure :-1 s=READY pgs=46 cs=0 l=1 rev1=1 crypto rx=0x7f7ce4000c00 tx=0x7f7ce4004290 comp rx=0 tx=0).stop
2024-04-24T07:53:35.621 INFO:teuthology.orchestra.run.smithi179.stdout:/usr/bin/ceph: stderr
2024-04-24T07:53:34.815+0000 7f7cf8000700 1 -- 172.21.15.179:0/2079569399 shutdown_connections
2024-04-24T07:53:35.621 INFO:teuthology.orchestra.run.smithi179.stdout:/usr/bin/ceph: stderr
2024-04-24T07:53:34.815+0000 7f7cf8000700 1 --2- 172.21.15.179:0/2079569399 >> [v2:172.21.15.179:6800/216076711,v1:172.21.15.179:6801/216076711] conn(0x7f7cd8039600 0x7f7cd803bac0 unknown :-1 s=CLOSED pgs=11 cs=0 l=1 rev1=1 crypto rx=0 tx=0 comp rx=0 tx=0).stop
2024-04-24T07:53:35.621 INFO:teuthology.orchestra.run.smithi179.stdout:/usr/bin/ceph: stderr
2024-04-24T07:53:34.815+0000 7f7cf8000700 1 --2- 172.21.15.179:0/2079569399 >> [v2:172.21.15.179:3300/0,v1:172.21.15.179:6789/0] conn(0x7f7cf0105d00 0x7f7cf01a1f70 unknown :-1 s=CLOSED pgs=46 cs=0 l=1 rev1=1 crypto rx=0 tx=0 comp rx=0 tx=0).stop
2024-04-24T07:53:35.621 INFO:teuthology.orchestra.run.smithi179.stdout:/usr/bin/ceph: stderr
2024-04-24T07:53:34.815+0000 7f7cf8000700 1 -- 172.21.15.179:0/2079569399 >> 172.21.15.179:0/2079569399 conn(0x7f7cf01016d0 msgr2=0x7f7cf010c2a0 unknown :-1 s=STATE_NONE l=0).mark_down
2024-04-24T07:53:35.622 INFO:teuthology.orchestra.run.smithi179.stdout:/usr/bin/ceph: stderr
2024-04-24T07:53:34.815+0000 7f7cf8000700 1 -- 172.21.15.179:0/2079569399 shutdown_connections
2024-04-24T07:53:35.622 INFO:teuthology.orchestra.run.smithi179.stdout:/usr/bin/ceph: stderr
2024-04-24T07:53:34.815+0000 7f7cf8000700 1 -- 172.21.15.179:0/2079569399 wait complete.
2024-04-24T07:53:35.622 INFO:teuthology.orchestra.run.smithi179.stdout:Deploying unmanaged mon service...
2024-04-24T07:53:35.967 INFO:journalctl@ceph.mon.a.smithi179.stdout:Apr 24 07:53:35 smithi179 ceph-mon[25686]: from='mgr.14120 172.21.15.179:0/1183112370' entity='mgr.x'
2024-04-24T07:53:35.968 INFO:journalctl@ceph.mon.a.smithi179.stdout:Apr 24 07:53:35 smithi179 ceph-mon[25686]: Added host smithi179
2024-04-24T07:53:35.968 INFO:journalctl@ceph.mon.a.smithi179.stdout:Apr 24 07:53:35 smithi179 ceph-mon[25686]: from='mgr.14120 172.21.15.179:0/1183112370' entity='mgr.x' cmd=[{"prefix": "config dump", "format": "json"}]: dispatch
2024-04-24T07:53:37.717 INFO:journalctl@ceph.mon.a.smithi179.stdout:Apr 24 07:53:37 smithi179 ceph-mon[25686]: from='client.14142 -' entity='client.admin' cmd=[{"prefix": "orch apply", "service_type": "mon", "unmanaged": true, "target": ["mon-mgr", ""]}]: dispatch
2024-04-24T07:53:37.718 INFO:journalctl@ceph.mon.a.smithi179.stdout:Apr 24 07:53:37 smithi179 ceph-mon[25686]: Saving service mon spec with placement count:5
2024-04-24T07:53:37.718 INFO:journalctl@ceph.mon.a.smithi179.stdout:Apr 24 07:53:37 smithi179 ceph-mon[25686]: from='mgr.14120 172.21.15.179:0/1183112370' entity='mgr.x'
2024-04-24T07:53:37.929 INFO:teuthology.orchestra.run.smithi179.stdout:/usr/bin/ceph: stdout Scheduled mon update...
2024-04-24T07:53:37.935 INFO:teuthology.orchestra.run.smithi179.stdout:/usr/bin/ceph: stderr
2024-04-24T07:53:36.327+0000 7fa690c00700 1 Processor -- start
2024-04-24T07:53:37.935 INFO:teuthology.orchestra.run.smithi179.stdout:/usr/bin/ceph: stderr
2024-04-24T07:53:36.327+0000 7fa690c00700 1 -- start start
2024-04-24T07:53:37.935 INFO:teuthology.orchestra.run.smithi179.stdout:/usr/bin/ceph: stderr
2024-04-24T07:53:36.327+0000 7fa690c00700 1 --2- >> [v2:172.21.15.179:3300/0,v1:172.21.15.179:6789/0] conn(0x7fa68c07d6a0 0x7fa68c07bb00 unknown :-1 s=NONE pgs=0 cs=0 l=0 rev1=0 crypto rx=0 tx=0 comp rx=0 tx=0).connect
2024-04-24T07:53:37.936 INFO:teuthology.orchestra.run.smithi179.stdout:/usr/bin/ceph: stderr
2024-04-24T07:53:36.328+0000 7fa690c00700 1 -- --> [v2:172.21.15.179:3300/0,v1:172.21.15.179:6789/0] -- mon_getmap magic: 0 -- 0x7fa68c07c0d0 con 0x7fa68c07d6a0
2024-04-24T07:53:37.936 INFO:teuthology.orchestra.run.smithi179.stdout:/usr/bin/ceph: stderr
2024-04-24T07:53:36.328+0000 7fa68b400700 1 --2- >> [v2:172.21.15.179:3300/0,v1:172.21.15.179:6789/0] conn(0x7fa68c07d6a0 0x7fa68c07bb00 unknown :-1 s=BANNER_CONNECTING pgs=0 cs=0 l=0 rev1=0 crypto rx=0 tx=0 comp rx=0 tx=0)._handle_peer_banner_payload supported=3 required=0
2024-04-24T07:53:37.936 INFO:teuthology.orchestra.run.smithi179.stdout:/usr/bin/ceph: stderr
2024-04-24T07:53:36.328+0000 7fa68b400700 1 --2- >> [v2:172.21.15.179:3300/0,v1:172.21.15.179:6789/0] conn(0x7fa68c07d6a0 0x7fa68c07bb00 unknown :-1 s=HELLO_CONNECTING pgs=0 cs=0 l=0 rev1=1 crypto rx=0 tx=0 comp rx=0 tx=0).handle_hello peer v2:172.21.15.179:3300/0 says I am v2:172.21.15.179:38042/0 (socket says 172.21.15.179:38042)
2024-04-24T07:53:37.936 INFO:teuthology.orchestra.run.smithi179.stdout:/usr/bin/ceph: stderr
2024-04-24T07:53:36.328+0000 7fa68b400700 1 -- 172.21.15.179:0/1436421356 learned_addr learned my addr 172.21.15.179:0/1436421356 (peer_addr_for_me v2:172.21.15.179:0/0)
2024-04-24T07:53:37.936 INFO:teuthology.orchestra.run.smithi179.stdout:/usr/bin/ceph: stderr
2024-04-24T07:53:36.329+0000 7fa68b400700 1 -- 172.21.15.179:0/1436421356 --> [v2:172.21.15.179:3300/0,v1:172.21.15.179:6789/0] -- mon_subscribe({config=0+,monmap=0+}) -- 0x7fa68c07c250 con 0x7fa68c07d6a0
2024-04-24T07:53:37.936 INFO:teuthology.orchestra.run.smithi179.stdout:/usr/bin/ceph: stderr
2024-04-24T07:53:36.329+0000 7fa68b400700 1 --2- 172.21.15.179:0/1436421356 >> [v2:172.21.15.179:3300/0,v1:172.21.15.179:6789/0] conn(0x7fa68c07d6a0 0x7fa68c07bb00 secure :-1 s=READY pgs=47 cs=0 l=1 rev1=1 crypto rx=0x7fa67c0098a0 tx=0x7fa67c009bb0 comp rx=0 tx=0).ready entity=mon.0 client_cookie=bc8da89a7e3c9ac2 server_cookie=0 in_seq=0 out_seq=0
2024-04-24T07:53:37.936 INFO:teuthology.orchestra.run.smithi179.stdout:/usr/bin/ceph: stderr
2024-04-24T07:53:36.329+0000 7fa68a000700 1 -- 172.21.15.179:0/1436421356 <== mon.0 v2:172.21.15.179:3300/0 1 ==== mon_map magic: 0 ==== 205+0+0 (secure 0 0 0) 0x7fa67c004160 con 0x7fa68c07d6a0
2024-04-24T07:53:37.936 INFO:teuthology.orchestra.run.smithi179.stdout:/usr/bin/ceph: stderr
2024-04-24T07:53:36.329+0000 7fa68a000700 1 -- 172.21.15.179:0/1436421356 <== mon.0 v2:172.21.15.179:3300/0 2 ==== config(26 keys) ==== 1071+0+0 (secure 0 0 0) 0x7fa67c004300 con 0x7fa68c07d6a0
2024-04-24T07:53:37.936 INFO:teuthology.orchestra.run.smithi179.stdout:/usr/bin/ceph: stderr
2024-04-24T07:53:36.329+0000 7fa68a000700 1 -- 172.21.15.179:0/1436421356 <== mon.0 v2:172.21.15.179:3300/0 3 ==== mon_map magic: 0 ==== 205+0+0 (secure 0 0 0) 0x7fa67c011a80 con 0x7fa68c07d6a0
2024-04-24T07:53:37.936 INFO:teuthology.orchestra.run.smithi179.stdout:/usr/bin/ceph: stderr
2024-04-24T07:53:36.330+0000 7fa690c00700 1 -- 172.21.15.179:0/1436421356 >> [v2:172.21.15.179:3300/0,v1:172.21.15.179:6789/0] conn(0x7fa68c07d6a0 msgr2=0x7fa68c07bb00 secure :-1 s=STATE_CONNECTION_ESTABLISHED l=1).mark_down
2024-04-24T07:53:37.936 INFO:teuthology.orchestra.run.smithi179.stdout:/usr/bin/ceph: stderr
2024-04-24T07:53:36.330+0000 7fa690c00700 1 --2- 172.21.15.179:0/1436421356 >> [v2:172.21.15.179:3300/0,v1:172.21.15.179:6789/0] conn(0x7fa68c07d6a0 0x7fa68c07bb00 secure :-1 s=READY pgs=47 cs=0 l=1 rev1=1 crypto rx=0x7fa67c0098a0 tx=0x7fa67c009bb0 comp rx=0 tx=0).stop
2024-04-24T07:53:37.936 INFO:teuthology.orchestra.run.smithi179.stdout:/usr/bin/ceph: stderr
2024-04-24T07:53:36.330+0000 7fa690c00700 1 -- 172.21.15.179:0/1436421356 shutdown_connections
2024-04-24T07:53:37.937 INFO:teuthology.orchestra.run.smithi179.stdout:/usr/bin/ceph: stderr
2024-04-24T07:53:36.330+0000 7fa690c00700 1 --2- 172.21.15.179:0/1436421356 >> [v2:172.21.15.179:3300/0,v1:172.21.15.179:6789/0] conn(0x7fa68c07d6a0 0x7fa68c07bb00 unknown :-1 s=CLOSED pgs=47 cs=0 l=1 rev1=1 crypto rx=0 tx=0 comp rx=0 tx=0).stop
2024-04-24T07:53:37.937 INFO:teuthology.orchestra.run.smithi179.stdout:/usr/bin/ceph: stderr
2024-04-24T07:53:36.330+0000 7fa690c00700 1 -- 172.21.15.179:0/1436421356 >> 172.21.15.179:0/1436421356 conn(0x7fa68c102e40 msgr2=0x7fa68c105260 unknown :-1 s=STATE_NONE l=0).mark_down
2024-04-24T07:53:37.937 INFO:teuthology.orchestra.run.smithi179.stdout:/usr/bin/ceph: stderr
2024-04-24T07:53:36.330+0000 7fa690c00700 1 -- 172.21.15.179:0/1436421356 shutdown_connections
2024-04-24T07:53:37.937 INFO:teuthology.orchestra.run.smithi179.stdout:/usr/bin/ceph: stderr
2024-04-24T07:53:36.330+0000 7fa690c00700 1 -- 172.21.15.179:0/1436421356 wait complete.
2024-04-24T07:53:37.937 INFO:teuthology.orchestra.run.smithi179.stdout:/usr/bin/ceph: stderr
2024-04-24T07:53:36.331+0000 7fa690c00700 1 Processor -- start
2024-04-24T07:53:37.937 INFO:teuthology.orchestra.run.smithi179.stdout:/usr/bin/ceph: stderr
2024-04-24T07:53:36.331+0000 7fa690c00700 1 -- start start
2024-04-24T07:53:37.937 INFO:teuthology.orchestra.run.smithi179.stdout:/usr/bin/ceph: stderr
2024-04-24T07:53:36.332+0000 7fa690c00700 1 --2- >> [v2:172.21.15.179:3300/0,v1:172.21.15.179:6789/0] conn(0x7fa68c07d6a0 0x7fa68c19d940 unknown :-1 s=NONE pgs=0 cs=0 l=1 rev1=0 crypto rx=0 tx=0 comp rx=0 tx=0).connect
2024-04-24T07:53:37.937 INFO:teuthology.orchestra.run.smithi179.stdout:/usr/bin/ceph: stderr
2024-04-24T07:53:36.332+0000 7fa690c00700 1 -- --> [v2:172.21.15.179:3300/0,v1:172.21.15.179:6789/0] -- mon_getmap magic: 0 -- 0x7fa68c10dd90 con 0x7fa68c07d6a0
2024-04-24T07:53:37.937 INFO:teuthology.orchestra.run.smithi179.stdout:/usr/bin/ceph: stderr
2024-04-24T07:53:36.332+0000 7fa68b400700 1 --2- >> [v2:172.21.15.179:3300/0,v1:172.21.15.179:6789/0] conn(0x7fa68c07d6a0 0x7fa68c19d940 unknown :-1 s=BANNER_CONNECTING pgs=0 cs=0 l=1 rev1=0 crypto rx=0 tx=0 comp rx=0 tx=0)._handle_peer_banner_payload supported=3 required=0
2024-04-24T07:53:37.937 INFO:teuthology.orchestra.run.smithi179.stdout:/usr/bin/ceph: stderr
2024-04-24T07:53:36.332+0000 7fa68b400700 1 --2- >> [v2:172.21.15.179:3300/0,v1:172.21.15.179:6789/0] conn(0x7fa68c07d6a0 0x7fa68c19d940 unknown :-1 s=HELLO_CONNECTING pgs=0 cs=0 l=1 rev1=1 crypto rx=0 tx=0 comp rx=0 tx=0).handle_hello peer v2:172.21.15.179:3300/0 says I am v2:172.21.15.179:38050/0 (socket says 172.21.15.179:38050)
2024-04-24T07:53:37.937 INFO:teuthology.orchestra.run.smithi179.stdout:/usr/bin/ceph: stderr
2024-04-24T07:53:36.332+0000 7fa68b400700 1 -- 172.21.15.179:0/3715533082 learned_addr learned my addr 172.21.15.179:0/3715533082 (peer_addr_for_me v2:172.21.15.179:0/0)
2024-04-24T07:53:37.937 INFO:teuthology.orchestra.run.smithi179.stdout:/usr/bin/ceph: stderr
2024-04-24T07:53:36.332+0000 7fa68b400700 1 -- 172.21.15.179:0/3715533082 --> [v2:172.21.15.179:3300/0,v1:172.21.15.179:6789/0] -- mon_subscribe({config=0+,monmap=0+}) -- 0x7fa68c19de80 con 0x7fa68c07d6a0
2024-04-24T07:53:37.938 INFO:teuthology.orchestra.run.smithi179.stdout:/usr/bin/ceph: stderr
2024-04-24T07:53:36.332+0000 7fa68b400700 1 --2- 172.21.15.179:0/3715533082 >> [v2:172.21.15.179:3300/0,v1:172.21.15.179:6789/0] conn(0x7fa68c07d6a0 0x7fa68c19d940 secure :-1 s=READY pgs=48 cs=0 l=1 rev1=1 crypto rx=0x7fa67c006af0 tx=0x7fa67c011b70 comp rx=0 tx=0).ready entity=mon.0 client_cookie=0 server_cookie=0 in_seq=0 out_seq=0
2024-04-24T07:53:37.938 INFO:teuthology.orchestra.run.smithi179.stdout:/usr/bin/ceph: stderr
2024-04-24T07:53:36.333+0000 7fa683e00700 1 -- 172.21.15.179:0/3715533082 <== mon.0 v2:172.21.15.179:3300/0 1 ==== mon_map magic: 0 ==== 205+0+0 (secure 0 0 0) 0x7fa67c003930 con 0x7fa68c07d6a0
2024-04-24T07:53:37.938 INFO:teuthology.orchestra.run.smithi179.stdout:/usr/bin/ceph: stderr
2024-04-24T07:53:36.333+0000 7fa683e00700 1 -- 172.21.15.179:0/3715533082 <== mon.0 v2:172.21.15.179:3300/0 2 ==== config(26 keys) ==== 1071+0+0 (secure 0 0 0) 0x7fa67c003ad0 con 0x7fa68c07d6a0
2024-04-24T07:53:37.938 INFO:teuthology.orchestra.run.smithi179.stdout:/usr/bin/ceph: stderr
2024-04-24T07:53:36.333+0000 7fa690c00700 1 -- 172.21.15.179:0/3715533082 --> [v2:172.21.15.179:3300/0,v1:172.21.15.179:6789/0] -- mon_subscribe({mgrmap=0+}) -- 0x7fa68c19e110 con 0x7fa68c07d6a0
2024-04-24T07:53:37.938 INFO:teuthology.orchestra.run.smithi179.stdout:/usr/bin/ceph: stderr
2024-04-24T07:53:36.333+0000 7fa683e00700 1 -- 172.21.15.179:0/3715533082 <== mon.0 v2:172.21.15.179:3300/0 3 ==== mon_map magic: 0 ==== 205+0+0 (secure 0 0 0) 0x7fa67c0195e0 con 0x7fa68c07d6a0
2024-04-24T07:53:37.938 INFO:teuthology.orchestra.run.smithi179.stdout:/usr/bin/ceph: stderr
2024-04-24T07:53:36.333+0000 7fa690c00700 1 -- 172.21.15.179:0/3715533082 --> [v2:172.21.15.179:3300/0,v1:172.21.15.179:6789/0] -- mon_subscribe({osdmap=0}) -- 0x7fa68c1a0e00 con 0x7fa68c07d6a0
2024-04-24T07:53:37.938 INFO:teuthology.orchestra.run.smithi179.stdout:/usr/bin/ceph: stderr
2024-04-24T07:53:36.334+0000 7fa683e00700 1 -- 172.21.15.179:0/3715533082 <== mon.0 v2:172.21.15.179:3300/0 4 ==== mgrmap(e 8) ==== 46558+0+0 (secure 0 0 0) 0x7fa67c019890 con 0x7fa68c07d6a0
2024-04-24T07:53:37.938 INFO:teuthology.orchestra.run.smithi179.stdout:/usr/bin/ceph: stderr
2024-04-24T07:53:36.334+0000 7fa690c00700 1 -- 172.21.15.179:0/3715533082 --> [v2:172.21.15.179:3300/0,v1:172.21.15.179:6789/0] -- mon_command({"prefix": "get_command_descriptions"} v 0) -- 0x7fa68c064150 con 0x7fa68c07d6a0
2024-04-24T07:53:37.938 INFO:teuthology.orchestra.run.smithi179.stdout:/usr/bin/ceph: stderr
2024-04-24T07:53:36.334+0000 7fa683e00700 1 --2- 172.21.15.179:0/3715533082 >> [v2:172.21.15.179:6800/216076711,v1:172.21.15.179:6801/216076711] conn(0x7fa6700395b0 0x7fa67003ba70 unknown :-1 s=NONE pgs=0 cs=0 l=1 rev1=0 crypto rx=0 tx=0 comp rx=0 tx=0).connect
2024-04-24T07:53:37.938 INFO:teuthology.orchestra.run.smithi179.stdout:/usr/bin/ceph: stderr
2024-04-24T07:53:36.334+0000 7fa683e00700 1 -- 172.21.15.179:0/3715533082 <== mon.0 v2:172.21.15.179:3300/0 5 ==== osd_map(2..2 src has 1..2) ==== 940+0+0 (secure 0 0 0) 0x7fa67c04dbc0 con 0x7fa68c07d6a0
2024-04-24T07:53:37.938 INFO:teuthology.orchestra.run.smithi179.stdout:/usr/bin/ceph: stderr
2024-04-24T07:53:36.335+0000 7fa68aa00700 1 --2- 172.21.15.179:0/3715533082 >> [v2:172.21.15.179:6800/216076711,v1:172.21.15.179:6801/216076711] conn(0x7fa6700395b0 0x7fa67003ba70 unknown :-1 s=BANNER_CONNECTING pgs=0 cs=0 l=1 rev1=0 crypto rx=0 tx=0 comp rx=0 tx=0)._handle_peer_banner_payload supported=3 required=0
2024-04-24T07:53:37.939 INFO:teuthology.orchestra.run.smithi179.stdout:/usr/bin/ceph: stderr
2024-04-24T07:53:36.335+0000 7fa68aa00700 1 --2- 172.21.15.179:0/3715533082 >> [v2:172.21.15.179:6800/216076711,v1:172.21.15.179:6801/216076711] conn(0x7fa6700395b0 0x7fa67003ba70 secure :-1 s=READY pgs=12 cs=0 l=1 rev1=1 crypto rx=0x7fa678006fd0 tx=0x7fa678006e40 comp rx=0 tx=0).ready entity=mgr.14120 client_cookie=0 server_cookie=0 in_seq=0 out_seq=0
2024-04-24T07:53:37.939 INFO:teuthology.orchestra.run.smithi179.stdout:/usr/bin/ceph: stderr
2024-04-24T07:53:36.340+0000 7fa683e00700 1 -- 172.21.15.179:0/3715533082 <== mon.0 v2:172.21.15.179:3300/0 6 ==== mon_command_ack([{"prefix": "get_command_descriptions"}]=0 v0) ==== 72+0+188370 (secure 0 0 0) 0x7fa67c029d50 con 0x7fa68c07d6a0
2024-04-24T07:53:37.939 INFO:teuthology.orchestra.run.smithi179.stdout:/usr/bin/ceph: stderr
2024-04-24T07:53:36.590+0000 7fa690c00700 1 -- 172.21.15.179:0/3715533082 --> [v2:172.21.15.179:6800/216076711,v1:172.21.15.179:6801/216076711] -- mgr_command(tid 0: {"prefix": "orch apply", "service_type": "mon", "unmanaged": true, "target": ["mon-mgr", ""]}) -- 0x7fa68c1040c0 con 0x7fa6700395b0
2024-04-24T07:53:37.939 INFO:teuthology.orchestra.run.smithi179.stdout:/usr/bin/ceph: stderr
2024-04-24T07:53:36.597+0000 7fa683e00700 1 -- 172.21.15.179:0/3715533082 <== mgr.14120 v2:172.21.15.179:6800/216076711 1 ==== mgr_command_reply(tid 0: 0 ) ==== 8+0+24 (secure 0 0 0) 0x7fa68c1040c0 con 0x7fa6700395b0
2024-04-24T07:53:37.939 INFO:teuthology.orchestra.run.smithi179.stdout:/usr/bin/ceph: stderr
2024-04-24T07:53:36.600+0000 7fa690c00700 1 -- 172.21.15.179:0/3715533082 >> [v2:172.21.15.179:6800/216076711,v1:172.21.15.179:6801/216076711] conn(0x7fa6700395b0 msgr2=0x7fa67003ba70 secure :-1 s=STATE_CONNECTION_ESTABLISHED l=1).mark_down
2024-04-24T07:53:37.939 INFO:teuthology.orchestra.run.smithi179.stdout:/usr/bin/ceph: stderr
2024-04-24T07:53:36.600+0000 7fa690c00700 1 --2- 172.21.15.179:0/3715533082 >> [v2:172.21.15.179:6800/216076711,v1:172.21.15.179:6801/216076711] conn(0x7fa6700395b0 0x7fa67003ba70 secure :-1 s=READY pgs=12 cs=0 l=1 rev1=1 crypto rx=0x7fa678006fd0 tx=0x7fa678006e40 comp rx=0 tx=0).stop
2024-04-24T07:53:37.939 INFO:teuthology.orchestra.run.smithi179.stdout:/usr/bin/ceph: stderr
2024-04-24T07:53:36.600+0000 7fa690c00700 1 -- 172.21.15.179:0/3715533082 >> [v2:172.21.15.179:3300/0,v1:172.21.15.179:6789/0] conn(0x7fa68c07d6a0 msgr2=0x7fa68c19d940 secure :-1 s=STATE_CONNECTION_ESTABLISHED l=1).mark_down
2024-04-24T07:53:37.939 INFO:teuthology.orchestra.run.smithi179.stdout:/usr/bin/ceph: stderr
2024-04-24T07:53:36.600+0000 7fa690c00700 1 --2- 172.21.15.179:0/3715533082 >> [v2:172.21.15.179:3300/0,v1:172.21.15.179:6789/0] conn(0x7fa68c07d6a0 0x7fa68c19d940 secure :-1 s=READY pgs=48 cs=0 l=1 rev1=1 crypto rx=0x7fa67c006af0 tx=0x7fa67c011b70 comp rx=0 tx=0).stop
2024-04-24T07:53:37.939 INFO:teuthology.orchestra.run.smithi179.stdout:/usr/bin/ceph: stderr
2024-04-24T07:53:36.601+0000 7fa690c00700 1 -- 172.21.15.179:0/3715533082 shutdown_connections
2024-04-24T07:53:37.939 INFO:teuthology.orchestra.run.smithi179.stdout:/usr/bin/ceph: stderr
2024-04-24T07:53:36.601+0000 7fa690c00700 1 --2- 172.21.15.179:0/3715533082 >> [v2:172.21.15.179:6800/216076711,v1:172.21.15.179:6801/216076711] conn(0x7fa6700395b0 0x7fa67003ba70 unknown :-1 s=CLOSED pgs=12 cs=0 l=1 rev1=1 crypto rx=0 tx=0 comp rx=0 tx=0).stop
2024-04-24T07:53:37.940 INFO:teuthology.orchestra.run.smithi179.stdout:/usr/bin/ceph: stderr
2024-04-24T07:53:36.601+0000 7fa690c00700 1 --2- 172.21.15.179:0/3715533082 >> [v2:172.21.15.179:3300/0,v1:172.21.15.179:6789/0] conn(0x7fa68c07d6a0 0x7fa68c19d940 unknown :-1 s=CLOSED pgs=48 cs=0 l=1 rev1=1 crypto rx=0 tx=0 comp rx=0 tx=0).stop
2024-04-24T07:53:37.940 INFO:teuthology.orchestra.run.smithi179.stdout:/usr/bin/ceph: stderr
2024-04-24T07:53:36.601+0000 7fa690c00700 1 -- 172.21.15.179:0/3715533082 >> 172.21.15.179:0/3715533082 conn(0x7fa68c102e40 msgr2=0x7fa68c1039b0 unknown :-1 s=STATE_NONE l=0).mark_down
2024-04-24T07:53:37.940 INFO:teuthology.orchestra.run.smithi179.stdout:/usr/bin/ceph: stderr
2024-04-24T07:53:36.601+0000 7fa690c00700 1 -- 172.21.15.179:0/3715533082 shutdown_connections
2024-04-24T07:53:37.940 INFO:teuthology.orchestra.run.smithi179.stdout:/usr/bin/ceph: stderr
2024-04-24T07:53:36.601+0000 7fa690c00700 1 -- 172.21.15.179:0/3715533082 wait complete.
2024-04-24T07:53:37.940 INFO:teuthology.orchestra.run.smithi179.stdout:Deploying unmanaged mgr service...
2024-04-24T07:53:39.717 INFO:journalctl@ceph.mon.a.smithi179.stdout:Apr 24 07:53:39 smithi179 ceph-mon[25686]: from='mgr.14120 172.21.15.179:0/1183112370' entity='mgr.x'
2024-04-24T07:53:39.717 INFO:journalctl@ceph.mon.a.smithi179.stdout:Apr 24 07:53:39 smithi179 ceph-mon[25686]: from='mgr.14120 172.21.15.179:0/1183112370' entity='mgr.x'
2024-04-24T07:53:39.717 INFO:journalctl@ceph.mon.a.smithi179.stdout:Apr 24 07:53:39 smithi179 ceph-mon[25686]: from='mgr.14120 172.21.15.179:0/1183112370' entity='mgr.x'
2024-04-24T07:53:40.140 INFO:teuthology.orchestra.run.smithi179.stdout:/usr/bin/ceph: stdout Scheduled mgr update...
2024-04-24T07:53:40.141 INFO:teuthology.orchestra.run.smithi179.stdout:/usr/bin/ceph: stderr
2024-04-24T07:53:39.023+0000 7f3ace600700 1 Processor -- start
2024-04-24T07:53:40.141 INFO:teuthology.orchestra.run.smithi179.stdout:/usr/bin/ceph: stderr
2024-04-24T07:53:39.023+0000 7f3ace600700 1 -- start start
2024-04-24T07:53:40.141 INFO:teuthology.orchestra.run.smithi179.stdout:/usr/bin/ceph: stderr
2024-04-24T07:53:39.024+0000 7f3ace600700 1 --2- >> [v2:172.21.15.179:3300/0,v1:172.21.15.179:6789/0] conn(0x7f3ac807ce30 0x7f3ac807b290 unknown :-1 s=NONE pgs=0 cs=0 l=0 rev1=0 crypto rx=0 tx=0 comp rx=0 tx=0).connect
2024-04-24T07:53:40.141 INFO:teuthology.orchestra.run.smithi179.stdout:/usr/bin/ceph: stderr
2024-04-24T07:53:39.024+0000 7f3ace600700 1 -- --> [v2:172.21.15.179:3300/0,v1:172.21.15.179:6789/0] -- mon_getmap magic: 0 -- 0x7f3ac807b860 con 0x7f3ac807ce30
2024-04-24T07:53:40.141 INFO:teuthology.orchestra.run.smithi179.stdout:/usr/bin/ceph: stderr
2024-04-24T07:53:39.024+0000 7f3ac7400700 1 --2- >> [v2:172.21.15.179:3300/0,v1:172.21.15.179:6789/0] conn(0x7f3ac807ce30 0x7f3ac807b290 unknown :-1 s=BANNER_CONNECTING pgs=0 cs=0 l=0 rev1=0 crypto rx=0 tx=0 comp rx=0 tx=0)._handle_peer_banner_payload supported=3 required=0
2024-04-24T07:53:40.141 INFO:teuthology.orchestra.run.smithi179.stdout:/usr/bin/ceph: stderr
2024-04-24T07:53:39.024+0000 7f3ac7400700 1 --2- >> [v2:172.21.15.179:3300/0,v1:172.21.15.179:6789/0] conn(0x7f3ac807ce30 0x7f3ac807b290 unknown :-1 s=HELLO_CONNECTING pgs=0 cs=0 l=0 rev1=1 crypto rx=0 tx=0 comp rx=0 tx=0).handle_hello peer v2:172.21.15.179:3300/0 says I am v2:172.21.15.179:38058/0 (socket says 172.21.15.179:38058)
2024-04-24T07:53:40.141 INFO:teuthology.orchestra.run.smithi179.stdout:/usr/bin/ceph: stderr
2024-04-24T07:53:39.024+0000 7f3ac7400700 1 -- 172.21.15.179:0/1235305270 learned_addr learned my addr 172.21.15.179:0/1235305270 (peer_addr_for_me v2:172.21.15.179:0/0)
2024-04-24T07:53:40.141 INFO:teuthology.orchestra.run.smithi179.stdout:/usr/bin/ceph: stderr
2024-04-24T07:53:39.024+0000 7f3ac7400700 1 -- 172.21.15.179:0/1235305270 --> [v2:172.21.15.179:3300/0,v1:172.21.15.179:6789/0] -- mon_subscribe({config=0+,monmap=0+}) -- 0x7f3ac807b9e0 con 0x7f3ac807ce30
2024-04-24T07:53:40.141 INFO:teuthology.orchestra.run.smithi179.stdout:/usr/bin/ceph: stderr
2024-04-24T07:53:39.025+0000 7f3ac7400700 1 --2- 172.21.15.179:0/1235305270 >> [v2:172.21.15.179:3300/0,v1:172.21.15.179:6789/0] conn(0x7f3ac807ce30 0x7f3ac807b290 secure :-1 s=READY pgs=49 cs=0 l=1 rev1=1 crypto rx=0x7f3ab80098a0 tx=0x7f3ab8009bb0 comp rx=0 tx=0).ready entity=mon.0 client_cookie=3fd911e308e75b0e server_cookie=0 in_seq=0 out_seq=0
2024-04-24T07:53:40.141 INFO:teuthology.orchestra.run.smithi179.stdout:/usr/bin/ceph: stderr
2024-04-24T07:53:39.025+0000 7f3ac6000700 1 -- 172.21.15.179:0/1235305270 <== mon.0 v2:172.21.15.179:3300/0 1 ==== mon_map magic: 0 ==== 205+0+0 (secure 0 0 0) 0x7f3ab8004160 con 0x7f3ac807ce30
2024-04-24T07:53:40.141 INFO:teuthology.orchestra.run.smithi179.stdout:/usr/bin/ceph: stderr
2024-04-24T07:53:39.025+0000 7f3ac6000700 1 -- 172.21.15.179:0/1235305270 <== mon.0 v2:172.21.15.179:3300/0 2 ==== config(26 keys) ==== 1102+0+0 (secure 0 0 0) 0x7f3ab8004300 con 0x7f3ac807ce30
2024-04-24T07:53:40.141 INFO:teuthology.orchestra.run.smithi179.stdout:/usr/bin/ceph: stderr
2024-04-24T07:53:39.025+0000 7f3ac6000700 1 -- 172.21.15.179:0/1235305270 <== mon.0 v2:172.21.15.179:3300/0 3 ==== mon_map magic: 0 ==== 205+0+0 (secure 0 0 0) 0x7f3ab8011a50 con 0x7f3ac807ce30
2024-04-24T07:53:40.142 INFO:teuthology.orchestra.run.smithi179.stdout:/usr/bin/ceph: stderr
2024-04-24T07:53:39.026+0000 7f3ace600700 1 -- 172.21.15.179:0/1235305270 >> [v2:172.21.15.179:3300/0,v1:172.21.15.179:6789/0] conn(0x7f3ac807ce30 msgr2=0x7f3ac807b290 secure :-1 s=STATE_CONNECTION_ESTABLISHED l=1).mark_down
2024-04-24T07:53:40.142 INFO:teuthology.orchestra.run.smithi179.stdout:/usr/bin/ceph: stderr
2024-04-24T07:53:39.026+0000 7f3ace600700 1 --2- 172.21.15.179:0/1235305270 >> [v2:172.21.15.179:3300/0,v1:172.21.15.179:6789/0] conn(0x7f3ac807ce30 0x7f3ac807b290 secure :-1 s=READY pgs=49 cs=0 l=1 rev1=1 crypto rx=0x7f3ab80098a0 tx=0x7f3ab8009bb0 comp rx=0 tx=0).stop
2024-04-24T07:53:40.142 INFO:teuthology.orchestra.run.smithi179.stdout:/usr/bin/ceph: stderr
2024-04-24T07:53:39.026+0000 7f3ace600700 1 -- 172.21.15.179:0/1235305270 shutdown_connections
2024-04-24T07:53:40.142 INFO:teuthology.orchestra.run.smithi179.stdout:/usr/bin/ceph: stderr
2024-04-24T07:53:39.026+0000 7f3ace600700 1 --2- 172.21.15.179:0/1235305270 >> [v2:172.21.15.179:3300/0,v1:172.21.15.179:6789/0] conn(0x7f3ac807ce30 0x7f3ac807b290 unknown :-1 s=CLOSED pgs=49 cs=0 l=1 rev1=1 crypto rx=0 tx=0 comp rx=0 tx=0).stop
2024-04-24T07:53:40.142 INFO:teuthology.orchestra.run.smithi179.stdout:/usr/bin/ceph: stderr
2024-04-24T07:53:39.026+0000 7f3ace600700 1 -- 172.21.15.179:0/1235305270 >> 172.21.15.179:0/1235305270 conn(0x7f3ac8102fa0 msgr2=0x7f3ac81053e0 unknown :-1 s=STATE_NONE l=0).mark_down
2024-04-24T07:53:40.142 INFO:teuthology.orchestra.run.smithi179.stdout:/usr/bin/ceph: stderr
2024-04-24T07:53:39.026+0000 7f3ace600700 1 -- 172.21.15.179:0/1235305270 shutdown_connections
2024-04-24T07:53:40.142 INFO:teuthology.orchestra.run.smithi179.stdout:/usr/bin/ceph: stderr
2024-04-24T07:53:39.026+0000 7f3ace600700 1 -- 172.21.15.179:0/1235305270 wait complete.
2024-04-24T07:53:40.142 INFO:teuthology.orchestra.run.smithi179.stdout:/usr/bin/ceph: stderr
2024-04-24T07:53:39.028+0000 7f3ace600700 1 Processor -- start
2024-04-24T07:53:40.142 INFO:teuthology.orchestra.run.smithi179.stdout:/usr/bin/ceph: stderr
2024-04-24T07:53:39.028+0000 7f3ace600700 1 -- start start
