2024-04-24T07:53:21.900+0000 7f8161400700 1 -- 172.21.15.179:0/4242517749 --> [v2:172.21.15.179:3300/0,v1:172.21.15.179:6789/0] -- mon_subscribe({config=0+,monmap=0+}) -- 0x7f815c19deb0 con 0x7f815c109a60
2024-04-24T07:53:22.915 INFO:teuthology.orchestra.run.smithi179.stdout:/usr/bin/ceph: stderr
2024-04-24T07:53:21.900+0000 7f8161400700 1 --2- 172.21.15.179:0/4242517749 >> [v2:172.21.15.179:3300/0,v1:172.21.15.179:6789/0] conn(0x7f815c109a60 0x7f815c19d970 secure :-1 s=READY pgs=38 cs=0 l=1 rev1=1 crypto rx=0x7f8150006af0 tx=0x7f8150011c40 comp rx=0 tx=0).ready entity=mon.0 client_cookie=0 server_cookie=0 in_seq=0 out_seq=0
2024-04-24T07:53:22.915 INFO:teuthology.orchestra.run.smithi179.stdout:/usr/bin/ceph: stderr
2024-04-24T07:53:21.900+0000 7f815a000700 1 -- 172.21.15.179:0/4242517749 <== mon.0 v2:172.21.15.179:3300/0 1 ==== mon_map magic: 0 ==== 205+0+0 (secure 0 0 0) 0x7f81500039e0 con 0x7f815c109a60
2024-04-24T07:53:22.915 INFO:teuthology.orchestra.run.smithi179.stdout:/usr/bin/ceph: stderr
2024-04-24T07:53:21.900+0000 7f815a000700 1 -- 172.21.15.179:0/4242517749 <== mon.0 v2:172.21.15.179:3300/0 2 ==== config(26 keys) ==== 1071+0+0 (secure 0 0 0) 0x7f8150003b80 con 0x7f815c109a60
2024-04-24T07:53:22.915 INFO:teuthology.orchestra.run.smithi179.stdout:/usr/bin/ceph: stderr
2024-04-24T07:53:21.900+0000 7f815a000700 1 -- 172.21.15.179:0/4242517749 <== mon.0 v2:172.21.15.179:3300/0 3 ==== mon_map magic: 0 ==== 205+0+0 (secure 0 0 0) 0x7f81500196a0 con 0x7f815c109a60
2024-04-24T07:53:22.915 INFO:teuthology.orchestra.run.smithi179.stdout:/usr/bin/ceph: stderr
2024-04-24T07:53:21.900+0000 7f8162800700 1 -- 172.21.15.179:0/4242517749 --> [v2:172.21.15.179:3300/0,v1:172.21.15.179:6789/0] -- mon_subscribe({mgrmap=0+}) -- 0x7f815c19e140 con 0x7f815c109a60
2024-04-24T07:53:22.915 INFO:teuthology.orchestra.run.smithi179.stdout:/usr/bin/ceph: stderr
2024-04-24T07:53:21.900+0000 7f8162800700 1 -- 172.21.15.179:0/4242517749 --> [v2:172.21.15.179:3300/0,v1:172.21.15.179:6789/0] -- mon_subscribe({osdmap=0}) -- 0x7f815c1a0e30 con 0x7f815c109a60
2024-04-24T07:53:22.915 INFO:teuthology.orchestra.run.smithi179.stdout:/usr/bin/ceph: stderr
2024-04-24T07:53:21.901+0000 7f815a000700 1 -- 172.21.15.179:0/4242517749 <== mon.0 v2:172.21.15.179:3300/0 4 ==== mgrmap(e 8) ==== 46558+0+0 (secure 0 0 0) 0x7f815001a430 con 0x7f815c109a60
2024-04-24T07:53:22.916 INFO:teuthology.orchestra.run.smithi179.stdout:/usr/bin/ceph: stderr
2024-04-24T07:53:21.902+0000 7f8162800700 1 -- 172.21.15.179:0/4242517749 --> [v2:172.21.15.179:3300/0,v1:172.21.15.179:6789/0] -- mon_command({"prefix": "get_command_descriptions"} v 0) -- 0x7f815c10e010 con 0x7f815c109a60
2024-04-24T07:53:22.916 INFO:teuthology.orchestra.run.smithi179.stdout:/usr/bin/ceph: stderr
2024-04-24T07:53:21.902+0000 7f815a000700 1 --2- 172.21.15.179:0/4242517749 >> [v2:172.21.15.179:6800/216076711,v1:172.21.15.179:6801/216076711] conn(0x7f81440395b0 0x7f814403ba70 unknown :-1 s=NONE pgs=0 cs=0 l=1 rev1=0 crypto rx=0 tx=0 comp rx=0 tx=0).connect
2024-04-24T07:53:22.916 INFO:teuthology.orchestra.run.smithi179.stdout:/usr/bin/ceph: stderr
2024-04-24T07:53:21.902+0000 7f815a000700 1 -- 172.21.15.179:0/4242517749 <== mon.0 v2:172.21.15.179:3300/0 5 ==== osd_map(2..2 src has 1..2) ==== 940+0+0 (secure 0 0 0) 0x7f815004dcb0 con 0x7f815c109a60
2024-04-24T07:53:22.916 INFO:teuthology.orchestra.run.smithi179.stdout:/usr/bin/ceph: stderr
2024-04-24T07:53:21.902+0000 7f8160a00700 1 --2- 172.21.15.179:0/4242517749 >> [v2:172.21.15.179:6800/216076711,v1:172.21.15.179:6801/216076711] conn(0x7f81440395b0 0x7f814403ba70 unknown :-1 s=BANNER_CONNECTING pgs=0 cs=0 l=1 rev1=0 crypto rx=0 tx=0 comp rx=0 tx=0)._handle_peer_banner_payload supported=3 required=0
2024-04-24T07:53:22.916 INFO:teuthology.orchestra.run.smithi179.stdout:/usr/bin/ceph: stderr
2024-04-24T07:53:21.903+0000 7f8160a00700 1 --2- 172.21.15.179:0/4242517749 >> [v2:172.21.15.179:6800/216076711,v1:172.21.15.179:6801/216076711] conn(0x7f81440395b0 0x7f814403ba70 secure :-1 s=READY pgs=7 cs=0 l=1 rev1=1 crypto rx=0x7f8148006fd0 tx=0x7f8148006e40 comp rx=0 tx=0).ready entity=mgr.14120 client_cookie=0 server_cookie=0 in_seq=0 out_seq=0
2024-04-24T07:53:22.916 INFO:teuthology.orchestra.run.smithi179.stdout:/usr/bin/ceph: stderr
2024-04-24T07:53:21.908+0000 7f815a000700 1 -- 172.21.15.179:0/4242517749 <== mon.0 v2:172.21.15.179:3300/0 6 ==== mon_command_ack([{"prefix": "get_command_descriptions"}]=0 v0) ==== 72+0+188370 (secure 0 0 0) 0x7f81500172b0 con 0x7f815c109a60
2024-04-24T07:53:22.916 INFO:teuthology.orchestra.run.smithi179.stdout:/usr/bin/ceph: stderr
2024-04-24T07:53:22.149+0000 7f8162800700 1 -- 172.21.15.179:0/4242517749 --> [v2:172.21.15.179:6800/216076711,v1:172.21.15.179:6801/216076711] -- mgr_command(tid 0: {"prefix": "orch set backend", "module_name": "cephadm", "target": ["mon-mgr", ""]}) -- 0x7f815c107460 con 0x7f81440395b0
2024-04-24T07:53:22.916 INFO:teuthology.orchestra.run.smithi179.stdout:/usr/bin/ceph: stderr
2024-04-24T07:53:22.162+0000 7f815a000700 1 -- 172.21.15.179:0/4242517749 <== mgr.14120 v2:172.21.15.179:6800/216076711 1 ==== mgr_command_reply(tid 0: 0 ) ==== 8+0+0 (secure 0 0 0) 0x7f815c107460 con 0x7f81440395b0
2024-04-24T07:53:22.916 INFO:teuthology.orchestra.run.smithi179.stdout:/usr/bin/ceph: stderr
2024-04-24T07:53:22.165+0000 7f8162800700 1 -- 172.21.15.179:0/4242517749 >> [v2:172.21.15.179:6800/216076711,v1:172.21.15.179:6801/216076711] conn(0x7f81440395b0 msgr2=0x7f814403ba70 secure :-1 s=STATE_CONNECTION_ESTABLISHED l=1).mark_down
2024-04-24T07:53:22.916 INFO:teuthology.orchestra.run.smithi179.stdout:/usr/bin/ceph: stderr
2024-04-24T07:53:22.165+0000 7f8162800700 1 --2- 172.21.15.179:0/4242517749 >> [v2:172.21.15.179:6800/216076711,v1:172.21.15.179:6801/216076711] conn(0x7f81440395b0 0x7f814403ba70 secure :-1 s=READY pgs=7 cs=0 l=1 rev1=1 crypto rx=0x7f8148006fd0 tx=0x7f8148006e40 comp rx=0 tx=0).stop
2024-04-24T07:53:22.916 INFO:teuthology.orchestra.run.smithi179.stdout:/usr/bin/ceph: stderr
2024-04-24T07:53:22.165+0000 7f8162800700 1 -- 172.21.15.179:0/4242517749 >> [v2:172.21.15.179:3300/0,v1:172.21.15.179:6789/0] conn(0x7f815c109a60 msgr2=0x7f815c19d970 secure :-1 s=STATE_CONNECTION_ESTABLISHED l=1).mark_down
2024-04-24T07:53:22.916 INFO:teuthology.orchestra.run.smithi179.stdout:/usr/bin/ceph: stderr
2024-04-24T07:53:22.165+0000 7f8162800700 1 --2- 172.21.15.179:0/4242517749 >> [v2:172.21.15.179:3300/0,v1:172.21.15.179:6789/0] conn(0x7f815c109a60 0x7f815c19d970 secure :-1 s=READY pgs=38 cs=0 l=1 rev1=1 crypto rx=0x7f8150006af0 tx=0x7f8150011c40 comp rx=0 tx=0).stop
2024-04-24T07:53:22.916 INFO:teuthology.orchestra.run.smithi179.stdout:/usr/bin/ceph: stderr
2024-04-24T07:53:22.165+0000 7f8162800700 1 -- 172.21.15.179:0/4242517749 shutdown_connections
2024-04-24T07:53:22.916 INFO:teuthology.orchestra.run.smithi179.stdout:/usr/bin/ceph: stderr
2024-04-24T07:53:22.165+0000 7f8162800700 1 --2- 172.21.15.179:0/4242517749 >> [v2:172.21.15.179:6800/216076711,v1:172.21.15.179:6801/216076711] conn(0x7f81440395b0 0x7f814403ba70 unknown :-1 s=CLOSED pgs=7 cs=0 l=1 rev1=1 crypto rx=0 tx=0 comp rx=0 tx=0).stop
2024-04-24T07:53:22.917 INFO:teuthology.orchestra.run.smithi179.stdout:/usr/bin/ceph: stderr
2024-04-24T07:53:22.165+0000 7f8162800700 1 --2- 172.21.15.179:0/4242517749 >> [v2:172.21.15.179:3300/0,v1:172.21.15.179:6789/0] conn(0x7f815c109a60 0x7f815c19d970 unknown :-1 s=CLOSED pgs=38 cs=0 l=1 rev1=1 crypto rx=0 tx=0 comp rx=0 tx=0).stop
2024-04-24T07:53:22.917 INFO:teuthology.orchestra.run.smithi179.stdout:/usr/bin/ceph: stderr
2024-04-24T07:53:22.165+0000 7f8162800700 1 -- 172.21.15.179:0/4242517749 >> 172.21.15.179:0/4242517749 conn(0x7f815c07ce60 msgr2=0x7f815c106d50 unknown :-1 s=STATE_NONE l=0).mark_down
2024-04-24T07:53:22.917 INFO:teuthology.orchestra.run.smithi179.stdout:/usr/bin/ceph: stderr
2024-04-24T07:53:22.165+0000 7f8162800700 1 -- 172.21.15.179:0/4242517749 shutdown_connections
2024-04-24T07:53:22.917 INFO:teuthology.orchestra.run.smithi179.stdout:/usr/bin/ceph: stderr
2024-04-24T07:53:22.165+0000 7f8162800700 1 -- 172.21.15.179:0/4242517749 wait complete.
2024-04-24T07:53:23.717 INFO:journalctl@ceph.mon.a.smithi179.stdout:Apr 24 07:53:23 smithi179 ceph-mon[25686]: from='client.14132 -' entity='client.admin' cmd=[{"prefix": "orch set backend", "module_name": "cephadm", "target": ["mon-mgr", ""]}]: dispatch
2024-04-24T07:53:24.525 INFO:teuthology.orchestra.run.smithi179.stdout:/usr/bin/ceph: stdout value unchanged
2024-04-24T07:53:24.526 INFO:teuthology.orchestra.run.smithi179.stdout:/usr/bin/ceph: stderr
2024-04-24T07:53:23.520+0000 7fcea0800700 1 Processor -- start
2024-04-24T07:53:24.526 INFO:teuthology.orchestra.run.smithi179.stdout:/usr/bin/ceph: stderr
2024-04-24T07:53:23.520+0000 7fcea0800700 1 -- start start
2024-04-24T07:53:24.526 INFO:teuthology.orchestra.run.smithi179.stdout:/usr/bin/ceph: stderr
2024-04-24T07:53:23.520+0000 7fcea0800700 1 --2- >> [v2:172.21.15.179:3300/0,v1:172.21.15.179:6789/0] conn(0x7fce98107a40 0x7fce98107e60 unknown :-1 s=NONE pgs=0 cs=0 l=0 rev1=0 crypto rx=0 tx=0 comp rx=0 tx=0).connect
2024-04-24T07:53:24.526 INFO:teuthology.orchestra.run.smithi179.stdout:/usr/bin/ceph: stderr
2024-04-24T07:53:23.521+0000 7fcea0800700 1 -- --> [v2:172.21.15.179:3300/0,v1:172.21.15.179:6789/0] -- mon_getmap magic: 0 -- 0x7fce98108430 con 0x7fce98107a40
2024-04-24T07:53:24.526 INFO:teuthology.orchestra.run.smithi179.stdout:/usr/bin/ceph: stderr
2024-04-24T07:53:23.521+0000 7fce9de00700 1 --2- >> [v2:172.21.15.179:3300/0,v1:172.21.15.179:6789/0] conn(0x7fce98107a40 0x7fce98107e60 unknown :-1 s=BANNER_CONNECTING pgs=0 cs=0 l=0 rev1=0 crypto rx=0 tx=0 comp rx=0 tx=0)._handle_peer_banner_payload supported=3 required=0
2024-04-24T07:53:24.526 INFO:teuthology.orchestra.run.smithi179.stdout:/usr/bin/ceph: stderr
2024-04-24T07:53:23.521+0000 7fce9de00700 1 --2- >> [v2:172.21.15.179:3300/0,v1:172.21.15.179:6789/0] conn(0x7fce98107a40 0x7fce98107e60 unknown :-1 s=HELLO_CONNECTING pgs=0 cs=0 l=0 rev1=1 crypto rx=0 tx=0 comp rx=0 tx=0).handle_hello peer v2:172.21.15.179:3300/0 says I am v2:172.21.15.179:56328/0 (socket says 172.21.15.179:56328)
2024-04-24T07:53:24.526 INFO:teuthology.orchestra.run.smithi179.stdout:/usr/bin/ceph: stderr
2024-04-24T07:53:23.521+0000 7fce9de00700 1 -- 172.21.15.179:0/2992035088 learned_addr learned my addr 172.21.15.179:0/2992035088 (peer_addr_for_me v2:172.21.15.179:0/0)
2024-04-24T07:53:24.526 INFO:teuthology.orchestra.run.smithi179.stdout:/usr/bin/ceph: stderr
2024-04-24T07:53:23.522+0000 7fce9de00700 1 -- 172.21.15.179:0/2992035088 --> [v2:172.21.15.179:3300/0,v1:172.21.15.179:6789/0] -- mon_subscribe({config=0+,monmap=0+}) -- 0x7fce98108c40 con 0x7fce98107a40
2024-04-24T07:53:24.526 INFO:teuthology.orchestra.run.smithi179.stdout:/usr/bin/ceph: stderr
2024-04-24T07:53:23.522+0000 7fce9de00700 1 --2- 172.21.15.179:0/2992035088 >> [v2:172.21.15.179:3300/0,v1:172.21.15.179:6789/0] conn(0x7fce98107a40 0x7fce98107e60 secure :-1 s=READY pgs=39 cs=0 l=1 rev1=1 crypto rx=0x7fce8c0098a0 tx=0x7fce8c009bb0 comp rx=0 tx=0).ready entity=mon.0 client_cookie=822b4c364885faac server_cookie=0 in_seq=0 out_seq=0
2024-04-24T07:53:24.526 INFO:teuthology.orchestra.run.smithi179.stdout:/usr/bin/ceph: stderr
2024-04-24T07:53:23.522+0000 7fce9ca00700 1 -- 172.21.15.179:0/2992035088 <== mon.0 v2:172.21.15.179:3300/0 1 ==== mon_map magic: 0 ==== 205+0+0 (secure 0 0 0) 0x7fce8c004160 con 0x7fce98107a40
2024-04-24T07:53:24.526 INFO:teuthology.orchestra.run.smithi179.stdout:/usr/bin/ceph: stderr
2024-04-24T07:53:23.522+0000 7fce9ca00700 1 -- 172.21.15.179:0/2992035088 <== mon.0 v2:172.21.15.179:3300/0 2 ==== config(26 keys) ==== 1071+0+0 (secure 0 0 0) 0x7fce8c004300 con 0x7fce98107a40
2024-04-24T07:53:24.527 INFO:teuthology.orchestra.run.smithi179.stdout:/usr/bin/ceph: stderr
2024-04-24T07:53:23.522+0000 7fce9ca00700 1 -- 172.21.15.179:0/2992035088 <== mon.0 v2:172.21.15.179:3300/0 3 ==== mon_map magic: 0 ==== 205+0+0 (secure 0 0 0) 0x7fce8c011a80 con 0x7fce98107a40
2024-04-24T07:53:24.527 INFO:teuthology.orchestra.run.smithi179.stdout:/usr/bin/ceph: stderr
2024-04-24T07:53:23.523+0000 7fcea0800700 1 -- 172.21.15.179:0/2992035088 >> [v2:172.21.15.179:3300/0,v1:172.21.15.179:6789/0] conn(0x7fce98107a40 msgr2=0x7fce98107e60 secure :-1 s=STATE_CONNECTION_ESTABLISHED l=1).mark_down
2024-04-24T07:53:24.527 INFO:teuthology.orchestra.run.smithi179.stdout:/usr/bin/ceph: stderr
2024-04-24T07:53:23.523+0000 7fcea0800700 1 --2- 172.21.15.179:0/2992035088 >> [v2:172.21.15.179:3300/0,v1:172.21.15.179:6789/0] conn(0x7fce98107a40 0x7fce98107e60 secure :-1 s=READY pgs=39 cs=0 l=1 rev1=1 crypto rx=0x7fce8c0098a0 tx=0x7fce8c009bb0 comp rx=0 tx=0).stop
2024-04-24T07:53:24.527 INFO:teuthology.orchestra.run.smithi179.stdout:/usr/bin/ceph: stderr
2024-04-24T07:53:23.523+0000 7fcea0800700 1 -- 172.21.15.179:0/2992035088 shutdown_connections
2024-04-24T07:53:24.527 INFO:teuthology.orchestra.run.smithi179.stdout:/usr/bin/ceph: stderr
2024-04-24T07:53:23.523+0000 7fcea0800700 1 --2- 172.21.15.179:0/2992035088 >> [v2:172.21.15.179:3300/0,v1:172.21.15.179:6789/0] conn(0x7fce98107a40 0x7fce98107e60 unknown :-1 s=CLOSED pgs=39 cs=0 l=1 rev1=1 crypto rx=0 tx=0 comp rx=0 tx=0).stop
2024-04-24T07:53:24.527 INFO:teuthology.orchestra.run.smithi179.stdout:/usr/bin/ceph: stderr
2024-04-24T07:53:23.523+0000 7fcea0800700 1 -- 172.21.15.179:0/2992035088 >> 172.21.15.179:0/2992035088 conn(0x7fce98103020 msgr2=0x7fce98105440 unknown :-1 s=STATE_NONE l=0).mark_down
2024-04-24T07:53:24.527 INFO:teuthology.orchestra.run.smithi179.stdout:/usr/bin/ceph: stderr
2024-04-24T07:53:23.523+0000 7fcea0800700 1 -- 172.21.15.179:0/2992035088 shutdown_connections
2024-04-24T07:53:24.527 INFO:teuthology.orchestra.run.smithi179.stdout:/usr/bin/ceph: stderr
2024-04-24T07:53:23.523+0000 7fcea0800700 1 -- 172.21.15.179:0/2992035088 wait complete.
2024-04-24T07:53:24.527 INFO:teuthology.orchestra.run.smithi179.stdout:/usr/bin/ceph: stderr
2024-04-24T07:53:23.524+0000 7fcea0800700 1 Processor -- start
2024-04-24T07:53:24.527 INFO:teuthology.orchestra.run.smithi179.stdout:/usr/bin/ceph: stderr
2024-04-24T07:53:23.524+0000 7fcea0800700 1 -- start start
2024-04-24T07:53:24.527 INFO:teuthology.orchestra.run.smithi179.stdout:/usr/bin/ceph: stderr
2024-04-24T07:53:23.524+0000 7fcea0800700 1 --2- >> [v2:172.21.15.179:3300/0,v1:172.21.15.179:6789/0] conn(0x7fce98107a40 0x7fce9819db70 unknown :-1 s=NONE pgs=0 cs=0 l=1 rev1=0 crypto rx=0 tx=0 comp rx=0 tx=0).connect
2024-04-24T07:53:24.527 INFO:teuthology.orchestra.run.smithi179.stdout:/usr/bin/ceph: stderr
2024-04-24T07:53:23.524+0000 7fcea0800700 1 -- --> [v2:172.21.15.179:3300/0,v1:172.21.15.179:6789/0] -- mon_getmap magic: 0 -- 0x7fce9810be70 con 0x7fce98107a40
2024-04-24T07:53:24.527 INFO:teuthology.orchestra.run.smithi179.stdout:/usr/bin/ceph: stderr
2024-04-24T07:53:23.525+0000 7fce9de00700 1 --2- >> [v2:172.21.15.179:3300/0,v1:172.21.15.179:6789/0] conn(0x7fce98107a40 0x7fce9819db70 unknown :-1 s=BANNER_CONNECTING pgs=0 cs=0 l=1 rev1=0 crypto rx=0 tx=0 comp rx=0 tx=0)._handle_peer_banner_payload supported=3 required=0
2024-04-24T07:53:24.527 INFO:teuthology.orchestra.run.smithi179.stdout:/usr/bin/ceph: stderr
2024-04-24T07:53:23.525+0000 7fce9de00700 1 --2- >> [v2:172.21.15.179:3300/0,v1:172.21.15.179:6789/0] conn(0x7fce98107a40 0x7fce9819db70 unknown :-1 s=HELLO_CONNECTING pgs=0 cs=0 l=1 rev1=1 crypto rx=0 tx=0 comp rx=0 tx=0).handle_hello peer v2:172.21.15.179:3300/0 says I am v2:172.21.15.179:56342/0 (socket says 172.21.15.179:56342)
2024-04-24T07:53:24.528 INFO:teuthology.orchestra.run.smithi179.stdout:/usr/bin/ceph: stderr
2024-04-24T07:53:23.525+0000 7fce9de00700 1 -- 172.21.15.179:0/329537087 learned_addr learned my addr 172.21.15.179:0/329537087 (peer_addr_for_me v2:172.21.15.179:0/0)
2024-04-24T07:53:24.528 INFO:teuthology.orchestra.run.smithi179.stdout:/usr/bin/ceph: stderr
2024-04-24T07:53:23.525+0000 7fce9de00700 1 -- 172.21.15.179:0/329537087 --> [v2:172.21.15.179:3300/0,v1:172.21.15.179:6789/0] -- mon_subscribe({config=0+,monmap=0+}) -- 0x7fce9819e0b0 con 0x7fce98107a40
2024-04-24T07:53:24.528 INFO:teuthology.orchestra.run.smithi179.stdout:/usr/bin/ceph: stderr
2024-04-24T07:53:23.525+0000 7fce9de00700 1 --2- 172.21.15.179:0/329537087 >> [v2:172.21.15.179:3300/0,v1:172.21.15.179:6789/0] conn(0x7fce98107a40 0x7fce9819db70 secure :-1 s=READY pgs=40 cs=0 l=1 rev1=1 crypto rx=0x7fce8c000c00 tx=0x7fce8c011b00 comp rx=0 tx=0).ready entity=mon.0 client_cookie=0 server_cookie=0 in_seq=0 out_seq=0
2024-04-24T07:53:24.528 INFO:teuthology.orchestra.run.smithi179.stdout:/usr/bin/ceph: stderr
2024-04-24T07:53:23.525+0000 7fce92a00700 1 -- 172.21.15.179:0/329537087 <== mon.0 v2:172.21.15.179:3300/0 1 ==== mon_map magic: 0 ==== 205+0+0 (secure 0 0 0) 0x7fce8c0039f0 con 0x7fce98107a40
2024-04-24T07:53:24.528 INFO:teuthology.orchestra.run.smithi179.stdout:/usr/bin/ceph: stderr
2024-04-24T07:53:23.526+0000 7fce92a00700 1 -- 172.21.15.179:0/329537087 <== mon.0 v2:172.21.15.179:3300/0 2 ==== config(26 keys) ==== 1071+0+0 (secure 0 0 0) 0x7fce8c003b90 con 0x7fce98107a40
2024-04-24T07:53:24.528 INFO:teuthology.orchestra.run.smithi179.stdout:/usr/bin/ceph: stderr
2024-04-24T07:53:23.526+0000 7fcea0800700 1 -- 172.21.15.179:0/329537087 --> [v2:172.21.15.179:3300/0,v1:172.21.15.179:6789/0] -- mon_subscribe({mgrmap=0+}) -- 0x7fce9819e340 con 0x7fce98107a40
2024-04-24T07:53:24.528 INFO:teuthology.orchestra.run.smithi179.stdout:/usr/bin/ceph: stderr
2024-04-24T07:53:23.526+0000 7fce92a00700 1 -- 172.21.15.179:0/329537087 <== mon.0 v2:172.21.15.179:3300/0 3 ==== mon_map magic: 0 ==== 205+0+0 (secure 0 0 0) 0x7fce8c01a740 con 0x7fce98107a40
2024-04-24T07:53:24.528 INFO:teuthology.orchestra.run.smithi179.stdout:/usr/bin/ceph: stderr
2024-04-24T07:53:23.526+0000 7fcea0800700 1 -- 172.21.15.179:0/329537087 --> [v2:172.21.15.179:3300/0,v1:172.21.15.179:6789/0] -- mon_subscribe({osdmap=0}) -- 0x7fce981a1030 con 0x7fce98107a40
2024-04-24T07:53:24.528 INFO:teuthology.orchestra.run.smithi179.stdout:/usr/bin/ceph: stderr
2024-04-24T07:53:23.527+0000 7fcea0800700 1 -- 172.21.15.179:0/329537087 --> [v2:172.21.15.179:3300/0,v1:172.21.15.179:6789/0] -- mon_command({"prefix": "get_command_descriptions"} v 0) -- 0x7fce9810bff0 con 0x7fce98107a40
2024-04-24T07:53:24.528 INFO:teuthology.orchestra.run.smithi179.stdout:/usr/bin/ceph: stderr
2024-04-24T07:53:23.529+0000 7fce92a00700 1 -- 172.21.15.179:0/329537087 <== mon.0 v2:172.21.15.179:3300/0 4 ==== mgrmap(e 8) ==== 46558+0+0 (secure 0 0 0) 0x7fce8c024af0 con 0x7fce98107a40
2024-04-24T07:53:24.528 INFO:teuthology.orchestra.run.smithi179.stdout:/usr/bin/ceph: stderr
2024-04-24T07:53:23.530+0000 7fce92a00700 1 --2- 172.21.15.179:0/329537087 >> [v2:172.21.15.179:6800/216076711,v1:172.21.15.179:6801/216076711] conn(0x7fce80039600 0x7fce8003bac0 unknown :-1 s=NONE pgs=0 cs=0 l=1 rev1=0 crypto rx=0 tx=0 comp rx=0 tx=0).connect
2024-04-24T07:53:24.528 INFO:teuthology.orchestra.run.smithi179.stdout:/usr/bin/ceph: stderr
2024-04-24T07:53:23.530+0000 7fce92a00700 1 -- 172.21.15.179:0/329537087 <== mon.0 v2:172.21.15.179:3300/0 5 ==== osd_map(2..2 src has 1..2) ==== 940+0+0 (secure 0 0 0) 0x7fce8c04de20 con 0x7fce98107a40
2024-04-24T07:53:24.529 INFO:teuthology.orchestra.run.smithi179.stdout:/usr/bin/ceph: stderr
2024-04-24T07:53:23.530+0000 7fce9d400700 1 --2- 172.21.15.179:0/329537087 >> [v2:172.21.15.179:6800/216076711,v1:172.21.15.179:6801/216076711] conn(0x7fce80039600 0x7fce8003bac0 unknown :-1 s=BANNER_CONNECTING pgs=0 cs=0 l=1 rev1=0 crypto rx=0 tx=0 comp rx=0 tx=0)._handle_peer_banner_payload supported=3 required=0
2024-04-24T07:53:24.529 INFO:teuthology.orchestra.run.smithi179.stdout:/usr/bin/ceph: stderr
2024-04-24T07:53:23.531+0000 7fce9d400700 1 --2- 172.21.15.179:0/329537087 >> [v2:172.21.15.179:6800/216076711,v1:172.21.15.179:6801/216076711] conn(0x7fce80039600 0x7fce8003bac0 secure :-1 s=READY pgs=8 cs=0 l=1 rev1=1 crypto rx=0x7fce88006fd0 tx=0x7fce88006e40 comp rx=0 tx=0).ready entity=mgr.14120 client_cookie=0 server_cookie=0 in_seq=0 out_seq=0
2024-04-24T07:53:24.529 INFO:teuthology.orchestra.run.smithi179.stdout:/usr/bin/ceph: stderr
2024-04-24T07:53:23.540+0000 7fce92a00700 1 -- 172.21.15.179:0/329537087 <== mon.0 v2:172.21.15.179:3300/0 6 ==== mon_command_ack([{"prefix": "get_command_descriptions"}]=0 v0) ==== 72+0+188370 (secure 0 0 0) 0x7fce8c019de0 con 0x7fce98107a40
2024-04-24T07:53:24.529 INFO:teuthology.orchestra.run.smithi179.stdout:/usr/bin/ceph: stderr
2024-04-24T07:53:23.767+0000 7fcea0800700 1 -- 172.21.15.179:0/329537087 --> [v2:172.21.15.179:6800/216076711,v1:172.21.15.179:6801/216076711] -- mgr_command(tid 0: {"prefix": "cephadm set-user", "user": "root", "target": ["mon-mgr", ""]}) -- 0x7fce981041c0 con 0x7fce80039600
2024-04-24T07:53:24.529 INFO:teuthology.orchestra.run.smithi179.stdout:/usr/bin/ceph: stderr
2024-04-24T07:53:23.768+0000 7fce92a00700 1 -- 172.21.15.179:0/329537087 <== mgr.14120 v2:172.21.15.179:6800/216076711 1 ==== mgr_command_reply(tid 0: 0 ) ==== 8+0+16 (secure 0 0 0) 0x7fce981041c0 con 0x7fce80039600
2024-04-24T07:53:24.529 INFO:teuthology.orchestra.run.smithi179.stdout:/usr/bin/ceph: stderr
2024-04-24T07:53:23.772+0000 7fcea0800700 1 -- 172.21.15.179:0/329537087 >> [v2:172.21.15.179:6800/216076711,v1:172.21.15.179:6801/216076711] conn(0x7fce80039600 msgr2=0x7fce8003bac0 secure :-1 s=STATE_CONNECTION_ESTABLISHED l=1).mark_down
2024-04-24T07:53:24.529 INFO:teuthology.orchestra.run.smithi179.stdout:/usr/bin/ceph: stderr
2024-04-24T07:53:23.772+0000 7fcea0800700 1 --2- 172.21.15.179:0/329537087 >> [v2:172.21.15.179:6800/216076711,v1:172.21.15.179:6801/216076711] conn(0x7fce80039600 0x7fce8003bac0 secure :-1 s=READY pgs=8 cs=0 l=1 rev1=1 crypto rx=0x7fce88006fd0 tx=0x7fce88006e40 comp rx=0 tx=0).stop
2024-04-24T07:53:24.529 INFO:teuthology.orchestra.run.smithi179.stdout:/usr/bin/ceph: stderr
2024-04-24T07:53:23.772+0000 7fcea0800700 1 -- 172.21.15.179:0/329537087 >> [v2:172.21.15.179:3300/0,v1:172.21.15.179:6789/0] conn(0x7fce98107a40 msgr2=0x7fce9819db70 secure :-1 s=STATE_CONNECTION_ESTABLISHED l=1).mark_down
2024-04-24T07:53:24.529 INFO:teuthology.orchestra.run.smithi179.stdout:/usr/bin/ceph: stderr
2024-04-24T07:53:23.772+0000 7fcea0800700 1 --2- 172.21.15.179:0/329537087 >> [v2:172.21.15.179:3300/0,v1:172.21.15.179:6789/0] conn(0x7fce98107a40 0x7fce9819db70 secure :-1 s=READY pgs=40 cs=0 l=1 rev1=1 crypto rx=0x7fce8c000c00 tx=0x7fce8c011b00 comp rx=0 tx=0).stop
2024-04-24T07:53:24.529 INFO:teuthology.orchestra.run.smithi179.stdout:/usr/bin/ceph: stderr
2024-04-24T07:53:23.772+0000 7fcea0800700 1 -- 172.21.15.179:0/329537087 shutdown_connections
2024-04-24T07:53:24.529 INFO:teuthology.orchestra.run.smithi179.stdout:/usr/bin/ceph: stderr
2024-04-24T07:53:23.772+0000 7fcea0800700 1 --2- 172.21.15.179:0/329537087 >> [v2:172.21.15.179:6800/216076711,v1:172.21.15.179:6801/216076711] conn(0x7fce80039600 0x7fce8003bac0 unknown :-1 s=CLOSED pgs=8 cs=0 l=1 rev1=1 crypto rx=0 tx=0 comp rx=0 tx=0).stop
2024-04-24T07:53:24.529 INFO:teuthology.orchestra.run.smithi179.stdout:/usr/bin/ceph: stderr
2024-04-24T07:53:23.772+0000 7fcea0800700 1 --2- 172.21.15.179:0/329537087 >> [v2:172.21.15.179:3300/0,v1:172.21.15.179:6789/0] conn(0x7fce98107a40 0x7fce9819db70 unknown :-1 s=CLOSED pgs=40 cs=0 l=1 rev1=1 crypto rx=0 tx=0 comp rx=0 tx=0).stop
2024-04-24T07:53:24.529 INFO:teuthology.orchestra.run.smithi179.stdout:/usr/bin/ceph: stderr
2024-04-24T07:53:23.772+0000 7fcea0800700 1 -- 172.21.15.179:0/329537087 >> 172.21.15.179:0/329537087 conn(0x7fce98103020 msgr2=0x7fce98103ab0 unknown :-1 s=STATE_NONE l=0).mark_down
2024-04-24T07:53:24.529 INFO:teuthology.orchestra.run.smithi179.stdout:/usr/bin/ceph: stderr
2024-04-24T07:53:23.773+0000 7fcea0800700 1 -- 172.21.15.179:0/329537087 shutdown_connections
2024-04-24T07:53:24.530 INFO:teuthology.orchestra.run.smithi179.stdout:/usr/bin/ceph: stderr
2024-04-24T07:53:23.773+0000 7fcea0800700 1 -- 172.21.15.179:0/329537087 wait complete.
2024-04-24T07:53:24.530 INFO:teuthology.orchestra.run.smithi179.stdout:Generating ssh key...
2024-04-24T07:53:24.860 INFO:journalctl@ceph.mon.a.smithi179.stdout:Apr 24 07:53:24 smithi179 ceph-mon[25686]: from='client.14134 -' entity='client.admin' cmd=[{"prefix": "cephadm set-user", "user": "root", "target": ["mon-mgr", ""]}]: dispatch
2024-04-24T07:53:25.719 INFO:journalctl@ceph.mgr.x.smithi179.stdout:Apr 24 07:53:25 smithi179 ceph-7d875f26-020f-11ef-bc93-c7b262605968-mgr-x[25924]: Generating public/private rsa key pair.
2024-04-24T07:53:25.719 INFO:journalctl@ceph.mgr.x.smithi179.stdout:Apr 24 07:53:25 smithi179 ceph-7d875f26-020f-11ef-bc93-c7b262605968-mgr-x[25924]: Your identification has been saved in /tmp/tmplrgyyfs6/key.
2024-04-24T07:53:25.720 INFO:journalctl@ceph.mgr.x.smithi179.stdout:Apr 24 07:53:25 smithi179 ceph-7d875f26-020f-11ef-bc93-c7b262605968-mgr-x[25924]: Your public key has been saved in /tmp/tmplrgyyfs6/key.pub.
2024-04-24T07:53:25.720 INFO:journalctl@ceph.mgr.x.smithi179.stdout:Apr 24 07:53:25 smithi179 ceph-7d875f26-020f-11ef-bc93-c7b262605968-mgr-x[25924]: The key fingerprint is:
2024-04-24T07:53:25.720 INFO:journalctl@ceph.mgr.x.smithi179.stdout:Apr 24 07:53:25 smithi179 ceph-7d875f26-020f-11ef-bc93-c7b262605968-mgr-x[25924]: SHA256:9RSS8W8ZyeyiSPvsz7GXgwLhhmEsM0m1oH43lsr6HjA ceph-7d875f26-020f-11ef-bc93-c7b262605968
2024-04-24T07:53:25.720 INFO:journalctl@ceph.mgr.x.smithi179.stdout:Apr 24 07:53:25 smithi179 ceph-7d875f26-020f-11ef-bc93-c7b262605968-mgr-x[25924]: The key's randomart image is:
2024-04-24T07:53:25.720 INFO:journalctl@ceph.mgr.x.smithi179.stdout:Apr 24 07:53:25 smithi179 ceph-7d875f26-020f-11ef-bc93-c7b262605968-mgr-x[25924]: +---[RSA 3072]----+
2024-04-24T07:53:25.720 INFO:journalctl@ceph.mgr.x.smithi179.stdout:Apr 24 07:53:25 smithi179 ceph-7d875f26-020f-11ef-bc93-c7b262605968-mgr-x[25924]: | ... oo. |
2024-04-24T07:53:25.720 INFO:journalctl@ceph.mgr.x.smithi179.stdout:Apr 24 07:53:25 smithi179 ceph-7d875f26-020f-11ef-bc93-c7b262605968-mgr-x[25924]: | ... . .o + . |
2024-04-24T07:53:25.720 INFO:journalctl@ceph.mgr.x.smithi179.stdout:Apr 24 07:53:25 smithi179 ceph-7d875f26-020f-11ef-bc93-c7b262605968-mgr-x[25924]: | .. o. . o = |
2024-04-24T07:53:25.720 INFO:journalctl@ceph.mgr.x.smithi179.stdout:Apr 24 07:53:25 smithi179 ceph-7d875f26-020f-11ef-bc93-c7b262605968-mgr-x[25924]: | . = +... o o o |
2024-04-24T07:53:25.720 INFO:journalctl@ceph.mgr.x.smithi179.stdout:Apr 24 07:53:25 smithi179 ceph-7d875f26-020f-11ef-bc93-c7b262605968-mgr-x[25924]: | E .==+S. o = |
2024-04-24T07:53:25.720 INFO:journalctl@ceph.mgr.x.smithi179.stdout:Apr 24 07:53:25 smithi179 ceph-7d875f26-020f-11ef-bc93-c7b262605968-mgr-x[25924]: | = +.o+o . o |
2024-04-24T07:53:25.720 INFO:journalctl@ceph.mgr.x.smithi179.stdout:Apr 24 07:53:25 smithi179 ceph-7d875f26-020f-11ef-bc93-c7b262605968-mgr-x[25924]: | + .o.. .. . |
2024-04-24T07:53:25.720 INFO:journalctl@ceph.mgr.x.smithi179.stdout:Apr 24 07:53:25 smithi179 ceph-7d875f26-020f-11ef-bc93-c7b262605968-mgr-x[25924]: | . . o...o+ |
2024-04-24T07:53:25.720 INFO:journalctl@ceph.mgr.x.smithi179.stdout:Apr 24 07:53:25 smithi179 ceph-7d875f26-020f-11ef-bc93-c7b262605968-mgr-x[25924]: | .oo .+o+. . |
2024-04-24T07:53:25.720 INFO:journalctl@ceph.mgr.x.smithi179.stdout:Apr 24 07:53:25 smithi179 ceph-7d875f26-020f-11ef-bc93-c7b262605968-mgr-x[25924]: +----[SHA256]-----+
2024-04-24T07:53:26.248 INFO:teuthology.orchestra.run.smithi179.stdout:/usr/bin/ceph: stderr
2024-04-24T07:53:25.171+0000 7fe246000700 1 Processor -- start
2024-04-24T07:53:26.248 INFO:teuthology.orchestra.run.smithi179.stdout:/usr/bin/ceph: stderr
2024-04-24T07:53:25.171+0000 7fe246000700 1 -- start start
2024-04-24T07:53:26.248 INFO:teuthology.orchestra.run.smithi179.stdout:/usr/bin/ceph: stderr
2024-04-24T07:53:25.171+0000 7fe246000700 1 --2- >> [v2:172.21.15.179:3300/0,v1:172.21.15.179:6789/0] conn(0x7fe240109c50 0x7fe24010a070 unknown :-1 s=NONE pgs=0 cs=0 l=0 rev1=0 crypto rx=0 tx=0 comp rx=0 tx=0).connect
2024-04-24T07:53:26.248 INFO:teuthology.orchestra.run.smithi179.stdout:/usr/bin/ceph: stderr
2024-04-24T07:53:25.171+0000 7fe246000700 1 -- --> [v2:172.21.15.179:3300/0,v1:172.21.15.179:6789/0] -- mon_getmap magic: 0 -- 0x7fe24010a640 con 0x7fe240109c50
2024-04-24T07:53:26.248 INFO:teuthology.orchestra.run.smithi179.stdout:/usr/bin/ceph: stderr
2024-04-24T07:53:25.172+0000 7fe23f400700 1 --2- >> [v2:172.21.15.179:3300/0,v1:172.21.15.179:6789/0] conn(0x7fe240109c50 0x7fe24010a070 unknown :-1 s=BANNER_CONNECTING pgs=0 cs=0 l=0 rev1=0 crypto rx=0 tx=0 comp rx=0 tx=0)._handle_peer_banner_payload supported=3 required=0
2024-04-24T07:53:26.249 INFO:teuthology.orchestra.run.smithi179.stdout:/usr/bin/ceph: stderr
2024-04-24T07:53:25.172+0000 7fe23f400700 1 --2- >> [v2:172.21.15.179:3300/0,v1:172.21.15.179:6789/0] conn(0x7fe240109c50 0x7fe24010a070 unknown :-1 s=HELLO_CONNECTING pgs=0 cs=0 l=0 rev1=1 crypto rx=0 tx=0 comp rx=0 tx=0).handle_hello peer v2:172.21.15.179:3300/0 says I am v2:172.21.15.179:56356/0 (socket says 172.21.15.179:56356)
2024-04-24T07:53:26.249 INFO:teuthology.orchestra.run.smithi179.stdout:/usr/bin/ceph: stderr
2024-04-24T07:53:25.172+0000 7fe23f400700 1 -- 172.21.15.179:0/1707951227 learned_addr learned my addr 172.21.15.179:0/1707951227 (peer_addr_for_me v2:172.21.15.179:0/0)
2024-04-24T07:53:26.249 INFO:teuthology.orchestra.run.smithi179.stdout:/usr/bin/ceph: stderr
2024-04-24T07:53:25.172+0000 7fe23f400700 1 -- 172.21.15.179:0/1707951227 --> [v2:172.21.15.179:3300/0,v1:172.21.15.179:6789/0] -- mon_subscribe({config=0+,monmap=0+}) -- 0x7fe24010ae50 con 0x7fe240109c50
2024-04-24T07:53:26.249 INFO:teuthology.orchestra.run.smithi179.stdout:/usr/bin/ceph: stderr
2024-04-24T07:53:25.173+0000 7fe23f400700 1 --2- 172.21.15.179:0/1707951227 >> [v2:172.21.15.179:3300/0,v1:172.21.15.179:6789/0] conn(0x7fe240109c50 0x7fe24010a070 secure :-1 s=READY pgs=41 cs=0 l=1 rev1=1 crypto rx=0x7fe2300098a0 tx=0x7fe230009bb0 comp rx=0 tx=0).ready entity=mon.0 client_cookie=c855a415bbbbccb2 server_cookie=0 in_seq=0 out_seq=0
2024-04-24T07:53:26.249 INFO:teuthology.orchestra.run.smithi179.stdout:/usr/bin/ceph: stderr
2024-04-24T07:53:25.173+0000 7fe23e000700 1 -- 172.21.15.179:0/1707951227 <== mon.0 v2:172.21.15.179:3300/0 1 ==== mon_map magic: 0 ==== 205+0+0 (secure 0 0 0) 0x7fe230004160 con 0x7fe240109c50
2024-04-24T07:53:26.249 INFO:teuthology.orchestra.run.smithi179.stdout:/usr/bin/ceph: stderr
2024-04-24T07:53:25.173+0000 7fe23e000700 1 -- 172.21.15.179:0/1707951227 <== mon.0 v2:172.21.15.179:3300/0 2 ==== config(26 keys) ==== 1071+0+0 (secure 0 0 0) 0x7fe230004300 con 0x7fe240109c50
2024-04-24T07:53:26.249 INFO:teuthology.orchestra.run.smithi179.stdout:/usr/bin/ceph: stderr
2024-04-24T07:53:25.173+0000 7fe23e000700 1 -- 172.21.15.179:0/1707951227 <== mon.0 v2:172.21.15.179:3300/0 3 ==== mon_map magic: 0 ==== 205+0+0 (secure 0 0 0) 0x7fe230011a80 con 0x7fe240109c50
2024-04-24T07:53:26.249 INFO:teuthology.orchestra.run.smithi179.stdout:/usr/bin/ceph: stderr
2024-04-24T07:53:25.174+0000 7fe246000700 1 -- 172.21.15.179:0/1707951227 >> [v2:172.21.15.179:3300/0,v1:172.21.15.179:6789/0] conn(0x7fe240109c50 msgr2=0x7fe24010a070 secure :-1 s=STATE_CONNECTION_ESTABLISHED l=1).mark_down
2024-04-24T07:53:26.249 INFO:teuthology.orchestra.run.smithi179.stdout:/usr/bin/ceph: stderr
2024-04-24T07:53:25.174+0000 7fe246000700 1 --2- 172.21.15.179:0/1707951227 >> [v2:172.21.15.179:3300/0,v1:172.21.15.179:6789/0] conn(0x7fe240109c50 0x7fe24010a070 secure :-1 s=READY pgs=41 cs=0 l=1 rev1=1 crypto rx=0x7fe2300098a0 tx=0x7fe230009bb0 comp rx=0 tx=0).stop
2024-04-24T07:53:26.249 INFO:teuthology.orchestra.run.smithi179.stdout:/usr/bin/ceph: stderr
2024-04-24T07:53:25.174+0000 7fe246000700 1 -- 172.21.15.179:0/1707951227 shutdown_connections
2024-04-24T07:53:26.249 INFO:teuthology.orchestra.run.smithi179.stdout:/usr/bin/ceph: stderr
2024-04-24T07:53:25.174+0000 7fe246000700 1 --2- 172.21.15.179:0/1707951227 >> [v2:172.21.15.179:3300/0,v1:172.21.15.179:6789/0] conn(0x7fe240109c50 0x7fe24010a070 unknown :-1 s=CLOSED pgs=41 cs=0 l=1 rev1=1 crypto rx=0 tx=0 comp rx=0 tx=0).stop
2024-04-24T07:53:26.249 INFO:teuthology.orchestra.run.smithi179.stdout:/usr/bin/ceph: stderr
2024-04-24T07:53:25.174+0000 7fe246000700 1 -- 172.21.15.179:0/1707951227 >> 172.21.15.179:0/1707951227 conn(0x7fe240105470 msgr2=0x7fe240107860 unknown :-1 s=STATE_NONE l=0).mark_down
2024-04-24T07:53:26.249 INFO:teuthology.orchestra.run.smithi179.stdout:/usr/bin/ceph: stderr
2024-04-24T07:53:25.174+0000 7fe246000700 1 -- 172.21.15.179:0/1707951227 shutdown_connections
2024-04-24T07:53:26.250 INFO:teuthology.orchestra.run.smithi179.stdout:/usr/bin/ceph: stderr
2024-04-24T07:53:25.174+0000 7fe246000700 1 -- 172.21.15.179:0/1707951227 wait complete.
2024-04-24T07:53:26.250 INFO:teuthology.orchestra.run.smithi179.stdout:/usr/bin/ceph: stderr
2024-04-24T07:53:25.175+0000 7fe246000700 1 Processor -- start
2024-04-24T07:53:26.250 INFO:teuthology.orchestra.run.smithi179.stdout:/usr/bin/ceph: stderr
2024-04-24T07:53:25.175+0000 7fe246000700 1 -- start start
2024-04-24T07:53:26.250 INFO:teuthology.orchestra.run.smithi179.stdout:/usr/bin/ceph: stderr
2024-04-24T07:53:25.175+0000 7fe246000700 1 --2- >> [v2:172.21.15.179:3300/0,v1:172.21.15.179:6789/0] conn(0x7fe240109c50 0x7fe24019db80 unknown :-1 s=NONE pgs=0 cs=0 l=1 rev1=0 crypto rx=0 tx=0 comp rx=0 tx=0).connect
2024-04-24T07:53:26.250 INFO:teuthology.orchestra.run.smithi179.stdout:/usr/bin/ceph: stderr
2024-04-24T07:53:25.175+0000 7fe246000700 1 -- --> [v2:172.21.15.179:3300/0,v1:172.21.15.179:6789/0] -- mon_getmap magic: 0 -- 0x7fe24010e080 con 0x7fe240109c50
2024-04-24T07:53:26.250 INFO:teuthology.orchestra.run.smithi179.stdout:/usr/bin/ceph: stderr
2024-04-24T07:53:25.176+0000 7fe23f400700 1 --2- >> [v2:172.21.15.179:3300/0,v1:172.21.15.179:6789/0] conn(0x7fe240109c50 0x7fe24019db80 unknown :-1 s=BANNER_CONNECTING pgs=0 cs=0 l=1 rev1=0 crypto rx=0 tx=0 comp rx=0 tx=0)._handle_peer_banner_payload supported=3 required=0
2024-04-24T07:53:26.250 INFO:teuthology.orchestra.run.smithi179.stdout:/usr/bin/ceph: stderr
2024-04-24T07:53:25.176+0000 7fe23f400700 1 --2- >> [v2:172.21.15.179:3300/0,v1:172.21.15.179:6789/0] conn(0x7fe240109c50 0x7fe24019db80 unknown :-1 s=HELLO_CONNECTING pgs=0 cs=0 l=1 rev1=1 crypto rx=0 tx=0 comp rx=0 tx=0).handle_hello peer v2:172.21.15.179:3300/0 says I am v2:172.21.15.179:56358/0 (socket says 172.21.15.179:56358)
2024-04-24T07:53:26.250 INFO:teuthology.orchestra.run.smithi179.stdout:/usr/bin/ceph: stderr
2024-04-24T07:53:25.176+0000 7fe23f400700 1 -- 172.21.15.179:0/3944191955 learned_addr learned my addr 172.21.15.179:0/3944191955 (peer_addr_for_me v2:172.21.15.179:0/0)
2024-04-24T07:53:26.250 INFO:teuthology.orchestra.run.smithi179.stdout:/usr/bin/ceph: stderr
2024-04-24T07:53:25.176+0000 7fe23f400700 1 -- 172.21.15.179:0/3944191955 --> [v2:172.21.15.179:3300/0,v1:172.21.15.179:6789/0] -- mon_subscribe({config=0+,monmap=0+}) -- 0x7fe24019e0c0 con 0x7fe240109c50
2024-04-24T07:53:26.250 INFO:teuthology.orchestra.run.smithi179.stdout:/usr/bin/ceph: stderr
2024-04-24T07:53:25.176+0000 7fe23f400700 1 --2- 172.21.15.179:0/3944191955 >> [v2:172.21.15.179:3300/0,v1:172.21.15.179:6789/0] conn(0x7fe240109c50 0x7fe24019db80 secure :-1 s=READY pgs=42 cs=0 l=1 rev1=1 crypto rx=0x7fe230000c00 tx=0x7fe230004290 comp rx=0 tx=0).ready entity=mon.0 client_cookie=0 server_cookie=0 in_seq=0 out_seq=0
2024-04-24T07:53:26.250 INFO:teuthology.orchestra.run.smithi179.stdout:/usr/bin/ceph: stderr
2024-04-24T07:53:25.177+0000 7fe237e00700 1 -- 172.21.15.179:0/3944191955 <== mon.0 v2:172.21.15.179:3300/0 1 ==== mon_map magic: 0 ==== 205+0+0 (secure 0 0 0) 0x7fe2300039c0 con 0x7fe240109c50
2024-04-24T07:53:26.250 INFO:teuthology.orchestra.run.smithi179.stdout:/usr/bin/ceph: stderr
2024-04-24T07:53:25.177+0000 7fe237e00700 1 -- 172.21.15.179:0/3944191955 <== mon.0 v2:172.21.15.179:3300/0 2 ==== config(26 keys) ==== 1071+0+0 (secure 0 0 0) 0x7fe230003b60 con 0x7fe240109c50
2024-04-24T07:53:26.250 INFO:teuthology.orchestra.run.smithi179.stdout:/usr/bin/ceph: stderr
2024-04-24T07:53:25.177+0000 7fe237e00700 1 -- 172.21.15.179:0/3944191955 <== mon.0 v2:172.21.15.179:3300/0 3 ==== mon_map magic: 0 ==== 205+0+0 (secure 0 0 0) 0x7fe23001a6f0 con 0x7fe240109c50
2024-04-24T07:53:26.250 INFO:teuthology.orchestra.run.smithi179.stdout:/usr/bin/ceph: stderr
2024-04-24T07:53:25.177+0000 7fe246000700 1 -- 172.21.15.179:0/3944191955 --> [v2:172.21.15.179:3300/0,v1:172.21.15.179:6789/0] -- mon_subscribe({mgrmap=0+}) -- 0x7fe24019e350 con 0x7fe240109c50
2024-04-24T07:53:26.250 INFO:teuthology.orchestra.run.smithi179.stdout:/usr/bin/ceph: stderr
2024-04-24T07:53:25.177+0000 7fe246000700 1 -- 172.21.15.179:0/3944191955 --> [v2:172.21.15.179:3300/0,v1:172.21.15.179:6789/0] -- mon_subscribe({osdmap=0}) -- 0x7fe2401a1040 con 0x7fe240109c50
2024-04-24T07:53:26.251 INFO:teuthology.orchestra.run.smithi179.stdout:/usr/bin/ceph: stderr
2024-04-24T07:53:25.178+0000 7fe237e00700 1 -- 172.21.15.179:0/3944191955 <== mon.0 v2:172.21.15.179:3300/0 4 ==== mgrmap(e 8) ==== 46558+0+0 (secure 0 0 0) 0x7fe230024a40 con 0x7fe240109c50
2024-04-24T07:53:26.251 INFO:teuthology.orchestra.run.smithi179.stdout:/usr/bin/ceph: stderr
2024-04-24T07:53:25.178+0000 7fe246000700 1 -- 172.21.15.179:0/3944191955 --> [v2:172.21.15.179:3300/0,v1:172.21.15.179:6789/0] -- mon_command({"prefix": "get_command_descriptions"} v 0) -- 0x7fe24010e200 con 0x7fe240109c50
2024-04-24T07:53:26.251 INFO:teuthology.orchestra.run.smithi179.stdout:/usr/bin/ceph: stderr
2024-04-24T07:53:25.178+0000 7fe237e00700 1 --2- 172.21.15.179:0/3944191955 >> [v2:172.21.15.179:6800/216076711,v1:172.21.15.179:6801/216076711] conn(0x7fe224039600 0x7fe22403bac0 unknown :-1 s=NONE pgs=0 cs=0 l=1 rev1=0 crypto rx=0 tx=0 comp rx=0 tx=0).connect
2024-04-24T07:53:26.251 INFO:teuthology.orchestra.run.smithi179.stdout:/usr/bin/ceph: stderr
2024-04-24T07:53:25.178+0000 7fe237e00700 1 -- 172.21.15.179:0/3944191955 <== mon.0 v2:172.21.15.179:3300/0 5 ==== osd_map(2..2 src has 1..2) ==== 940+0+0 (secure 0 0 0) 0x7fe23004daa0 con 0x7fe240109c50
2024-04-24T07:53:26.251 INFO:teuthology.orchestra.run.smithi179.stdout:/usr/bin/ceph: stderr
2024-04-24T07:53:25.179+0000 7fe23ea00700 1 --2- 172.21.15.179:0/3944191955 >> [v2:172.21.15.179:6800/216076711,v1:172.21.15.179:6801/216076711] conn(0x7fe224039600 0x7fe22403bac0 unknown :-1 s=BANNER_CONNECTING pgs=0 cs=0 l=1 rev1=0 crypto rx=0 tx=0 comp rx=0 tx=0)._handle_peer_banner_payload supported=3 required=0
2024-04-24T07:53:26.251 INFO:teuthology.orchestra.run.smithi179.stdout:/usr/bin/ceph: stderr
2024-04-24T07:53:25.179+0000 7fe23ea00700 1 --2- 172.21.15.179:0/3944191955 >> [v2:172.21.15.179:6800/216076711,v1:172.21.15.179:6801/216076711] conn(0x7fe224039600 0x7fe22403bac0 secure :-1 s=READY pgs=9 cs=0 l=1 rev1=1 crypto rx=0x7fe22c006fd0 tx=0x7fe22c006e40 comp rx=0 tx=0).ready entity=mgr.14120 client_cookie=0 server_cookie=0 in_seq=0 out_seq=0
2024-04-24T07:53:26.251 INFO:teuthology.orchestra.run.smithi179.stdout:/usr/bin/ceph: stderr
2024-04-24T07:53:25.184+0000 7fe237e00700 1 -- 172.21.15.179:0/3944191955 <== mon.0 v2:172.21.15.179:3300/0 6 ==== mon_command_ack([{"prefix": "get_command_descriptions"}]=0 v0) ==== 72+0+188370 (secure 0 0 0) 0x7fe23000f2e0 con 0x7fe240109c50
2024-04-24T07:53:26.251 INFO:teuthology.orchestra.run.smithi179.stdout:/usr/bin/ceph: stderr
2024-04-24T07:53:25.411+0000 7fe246000700 1 -- 172.21.15.179:0/3944191955 --> [v2:172.21.15.179:6800/216076711,v1:172.21.15.179:6801/216076711] -- mgr_command(tid 0: {"prefix": "cephadm generate-key", "target": ["mon-mgr", ""]}) -- 0x7fe2401076d0 con 0x7fe224039600
2024-04-24T07:53:26.251 INFO:teuthology.orchestra.run.smithi179.stdout:/usr/bin/ceph: stderr
2024-04-24T07:53:25.534+0000 7fe237e00700 1 -- 172.21.15.179:0/3944191955 <== mgr.14120 v2:172.21.15.179:6800/216076711 1 ==== mgr_command_reply(tid 0: 0 ) ==== 8+0+0 (secure 0 0 0) 0x7fe2401076d0 con 0x7fe224039600
2024-04-24T07:53:26.251 INFO:teuthology.orchestra.run.smithi179.stdout:/usr/bin/ceph: stderr
2024-04-24T07:53:25.537+0000 7fe246000700 1 -- 172.21.15.179:0/3944191955 >> [v2:172.21.15.179:6800/216076711,v1:172.21.15.179:6801/216076711] conn(0x7fe224039600 msgr2=0x7fe22403bac0 secure :-1 s=STATE_CONNECTION_ESTABLISHED l=1).mark_down
2024-04-24T07:53:26.251 INFO:teuthology.orchestra.run.smithi179.stdout:/usr/bin/ceph: stderr
2024-04-24T07:53:25.537+0000 7fe246000700 1 --2- 172.21.15.179:0/3944191955 >> [v2:172.21.15.179:6800/216076711,v1:172.21.15.179:6801/216076711] conn(0x7fe224039600 0x7fe22403bac0 secure :-1 s=READY pgs=9 cs=0 l=1 rev1=1 crypto rx=0x7fe22c006fd0 tx=0x7fe22c006e40 comp rx=0 tx=0).stop
2024-04-24T07:53:26.251 INFO:teuthology.orchestra.run.smithi179.stdout:/usr/bin/ceph: stderr
2024-04-24T07:53:25.537+0000 7fe246000700 1 -- 172.21.15.179:0/3944191955 >> [v2:172.21.15.179:3300/0,v1:172.21.15.179:6789/0] conn(0x7fe240109c50 msgr2=0x7fe24019db80 secure :-1 s=STATE_CONNECTION_ESTABLISHED l=1).mark_down
2024-04-24T07:53:26.251 INFO:teuthology.orchestra.run.smithi179.stdout:/usr/bin/ceph: stderr
2024-04-24T07:53:25.537+0000 7fe246000700 1 --2- 172.21.15.179:0/3944191955 >> [v2:172.21.15.179:3300/0,v1:172.21.15.179:6789/0] conn(0x7fe240109c50 0x7fe24019db80 secure :-1 s=READY pgs=42 cs=0 l=1 rev1=1 crypto rx=0x7fe230000c00 tx=0x7fe230004290 comp rx=0 tx=0).stop
2024-04-24T07:53:26.252 INFO:teuthology.orchestra.run.smithi179.stdout:/usr/bin/ceph: stderr
2024-04-24T07:53:25.537+0000 7fe246000700 1 -- 172.21.15.179:0/3944191955 shutdown_connections
2024-04-24T07:53:26.252 INFO:teuthology.orchestra.run.smithi179.stdout:/usr/bin/ceph: stderr
2024-04-24T07:53:25.537+0000 7fe246000700 1 --2- 172.21.15.179:0/3944191955 >> [v2:172.21.15.179:6800/216076711,v1:172.21.15.179:6801/216076711] conn(0x7fe224039600 0x7fe22403bac0 unknown :-1 s=CLOSED pgs=9 cs=0 l=1 rev1=1 crypto rx=0 tx=0 comp rx=0 tx=0).stop
2024-04-24T07:53:26.252 INFO:teuthology.orchestra.run.smithi179.stdout:/usr/bin/ceph: stderr
2024-04-24T07:53:25.537+0000 7fe246000700 1 --2- 172.21.15.179:0/3944191955 >> [v2:172.21.15.179:3300/0,v1:172.21.15.179:6789/0] conn(0x7fe240109c50 0x7fe24019db80 unknown :-1 s=CLOSED pgs=42 cs=0 l=1 rev1=1 crypto rx=0 tx=0 comp rx=0 tx=0).stop
2024-04-24T07:53:26.252 INFO:teuthology.orchestra.run.smithi179.stdout:/usr/bin/ceph: stderr
2024-04-24T07:53:25.537+0000 7fe246000700 1 -- 172.21.15.179:0/3944191955 >> 172.21.15.179:0/3944191955 conn(0x7fe240105470 msgr2=0x7fe240106fc0 unknown :-1 s=STATE_NONE l=0).mark_down
2024-04-24T07:53:26.252 INFO:teuthology.orchestra.run.smithi179.stdout:/usr/bin/ceph: stderr
2024-04-24T07:53:25.537+0000 7fe246000700 1 -- 172.21.15.179:0/3944191955 shutdown_connections
2024-04-24T07:53:26.252 INFO:teuthology.orchestra.run.smithi179.stdout:/usr/bin/ceph: stderr
2024-04-24T07:53:25.537+0000 7fe246000700 1 -- 172.21.15.179:0/3944191955 wait complete.
2024-04-24T07:53:26.788 INFO:journalctl@ceph.mon.a.smithi179.stdout:Apr 24 07:53:26 smithi179 ceph-mon[25686]: from='client.14136 -' entity='client.admin' cmd=[{"prefix": "cephadm generate-key", "target": ["mon-mgr", ""]}]: dispatch
2024-04-24T07:53:26.788 INFO:journalctl@ceph.mon.a.smithi179.stdout:Apr 24 07:53:26 smithi179 ceph-mon[25686]: Generating ssh key...
2024-04-24T07:53:26.789 INFO:journalctl@ceph.mon.a.smithi179.stdout:Apr 24 07:53:26 smithi179 ceph-mon[25686]: from='mgr.14120 172.21.15.179:0/1183112370' entity='mgr.x'
2024-04-24T07:53:26.789 INFO:journalctl@ceph.mon.a.smithi179.stdout:Apr 24 07:53:26 smithi179 ceph-mon[25686]: from='mgr.14120 172.21.15.179:0/1183112370' entity='mgr.x'
2024-04-24T07:53:27.925 INFO:journalctl@ceph.mon.a.smithi179.stdout:Apr 24 07:53:27 smithi179 ceph-mon[25686]: from='client.14138 -' entity='client.admin' cmd=[{"prefix": "cephadm get-pub-key", "target": ["mon-mgr", ""]}]: dispatch
2024-04-24T07:53:27.940 INFO:teuthology.orchestra.run.smithi179.stdout:/usr/bin/ceph: stdout ssh-rsa AAAAB3NzaC1yc2EAAAADAQABAAABgQC8H9L5C4UbvnejAQS3KNZ/XHCHyAmatNXZlkW5aSLxN3p2I6kxQwAUQ8hxQk8C+CJMJNe7ul50FXbmcuXm7Ru6BYLVDTPDiJdcGU6rVkZqfvFai8oQW1j5Zr/yWiAs6EdiRRPgUnf11A2UU/ud1wwBDDap5V2VrPIGUFAP5BLtsgYDx7+bxNHLPJar9Kn3VlvThAzE/d0IM1HxuTaT9k60NOlm2VHxgNfHOdv87qVfgHKMx7VimEmJHZeDdA6RBmY3XChmi7zBw1ROeZVyMEmEa6UbJpD/BnQaHydkACKnkNjSVV3N5lP1XXCzSUQYWW4sytjN2RDR4eNdO+3GPa9Gpb4LvNKnlJpvkDL+gPhRA6ZQP5P190eurz3zABseaarPTX8MA8qduxE7DdEzRYBkr0mHnQuctp5B1yAgIs1OF33uVOTipYnAjos/NKP7QGvcneVqj7MnJ4Gl7Njn/2L4iaToDdxTRv+W+hPwV3hJsm2DOmhlBn8Y2h8AR8fIxHc= ceph-7d875f26-020f-11ef-bc93-c7b262605968
2024-04-24T07:53:27.941 INFO:teuthology.orchestra.run.smithi179.stdout:/usr/bin/ceph: stderr
2024-04-24T07:53:26.881+0000 7f9bda800700 1 Processor -- start
2024-04-24T07:53:27.941 INFO:teuthology.orchestra.run.smithi179.stdout:/usr/bin/ceph: stderr
2024-04-24T07:53:26.881+0000 7f9bda800700 1 -- start start
2024-04-24T07:53:27.941 INFO:teuthology.orchestra.run.smithi179.stdout:/usr/bin/ceph: stderr
2024-04-24T07:53:26.881+0000 7f9bda800700 1 --2- >> [v2:172.21.15.179:3300/0,v1:172.21.15.179:6789/0] conn(0x7f9bd4107a50 0x7f9bd4107e70 unknown :-1 s=NONE pgs=0 cs=0 l=0 rev1=0 crypto rx=0 tx=0 comp rx=0 tx=0).connect
2024-04-24T07:53:27.941 INFO:teuthology.orchestra.run.smithi179.stdout:/usr/bin/ceph: stderr
2024-04-24T07:53:26.882+0000 7f9bda800700 1 -- --> [v2:172.21.15.179:3300/0,v1:172.21.15.179:6789/0] -- mon_getmap magic: 0 -- 0x7f9bd4108440 con 0x7f9bd4107a50
2024-04-24T07:53:27.943 INFO:teuthology.orchestra.run.smithi179.stdout:/usr/bin/ceph: stderr
2024-04-24T07:53:26.882+0000 7f9bd3400700 1 --2- >> [v2:172.21.15.179:3300/0,v1:172.21.15.179:6789/0] conn(0x7f9bd4107a50 0x7f9bd4107e70 unknown :-1 s=BANNER_CONNECTING pgs=0 cs=0 l=0 rev1=0 crypto rx=0 tx=0 comp rx=0 tx=0)._handle_peer_banner_payload supported=3 required=0
2024-04-24T07:53:27.943 INFO:teuthology.orchestra.run.smithi179.stdout:/usr/bin/ceph: stderr
2024-04-24T07:53:26.882+0000 7f9bd3400700 1 --2- >> [v2:172.21.15.179:3300/0,v1:172.21.15.179:6789/0] conn(0x7f9bd4107a50 0x7f9bd4107e70 unknown :-1 s=HELLO_CONNECTING pgs=0 cs=0 l=0 rev1=1 crypto rx=0 tx=0 comp rx=0 tx=0).handle_hello peer v2:172.21.15.179:3300/0 says I am v2:172.21.15.179:56368/0 (socket says 172.21.15.179:56368)
2024-04-24T07:53:27.943 INFO:teuthology.orchestra.run.smithi179.stdout:/usr/bin/ceph: stderr
2024-04-24T07:53:26.882+0000 7f9bd3400700 1 -- 172.21.15.179:0/2082299596 learned_addr learned my addr 172.21.15.179:0/2082299596 (peer_addr_for_me v2:172.21.15.179:0/0)
2024-04-24T07:53:27.943 INFO:teuthology.orchestra.run.smithi179.stdout:/usr/bin/ceph: stderr
2024-04-24T07:53:26.882+0000 7f9bd3400700 1 -- 172.21.15.179:0/2082299596 --> [v2:172.21.15.179:3300/0,v1:172.21.15.179:6789/0] -- mon_subscribe({config=0+,monmap=0+}) -- 0x7f9bd4108c00 con 0x7f9bd4107a50
2024-04-24T07:53:27.944 INFO:teuthology.orchestra.run.smithi179.stdout:/usr/bin/ceph: stderr
2024-04-24T07:53:26.883+0000 7f9bd3400700 1 --2- 172.21.15.179:0/2082299596 >> [v2:172.21.15.179:3300/0,v1:172.21.15.179:6789/0] conn(0x7f9bd4107a50 0x7f9bd4107e70 secure :-1 s=READY pgs=43 cs=0 l=1 rev1=1 crypto rx=0x7f9bc40098a0 tx=0x7f9bc4009bb0 comp rx=0 tx=0).ready entity=mon.0 client_cookie=b38e0fa9991708dd server_cookie=0 in_seq=0 out_seq=0
2024-04-24T07:53:27.944 INFO:teuthology.orchestra.run.smithi179.stdout:/usr/bin/ceph: stderr
2024-04-24T07:53:26.883+0000 7f9bd2a00700 1 -- 172.21.15.179:0/2082299596 <== mon.0 v2:172.21.15.179:3300/0 1 ==== mon_map magic: 0 ==== 205+0+0 (secure 0 0 0) 0x7f9bc4004160 con 0x7f9bd4107a50
2024-04-24T07:53:27.944 INFO:teuthology.orchestra.run.smithi179.stdout:/usr/bin/ceph: stderr
2024-04-24T07:53:26.883+0000 7f9bd2a00700 1 -- 172.21.15.179:0/2082299596 <== mon.0 v2:172.21.15.179:3300/0 2 ==== config(26 keys) ==== 1071+0+0 (secure 0 0 0) 0x7f9bc4004300 con 0x7f9bd4107a50
2024-04-24T07:53:27.944 INFO:teuthology.orchestra.run.smithi179.stdout:/usr/bin/ceph: stderr
2024-04-24T07:53:26.883+0000 7f9bd2a00700 1 -- 172.21.15.179:0/2082299596 <== mon.0 v2:172.21.15.179:3300/0 3 ==== mon_map magic: 0 ==== 205+0+0 (secure 0 0 0) 0x7f9bc4011a80 con 0x7f9bd4107a50
2024-04-24T07:53:27.944 INFO:teuthology.orchestra.run.smithi179.stdout:/usr/bin/ceph: stderr
2024-04-24T07:53:26.884+0000 7f9bda800700 1 -- 172.21.15.179:0/2082299596 >> [v2:172.21.15.179:3300/0,v1:172.21.15.179:6789/0] conn(0x7f9bd4107a50 msgr2=0x7f9bd4107e70 secure :-1 s=STATE_CONNECTION_ESTABLISHED l=1).mark_down
2024-04-24T07:53:27.944 INFO:teuthology.orchestra.run.smithi179.stdout:/usr/bin/ceph: stderr
2024-04-24T07:53:26.884+0000 7f9bda800700 1 --2- 172.21.15.179:0/2082299596 >> [v2:172.21.15.179:3300/0,v1:172.21.15.179:6789/0] conn(0x7f9bd4107a50 0x7f9bd4107e70 secure :-1 s=READY pgs=43 cs=0 l=1 rev1=1 crypto rx=0x7f9bc40098a0 tx=0x7f9bc4009bb0 comp rx=0 tx=0).stop
2024-04-24T07:53:27.944 INFO:teuthology.orchestra.run.smithi179.stdout:/usr/bin/ceph: stderr
2024-04-24T07:53:26.884+0000 7f9bda800700 1 -- 172.21.15.179:0/2082299596 shutdown_connections
2024-04-24T07:53:27.944 INFO:teuthology.orchestra.run.smithi179.stdout:/usr/bin/ceph: stderr
2024-04-24T07:53:26.884+0000 7f9bda800700 1 --2- 172.21.15.179:0/2082299596 >> [v2:172.21.15.179:3300/0,v1:172.21.15.179:6789/0] conn(0x7f9bd4107a50 0x7f9bd4107e70 unknown :-1 s=CLOSED pgs=43 cs=0 l=1 rev1=1 crypto rx=0 tx=0 comp rx=0 tx=0).stop
2024-04-24T07:53:27.944 INFO:teuthology.orchestra.run.smithi179.stdout:/usr/bin/ceph: stderr
2024-04-24T07:53:26.884+0000 7f9bda800700 1 -- 172.21.15.179:0/2082299596 >> 172.21.15.179:0/2082299596 conn(0x7f9bd4102ff0 msgr2=0x7f9bd4105430 unknown :-1 s=STATE_NONE l=0).mark_down
2024-04-24T07:53:27.944 INFO:teuthology.orchestra.run.smithi179.stdout:/usr/bin/ceph: stderr
2024-04-24T07:53:26.884+0000 7f9bda800700 1 -- 172.21.15.179:0/2082299596 shutdown_connections
2024-04-24T07:53:27.944 INFO:teuthology.orchestra.run.smithi179.stdout:/usr/bin/ceph: stderr
2024-04-24T07:53:26.884+0000 7f9bda800700 1 -- 172.21.15.179:0/2082299596 wait complete.
