2024-04-24T07:59:18.656 INFO:teuthology.orchestra.run.smithi028.stdout:/usr/bin/ceph: stderr
2024-04-24T07:59:17.707+0000 7f7959a00700 1 --2- >> [v2:172.21.15.28:3300/0,v1:172.21.15.28:6789/0] conn(0x7f795407e880 0x7f795407eca0 unknown :-1 s=HELLO_CONNECTING pgs=0 cs=0 l=0 rev1=1 crypto rx=0 tx=0 comp rx=0 tx=0).handle_hello peer v2:172.21.15.28:3300/0 says I am v2:172.21.15.28:45454/0 (socket says 172.21.15.28:45454)
2024-04-24T07:59:18.656 INFO:teuthology.orchestra.run.smithi028.stdout:/usr/bin/ceph: stderr
2024-04-24T07:59:17.707+0000 7f7959a00700 1 -- 172.21.15.28:0/2352407314 learned_addr learned my addr 172.21.15.28:0/2352407314 (peer_addr_for_me v2:172.21.15.28:0/0)
2024-04-24T07:59:18.656 INFO:teuthology.orchestra.run.smithi028.stdout:/usr/bin/ceph: stderr
2024-04-24T07:59:17.707+0000 7f7959a00700 1 -- 172.21.15.28:0/2352407314 --> [v2:172.21.15.28:3300/0,v1:172.21.15.28:6789/0] -- mon_subscribe({config=0+,monmap=0+}) -- 0x7f795407fa80 con 0x7f795407e880
2024-04-24T07:59:18.656 INFO:teuthology.orchestra.run.smithi028.stdout:/usr/bin/ceph: stderr
2024-04-24T07:59:17.707+0000 7f7959a00700 1 --2- 172.21.15.28:0/2352407314 >> [v2:172.21.15.28:3300/0,v1:172.21.15.28:6789/0] conn(0x7f795407e880 0x7f795407eca0 secure :-1 s=READY pgs=37 cs=0 l=1 rev1=1 crypto rx=0x7f79480098a0 tx=0x7f7948009bb0 comp rx=0 tx=0).ready entity=mon.0 client_cookie=fa48584e5e1d850e server_cookie=0 in_seq=0 out_seq=0
2024-04-24T07:59:18.656 INFO:teuthology.orchestra.run.smithi028.stdout:/usr/bin/ceph: stderr
2024-04-24T07:59:17.708+0000 7f7953e00700 1 -- 172.21.15.28:0/2352407314 <== mon.0 v2:172.21.15.28:3300/0 1 ==== mon_map magic: 0 ==== 205+0+0 (secure 0 0 0) 0x7f7948004160 con 0x7f795407e880
2024-04-24T07:59:18.656 INFO:teuthology.orchestra.run.smithi028.stdout:/usr/bin/ceph: stderr
2024-04-24T07:59:17.708+0000 7f7953e00700 1 -- 172.21.15.28:0/2352407314 <== mon.0 v2:172.21.15.28:3300/0 2 ==== config(27 keys) ==== 1109+0+0 (secure 0 0 0) 0x7f7948004300 con 0x7f795407e880
2024-04-24T07:59:18.656 INFO:teuthology.orchestra.run.smithi028.stdout:/usr/bin/ceph: stderr
2024-04-24T07:59:17.708+0000 7f7953e00700 1 -- 172.21.15.28:0/2352407314 <== mon.0 v2:172.21.15.28:3300/0 3 ==== mon_map magic: 0 ==== 205+0+0 (secure 0 0 0) 0x7f7948011b50 con 0x7f795407e880
2024-04-24T07:59:18.661 INFO:teuthology.orchestra.run.smithi028.stdout:/usr/bin/ceph: stderr
2024-04-24T07:59:17.709+0000 7f795c400700 1 -- 172.21.15.28:0/2352407314 >> [v2:172.21.15.28:3300/0,v1:172.21.15.28:6789/0] conn(0x7f795407e880 msgr2=0x7f795407eca0 secure :-1 s=STATE_CONNECTION_ESTABLISHED l=1).mark_down
2024-04-24T07:59:18.661 INFO:teuthology.orchestra.run.smithi028.stdout:/usr/bin/ceph: stderr
2024-04-24T07:59:17.709+0000 7f795c400700 1 --2- 172.21.15.28:0/2352407314 >> [v2:172.21.15.28:3300/0,v1:172.21.15.28:6789/0] conn(0x7f795407e880 0x7f795407eca0 secure :-1 s=READY pgs=37 cs=0 l=1 rev1=1 crypto rx=0x7f79480098a0 tx=0x7f7948009bb0 comp rx=0 tx=0).stop
2024-04-24T07:59:18.661 INFO:teuthology.orchestra.run.smithi028.stdout:/usr/bin/ceph: stderr
2024-04-24T07:59:17.709+0000 7f795c400700 1 -- 172.21.15.28:0/2352407314 shutdown_connections
2024-04-24T07:59:18.661 INFO:teuthology.orchestra.run.smithi028.stdout:/usr/bin/ceph: stderr
2024-04-24T07:59:17.709+0000 7f795c400700 1 --2- 172.21.15.28:0/2352407314 >> [v2:172.21.15.28:3300/0,v1:172.21.15.28:6789/0] conn(0x7f795407e880 0x7f795407eca0 unknown :-1 s=CLOSED pgs=37 cs=0 l=1 rev1=1 crypto rx=0 tx=0 comp rx=0 tx=0).stop
2024-04-24T07:59:18.661 INFO:teuthology.orchestra.run.smithi028.stdout:/usr/bin/ceph: stderr
2024-04-24T07:59:17.709+0000 7f795c400700 1 -- 172.21.15.28:0/2352407314 >> 172.21.15.28:0/2352407314 conn(0x7f795407def0 msgr2=0x7f79541084f0 unknown :-1 s=STATE_NONE l=0).mark_down
2024-04-24T07:59:18.661 INFO:teuthology.orchestra.run.smithi028.stdout:/usr/bin/ceph: stderr
2024-04-24T07:59:17.709+0000 7f795c400700 1 -- 172.21.15.28:0/2352407314 shutdown_connections
2024-04-24T07:59:18.661 INFO:teuthology.orchestra.run.smithi028.stdout:/usr/bin/ceph: stderr
2024-04-24T07:59:17.709+0000 7f795c400700 1 -- 172.21.15.28:0/2352407314 wait complete.
2024-04-24T07:59:18.661 INFO:teuthology.orchestra.run.smithi028.stdout:/usr/bin/ceph: stderr
2024-04-24T07:59:17.710+0000 7f795c400700 1 Processor -- start
2024-04-24T07:59:18.661 INFO:teuthology.orchestra.run.smithi028.stdout:/usr/bin/ceph: stderr
2024-04-24T07:59:17.710+0000 7f795c400700 1 -- start start
2024-04-24T07:59:18.661 INFO:teuthology.orchestra.run.smithi028.stdout:/usr/bin/ceph: stderr
2024-04-24T07:59:17.710+0000 7f795c400700 1 --2- >> [v2:172.21.15.28:3300/0,v1:172.21.15.28:6789/0] conn(0x7f795407e880 0x7f79541a2cc0 unknown :-1 s=NONE pgs=0 cs=0 l=1 rev1=0 crypto rx=0 tx=0 comp rx=0 tx=0).connect
2024-04-24T07:59:18.661 INFO:teuthology.orchestra.run.smithi028.stdout:/usr/bin/ceph: stderr
2024-04-24T07:59:17.710+0000 7f795c400700 1 -- --> [v2:172.21.15.28:3300/0,v1:172.21.15.28:6789/0] -- mon_getmap magic: 0 -- 0x7f7954080e40 con 0x7f795407e880
2024-04-24T07:59:18.661 INFO:teuthology.orchestra.run.smithi028.stdout:/usr/bin/ceph: stderr
2024-04-24T07:59:17.711+0000 7f7959a00700 1 --2- >> [v2:172.21.15.28:3300/0,v1:172.21.15.28:6789/0] conn(0x7f795407e880 0x7f79541a2cc0 unknown :-1 s=BANNER_CONNECTING pgs=0 cs=0 l=1 rev1=0 crypto rx=0 tx=0 comp rx=0 tx=0)._handle_peer_banner_payload supported=3 required=0
2024-04-24T07:59:18.662 INFO:teuthology.orchestra.run.smithi028.stdout:/usr/bin/ceph: stderr
2024-04-24T07:59:17.711+0000 7f7959a00700 1 --2- >> [v2:172.21.15.28:3300/0,v1:172.21.15.28:6789/0] conn(0x7f795407e880 0x7f79541a2cc0 unknown :-1 s=HELLO_CONNECTING pgs=0 cs=0 l=1 rev1=1 crypto rx=0 tx=0 comp rx=0 tx=0).handle_hello peer v2:172.21.15.28:3300/0 says I am v2:172.21.15.28:45462/0 (socket says 172.21.15.28:45462)
2024-04-24T07:59:18.662 INFO:teuthology.orchestra.run.smithi028.stdout:/usr/bin/ceph: stderr
2024-04-24T07:59:17.711+0000 7f7959a00700 1 -- 172.21.15.28:0/3338809780 learned_addr learned my addr 172.21.15.28:0/3338809780 (peer_addr_for_me v2:172.21.15.28:0/0)
2024-04-24T07:59:18.662 INFO:teuthology.orchestra.run.smithi028.stdout:/usr/bin/ceph: stderr
2024-04-24T07:59:17.711+0000 7f7959a00700 1 -- 172.21.15.28:0/3338809780 --> [v2:172.21.15.28:3300/0,v1:172.21.15.28:6789/0] -- mon_subscribe({config=0+,monmap=0+}) -- 0x7f79541a3200 con 0x7f795407e880
2024-04-24T07:59:18.662 INFO:teuthology.orchestra.run.smithi028.stdout:/usr/bin/ceph: stderr
2024-04-24T07:59:17.711+0000 7f7959a00700 1 --2- 172.21.15.28:0/3338809780 >> [v2:172.21.15.28:3300/0,v1:172.21.15.28:6789/0] conn(0x7f795407e880 0x7f79541a2cc0 secure :-1 s=READY pgs=38 cs=0 l=1 rev1=1 crypto rx=0x7f7948011b60 tx=0x7f7948011c40 comp rx=0 tx=0).ready entity=mon.0 client_cookie=0 server_cookie=0 in_seq=0 out_seq=0
2024-04-24T07:59:18.662 INFO:teuthology.orchestra.run.smithi028.stdout:/usr/bin/ceph: stderr
2024-04-24T07:59:17.712+0000 7f7952000700 1 -- 172.21.15.28:0/3338809780 <== mon.0 v2:172.21.15.28:3300/0 1 ==== mon_map magic: 0 ==== 205+0+0 (secure 0 0 0) 0x7f7948003970 con 0x7f795407e880
2024-04-24T07:59:18.662 INFO:teuthology.orchestra.run.smithi028.stdout:/usr/bin/ceph: stderr
2024-04-24T07:59:17.712+0000 7f7952000700 1 -- 172.21.15.28:0/3338809780 <== mon.0 v2:172.21.15.28:3300/0 2 ==== config(27 keys) ==== 1109+0+0 (secure 0 0 0) 0x7f7948003b10 con 0x7f795407e880
2024-04-24T07:59:18.662 INFO:teuthology.orchestra.run.smithi028.stdout:/usr/bin/ceph: stderr
2024-04-24T07:59:17.712+0000 7f795c400700 1 -- 172.21.15.28:0/3338809780 --> [v2:172.21.15.28:3300/0,v1:172.21.15.28:6789/0] -- mon_subscribe({mgrmap=0+}) -- 0x7f79541a3490 con 0x7f795407e880
2024-04-24T07:59:18.662 INFO:teuthology.orchestra.run.smithi028.stdout:/usr/bin/ceph: stderr
2024-04-24T07:59:17.712+0000 7f7952000700 1 -- 172.21.15.28:0/3338809780 <== mon.0 v2:172.21.15.28:3300/0 3 ==== mon_map magic: 0 ==== 205+0+0 (secure 0 0 0) 0x7f7948024610 con 0x7f795407e880
2024-04-24T07:59:18.662 INFO:teuthology.orchestra.run.smithi028.stdout:/usr/bin/ceph: stderr
2024-04-24T07:59:17.712+0000 7f795c400700 1 -- 172.21.15.28:0/3338809780 --> [v2:172.21.15.28:3300/0,v1:172.21.15.28:6789/0] -- mon_subscribe({osdmap=0}) -- 0x7f79541a6180 con 0x7f795407e880
2024-04-24T07:59:18.662 INFO:teuthology.orchestra.run.smithi028.stdout:/usr/bin/ceph: stderr
2024-04-24T07:59:17.713+0000 7f7952000700 1 -- 172.21.15.28:0/3338809780 <== mon.0 v2:172.21.15.28:3300/0 4 ==== mgrmap(e 8) ==== 46558+0+0 (secure 0 0 0) 0x7f79480248c0 con 0x7f795407e880
2024-04-24T07:59:18.662 INFO:teuthology.orchestra.run.smithi028.stdout:/usr/bin/ceph: stderr
2024-04-24T07:59:17.713+0000 7f795c400700 1 -- 172.21.15.28:0/3338809780 --> [v2:172.21.15.28:3300/0,v1:172.21.15.28:6789/0] -- mon_command({"prefix": "get_command_descriptions"} v 0) -- 0x7f7954064150 con 0x7f795407e880
2024-04-24T07:59:18.662 INFO:teuthology.orchestra.run.smithi028.stdout:/usr/bin/ceph: stderr
2024-04-24T07:59:17.713+0000 7f7952000700 1 --2- 172.21.15.28:0/3338809780 >> [v2:172.21.15.28:6800/3308597107,v1:172.21.15.28:6801/3308597107] conn(0x7f793c039600 0x7f793c03bac0 unknown :-1 s=NONE pgs=0 cs=0 l=1 rev1=0 crypto rx=0 tx=0 comp rx=0 tx=0).connect
2024-04-24T07:59:18.662 INFO:teuthology.orchestra.run.smithi028.stdout:/usr/bin/ceph: stderr
2024-04-24T07:59:17.713+0000 7f7952000700 1 -- 172.21.15.28:0/3338809780 <== mon.0 v2:172.21.15.28:3300/0 5 ==== osd_map(2..2 src has 1..2) ==== 940+0+0 (secure 0 0 0) 0x7f7948011e00 con 0x7f795407e880
2024-04-24T07:59:18.663 INFO:teuthology.orchestra.run.smithi028.stdout:/usr/bin/ceph: stderr
2024-04-24T07:59:17.714+0000 7f7959000700 1 --2- 172.21.15.28:0/3338809780 >> [v2:172.21.15.28:6800/3308597107,v1:172.21.15.28:6801/3308597107] conn(0x7f793c039600 0x7f793c03bac0 unknown :-1 s=BANNER_CONNECTING pgs=0 cs=0 l=1 rev1=0 crypto rx=0 tx=0 comp rx=0 tx=0)._handle_peer_banner_payload supported=3 required=0
2024-04-24T07:59:18.663 INFO:teuthology.orchestra.run.smithi028.stdout:/usr/bin/ceph: stderr
2024-04-24T07:59:17.714+0000 7f7959000700 1 --2- 172.21.15.28:0/3338809780 >> [v2:172.21.15.28:6800/3308597107,v1:172.21.15.28:6801/3308597107] conn(0x7f793c039600 0x7f793c03bac0 secure :-1 s=READY pgs=7 cs=0 l=1 rev1=1 crypto rx=0x7f7940006fd0 tx=0x7f7940006e40 comp rx=0 tx=0).ready entity=mgr.14120 client_cookie=0 server_cookie=0 in_seq=0 out_seq=0
2024-04-24T07:59:18.663 INFO:teuthology.orchestra.run.smithi028.stdout:/usr/bin/ceph: stderr
2024-04-24T07:59:17.720+0000 7f7952000700 1 -- 172.21.15.28:0/3338809780 <== mon.0 v2:172.21.15.28:3300/0 6 ==== mon_command_ack([{"prefix": "get_command_descriptions"}]=0 v0) ==== 72+0+188370 (secure 0 0 0) 0x7f794800b3e0 con 0x7f795407e880
2024-04-24T07:59:18.663 INFO:teuthology.orchestra.run.smithi028.stdout:/usr/bin/ceph: stderr
2024-04-24T07:59:17.957+0000 7f795c400700 1 -- 172.21.15.28:0/3338809780 --> [v2:172.21.15.28:6800/3308597107,v1:172.21.15.28:6801/3308597107] -- mgr_command(tid 0: {"prefix": "orch set backend", "module_name": "cephadm", "target": ["mon-mgr", ""]}) -- 0x7f79540008d0 con 0x7f793c039600
2024-04-24T07:59:18.663 INFO:teuthology.orchestra.run.smithi028.stdout:/usr/bin/ceph: stderr
2024-04-24T07:59:17.968+0000 7f7952000700 1 -- 172.21.15.28:0/3338809780 <== mgr.14120 v2:172.21.15.28:6800/3308597107 1 ==== mgr_command_reply(tid 0: 0 ) ==== 8+0+0 (secure 0 0 0) 0x7f79540008d0 con 0x7f793c039600
2024-04-24T07:59:18.663 INFO:teuthology.orchestra.run.smithi028.stdout:/usr/bin/ceph: stderr
2024-04-24T07:59:17.971+0000 7f795c400700 1 -- 172.21.15.28:0/3338809780 >> [v2:172.21.15.28:6800/3308597107,v1:172.21.15.28:6801/3308597107] conn(0x7f793c039600 msgr2=0x7f793c03bac0 secure :-1 s=STATE_CONNECTION_ESTABLISHED l=1).mark_down
2024-04-24T07:59:18.663 INFO:teuthology.orchestra.run.smithi028.stdout:/usr/bin/ceph: stderr
2024-04-24T07:59:17.971+0000 7f795c400700 1 --2- 172.21.15.28:0/3338809780 >> [v2:172.21.15.28:6800/3308597107,v1:172.21.15.28:6801/3308597107] conn(0x7f793c039600 0x7f793c03bac0 secure :-1 s=READY pgs=7 cs=0 l=1 rev1=1 crypto rx=0x7f7940006fd0 tx=0x7f7940006e40 comp rx=0 tx=0).stop
2024-04-24T07:59:18.663 INFO:teuthology.orchestra.run.smithi028.stdout:/usr/bin/ceph: stderr
2024-04-24T07:59:17.971+0000 7f795c400700 1 -- 172.21.15.28:0/3338809780 >> [v2:172.21.15.28:3300/0,v1:172.21.15.28:6789/0] conn(0x7f795407e880 msgr2=0x7f79541a2cc0 secure :-1 s=STATE_CONNECTION_ESTABLISHED l=1).mark_down
2024-04-24T07:59:18.663 INFO:teuthology.orchestra.run.smithi028.stdout:/usr/bin/ceph: stderr
2024-04-24T07:59:17.971+0000 7f795c400700 1 --2- 172.21.15.28:0/3338809780 >> [v2:172.21.15.28:3300/0,v1:172.21.15.28:6789/0] conn(0x7f795407e880 0x7f79541a2cc0 secure :-1 s=READY pgs=38 cs=0 l=1 rev1=1 crypto rx=0x7f7948011b60 tx=0x7f7948011c40 comp rx=0 tx=0).stop
2024-04-24T07:59:18.663 INFO:teuthology.orchestra.run.smithi028.stdout:/usr/bin/ceph: stderr
2024-04-24T07:59:17.971+0000 7f795c400700 1 -- 172.21.15.28:0/3338809780 shutdown_connections
2024-04-24T07:59:18.663 INFO:teuthology.orchestra.run.smithi028.stdout:/usr/bin/ceph: stderr
2024-04-24T07:59:17.971+0000 7f795c400700 1 --2- 172.21.15.28:0/3338809780 >> [v2:172.21.15.28:6800/3308597107,v1:172.21.15.28:6801/3308597107] conn(0x7f793c039600 0x7f793c03bac0 unknown :-1 s=CLOSED pgs=7 cs=0 l=1 rev1=1 crypto rx=0 tx=0 comp rx=0 tx=0).stop
2024-04-24T07:59:18.663 INFO:teuthology.orchestra.run.smithi028.stdout:/usr/bin/ceph: stderr
2024-04-24T07:59:17.971+0000 7f795c400700 1 --2- 172.21.15.28:0/3338809780 >> [v2:172.21.15.28:3300/0,v1:172.21.15.28:6789/0] conn(0x7f795407e880 0x7f79541a2cc0 unknown :-1 s=CLOSED pgs=38 cs=0 l=1 rev1=1 crypto rx=0 tx=0 comp rx=0 tx=0).stop
2024-04-24T07:59:18.663 INFO:teuthology.orchestra.run.smithi028.stdout:/usr/bin/ceph: stderr
2024-04-24T07:59:17.971+0000 7f795c400700 1 -- 172.21.15.28:0/3338809780 >> 172.21.15.28:0/3338809780 conn(0x7f795407def0 msgr2=0x7f79541999e0 unknown :-1 s=STATE_NONE l=0).mark_down
2024-04-24T07:59:18.663 INFO:teuthology.orchestra.run.smithi028.stdout:/usr/bin/ceph: stderr
2024-04-24T07:59:17.971+0000 7f795c400700 1 -- 172.21.15.28:0/3338809780 shutdown_connections
2024-04-24T07:59:18.663 INFO:teuthology.orchestra.run.smithi028.stdout:/usr/bin/ceph: stderr
2024-04-24T07:59:17.971+0000 7f795c400700 1 -- 172.21.15.28:0/3338809780 wait complete.
2024-04-24T07:59:20.220 INFO:teuthology.orchestra.run.smithi028.stdout:/usr/bin/ceph: stdout value unchanged
2024-04-24T07:59:20.220 INFO:teuthology.orchestra.run.smithi028.stdout:/usr/bin/ceph: stderr
2024-04-24T07:59:19.284+0000 7fb538a00700 1 Processor -- start
2024-04-24T07:59:20.221 INFO:teuthology.orchestra.run.smithi028.stdout:/usr/bin/ceph: stderr
2024-04-24T07:59:19.284+0000 7fb538a00700 1 -- start start
2024-04-24T07:59:20.221 INFO:teuthology.orchestra.run.smithi028.stdout:/usr/bin/ceph: stderr
2024-04-24T07:59:19.285+0000 7fb538a00700 1 --2- >> [v2:172.21.15.28:3300/0,v1:172.21.15.28:6789/0] conn(0x7fb53410efe0 0x7fb53410f3e0 unknown :-1 s=NONE pgs=0 cs=0 l=0 rev1=0 crypto rx=0 tx=0 comp rx=0 tx=0).connect
2024-04-24T07:59:20.221 INFO:teuthology.orchestra.run.smithi028.stdout:/usr/bin/ceph: stderr
2024-04-24T07:59:19.285+0000 7fb538a00700 1 -- --> [v2:172.21.15.28:3300/0,v1:172.21.15.28:6789/0] -- mon_getmap magic: 0 -- 0x7fb53410f9b0 con 0x7fb53410efe0
2024-04-24T07:59:20.221 INFO:teuthology.orchestra.run.smithi028.stdout:/usr/bin/ceph: stderr
2024-04-24T07:59:19.285+0000 7fb532800700 1 --2- >> [v2:172.21.15.28:3300/0,v1:172.21.15.28:6789/0] conn(0x7fb53410efe0 0x7fb53410f3e0 unknown :-1 s=BANNER_CONNECTING pgs=0 cs=0 l=0 rev1=0 crypto rx=0 tx=0 comp rx=0 tx=0)._handle_peer_banner_payload supported=3 required=0
2024-04-24T07:59:20.222 INFO:teuthology.orchestra.run.smithi028.stdout:/usr/bin/ceph: stderr
2024-04-24T07:59:19.285+0000 7fb532800700 1 --2- >> [v2:172.21.15.28:3300/0,v1:172.21.15.28:6789/0] conn(0x7fb53410efe0 0x7fb53410f3e0 unknown :-1 s=HELLO_CONNECTING pgs=0 cs=0 l=0 rev1=1 crypto rx=0 tx=0 comp rx=0 tx=0).handle_hello peer v2:172.21.15.28:3300/0 says I am v2:172.21.15.28:45478/0 (socket says 172.21.15.28:45478)
2024-04-24T07:59:20.222 INFO:teuthology.orchestra.run.smithi028.stdout:/usr/bin/ceph: stderr
2024-04-24T07:59:19.285+0000 7fb532800700 1 -- 172.21.15.28:0/331549808 learned_addr learned my addr 172.21.15.28:0/331549808 (peer_addr_for_me v2:172.21.15.28:0/0)
2024-04-24T07:59:20.222 INFO:teuthology.orchestra.run.smithi028.stdout:/usr/bin/ceph: stderr
2024-04-24T07:59:19.286+0000 7fb532800700 1 -- 172.21.15.28:0/331549808 --> [v2:172.21.15.28:3300/0,v1:172.21.15.28:6789/0] -- mon_subscribe({config=0+,monmap=0+}) -- 0x7fb53410fb30 con 0x7fb53410efe0
2024-04-24T07:59:20.224 INFO:teuthology.orchestra.run.smithi028.stdout:/usr/bin/ceph: stderr
2024-04-24T07:59:19.286+0000 7fb532800700 1 --2- 172.21.15.28:0/331549808 >> [v2:172.21.15.28:3300/0,v1:172.21.15.28:6789/0] conn(0x7fb53410efe0 0x7fb53410f3e0 secure :-1 s=READY pgs=39 cs=0 l=1 rev1=1 crypto rx=0x7fb5240098a0 tx=0x7fb524009bb0 comp rx=0 tx=0).ready entity=mon.0 client_cookie=24d561b056abf5f4 server_cookie=0 in_seq=0 out_seq=0
2024-04-24T07:59:20.224 INFO:teuthology.orchestra.run.smithi028.stdout:/usr/bin/ceph: stderr
2024-04-24T07:59:19.287+0000 7fb531e00700 1 -- 172.21.15.28:0/331549808 <== mon.0 v2:172.21.15.28:3300/0 1 ==== mon_map magic: 0 ==== 205+0+0 (secure 0 0 0) 0x7fb524004160 con 0x7fb53410efe0
2024-04-24T07:59:20.224 INFO:teuthology.orchestra.run.smithi028.stdout:/usr/bin/ceph: stderr
2024-04-24T07:59:19.287+0000 7fb531e00700 1 -- 172.21.15.28:0/331549808 <== mon.0 v2:172.21.15.28:3300/0 2 ==== config(27 keys) ==== 1109+0+0 (secure 0 0 0) 0x7fb524004300 con 0x7fb53410efe0
2024-04-24T07:59:20.224 INFO:teuthology.orchestra.run.smithi028.stdout:/usr/bin/ceph: stderr
2024-04-24T07:59:19.287+0000 7fb531e00700 1 -- 172.21.15.28:0/331549808 <== mon.0 v2:172.21.15.28:3300/0 3 ==== mon_map magic: 0 ==== 205+0+0 (secure 0 0 0) 0x7fb524011b50 con 0x7fb53410efe0
2024-04-24T07:59:20.224 INFO:teuthology.orchestra.run.smithi028.stdout:/usr/bin/ceph: stderr
2024-04-24T07:59:19.287+0000 7fb538a00700 1 -- 172.21.15.28:0/331549808 >> [v2:172.21.15.28:3300/0,v1:172.21.15.28:6789/0] conn(0x7fb53410efe0 msgr2=0x7fb53410f3e0 secure :-1 s=STATE_CONNECTION_ESTABLISHED l=1).mark_down
2024-04-24T07:59:20.224 INFO:teuthology.orchestra.run.smithi028.stdout:/usr/bin/ceph: stderr
2024-04-24T07:59:19.287+0000 7fb538a00700 1 --2- 172.21.15.28:0/331549808 >> [v2:172.21.15.28:3300/0,v1:172.21.15.28:6789/0] conn(0x7fb53410efe0 0x7fb53410f3e0 secure :-1 s=READY pgs=39 cs=0 l=1 rev1=1 crypto rx=0x7fb5240098a0 tx=0x7fb524009bb0 comp rx=0 tx=0).stop
2024-04-24T07:59:20.224 INFO:teuthology.orchestra.run.smithi028.stdout:/usr/bin/ceph: stderr
2024-04-24T07:59:19.288+0000 7fb538a00700 1 -- 172.21.15.28:0/331549808 shutdown_connections
2024-04-24T07:59:20.224 INFO:teuthology.orchestra.run.smithi028.stdout:/usr/bin/ceph: stderr
2024-04-24T07:59:19.288+0000 7fb538a00700 1 --2- 172.21.15.28:0/331549808 >> [v2:172.21.15.28:3300/0,v1:172.21.15.28:6789/0] conn(0x7fb53410efe0 0x7fb53410f3e0 unknown :-1 s=CLOSED pgs=39 cs=0 l=1 rev1=1 crypto rx=0 tx=0 comp rx=0 tx=0).stop
2024-04-24T07:59:20.225 INFO:teuthology.orchestra.run.smithi028.stdout:/usr/bin/ceph: stderr
2024-04-24T07:59:19.288+0000 7fb538a00700 1 -- 172.21.15.28:0/331549808 >> 172.21.15.28:0/331549808 conn(0x7fb53407ddf0 msgr2=0x7fb534080210 unknown :-1 s=STATE_NONE l=0).mark_down
2024-04-24T07:59:20.225 INFO:teuthology.orchestra.run.smithi028.stdout:/usr/bin/ceph: stderr
2024-04-24T07:59:19.288+0000 7fb538a00700 1 -- 172.21.15.28:0/331549808 shutdown_connections
2024-04-24T07:59:20.225 INFO:teuthology.orchestra.run.smithi028.stdout:/usr/bin/ceph: stderr
2024-04-24T07:59:19.288+0000 7fb538a00700 1 -- 172.21.15.28:0/331549808 wait complete.
2024-04-24T07:59:20.225 INFO:teuthology.orchestra.run.smithi028.stdout:/usr/bin/ceph: stderr
2024-04-24T07:59:19.289+0000 7fb538a00700 1 Processor -- start
2024-04-24T07:59:20.225 INFO:teuthology.orchestra.run.smithi028.stdout:/usr/bin/ceph: stderr
2024-04-24T07:59:19.289+0000 7fb538a00700 1 -- start start
2024-04-24T07:59:20.225 INFO:teuthology.orchestra.run.smithi028.stdout:/usr/bin/ceph: stderr
2024-04-24T07:59:19.290+0000 7fb538a00700 1 --2- >> [v2:172.21.15.28:3300/0,v1:172.21.15.28:6789/0] conn(0x7fb53410efe0 0x7fb5341a2ab0 unknown :-1 s=NONE pgs=0 cs=0 l=1 rev1=0 crypto rx=0 tx=0 comp rx=0 tx=0).connect
2024-04-24T07:59:20.227 INFO:teuthology.orchestra.run.smithi028.stdout:/usr/bin/ceph: stderr
2024-04-24T07:59:19.290+0000 7fb538a00700 1 -- --> [v2:172.21.15.28:3300/0,v1:172.21.15.28:6789/0] -- mon_getmap magic: 0 -- 0x7fb534112fd0 con 0x7fb53410efe0
2024-04-24T07:59:20.227 INFO:teuthology.orchestra.run.smithi028.stdout:/usr/bin/ceph: stderr
2024-04-24T07:59:19.290+0000 7fb532800700 1 --2- >> [v2:172.21.15.28:3300/0,v1:172.21.15.28:6789/0] conn(0x7fb53410efe0 0x7fb5341a2ab0 unknown :-1 s=BANNER_CONNECTING pgs=0 cs=0 l=1 rev1=0 crypto rx=0 tx=0 comp rx=0 tx=0)._handle_peer_banner_payload supported=3 required=0
2024-04-24T07:59:20.227 INFO:teuthology.orchestra.run.smithi028.stdout:/usr/bin/ceph: stderr
2024-04-24T07:59:19.290+0000 7fb532800700 1 --2- >> [v2:172.21.15.28:3300/0,v1:172.21.15.28:6789/0] conn(0x7fb53410efe0 0x7fb5341a2ab0 unknown :-1 s=HELLO_CONNECTING pgs=0 cs=0 l=1 rev1=1 crypto rx=0 tx=0 comp rx=0 tx=0).handle_hello peer v2:172.21.15.28:3300/0 says I am v2:172.21.15.28:45486/0 (socket says 172.21.15.28:45486)
2024-04-24T07:59:20.227 INFO:teuthology.orchestra.run.smithi028.stdout:/usr/bin/ceph: stderr
2024-04-24T07:59:19.290+0000 7fb532800700 1 -- 172.21.15.28:0/4169314127 learned_addr learned my addr 172.21.15.28:0/4169314127 (peer_addr_for_me v2:172.21.15.28:0/0)
2024-04-24T07:59:20.227 INFO:teuthology.orchestra.run.smithi028.stdout:/usr/bin/ceph: stderr
2024-04-24T07:59:19.290+0000 7fb532800700 1 -- 172.21.15.28:0/4169314127 --> [v2:172.21.15.28:3300/0,v1:172.21.15.28:6789/0] -- mon_subscribe({config=0+,monmap=0+}) -- 0x7fb5341a2ff0 con 0x7fb53410efe0
2024-04-24T07:59:20.227 INFO:teuthology.orchestra.run.smithi028.stdout:/usr/bin/ceph: stderr
2024-04-24T07:59:19.291+0000 7fb532800700 1 --2- 172.21.15.28:0/4169314127 >> [v2:172.21.15.28:3300/0,v1:172.21.15.28:6789/0] conn(0x7fb53410efe0 0x7fb5341a2ab0 secure :-1 s=READY pgs=40 cs=0 l=1 rev1=1 crypto rx=0x7fb524011b60 tx=0x7fb524011c40 comp rx=0 tx=0).ready entity=mon.0 client_cookie=0 server_cookie=0 in_seq=0 out_seq=0
2024-04-24T07:59:20.227 INFO:teuthology.orchestra.run.smithi028.stdout:/usr/bin/ceph: stderr
2024-04-24T07:59:19.291+0000 7fb52be00700 1 -- 172.21.15.28:0/4169314127 <== mon.0 v2:172.21.15.28:3300/0 1 ==== mon_map magic: 0 ==== 205+0+0 (secure 0 0 0) 0x7fb524003970 con 0x7fb53410efe0
2024-04-24T07:59:20.227 INFO:teuthology.orchestra.run.smithi028.stdout:/usr/bin/ceph: stderr
2024-04-24T07:59:19.291+0000 7fb52be00700 1 -- 172.21.15.28:0/4169314127 <== mon.0 v2:172.21.15.28:3300/0 2 ==== config(27 keys) ==== 1109+0+0 (secure 0 0 0) 0x7fb524003b10 con 0x7fb53410efe0
2024-04-24T07:59:20.227 INFO:teuthology.orchestra.run.smithi028.stdout:/usr/bin/ceph: stderr
2024-04-24T07:59:19.291+0000 7fb52be00700 1 -- 172.21.15.28:0/4169314127 <== mon.0 v2:172.21.15.28:3300/0 3 ==== mon_map magic: 0 ==== 205+0+0 (secure 0 0 0) 0x7fb524024610 con 0x7fb53410efe0
2024-04-24T07:59:20.228 INFO:teuthology.orchestra.run.smithi028.stdout:/usr/bin/ceph: stderr
2024-04-24T07:59:19.291+0000 7fb538a00700 1 -- 172.21.15.28:0/4169314127 --> [v2:172.21.15.28:3300/0,v1:172.21.15.28:6789/0] -- mon_subscribe({mgrmap=0+}) -- 0x7fb5341a3280 con 0x7fb53410efe0
2024-04-24T07:59:20.228 INFO:teuthology.orchestra.run.smithi028.stdout:/usr/bin/ceph: stderr
2024-04-24T07:59:19.291+0000 7fb538a00700 1 -- 172.21.15.28:0/4169314127 --> [v2:172.21.15.28:3300/0,v1:172.21.15.28:6789/0] -- mon_subscribe({osdmap=0}) -- 0x7fb5341a5f70 con 0x7fb53410efe0
2024-04-24T07:59:20.230 INFO:teuthology.orchestra.run.smithi028.stdout:/usr/bin/ceph: stderr
2024-04-24T07:59:19.292+0000 7fb52be00700 1 -- 172.21.15.28:0/4169314127 <== mon.0 v2:172.21.15.28:3300/0 4 ==== mgrmap(e 8) ==== 46558+0+0 (secure 0 0 0) 0x7fb52401a9f0 con 0x7fb53410efe0
2024-04-24T07:59:20.230 INFO:teuthology.orchestra.run.smithi028.stdout:/usr/bin/ceph: stderr
2024-04-24T07:59:19.292+0000 7fb538a00700 1 -- 172.21.15.28:0/4169314127 --> [v2:172.21.15.28:3300/0,v1:172.21.15.28:6789/0] -- mon_command({"prefix": "get_command_descriptions"} v 0) -- 0x7fb534113150 con 0x7fb53410efe0
2024-04-24T07:59:20.230 INFO:teuthology.orchestra.run.smithi028.stdout:/usr/bin/ceph: stderr
2024-04-24T07:59:19.293+0000 7fb52be00700 1 --2- 172.21.15.28:0/4169314127 >> [v2:172.21.15.28:6800/3308597107,v1:172.21.15.28:6801/3308597107] conn(0x7fb514039600 0x7fb51403bac0 unknown :-1 s=NONE pgs=0 cs=0 l=1 rev1=0 crypto rx=0 tx=0 comp rx=0 tx=0).connect
2024-04-24T07:59:20.230 INFO:teuthology.orchestra.run.smithi028.stdout:/usr/bin/ceph: stderr
2024-04-24T07:59:19.293+0000 7fb52be00700 1 -- 172.21.15.28:0/4169314127 <== mon.0 v2:172.21.15.28:3300/0 5 ==== osd_map(2..2 src has 1..2) ==== 940+0+0 (secure 0 0 0) 0x7fb524011e00 con 0x7fb53410efe0
2024-04-24T07:59:20.230 INFO:teuthology.orchestra.run.smithi028.stdout:/usr/bin/ceph: stderr
2024-04-24T07:59:19.293+0000 7fb529e00700 1 --2- 172.21.15.28:0/4169314127 >> [v2:172.21.15.28:6800/3308597107,v1:172.21.15.28:6801/3308597107] conn(0x7fb514039600 0x7fb51403bac0 unknown :-1 s=BANNER_CONNECTING pgs=0 cs=0 l=1 rev1=0 crypto rx=0 tx=0 comp rx=0 tx=0)._handle_peer_banner_payload supported=3 required=0
2024-04-24T07:59:20.230 INFO:teuthology.orchestra.run.smithi028.stdout:/usr/bin/ceph: stderr
2024-04-24T07:59:19.294+0000 7fb529e00700 1 --2- 172.21.15.28:0/4169314127 >> [v2:172.21.15.28:6800/3308597107,v1:172.21.15.28:6801/3308597107] conn(0x7fb514039600 0x7fb51403bac0 secure :-1 s=READY pgs=8 cs=0 l=1 rev1=1 crypto rx=0x7fb51c006fd0 tx=0x7fb51c006e40 comp rx=0 tx=0).ready entity=mgr.14120 client_cookie=0 server_cookie=0 in_seq=0 out_seq=0
2024-04-24T07:59:20.230 INFO:teuthology.orchestra.run.smithi028.stdout:/usr/bin/ceph: stderr
2024-04-24T07:59:19.299+0000 7fb52be00700 1 -- 172.21.15.28:0/4169314127 <== mon.0 v2:172.21.15.28:3300/0 6 ==== mon_command_ack([{"prefix": "get_command_descriptions"}]=0 v0) ==== 72+0+188370 (secure 0 0 0) 0x7fb524016260 con 0x7fb53410efe0
2024-04-24T07:59:20.230 INFO:teuthology.orchestra.run.smithi028.stdout:/usr/bin/ceph: stderr
2024-04-24T07:59:19.531+0000 7fb538a00700 1 -- 172.21.15.28:0/4169314127 --> [v2:172.21.15.28:6800/3308597107,v1:172.21.15.28:6801/3308597107] -- mgr_command(tid 0: {"prefix": "cephadm set-user", "user": "root", "target": ["mon-mgr", ""]}) -- 0x7fb5340800e0 con 0x7fb514039600
2024-04-24T07:59:20.230 INFO:teuthology.orchestra.run.smithi028.stdout:/usr/bin/ceph: stderr
2024-04-24T07:59:19.532+0000 7fb52be00700 1 -- 172.21.15.28:0/4169314127 <== mgr.14120 v2:172.21.15.28:6800/3308597107 1 ==== mgr_command_reply(tid 0: 0 ) ==== 8+0+16 (secure 0 0 0) 0x7fb5340800e0 con 0x7fb514039600
2024-04-24T07:59:20.230 INFO:teuthology.orchestra.run.smithi028.stdout:/usr/bin/ceph: stderr
2024-04-24T07:59:19.536+0000 7fb538a00700 1 -- 172.21.15.28:0/4169314127 >> [v2:172.21.15.28:6800/3308597107,v1:172.21.15.28:6801/3308597107] conn(0x7fb514039600 msgr2=0x7fb51403bac0 secure :-1 s=STATE_CONNECTION_ESTABLISHED l=1).mark_down
2024-04-24T07:59:20.230 INFO:teuthology.orchestra.run.smithi028.stdout:/usr/bin/ceph: stderr
2024-04-24T07:59:19.536+0000 7fb538a00700 1 --2- 172.21.15.28:0/4169314127 >> [v2:172.21.15.28:6800/3308597107,v1:172.21.15.28:6801/3308597107] conn(0x7fb514039600 0x7fb51403bac0 secure :-1 s=READY pgs=8 cs=0 l=1 rev1=1 crypto rx=0x7fb51c006fd0 tx=0x7fb51c006e40 comp rx=0 tx=0).stop
2024-04-24T07:59:20.231 INFO:teuthology.orchestra.run.smithi028.stdout:/usr/bin/ceph: stderr
2024-04-24T07:59:19.536+0000 7fb538a00700 1 -- 172.21.15.28:0/4169314127 >> [v2:172.21.15.28:3300/0,v1:172.21.15.28:6789/0] conn(0x7fb53410efe0 msgr2=0x7fb5341a2ab0 secure :-1 s=STATE_CONNECTION_ESTABLISHED l=1).mark_down
2024-04-24T07:59:20.231 INFO:teuthology.orchestra.run.smithi028.stdout:/usr/bin/ceph: stderr
2024-04-24T07:59:19.536+0000 7fb538a00700 1 --2- 172.21.15.28:0/4169314127 >> [v2:172.21.15.28:3300/0,v1:172.21.15.28:6789/0] conn(0x7fb53410efe0 0x7fb5341a2ab0 secure :-1 s=READY pgs=40 cs=0 l=1 rev1=1 crypto rx=0x7fb524011b60 tx=0x7fb524011c40 comp rx=0 tx=0).stop
2024-04-24T07:59:20.231 INFO:teuthology.orchestra.run.smithi028.stdout:/usr/bin/ceph: stderr
2024-04-24T07:59:19.536+0000 7fb538a00700 1 -- 172.21.15.28:0/4169314127 shutdown_connections
2024-04-24T07:59:20.231 INFO:teuthology.orchestra.run.smithi028.stdout:/usr/bin/ceph: stderr
2024-04-24T07:59:19.536+0000 7fb538a00700 1 --2- 172.21.15.28:0/4169314127 >> [v2:172.21.15.28:6800/3308597107,v1:172.21.15.28:6801/3308597107] conn(0x7fb514039600 0x7fb51403bac0 unknown :-1 s=CLOSED pgs=8 cs=0 l=1 rev1=1 crypto rx=0 tx=0 comp rx=0 tx=0).stop
2024-04-24T07:59:20.231 INFO:teuthology.orchestra.run.smithi028.stdout:/usr/bin/ceph: stderr
2024-04-24T07:59:19.536+0000 7fb538a00700 1 --2- 172.21.15.28:0/4169314127 >> [v2:172.21.15.28:3300/0,v1:172.21.15.28:6789/0] conn(0x7fb53410efe0 0x7fb5341a2ab0 unknown :-1 s=CLOSED pgs=40 cs=0 l=1 rev1=1 crypto rx=0 tx=0 comp rx=0 tx=0).stop
2024-04-24T07:59:20.231 INFO:teuthology.orchestra.run.smithi028.stdout:/usr/bin/ceph: stderr
2024-04-24T07:59:19.536+0000 7fb538a00700 1 -- 172.21.15.28:0/4169314127 >> 172.21.15.28:0/4169314127 conn(0x7fb53407ddf0 msgr2=0x7fb53407f9d0 unknown :-1 s=STATE_NONE l=0).mark_down
2024-04-24T07:59:20.231 INFO:teuthology.orchestra.run.smithi028.stdout:/usr/bin/ceph: stderr
2024-04-24T07:59:19.536+0000 7fb538a00700 1 -- 172.21.15.28:0/4169314127 shutdown_connections
2024-04-24T07:59:20.231 INFO:teuthology.orchestra.run.smithi028.stdout:/usr/bin/ceph: stderr
2024-04-24T07:59:19.537+0000 7fb538a00700 1 -- 172.21.15.28:0/4169314127 wait complete.
2024-04-24T07:59:20.231 INFO:teuthology.orchestra.run.smithi028.stdout:Generating ssh key...
2024-04-24T07:59:20.525 INFO:journalctl@ceph.mon.a.smithi028.stdout:Apr 24 07:59:20 smithi028 ceph-mon[27786]: from='client.14134 -' entity='client.admin' cmd=[{"prefix": "cephadm set-user", "user": "root", "target": ["mon-mgr", ""]}]: dispatch
2024-04-24T07:59:21.761 INFO:journalctl@ceph.mon.a.smithi028.stdout:Apr 24 07:59:21 smithi028 ceph-mon[27786]: from='client.14136 -' entity='client.admin' cmd=[{"prefix": "cephadm generate-key", "target": ["mon-mgr", ""]}]: dispatch
2024-04-24T07:59:21.761 INFO:journalctl@ceph.mon.a.smithi028.stdout:Apr 24 07:59:21 smithi028 ceph-mon[27786]: Generating ssh key...
2024-04-24T07:59:21.763 INFO:journalctl@ceph.mgr.x.smithi028.stdout:Apr 24 07:59:21 smithi028 ceph-473aaf58-0210-11ef-bc93-c7b262605968-mgr-x[28010]: Generating public/private rsa key pair.
2024-04-24T07:59:21.763 INFO:journalctl@ceph.mgr.x.smithi028.stdout:Apr 24 07:59:21 smithi028 ceph-473aaf58-0210-11ef-bc93-c7b262605968-mgr-x[28010]: Your identification has been saved in /tmp/tmpe4w0gnu4/key.
2024-04-24T07:59:21.763 INFO:journalctl@ceph.mgr.x.smithi028.stdout:Apr 24 07:59:21 smithi028 ceph-473aaf58-0210-11ef-bc93-c7b262605968-mgr-x[28010]: Your public key has been saved in /tmp/tmpe4w0gnu4/key.pub.
2024-04-24T07:59:21.763 INFO:journalctl@ceph.mgr.x.smithi028.stdout:Apr 24 07:59:21 smithi028 ceph-473aaf58-0210-11ef-bc93-c7b262605968-mgr-x[28010]: The key fingerprint is:
2024-04-24T07:59:21.763 INFO:journalctl@ceph.mgr.x.smithi028.stdout:Apr 24 07:59:21 smithi028 ceph-473aaf58-0210-11ef-bc93-c7b262605968-mgr-x[28010]: SHA256:eRWOThMRz9M34C8gCqdjWnMVwG4xQVMOcNtxu31+Lyo ceph-473aaf58-0210-11ef-bc93-c7b262605968
2024-04-24T07:59:21.763 INFO:journalctl@ceph.mgr.x.smithi028.stdout:Apr 24 07:59:21 smithi028 ceph-473aaf58-0210-11ef-bc93-c7b262605968-mgr-x[28010]: The key's randomart image is:
2024-04-24T07:59:21.763 INFO:journalctl@ceph.mgr.x.smithi028.stdout:Apr 24 07:59:21 smithi028 ceph-473aaf58-0210-11ef-bc93-c7b262605968-mgr-x[28010]: +---[RSA 3072]----+
2024-04-24T07:59:21.763 INFO:journalctl@ceph.mgr.x.smithi028.stdout:Apr 24 07:59:21 smithi028 ceph-473aaf58-0210-11ef-bc93-c7b262605968-mgr-x[28010]: | .+B++++.. |
2024-04-24T07:59:21.763 INFO:journalctl@ceph.mgr.x.smithi028.stdout:Apr 24 07:59:21 smithi028 ceph-473aaf58-0210-11ef-bc93-c7b262605968-mgr-x[28010]: | .+* +*oo. |
2024-04-24T07:59:21.763 INFO:journalctl@ceph.mgr.x.smithi028.stdout:Apr 24 07:59:21 smithi028 ceph-473aaf58-0210-11ef-bc93-c7b262605968-mgr-x[28010]: | ..oo=+o*....|
2024-04-24T07:59:21.763 INFO:journalctl@ceph.mgr.x.smithi028.stdout:Apr 24 07:59:21 smithi028 ceph-473aaf58-0210-11ef-bc93-c7b262605968-mgr-x[28010]: | +oo+.o+....|
2024-04-24T07:59:21.763 INFO:journalctl@ceph.mgr.x.smithi028.stdout:Apr 24 07:59:21 smithi028 ceph-473aaf58-0210-11ef-bc93-c7b262605968-mgr-x[28010]: | *.oS o. o o |
2024-04-24T07:59:21.763 INFO:journalctl@ceph.mgr.x.smithi028.stdout:Apr 24 07:59:21 smithi028 ceph-473aaf58-0210-11ef-bc93-c7b262605968-mgr-x[28010]: | + + . + |
2024-04-24T07:59:21.763 INFO:journalctl@ceph.mgr.x.smithi028.stdout:Apr 24 07:59:21 smithi028 ceph-473aaf58-0210-11ef-bc93-c7b262605968-mgr-x[28010]: | . ..|
2024-04-24T07:59:21.764 INFO:journalctl@ceph.mgr.x.smithi028.stdout:Apr 24 07:59:21 smithi028 ceph-473aaf58-0210-11ef-bc93-c7b262605968-mgr-x[28010]: | E . o|
2024-04-24T07:59:21.764 INFO:journalctl@ceph.mgr.x.smithi028.stdout:Apr 24 07:59:21 smithi028 ceph-473aaf58-0210-11ef-bc93-c7b262605968-mgr-x[28010]: | ... ..|
2024-04-24T07:59:21.764 INFO:journalctl@ceph.mgr.x.smithi028.stdout:Apr 24 07:59:21 smithi028 ceph-473aaf58-0210-11ef-bc93-c7b262605968-mgr-x[28010]: +----[SHA256]-----+
2024-04-24T07:59:22.146 INFO:teuthology.orchestra.run.smithi028.stdout:/usr/bin/ceph: stderr
2024-04-24T07:59:20.830+0000 7eff87e00700 1 Processor -- start
2024-04-24T07:59:22.147 INFO:teuthology.orchestra.run.smithi028.stdout:/usr/bin/ceph: stderr
2024-04-24T07:59:20.830+0000 7eff87e00700 1 -- start start
2024-04-24T07:59:22.147 INFO:teuthology.orchestra.run.smithi028.stdout:/usr/bin/ceph: stderr
2024-04-24T07:59:20.831+0000 7eff87e00700 1 --2- >> [v2:172.21.15.28:3300/0,v1:172.21.15.28:6789/0] conn(0x7eff88106d70 0x7eff88107190 unknown :-1 s=NONE pgs=0 cs=0 l=0 rev1=0 crypto rx=0 tx=0 comp rx=0 tx=0).connect
2024-04-24T07:59:22.147 INFO:teuthology.orchestra.run.smithi028.stdout:/usr/bin/ceph: stderr
2024-04-24T07:59:20.831+0000 7eff87e00700 1 -- --> [v2:172.21.15.28:3300/0,v1:172.21.15.28:6789/0] -- mon_getmap magic: 0 -- 0x7eff8807beb0 con 0x7eff88106d70
2024-04-24T07:59:22.147 INFO:teuthology.orchestra.run.smithi028.stdout:/usr/bin/ceph: stderr
2024-04-24T07:59:20.831+0000 7eff86a00700 1 --2- >> [v2:172.21.15.28:3300/0,v1:172.21.15.28:6789/0] conn(0x7eff88106d70 0x7eff88107190 unknown :-1 s=BANNER_CONNECTING pgs=0 cs=0 l=0 rev1=0 crypto rx=0 tx=0 comp rx=0 tx=0)._handle_peer_banner_payload supported=3 required=0
2024-04-24T07:59:22.147 INFO:teuthology.orchestra.run.smithi028.stdout:/usr/bin/ceph: stderr
2024-04-24T07:59:20.832+0000 7eff86a00700 1 --2- >> [v2:172.21.15.28:3300/0,v1:172.21.15.28:6789/0] conn(0x7eff88106d70 0x7eff88107190 unknown :-1 s=HELLO_CONNECTING pgs=0 cs=0 l=0 rev1=1 crypto rx=0 tx=0 comp rx=0 tx=0).handle_hello peer v2:172.21.15.28:3300/0 says I am v2:172.21.15.28:49496/0 (socket says 172.21.15.28:49496)
2024-04-24T07:59:22.147 INFO:teuthology.orchestra.run.smithi028.stdout:/usr/bin/ceph: stderr
2024-04-24T07:59:20.832+0000 7eff86a00700 1 -- 172.21.15.28:0/2495285560 learned_addr learned my addr 172.21.15.28:0/2495285560 (peer_addr_for_me v2:172.21.15.28:0/0)
2024-04-24T07:59:22.147 INFO:teuthology.orchestra.run.smithi028.stdout:/usr/bin/ceph: stderr
2024-04-24T07:59:20.832+0000 7eff86a00700 1 -- 172.21.15.28:0/2495285560 --> [v2:172.21.15.28:3300/0,v1:172.21.15.28:6789/0] -- mon_subscribe({config=0+,monmap=0+}) -- 0x7eff881076d0 con 0x7eff88106d70
2024-04-24T07:59:22.147 INFO:teuthology.orchestra.run.smithi028.stdout:/usr/bin/ceph: stderr
2024-04-24T07:59:20.832+0000 7eff86a00700 1 --2- 172.21.15.28:0/2495285560 >> [v2:172.21.15.28:3300/0,v1:172.21.15.28:6789/0] conn(0x7eff88106d70 0x7eff88107190 secure :-1 s=READY pgs=41 cs=0 l=1 rev1=1 crypto rx=0x7eff780098a0 tx=0x7eff78009bb0 comp rx=0 tx=0).ready entity=mon.0 client_cookie=596c4a22433e77cc server_cookie=0 in_seq=0 out_seq=0
2024-04-24T07:59:22.147 INFO:teuthology.orchestra.run.smithi028.stdout:/usr/bin/ceph: stderr
2024-04-24T07:59:20.833+0000 7eff85600700 1 -- 172.21.15.28:0/2495285560 <== mon.0 v2:172.21.15.28:3300/0 1 ==== mon_map magic: 0 ==== 205+0+0 (secure 0 0 0) 0x7eff78004160 con 0x7eff88106d70
2024-04-24T07:59:22.147 INFO:teuthology.orchestra.run.smithi028.stdout:/usr/bin/ceph: stderr
2024-04-24T07:59:20.833+0000 7eff85600700 1 -- 172.21.15.28:0/2495285560 <== mon.0 v2:172.21.15.28:3300/0 2 ==== config(27 keys) ==== 1109+0+0 (secure 0 0 0) 0x7eff78004300 con 0x7eff88106d70
2024-04-24T07:59:22.147 INFO:teuthology.orchestra.run.smithi028.stdout:/usr/bin/ceph: stderr
2024-04-24T07:59:20.833+0000 7eff85600700 1 -- 172.21.15.28:0/2495285560 <== mon.0 v2:172.21.15.28:3300/0 3 ==== mon_map magic: 0 ==== 205+0+0 (secure 0 0 0) 0x7eff78011b50 con 0x7eff88106d70
2024-04-24T07:59:22.148 INFO:teuthology.orchestra.run.smithi028.stdout:/usr/bin/ceph: stderr
2024-04-24T07:59:20.833+0000 7eff87e00700 1 -- 172.21.15.28:0/2495285560 >> [v2:172.21.15.28:3300/0,v1:172.21.15.28:6789/0] conn(0x7eff88106d70 msgr2=0x7eff88107190 secure :-1 s=STATE_CONNECTION_ESTABLISHED l=1).mark_down
2024-04-24T07:59:22.148 INFO:teuthology.orchestra.run.smithi028.stdout:/usr/bin/ceph: stderr
2024-04-24T07:59:20.833+0000 7eff87e00700 1 --2- 172.21.15.28:0/2495285560 >> [v2:172.21.15.28:3300/0,v1:172.21.15.28:6789/0] conn(0x7eff88106d70 0x7eff88107190 secure :-1 s=READY pgs=41 cs=0 l=1 rev1=1 crypto rx=0x7eff780098a0 tx=0x7eff78009bb0 comp rx=0 tx=0).stop
2024-04-24T07:59:22.148 INFO:teuthology.orchestra.run.smithi028.stdout:/usr/bin/ceph: stderr
2024-04-24T07:59:20.834+0000 7eff87e00700 1 -- 172.21.15.28:0/2495285560 shutdown_connections
2024-04-24T07:59:22.148 INFO:teuthology.orchestra.run.smithi028.stdout:/usr/bin/ceph: stderr
2024-04-24T07:59:20.834+0000 7eff87e00700 1 --2- 172.21.15.28:0/2495285560 >> [v2:172.21.15.28:3300/0,v1:172.21.15.28:6789/0] conn(0x7eff88106d70 0x7eff88107190 unknown :-1 s=CLOSED pgs=41 cs=0 l=1 rev1=1 crypto rx=0 tx=0 comp rx=0 tx=0).stop
2024-04-24T07:59:22.148 INFO:teuthology.orchestra.run.smithi028.stdout:/usr/bin/ceph: stderr
2024-04-24T07:59:20.834+0000 7eff87e00700 1 -- 172.21.15.28:0/2495285560 >> 172.21.15.28:0/2495285560 conn(0x7eff88102a10 msgr2=0x7eff88104e30 unknown :-1 s=STATE_NONE l=0).mark_down
2024-04-24T07:59:22.148 INFO:teuthology.orchestra.run.smithi028.stdout:/usr/bin/ceph: stderr
2024-04-24T07:59:20.834+0000 7eff87e00700 1 -- 172.21.15.28:0/2495285560 shutdown_connections
2024-04-24T07:59:22.148 INFO:teuthology.orchestra.run.smithi028.stdout:/usr/bin/ceph: stderr
2024-04-24T07:59:20.834+0000 7eff87e00700 1 -- 172.21.15.28:0/2495285560 wait complete.
2024-04-24T07:59:22.148 INFO:teuthology.orchestra.run.smithi028.stdout:/usr/bin/ceph: stderr
2024-04-24T07:59:20.835+0000 7eff87e00700 1 Processor -- start
2024-04-24T07:59:22.148 INFO:teuthology.orchestra.run.smithi028.stdout:/usr/bin/ceph: stderr
2024-04-24T07:59:20.835+0000 7eff87e00700 1 -- start start
2024-04-24T07:59:22.148 INFO:teuthology.orchestra.run.smithi028.stdout:/usr/bin/ceph: stderr
2024-04-24T07:59:20.835+0000 7eff87e00700 1 --2- >> [v2:172.21.15.28:3300/0,v1:172.21.15.28:6789/0] conn(0x7eff88106d70 0x7eff8819e6e0 unknown :-1 s=NONE pgs=0 cs=0 l=1 rev1=0 crypto rx=0 tx=0 comp rx=0 tx=0).connect
2024-04-24T07:59:22.148 INFO:teuthology.orchestra.run.smithi028.stdout:/usr/bin/ceph: stderr
2024-04-24T07:59:20.835+0000 7eff87e00700 1 -- --> [v2:172.21.15.28:3300/0,v1:172.21.15.28:6789/0] -- mon_getmap magic: 0 -- 0x7eff88108760 con 0x7eff88106d70
2024-04-24T07:59:22.148 INFO:teuthology.orchestra.run.smithi028.stdout:/usr/bin/ceph: stderr
2024-04-24T07:59:20.836+0000 7eff86a00700 1 --2- >> [v2:172.21.15.28:3300/0,v1:172.21.15.28:6789/0] conn(0x7eff88106d70 0x7eff8819e6e0 unknown :-1 s=BANNER_CONNECTING pgs=0 cs=0 l=1 rev1=0 crypto rx=0 tx=0 comp rx=0 tx=0)._handle_peer_banner_payload supported=3 required=0
2024-04-24T07:59:22.148 INFO:teuthology.orchestra.run.smithi028.stdout:/usr/bin/ceph: stderr
2024-04-24T07:59:20.836+0000 7eff86a00700 1 --2- >> [v2:172.21.15.28:3300/0,v1:172.21.15.28:6789/0] conn(0x7eff88106d70 0x7eff8819e6e0 unknown :-1 s=HELLO_CONNECTING pgs=0 cs=0 l=1 rev1=1 crypto rx=0 tx=0 comp rx=0 tx=0).handle_hello peer v2:172.21.15.28:3300/0 says I am v2:172.21.15.28:49508/0 (socket says 172.21.15.28:49508)
2024-04-24T07:59:22.148 INFO:teuthology.orchestra.run.smithi028.stdout:/usr/bin/ceph: stderr
2024-04-24T07:59:20.836+0000 7eff86a00700 1 -- 172.21.15.28:0/425919204 learned_addr learned my addr 172.21.15.28:0/425919204 (peer_addr_for_me v2:172.21.15.28:0/0)
2024-04-24T07:59:22.149 INFO:teuthology.orchestra.run.smithi028.stdout:/usr/bin/ceph: stderr
2024-04-24T07:59:20.836+0000 7eff86a00700 1 -- 172.21.15.28:0/425919204 --> [v2:172.21.15.28:3300/0,v1:172.21.15.28:6789/0] -- mon_subscribe({config=0+,monmap=0+}) -- 0x7eff8819ec20 con 0x7eff88106d70
2024-04-24T07:59:22.149 INFO:teuthology.orchestra.run.smithi028.stdout:/usr/bin/ceph: stderr
2024-04-24T07:59:20.836+0000 7eff86a00700 1 --2- 172.21.15.28:0/425919204 >> [v2:172.21.15.28:3300/0,v1:172.21.15.28:6789/0] conn(0x7eff88106d70 0x7eff8819e6e0 secure :-1 s=READY pgs=42 cs=0 l=1 rev1=1 crypto rx=0x7eff78009fb0 tx=0x7eff78011bf0 comp rx=0 tx=0).ready entity=mon.0 client_cookie=0 server_cookie=0 in_seq=0 out_seq=0
2024-04-24T07:59:22.149 INFO:teuthology.orchestra.run.smithi028.stdout:/usr/bin/ceph: stderr
2024-04-24T07:59:20.836+0000 7eff8ca00700 1 -- 172.21.15.28:0/425919204 <== mon.0 v2:172.21.15.28:3300/0 1 ==== mon_map magic: 0 ==== 205+0+0 (secure 0 0 0) 0x7eff780038b0 con 0x7eff88106d70
2024-04-24T07:59:22.149 INFO:teuthology.orchestra.run.smithi028.stdout:/usr/bin/ceph: stderr
2024-04-24T07:59:20.837+0000 7eff8ca00700 1 -- 172.21.15.28:0/425919204 <== mon.0 v2:172.21.15.28:3300/0 2 ==== config(27 keys) ==== 1109+0+0 (secure 0 0 0) 0x7eff78011e50 con 0x7eff88106d70
2024-04-24T07:59:22.149 INFO:teuthology.orchestra.run.smithi028.stdout:/usr/bin/ceph: stderr
2024-04-24T07:59:20.837+0000 7eff8ca00700 1 -- 172.21.15.28:0/425919204 <== mon.0 v2:172.21.15.28:3300/0 3 ==== mon_map magic: 0 ==== 205+0+0 (secure 0 0 0) 0x7eff78019420 con 0x7eff88106d70
2024-04-24T07:59:22.149 INFO:teuthology.orchestra.run.smithi028.stdout:/usr/bin/ceph: stderr
2024-04-24T07:59:20.837+0000 7eff87e00700 1 -- 172.21.15.28:0/425919204 --> [v2:172.21.15.28:3300/0,v1:172.21.15.28:6789/0] -- mon_subscribe({mgrmap=0+}) -- 0x7eff8819eeb0 con 0x7eff88106d70
2024-04-24T07:59:22.149 INFO:teuthology.orchestra.run.smithi028.stdout:/usr/bin/ceph: stderr
2024-04-24T07:59:20.837+0000 7eff87e00700 1 -- 172.21.15.28:0/425919204 --> [v2:172.21.15.28:3300/0,v1:172.21.15.28:6789/0] -- mon_subscribe({osdmap=0}) -- 0x7eff881a1ba0 con 0x7eff88106d70
2024-04-24T07:59:22.149 INFO:teuthology.orchestra.run.smithi028.stdout:/usr/bin/ceph: stderr
2024-04-24T07:59:20.838+0000 7eff8ca00700 1 -- 172.21.15.28:0/425919204 <== mon.0 v2:172.21.15.28:3300/0 4 ==== mgrmap(e 8) ==== 46558+0+0 (secure 0 0 0) 0x7eff78003a50 con 0x7eff88106d70
2024-04-24T07:59:22.149 INFO:teuthology.orchestra.run.smithi028.stdout:/usr/bin/ceph: stderr
2024-04-24T07:59:20.838+0000 7eff87e00700 1 -- 172.21.15.28:0/425919204 --> [v2:172.21.15.28:3300/0,v1:172.21.15.28:6789/0] -- mon_command({"prefix": "get_command_descriptions"} v 0) -- 0x7eff88064150 con 0x7eff88106d70
2024-04-24T07:59:22.149 INFO:teuthology.orchestra.run.smithi028.stdout:/usr/bin/ceph: stderr
2024-04-24T07:59:20.839+0000 7eff8ca00700 1 --2- 172.21.15.28:0/425919204 >> [v2:172.21.15.28:6800/3308597107,v1:172.21.15.28:6801/3308597107] conn(0x7eff6c039560 0x7eff6c03ba20 unknown :-1 s=NONE pgs=0 cs=0 l=1 rev1=0 crypto rx=0 tx=0 comp rx=0 tx=0).connect
2024-04-24T07:59:22.149 INFO:teuthology.orchestra.run.smithi028.stdout:/usr/bin/ceph: stderr
2024-04-24T07:59:20.839+0000 7eff8ca00700 1 -- 172.21.15.28:0/425919204 <== mon.0 v2:172.21.15.28:3300/0 5 ==== osd_map(2..2 src has 1..2) ==== 940+0+0 (secure 0 0 0) 0x7eff7804da60 con 0x7eff88106d70
2024-04-24T07:59:22.149 INFO:teuthology.orchestra.run.smithi028.stdout:/usr/bin/ceph: stderr
2024-04-24T07:59:20.839+0000 7eff86000700 1 --2- 172.21.15.28:0/425919204 >> [v2:172.21.15.28:6800/3308597107,v1:172.21.15.28:6801/3308597107] conn(0x7eff6c039560 0x7eff6c03ba20 unknown :-1 s=BANNER_CONNECTING pgs=0 cs=0 l=1 rev1=0 crypto rx=0 tx=0 comp rx=0 tx=0)._handle_peer_banner_payload supported=3 required=0
2024-04-24T07:59:22.149 INFO:teuthology.orchestra.run.smithi028.stdout:/usr/bin/ceph: stderr
2024-04-24T07:59:20.840+0000 7eff86000700 1 --2- 172.21.15.28:0/425919204 >> [v2:172.21.15.28:6800/3308597107,v1:172.21.15.28:6801/3308597107] conn(0x7eff6c039560 0x7eff6c03ba20 secure :-1 s=READY pgs=9 cs=0 l=1 rev1=1 crypto rx=0x7eff74006fd0 tx=0x7eff74006e40 comp rx=0 tx=0).ready entity=mgr.14120 client_cookie=0 server_cookie=0 in_seq=0 out_seq=0
2024-04-24T07:59:22.149 INFO:teuthology.orchestra.run.smithi028.stdout:/usr/bin/ceph: stderr
2024-04-24T07:59:20.845+0000 7eff8ca00700 1 -- 172.21.15.28:0/425919204 <== mon.0 v2:172.21.15.28:3300/0 6 ==== mon_command_ack([{"prefix": "get_command_descriptions"}]=0 v0) ==== 72+0+188370 (secure 0 0 0) 0x7eff7804d3b0 con 0x7eff88106d70
2024-04-24T07:59:22.150 INFO:teuthology.orchestra.run.smithi028.stdout:/usr/bin/ceph: stderr
2024-04-24T07:59:21.078+0000 7eff87e00700 1 -- 172.21.15.28:0/425919204 --> [v2:172.21.15.28:6800/3308597107,v1:172.21.15.28:6801/3308597107] -- mgr_command(tid 0: {"prefix": "cephadm generate-key", "target": ["mon-mgr", ""]}) -- 0x7eff880008d0 con 0x7eff6c039560
2024-04-24T07:59:22.150 INFO:teuthology.orchestra.run.smithi028.stdout:/usr/bin/ceph: stderr
2024-04-24T07:59:21.449+0000 7eff8ca00700 1 -- 172.21.15.28:0/425919204 <== mgr.14120 v2:172.21.15.28:6800/3308597107 1 ==== mgr_command_reply(tid 0: 0 ) ==== 8+0+0 (secure 0 0 0) 0x7eff880008d0 con 0x7eff6c039560
2024-04-24T07:59:22.150 INFO:teuthology.orchestra.run.smithi028.stdout:/usr/bin/ceph: stderr
2024-04-24T07:59:21.452+0000 7eff87e00700 1 -- 172.21.15.28:0/425919204 >> [v2:172.21.15.28:6800/3308597107,v1:172.21.15.28:6801/3308597107] conn(0x7eff6c039560 msgr2=0x7eff6c03ba20 secure :-1 s=STATE_CONNECTION_ESTABLISHED l=1).mark_down
2024-04-24T07:59:22.150 INFO:teuthology.orchestra.run.smithi028.stdout:/usr/bin/ceph: stderr
2024-04-24T07:59:21.452+0000 7eff87e00700 1 --2- 172.21.15.28:0/425919204 >> [v2:172.21.15.28:6800/3308597107,v1:172.21.15.28:6801/3308597107] conn(0x7eff6c039560 0x7eff6c03ba20 secure :-1 s=READY pgs=9 cs=0 l=1 rev1=1 crypto rx=0x7eff74006fd0 tx=0x7eff74006e40 comp rx=0 tx=0).stop
2024-04-24T07:59:22.150 INFO:teuthology.orchestra.run.smithi028.stdout:/usr/bin/ceph: stderr
2024-04-24T07:59:21.452+0000 7eff87e00700 1 -- 172.21.15.28:0/425919204 >> [v2:172.21.15.28:3300/0,v1:172.21.15.28:6789/0] conn(0x7eff88106d70 msgr2=0x7eff8819e6e0 secure :-1 s=STATE_CONNECTION_ESTABLISHED l=1).mark_down
2024-04-24T07:59:22.150 INFO:teuthology.orchestra.run.smithi028.stdout:/usr/bin/ceph: stderr
2024-04-24T07:59:21.452+0000 7eff87e00700 1 --2- 172.21.15.28:0/425919204 >> [v2:172.21.15.28:3300/0,v1:172.21.15.28:6789/0] conn(0x7eff88106d70 0x7eff8819e6e0 secure :-1 s=READY pgs=42 cs=0 l=1 rev1=1 crypto rx=0x7eff78009fb0 tx=0x7eff78011bf0 comp rx=0 tx=0).stop
2024-04-24T07:59:22.150 INFO:teuthology.orchestra.run.smithi028.stdout:/usr/bin/ceph: stderr
2024-04-24T07:59:21.452+0000 7eff87e00700 1 -- 172.21.15.28:0/425919204 shutdown_connections
2024-04-24T07:59:22.150 INFO:teuthology.orchestra.run.smithi028.stdout:/usr/bin/ceph: stderr
2024-04-24T07:59:21.452+0000 7eff87e00700 1 --2- 172.21.15.28:0/425919204 >> [v2:172.21.15.28:6800/3308597107,v1:172.21.15.28:6801/3308597107] conn(0x7eff6c039560 0x7eff6c03ba20 unknown :-1 s=CLOSED pgs=9 cs=0 l=1 rev1=1 crypto rx=0 tx=0 comp rx=0 tx=0).stop
2024-04-24T07:59:22.150 INFO:teuthology.orchestra.run.smithi028.stdout:/usr/bin/ceph: stderr
2024-04-24T07:59:21.452+0000 7eff87e00700 1 --2- 172.21.15.28:0/425919204 >> [v2:172.21.15.28:3300/0,v1:172.21.15.28:6789/0] conn(0x7eff88106d70 0x7eff8819e6e0 unknown :-1 s=CLOSED pgs=42 cs=0 l=1 rev1=1 crypto rx=0 tx=0 comp rx=0 tx=0).stop
2024-04-24T07:59:22.150 INFO:teuthology.orchestra.run.smithi028.stdout:/usr/bin/ceph: stderr
2024-04-24T07:59:21.452+0000 7eff87e00700 1 -- 172.21.15.28:0/425919204 >> 172.21.15.28:0/425919204 conn(0x7eff88102a10 msgr2=0x7eff88195370 unknown :-1 s=STATE_NONE l=0).mark_down
2024-04-24T07:59:22.150 INFO:teuthology.orchestra.run.smithi028.stdout:/usr/bin/ceph: stderr
2024-04-24T07:59:21.453+0000 7eff87e00700 1 -- 172.21.15.28:0/425919204 shutdown_connections
2024-04-24T07:59:22.150 INFO:teuthology.orchestra.run.smithi028.stdout:/usr/bin/ceph: stderr
2024-04-24T07:59:21.453+0000 7eff87e00700 1 -- 172.21.15.28:0/425919204 wait complete.
2024-04-24T07:59:22.763 INFO:journalctl@ceph.mon.a.smithi028.stdout:Apr 24 07:59:22 smithi028 ceph-mon[27786]: from='mgr.14120 172.21.15.28:0/356975982' entity='mgr.x'
2024-04-24T07:59:22.763 INFO:journalctl@ceph.mon.a.smithi028.stdout:Apr 24 07:59:22 smithi028 ceph-mon[27786]: from='mgr.14120 172.21.15.28:0/356975982' entity='mgr.x'
2024-04-24T07:59:23.680 INFO:journalctl@ceph.mon.a.smithi028.stdout:Apr 24 07:59:23 smithi028 ceph-mon[27786]: from='client.14138 -' entity='client.admin' cmd=[{"prefix": "cephadm get-pub-key", "target": ["mon-mgr", ""]}]: dispatch
